2024-03-28T17:59:44.583+0000 7ff41be00700 1 --2- 172.21.15.37:0/1045693865 >> [v2:172.21.15.37:6800/3459498509,v1:172.21.15.37:6801/3459498509] conn(0x7ff404038f70 0x7ff40403b430 secure :-1 s=READY pgs=9 cs=0 l=1 rev1=1 crypto rx=0x7ff408006fd0 tx=0x7ff408006e40 comp rx=0 tx=0).ready entity=mgr.14120 client_cookie=0 server_cookie=0 in_seq=0 out_seq=0
2024-03-28T17:59:45.664 INFO:teuthology.orchestra.run.smithi037.stdout:/usr/bin/ceph: stderr
2024-03-28T17:59:44.588+0000 7ff419600700 1 -- 172.21.15.37:0/1045693865 <== mon.0 v2:172.21.15.37:3300/0 6 ==== mon_command_ack([{"prefix": "get_command_descriptions"}]=0 v0) v1 ==== 72+0+186149 (secure 0 0 0) 0x7ff410016260 con 0x7ff41c106980
2024-03-28T17:59:45.664 INFO:teuthology.orchestra.run.smithi037.stdout:/usr/bin/ceph: stderr
2024-03-28T17:59:44.814+0000 7ff423600700 1 -- 172.21.15.37:0/1045693865 --> [v2:172.21.15.37:6800/3459498509,v1:172.21.15.37:6801/3459498509] -- mgr_command(tid 0: {"prefix": "cephadm generate-key", "target": ["mon-mgr", ""]}) v1 -- 0x7ff41c0008d0 con 0x7ff404038f70
2024-03-28T17:59:45.664 INFO:teuthology.orchestra.run.smithi037.stdout:/usr/bin/ceph: stderr
2024-03-28T17:59:44.936+0000 7ff419600700 1 -- 172.21.15.37:0/1045693865 <== mgr.14120 v2:172.21.15.37:6800/3459498509 1 ==== mgr_command_reply(tid 0: 0 ) v1 ==== 8+0+0 (secure 0 0 0) 0x7ff41c0008d0 con 0x7ff404038f70
2024-03-28T17:59:45.664 INFO:teuthology.orchestra.run.smithi037.stdout:/usr/bin/ceph: stderr
2024-03-28T17:59:44.939+0000 7ff423600700 1 -- 172.21.15.37:0/1045693865 >> [v2:172.21.15.37:6800/3459498509,v1:172.21.15.37:6801/3459498509] conn(0x7ff404038f70 msgr2=0x7ff40403b430 secure :-1 s=STATE_CONNECTION_ESTABLISHED l=1).mark_down
2024-03-28T17:59:45.664 INFO:teuthology.orchestra.run.smithi037.stdout:/usr/bin/ceph: stderr
2024-03-28T17:59:44.939+0000 7ff423600700 1 --2- 172.21.15.37:0/1045693865 >> [v2:172.21.15.37:6800/3459498509,v1:172.21.15.37:6801/3459498509] conn(0x7ff404038f70 0x7ff40403b430 secure :-1 s=READY pgs=9 cs=0 l=1 rev1=1 crypto rx=0x7ff408006fd0 tx=0x7ff408006e40 comp rx=0 tx=0).stop
2024-03-28T17:59:45.664 INFO:teuthology.orchestra.run.smithi037.stdout:/usr/bin/ceph: stderr
2024-03-28T17:59:44.939+0000 7ff423600700 1 -- 172.21.15.37:0/1045693865 >> [v2:172.21.15.37:3300/0,v1:172.21.15.37:6789/0] conn(0x7ff41c106980 msgr2=0x7ff41c19dc70 secure :-1 s=STATE_CONNECTION_ESTABLISHED l=1).mark_down
2024-03-28T17:59:45.664 INFO:teuthology.orchestra.run.smithi037.stdout:/usr/bin/ceph: stderr
2024-03-28T17:59:44.939+0000 7ff423600700 1 --2- 172.21.15.37:0/1045693865 >> [v2:172.21.15.37:3300/0,v1:172.21.15.37:6789/0] conn(0x7ff41c106980 0x7ff41c19dc70 secure :-1 s=READY pgs=42 cs=0 l=1 rev1=1 crypto rx=0x7ff410000c00 tx=0x7ff410011c10 comp rx=0 tx=0).stop
2024-03-28T17:59:45.665 INFO:teuthology.orchestra.run.smithi037.stdout:/usr/bin/ceph: stderr
2024-03-28T17:59:44.939+0000 7ff423600700 1 -- 172.21.15.37:0/1045693865 shutdown_connections
2024-03-28T17:59:45.665 INFO:teuthology.orchestra.run.smithi037.stdout:/usr/bin/ceph: stderr
2024-03-28T17:59:44.939+0000 7ff423600700 1 --2- 172.21.15.37:0/1045693865 >> [v2:172.21.15.37:6800/3459498509,v1:172.21.15.37:6801/3459498509] conn(0x7ff404038f70 0x7ff40403b430 unknown :-1 s=CLOSED pgs=9 cs=0 l=1 rev1=1 crypto rx=0 tx=0 comp rx=0 tx=0).stop
2024-03-28T17:59:45.665 INFO:teuthology.orchestra.run.smithi037.stdout:/usr/bin/ceph: stderr
2024-03-28T17:59:44.939+0000 7ff423600700 1 --2- 172.21.15.37:0/1045693865 >> [v2:172.21.15.37:3300/0,v1:172.21.15.37:6789/0] conn(0x7ff41c106980 0x7ff41c19dc70 unknown :-1 s=CLOSED pgs=42 cs=0 l=1 rev1=1 crypto rx=0 tx=0 comp rx=0 tx=0).stop
2024-03-28T17:59:45.665 INFO:teuthology.orchestra.run.smithi037.stdout:/usr/bin/ceph: stderr
2024-03-28T17:59:44.939+0000 7ff423600700 1 -- 172.21.15.37:0/1045693865 >> 172.21.15.37:0/1045693865 conn(0x7ff41c101f20 msgr2=0x7ff41c102db0 unknown :-1 s=STATE_NONE l=0).mark_down
2024-03-28T17:59:45.665 INFO:teuthology.orchestra.run.smithi037.stdout:/usr/bin/ceph: stderr
2024-03-28T17:59:44.940+0000 7ff423600700 1 -- 172.21.15.37:0/1045693865 shutdown_connections
2024-03-28T17:59:45.665 INFO:teuthology.orchestra.run.smithi037.stdout:/usr/bin/ceph: stderr
2024-03-28T17:59:44.940+0000 7ff423600700 1 -- 172.21.15.37:0/1045693865 wait complete.
2024-03-28T17:59:46.174 INFO:journalctl@ceph.mon.a.smithi037.stdout:Mar 28 17:59:45 smithi037 ceph-mon[31460]: from='client.14136 -' entity='client.admin' cmd=[{"prefix": "cephadm generate-key", "target": ["mon-mgr", ""]}]: dispatch
2024-03-28T17:59:46.174 INFO:journalctl@ceph.mon.a.smithi037.stdout:Mar 28 17:59:45 smithi037 ceph-mon[31460]: Generating ssh key...
2024-03-28T17:59:46.175 INFO:journalctl@ceph.mon.a.smithi037.stdout:Mar 28 17:59:45 smithi037 ceph-mon[31460]: from='mgr.14120 172.21.15.37:0/1746232664' entity='mgr.x'
2024-03-28T17:59:46.175 INFO:journalctl@ceph.mon.a.smithi037.stdout:Mar 28 17:59:45 smithi037 ceph-mon[31460]: from='mgr.14120 172.21.15.37:0/1746232664' entity='mgr.x'
2024-03-28T17:59:47.282 INFO:teuthology.orchestra.run.smithi037.stdout:/usr/bin/ceph: stdout ssh-rsa AAAAB3NzaC1yc2EAAAADAQABAAABgQD1F/cnl50HxYSSFY9/w1WPzQL0j1VQwl2pJqTdZ+7bihhWxC6YMhT5fityfUZ4Ac2HZOm+RDIBFCLo78r5NmSWvWSMz9cLoCLKiyPS7OH2GVX00RPFgoAbeIwm6OfIF/aae1Gxsc1TsjsNSoCdWWJcbj2Kxg5jqsbV2j028FIIwePvymequbOrHMQgpNNeHFWdeqvAZ36DwAZyvYwxPV1ntCOi+MGPEDMHynYMp8jFiOb9HwRvPICkTu1+7uVDHtA4B68WKg5QMvL4UY/3oM38MzOsuM+BtwcyG5PCRQQ6y3JUf0KPvyOeTBczlEzlEDPkJs7XqtT0AfHNiOQa6Ufrpq59MimbREGm4N0JScbzbkQvsydKEvp02WKC1iKWVnYSJeVzgEIOYZY9F9lH2V2VxF/7NWPx+8P8/cBx+pOnRJpMlpufe5Ov75PetgLNQzpUTvt9jSRQWOtJ2j4sThLNJ1GfgcSct8mLAkgH36swHSYPCTFE1dlN4WxhdvxBhgk= ceph-b5ad257c-ed2c-11ee-95d0-87774f69a715
2024-03-28T17:59:47.282 INFO:teuthology.orchestra.run.smithi037.stdout:/usr/bin/ceph: stderr
2024-03-28T17:59:46.343+0000 7f7d6fc00700 1 Processor -- start
2024-03-28T17:59:47.282 INFO:teuthology.orchestra.run.smithi037.stdout:/usr/bin/ceph: stderr
2024-03-28T17:59:46.343+0000 7f7d6fc00700 1 -- start start
2024-03-28T17:59:47.283 INFO:teuthology.orchestra.run.smithi037.stdout:/usr/bin/ceph: stderr
2024-03-28T17:59:46.343+0000 7f7d6fc00700 1 --2- >> [v2:172.21.15.37:3300/0,v1:172.21.15.37:6789/0] conn(0x7f7d68109c80 0x7f7d6810a0a0 unknown :-1 s=NONE pgs=0 cs=0 l=0 rev1=0 crypto rx=0 tx=0 comp rx=0 tx=0).connect
2024-03-28T17:59:47.283 INFO:teuthology.orchestra.run.smithi037.stdout:/usr/bin/ceph: stderr
2024-03-28T17:59:46.343+0000 7f7d6fc00700 1 -- --> [v2:172.21.15.37:3300/0,v1:172.21.15.37:6789/0] -- mon_getmap magic: 0 v1 -- 0x7f7d6810a670 con 0x7f7d68109c80
2024-03-28T17:59:47.283 INFO:teuthology.orchestra.run.smithi037.stdout:/usr/bin/ceph: stderr
2024-03-28T17:59:46.344+0000 7f7d6d200700 1 --2- >> [v2:172.21.15.37:3300/0,v1:172.21.15.37:6789/0] conn(0x7f7d68109c80 0x7f7d6810a0a0 unknown :-1 s=BANNER_CONNECTING pgs=0 cs=0 l=0 rev1=0 crypto rx=0 tx=0 comp rx=0 tx=0)._handle_peer_banner_payload supported=3 required=0
2024-03-28T17:59:47.283 INFO:teuthology.orchestra.run.smithi037.stdout:/usr/bin/ceph: stderr
2024-03-28T17:59:46.344+0000 7f7d6d200700 1 --2- >> [v2:172.21.15.37:3300/0,v1:172.21.15.37:6789/0] conn(0x7f7d68109c80 0x7f7d6810a0a0 unknown :-1 s=HELLO_CONNECTING pgs=0 cs=0 l=0 rev1=1 crypto rx=0 tx=0 comp rx=0 tx=0).handle_hello peer v2:172.21.15.37:3300/0 says I am v2:172.21.15.37:51350/0 (socket says 172.21.15.37:51350)
2024-03-28T17:59:47.283 INFO:teuthology.orchestra.run.smithi037.stdout:/usr/bin/ceph: stderr
2024-03-28T17:59:46.344+0000 7f7d6d200700 1 -- 172.21.15.37:0/3826098648 learned_addr learned my addr 172.21.15.37:0/3826098648 (peer_addr_for_me v2:172.21.15.37:0/0)
2024-03-28T17:59:47.283 INFO:teuthology.orchestra.run.smithi037.stdout:/usr/bin/ceph: stderr
2024-03-28T17:59:46.344+0000 7f7d6d200700 1 -- 172.21.15.37:0/3826098648 --> [v2:172.21.15.37:3300/0,v1:172.21.15.37:6789/0] -- mon_subscribe({config=0+,monmap=0+}) v3 -- 0x7f7d6810ae80 con 0x7f7d68109c80
2024-03-28T17:59:47.283 INFO:teuthology.orchestra.run.smithi037.stdout:/usr/bin/ceph: stderr
2024-03-28T17:59:46.345+0000 7f7d6d200700 1 --2- 172.21.15.37:0/3826098648 >> [v2:172.21.15.37:3300/0,v1:172.21.15.37:6789/0] conn(0x7f7d68109c80 0x7f7d6810a0a0 secure :-1 s=READY pgs=43 cs=0 l=1 rev1=1 crypto rx=0x7f7d580098a0 tx=0x7f7d58009bb0 comp rx=0 tx=0).ready entity=mon.0 client_cookie=6511b4a4468fd352 server_cookie=0 in_seq=0 out_seq=0
2024-03-28T17:59:47.283 INFO:teuthology.orchestra.run.smithi037.stdout:/usr/bin/ceph: stderr
2024-03-28T17:59:46.345+0000 7f7d67e00700 1 -- 172.21.15.37:0/3826098648 <== mon.0 v2:172.21.15.37:3300/0 1 ==== mon_map magic: 0 v1 ==== 205+0+0 (secure 0 0 0) 0x7f7d58004160 con 0x7f7d68109c80
2024-03-28T17:59:47.283 INFO:teuthology.orchestra.run.smithi037.stdout:/usr/bin/ceph: stderr
2024-03-28T17:59:46.345+0000 7f7d67e00700 1 -- 172.21.15.37:0/3826098648 <== mon.0 v2:172.21.15.37:3300/0 2 ==== config(27 keys) v1 ==== 1109+0+0 (secure 0 0 0) 0x7f7d58004300 con 0x7f7d68109c80
2024-03-28T17:59:47.283 INFO:teuthology.orchestra.run.smithi037.stdout:/usr/bin/ceph: stderr
2024-03-28T17:59:46.345+0000 7f7d67e00700 1 -- 172.21.15.37:0/3826098648 <== mon.0 v2:172.21.15.37:3300/0 3 ==== mon_map magic: 0 v1 ==== 205+0+0 (secure 0 0 0) 0x7f7d58011b50 con 0x7f7d68109c80
2024-03-28T17:59:47.283 INFO:teuthology.orchestra.run.smithi037.stdout:/usr/bin/ceph: stderr
2024-03-28T17:59:46.345+0000 7f7d6fc00700 1 -- 172.21.15.37:0/3826098648 >> [v2:172.21.15.37:3300/0,v1:172.21.15.37:6789/0] conn(0x7f7d68109c80 msgr2=0x7f7d6810a0a0 secure :-1 s=STATE_CONNECTION_ESTABLISHED l=1).mark_down
2024-03-28T17:59:47.283 INFO:teuthology.orchestra.run.smithi037.stdout:/usr/bin/ceph: stderr
2024-03-28T17:59:46.345+0000 7f7d6fc00700 1 --2- 172.21.15.37:0/3826098648 >> [v2:172.21.15.37:3300/0,v1:172.21.15.37:6789/0] conn(0x7f7d68109c80 0x7f7d6810a0a0 secure :-1 s=READY pgs=43 cs=0 l=1 rev1=1 crypto rx=0x7f7d580098a0 tx=0x7f7d58009bb0 comp rx=0 tx=0).stop
2024-03-28T17:59:47.283 INFO:teuthology.orchestra.run.smithi037.stdout:/usr/bin/ceph: stderr
2024-03-28T17:59:46.346+0000 7f7d6fc00700 1 -- 172.21.15.37:0/3826098648 shutdown_connections
2024-03-28T17:59:47.283 INFO:teuthology.orchestra.run.smithi037.stdout:/usr/bin/ceph: stderr
2024-03-28T17:59:46.346+0000 7f7d6fc00700 1 --2- 172.21.15.37:0/3826098648 >> [v2:172.21.15.37:3300/0,v1:172.21.15.37:6789/0] conn(0x7f7d68109c80 0x7f7d6810a0a0 unknown :-1 s=CLOSED pgs=43 cs=0 l=1 rev1=1 crypto rx=0 tx=0 comp rx=0 tx=0).stop
2024-03-28T17:59:47.284 INFO:teuthology.orchestra.run.smithi037.stdout:/usr/bin/ceph: stderr
2024-03-28T17:59:46.346+0000 7f7d6fc00700 1 -- 172.21.15.37:0/3826098648 >> 172.21.15.37:0/3826098648 conn(0x7f7d6807d040 msgr2=0x7f7d6807d470 unknown :-1 s=STATE_NONE l=0).mark_down
2024-03-28T17:59:47.284 INFO:teuthology.orchestra.run.smithi037.stdout:/usr/bin/ceph: stderr
2024-03-28T17:59:46.346+0000 7f7d6fc00700 1 -- 172.21.15.37:0/3826098648 shutdown_connections
2024-03-28T17:59:47.284 INFO:teuthology.orchestra.run.smithi037.stdout:/usr/bin/ceph: stderr
2024-03-28T17:59:46.346+0000 7f7d6fc00700 1 -- 172.21.15.37:0/3826098648 wait complete.
2024-03-28T17:59:47.284 INFO:teuthology.orchestra.run.smithi037.stdout:/usr/bin/ceph: stderr
2024-03-28T17:59:46.347+0000 7f7d6fc00700 1 Processor -- start
2024-03-28T17:59:47.284 INFO:teuthology.orchestra.run.smithi037.stdout:/usr/bin/ceph: stderr
2024-03-28T17:59:46.347+0000 7f7d6fc00700 1 -- start start
2024-03-28T17:59:47.284 INFO:teuthology.orchestra.run.smithi037.stdout:/usr/bin/ceph: stderr
2024-03-28T17:59:46.347+0000 7f7d6fc00700 1 --2- >> [v2:172.21.15.37:3300/0,v1:172.21.15.37:6789/0] conn(0x7f7d68109c80 0x7f7d6819dc30 unknown :-1 s=NONE pgs=0 cs=0 l=1 rev1=0 crypto rx=0 tx=0 comp rx=0 tx=0).connect
2024-03-28T17:59:47.284 INFO:teuthology.orchestra.run.smithi037.stdout:/usr/bin/ceph: stderr
2024-03-28T17:59:46.347+0000 7f7d6fc00700 1 -- --> [v2:172.21.15.37:3300/0,v1:172.21.15.37:6789/0] -- mon_getmap magic: 0 v1 -- 0x7f7d6810e230 con 0x7f7d68109c80
2024-03-28T17:59:47.284 INFO:teuthology.orchestra.run.smithi037.stdout:/usr/bin/ceph: stderr
2024-03-28T17:59:46.348+0000 7f7d6d200700 1 --2- >> [v2:172.21.15.37:3300/0,v1:172.21.15.37:6789/0] conn(0x7f7d68109c80 0x7f7d6819dc30 unknown :-1 s=BANNER_CONNECTING pgs=0 cs=0 l=1 rev1=0 crypto rx=0 tx=0 comp rx=0 tx=0)._handle_peer_banner_payload supported=3 required=0
2024-03-28T17:59:47.284 INFO:teuthology.orchestra.run.smithi037.stdout:/usr/bin/ceph: stderr
2024-03-28T17:59:46.348+0000 7f7d6d200700 1 --2- >> [v2:172.21.15.37:3300/0,v1:172.21.15.37:6789/0] conn(0x7f7d68109c80 0x7f7d6819dc30 unknown :-1 s=HELLO_CONNECTING pgs=0 cs=0 l=1 rev1=1 crypto rx=0 tx=0 comp rx=0 tx=0).handle_hello peer v2:172.21.15.37:3300/0 says I am v2:172.21.15.37:51362/0 (socket says 172.21.15.37:51362)
2024-03-28T17:59:47.284 INFO:teuthology.orchestra.run.smithi037.stdout:/usr/bin/ceph: stderr
2024-03-28T17:59:46.348+0000 7f7d6d200700 1 -- 172.21.15.37:0/3446189766 learned_addr learned my addr 172.21.15.37:0/3446189766 (peer_addr_for_me v2:172.21.15.37:0/0)
2024-03-28T17:59:47.284 INFO:teuthology.orchestra.run.smithi037.stdout:/usr/bin/ceph: stderr
2024-03-28T17:59:46.348+0000 7f7d6d200700 1 -- 172.21.15.37:0/3446189766 --> [v2:172.21.15.37:3300/0,v1:172.21.15.37:6789/0] -- mon_subscribe({config=0+,monmap=0+}) v3 -- 0x7f7d6819e170 con 0x7f7d68109c80
2024-03-28T17:59:47.284 INFO:teuthology.orchestra.run.smithi037.stdout:/usr/bin/ceph: stderr
2024-03-28T17:59:46.348+0000 7f7d6d200700 1 --2- 172.21.15.37:0/3446189766 >> [v2:172.21.15.37:3300/0,v1:172.21.15.37:6789/0] conn(0x7f7d68109c80 0x7f7d6819dc30 secure :-1 s=READY pgs=44 cs=0 l=1 rev1=1 crypto rx=0x7f7d58000c00 tx=0x7f7d58011c10 comp rx=0 tx=0).ready entity=mon.0 client_cookie=0 server_cookie=0 in_seq=0 out_seq=0
2024-03-28T17:59:47.284 INFO:teuthology.orchestra.run.smithi037.stdout:/usr/bin/ceph: stderr
2024-03-28T17:59:46.349+0000 7f7d66000700 1 -- 172.21.15.37:0/3446189766 <== mon.0 v2:172.21.15.37:3300/0 1 ==== mon_map magic: 0 v1 ==== 205+0+0 (secure 0 0 0) 0x7f7d58003b20 con 0x7f7d68109c80
2024-03-28T17:59:47.284 INFO:teuthology.orchestra.run.smithi037.stdout:/usr/bin/ceph: stderr
2024-03-28T17:59:46.349+0000 7f7d66000700 1 -- 172.21.15.37:0/3446189766 <== mon.0 v2:172.21.15.37:3300/0 2 ==== config(27 keys) v1 ==== 1109+0+0 (secure 0 0 0) 0x7f7d58003cc0 con 0x7f7d68109c80
2024-03-28T17:59:47.284 INFO:teuthology.orchestra.run.smithi037.stdout:/usr/bin/ceph: stderr
2024-03-28T17:59:46.349+0000 7f7d6fc00700 1 -- 172.21.15.37:0/3446189766 --> [v2:172.21.15.37:3300/0,v1:172.21.15.37:6789/0] -- mon_subscribe({mgrmap=0+}) v3 -- 0x7f7d6819e400 con 0x7f7d68109c80
2024-03-28T17:59:47.285 INFO:teuthology.orchestra.run.smithi037.stdout:/usr/bin/ceph: stderr
2024-03-28T17:59:46.349+0000 7f7d66000700 1 -- 172.21.15.37:0/3446189766 <== mon.0 v2:172.21.15.37:3300/0 3 ==== mon_map magic: 0 v1 ==== 205+0+0 (secure 0 0 0) 0x7f7d58024910 con 0x7f7d68109c80
2024-03-28T17:59:47.285 INFO:teuthology.orchestra.run.smithi037.stdout:/usr/bin/ceph: stderr
2024-03-28T17:59:46.349+0000 7f7d6fc00700 1 -- 172.21.15.37:0/3446189766 --> [v2:172.21.15.37:3300/0,v1:172.21.15.37:6789/0] -- mon_subscribe({osdmap=0}) v3 -- 0x7f7d681a10f0 con 0x7f7d68109c80
2024-03-28T17:59:47.285 INFO:teuthology.orchestra.run.smithi037.stdout:/usr/bin/ceph: stderr
2024-03-28T17:59:46.350+0000 7f7d66000700 1 -- 172.21.15.37:0/3446189766 <== mon.0 v2:172.21.15.37:3300/0 4 ==== mgrmap(e 8) v1 ==== 46106+0+0 (secure 0 0 0) 0x7f7d58022020 con 0x7f7d68109c80
2024-03-28T17:59:47.285 INFO:teuthology.orchestra.run.smithi037.stdout:/usr/bin/ceph: stderr
2024-03-28T17:59:46.350+0000 7f7d6fc00700 1 -- 172.21.15.37:0/3446189766 --> [v2:172.21.15.37:3300/0,v1:172.21.15.37:6789/0] -- mon_command({"prefix": "get_command_descriptions"} v 0) v1 -- 0x7f7d680637c0 con 0x7f7d68109c80
2024-03-28T17:59:47.285 INFO:teuthology.orchestra.run.smithi037.stdout:/usr/bin/ceph: stderr
2024-03-28T17:59:46.351+0000 7f7d66000700 1 --2- 172.21.15.37:0/3446189766 >> [v2:172.21.15.37:6800/3459498509,v1:172.21.15.37:6801/3459498509] conn(0x7f7d48038f70 0x7f7d4803b430 unknown :-1 s=NONE pgs=0 cs=0 l=1 rev1=0 crypto rx=0 tx=0 comp rx=0 tx=0).connect
2024-03-28T17:59:47.285 INFO:teuthology.orchestra.run.smithi037.stdout:/usr/bin/ceph: stderr
2024-03-28T17:59:46.351+0000 7f7d66000700 1 -- 172.21.15.37:0/3446189766 <== mon.0 v2:172.21.15.37:3300/0 5 ==== osd_map(2..2 src has 1..2) v4 ==== 940+0+0 (secure 0 0 0) 0x7f7d58011e00 con 0x7f7d68109c80
2024-03-28T17:59:47.285 INFO:teuthology.orchestra.run.smithi037.stdout:/usr/bin/ceph: stderr
2024-03-28T17:59:46.351+0000 7f7d5fe00700 1 --2- 172.21.15.37:0/3446189766 >> [v2:172.21.15.37:6800/3459498509,v1:172.21.15.37:6801/3459498509] conn(0x7f7d48038f70 0x7f7d4803b430 unknown :-1 s=BANNER_CONNECTING pgs=0 cs=0 l=1 rev1=0 crypto rx=0 tx=0 comp rx=0 tx=0)._handle_peer_banner_payload supported=3 required=0
2024-03-28T17:59:47.285 INFO:teuthology.orchestra.run.smithi037.stdout:/usr/bin/ceph: stderr
2024-03-28T17:59:46.352+0000 7f7d5fe00700 1 --2- 172.21.15.37:0/3446189766 >> [v2:172.21.15.37:6800/3459498509,v1:172.21.15.37:6801/3459498509] conn(0x7f7d48038f70 0x7f7d4803b430 secure :-1 s=READY pgs=10 cs=0 l=1 rev1=1 crypto rx=0x7f7d50006fd0 tx=0x7f7d50006e40 comp rx=0 tx=0).ready entity=mgr.14120 client_cookie=0 server_cookie=0 in_seq=0 out_seq=0
2024-03-28T17:59:47.285 INFO:teuthology.orchestra.run.smithi037.stdout:/usr/bin/ceph: stderr
2024-03-28T17:59:46.356+0000 7f7d66000700 1 -- 172.21.15.37:0/3446189766 <== mon.0 v2:172.21.15.37:3300/0 6 ==== mon_command_ack([{"prefix": "get_command_descriptions"}]=0 v0) v1 ==== 72+0+186149 (secure 0 0 0) 0x7f7d58016260 con 0x7f7d68109c80
2024-03-28T17:59:47.285 INFO:teuthology.orchestra.run.smithi037.stdout:/usr/bin/ceph: stderr
2024-03-28T17:59:46.583+0000 7f7d6fc00700 1 -- 172.21.15.37:0/3446189766 --> [v2:172.21.15.37:6800/3459498509,v1:172.21.15.37:6801/3459498509] -- mgr_command(tid 0: {"prefix": "cephadm get-pub-key", "target": ["mon-mgr", ""]}) v1 -- 0x7f7d68107b90 con 0x7f7d48038f70
2024-03-28T17:59:47.285 INFO:teuthology.orchestra.run.smithi037.stdout:/usr/bin/ceph: stderr
2024-03-28T17:59:46.585+0000 7f7d66000700 1 -- 172.21.15.37:0/3446189766 <== mgr.14120 v2:172.21.15.37:6800/3459498509 1 ==== mgr_command_reply(tid 0: 0 ) v1 ==== 8+0+595 (secure 0 0 0) 0x7f7d68107b90 con 0x7f7d48038f70
2024-03-28T17:59:47.285 INFO:teuthology.orchestra.run.smithi037.stdout:/usr/bin/ceph: stderr
2024-03-28T17:59:46.589+0000 7f7d6fc00700 1 -- 172.21.15.37:0/3446189766 >> [v2:172.21.15.37:6800/3459498509,v1:172.21.15.37:6801/3459498509] conn(0x7f7d48038f70 msgr2=0x7f7d4803b430 secure :-1 s=STATE_CONNECTION_ESTABLISHED l=1).mark_down
2024-03-28T17:59:47.285 INFO:teuthology.orchestra.run.smithi037.stdout:/usr/bin/ceph: stderr
2024-03-28T17:59:46.589+0000 7f7d6fc00700 1 --2- 172.21.15.37:0/3446189766 >> [v2:172.21.15.37:6800/3459498509,v1:172.21.15.37:6801/3459498509] conn(0x7f7d48038f70 0x7f7d4803b430 secure :-1 s=READY pgs=10 cs=0 l=1 rev1=1 crypto rx=0x7f7d50006fd0 tx=0x7f7d50006e40 comp rx=0 tx=0).stop
2024-03-28T17:59:47.285 INFO:teuthology.orchestra.run.smithi037.stdout:/usr/bin/ceph: stderr
2024-03-28T17:59:46.589+0000 7f7d6fc00700 1 -- 172.21.15.37:0/3446189766 >> [v2:172.21.15.37:3300/0,v1:172.21.15.37:6789/0] conn(0x7f7d68109c80 msgr2=0x7f7d6819dc30 secure :-1 s=STATE_CONNECTION_ESTABLISHED l=1).mark_down
2024-03-28T17:59:47.285 INFO:teuthology.orchestra.run.smithi037.stdout:/usr/bin/ceph: stderr
2024-03-28T17:59:46.589+0000 7f7d6fc00700 1 --2- 172.21.15.37:0/3446189766 >> [v2:172.21.15.37:3300/0,v1:172.21.15.37:6789/0] conn(0x7f7d68109c80 0x7f7d6819dc30 secure :-1 s=READY pgs=44 cs=0 l=1 rev1=1 crypto rx=0x7f7d58000c00 tx=0x7f7d58011c10 comp rx=0 tx=0).stop
2024-03-28T17:59:47.286 INFO:teuthology.orchestra.run.smithi037.stdout:/usr/bin/ceph: stderr
2024-03-28T17:59:46.589+0000 7f7d6fc00700 1 -- 172.21.15.37:0/3446189766 shutdown_connections
2024-03-28T17:59:47.286 INFO:teuthology.orchestra.run.smithi037.stdout:/usr/bin/ceph: stderr
2024-03-28T17:59:46.589+0000 7f7d6fc00700 1 --2- 172.21.15.37:0/3446189766 >> [v2:172.21.15.37:6800/3459498509,v1:172.21.15.37:6801/3459498509] conn(0x7f7d48038f70 0x7f7d4803b430 unknown :-1 s=CLOSED pgs=10 cs=0 l=1 rev1=1 crypto rx=0 tx=0 comp rx=0 tx=0).stop
2024-03-28T17:59:47.286 INFO:teuthology.orchestra.run.smithi037.stdout:/usr/bin/ceph: stderr
2024-03-28T17:59:46.589+0000 7f7d6fc00700 1 --2- 172.21.15.37:0/3446189766 >> [v2:172.21.15.37:3300/0,v1:172.21.15.37:6789/0] conn(0x7f7d68109c80 0x7f7d6819dc30 unknown :-1 s=CLOSED pgs=44 cs=0 l=1 rev1=1 crypto rx=0 tx=0 comp rx=0 tx=0).stop
2024-03-28T17:59:47.286 INFO:teuthology.orchestra.run.smithi037.stdout:/usr/bin/ceph: stderr
2024-03-28T17:59:46.589+0000 7f7d6fc00700 1 -- 172.21.15.37:0/3446189766 >> 172.21.15.37:0/3446189766 conn(0x7f7d6807d040 msgr2=0x7f7d68107480 unknown :-1 s=STATE_NONE l=0).mark_down
2024-03-28T17:59:47.286 INFO:teuthology.orchestra.run.smithi037.stdout:/usr/bin/ceph: stderr
2024-03-28T17:59:46.590+0000 7f7d6fc00700 1 -- 172.21.15.37:0/3446189766 shutdown_connections
2024-03-28T17:59:47.286 INFO:teuthology.orchestra.run.smithi037.stdout:/usr/bin/ceph: stderr
2024-03-28T17:59:46.590+0000 7f7d6fc00700 1 -- 172.21.15.37:0/3446189766 wait complete.
2024-03-28T17:59:47.286 INFO:teuthology.orchestra.run.smithi037.stdout:Wrote public SSH key to /home/ubuntu/cephtest/ceph.pub
2024-03-28T17:59:47.287 INFO:teuthology.orchestra.run.smithi037.stdout:Adding key to root@localhost authorized_keys...
2024-03-28T17:59:47.287 INFO:teuthology.orchestra.run.smithi037.stdout:Adding host smithi037...
2024-03-28T17:59:47.556 INFO:journalctl@ceph.mon.a.smithi037.stdout:Mar 28 17:59:47 smithi037 ceph-mon[31460]: from='client.14138 -' entity='client.admin' cmd=[{"prefix": "cephadm get-pub-key", "target": ["mon-mgr", ""]}]: dispatch
2024-03-28T17:59:48.435 INFO:journalctl@ceph.mon.a.smithi037.stdout:Mar 28 17:59:48 smithi037 ceph-mon[31460]: from='client.14140 -' entity='client.admin' cmd=[{"prefix": "orch host add", "hostname": "smithi037", "addr": "172.21.15.37", "target": ["mon-mgr", ""]}]: dispatch
2024-03-28T17:59:50.350 INFO:journalctl@ceph.mon.a.smithi037.stdout:Mar 28 17:59:50 smithi037 ceph-mon[31460]: Deploying cephadm binary to smithi037
2024-03-28T17:59:55.464 INFO:teuthology.orchestra.run.smithi037.stdout:/usr/bin/ceph: stdout Added host 'smithi037' with addr '172.21.15.37'
2024-03-28T17:59:55.465 INFO:teuthology.orchestra.run.smithi037.stdout:/usr/bin/ceph: stderr
2024-03-28T17:59:47.861+0000 7f138b200700 1 Processor -- start
2024-03-28T17:59:55.465 INFO:teuthology.orchestra.run.smithi037.stdout:/usr/bin/ceph: stderr
2024-03-28T17:59:47.861+0000 7f138b200700 1 -- start start
2024-03-28T17:59:55.465 INFO:teuthology.orchestra.run.smithi037.stdout:/usr/bin/ceph: stderr
2024-03-28T17:59:47.862+0000 7f138b200700 1 --2- >> [v2:172.21.15.37:3300/0,v1:172.21.15.37:6789/0] conn(0x7f138c106130 0x7f138c108560 unknown :-1 s=NONE pgs=0 cs=0 l=0 rev1=0 crypto rx=0 tx=0 comp rx=0 tx=0).connect
2024-03-28T17:59:55.465 INFO:teuthology.orchestra.run.smithi037.stdout:/usr/bin/ceph: stderr
2024-03-28T17:59:47.862+0000 7f138b200700 1 -- --> [v2:172.21.15.37:3300/0,v1:172.21.15.37:6789/0] -- mon_getmap magic: 0 v1 -- 0x7f138c07be70 con 0x7f138c106130
2024-03-28T17:59:55.465 INFO:teuthology.orchestra.run.smithi037.stdout:/usr/bin/ceph: stderr
2024-03-28T17:59:47.862+0000 7f1389e00700 1 --2- >> [v2:172.21.15.37:3300/0,v1:172.21.15.37:6789/0] conn(0x7f138c106130 0x7f138c108560 unknown :-1 s=BANNER_CONNECTING pgs=0 cs=0 l=0 rev1=0 crypto rx=0 tx=0 comp rx=0 tx=0)._handle_peer_banner_payload supported=3 required=0
2024-03-28T17:59:55.465 INFO:teuthology.orchestra.run.smithi037.stdout:/usr/bin/ceph: stderr
2024-03-28T17:59:47.862+0000 7f1389e00700 1 --2- >> [v2:172.21.15.37:3300/0,v1:172.21.15.37:6789/0] conn(0x7f138c106130 0x7f138c108560 unknown :-1 s=HELLO_CONNECTING pgs=0 cs=0 l=0 rev1=1 crypto rx=0 tx=0 comp rx=0 tx=0).handle_hello peer v2:172.21.15.37:3300/0 says I am v2:172.21.15.37:51374/0 (socket says 172.21.15.37:51374)
2024-03-28T17:59:55.465 INFO:teuthology.orchestra.run.smithi037.stdout:/usr/bin/ceph: stderr
2024-03-28T17:59:47.862+0000 7f1389e00700 1 -- 172.21.15.37:0/3778073206 learned_addr learned my addr 172.21.15.37:0/3778073206 (peer_addr_for_me v2:172.21.15.37:0/0)
2024-03-28T17:59:55.465 INFO:teuthology.orchestra.run.smithi037.stdout:/usr/bin/ceph: stderr
2024-03-28T17:59:47.863+0000 7f1389e00700 1 -- 172.21.15.37:0/3778073206 --> [v2:172.21.15.37:3300/0,v1:172.21.15.37:6789/0] -- mon_subscribe({config=0+,monmap=0+}) v3 -- 0x7f138c108aa0 con 0x7f138c106130
2024-03-28T17:59:55.465 INFO:teuthology.orchestra.run.smithi037.stdout:/usr/bin/ceph: stderr
2024-03-28T17:59:47.863+0000 7f1389e00700 1 --2- 172.21.15.37:0/3778073206 >> [v2:172.21.15.37:3300/0,v1:172.21.15.37:6789/0] conn(0x7f138c106130 0x7f138c108560 secure :-1 s=READY pgs=45 cs=0 l=1 rev1=1 crypto rx=0x7f137c0098a0 tx=0x7f137c009bb0 comp rx=0 tx=0).ready entity=mon.0 client_cookie=85ec8d3dc2a9a131 server_cookie=0 in_seq=0 out_seq=0
2024-03-28T17:59:55.465 INFO:teuthology.orchestra.run.smithi037.stdout:/usr/bin/ceph: stderr
2024-03-28T17:59:47.864+0000 7f1388a00700 1 -- 172.21.15.37:0/3778073206 <== mon.0 v2:172.21.15.37:3300/0 1 ==== mon_map magic: 0 v1 ==== 205+0+0 (secure 0 0 0) 0x7f137c004160 con 0x7f138c106130
2024-03-28T17:59:55.465 INFO:teuthology.orchestra.run.smithi037.stdout:/usr/bin/ceph: stderr
2024-03-28T17:59:47.864+0000 7f1388a00700 1 -- 172.21.15.37:0/3778073206 <== mon.0 v2:172.21.15.37:3300/0 2 ==== config(27 keys) v1 ==== 1109+0+0 (secure 0 0 0) 0x7f137c004300 con 0x7f138c106130
2024-03-28T17:59:55.465 INFO:teuthology.orchestra.run.smithi037.stdout:/usr/bin/ceph: stderr
2024-03-28T17:59:47.864+0000 7f1388a00700 1 -- 172.21.15.37:0/3778073206 <== mon.0 v2:172.21.15.37:3300/0 3 ==== mon_map magic: 0 v1 ==== 205+0+0 (secure 0 0 0) 0x7f137c011b50 con 0x7f138c106130
2024-03-28T17:59:55.465 INFO:teuthology.orchestra.run.smithi037.stdout:/usr/bin/ceph: stderr
2024-03-28T17:59:47.864+0000 7f138b200700 1 -- 172.21.15.37:0/3778073206 >> [v2:172.21.15.37:3300/0,v1:172.21.15.37:6789/0] conn(0x7f138c106130 msgr2=0x7f138c108560 secure :-1 s=STATE_CONNECTION_ESTABLISHED l=1).mark_down
2024-03-28T17:59:55.466 INFO:teuthology.orchestra.run.smithi037.stdout:/usr/bin/ceph: stderr
2024-03-28T17:59:47.864+0000 7f138b200700 1 --2- 172.21.15.37:0/3778073206 >> [v2:172.21.15.37:3300/0,v1:172.21.15.37:6789/0] conn(0x7f138c106130 0x7f138c108560 secure :-1 s=READY pgs=45 cs=0 l=1 rev1=1 crypto rx=0x7f137c0098a0 tx=0x7f137c009bb0 comp rx=0 tx=0).stop
2024-03-28T17:59:55.466 INFO:teuthology.orchestra.run.smithi037.stdout:/usr/bin/ceph: stderr
2024-03-28T17:59:47.865+0000 7f138b200700 1 -- 172.21.15.37:0/3778073206 shutdown_connections
2024-03-28T17:59:55.466 INFO:teuthology.orchestra.run.smithi037.stdout:/usr/bin/ceph: stderr
2024-03-28T17:59:47.865+0000 7f138b200700 1 --2- 172.21.15.37:0/3778073206 >> [v2:172.21.15.37:3300/0,v1:172.21.15.37:6789/0] conn(0x7f138c106130 0x7f138c108560 unknown :-1 s=CLOSED pgs=45 cs=0 l=1 rev1=1 crypto rx=0 tx=0 comp rx=0 tx=0).stop
2024-03-28T17:59:55.466 INFO:teuthology.orchestra.run.smithi037.stdout:/usr/bin/ceph: stderr
2024-03-28T17:59:47.865+0000 7f138b200700 1 -- 172.21.15.37:0/3778073206 >> 172.21.15.37:0/3778073206 conn(0x7f138c101dd0 msgr2=0x7f138c1041f0 unknown :-1 s=STATE_NONE l=0).mark_down
2024-03-28T17:59:55.466 INFO:teuthology.orchestra.run.smithi037.stdout:/usr/bin/ceph: stderr
2024-03-28T17:59:47.865+0000 7f138b200700 1 -- 172.21.15.37:0/3778073206 shutdown_connections
2024-03-28T17:59:55.466 INFO:teuthology.orchestra.run.smithi037.stdout:/usr/bin/ceph: stderr
2024-03-28T17:59:47.865+0000 7f138b200700 1 -- 172.21.15.37:0/3778073206 wait complete.
2024-03-28T17:59:55.466 INFO:teuthology.orchestra.run.smithi037.stdout:/usr/bin/ceph: stderr
2024-03-28T17:59:47.866+0000 7f138b200700 1 Processor -- start
2024-03-28T17:59:55.466 INFO:teuthology.orchestra.run.smithi037.stdout:/usr/bin/ceph: stderr
2024-03-28T17:59:47.866+0000 7f138b200700 1 -- start start
2024-03-28T17:59:55.466 INFO:teuthology.orchestra.run.smithi037.stdout:/usr/bin/ceph: stderr
2024-03-28T17:59:47.866+0000 7f138b200700 1 --2- >> [v2:172.21.15.37:3300/0,v1:172.21.15.37:6789/0] conn(0x7f138c106130 0x7f138c1a1e30 unknown :-1 s=NONE pgs=0 cs=0 l=1 rev1=0 crypto rx=0 tx=0 comp rx=0 tx=0).connect
2024-03-28T17:59:55.466 INFO:teuthology.orchestra.run.smithi037.stdout:/usr/bin/ceph: stderr
2024-03-28T17:59:47.866+0000 7f138b200700 1 -- --> [v2:172.21.15.37:3300/0,v1:172.21.15.37:6789/0] -- mon_getmap magic: 0 v1 -- 0x7f138c109b30 con 0x7f138c106130
2024-03-28T17:59:55.466 INFO:teuthology.orchestra.run.smithi037.stdout:/usr/bin/ceph: stderr
2024-03-28T17:59:47.867+0000 7f1389e00700 1 --2- >> [v2:172.21.15.37:3300/0,v1:172.21.15.37:6789/0] conn(0x7f138c106130 0x7f138c1a1e30 unknown :-1 s=BANNER_CONNECTING pgs=0 cs=0 l=1 rev1=0 crypto rx=0 tx=0 comp rx=0 tx=0)._handle_peer_banner_payload supported=3 required=0
2024-03-28T17:59:55.466 INFO:teuthology.orchestra.run.smithi037.stdout:/usr/bin/ceph: stderr
2024-03-28T17:59:47.867+0000 7f1389e00700 1 --2- >> [v2:172.21.15.37:3300/0,v1:172.21.15.37:6789/0] conn(0x7f138c106130 0x7f138c1a1e30 unknown :-1 s=HELLO_CONNECTING pgs=0 cs=0 l=1 rev1=1 crypto rx=0 tx=0 comp rx=0 tx=0).handle_hello peer v2:172.21.15.37:3300/0 says I am v2:172.21.15.37:51376/0 (socket says 172.21.15.37:51376)
2024-03-28T17:59:55.466 INFO:teuthology.orchestra.run.smithi037.stdout:/usr/bin/ceph: stderr
2024-03-28T17:59:47.867+0000 7f1389e00700 1 -- 172.21.15.37:0/2809661232 learned_addr learned my addr 172.21.15.37:0/2809661232 (peer_addr_for_me v2:172.21.15.37:0/0)
2024-03-28T17:59:55.467 INFO:teuthology.orchestra.run.smithi037.stdout:/usr/bin/ceph: stderr
2024-03-28T17:59:47.867+0000 7f1389e00700 1 -- 172.21.15.37:0/2809661232 --> [v2:172.21.15.37:3300/0,v1:172.21.15.37:6789/0] -- mon_subscribe({config=0+,monmap=0+}) v3 -- 0x7f138c1a2370 con 0x7f138c106130
2024-03-28T17:59:55.467 INFO:teuthology.orchestra.run.smithi037.stdout:/usr/bin/ceph: stderr
2024-03-28T17:59:47.867+0000 7f1389e00700 1 --2- 172.21.15.37:0/2809661232 >> [v2:172.21.15.37:3300/0,v1:172.21.15.37:6789/0] conn(0x7f138c106130 0x7f138c1a1e30 secure :-1 s=READY pgs=46 cs=0 l=1 rev1=1 crypto rx=0x7f137c011b60 tx=0x7f137c011c40 comp rx=0 tx=0).ready entity=mon.0 client_cookie=0 server_cookie=0 in_seq=0 out_seq=0
2024-03-28T17:59:55.467 INFO:teuthology.orchestra.run.smithi037.stdout:/usr/bin/ceph: stderr
2024-03-28T17:59:47.868+0000 7f1382a00700 1 -- 172.21.15.37:0/2809661232 <== mon.0 v2:172.21.15.37:3300/0 1 ==== mon_map magic: 0 v1 ==== 205+0+0 (secure 0 0 0) 0x7f137c003970 con 0x7f138c106130
2024-03-28T17:59:55.467 INFO:teuthology.orchestra.run.smithi037.stdout:/usr/bin/ceph: stderr
2024-03-28T17:59:47.868+0000 7f1382a00700 1 -- 172.21.15.37:0/2809661232 <== mon.0 v2:172.21.15.37:3300/0 2 ==== config(27 keys) v1 ==== 1109+0+0 (secure 0 0 0) 0x7f137c003b10 con 0x7f138c106130
2024-03-28T17:59:55.467 INFO:teuthology.orchestra.run.smithi037.stdout:/usr/bin/ceph: stderr
2024-03-28T17:59:47.868+0000 7f138b200700 1 -- 172.21.15.37:0/2809661232 --> [v2:172.21.15.37:3300/0,v1:172.21.15.37:6789/0] -- mon_subscribe({mgrmap=0+}) v3 -- 0x7f138c1a2600 con 0x7f138c106130
2024-03-28T17:59:55.467 INFO:teuthology.orchestra.run.smithi037.stdout:/usr/bin/ceph: stderr
2024-03-28T17:59:47.868+0000 7f1382a00700 1 -- 172.21.15.37:0/2809661232 <== mon.0 v2:172.21.15.37:3300/0 3 ==== mon_map magic: 0 v1 ==== 205+0+0 (secure 0 0 0) 0x7f137c024610 con 0x7f138c106130
2024-03-28T17:59:55.467 INFO:teuthology.orchestra.run.smithi037.stdout:/usr/bin/ceph: stderr
2024-03-28T17:59:47.868+0000 7f138b200700 1 -- 172.21.15.37:0/2809661232 --> [v2:172.21.15.37:3300/0,v1:172.21.15.37:6789/0] -- mon_subscribe({osdmap=0}) v3 -- 0x7f138c1a52f0 con 0x7f138c106130
2024-03-28T17:59:55.467 INFO:teuthology.orchestra.run.smithi037.stdout:/usr/bin/ceph: stderr
2024-03-28T17:59:47.869+0000 7f1382a00700 1 -- 172.21.15.37:0/2809661232 <== mon.0 v2:172.21.15.37:3300/0 4 ==== mgrmap(e 8) v1 ==== 46106+0+0 (secure 0 0 0) 0x7f137c01a9f0 con 0x7f138c106130
2024-03-28T17:59:55.467 INFO:teuthology.orchestra.run.smithi037.stdout:/usr/bin/ceph: stderr
2024-03-28T17:59:47.869+0000 7f138b200700 1 -- 172.21.15.37:0/2809661232 --> [v2:172.21.15.37:3300/0,v1:172.21.15.37:6789/0] -- mon_command({"prefix": "get_command_descriptions"} v 0) v1 -- 0x7f138c0637c0 con 0x7f138c106130
2024-03-28T17:59:55.467 INFO:teuthology.orchestra.run.smithi037.stdout:/usr/bin/ceph: stderr
2024-03-28T17:59:47.870+0000 7f1382a00700 1 --2- 172.21.15.37:0/2809661232 >> [v2:172.21.15.37:6800/3459498509,v1:172.21.15.37:6801/3459498509] conn(0x7f1370038f70 0x7f137003b430 unknown :-1 s=NONE pgs=0 cs=0 l=1 rev1=0 crypto rx=0 tx=0 comp rx=0 tx=0).connect
2024-03-28T17:59:55.467 INFO:teuthology.orchestra.run.smithi037.stdout:/usr/bin/ceph: stderr
2024-03-28T17:59:47.870+0000 7f1382a00700 1 -- 172.21.15.37:0/2809661232 <== mon.0 v2:172.21.15.37:3300/0 5 ==== osd_map(2..2 src has 1..2) v4 ==== 940+0+0 (secure 0 0 0) 0x7f137c011e00 con 0x7f138c106130
2024-03-28T17:59:55.467 INFO:teuthology.orchestra.run.smithi037.stdout:/usr/bin/ceph: stderr
2024-03-28T17:59:47.870+0000 7f1389400700 1 --2- 172.21.15.37:0/2809661232 >> [v2:172.21.15.37:6800/3459498509,v1:172.21.15.37:6801/3459498509] conn(0x7f1370038f70 0x7f137003b430 unknown :-1 s=BANNER_CONNECTING pgs=0 cs=0 l=1 rev1=0 crypto rx=0 tx=0 comp rx=0 tx=0)._handle_peer_banner_payload supported=3 required=0
2024-03-28T17:59:55.467 INFO:teuthology.orchestra.run.smithi037.stdout:/usr/bin/ceph: stderr
2024-03-28T17:59:47.871+0000 7f1389400700 1 --2- 172.21.15.37:0/2809661232 >> [v2:172.21.15.37:6800/3459498509,v1:172.21.15.37:6801/3459498509] conn(0x7f1370038f70 0x7f137003b430 secure :-1 s=READY pgs=11 cs=0 l=1 rev1=1 crypto rx=0x7f1378006fd0 tx=0x7f1378006e40 comp rx=0 tx=0).ready entity=mgr.14120 client_cookie=0 server_cookie=0 in_seq=0 out_seq=0
2024-03-28T17:59:55.467 INFO:teuthology.orchestra.run.smithi037.stdout:/usr/bin/ceph: stderr
2024-03-28T17:59:47.876+0000 7f1382a00700 1 -- 172.21.15.37:0/2809661232 <== mon.0 v2:172.21.15.37:3300/0 6 ==== mon_command_ack([{"prefix": "get_command_descriptions"}]=0 v0) v1 ==== 72+0+186149 (secure 0 0 0) 0x7f137c019e10 con 0x7f138c106130
2024-03-28T17:59:55.467 INFO:teuthology.orchestra.run.smithi037.stdout:/usr/bin/ceph: stderr
2024-03-28T17:59:48.107+0000 7f138b200700 1 -- 172.21.15.37:0/2809661232 --> [v2:172.21.15.37:6800/3459498509,v1:172.21.15.37:6801/3459498509] -- mgr_command(tid 0: {"prefix": "orch host add", "hostname": "smithi037", "addr": "172.21.15.37", "target": ["mon-mgr", ""]}) v1 -- 0x7f138c0008d0 con 0x7f1370038f70
2024-03-28T17:59:55.468 INFO:teuthology.orchestra.run.smithi037.stdout:/usr/bin/ceph: stderr
2024-03-28T17:59:54.809+0000 7f1382a00700 1 -- 172.21.15.37:0/2809661232 <== mgr.14120 v2:172.21.15.37:6800/3459498509 1 ==== mgr_command_reply(tid 0: 0 ) v1 ==== 8+0+48 (secure 0 0 0) 0x7f138c0008d0 con 0x7f1370038f70
2024-03-28T17:59:55.468 INFO:teuthology.orchestra.run.smithi037.stdout:/usr/bin/ceph: stderr
2024-03-28T17:59:54.814+0000 7f138b200700 1 -- 172.21.15.37:0/2809661232 >> [v2:172.21.15.37:6800/3459498509,v1:172.21.15.37:6801/3459498509] conn(0x7f1370038f70 msgr2=0x7f137003b430 secure :-1 s=STATE_CONNECTION_ESTABLISHED l=1).mark_down
2024-03-28T17:59:55.468 INFO:teuthology.orchestra.run.smithi037.stdout:/usr/bin/ceph: stderr
2024-03-28T17:59:54.814+0000 7f138b200700 1 --2- 172.21.15.37:0/2809661232 >> [v2:172.21.15.37:6800/3459498509,v1:172.21.15.37:6801/3459498509] conn(0x7f1370038f70 0x7f137003b430 secure :-1 s=READY pgs=11 cs=0 l=1 rev1=1 crypto rx=0x7f1378006fd0 tx=0x7f1378006e40 comp rx=0 tx=0).stop
2024-03-28T17:59:55.468 INFO:teuthology.orchestra.run.smithi037.stdout:/usr/bin/ceph: stderr
2024-03-28T17:59:54.814+0000 7f138b200700 1 -- 172.21.15.37:0/2809661232 >> [v2:172.21.15.37:3300/0,v1:172.21.15.37:6789/0] conn(0x7f138c106130 msgr2=0x7f138c1a1e30 secure :-1 s=STATE_CONNECTION_ESTABLISHED l=1).mark_down
2024-03-28T17:59:55.468 INFO:teuthology.orchestra.run.smithi037.stdout:/usr/bin/ceph: stderr
2024-03-28T17:59:54.814+0000 7f138b200700 1 --2- 172.21.15.37:0/2809661232 >> [v2:172.21.15.37:3300/0,v1:172.21.15.37:6789/0] conn(0x7f138c106130 0x7f138c1a1e30 secure :-1 s=READY pgs=46 cs=0 l=1 rev1=1 crypto rx=0x7f137c011b60 tx=0x7f137c011c40 comp rx=0 tx=0).stop
2024-03-28T17:59:55.468 INFO:teuthology.orchestra.run.smithi037.stdout:/usr/bin/ceph: stderr
2024-03-28T17:59:54.814+0000 7f138b200700 1 -- 172.21.15.37:0/2809661232 shutdown_connections
2024-03-28T17:59:55.468 INFO:teuthology.orchestra.run.smithi037.stdout:/usr/bin/ceph: stderr
2024-03-28T17:59:54.814+0000 7f138b200700 1 --2- 172.21.15.37:0/2809661232 >> [v2:172.21.15.37:6800/3459498509,v1:172.21.15.37:6801/3459498509] conn(0x7f1370038f70 0x7f137003b430 unknown :-1 s=CLOSED pgs=11 cs=0 l=1 rev1=1 crypto rx=0 tx=0 comp rx=0 tx=0).stop
2024-03-28T17:59:55.468 INFO:teuthology.orchestra.run.smithi037.stdout:/usr/bin/ceph: stderr
2024-03-28T17:59:54.814+0000 7f138b200700 1 --2- 172.21.15.37:0/2809661232 >> [v2:172.21.15.37:3300/0,v1:172.21.15.37:6789/0] conn(0x7f138c106130 0x7f138c1a1e30 unknown :-1 s=CLOSED pgs=46 cs=0 l=1 rev1=1 crypto rx=0 tx=0 comp rx=0 tx=0).stop
2024-03-28T17:59:55.468 INFO:teuthology.orchestra.run.smithi037.stdout:/usr/bin/ceph: stderr
2024-03-28T17:59:54.814+0000 7f138b200700 1 -- 172.21.15.37:0/2809661232 >> 172.21.15.37:0/2809661232 conn(0x7f138c101dd0 msgr2=0x7f138c1041c0 unknown :-1 s=STATE_NONE l=0).mark_down
2024-03-28T17:59:55.468 INFO:teuthology.orchestra.run.smithi037.stdout:/usr/bin/ceph: stderr
2024-03-28T17:59:54.814+0000 7f138b200700 1 -- 172.21.15.37:0/2809661232 shutdown_connections
2024-03-28T17:59:55.468 INFO:teuthology.orchestra.run.smithi037.stdout:/usr/bin/ceph: stderr
2024-03-28T17:59:54.815+0000 7f138b200700 1 -- 172.21.15.37:0/2809661232 wait complete.
2024-03-28T17:59:55.468 INFO:teuthology.orchestra.run.smithi037.stdout:Deploying unmanaged mon service...
2024-03-28T17:59:56.087 INFO:journalctl@ceph.mon.a.smithi037.stdout:Mar 28 17:59:55 smithi037 ceph-mon[31460]: from='mgr.14120 172.21.15.37:0/1746232664' entity='mgr.x'
2024-03-28T17:59:56.087 INFO:journalctl@ceph.mon.a.smithi037.stdout:Mar 28 17:59:55 smithi037 ceph-mon[31460]: Added host smithi037
2024-03-28T17:59:56.087 INFO:journalctl@ceph.mon.a.smithi037.stdout:Mar 28 17:59:55 smithi037 ceph-mon[31460]: from='mgr.14120 172.21.15.37:0/1746232664' entity='mgr.x' cmd=[{"prefix": "config dump", "format": "json"}]: dispatch
2024-03-28T17:59:57.264 INFO:teuthology.orchestra.run.smithi037.stdout:/usr/bin/ceph: stdout Scheduled mon update...
2024-03-28T17:59:57.265 INFO:teuthology.orchestra.run.smithi037.stdout:/usr/bin/ceph: stderr
2024-03-28T17:59:56.122+0000 7fd49c400700 1 Processor -- start
2024-03-28T17:59:57.265 INFO:teuthology.orchestra.run.smithi037.stdout:/usr/bin/ceph: stderr
2024-03-28T17:59:56.122+0000 7fd49c400700 1 -- start start
2024-03-28T17:59:57.265 INFO:teuthology.orchestra.run.smithi037.stdout:/usr/bin/ceph: stderr
2024-03-28T17:59:56.122+0000 7fd49c400700 1 --2- >> [v2:172.21.15.37:3300/0,v1:172.21.15.37:6789/0] conn(0x7fd494081ab0 0x7fd494081ed0 unknown :-1 s=NONE pgs=0 cs=0 l=0 rev1=0 crypto rx=0 tx=0 comp rx=0 tx=0).connect
2024-03-28T17:59:57.265 INFO:teuthology.orchestra.run.smithi037.stdout:/usr/bin/ceph: stderr
2024-03-28T17:59:56.122+0000 7fd49c400700 1 -- --> [v2:172.21.15.37:3300/0,v1:172.21.15.37:6789/0] -- mon_getmap magic: 0 v1 -- 0x7fd4940824a0 con 0x7fd494081ab0
2024-03-28T17:59:57.265 INFO:teuthology.orchestra.run.smithi037.stdout:/usr/bin/ceph: stderr
2024-03-28T17:59:56.123+0000 7fd499a00700 1 --2- >> [v2:172.21.15.37:3300/0,v1:172.21.15.37:6789/0] conn(0x7fd494081ab0 0x7fd494081ed0 unknown :-1 s=BANNER_CONNECTING pgs=0 cs=0 l=0 rev1=0 crypto rx=0 tx=0 comp rx=0 tx=0)._handle_peer_banner_payload supported=3 required=0
2024-03-28T17:59:57.265 INFO:teuthology.orchestra.run.smithi037.stdout:/usr/bin/ceph: stderr
2024-03-28T17:59:56.123+0000 7fd499a00700 1 --2- >> [v2:172.21.15.37:3300/0,v1:172.21.15.37:6789/0] conn(0x7fd494081ab0 0x7fd494081ed0 unknown :-1 s=HELLO_CONNECTING pgs=0 cs=0 l=0 rev1=1 crypto rx=0 tx=0 comp rx=0 tx=0).handle_hello peer v2:172.21.15.37:3300/0 says I am v2:172.21.15.37:51104/0 (socket says 172.21.15.37:51104)
2024-03-28T17:59:57.265 INFO:teuthology.orchestra.run.smithi037.stdout:/usr/bin/ceph: stderr
2024-03-28T17:59:56.123+0000 7fd499a00700 1 -- 172.21.15.37:0/1569021773 learned_addr learned my addr 172.21.15.37:0/1569021773 (peer_addr_for_me v2:172.21.15.37:0/0)
2024-03-28T17:59:57.265 INFO:teuthology.orchestra.run.smithi037.stdout:/usr/bin/ceph: stderr
2024-03-28T17:59:56.123+0000 7fd499a00700 1 -- 172.21.15.37:0/1569021773 --> [v2:172.21.15.37:3300/0,v1:172.21.15.37:6789/0] -- mon_subscribe({config=0+,monmap=0+}) v3 -- 0x7fd49410f280 con 0x7fd494081ab0
2024-03-28T17:59:57.265 INFO:teuthology.orchestra.run.smithi037.stdout:/usr/bin/ceph: stderr
2024-03-28T17:59:56.124+0000 7fd499a00700 1 --2- 172.21.15.37:0/1569021773 >> [v2:172.21.15.37:3300/0,v1:172.21.15.37:6789/0] conn(0x7fd494081ab0 0x7fd494081ed0 secure :-1 s=READY pgs=47 cs=0 l=1 rev1=1 crypto rx=0x7fd488009e80 tx=0x7fd48800b330 comp rx=0 tx=0).ready entity=mon.0 client_cookie=a92561e905eb430b server_cookie=0 in_seq=0 out_seq=0
2024-03-28T17:59:57.265 INFO:teuthology.orchestra.run.smithi037.stdout:/usr/bin/ceph: stderr
2024-03-28T17:59:56.124+0000 7fd493e00700 1 -- 172.21.15.37:0/1569021773 <== mon.0 v2:172.21.15.37:3300/0 1 ==== mon_map magic: 0 v1 ==== 205+0+0 (secure 0 0 0) 0x7fd488017070 con 0x7fd494081ab0
2024-03-28T17:59:57.265 INFO:teuthology.orchestra.run.smithi037.stdout:/usr/bin/ceph: stderr
2024-03-28T17:59:56.124+0000 7fd493e00700 1 -- 172.21.15.37:0/1569021773 <== mon.0 v2:172.21.15.37:3300/0 2 ==== config(27 keys) v1 ==== 1109+0+0 (secure 0 0 0) 0x7fd48800b8c0 con 0x7fd494081ab0
2024-03-28T17:59:57.265 INFO:teuthology.orchestra.run.smithi037.stdout:/usr/bin/ceph: stderr
2024-03-28T17:59:56.124+0000 7fd493e00700 1 -- 172.21.15.37:0/1569021773 <== mon.0 v2:172.21.15.37:3300/0 3 ==== mon_map magic: 0 v1 ==== 205+0+0 (secure 0 0 0) 0x7fd4880045c0 con 0x7fd494081ab0
2024-03-28T17:59:57.266 INFO:teuthology.orchestra.run.smithi037.stdout:/usr/bin/ceph: stderr
2024-03-28T17:59:56.125+0000 7fd49c400700 1 -- 172.21.15.37:0/1569021773 >> [v2:172.21.15.37:3300/0,v1:172.21.15.37:6789/0] conn(0x7fd494081ab0 msgr2=0x7fd494081ed0 secure :-1 s=STATE_CONNECTION_ESTABLISHED l=1).mark_down
2024-03-28T17:59:57.266 INFO:teuthology.orchestra.run.smithi037.stdout:/usr/bin/ceph: stderr
2024-03-28T17:59:56.125+0000 7fd49c400700 1 --2- 172.21.15.37:0/1569021773 >> [v2:172.21.15.37:3300/0,v1:172.21.15.37:6789/0] conn(0x7fd494081ab0 0x7fd494081ed0 secure :-1 s=READY pgs=47 cs=0 l=1 rev1=1 crypto rx=0x7fd488009e80 tx=0x7fd48800b330 comp rx=0 tx=0).stop
2024-03-28T17:59:57.267 INFO:teuthology.orchestra.run.smithi037.stdout:/usr/bin/ceph: stderr
2024-03-28T17:59:56.125+0000 7fd49c400700 1 -- 172.21.15.37:0/1569021773 shutdown_connections
2024-03-28T17:59:57.267 INFO:teuthology.orchestra.run.smithi037.stdout:/usr/bin/ceph: stderr
2024-03-28T17:59:56.125+0000 7fd49c400700 1 --2- 172.21.15.37:0/1569021773 >> [v2:172.21.15.37:3300/0,v1:172.21.15.37:6789/0] conn(0x7fd494081ab0 0x7fd494081ed0 unknown :-1 s=CLOSED pgs=47 cs=0 l=1 rev1=1 crypto rx=0 tx=0 comp rx=0 tx=0).stop
2024-03-28T17:59:57.267 INFO:teuthology.orchestra.run.smithi037.stdout:/usr/bin/ceph: stderr
2024-03-28T17:59:56.125+0000 7fd49c400700 1 -- 172.21.15.37:0/1569021773 >> 172.21.15.37:0/1569021773 conn(0x7fd49407d090 msgr2=0x7fd49407f4b0 unknown :-1 s=STATE_NONE l=0).mark_down
2024-03-28T17:59:57.267 INFO:teuthology.orchestra.run.smithi037.stdout:/usr/bin/ceph: stderr
2024-03-28T17:59:56.125+0000 7fd49c400700 1 -- 172.21.15.37:0/1569021773 shutdown_connections
2024-03-28T17:59:57.267 INFO:teuthology.orchestra.run.smithi037.stdout:/usr/bin/ceph: stderr
2024-03-28T17:59:56.125+0000 7fd49c400700 1 -- 172.21.15.37:0/1569021773 wait complete.
2024-03-28T17:59:57.267 INFO:teuthology.orchestra.run.smithi037.stdout:/usr/bin/ceph: stderr
2024-03-28T17:59:56.126+0000 7fd49c400700 1 Processor -- start
2024-03-28T17:59:57.267 INFO:teuthology.orchestra.run.smithi037.stdout:/usr/bin/ceph: stderr
2024-03-28T17:59:56.126+0000 7fd49c400700 1 -- start start
2024-03-28T17:59:57.267 INFO:teuthology.orchestra.run.smithi037.stdout:/usr/bin/ceph: stderr
2024-03-28T17:59:56.127+0000 7fd49c400700 1 --2- >> [v2:172.21.15.37:3300/0,v1:172.21.15.37:6789/0] conn(0x7fd494081ab0 0x7fd4941a1f90 unknown :-1 s=NONE pgs=0 cs=0 l=1 rev1=0 crypto rx=0 tx=0 comp rx=0 tx=0).connect
2024-03-28T17:59:57.268 INFO:teuthology.orchestra.run.smithi037.stdout:/usr/bin/ceph: stderr
2024-03-28T17:59:56.127+0000 7fd49c400700 1 -- --> [v2:172.21.15.37:3300/0,v1:172.21.15.37:6789/0] -- mon_getmap magic: 0 v1 -- 0x7fd494112630 con 0x7fd494081ab0
2024-03-28T17:59:57.268 INFO:teuthology.orchestra.run.smithi037.stdout:/usr/bin/ceph: stderr
2024-03-28T17:59:56.127+0000 7fd499a00700 1 --2- >> [v2:172.21.15.37:3300/0,v1:172.21.15.37:6789/0] conn(0x7fd494081ab0 0x7fd4941a1f90 unknown :-1 s=BANNER_CONNECTING pgs=0 cs=0 l=1 rev1=0 crypto rx=0 tx=0 comp rx=0 tx=0)._handle_peer_banner_payload supported=3 required=0
2024-03-28T17:59:57.268 INFO:teuthology.orchestra.run.smithi037.stdout:/usr/bin/ceph: stderr
2024-03-28T17:59:56.127+0000 7fd499a00700 1 --2- >> [v2:172.21.15.37:3300/0,v1:172.21.15.37:6789/0] conn(0x7fd494081ab0 0x7fd4941a1f90 unknown :-1 s=HELLO_CONNECTING pgs=0 cs=0 l=1 rev1=1 crypto rx=0 tx=0 comp rx=0 tx=0).handle_hello peer v2:172.21.15.37:3300/0 says I am v2:172.21.15.37:51112/0 (socket says 172.21.15.37:51112)
2024-03-28T17:59:57.269 INFO:teuthology.orchestra.run.smithi037.stdout:/usr/bin/ceph: stderr
2024-03-28T17:59:56.127+0000 7fd499a00700 1 -- 172.21.15.37:0/3785227844 learned_addr learned my addr 172.21.15.37:0/3785227844 (peer_addr_for_me v2:172.21.15.37:0/0)
2024-03-28T17:59:57.269 INFO:teuthology.orchestra.run.smithi037.stdout:/usr/bin/ceph: stderr
2024-03-28T17:59:56.128+0000 7fd499a00700 1 -- 172.21.15.37:0/3785227844 --> [v2:172.21.15.37:3300/0,v1:172.21.15.37:6789/0] -- mon_subscribe({config=0+,monmap=0+}) v3 -- 0x7fd4941a24d0 con 0x7fd494081ab0
2024-03-28T17:59:57.269 INFO:teuthology.orchestra.run.smithi037.stdout:/usr/bin/ceph: stderr
2024-03-28T17:59:56.128+0000 7fd499a00700 1 --2- 172.21.15.37:0/3785227844 >> [v2:172.21.15.37:3300/0,v1:172.21.15.37:6789/0] conn(0x7fd494081ab0 0x7fd4941a1f90 secure :-1 s=READY pgs=48 cs=0 l=1 rev1=1 crypto rx=0x7fd488009530 tx=0x7fd48800bd50 comp rx=0 tx=0).ready entity=mon.0 client_cookie=0 server_cookie=0 in_seq=0 out_seq=0
2024-03-28T17:59:57.269 INFO:teuthology.orchestra.run.smithi037.stdout:/usr/bin/ceph: stderr
2024-03-28T17:59:56.128+0000 7fd492000700 1 -- 172.21.15.37:0/3785227844 <== mon.0 v2:172.21.15.37:3300/0 1 ==== mon_map magic: 0 v1 ==== 205+0+0 (secure 0 0 0) 0x7fd488020020 con 0x7fd494081ab0
2024-03-28T17:59:57.269 INFO:teuthology.orchestra.run.smithi037.stdout:/usr/bin/ceph: stderr
2024-03-28T17:59:56.128+0000 7fd492000700 1 -- 172.21.15.37:0/3785227844 <== mon.0 v2:172.21.15.37:3300/0 2 ==== config(27 keys) v1 ==== 1109+0+0 (secure 0 0 0) 0x7fd488003b50 con 0x7fd494081ab0
2024-03-28T17:59:57.269 INFO:teuthology.orchestra.run.smithi037.stdout:/usr/bin/ceph: stderr
2024-03-28T17:59:56.128+0000 7fd49c400700 1 -- 172.21.15.37:0/3785227844 --> [v2:172.21.15.37:3300/0,v1:172.21.15.37:6789/0] -- mon_subscribe({mgrmap=0+}) v3 -- 0x7fd4941a2760 con 0x7fd494081ab0
2024-03-28T17:59:57.269 INFO:teuthology.orchestra.run.smithi037.stdout:/usr/bin/ceph: stderr
2024-03-28T17:59:56.128+0000 7fd492000700 1 -- 172.21.15.37:0/3785227844 <== mon.0 v2:172.21.15.37:3300/0 3 ==== mon_map magic: 0 v1 ==== 205+0+0 (secure 0 0 0) 0x7fd488017040 con 0x7fd494081ab0
2024-03-28T17:59:57.270 INFO:teuthology.orchestra.run.smithi037.stdout:/usr/bin/ceph: stderr
2024-03-28T17:59:56.128+0000 7fd49c400700 1 -- 172.21.15.37:0/3785227844 --> [v2:172.21.15.37:3300/0,v1:172.21.15.37:6789/0] -- mon_subscribe({osdmap=0}) v3 -- 0x7fd4941a5450 con 0x7fd494081ab0
2024-03-28T17:59:57.270 INFO:teuthology.orchestra.run.smithi037.stdout:/usr/bin/ceph: stderr
2024-03-28T17:59:56.130+0000 7fd492000700 1 -- 172.21.15.37:0/3785227844 <== mon.0 v2:172.21.15.37:3300/0 4 ==== mgrmap(e 8) v1 ==== 46106+0+0 (secure 0 0 0) 0x7fd488023020 con 0x7fd494081ab0
2024-03-28T17:59:57.270 INFO:teuthology.orchestra.run.smithi037.stdout:/usr/bin/ceph: stderr
2024-03-28T17:59:56.130+0000 7fd49c400700 1 -- 172.21.15.37:0/3785227844 --> [v2:172.21.15.37:3300/0,v1:172.21.15.37:6789/0] -- mon_command({"prefix": "get_command_descriptions"} v 0) v1 -- 0x7fd4940637c0 con 0x7fd494081ab0
2024-03-28T17:59:57.270 INFO:teuthology.orchestra.run.smithi037.stdout:/usr/bin/ceph: stderr
2024-03-28T17:59:56.130+0000 7fd492000700 1 --2- 172.21.15.37:0/3785227844 >> [v2:172.21.15.37:6800/3459498509,v1:172.21.15.37:6801/3459498509] conn(0x7fd47c038f20 0x7fd47c03b3e0 unknown :-1 s=NONE pgs=0 cs=0 l=1 rev1=0 crypto rx=0 tx=0 comp rx=0 tx=0).connect
2024-03-28T17:59:57.270 INFO:teuthology.orchestra.run.smithi037.stdout:/usr/bin/ceph: stderr
2024-03-28T17:59:56.130+0000 7fd492000700 1 -- 172.21.15.37:0/3785227844 <== mon.0 v2:172.21.15.37:3300/0 5 ==== osd_map(2..2 src has 1..2) v4 ==== 940+0+0 (secure 0 0 0) 0x7fd48800f050 con 0x7fd494081ab0
2024-03-28T17:59:57.271 INFO:teuthology.orchestra.run.smithi037.stdout:/usr/bin/ceph: stderr
2024-03-28T17:59:56.130+0000 7fd499000700 1 --2- 172.21.15.37:0/3785227844 >> [v2:172.21.15.37:6800/3459498509,v1:172.21.15.37:6801/3459498509] conn(0x7fd47c038f20 0x7fd47c03b3e0 unknown :-1 s=BANNER_CONNECTING pgs=0 cs=0 l=1 rev1=0 crypto rx=0 tx=0 comp rx=0 tx=0)._handle_peer_banner_payload supported=3 required=0
2024-03-28T17:59:57.271 INFO:teuthology.orchestra.run.smithi037.stdout:/usr/bin/ceph: stderr
