2024-03-28T17:59:27.478 INFO:teuthology.orchestra.run.smithi037.stdout:/usr/bin/ceph: stdout "available": true,
2024-03-28T17:59:27.478 INFO:teuthology.orchestra.run.smithi037.stdout:/usr/bin/ceph: stdout "num_standbys": 0,
2024-03-28T17:59:27.478 INFO:teuthology.orchestra.run.smithi037.stdout:/usr/bin/ceph: stdout "modules": [
2024-03-28T17:59:27.478 INFO:teuthology.orchestra.run.smithi037.stdout:/usr/bin/ceph: stdout "iostat",
2024-03-28T17:59:27.478 INFO:teuthology.orchestra.run.smithi037.stdout:/usr/bin/ceph: stdout "nfs",
2024-03-28T17:59:27.478 INFO:teuthology.orchestra.run.smithi037.stdout:/usr/bin/ceph: stdout "restful"
2024-03-28T17:59:27.478 INFO:teuthology.orchestra.run.smithi037.stdout:/usr/bin/ceph: stdout ],
2024-03-28T17:59:27.478 INFO:teuthology.orchestra.run.smithi037.stdout:/usr/bin/ceph: stdout "services": {}
2024-03-28T17:59:27.478 INFO:teuthology.orchestra.run.smithi037.stdout:/usr/bin/ceph: stdout },
2024-03-28T17:59:27.478 INFO:teuthology.orchestra.run.smithi037.stdout:/usr/bin/ceph: stdout "servicemap": {
2024-03-28T17:59:27.478 INFO:teuthology.orchestra.run.smithi037.stdout:/usr/bin/ceph: stdout "epoch": 1,
2024-03-28T17:59:27.478 INFO:teuthology.orchestra.run.smithi037.stdout:/usr/bin/ceph: stdout "modified": "2024-03-28T17:59:05.950436+0000",
2024-03-28T17:59:27.478 INFO:teuthology.orchestra.run.smithi037.stdout:/usr/bin/ceph: stdout "services": {}
2024-03-28T17:59:27.479 INFO:teuthology.orchestra.run.smithi037.stdout:/usr/bin/ceph: stdout },
2024-03-28T17:59:27.479 INFO:teuthology.orchestra.run.smithi037.stdout:/usr/bin/ceph: stdout "progress_events": {}
2024-03-28T17:59:27.479 INFO:teuthology.orchestra.run.smithi037.stdout:/usr/bin/ceph: stdout }
2024-03-28T17:59:27.479 INFO:teuthology.orchestra.run.smithi037.stdout:/usr/bin/ceph: stderr
2024-03-28T17:59:26.353+0000 7f7f2f200700 1 Processor -- start
2024-03-28T17:59:27.479 INFO:teuthology.orchestra.run.smithi037.stdout:/usr/bin/ceph: stderr
2024-03-28T17:59:26.353+0000 7f7f2f200700 1 -- start start
2024-03-28T17:59:27.479 INFO:teuthology.orchestra.run.smithi037.stdout:/usr/bin/ceph: stderr
2024-03-28T17:59:26.354+0000 7f7f2f200700 1 --2- >> [v2:172.21.15.37:3300/0,v1:172.21.15.37:6789/0] conn(0x7f7f28081870 0x7f7f28081c90 unknown :-1 s=NONE pgs=0 cs=0 l=0 rev1=0 crypto rx=0 tx=0 comp rx=0 tx=0).connect
2024-03-28T17:59:27.479 INFO:teuthology.orchestra.run.smithi037.stdout:/usr/bin/ceph: stderr
2024-03-28T17:59:26.354+0000 7f7f2f200700 1 -- --> [v2:172.21.15.37:3300/0,v1:172.21.15.37:6789/0] -- mon_getmap magic: 0 v1 -- 0x7f7f280821d0 con 0x7f7f28081870
2024-03-28T17:59:27.479 INFO:teuthology.orchestra.run.smithi037.stdout:/usr/bin/ceph: stderr
2024-03-28T17:59:26.354+0000 7f7f2de00700 1 --2- >> [v2:172.21.15.37:3300/0,v1:172.21.15.37:6789/0] conn(0x7f7f28081870 0x7f7f28081c90 unknown :-1 s=BANNER_CONNECTING pgs=0 cs=0 l=0 rev1=0 crypto rx=0 tx=0 comp rx=0 tx=0)._handle_peer_banner_payload supported=3 required=0
2024-03-28T17:59:27.479 INFO:teuthology.orchestra.run.smithi037.stdout:/usr/bin/ceph: stderr
2024-03-28T17:59:26.354+0000 7f7f2de00700 1 --2- >> [v2:172.21.15.37:3300/0,v1:172.21.15.37:6789/0] conn(0x7f7f28081870 0x7f7f28081c90 unknown :-1 s=HELLO_CONNECTING pgs=0 cs=0 l=0 rev1=1 crypto rx=0 tx=0 comp rx=0 tx=0).handle_hello peer v2:172.21.15.37:3300/0 says I am v2:172.21.15.37:50314/0 (socket says 172.21.15.37:50314)
2024-03-28T17:59:27.479 INFO:teuthology.orchestra.run.smithi037.stdout:/usr/bin/ceph: stderr
2024-03-28T17:59:26.354+0000 7f7f2de00700 1 -- 172.21.15.37:0/3197112980 learned_addr learned my addr 172.21.15.37:0/3197112980 (peer_addr_for_me v2:172.21.15.37:0/0)
2024-03-28T17:59:27.479 INFO:teuthology.orchestra.run.smithi037.stdout:/usr/bin/ceph: stderr
2024-03-28T17:59:26.355+0000 7f7f2de00700 1 -- 172.21.15.37:0/3197112980 --> [v2:172.21.15.37:3300/0,v1:172.21.15.37:6789/0] -- mon_subscribe({config=0+,monmap=0+}) v3 -- 0x7f7f2810f040 con 0x7f7f28081870
2024-03-28T17:59:27.479 INFO:teuthology.orchestra.run.smithi037.stdout:/usr/bin/ceph: stderr
2024-03-28T17:59:26.355+0000 7f7f2de00700 1 --2- 172.21.15.37:0/3197112980 >> [v2:172.21.15.37:3300/0,v1:172.21.15.37:6789/0] conn(0x7f7f28081870 0x7f7f28081c90 secure :-1 s=READY pgs=18 cs=0 l=1 rev1=1 crypto rx=0x7f7f1c0098a0 tx=0x7f7f1c009bb0 comp rx=0 tx=0).ready entity=mon.0 client_cookie=b60516ac38159b43 server_cookie=0 in_seq=0 out_seq=0
2024-03-28T17:59:27.479 INFO:teuthology.orchestra.run.smithi037.stdout:/usr/bin/ceph: stderr
2024-03-28T17:59:26.355+0000 7f7f2ca00700 1 -- 172.21.15.37:0/3197112980 <== mon.0 v2:172.21.15.37:3300/0 1 ==== mon_map magic: 0 v1 ==== 205+0+0 (secure 0 0 0) 0x7f7f1c004160 con 0x7f7f28081870
2024-03-28T17:59:27.480 INFO:teuthology.orchestra.run.smithi037.stdout:/usr/bin/ceph: stderr
2024-03-28T17:59:26.355+0000 7f7f2ca00700 1 -- 172.21.15.37:0/3197112980 <== mon.0 v2:172.21.15.37:3300/0 2 ==== config(27 keys) v1 ==== 1109+0+0 (secure 0 0 0) 0x7f7f1c004300 con 0x7f7f28081870
2024-03-28T17:59:27.480 INFO:teuthology.orchestra.run.smithi037.stdout:/usr/bin/ceph: stderr
2024-03-28T17:59:26.355+0000 7f7f2ca00700 1 -- 172.21.15.37:0/3197112980 <== mon.0 v2:172.21.15.37:3300/0 3 ==== mon_map magic: 0 v1 ==== 205+0+0 (secure 0 0 0) 0x7f7f1c011b50 con 0x7f7f28081870
2024-03-28T17:59:27.480 INFO:teuthology.orchestra.run.smithi037.stdout:/usr/bin/ceph: stderr
2024-03-28T17:59:26.356+0000 7f7f2f200700 1 -- 172.21.15.37:0/3197112980 >> [v2:172.21.15.37:3300/0,v1:172.21.15.37:6789/0] conn(0x7f7f28081870 msgr2=0x7f7f28081c90 secure :-1 s=STATE_CONNECTION_ESTABLISHED l=1).mark_down
2024-03-28T17:59:27.480 INFO:teuthology.orchestra.run.smithi037.stdout:/usr/bin/ceph: stderr
2024-03-28T17:59:26.356+0000 7f7f2f200700 1 --2- 172.21.15.37:0/3197112980 >> [v2:172.21.15.37:3300/0,v1:172.21.15.37:6789/0] conn(0x7f7f28081870 0x7f7f28081c90 secure :-1 s=READY pgs=18 cs=0 l=1 rev1=1 crypto rx=0x7f7f1c0098a0 tx=0x7f7f1c009bb0 comp rx=0 tx=0).stop
2024-03-28T17:59:27.480 INFO:teuthology.orchestra.run.smithi037.stdout:/usr/bin/ceph: stderr
2024-03-28T17:59:26.356+0000 7f7f2f200700 1 -- 172.21.15.37:0/3197112980 shutdown_connections
2024-03-28T17:59:27.480 INFO:teuthology.orchestra.run.smithi037.stdout:/usr/bin/ceph: stderr
2024-03-28T17:59:26.356+0000 7f7f2f200700 1 --2- 172.21.15.37:0/3197112980 >> [v2:172.21.15.37:3300/0,v1:172.21.15.37:6789/0] conn(0x7f7f28081870 0x7f7f28081c90 unknown :-1 s=CLOSED pgs=18 cs=0 l=1 rev1=1 crypto rx=0 tx=0 comp rx=0 tx=0).stop
2024-03-28T17:59:27.480 INFO:teuthology.orchestra.run.smithi037.stdout:/usr/bin/ceph: stderr
2024-03-28T17:59:26.356+0000 7f7f2f200700 1 -- 172.21.15.37:0/3197112980 >> 172.21.15.37:0/3197112980 conn(0x7f7f2807cee0 msgr2=0x7f7f2807f300 unknown :-1 s=STATE_NONE l=0).mark_down
2024-03-28T17:59:27.480 INFO:teuthology.orchestra.run.smithi037.stdout:/usr/bin/ceph: stderr
2024-03-28T17:59:26.356+0000 7f7f2f200700 1 -- 172.21.15.37:0/3197112980 shutdown_connections
2024-03-28T17:59:27.480 INFO:teuthology.orchestra.run.smithi037.stdout:/usr/bin/ceph: stderr
2024-03-28T17:59:26.356+0000 7f7f2f200700 1 -- 172.21.15.37:0/3197112980 wait complete.
2024-03-28T17:59:27.480 INFO:teuthology.orchestra.run.smithi037.stdout:/usr/bin/ceph: stderr
2024-03-28T17:59:26.357+0000 7f7f2f200700 1 Processor -- start
2024-03-28T17:59:27.480 INFO:teuthology.orchestra.run.smithi037.stdout:/usr/bin/ceph: stderr
2024-03-28T17:59:26.358+0000 7f7f2f200700 1 -- start start
2024-03-28T17:59:27.480 INFO:teuthology.orchestra.run.smithi037.stdout:/usr/bin/ceph: stderr
2024-03-28T17:59:26.358+0000 7f7f2f200700 1 --2- >> [v2:172.21.15.37:3300/0,v1:172.21.15.37:6789/0] conn(0x7f7f28081870 0x7f7f281a1e50 unknown :-1 s=NONE pgs=0 cs=0 l=1 rev1=0 crypto rx=0 tx=0 comp rx=0 tx=0).connect
2024-03-28T17:59:27.480 INFO:teuthology.orchestra.run.smithi037.stdout:/usr/bin/ceph: stderr
2024-03-28T17:59:26.358+0000 7f7f2f200700 1 -- --> [v2:172.21.15.37:3300/0,v1:172.21.15.37:6789/0] -- mon_getmap magic: 0 v1 -- 0x7f7f28112300 con 0x7f7f28081870
2024-03-28T17:59:27.480 INFO:teuthology.orchestra.run.smithi037.stdout:/usr/bin/ceph: stderr
2024-03-28T17:59:26.358+0000 7f7f2de00700 1 --2- >> [v2:172.21.15.37:3300/0,v1:172.21.15.37:6789/0] conn(0x7f7f28081870 0x7f7f281a1e50 unknown :-1 s=BANNER_CONNECTING pgs=0 cs=0 l=1 rev1=0 crypto rx=0 tx=0 comp rx=0 tx=0)._handle_peer_banner_payload supported=3 required=0
2024-03-28T17:59:27.481 INFO:teuthology.orchestra.run.smithi037.stdout:/usr/bin/ceph: stderr
2024-03-28T17:59:26.358+0000 7f7f2de00700 1 --2- >> [v2:172.21.15.37:3300/0,v1:172.21.15.37:6789/0] conn(0x7f7f28081870 0x7f7f281a1e50 unknown :-1 s=HELLO_CONNECTING pgs=0 cs=0 l=1 rev1=1 crypto rx=0 tx=0 comp rx=0 tx=0).handle_hello peer v2:172.21.15.37:3300/0 says I am v2:172.21.15.37:50322/0 (socket says 172.21.15.37:50322)
2024-03-28T17:59:27.481 INFO:teuthology.orchestra.run.smithi037.stdout:/usr/bin/ceph: stderr
2024-03-28T17:59:26.358+0000 7f7f2de00700 1 -- 172.21.15.37:0/2174849022 learned_addr learned my addr 172.21.15.37:0/2174849022 (peer_addr_for_me v2:172.21.15.37:0/0)
2024-03-28T17:59:27.481 INFO:teuthology.orchestra.run.smithi037.stdout:/usr/bin/ceph: stderr
2024-03-28T17:59:26.359+0000 7f7f2de00700 1 -- 172.21.15.37:0/2174849022 --> [v2:172.21.15.37:3300/0,v1:172.21.15.37:6789/0] -- mon_subscribe({config=0+,monmap=0+}) v3 -- 0x7f7f281a2390 con 0x7f7f28081870
2024-03-28T17:59:27.481 INFO:teuthology.orchestra.run.smithi037.stdout:/usr/bin/ceph: stderr
2024-03-28T17:59:26.359+0000 7f7f2de00700 1 --2- 172.21.15.37:0/2174849022 >> [v2:172.21.15.37:3300/0,v1:172.21.15.37:6789/0] conn(0x7f7f28081870 0x7f7f281a1e50 secure :-1 s=READY pgs=19 cs=0 l=1 rev1=1 crypto rx=0x7f7f1c009fb0 tx=0x7f7f1c011bf0 comp rx=0 tx=0).ready entity=mon.0 client_cookie=0 server_cookie=0 in_seq=0 out_seq=0
2024-03-28T17:59:27.484 INFO:teuthology.orchestra.run.smithi037.stdout:/usr/bin/ceph: stderr
2024-03-28T17:59:26.359+0000 7f7f22a00700 1 -- 172.21.15.37:0/2174849022 <== mon.0 v2:172.21.15.37:3300/0 1 ==== mon_map magic: 0 v1 ==== 205+0+0 (secure 0 0 0) 0x7f7f1c0038b0 con 0x7f7f28081870
2024-03-28T17:59:27.484 INFO:teuthology.orchestra.run.smithi037.stdout:/usr/bin/ceph: stderr
2024-03-28T17:59:26.359+0000 7f7f2f200700 1 -- 172.21.15.37:0/2174849022 --> [v2:172.21.15.37:3300/0,v1:172.21.15.37:6789/0] -- mon_subscribe({mgrmap=0+}) v3 -- 0x7f7f281a2620 con 0x7f7f28081870
2024-03-28T17:59:27.484 INFO:teuthology.orchestra.run.smithi037.stdout:/usr/bin/ceph: stderr
2024-03-28T17:59:26.359+0000 7f7f22a00700 1 -- 172.21.15.37:0/2174849022 <== mon.0 v2:172.21.15.37:3300/0 2 ==== config(27 keys) v1 ==== 1109+0+0 (secure 0 0 0) 0x7f7f1c011e50 con 0x7f7f28081870
2024-03-28T17:59:27.484 INFO:teuthology.orchestra.run.smithi037.stdout:/usr/bin/ceph: stderr
2024-03-28T17:59:26.359+0000 7f7f22a00700 1 -- 172.21.15.37:0/2174849022 <== mon.0 v2:172.21.15.37:3300/0 3 ==== mon_map magic: 0 v1 ==== 205+0+0 (secure 0 0 0) 0x7f7f1c019420 con 0x7f7f28081870
2024-03-28T17:59:27.484 INFO:teuthology.orchestra.run.smithi037.stdout:/usr/bin/ceph: stderr
2024-03-28T17:59:26.359+0000 7f7f2f200700 1 -- 172.21.15.37:0/2174849022 --> [v2:172.21.15.37:3300/0,v1:172.21.15.37:6789/0] -- mon_subscribe({osdmap=0}) v3 -- 0x7f7f281a5310 con 0x7f7f28081870
2024-03-28T17:59:27.484 INFO:teuthology.orchestra.run.smithi037.stdout:/usr/bin/ceph: stderr
2024-03-28T17:59:26.360+0000 7f7f22a00700 1 -- 172.21.15.37:0/2174849022 <== mon.0 v2:172.21.15.37:3300/0 4 ==== mgrmap(e 3) v1 ==== 45989+0+0 (secure 0 0 0) 0x7f7f1c01a430 con 0x7f7f28081870
2024-03-28T17:59:27.484 INFO:teuthology.orchestra.run.smithi037.stdout:/usr/bin/ceph: stderr
2024-03-28T17:59:26.360+0000 7f7f2f200700 1 -- 172.21.15.37:0/2174849022 --> [v2:172.21.15.37:3300/0,v1:172.21.15.37:6789/0] -- mon_command({"prefix": "get_command_descriptions"} v 0) v1 -- 0x7f7f28112480 con 0x7f7f28081870
2024-03-28T17:59:27.484 INFO:teuthology.orchestra.run.smithi037.stdout:/usr/bin/ceph: stderr
2024-03-28T17:59:26.361+0000 7f7f22a00700 1 --2- 172.21.15.37:0/2174849022 >> [v2:172.21.15.37:6800/1052839239,v1:172.21.15.37:6801/1052839239] conn(0x7f7f10038dc0 0x7f7f1003b280 unknown :-1 s=NONE pgs=0 cs=0 l=1 rev1=0 crypto rx=0 tx=0 comp rx=0 tx=0).connect
2024-03-28T17:59:27.484 INFO:teuthology.orchestra.run.smithi037.stdout:/usr/bin/ceph: stderr
2024-03-28T17:59:26.361+0000 7f7f22a00700 1 -- 172.21.15.37:0/2174849022 <== mon.0 v2:172.21.15.37:3300/0 5 ==== osd_map(1..1 src has 1..1) v4 ==== 725+0+0 (secure 0 0 0) 0x7f7f1c04ce40 con 0x7f7f28081870
2024-03-28T17:59:27.484 INFO:teuthology.orchestra.run.smithi037.stdout:/usr/bin/ceph: stderr
2024-03-28T17:59:26.361+0000 7f7f2d400700 1 --2- 172.21.15.37:0/2174849022 >> [v2:172.21.15.37:6800/1052839239,v1:172.21.15.37:6801/1052839239] conn(0x7f7f10038dc0 0x7f7f1003b280 unknown :-1 s=BANNER_CONNECTING pgs=0 cs=0 l=1 rev1=0 crypto rx=0 tx=0 comp rx=0 tx=0)._handle_peer_banner_payload supported=3 required=0
2024-03-28T17:59:27.484 INFO:teuthology.orchestra.run.smithi037.stdout:/usr/bin/ceph: stderr
2024-03-28T17:59:26.362+0000 7f7f2d400700 1 --2- 172.21.15.37:0/2174849022 >> [v2:172.21.15.37:6800/1052839239,v1:172.21.15.37:6801/1052839239] conn(0x7f7f10038dc0 0x7f7f1003b280 secure :-1 s=READY pgs=6 cs=0 l=1 rev1=1 crypto rx=0x7f7f18006fd0 tx=0x7f7f18006e40 comp rx=0 tx=0).ready entity=mgr.14100 client_cookie=0 server_cookie=0 in_seq=0 out_seq=0
2024-03-28T17:59:27.485 INFO:teuthology.orchestra.run.smithi037.stdout:/usr/bin/ceph: stderr
2024-03-28T17:59:26.367+0000 7f7f22a00700 1 -- 172.21.15.37:0/2174849022 <== mon.0 v2:172.21.15.37:3300/0 6 ==== mon_command_ack([{"prefix": "get_command_descriptions"}]=0 v0) v1 ==== 72+0+186149 (secure 0 0 0) 0x7f7f1c050030 con 0x7f7f28081870
2024-03-28T17:59:27.485 INFO:teuthology.orchestra.run.smithi037.stdout:/usr/bin/ceph: stderr
2024-03-28T17:59:26.544+0000 7f7f22a00700 1 -- 172.21.15.37:0/2174849022 <== mon.0 v2:172.21.15.37:3300/0 7 ==== mgrmap(e 4) v1 ==== 46095+0+0 (secure 0 0 0) 0x7f7f1c0196f0 con 0x7f7f28081870
2024-03-28T17:59:27.485 INFO:teuthology.orchestra.run.smithi037.stdout:/usr/bin/ceph: stderr
2024-03-28T17:59:26.681+0000 7f7f2f200700 1 -- 172.21.15.37:0/2174849022 --> [v2:172.21.15.37:3300/0,v1:172.21.15.37:6789/0] -- mon_command({"prefix": "status", "format": "json-pretty"} v 0) v1 -- 0x7f7f281a58c0 con 0x7f7f28081870
2024-03-28T17:59:27.485 INFO:teuthology.orchestra.run.smithi037.stdout:/usr/bin/ceph: stderr
2024-03-28T17:59:26.682+0000 7f7f22a00700 1 -- 172.21.15.37:0/2174849022 <== mon.0 v2:172.21.15.37:3300/0 8 ==== mon_command_ack([{"prefix": "status", "format": "json-pretty"}]=0 v0) v1 ==== 79+0+1239 (secure 0 0 0) 0x7f7f1c022340 con 0x7f7f28081870
2024-03-28T17:59:27.485 INFO:teuthology.orchestra.run.smithi037.stdout:/usr/bin/ceph: stderr
2024-03-28T17:59:26.685+0000 7f7f2f200700 1 -- 172.21.15.37:0/2174849022 >> [v2:172.21.15.37:6800/1052839239,v1:172.21.15.37:6801/1052839239] conn(0x7f7f10038dc0 msgr2=0x7f7f1003b280 secure :-1 s=STATE_CONNECTION_ESTABLISHED l=1).mark_down
2024-03-28T17:59:27.485 INFO:teuthology.orchestra.run.smithi037.stdout:/usr/bin/ceph: stderr
2024-03-28T17:59:26.685+0000 7f7f2f200700 1 --2- 172.21.15.37:0/2174849022 >> [v2:172.21.15.37:6800/1052839239,v1:172.21.15.37:6801/1052839239] conn(0x7f7f10038dc0 0x7f7f1003b280 secure :-1 s=READY pgs=6 cs=0 l=1 rev1=1 crypto rx=0x7f7f18006fd0 tx=0x7f7f18006e40 comp rx=0 tx=0).stop
2024-03-28T17:59:27.485 INFO:teuthology.orchestra.run.smithi037.stdout:/usr/bin/ceph: stderr
2024-03-28T17:59:26.685+0000 7f7f2f200700 1 -- 172.21.15.37:0/2174849022 >> [v2:172.21.15.37:3300/0,v1:172.21.15.37:6789/0] conn(0x7f7f28081870 msgr2=0x7f7f281a1e50 secure :-1 s=STATE_CONNECTION_ESTABLISHED l=1).mark_down
2024-03-28T17:59:27.485 INFO:teuthology.orchestra.run.smithi037.stdout:/usr/bin/ceph: stderr
2024-03-28T17:59:26.685+0000 7f7f2f200700 1 --2- 172.21.15.37:0/2174849022 >> [v2:172.21.15.37:3300/0,v1:172.21.15.37:6789/0] conn(0x7f7f28081870 0x7f7f281a1e50 secure :-1 s=READY pgs=19 cs=0 l=1 rev1=1 crypto rx=0x7f7f1c009fb0 tx=0x7f7f1c011bf0 comp rx=0 tx=0).stop
2024-03-28T17:59:27.485 INFO:teuthology.orchestra.run.smithi037.stdout:/usr/bin/ceph: stderr
2024-03-28T17:59:26.685+0000 7f7f2f200700 1 -- 172.21.15.37:0/2174849022 shutdown_connections
2024-03-28T17:59:27.485 INFO:teuthology.orchestra.run.smithi037.stdout:/usr/bin/ceph: stderr
2024-03-28T17:59:26.685+0000 7f7f2f200700 1 --2- 172.21.15.37:0/2174849022 >> [v2:172.21.15.37:6800/1052839239,v1:172.21.15.37:6801/1052839239] conn(0x7f7f10038dc0 0x7f7f1003b280 unknown :-1 s=CLOSED pgs=6 cs=0 l=1 rev1=1 crypto rx=0 tx=0 comp rx=0 tx=0).stop
2024-03-28T17:59:27.485 INFO:teuthology.orchestra.run.smithi037.stdout:/usr/bin/ceph: stderr
2024-03-28T17:59:26.685+0000 7f7f2f200700 1 --2- 172.21.15.37:0/2174849022 >> [v2:172.21.15.37:3300/0,v1:172.21.15.37:6789/0] conn(0x7f7f28081870 0x7f7f281a1e50 unknown :-1 s=CLOSED pgs=19 cs=0 l=1 rev1=1 crypto rx=0 tx=0 comp rx=0 tx=0).stop
2024-03-28T17:59:27.485 INFO:teuthology.orchestra.run.smithi037.stdout:/usr/bin/ceph: stderr
2024-03-28T17:59:26.685+0000 7f7f2f200700 1 -- 172.21.15.37:0/2174849022 >> 172.21.15.37:0/2174849022 conn(0x7f7f2807cee0 msgr2=0x7f7f2807d9d0 unknown :-1 s=STATE_NONE l=0).mark_down
2024-03-28T17:59:27.485 INFO:teuthology.orchestra.run.smithi037.stdout:/usr/bin/ceph: stderr
2024-03-28T17:59:26.686+0000 7f7f2f200700 1 -- 172.21.15.37:0/2174849022 shutdown_connections
2024-03-28T17:59:27.485 INFO:teuthology.orchestra.run.smithi037.stdout:/usr/bin/ceph: stderr
2024-03-28T17:59:26.686+0000 7f7f2f200700 1 -- 172.21.15.37:0/2174849022 wait complete.
2024-03-28T17:59:27.485 INFO:teuthology.orchestra.run.smithi037.stdout:mgr is available
2024-03-28T17:59:27.762 INFO:journalctl@ceph.mon.a.smithi037.stdout:Mar 28 17:59:27 smithi037 ceph-mon[31460]: mgrmap e4: x(active, since 2s)
2024-03-28T17:59:27.762 INFO:journalctl@ceph.mon.a.smithi037.stdout:Mar 28 17:59:27 smithi037 ceph-mon[31460]: from='client.? 172.21.15.37:0/2174849022' entity='client.admin' cmd=[{"prefix": "status", "format": "json-pretty"}]: dispatch
2024-03-28T17:59:28.624 INFO:journalctl@ceph.mon.a.smithi037.stdout:Mar 28 17:59:28 smithi037 ceph-mon[31460]: from='client.? 172.21.15.37:0/1848216291' entity='client.admin' cmd=[{"prefix": "config assimilate-conf"}]: dispatch
2024-03-28T17:59:29.028 INFO:teuthology.orchestra.run.smithi037.stdout:/usr/bin/ceph: stdout
2024-03-28T17:59:29.036 INFO:teuthology.orchestra.run.smithi037.stdout:/usr/bin/ceph: stdout [global]
2024-03-28T17:59:29.036 INFO:teuthology.orchestra.run.smithi037.stdout:/usr/bin/ceph: stdout fsid = b5ad257c-ed2c-11ee-95d0-87774f69a715
2024-03-28T17:59:29.036 INFO:teuthology.orchestra.run.smithi037.stdout:/usr/bin/ceph: stdout mon_osd_allow_pg_remap = true
2024-03-28T17:59:29.036 INFO:teuthology.orchestra.run.smithi037.stdout:/usr/bin/ceph: stdout mon_osd_allow_primary_affinity = true
2024-03-28T17:59:29.036 INFO:teuthology.orchestra.run.smithi037.stdout:/usr/bin/ceph: stdout mon_warn_on_no_sortbitwise = false
2024-03-28T17:59:29.036 INFO:teuthology.orchestra.run.smithi037.stdout:/usr/bin/ceph: stdout osd_crush_chooseleaf_type = 0
2024-03-28T17:59:29.036 INFO:teuthology.orchestra.run.smithi037.stdout:/usr/bin/ceph: stdout
2024-03-28T17:59:29.036 INFO:teuthology.orchestra.run.smithi037.stdout:/usr/bin/ceph: stdout [mgr]
2024-03-28T17:59:29.036 INFO:teuthology.orchestra.run.smithi037.stdout:/usr/bin/ceph: stdout mgr/telemetry/nag = false
2024-03-28T17:59:29.036 INFO:teuthology.orchestra.run.smithi037.stdout:/usr/bin/ceph: stdout
2024-03-28T17:59:29.036 INFO:teuthology.orchestra.run.smithi037.stdout:/usr/bin/ceph: stdout [osd]
2024-03-28T17:59:29.037 INFO:teuthology.orchestra.run.smithi037.stdout:/usr/bin/ceph: stdout mon_osd_backfillfull_ratio = 0.85
2024-03-28T17:59:29.037 INFO:teuthology.orchestra.run.smithi037.stdout:/usr/bin/ceph: stdout mon_osd_full_ratio = 0.9
2024-03-28T17:59:29.037 INFO:teuthology.orchestra.run.smithi037.stdout:/usr/bin/ceph: stdout mon_osd_nearfull_ratio = 0.8
2024-03-28T17:59:29.037 INFO:teuthology.orchestra.run.smithi037.stdout:/usr/bin/ceph: stdout osd_map_max_advance = 10
2024-03-28T17:59:29.037 INFO:teuthology.orchestra.run.smithi037.stdout:/usr/bin/ceph: stdout osd_sloppy_crc = true
2024-03-28T17:59:29.037 INFO:teuthology.orchestra.run.smithi037.stdout:/usr/bin/ceph: stderr
2024-03-28T17:59:28.064+0000 7f3dfba00700 1 Processor -- start
2024-03-28T17:59:29.037 INFO:teuthology.orchestra.run.smithi037.stdout:/usr/bin/ceph: stderr
2024-03-28T17:59:28.064+0000 7f3dfba00700 1 -- start start
2024-03-28T17:59:29.037 INFO:teuthology.orchestra.run.smithi037.stdout:/usr/bin/ceph: stderr
2024-03-28T17:59:28.065+0000 7f3dfba00700 1 --2- >> [v2:172.21.15.37:3300/0,v1:172.21.15.37:6789/0] conn(0x7f3df4108540 0x7f3df410a930 unknown :-1 s=NONE pgs=0 cs=0 l=0 rev1=0 crypto rx=0 tx=0 comp rx=0 tx=0).connect
2024-03-28T17:59:29.037 INFO:teuthology.orchestra.run.smithi037.stdout:/usr/bin/ceph: stderr
2024-03-28T17:59:28.065+0000 7f3dfba00700 1 -- --> [v2:172.21.15.37:3300/0,v1:172.21.15.37:6789/0] -- mon_getmap magic: 0 v1 -- 0x7f3df407be30 con 0x7f3df4108540
2024-03-28T17:59:29.037 INFO:teuthology.orchestra.run.smithi037.stdout:/usr/bin/ceph: stderr
2024-03-28T17:59:28.065+0000 7f3df9000700 1 --2- >> [v2:172.21.15.37:3300/0,v1:172.21.15.37:6789/0] conn(0x7f3df4108540 0x7f3df410a930 unknown :-1 s=BANNER_CONNECTING pgs=0 cs=0 l=0 rev1=0 crypto rx=0 tx=0 comp rx=0 tx=0)._handle_peer_banner_payload supported=3 required=0
2024-03-28T17:59:29.037 INFO:teuthology.orchestra.run.smithi037.stdout:/usr/bin/ceph: stderr
2024-03-28T17:59:28.065+0000 7f3df9000700 1 --2- >> [v2:172.21.15.37:3300/0,v1:172.21.15.37:6789/0] conn(0x7f3df4108540 0x7f3df410a930 unknown :-1 s=HELLO_CONNECTING pgs=0 cs=0 l=0 rev1=1 crypto rx=0 tx=0 comp rx=0 tx=0).handle_hello peer v2:172.21.15.37:3300/0 says I am v2:172.21.15.37:50336/0 (socket says 172.21.15.37:50336)
2024-03-28T17:59:29.037 INFO:teuthology.orchestra.run.smithi037.stdout:/usr/bin/ceph: stderr
2024-03-28T17:59:28.065+0000 7f3df9000700 1 -- 172.21.15.37:0/1758184490 learned_addr learned my addr 172.21.15.37:0/1758184490 (peer_addr_for_me v2:172.21.15.37:0/0)
2024-03-28T17:59:29.037 INFO:teuthology.orchestra.run.smithi037.stdout:/usr/bin/ceph: stderr
2024-03-28T17:59:28.066+0000 7f3df9000700 1 -- 172.21.15.37:0/1758184490 --> [v2:172.21.15.37:3300/0,v1:172.21.15.37:6789/0] -- mon_subscribe({config=0+,monmap=0+}) v3 -- 0x7f3df410ae70 con 0x7f3df4108540
2024-03-28T17:59:29.037 INFO:teuthology.orchestra.run.smithi037.stdout:/usr/bin/ceph: stderr
2024-03-28T17:59:28.066+0000 7f3df9000700 1 --2- 172.21.15.37:0/1758184490 >> [v2:172.21.15.37:3300/0,v1:172.21.15.37:6789/0] conn(0x7f3df4108540 0x7f3df410a930 secure :-1 s=READY pgs=20 cs=0 l=1 rev1=1 crypto rx=0x7f3de80098a0 tx=0x7f3de8009bb0 comp rx=0 tx=0).ready entity=mon.0 client_cookie=a02cc4d835ae1fed server_cookie=0 in_seq=0 out_seq=0
2024-03-28T17:59:29.037 INFO:teuthology.orchestra.run.smithi037.stdout:/usr/bin/ceph: stderr
2024-03-28T17:59:28.066+0000 7f3df3400700 1 -- 172.21.15.37:0/1758184490 <== mon.0 v2:172.21.15.37:3300/0 1 ==== mon_map magic: 0 v1 ==== 205+0+0 (secure 0 0 0) 0x7f3de8004160 con 0x7f3df4108540
2024-03-28T17:59:29.038 INFO:teuthology.orchestra.run.smithi037.stdout:/usr/bin/ceph: stderr
2024-03-28T17:59:28.066+0000 7f3df3400700 1 -- 172.21.15.37:0/1758184490 <== mon.0 v2:172.21.15.37:3300/0 2 ==== config(27 keys) v1 ==== 1109+0+0 (secure 0 0 0) 0x7f3de8004300 con 0x7f3df4108540
2024-03-28T17:59:29.038 INFO:teuthology.orchestra.run.smithi037.stdout:/usr/bin/ceph: stderr
2024-03-28T17:59:28.066+0000 7f3df3400700 1 -- 172.21.15.37:0/1758184490 <== mon.0 v2:172.21.15.37:3300/0 3 ==== mon_map magic: 0 v1 ==== 205+0+0 (secure 0 0 0) 0x7f3de8011b50 con 0x7f3df4108540
2024-03-28T17:59:29.038 INFO:teuthology.orchestra.run.smithi037.stdout:/usr/bin/ceph: stderr
2024-03-28T17:59:28.067+0000 7f3dfba00700 1 -- 172.21.15.37:0/1758184490 >> [v2:172.21.15.37:3300/0,v1:172.21.15.37:6789/0] conn(0x7f3df4108540 msgr2=0x7f3df410a930 secure :-1 s=STATE_CONNECTION_ESTABLISHED l=1).mark_down
2024-03-28T17:59:29.038 INFO:teuthology.orchestra.run.smithi037.stdout:/usr/bin/ceph: stderr
2024-03-28T17:59:28.067+0000 7f3dfba00700 1 --2- 172.21.15.37:0/1758184490 >> [v2:172.21.15.37:3300/0,v1:172.21.15.37:6789/0] conn(0x7f3df4108540 0x7f3df410a930 secure :-1 s=READY pgs=20 cs=0 l=1 rev1=1 crypto rx=0x7f3de80098a0 tx=0x7f3de8009bb0 comp rx=0 tx=0).stop
2024-03-28T17:59:29.038 INFO:teuthology.orchestra.run.smithi037.stdout:/usr/bin/ceph: stderr
2024-03-28T17:59:28.067+0000 7f3dfba00700 1 -- 172.21.15.37:0/1758184490 shutdown_connections
2024-03-28T17:59:29.038 INFO:teuthology.orchestra.run.smithi037.stdout:/usr/bin/ceph: stderr
2024-03-28T17:59:28.067+0000 7f3dfba00700 1 --2- 172.21.15.37:0/1758184490 >> [v2:172.21.15.37:3300/0,v1:172.21.15.37:6789/0] conn(0x7f3df4108540 0x7f3df410a930 unknown :-1 s=CLOSED pgs=20 cs=0 l=1 rev1=1 crypto rx=0 tx=0 comp rx=0 tx=0).stop
2024-03-28T17:59:29.038 INFO:teuthology.orchestra.run.smithi037.stdout:/usr/bin/ceph: stderr
2024-03-28T17:59:28.067+0000 7f3dfba00700 1 -- 172.21.15.37:0/1758184490 >> 172.21.15.37:0/1758184490 conn(0x7f3df4101f10 msgr2=0x7f3df4104350 unknown :-1 s=STATE_NONE l=0).mark_down
2024-03-28T17:59:29.038 INFO:teuthology.orchestra.run.smithi037.stdout:/usr/bin/ceph: stderr
2024-03-28T17:59:28.068+0000 7f3dfba00700 1 -- 172.21.15.37:0/1758184490 shutdown_connections
2024-03-28T17:59:29.038 INFO:teuthology.orchestra.run.smithi037.stdout:/usr/bin/ceph: stderr
2024-03-28T17:59:28.068+0000 7f3dfba00700 1 -- 172.21.15.37:0/1758184490 wait complete.
2024-03-28T17:59:29.038 INFO:teuthology.orchestra.run.smithi037.stdout:/usr/bin/ceph: stderr
2024-03-28T17:59:28.069+0000 7f3dfba00700 1 Processor -- start
2024-03-28T17:59:29.038 INFO:teuthology.orchestra.run.smithi037.stdout:/usr/bin/ceph: stderr
2024-03-28T17:59:28.069+0000 7f3dfba00700 1 -- start start
2024-03-28T17:59:29.038 INFO:teuthology.orchestra.run.smithi037.stdout:/usr/bin/ceph: stderr
2024-03-28T17:59:28.069+0000 7f3dfba00700 1 --2- >> [v2:172.21.15.37:3300/0,v1:172.21.15.37:6789/0] conn(0x7f3df4108540 0x7f3df4107dc0 unknown :-1 s=NONE pgs=0 cs=0 l=1 rev1=0 crypto rx=0 tx=0 comp rx=0 tx=0).connect
2024-03-28T17:59:29.038 INFO:teuthology.orchestra.run.smithi037.stdout:/usr/bin/ceph: stderr
2024-03-28T17:59:28.069+0000 7f3dfba00700 1 -- --> [v2:172.21.15.37:3300/0,v1:172.21.15.37:6789/0] -- mon_getmap magic: 0 v1 -- 0x7f3df410be40 con 0x7f3df4108540
2024-03-28T17:59:29.039 INFO:teuthology.orchestra.run.smithi037.stdout:/usr/bin/ceph: stderr
2024-03-28T17:59:28.069+0000 7f3df9000700 1 --2- >> [v2:172.21.15.37:3300/0,v1:172.21.15.37:6789/0] conn(0x7f3df4108540 0x7f3df4107dc0 unknown :-1 s=BANNER_CONNECTING pgs=0 cs=0 l=1 rev1=0 crypto rx=0 tx=0 comp rx=0 tx=0)._handle_peer_banner_payload supported=3 required=0
2024-03-28T17:59:29.039 INFO:teuthology.orchestra.run.smithi037.stdout:/usr/bin/ceph: stderr
2024-03-28T17:59:28.070+0000 7f3df9000700 1 --2- >> [v2:172.21.15.37:3300/0,v1:172.21.15.37:6789/0] conn(0x7f3df4108540 0x7f3df4107dc0 unknown :-1 s=HELLO_CONNECTING pgs=0 cs=0 l=1 rev1=1 crypto rx=0 tx=0 comp rx=0 tx=0).handle_hello peer v2:172.21.15.37:3300/0 says I am v2:172.21.15.37:50348/0 (socket says 172.21.15.37:50348)
2024-03-28T17:59:29.039 INFO:teuthology.orchestra.run.smithi037.stdout:/usr/bin/ceph: stderr
2024-03-28T17:59:28.070+0000 7f3df9000700 1 -- 172.21.15.37:0/1848216291 learned_addr learned my addr 172.21.15.37:0/1848216291 (peer_addr_for_me v2:172.21.15.37:0/0)
2024-03-28T17:59:29.039 INFO:teuthology.orchestra.run.smithi037.stdout:/usr/bin/ceph: stderr
2024-03-28T17:59:28.070+0000 7f3df9000700 1 -- 172.21.15.37:0/1848216291 --> [v2:172.21.15.37:3300/0,v1:172.21.15.37:6789/0] -- mon_subscribe({config=0+,monmap=0+}) v3 -- 0x7f3df4108300 con 0x7f3df4108540
2024-03-28T17:59:29.039 INFO:teuthology.orchestra.run.smithi037.stdout:/usr/bin/ceph: stderr
2024-03-28T17:59:28.070+0000 7f3df9000700 1 --2- 172.21.15.37:0/1848216291 >> [v2:172.21.15.37:3300/0,v1:172.21.15.37:6789/0] conn(0x7f3df4108540 0x7f3df4107dc0 secure :-1 s=READY pgs=21 cs=0 l=1 rev1=1 crypto rx=0x7f3de8011b60 tx=0x7f3de8011c40 comp rx=0 tx=0).ready entity=mon.0 client_cookie=0 server_cookie=0 in_seq=0 out_seq=0
2024-03-28T17:59:29.039 INFO:teuthology.orchestra.run.smithi037.stdout:/usr/bin/ceph: stderr
2024-03-28T17:59:28.070+0000 7f3df1600700 1 -- 172.21.15.37:0/1848216291 <== mon.0 v2:172.21.15.37:3300/0 1 ==== mon_map magic: 0 v1 ==== 205+0+0 (secure 0 0 0) 0x7f3de8003b20 con 0x7f3df4108540
2024-03-28T17:59:29.039 INFO:teuthology.orchestra.run.smithi037.stdout:/usr/bin/ceph: stderr
2024-03-28T17:59:28.071+0000 7f3df1600700 1 -- 172.21.15.37:0/1848216291 <== mon.0 v2:172.21.15.37:3300/0 2 ==== config(27 keys) v1 ==== 1109+0+0 (secure 0 0 0) 0x7f3de8003cc0 con 0x7f3df4108540
2024-03-28T17:59:29.039 INFO:teuthology.orchestra.run.smithi037.stdout:/usr/bin/ceph: stderr
2024-03-28T17:59:28.071+0000 7f3dfba00700 1 -- 172.21.15.37:0/1848216291 --> [v2:172.21.15.37:3300/0,v1:172.21.15.37:6789/0] -- mon_subscribe({mgrmap=0+}) v3 -- 0x7f3df41064f0 con 0x7f3df4108540
2024-03-28T17:59:29.039 INFO:teuthology.orchestra.run.smithi037.stdout:/usr/bin/ceph: stderr
2024-03-28T17:59:28.071+0000 7f3df1600700 1 -- 172.21.15.37:0/1848216291 <== mon.0 v2:172.21.15.37:3300/0 3 ==== mon_map magic: 0 v1 ==== 205+0+0 (secure 0 0 0) 0x7f3de8024840 con 0x7f3df4108540
2024-03-28T17:59:29.039 INFO:teuthology.orchestra.run.smithi037.stdout:/usr/bin/ceph: stderr
2024-03-28T17:59:28.071+0000 7f3dfba00700 1 -- 172.21.15.37:0/1848216291 --> [v2:172.21.15.37:3300/0,v1:172.21.15.37:6789/0] -- mon_subscribe({osdmap=0}) v3 -- 0x7f3df4106a30 con 0x7f3df4108540
2024-03-28T17:59:29.039 INFO:teuthology.orchestra.run.smithi037.stdout:/usr/bin/ceph: stderr
2024-03-28T17:59:28.072+0000 7f3dfba00700 1 -- 172.21.15.37:0/1848216291 --> [v2:172.21.15.37:3300/0,v1:172.21.15.37:6789/0] -- mon_command({"prefix": "get_command_descriptions"} v 0) v1 -- 0x7f3df40637c0 con 0x7f3df4108540
2024-03-28T17:59:29.039 INFO:teuthology.orchestra.run.smithi037.stdout:/usr/bin/ceph: stderr
2024-03-28T17:59:28.072+0000 7f3df1600700 1 -- 172.21.15.37:0/1848216291 <== mon.0 v2:172.21.15.37:3300/0 4 ==== mgrmap(e 4) v1 ==== 46095+0+0 (secure 0 0 0) 0x7f3de8022020 con 0x7f3df4108540
2024-03-28T17:59:29.039 INFO:teuthology.orchestra.run.smithi037.stdout:/usr/bin/ceph: stderr
2024-03-28T17:59:28.072+0000 7f3df1600700 1 --2- 172.21.15.37:0/1848216291 >> [v2:172.21.15.37:6800/1052839239,v1:172.21.15.37:6801/1052839239] conn(0x7f3ddc038f70 0x7f3ddc03b430 unknown :-1 s=NONE pgs=0 cs=0 l=1 rev1=0 crypto rx=0 tx=0 comp rx=0 tx=0).connect
2024-03-28T17:59:29.040 INFO:teuthology.orchestra.run.smithi037.stdout:/usr/bin/ceph: stderr
2024-03-28T17:59:28.072+0000 7f3df1600700 1 -- 172.21.15.37:0/1848216291 <== mon.0 v2:172.21.15.37:3300/0 5 ==== osd_map(1..1 src has 1..1) v4 ==== 725+0+0 (secure 0 0 0) 0x7f3de8011e00 con 0x7f3df4108540
2024-03-28T17:59:29.040 INFO:teuthology.orchestra.run.smithi037.stdout:/usr/bin/ceph: stderr
2024-03-28T17:59:28.073+0000 7f3df3e00700 1 --2- 172.21.15.37:0/1848216291 >> [v2:172.21.15.37:6800/1052839239,v1:172.21.15.37:6801/1052839239] conn(0x7f3ddc038f70 0x7f3ddc03b430 unknown :-1 s=BANNER_CONNECTING pgs=0 cs=0 l=1 rev1=0 crypto rx=0 tx=0 comp rx=0 tx=0)._handle_peer_banner_payload supported=3 required=0
2024-03-28T17:59:29.040 INFO:teuthology.orchestra.run.smithi037.stdout:/usr/bin/ceph: stderr
2024-03-28T17:59:28.073+0000 7f3df3e00700 1 --2- 172.21.15.37:0/1848216291 >> [v2:172.21.15.37:6800/1052839239,v1:172.21.15.37:6801/1052839239] conn(0x7f3ddc038f70 0x7f3ddc03b430 secure :-1 s=READY pgs=7 cs=0 l=1 rev1=1 crypto rx=0x7f3de0006fd0 tx=0x7f3de0006e40 comp rx=0 tx=0).ready entity=mgr.14100 client_cookie=0 server_cookie=0 in_seq=0 out_seq=0
2024-03-28T17:59:29.040 INFO:teuthology.orchestra.run.smithi037.stdout:/usr/bin/ceph: stderr
2024-03-28T17:59:28.078+0000 7f3df1600700 1 -- 172.21.15.37:0/1848216291 <== mon.0 v2:172.21.15.37:3300/0 6 ==== mon_command_ack([{"prefix": "get_command_descriptions"}]=0 v0) v1 ==== 72+0+186149 (secure 0 0 0) 0x7f3de800b3e0 con 0x7f3df4108540
2024-03-28T17:59:29.040 INFO:teuthology.orchestra.run.smithi037.stdout:/usr/bin/ceph: stderr
2024-03-28T17:59:28.305+0000 7f3dfba00700 1 -- 172.21.15.37:0/1848216291 --> [v2:172.21.15.37:3300/0,v1:172.21.15.37:6789/0] -- mon_command({"prefix": "config assimilate-conf"} v 0) v1 -- 0x7f3df4106cb0 con 0x7f3df4108540
2024-03-28T17:59:29.040 INFO:teuthology.orchestra.run.smithi037.stdout:/usr/bin/ceph: stderr
2024-03-28T17:59:28.307+0000 7f3df1600700 1 -- 172.21.15.37:0/1848216291 <== mon.0 v2:172.21.15.37:3300/0 7 ==== mon_command_ack([{"prefix": "config assimilate-conf"}]=0 v3) v1 ==== 70+0+373 (secure 0 0 0) 0x7f3de800b5c0 con 0x7f3df4108540
2024-03-28T17:59:29.040 INFO:teuthology.orchestra.run.smithi037.stdout:/usr/bin/ceph: stderr
2024-03-28T17:59:28.310+0000 7f3dfba00700 1 -- 172.21.15.37:0/1848216291 >> [v2:172.21.15.37:6800/1052839239,v1:172.21.15.37:6801/1052839239] conn(0x7f3ddc038f70 msgr2=0x7f3ddc03b430 secure :-1 s=STATE_CONNECTION_ESTABLISHED l=1).mark_down
2024-03-28T17:59:29.040 INFO:teuthology.orchestra.run.smithi037.stdout:/usr/bin/ceph: stderr
2024-03-28T17:59:28.310+0000 7f3dfba00700 1 --2- 172.21.15.37:0/1848216291 >> [v2:172.21.15.37:6800/1052839239,v1:172.21.15.37:6801/1052839239] conn(0x7f3ddc038f70 0x7f3ddc03b430 secure :-1 s=READY pgs=7 cs=0 l=1 rev1=1 crypto rx=0x7f3de0006fd0 tx=0x7f3de0006e40 comp rx=0 tx=0).stop
2024-03-28T17:59:29.040 INFO:teuthology.orchestra.run.smithi037.stdout:/usr/bin/ceph: stderr
2024-03-28T17:59:28.310+0000 7f3dfba00700 1 -- 172.21.15.37:0/1848216291 >> [v2:172.21.15.37:3300/0,v1:172.21.15.37:6789/0] conn(0x7f3df4108540 msgr2=0x7f3df4107dc0 secure :-1 s=STATE_CONNECTION_ESTABLISHED l=1).mark_down
2024-03-28T17:59:29.040 INFO:teuthology.orchestra.run.smithi037.stdout:/usr/bin/ceph: stderr
2024-03-28T17:59:28.310+0000 7f3dfba00700 1 --2- 172.21.15.37:0/1848216291 >> [v2:172.21.15.37:3300/0,v1:172.21.15.37:6789/0] conn(0x7f3df4108540 0x7f3df4107dc0 secure :-1 s=READY pgs=21 cs=0 l=1 rev1=1 crypto rx=0x7f3de8011b60 tx=0x7f3de8011c40 comp rx=0 tx=0).stop
2024-03-28T17:59:29.040 INFO:teuthology.orchestra.run.smithi037.stdout:/usr/bin/ceph: stderr
2024-03-28T17:59:28.310+0000 7f3dfba00700 1 -- 172.21.15.37:0/1848216291 shutdown_connections
2024-03-28T17:59:29.040 INFO:teuthology.orchestra.run.smithi037.stdout:/usr/bin/ceph: stderr
2024-03-28T17:59:28.310+0000 7f3dfba00700 1 --2- 172.21.15.37:0/1848216291 >> [v2:172.21.15.37:6800/1052839239,v1:172.21.15.37:6801/1052839239] conn(0x7f3ddc038f70 0x7f3ddc03b430 unknown :-1 s=CLOSED pgs=7 cs=0 l=1 rev1=1 crypto rx=0 tx=0 comp rx=0 tx=0).stop
2024-03-28T17:59:29.040 INFO:teuthology.orchestra.run.smithi037.stdout:/usr/bin/ceph: stderr
2024-03-28T17:59:28.310+0000 7f3dfba00700 1 --2- 172.21.15.37:0/1848216291 >> [v2:172.21.15.37:3300/0,v1:172.21.15.37:6789/0] conn(0x7f3df4108540 0x7f3df4107dc0 unknown :-1 s=CLOSED pgs=21 cs=0 l=1 rev1=1 crypto rx=0 tx=0 comp rx=0 tx=0).stop
2024-03-28T17:59:29.040 INFO:teuthology.orchestra.run.smithi037.stdout:/usr/bin/ceph: stderr
2024-03-28T17:59:28.310+0000 7f3dfba00700 1 -- 172.21.15.37:0/1848216291 >> 172.21.15.37:0/1848216291 conn(0x7f3df4101f10 msgr2=0x7f3df41029d0 unknown :-1 s=STATE_NONE l=0).mark_down
2024-03-28T17:59:29.040 INFO:teuthology.orchestra.run.smithi037.stdout:/usr/bin/ceph: stderr
2024-03-28T17:59:28.310+0000 7f3dfba00700 1 -- 172.21.15.37:0/1848216291 shutdown_connections
2024-03-28T17:59:29.041 INFO:teuthology.orchestra.run.smithi037.stdout:/usr/bin/ceph: stderr
2024-03-28T17:59:28.310+0000 7f3dfba00700 1 -- 172.21.15.37:0/1848216291 wait complete.
2024-03-28T17:59:29.041 INFO:teuthology.orchestra.run.smithi037.stdout:Enabling cephadm module...
2024-03-28T17:59:30.299 INFO:journalctl@ceph.mon.a.smithi037.stdout:Mar 28 17:59:30 smithi037 ceph-mon[31460]: from='client.? 172.21.15.37:0/1158018660' entity='client.admin' cmd=[{"prefix": "mgr module enable", "module": "cephadm"}]: dispatch
2024-03-28T17:59:30.299 INFO:journalctl@ceph.mgr.x.smithi037.stdout:Mar 28 17:59:30 smithi037 ceph-b5ad257c-ed2c-11ee-95d0-87774f69a715-mgr-x[31690]: ignoring --setuser ceph since I am not root
2024-03-28T17:59:30.300 INFO:journalctl@ceph.mgr.x.smithi037.stdout:Mar 28 17:59:30 smithi037 ceph-b5ad257c-ed2c-11ee-95d0-87774f69a715-mgr-x[31690]: ignoring --setgroup ceph since I am not root
2024-03-28T17:59:30.624 INFO:teuthology.orchestra.run.smithi037.stdout:/usr/bin/ceph: stderr
2024-03-28T17:59:29.653+0000 7f1d9b400700 1 Processor -- start
2024-03-28T17:59:30.625 INFO:teuthology.orchestra.run.smithi037.stdout:/usr/bin/ceph: stderr
2024-03-28T17:59:29.654+0000 7f1d9b400700 1 -- start start
2024-03-28T17:59:30.625 INFO:teuthology.orchestra.run.smithi037.stdout:/usr/bin/ceph: stderr
2024-03-28T17:59:29.654+0000 7f1d9b400700 1 --2- >> [v2:172.21.15.37:3300/0,v1:172.21.15.37:6789/0] conn(0x7f1d94106110 0x7f1d94106530 unknown :-1 s=NONE pgs=0 cs=0 l=0 rev1=0 crypto rx=0 tx=0 comp rx=0 tx=0).connect
2024-03-28T17:59:30.625 INFO:teuthology.orchestra.run.smithi037.stdout:/usr/bin/ceph: stderr
2024-03-28T17:59:29.654+0000 7f1d9b400700 1 -- --> [v2:172.21.15.37:3300/0,v1:172.21.15.37:6789/0] -- mon_getmap magic: 0 v1 -- 0x7f1d94106b00 con 0x7f1d94106110
2024-03-28T17:59:30.625 INFO:teuthology.orchestra.run.smithi037.stdout:/usr/bin/ceph: stderr
2024-03-28T17:59:29.654+0000 7f1d98a00700 1 --2- >> [v2:172.21.15.37:3300/0,v1:172.21.15.37:6789/0] conn(0x7f1d94106110 0x7f1d94106530 unknown :-1 s=BANNER_CONNECTING pgs=0 cs=0 l=0 rev1=0 crypto rx=0 tx=0 comp rx=0 tx=0)._handle_peer_banner_payload supported=3 required=0
2024-03-28T17:59:30.625 INFO:teuthology.orchestra.run.smithi037.stdout:/usr/bin/ceph: stderr
2024-03-28T17:59:29.655+0000 7f1d98a00700 1 --2- >> [v2:172.21.15.37:3300/0,v1:172.21.15.37:6789/0] conn(0x7f1d94106110 0x7f1d94106530 unknown :-1 s=HELLO_CONNECTING pgs=0 cs=0 l=0 rev1=1 crypto rx=0 tx=0 comp rx=0 tx=0).handle_hello peer v2:172.21.15.37:3300/0 says I am v2:172.21.15.37:50350/0 (socket says 172.21.15.37:50350)
2024-03-28T17:59:30.625 INFO:teuthology.orchestra.run.smithi037.stdout:/usr/bin/ceph: stderr
2024-03-28T17:59:29.655+0000 7f1d98a00700 1 -- 172.21.15.37:0/3774588038 learned_addr learned my addr 172.21.15.37:0/3774588038 (peer_addr_for_me v2:172.21.15.37:0/0)
2024-03-28T17:59:30.625 INFO:teuthology.orchestra.run.smithi037.stdout:/usr/bin/ceph: stderr
2024-03-28T17:59:29.655+0000 7f1d98a00700 1 -- 172.21.15.37:0/3774588038 --> [v2:172.21.15.37:3300/0,v1:172.21.15.37:6789/0] -- mon_subscribe({config=0+,monmap=0+}) v3 -- 0x7f1d94107310 con 0x7f1d94106110
2024-03-28T17:59:30.625 INFO:teuthology.orchestra.run.smithi037.stdout:/usr/bin/ceph: stderr
2024-03-28T17:59:29.656+0000 7f1d98a00700 1 --2- 172.21.15.37:0/3774588038 >> [v2:172.21.15.37:3300/0,v1:172.21.15.37:6789/0] conn(0x7f1d94106110 0x7f1d94106530 secure :-1 s=READY pgs=22 cs=0 l=1 rev1=1 crypto rx=0x7f1d8800bb40 tx=0x7f1d8800be50 comp rx=0 tx=0).ready entity=mon.0 client_cookie=7004e30be19a809e server_cookie=0 in_seq=0 out_seq=0
2024-03-28T17:59:30.625 INFO:teuthology.orchestra.run.smithi037.stdout:/usr/bin/ceph: stderr
2024-03-28T17:59:29.656+0000 7f1d93400700 1 -- 172.21.15.37:0/3774588038 <== mon.0 v2:172.21.15.37:3300/0 1 ==== mon_map magic: 0 v1 ==== 205+0+0 (secure 0 0 0) 0x7f1d8800dad0 con 0x7f1d94106110
2024-03-28T17:59:30.625 INFO:teuthology.orchestra.run.smithi037.stdout:/usr/bin/ceph: stderr
2024-03-28T17:59:29.656+0000 7f1d93400700 1 -- 172.21.15.37:0/3774588038 <== mon.0 v2:172.21.15.37:3300/0 2 ==== config(27 keys) v1 ==== 1109+0+0 (secure 0 0 0) 0x7f1d880044f0 con 0x7f1d94106110
2024-03-28T17:59:30.625 INFO:teuthology.orchestra.run.smithi037.stdout:/usr/bin/ceph: stderr
2024-03-28T17:59:29.656+0000 7f1d93400700 1 -- 172.21.15.37:0/3774588038 <== mon.0 v2:172.21.15.37:3300/0 3 ==== mon_map magic: 0 v1 ==== 205+0+0 (secure 0 0 0) 0x7f1d88017410 con 0x7f1d94106110
2024-03-28T17:59:30.625 INFO:teuthology.orchestra.run.smithi037.stdout:/usr/bin/ceph: stderr
2024-03-28T17:59:29.657+0000 7f1d9b400700 1 -- 172.21.15.37:0/3774588038 >> [v2:172.21.15.37:3300/0,v1:172.21.15.37:6789/0] conn(0x7f1d94106110 msgr2=0x7f1d94106530 secure :-1 s=STATE_CONNECTION_ESTABLISHED l=1).mark_down
2024-03-28T17:59:30.626 INFO:teuthology.orchestra.run.smithi037.stdout:/usr/bin/ceph: stderr
2024-03-28T17:59:29.657+0000 7f1d9b400700 1 --2- 172.21.15.37:0/3774588038 >> [v2:172.21.15.37:3300/0,v1:172.21.15.37:6789/0] conn(0x7f1d94106110 0x7f1d94106530 secure :-1 s=READY pgs=22 cs=0 l=1 rev1=1 crypto rx=0x7f1d8800bb40 tx=0x7f1d8800be50 comp rx=0 tx=0).stop
2024-03-28T17:59:30.626 INFO:teuthology.orchestra.run.smithi037.stdout:/usr/bin/ceph: stderr
2024-03-28T17:59:29.657+0000 7f1d9b400700 1 -- 172.21.15.37:0/3774588038 shutdown_connections
2024-03-28T17:59:30.626 INFO:teuthology.orchestra.run.smithi037.stdout:/usr/bin/ceph: stderr
2024-03-28T17:59:29.657+0000 7f1d9b400700 1 --2- 172.21.15.37:0/3774588038 >> [v2:172.21.15.37:3300/0,v1:172.21.15.37:6789/0] conn(0x7f1d94106110 0x7f1d94106530 unknown :-1 s=CLOSED pgs=22 cs=0 l=1 rev1=1 crypto rx=0 tx=0 comp rx=0 tx=0).stop
2024-03-28T17:59:30.626 INFO:teuthology.orchestra.run.smithi037.stdout:/usr/bin/ceph: stderr
2024-03-28T17:59:29.657+0000 7f1d9b400700 1 -- 172.21.15.37:0/3774588038 >> 172.21.15.37:0/3774588038 conn(0x7f1d941016f0 msgr2=0x7f1d94103b10 unknown :-1 s=STATE_NONE l=0).mark_down
2024-03-28T17:59:30.626 INFO:teuthology.orchestra.run.smithi037.stdout:/usr/bin/ceph: stderr
2024-03-28T17:59:29.657+0000 7f1d9b400700 1 -- 172.21.15.37:0/3774588038 shutdown_connections
2024-03-28T17:59:30.626 INFO:teuthology.orchestra.run.smithi037.stdout:/usr/bin/ceph: stderr
2024-03-28T17:59:29.657+0000 7f1d9b400700 1 -- 172.21.15.37:0/3774588038 wait complete.
2024-03-28T17:59:30.626 INFO:teuthology.orchestra.run.smithi037.stdout:/usr/bin/ceph: stderr
2024-03-28T17:59:29.658+0000 7f1d9b400700 1 Processor -- start
2024-03-28T17:59:30.626 INFO:teuthology.orchestra.run.smithi037.stdout:/usr/bin/ceph: stderr
2024-03-28T17:59:29.658+0000 7f1d9b400700 1 -- start start
2024-03-28T17:59:30.626 INFO:teuthology.orchestra.run.smithi037.stdout:/usr/bin/ceph: stderr
2024-03-28T17:59:29.659+0000 7f1d9b400700 1 --2- >> [v2:172.21.15.37:3300/0,v1:172.21.15.37:6789/0] conn(0x7f1d94106110 0x7f1d9419dc40 unknown :-1 s=NONE pgs=0 cs=0 l=1 rev1=0 crypto rx=0 tx=0 comp rx=0 tx=0).connect
2024-03-28T17:59:30.626 INFO:teuthology.orchestra.run.smithi037.stdout:/usr/bin/ceph: stderr
2024-03-28T17:59:29.659+0000 7f1d9b400700 1 -- --> [v2:172.21.15.37:3300/0,v1:172.21.15.37:6789/0] -- mon_getmap magic: 0 v1 -- 0x7f1d94107a90 con 0x7f1d94106110
2024-03-28T17:59:30.626 INFO:teuthology.orchestra.run.smithi037.stdout:/usr/bin/ceph: stderr
2024-03-28T17:59:29.659+0000 7f1d98a00700 1 --2- >> [v2:172.21.15.37:3300/0,v1:172.21.15.37:6789/0] conn(0x7f1d94106110 0x7f1d9419dc40 unknown :-1 s=BANNER_CONNECTING pgs=0 cs=0 l=1 rev1=0 crypto rx=0 tx=0 comp rx=0 tx=0)._handle_peer_banner_payload supported=3 required=0
2024-03-28T17:59:30.626 INFO:teuthology.orchestra.run.smithi037.stdout:/usr/bin/ceph: stderr
2024-03-28T17:59:29.659+0000 7f1d98a00700 1 --2- >> [v2:172.21.15.37:3300/0,v1:172.21.15.37:6789/0] conn(0x7f1d94106110 0x7f1d9419dc40 unknown :-1 s=HELLO_CONNECTING pgs=0 cs=0 l=1 rev1=1 crypto rx=0 tx=0 comp rx=0 tx=0).handle_hello peer v2:172.21.15.37:3300/0 says I am v2:172.21.15.37:50360/0 (socket says 172.21.15.37:50360)
2024-03-28T17:59:30.626 INFO:teuthology.orchestra.run.smithi037.stdout:/usr/bin/ceph: stderr
2024-03-28T17:59:29.659+0000 7f1d98a00700 1 -- 172.21.15.37:0/1158018660 learned_addr learned my addr 172.21.15.37:0/1158018660 (peer_addr_for_me v2:172.21.15.37:0/0)
2024-03-28T17:59:30.626 INFO:teuthology.orchestra.run.smithi037.stdout:/usr/bin/ceph: stderr
2024-03-28T17:59:29.660+0000 7f1d98a00700 1 -- 172.21.15.37:0/1158018660 --> [v2:172.21.15.37:3300/0,v1:172.21.15.37:6789/0] -- mon_subscribe({config=0+,monmap=0+}) v3 -- 0x7f1d9419e180 con 0x7f1d94106110
2024-03-28T17:59:30.627 INFO:teuthology.orchestra.run.smithi037.stdout:/usr/bin/ceph: stderr
2024-03-28T17:59:29.660+0000 7f1d98a00700 1 --2- 172.21.15.37:0/1158018660 >> [v2:172.21.15.37:3300/0,v1:172.21.15.37:6789/0] conn(0x7f1d94106110 0x7f1d9419dc40 secure :-1 s=READY pgs=23 cs=0 l=1 rev1=1 crypto rx=0x7f1d880046e0 tx=0x7f1d8800deb0 comp rx=0 tx=0).ready entity=mon.0 client_cookie=0 server_cookie=0 in_seq=0 out_seq=0
2024-03-28T17:59:30.627 INFO:teuthology.orchestra.run.smithi037.stdout:/usr/bin/ceph: stderr
2024-03-28T17:59:29.660+0000 7f1d91600700 1 -- 172.21.15.37:0/1158018660 <== mon.0 v2:172.21.15.37:3300/0 1 ==== mon_map magic: 0 v1 ==== 205+0+0 (secure 0 0 0) 0x7f1d88004150 con 0x7f1d94106110
2024-03-28T17:59:30.627 INFO:teuthology.orchestra.run.smithi037.stdout:/usr/bin/ceph: stderr
2024-03-28T17:59:29.660+0000 7f1d91600700 1 -- 172.21.15.37:0/1158018660 <== mon.0 v2:172.21.15.37:3300/0 2 ==== config(27 keys) v1 ==== 1109+0+0 (secure 0 0 0) 0x7f1d880042f0 con 0x7f1d94106110
2024-03-28T17:59:30.627 INFO:teuthology.orchestra.run.smithi037.stdout:/usr/bin/ceph: stderr
2024-03-28T17:59:29.660+0000 7f1d91600700 1 -- 172.21.15.37:0/1158018660 <== mon.0 v2:172.21.15.37:3300/0 3 ==== mon_map magic: 0 v1 ==== 205+0+0 (secure 0 0 0) 0x7f1d8801fbc0 con 0x7f1d94106110
2024-03-28T17:59:30.627 INFO:teuthology.orchestra.run.smithi037.stdout:/usr/bin/ceph: stderr
2024-03-28T17:59:29.660+0000 7f1d9b400700 1 -- 172.21.15.37:0/1158018660 --> [v2:172.21.15.37:3300/0,v1:172.21.15.37:6789/0] -- mon_subscribe({mgrmap=0+}) v3 -- 0x7f1d9419e410 con 0x7f1d94106110
2024-03-28T17:59:30.627 INFO:teuthology.orchestra.run.smithi037.stdout:/usr/bin/ceph: stderr
2024-03-28T17:59:29.660+0000 7f1d9b400700 1 -- 172.21.15.37:0/1158018660 --> [v2:172.21.15.37:3300/0,v1:172.21.15.37:6789/0] -- mon_subscribe({osdmap=0}) v3 -- 0x7f1d941a1100 con 0x7f1d94106110
2024-03-28T17:59:30.627 INFO:teuthology.orchestra.run.smithi037.stdout:/usr/bin/ceph: stderr
2024-03-28T17:59:29.661+0000 7f1d9b400700 1 -- 172.21.15.37:0/1158018660 --> [v2:172.21.15.37:3300/0,v1:172.21.15.37:6789/0] -- mon_command({"prefix": "get_command_descriptions"} v 0) v1 -- 0x7f1d940637c0 con 0x7f1d94106110
2024-03-28T17:59:30.627 INFO:teuthology.orchestra.run.smithi037.stdout:/usr/bin/ceph: stderr
2024-03-28T17:59:29.662+0000 7f1d91600700 1 -- 172.21.15.37:0/1158018660 <== mon.0 v2:172.21.15.37:3300/0 4 ==== mgrmap(e 4) v1 ==== 46095+0+0 (secure 0 0 0) 0x7f1d88026030 con 0x7f1d94106110
2024-03-28T17:59:30.627 INFO:teuthology.orchestra.run.smithi037.stdout:/usr/bin/ceph: stderr
2024-03-28T17:59:29.662+0000 7f1d91600700 1 --2- 172.21.15.37:0/1158018660 >> [v2:172.21.15.37:6800/1052839239,v1:172.21.15.37:6801/1052839239] conn(0x7f1d7c038f20 0x7f1d7c03b3e0 unknown :-1 s=NONE pgs=0 cs=0 l=1 rev1=0 crypto rx=0 tx=0 comp rx=0 tx=0).connect
2024-03-28T17:59:30.627 INFO:teuthology.orchestra.run.smithi037.stdout:/usr/bin/ceph: stderr
2024-03-28T17:59:29.662+0000 7f1d91600700 1 -- 172.21.15.37:0/1158018660 <== mon.0 v2:172.21.15.37:3300/0 5 ==== osd_map(1..1 src has 1..1) v4 ==== 725+0+0 (secure 0 0 0) 0x7f1d88024070 con 0x7f1d94106110
2024-03-28T17:59:30.627 INFO:teuthology.orchestra.run.smithi037.stdout:/usr/bin/ceph: stderr
2024-03-28T17:59:29.663+0000 7f1d93e00700 1 --2- 172.21.15.37:0/1158018660 >> [v2:172.21.15.37:6800/1052839239,v1:172.21.15.37:6801/1052839239] conn(0x7f1d7c038f20 0x7f1d7c03b3e0 unknown :-1 s=BANNER_CONNECTING pgs=0 cs=0 l=1 rev1=0 crypto rx=0 tx=0 comp rx=0 tx=0)._handle_peer_banner_payload supported=3 required=0
2024-03-28T17:59:30.627 INFO:teuthology.orchestra.run.smithi037.stdout:/usr/bin/ceph: stderr
2024-03-28T17:59:29.663+0000 7f1d93e00700 1 --2- 172.21.15.37:0/1158018660 >> [v2:172.21.15.37:6800/1052839239,v1:172.21.15.37:6801/1052839239] conn(0x7f1d7c038f20 0x7f1d7c03b3e0 secure :-1 s=READY pgs=8 cs=0 l=1 rev1=1 crypto rx=0x7f1d80006fd0 tx=0x7f1d80006e40 comp rx=0 tx=0).ready entity=mgr.14100 client_cookie=0 server_cookie=0 in_seq=0 out_seq=0
2024-03-28T17:59:30.627 INFO:teuthology.orchestra.run.smithi037.stdout:/usr/bin/ceph: stderr
2024-03-28T17:59:29.667+0000 7f1d91600700 1 -- 172.21.15.37:0/1158018660 <== mon.0 v2:172.21.15.37:3300/0 6 ==== mon_command_ack([{"prefix": "get_command_descriptions"}]=0 v0) v1 ==== 72+0+186149 (secure 0 0 0) 0x7f1d8802d060 con 0x7f1d94106110
2024-03-28T17:59:30.627 INFO:teuthology.orchestra.run.smithi037.stdout:/usr/bin/ceph: stderr
2024-03-28T17:59:29.960+0000 7f1d9b400700 1 -- 172.21.15.37:0/1158018660 --> [v2:172.21.15.37:3300/0,v1:172.21.15.37:6789/0] -- mon_command({"prefix": "mgr module enable", "module": "cephadm"} v 0) v1 -- 0x7f1d9402ddd0 con 0x7f1d94106110
2024-03-28T17:59:30.627 INFO:teuthology.orchestra.run.smithi037.stdout:/usr/bin/ceph: stderr
2024-03-28T17:59:30.014+0000 7f1d91600700 1 -- 172.21.15.37:0/1158018660 <== mon.0 v2:172.21.15.37:3300/0 7 ==== mon_command_ack([{"prefix": "mgr module enable", "module": "cephadm"}]=0 v5) v1 ==== 86+0+0 (secure 0 0 0) 0x7f1d88012070 con 0x7f1d94106110
2024-03-28T17:59:30.628 INFO:teuthology.orchestra.run.smithi037.stdout:/usr/bin/ceph: stderr
2024-03-28T17:59:30.017+0000 7f1d91600700 1 -- 172.21.15.37:0/1158018660 <== mon.0 v2:172.21.15.37:3300/0 8 ==== mgrmap(e 5) v1 ==== 46106+0+0 (secure 0 0 0) 0x7f1d88017940 con 0x7f1d94106110
2024-03-28T17:59:30.628 INFO:teuthology.orchestra.run.smithi037.stdout:/usr/bin/ceph: stderr
2024-03-28T17:59:30.018+0000 7f1d9b400700 1 -- 172.21.15.37:0/1158018660 >> [v2:172.21.15.37:6800/1052839239,v1:172.21.15.37:6801/1052839239] conn(0x7f1d7c038f20 msgr2=0x7f1d7c03b3e0 secure :-1 s=STATE_CONNECTION_ESTABLISHED l=1).mark_down
2024-03-28T17:59:30.628 INFO:teuthology.orchestra.run.smithi037.stdout:/usr/bin/ceph: stderr
2024-03-28T17:59:30.018+0000 7f1d9b400700 1 --2- 172.21.15.37:0/1158018660 >> [v2:172.21.15.37:6800/1052839239,v1:172.21.15.37:6801/1052839239] conn(0x7f1d7c038f20 0x7f1d7c03b3e0 secure :-1 s=READY pgs=8 cs=0 l=1 rev1=1 crypto rx=0x7f1d80006fd0 tx=0x7f1d80006e40 comp rx=0 tx=0).stop
2024-03-28T17:59:30.628 INFO:teuthology.orchestra.run.smithi037.stdout:/usr/bin/ceph: stderr
