2024-03-28T18:00:07.614+0000 7f5b61e00700 1 -- 172.21.15.37:0/2038567221 --> [v2:172.21.15.37:3300/0,v1:172.21.15.37:6789/0] -- mon_subscribe({config=0+,monmap=0+}) v3 -- 0x7f5b64108c80 con 0x7f5b64107a80
2024-03-28T18:00:15.531 INFO:teuthology.orchestra.run.smithi037.stdout:/usr/bin/ceph: stderr
2024-03-28T18:00:07.614+0000 7f5b61e00700 1 --2- 172.21.15.37:0/2038567221 >> [v2:172.21.15.37:3300/0,v1:172.21.15.37:6789/0] conn(0x7f5b64107a80 0x7f5b64107ea0 secure :-1 s=READY pgs=61 cs=0 l=1 rev1=1 crypto rx=0x7f5b540098a0 tx=0x7f5b54009bb0 comp rx=0 tx=0).ready entity=mon.0 client_cookie=9c31deea2b7edb0c server_cookie=0 in_seq=0 out_seq=0
2024-03-28T18:00:15.531 INFO:teuthology.orchestra.run.smithi037.stdout:/usr/bin/ceph: stderr
2024-03-28T18:00:07.615+0000 7f5b60a00700 1 -- 172.21.15.37:0/2038567221 <== mon.0 v2:172.21.15.37:3300/0 1 ==== mon_map magic: 0 v1 ==== 205+0+0 (secure 0 0 0) 0x7f5b54004160 con 0x7f5b64107a80
2024-03-28T18:00:15.531 INFO:teuthology.orchestra.run.smithi037.stdout:/usr/bin/ceph: stderr
2024-03-28T18:00:07.615+0000 7f5b60a00700 1 -- 172.21.15.37:0/2038567221 <== mon.0 v2:172.21.15.37:3300/0 2 ==== config(27 keys) v1 ==== 1140+0+0 (secure 0 0 0) 0x7f5b54004300 con 0x7f5b64107a80
2024-03-28T18:00:15.531 INFO:teuthology.orchestra.run.smithi037.stdout:/usr/bin/ceph: stderr
2024-03-28T18:00:07.615+0000 7f5b60a00700 1 -- 172.21.15.37:0/2038567221 <== mon.0 v2:172.21.15.37:3300/0 3 ==== mon_map magic: 0 v1 ==== 205+0+0 (secure 0 0 0) 0x7f5b54011b20 con 0x7f5b64107a80
2024-03-28T18:00:15.531 INFO:teuthology.orchestra.run.smithi037.stdout:/usr/bin/ceph: stderr
2024-03-28T18:00:07.616+0000 7f5b69200700 1 -- 172.21.15.37:0/2038567221 >> [v2:172.21.15.37:3300/0,v1:172.21.15.37:6789/0] conn(0x7f5b64107a80 msgr2=0x7f5b64107ea0 secure :-1 s=STATE_CONNECTION_ESTABLISHED l=1).mark_down
2024-03-28T18:00:15.531 INFO:teuthology.orchestra.run.smithi037.stdout:/usr/bin/ceph: stderr
2024-03-28T18:00:07.616+0000 7f5b69200700 1 --2- 172.21.15.37:0/2038567221 >> [v2:172.21.15.37:3300/0,v1:172.21.15.37:6789/0] conn(0x7f5b64107a80 0x7f5b64107ea0 secure :-1 s=READY pgs=61 cs=0 l=1 rev1=1 crypto rx=0x7f5b540098a0 tx=0x7f5b54009bb0 comp rx=0 tx=0).stop
2024-03-28T18:00:15.532 INFO:teuthology.orchestra.run.smithi037.stdout:/usr/bin/ceph: stderr
2024-03-28T18:00:07.616+0000 7f5b69200700 1 -- 172.21.15.37:0/2038567221 shutdown_connections
2024-03-28T18:00:15.532 INFO:teuthology.orchestra.run.smithi037.stdout:/usr/bin/ceph: stderr
2024-03-28T18:00:07.616+0000 7f5b69200700 1 --2- 172.21.15.37:0/2038567221 >> [v2:172.21.15.37:3300/0,v1:172.21.15.37:6789/0] conn(0x7f5b64107a80 0x7f5b64107ea0 unknown :-1 s=CLOSED pgs=61 cs=0 l=1 rev1=1 crypto rx=0 tx=0 comp rx=0 tx=0).stop
2024-03-28T18:00:15.532 INFO:teuthology.orchestra.run.smithi037.stdout:/usr/bin/ceph: stderr
2024-03-28T18:00:07.616+0000 7f5b69200700 1 -- 172.21.15.37:0/2038567221 >> 172.21.15.37:0/2038567221 conn(0x7f5b64103020 msgr2=0x7f5b64105460 unknown :-1 s=STATE_NONE l=0).mark_down
2024-03-28T18:00:15.532 INFO:teuthology.orchestra.run.smithi037.stdout:/usr/bin/ceph: stderr
2024-03-28T18:00:07.616+0000 7f5b69200700 1 -- 172.21.15.37:0/2038567221 shutdown_connections
2024-03-28T18:00:15.532 INFO:teuthology.orchestra.run.smithi037.stdout:/usr/bin/ceph: stderr
2024-03-28T18:00:07.616+0000 7f5b69200700 1 -- 172.21.15.37:0/2038567221 wait complete.
2024-03-28T18:00:15.532 INFO:teuthology.orchestra.run.smithi037.stdout:/usr/bin/ceph: stderr
2024-03-28T18:00:07.617+0000 7f5b69200700 1 Processor -- start
2024-03-28T18:00:15.532 INFO:teuthology.orchestra.run.smithi037.stdout:/usr/bin/ceph: stderr
2024-03-28T18:00:07.618+0000 7f5b69200700 1 -- start start
2024-03-28T18:00:15.532 INFO:teuthology.orchestra.run.smithi037.stdout:/usr/bin/ceph: stderr
2024-03-28T18:00:07.618+0000 7f5b69200700 1 --2- >> [v2:172.21.15.37:3300/0,v1:172.21.15.37:6789/0] conn(0x7f5b64107a80 0x7f5b6419b980 unknown :-1 s=NONE pgs=0 cs=0 l=1 rev1=0 crypto rx=0 tx=0 comp rx=0 tx=0).connect
2024-03-28T18:00:15.532 INFO:teuthology.orchestra.run.smithi037.stdout:/usr/bin/ceph: stderr
2024-03-28T18:00:07.618+0000 7f5b69200700 1 -- --> [v2:172.21.15.37:3300/0,v1:172.21.15.37:6789/0] -- mon_getmap magic: 0 v1 -- 0x7f5b6410c030 con 0x7f5b64107a80
2024-03-28T18:00:15.532 INFO:teuthology.orchestra.run.smithi037.stdout:/usr/bin/ceph: stderr
2024-03-28T18:00:07.618+0000 7f5b61e00700 1 --2- >> [v2:172.21.15.37:3300/0,v1:172.21.15.37:6789/0] conn(0x7f5b64107a80 0x7f5b6419b980 unknown :-1 s=BANNER_CONNECTING pgs=0 cs=0 l=1 rev1=0 crypto rx=0 tx=0 comp rx=0 tx=0)._handle_peer_banner_payload supported=3 required=0
2024-03-28T18:00:15.532 INFO:teuthology.orchestra.run.smithi037.stdout:/usr/bin/ceph: stderr
2024-03-28T18:00:07.618+0000 7f5b61e00700 1 --2- >> [v2:172.21.15.37:3300/0,v1:172.21.15.37:6789/0] conn(0x7f5b64107a80 0x7f5b6419b980 unknown :-1 s=HELLO_CONNECTING pgs=0 cs=0 l=1 rev1=1 crypto rx=0 tx=0 comp rx=0 tx=0).handle_hello peer v2:172.21.15.37:3300/0 says I am v2:172.21.15.37:42900/0 (socket says 172.21.15.37:42900)
2024-03-28T18:00:15.533 INFO:teuthology.orchestra.run.smithi037.stdout:/usr/bin/ceph: stderr
2024-03-28T18:00:07.618+0000 7f5b61e00700 1 -- 172.21.15.37:0/1134472585 learned_addr learned my addr 172.21.15.37:0/1134472585 (peer_addr_for_me v2:172.21.15.37:0/0)
2024-03-28T18:00:15.533 INFO:teuthology.orchestra.run.smithi037.stdout:/usr/bin/ceph: stderr
2024-03-28T18:00:07.619+0000 7f5b61e00700 1 -- 172.21.15.37:0/1134472585 --> [v2:172.21.15.37:3300/0,v1:172.21.15.37:6789/0] -- mon_subscribe({config=0+,monmap=0+}) v3 -- 0x7f5b6419bec0 con 0x7f5b64107a80
2024-03-28T18:00:15.533 INFO:teuthology.orchestra.run.smithi037.stdout:/usr/bin/ceph: stderr
2024-03-28T18:00:07.619+0000 7f5b61e00700 1 --2- 172.21.15.37:0/1134472585 >> [v2:172.21.15.37:3300/0,v1:172.21.15.37:6789/0] conn(0x7f5b64107a80 0x7f5b6419b980 secure :-1 s=READY pgs=62 cs=0 l=1 rev1=1 crypto rx=0x7f5b540117e0 tx=0x7f5b54011ba0 comp rx=0 tx=0).ready entity=mon.0 client_cookie=0 server_cookie=0 in_seq=0 out_seq=0
2024-03-28T18:00:15.533 INFO:teuthology.orchestra.run.smithi037.stdout:/usr/bin/ceph: stderr
2024-03-28T18:00:07.620+0000 7f5b5aa00700 1 -- 172.21.15.37:0/1134472585 <== mon.0 v2:172.21.15.37:3300/0 1 ==== mon_map magic: 0 v1 ==== 205+0+0 (secure 0 0 0) 0x7f5b54003bf0 con 0x7f5b64107a80
2024-03-28T18:00:15.533 INFO:teuthology.orchestra.run.smithi037.stdout:/usr/bin/ceph: stderr
2024-03-28T18:00:07.620+0000 7f5b5aa00700 1 -- 172.21.15.37:0/1134472585 <== mon.0 v2:172.21.15.37:3300/0 2 ==== config(27 keys) v1 ==== 1140+0+0 (secure 0 0 0) 0x7f5b5401a910 con 0x7f5b64107a80
2024-03-28T18:00:15.533 INFO:teuthology.orchestra.run.smithi037.stdout:/usr/bin/ceph: stderr
2024-03-28T18:00:07.620+0000 7f5b69200700 1 -- 172.21.15.37:0/1134472585 --> [v2:172.21.15.37:3300/0,v1:172.21.15.37:6789/0] -- mon_subscribe({mgrmap=0+}) v3 -- 0x7f5b6419c150 con 0x7f5b64107a80
2024-03-28T18:00:15.533 INFO:teuthology.orchestra.run.smithi037.stdout:/usr/bin/ceph: stderr
2024-03-28T18:00:07.620+0000 7f5b5aa00700 1 -- 172.21.15.37:0/1134472585 <== mon.0 v2:172.21.15.37:3300/0 3 ==== mon_map magic: 0 v1 ==== 205+0+0 (secure 0 0 0) 0x7f5b54024970 con 0x7f5b64107a80
2024-03-28T18:00:15.533 INFO:teuthology.orchestra.run.smithi037.stdout:/usr/bin/ceph: stderr
2024-03-28T18:00:07.620+0000 7f5b69200700 1 -- 172.21.15.37:0/1134472585 --> [v2:172.21.15.37:3300/0,v1:172.21.15.37:6789/0] -- mon_subscribe({osdmap=0}) v3 -- 0x7f5b6419c5b0 con 0x7f5b64107a80
2024-03-28T18:00:15.533 INFO:teuthology.orchestra.run.smithi037.stdout:/usr/bin/ceph: stderr
2024-03-28T18:00:07.621+0000 7f5b5aa00700 1 -- 172.21.15.37:0/1134472585 <== mon.0 v2:172.21.15.37:3300/0 4 ==== mgrmap(e 9) v1 ==== 46119+0+0 (secure 0 0 0) 0x7f5b54022020 con 0x7f5b64107a80
2024-03-28T18:00:15.533 INFO:teuthology.orchestra.run.smithi037.stdout:/usr/bin/ceph: stderr
2024-03-28T18:00:07.622+0000 7f5b5aa00700 1 --2- 172.21.15.37:0/1134472585 >> [v2:172.21.15.37:6800/3459498509,v1:172.21.15.37:6801/3459498509] conn(0x7f5b48038fd0 0x7f5b4803b490 unknown :-1 s=NONE pgs=0 cs=0 l=1 rev1=0 crypto rx=0 tx=0 comp rx=0 tx=0).connect
2024-03-28T18:00:15.533 INFO:teuthology.orchestra.run.smithi037.stdout:/usr/bin/ceph: stderr
2024-03-28T18:00:07.622+0000 7f5b5aa00700 1 -- 172.21.15.37:0/1134472585 --> [v2:172.21.15.37:6800/3459498509,v1:172.21.15.37:6801/3459498509] -- command(tid 0: {"prefix": "get_command_descriptions"}) v1 -- 0x7f5b4803bba0 con 0x7f5b48038fd0
2024-03-28T18:00:15.533 INFO:teuthology.orchestra.run.smithi037.stdout:/usr/bin/ceph: stderr
2024-03-28T18:00:07.622+0000 7f5b5aa00700 1 -- 172.21.15.37:0/1134472585 <== mon.0 v2:172.21.15.37:3300/0 5 ==== osd_map(2..2 src has 1..2) v4 ==== 940+0+0 (secure 0 0 0) 0x7f5b5404d3e0 con 0x7f5b64107a80
2024-03-28T18:00:15.533 INFO:teuthology.orchestra.run.smithi037.stdout:/usr/bin/ceph: stderr
2024-03-28T18:00:07.622+0000 7f5b61400700 1 -- 172.21.15.37:0/1134472585 >> [v2:172.21.15.37:6800/3459498509,v1:172.21.15.37:6801/3459498509] conn(0x7f5b48038fd0 msgr2=0x7f5b4803b490 unknown :-1 s=STATE_CONNECTING_RE l=1).process reconnect failed to v2:172.21.15.37:6800/3459498509
2024-03-28T18:00:15.534 INFO:teuthology.orchestra.run.smithi037.stdout:/usr/bin/ceph: stderr
2024-03-28T18:00:07.622+0000 7f5b61400700 1 --2- 172.21.15.37:0/1134472585 >> [v2:172.21.15.37:6800/3459498509,v1:172.21.15.37:6801/3459498509] conn(0x7f5b48038fd0 0x7f5b4803b490 unknown :-1 s=START_CONNECT pgs=0 cs=0 l=1 rev1=0 crypto rx=0 tx=0 comp rx=0 tx=0)._fault waiting 0.200000
2024-03-28T18:00:15.534 INFO:teuthology.orchestra.run.smithi037.stdout:/usr/bin/ceph: stderr
2024-03-28T18:00:07.823+0000 7f5b61400700 1 -- 172.21.15.37:0/1134472585 >> [v2:172.21.15.37:6800/3459498509,v1:172.21.15.37:6801/3459498509] conn(0x7f5b48038fd0 msgr2=0x7f5b4803b490 unknown :-1 s=STATE_CONNECTING_RE l=1).process reconnect failed to v2:172.21.15.37:6800/3459498509
2024-03-28T18:00:15.534 INFO:teuthology.orchestra.run.smithi037.stdout:/usr/bin/ceph: stderr
2024-03-28T18:00:07.823+0000 7f5b61400700 1 --2- 172.21.15.37:0/1134472585 >> [v2:172.21.15.37:6800/3459498509,v1:172.21.15.37:6801/3459498509] conn(0x7f5b48038fd0 0x7f5b4803b490 unknown :-1 s=START_CONNECT pgs=0 cs=0 l=1 rev1=0 crypto rx=0 tx=0 comp rx=0 tx=0)._fault waiting 0.400000
2024-03-28T18:00:15.534 INFO:teuthology.orchestra.run.smithi037.stdout:/usr/bin/ceph: stderr
2024-03-28T18:00:08.224+0000 7f5b61400700 1 -- 172.21.15.37:0/1134472585 >> [v2:172.21.15.37:6800/3459498509,v1:172.21.15.37:6801/3459498509] conn(0x7f5b48038fd0 msgr2=0x7f5b4803b490 unknown :-1 s=STATE_CONNECTING_RE l=1).process reconnect failed to v2:172.21.15.37:6800/3459498509
2024-03-28T18:00:15.534 INFO:teuthology.orchestra.run.smithi037.stdout:/usr/bin/ceph: stderr
2024-03-28T18:00:08.224+0000 7f5b61400700 1 --2- 172.21.15.37:0/1134472585 >> [v2:172.21.15.37:6800/3459498509,v1:172.21.15.37:6801/3459498509] conn(0x7f5b48038fd0 0x7f5b4803b490 unknown :-1 s=START_CONNECT pgs=0 cs=0 l=1 rev1=0 crypto rx=0 tx=0 comp rx=0 tx=0)._fault waiting 0.800000
2024-03-28T18:00:15.534 INFO:teuthology.orchestra.run.smithi037.stdout:/usr/bin/ceph: stderr
2024-03-28T18:00:09.025+0000 7f5b61400700 1 -- 172.21.15.37:0/1134472585 >> [v2:172.21.15.37:6800/3459498509,v1:172.21.15.37:6801/3459498509] conn(0x7f5b48038fd0 msgr2=0x7f5b4803b490 unknown :-1 s=STATE_CONNECTING_RE l=1).process reconnect failed to v2:172.21.15.37:6800/3459498509
2024-03-28T18:00:15.534 INFO:teuthology.orchestra.run.smithi037.stdout:/usr/bin/ceph: stderr
2024-03-28T18:00:09.025+0000 7f5b61400700 1 --2- 172.21.15.37:0/1134472585 >> [v2:172.21.15.37:6800/3459498509,v1:172.21.15.37:6801/3459498509] conn(0x7f5b48038fd0 0x7f5b4803b490 unknown :-1 s=START_CONNECT pgs=0 cs=0 l=1 rev1=0 crypto rx=0 tx=0 comp rx=0 tx=0)._fault waiting 1.600000
2024-03-28T18:00:15.534 INFO:teuthology.orchestra.run.smithi037.stdout:/usr/bin/ceph: stderr
2024-03-28T18:00:10.627+0000 7f5b61400700 1 -- 172.21.15.37:0/1134472585 >> [v2:172.21.15.37:6800/3459498509,v1:172.21.15.37:6801/3459498509] conn(0x7f5b48038fd0 msgr2=0x7f5b4803b490 unknown :-1 s=STATE_CONNECTING_RE l=1).process reconnect failed to v2:172.21.15.37:6800/3459498509
2024-03-28T18:00:15.534 INFO:teuthology.orchestra.run.smithi037.stdout:/usr/bin/ceph: stderr
2024-03-28T18:00:10.627+0000 7f5b61400700 1 --2- 172.21.15.37:0/1134472585 >> [v2:172.21.15.37:6800/3459498509,v1:172.21.15.37:6801/3459498509] conn(0x7f5b48038fd0 0x7f5b4803b490 unknown :-1 s=START_CONNECT pgs=0 cs=0 l=1 rev1=0 crypto rx=0 tx=0 comp rx=0 tx=0)._fault waiting 3.200000
2024-03-28T18:00:15.534 INFO:teuthology.orchestra.run.smithi037.stdout:/usr/bin/ceph: stderr
2024-03-28T18:00:13.814+0000 7f5b5aa00700 1 -- 172.21.15.37:0/1134472585 <== mon.0 v2:172.21.15.37:3300/0 6 ==== mgrmap(e 10) v1 ==== 45886+0+0 (secure 0 0 0) 0x7f5b5401a430 con 0x7f5b64107a80
2024-03-28T18:00:15.534 INFO:teuthology.orchestra.run.smithi037.stdout:/usr/bin/ceph: stderr
2024-03-28T18:00:13.814+0000 7f5b5aa00700 1 -- 172.21.15.37:0/1134472585 >> [v2:172.21.15.37:6800/3459498509,v1:172.21.15.37:6801/3459498509] conn(0x7f5b48038fd0 msgr2=0x7f5b4803b490 unknown :-1 s=STATE_CONNECTING l=1).mark_down
2024-03-28T18:00:15.534 INFO:teuthology.orchestra.run.smithi037.stdout:/usr/bin/ceph: stderr
2024-03-28T18:00:13.814+0000 7f5b5aa00700 1 --2- 172.21.15.37:0/1134472585 >> [v2:172.21.15.37:6800/3459498509,v1:172.21.15.37:6801/3459498509] conn(0x7f5b48038fd0 0x7f5b4803b490 unknown :-1 s=START_CONNECT pgs=0 cs=0 l=1 rev1=0 crypto rx=0 tx=0 comp rx=0 tx=0).stop
2024-03-28T18:00:15.534 INFO:teuthology.orchestra.run.smithi037.stdout:/usr/bin/ceph: stderr
2024-03-28T18:00:14.815+0000 7f5b5aa00700 1 -- 172.21.15.37:0/1134472585 <== mon.0 v2:172.21.15.37:3300/0 7 ==== mgrmap(e 11) v1 ==== 46013+0+0 (secure 0 0 0) 0x7f5b540188a0 con 0x7f5b64107a80
2024-03-28T18:00:15.535 INFO:teuthology.orchestra.run.smithi037.stdout:/usr/bin/ceph: stderr
2024-03-28T18:00:14.815+0000 7f5b5aa00700 1 --2- 172.21.15.37:0/1134472585 >> [v2:172.21.15.37:6800/521857560,v1:172.21.15.37:6801/521857560] conn(0x7f5b4803ca80 0x7f5b4803ee70 unknown :-1 s=NONE pgs=0 cs=0 l=1 rev1=0 crypto rx=0 tx=0 comp rx=0 tx=0).connect
2024-03-28T18:00:15.535 INFO:teuthology.orchestra.run.smithi037.stdout:/usr/bin/ceph: stderr
2024-03-28T18:00:14.815+0000 7f5b5aa00700 1 -- 172.21.15.37:0/1134472585 --> [v2:172.21.15.37:6800/521857560,v1:172.21.15.37:6801/521857560] -- command(tid 0: {"prefix": "get_command_descriptions"}) v1 -- 0x7f5b54001d30 con 0x7f5b4803ca80
2024-03-28T18:00:15.535 INFO:teuthology.orchestra.run.smithi037.stdout:/usr/bin/ceph: stderr
2024-03-28T18:00:14.816+0000 7f5b61400700 1 --2- 172.21.15.37:0/1134472585 >> [v2:172.21.15.37:6800/521857560,v1:172.21.15.37:6801/521857560] conn(0x7f5b4803ca80 0x7f5b4803ee70 unknown :-1 s=BANNER_CONNECTING pgs=0 cs=0 l=1 rev1=0 crypto rx=0 tx=0 comp rx=0 tx=0)._handle_peer_banner_payload supported=3 required=0
2024-03-28T18:00:15.535 INFO:teuthology.orchestra.run.smithi037.stdout:/usr/bin/ceph: stderr
2024-03-28T18:00:14.818+0000 7f5b61400700 1 --2- 172.21.15.37:0/1134472585 >> [v2:172.21.15.37:6800/521857560,v1:172.21.15.37:6801/521857560] conn(0x7f5b4803ca80 0x7f5b4803ee70 secure :-1 s=READY pgs=3 cs=0 l=1 rev1=1 crypto rx=0x7f5b50003a10 tx=0x7f5b50009270 comp rx=0 tx=0).ready entity=mgr.14152 client_cookie=0 server_cookie=0 in_seq=0 out_seq=0
2024-03-28T18:00:15.535 INFO:teuthology.orchestra.run.smithi037.stdout:/usr/bin/ceph: stderr
2024-03-28T18:00:14.819+0000 7f5b5aa00700 1 -- 172.21.15.37:0/1134472585 <== mgr.14152 v2:172.21.15.37:6800/521857560 1 ==== command_reply(tid 0: 0 ) v1 ==== 8+0+7774 (secure 0 0 0) 0x7f5b54001d30 con 0x7f5b4803ca80
2024-03-28T18:00:15.535 INFO:teuthology.orchestra.run.smithi037.stdout:/usr/bin/ceph: stderr
2024-03-28T18:00:14.826+0000 7f5b69200700 1 -- 172.21.15.37:0/1134472585 --> [v2:172.21.15.37:6800/521857560,v1:172.21.15.37:6801/521857560] -- command(tid 1: {"prefix": "mgr_status"}) v1 -- 0x7f5b640637c0 con 0x7f5b4803ca80
2024-03-28T18:00:15.535 INFO:teuthology.orchestra.run.smithi037.stdout:/usr/bin/ceph: stderr
2024-03-28T18:00:14.826+0000 7f5b5aa00700 1 -- 172.21.15.37:0/1134472585 <== mgr.14152 v2:172.21.15.37:6800/521857560 2 ==== command_reply(tid 1: 0 ) v1 ==== 8+0+52 (secure 0 0 0) 0x7f5b640637c0 con 0x7f5b4803ca80
2024-03-28T18:00:15.535 INFO:teuthology.orchestra.run.smithi037.stdout:/usr/bin/ceph: stderr
2024-03-28T18:00:14.827+0000 7f5b69200700 1 -- 172.21.15.37:0/1134472585 >> [v2:172.21.15.37:6800/521857560,v1:172.21.15.37:6801/521857560] conn(0x7f5b4803ca80 msgr2=0x7f5b4803ee70 secure :-1 s=STATE_CONNECTION_ESTABLISHED l=1).mark_down
2024-03-28T18:00:15.535 INFO:teuthology.orchestra.run.smithi037.stdout:/usr/bin/ceph: stderr
2024-03-28T18:00:14.827+0000 7f5b69200700 1 --2- 172.21.15.37:0/1134472585 >> [v2:172.21.15.37:6800/521857560,v1:172.21.15.37:6801/521857560] conn(0x7f5b4803ca80 0x7f5b4803ee70 secure :-1 s=READY pgs=3 cs=0 l=1 rev1=1 crypto rx=0x7f5b50003a10 tx=0x7f5b50009270 comp rx=0 tx=0).stop
2024-03-28T18:00:15.535 INFO:teuthology.orchestra.run.smithi037.stdout:/usr/bin/ceph: stderr
2024-03-28T18:00:14.827+0000 7f5b69200700 1 -- 172.21.15.37:0/1134472585 >> [v2:172.21.15.37:3300/0,v1:172.21.15.37:6789/0] conn(0x7f5b64107a80 msgr2=0x7f5b6419b980 secure :-1 s=STATE_CONNECTION_ESTABLISHED l=1).mark_down
2024-03-28T18:00:15.535 INFO:teuthology.orchestra.run.smithi037.stdout:/usr/bin/ceph: stderr
2024-03-28T18:00:14.827+0000 7f5b69200700 1 --2- 172.21.15.37:0/1134472585 >> [v2:172.21.15.37:3300/0,v1:172.21.15.37:6789/0] conn(0x7f5b64107a80 0x7f5b6419b980 secure :-1 s=READY pgs=62 cs=0 l=1 rev1=1 crypto rx=0x7f5b540117e0 tx=0x7f5b54011ba0 comp rx=0 tx=0).stop
2024-03-28T18:00:15.536 INFO:teuthology.orchestra.run.smithi037.stdout:/usr/bin/ceph: stderr
2024-03-28T18:00:14.827+0000 7f5b69200700 1 -- 172.21.15.37:0/1134472585 shutdown_connections
2024-03-28T18:00:15.536 INFO:teuthology.orchestra.run.smithi037.stdout:/usr/bin/ceph: stderr
2024-03-28T18:00:14.827+0000 7f5b69200700 1 --2- 172.21.15.37:0/1134472585 >> [v2:172.21.15.37:6800/521857560,v1:172.21.15.37:6801/521857560] conn(0x7f5b4803ca80 0x7f5b4803ee70 unknown :-1 s=CLOSED pgs=3 cs=0 l=1 rev1=1 crypto rx=0 tx=0 comp rx=0 tx=0).stop
2024-03-28T18:00:15.536 INFO:teuthology.orchestra.run.smithi037.stdout:/usr/bin/ceph: stderr
2024-03-28T18:00:14.827+0000 7f5b69200700 1 --2- 172.21.15.37:0/1134472585 >> [v2:172.21.15.37:3300/0,v1:172.21.15.37:6789/0] conn(0x7f5b64107a80 0x7f5b6419b980 unknown :-1 s=CLOSED pgs=62 cs=0 l=1 rev1=1 crypto rx=0 tx=0 comp rx=0 tx=0).stop
2024-03-28T18:00:15.536 INFO:teuthology.orchestra.run.smithi037.stdout:/usr/bin/ceph: stderr
2024-03-28T18:00:14.827+0000 7f5b69200700 1 --2- 172.21.15.37:0/1134472585 >> [v2:172.21.15.37:6800/3459498509,v1:172.21.15.37:6801/3459498509] conn(0x7f5b48038fd0 0x7f5b4803b490 unknown :-1 s=CLOSED pgs=0 cs=0 l=1 rev1=0 crypto rx=0 tx=0 comp rx=0 tx=0).stop
2024-03-28T18:00:15.536 INFO:teuthology.orchestra.run.smithi037.stdout:/usr/bin/ceph: stderr
2024-03-28T18:00:14.827+0000 7f5b69200700 1 -- 172.21.15.37:0/1134472585 >> 172.21.15.37:0/1134472585 conn(0x7f5b64103020 msgr2=0x7f5b64103ac0 unknown :-1 s=STATE_NONE l=0).mark_down
2024-03-28T18:00:15.536 INFO:teuthology.orchestra.run.smithi037.stdout:/usr/bin/ceph: stderr
2024-03-28T18:00:14.828+0000 7f5b69200700 1 -- 172.21.15.37:0/1134472585 shutdown_connections
2024-03-28T18:00:15.536 INFO:teuthology.orchestra.run.smithi037.stdout:/usr/bin/ceph: stderr
2024-03-28T18:00:14.828+0000 7f5b69200700 1 -- 172.21.15.37:0/1134472585 wait complete.
2024-03-28T18:00:15.536 INFO:teuthology.orchestra.run.smithi037.stdout:mgr epoch 9 is available
2024-03-28T18:00:15.536 INFO:teuthology.orchestra.run.smithi037.stdout:Generating a dashboard self-signed certificate...
2024-03-28T18:00:16.125 INFO:journalctl@ceph.mon.a.smithi037.stdout:Mar 28 18:00:15 smithi037 ceph-mon[31460]: [28/Mar/2024:18:00:14] ENGINE Bus STARTING
2024-03-28T18:00:16.125 INFO:journalctl@ceph.mon.a.smithi037.stdout:Mar 28 18:00:15 smithi037 ceph-mon[31460]: [28/Mar/2024:18:00:14] ENGINE Serving on https://172.21.15.37:7150
2024-03-28T18:00:16.125 INFO:journalctl@ceph.mon.a.smithi037.stdout:Mar 28 18:00:15 smithi037 ceph-mon[31460]: [28/Mar/2024:18:00:15] ENGINE Serving on http://172.21.15.37:8765
2024-03-28T18:00:16.125 INFO:journalctl@ceph.mon.a.smithi037.stdout:Mar 28 18:00:15 smithi037 ceph-mon[31460]: [28/Mar/2024:18:00:15] ENGINE Bus STARTED
2024-03-28T18:00:17.260 INFO:journalctl@ceph.mon.a.smithi037.stdout:Mar 28 18:00:16 smithi037 ceph-mon[31460]: mgrmap e12: x(active, since 2s)
2024-03-28T18:00:17.261 INFO:journalctl@ceph.mon.a.smithi037.stdout:Mar 28 18:00:16 smithi037 ceph-mon[31460]: from='client.14164 -' entity='client.admin' cmd=[{"prefix": "dashboard create-self-signed-cert", "target": ["mon-mgr", ""]}]: dispatch
2024-03-28T18:00:17.261 INFO:journalctl@ceph.mon.a.smithi037.stdout:Mar 28 18:00:16 smithi037 ceph-mon[31460]: from='mgr.14152 172.21.15.37:0/1129254547' entity='mgr.x'
2024-03-28T18:00:17.261 INFO:journalctl@ceph.mon.a.smithi037.stdout:Mar 28 18:00:16 smithi037 ceph-mon[31460]: from='mgr.14152 172.21.15.37:0/1129254547' entity='mgr.x'
2024-03-28T18:00:17.617 INFO:teuthology.orchestra.run.smithi037.stdout:/usr/bin/ceph: stdout Self-signed certificate created
2024-03-28T18:00:17.617 INFO:teuthology.orchestra.run.smithi037.stdout:/usr/bin/ceph: stderr
2024-03-28T18:00:16.166+0000 7fe490200700 1 Processor -- start
2024-03-28T18:00:17.617 INFO:teuthology.orchestra.run.smithi037.stdout:/usr/bin/ceph: stderr
2024-03-28T18:00:16.166+0000 7fe490200700 1 -- start start
2024-03-28T18:00:17.617 INFO:teuthology.orchestra.run.smithi037.stdout:/usr/bin/ceph: stderr
2024-03-28T18:00:16.166+0000 7fe490200700 1 --2- >> [v2:172.21.15.37:3300/0,v1:172.21.15.37:6789/0] conn(0x7fe488109c80 0x7fe48810a0a0 unknown :-1 s=NONE pgs=0 cs=0 l=0 rev1=0 crypto rx=0 tx=0 comp rx=0 tx=0).connect
2024-03-28T18:00:17.618 INFO:teuthology.orchestra.run.smithi037.stdout:/usr/bin/ceph: stderr
2024-03-28T18:00:16.166+0000 7fe490200700 1 -- --> [v2:172.21.15.37:3300/0,v1:172.21.15.37:6789/0] -- mon_getmap magic: 0 v1 -- 0x7fe48810a670 con 0x7fe488109c80
2024-03-28T18:00:17.618 INFO:teuthology.orchestra.run.smithi037.stdout:/usr/bin/ceph: stderr
2024-03-28T18:00:16.167+0000 7fe48d800700 1 --2- >> [v2:172.21.15.37:3300/0,v1:172.21.15.37:6789/0] conn(0x7fe488109c80 0x7fe48810a0a0 unknown :-1 s=BANNER_CONNECTING pgs=0 cs=0 l=0 rev1=0 crypto rx=0 tx=0 comp rx=0 tx=0)._handle_peer_banner_payload supported=3 required=0
2024-03-28T18:00:17.618 INFO:teuthology.orchestra.run.smithi037.stdout:/usr/bin/ceph: stderr
2024-03-28T18:00:16.167+0000 7fe48d800700 1 --2- >> [v2:172.21.15.37:3300/0,v1:172.21.15.37:6789/0] conn(0x7fe488109c80 0x7fe48810a0a0 unknown :-1 s=HELLO_CONNECTING pgs=0 cs=0 l=0 rev1=1 crypto rx=0 tx=0 comp rx=0 tx=0).handle_hello peer v2:172.21.15.37:3300/0 says I am v2:172.21.15.37:58606/0 (socket says 172.21.15.37:58606)
2024-03-28T18:00:17.618 INFO:teuthology.orchestra.run.smithi037.stdout:/usr/bin/ceph: stderr
2024-03-28T18:00:16.167+0000 7fe48d800700 1 -- 172.21.15.37:0/1747048538 learned_addr learned my addr 172.21.15.37:0/1747048538 (peer_addr_for_me v2:172.21.15.37:0/0)
2024-03-28T18:00:17.618 INFO:teuthology.orchestra.run.smithi037.stdout:/usr/bin/ceph: stderr
2024-03-28T18:00:16.167+0000 7fe48d800700 1 -- 172.21.15.37:0/1747048538 --> [v2:172.21.15.37:3300/0,v1:172.21.15.37:6789/0] -- mon_subscribe({config=0+,monmap=0+}) v3 -- 0x7fe48810ae80 con 0x7fe488109c80
2024-03-28T18:00:17.623 INFO:teuthology.orchestra.run.smithi037.stdout:/usr/bin/ceph: stderr
2024-03-28T18:00:16.167+0000 7fe48d800700 1 --2- 172.21.15.37:0/1747048538 >> [v2:172.21.15.37:3300/0,v1:172.21.15.37:6789/0] conn(0x7fe488109c80 0x7fe48810a0a0 secure :-1 s=READY pgs=70 cs=0 l=1 rev1=1 crypto rx=0x7fe47c0098a0 tx=0x7fe47c009bb0 comp rx=0 tx=0).ready entity=mon.0 client_cookie=b88f9003d03477a9 server_cookie=0 in_seq=0 out_seq=0
2024-03-28T18:00:17.623 INFO:teuthology.orchestra.run.smithi037.stdout:/usr/bin/ceph: stderr
2024-03-28T18:00:16.168+0000 7fe487e00700 1 -- 172.21.15.37:0/1747048538 <== mon.0 v2:172.21.15.37:3300/0 1 ==== mon_map magic: 0 v1 ==== 205+0+0 (secure 0 0 0) 0x7fe47c004160 con 0x7fe488109c80
2024-03-28T18:00:17.623 INFO:teuthology.orchestra.run.smithi037.stdout:/usr/bin/ceph: stderr
2024-03-28T18:00:16.168+0000 7fe487e00700 1 -- 172.21.15.37:0/1747048538 <== mon.0 v2:172.21.15.37:3300/0 2 ==== config(27 keys) v1 ==== 1140+0+0 (secure 0 0 0) 0x7fe47c004300 con 0x7fe488109c80
2024-03-28T18:00:17.623 INFO:teuthology.orchestra.run.smithi037.stdout:/usr/bin/ceph: stderr
2024-03-28T18:00:16.168+0000 7fe487e00700 1 -- 172.21.15.37:0/1747048538 <== mon.0 v2:172.21.15.37:3300/0 3 ==== mon_map magic: 0 v1 ==== 205+0+0 (secure 0 0 0) 0x7fe47c011b20 con 0x7fe488109c80
2024-03-28T18:00:17.623 INFO:teuthology.orchestra.run.smithi037.stdout:/usr/bin/ceph: stderr
2024-03-28T18:00:16.168+0000 7fe490200700 1 -- 172.21.15.37:0/1747048538 >> [v2:172.21.15.37:3300/0,v1:172.21.15.37:6789/0] conn(0x7fe488109c80 msgr2=0x7fe48810a0a0 secure :-1 s=STATE_CONNECTION_ESTABLISHED l=1).mark_down
2024-03-28T18:00:17.623 INFO:teuthology.orchestra.run.smithi037.stdout:/usr/bin/ceph: stderr
2024-03-28T18:00:16.168+0000 7fe490200700 1 --2- 172.21.15.37:0/1747048538 >> [v2:172.21.15.37:3300/0,v1:172.21.15.37:6789/0] conn(0x7fe488109c80 0x7fe48810a0a0 secure :-1 s=READY pgs=70 cs=0 l=1 rev1=1 crypto rx=0x7fe47c0098a0 tx=0x7fe47c009bb0 comp rx=0 tx=0).stop
2024-03-28T18:00:17.623 INFO:teuthology.orchestra.run.smithi037.stdout:/usr/bin/ceph: stderr
2024-03-28T18:00:16.169+0000 7fe490200700 1 -- 172.21.15.37:0/1747048538 shutdown_connections
2024-03-28T18:00:17.623 INFO:teuthology.orchestra.run.smithi037.stdout:/usr/bin/ceph: stderr
2024-03-28T18:00:16.169+0000 7fe490200700 1 --2- 172.21.15.37:0/1747048538 >> [v2:172.21.15.37:3300/0,v1:172.21.15.37:6789/0] conn(0x7fe488109c80 0x7fe48810a0a0 unknown :-1 s=CLOSED pgs=70 cs=0 l=1 rev1=1 crypto rx=0 tx=0 comp rx=0 tx=0).stop
2024-03-28T18:00:17.623 INFO:teuthology.orchestra.run.smithi037.stdout:/usr/bin/ceph: stderr
2024-03-28T18:00:16.169+0000 7fe490200700 1 -- 172.21.15.37:0/1747048538 >> 172.21.15.37:0/1747048538 conn(0x7fe48807d040 msgr2=0x7fe48807d470 unknown :-1 s=STATE_NONE l=0).mark_down
2024-03-28T18:00:17.623 INFO:teuthology.orchestra.run.smithi037.stdout:/usr/bin/ceph: stderr
2024-03-28T18:00:16.169+0000 7fe490200700 1 -- 172.21.15.37:0/1747048538 shutdown_connections
2024-03-28T18:00:17.624 INFO:teuthology.orchestra.run.smithi037.stdout:/usr/bin/ceph: stderr
2024-03-28T18:00:16.169+0000 7fe490200700 1 -- 172.21.15.37:0/1747048538 wait complete.
2024-03-28T18:00:17.624 INFO:teuthology.orchestra.run.smithi037.stdout:/usr/bin/ceph: stderr
2024-03-28T18:00:16.170+0000 7fe490200700 1 Processor -- start
2024-03-28T18:00:17.624 INFO:teuthology.orchestra.run.smithi037.stdout:/usr/bin/ceph: stderr
2024-03-28T18:00:16.170+0000 7fe490200700 1 -- start start
2024-03-28T18:00:17.624 INFO:teuthology.orchestra.run.smithi037.stdout:/usr/bin/ceph: stderr
2024-03-28T18:00:16.170+0000 7fe490200700 1 --2- >> [v2:172.21.15.37:3300/0,v1:172.21.15.37:6789/0] conn(0x7fe488109c80 0x7fe48819dbb0 unknown :-1 s=NONE pgs=0 cs=0 l=1 rev1=0 crypto rx=0 tx=0 comp rx=0 tx=0).connect
2024-03-28T18:00:17.624 INFO:teuthology.orchestra.run.smithi037.stdout:/usr/bin/ceph: stderr
2024-03-28T18:00:16.170+0000 7fe490200700 1 -- --> [v2:172.21.15.37:3300/0,v1:172.21.15.37:6789/0] -- mon_getmap magic: 0 v1 -- 0x7fe48810e230 con 0x7fe488109c80
2024-03-28T18:00:17.624 INFO:teuthology.orchestra.run.smithi037.stdout:/usr/bin/ceph: stderr
2024-03-28T18:00:16.171+0000 7fe48d800700 1 --2- >> [v2:172.21.15.37:3300/0,v1:172.21.15.37:6789/0] conn(0x7fe488109c80 0x7fe48819dbb0 unknown :-1 s=BANNER_CONNECTING pgs=0 cs=0 l=1 rev1=0 crypto rx=0 tx=0 comp rx=0 tx=0)._handle_peer_banner_payload supported=3 required=0
2024-03-28T18:00:17.624 INFO:teuthology.orchestra.run.smithi037.stdout:/usr/bin/ceph: stderr
2024-03-28T18:00:16.171+0000 7fe48d800700 1 --2- >> [v2:172.21.15.37:3300/0,v1:172.21.15.37:6789/0] conn(0x7fe488109c80 0x7fe48819dbb0 unknown :-1 s=HELLO_CONNECTING pgs=0 cs=0 l=1 rev1=1 crypto rx=0 tx=0 comp rx=0 tx=0).handle_hello peer v2:172.21.15.37:3300/0 says I am v2:172.21.15.37:58622/0 (socket says 172.21.15.37:58622)
2024-03-28T18:00:17.624 INFO:teuthology.orchestra.run.smithi037.stdout:/usr/bin/ceph: stderr
2024-03-28T18:00:16.171+0000 7fe48d800700 1 -- 172.21.15.37:0/2909388361 learned_addr learned my addr 172.21.15.37:0/2909388361 (peer_addr_for_me v2:172.21.15.37:0/0)
2024-03-28T18:00:17.624 INFO:teuthology.orchestra.run.smithi037.stdout:/usr/bin/ceph: stderr
2024-03-28T18:00:16.171+0000 7fe48d800700 1 -- 172.21.15.37:0/2909388361 --> [v2:172.21.15.37:3300/0,v1:172.21.15.37:6789/0] -- mon_subscribe({config=0+,monmap=0+}) v3 -- 0x7fe48819e0f0 con 0x7fe488109c80
2024-03-28T18:00:17.624 INFO:teuthology.orchestra.run.smithi037.stdout:/usr/bin/ceph: stderr
2024-03-28T18:00:16.171+0000 7fe48d800700 1 --2- 172.21.15.37:0/2909388361 >> [v2:172.21.15.37:3300/0,v1:172.21.15.37:6789/0] conn(0x7fe488109c80 0x7fe48819dbb0 secure :-1 s=READY pgs=71 cs=0 l=1 rev1=1 crypto rx=0x7fe47c0117e0 tx=0x7fe47c011c10 comp rx=0 tx=0).ready entity=mon.0 client_cookie=0 server_cookie=0 in_seq=0 out_seq=0
2024-03-28T18:00:17.624 INFO:teuthology.orchestra.run.smithi037.stdout:/usr/bin/ceph: stderr
2024-03-28T18:00:16.172+0000 7fe486000700 1 -- 172.21.15.37:0/2909388361 <== mon.0 v2:172.21.15.37:3300/0 1 ==== mon_map magic: 0 v1 ==== 205+0+0 (secure 0 0 0) 0x7fe47c003bf0 con 0x7fe488109c80
2024-03-28T18:00:17.624 INFO:teuthology.orchestra.run.smithi037.stdout:/usr/bin/ceph: stderr
2024-03-28T18:00:16.172+0000 7fe486000700 1 -- 172.21.15.37:0/2909388361 <== mon.0 v2:172.21.15.37:3300/0 2 ==== config(27 keys) v1 ==== 1140+0+0 (secure 0 0 0) 0x7fe47c01a910 con 0x7fe488109c80
2024-03-28T18:00:17.624 INFO:teuthology.orchestra.run.smithi037.stdout:/usr/bin/ceph: stderr
2024-03-28T18:00:16.172+0000 7fe490200700 1 -- 172.21.15.37:0/2909388361 --> [v2:172.21.15.37:3300/0,v1:172.21.15.37:6789/0] -- mon_subscribe({mgrmap=0+}) v3 -- 0x7fe48819e380 con 0x7fe488109c80
2024-03-28T18:00:17.625 INFO:teuthology.orchestra.run.smithi037.stdout:/usr/bin/ceph: stderr
2024-03-28T18:00:16.172+0000 7fe486000700 1 -- 172.21.15.37:0/2909388361 <== mon.0 v2:172.21.15.37:3300/0 3 ==== mon_map magic: 0 v1 ==== 205+0+0 (secure 0 0 0) 0x7fe47c0249a0 con 0x7fe488109c80
2024-03-28T18:00:17.625 INFO:teuthology.orchestra.run.smithi037.stdout:/usr/bin/ceph: stderr
2024-03-28T18:00:16.172+0000 7fe490200700 1 -- 172.21.15.37:0/2909388361 --> [v2:172.21.15.37:3300/0,v1:172.21.15.37:6789/0] -- mon_subscribe({osdmap=0}) v3 -- 0x7fe48819e7e0 con 0x7fe488109c80
2024-03-28T18:00:17.625 INFO:teuthology.orchestra.run.smithi037.stdout:/usr/bin/ceph: stderr
2024-03-28T18:00:16.173+0000 7fe486000700 1 -- 172.21.15.37:0/2909388361 <== mon.0 v2:172.21.15.37:3300/0 4 ==== mgrmap(e 12) v1 ==== 46119+0+0 (secure 0 0 0) 0x7fe47c022020 con 0x7fe488109c80
2024-03-28T18:00:17.625 INFO:teuthology.orchestra.run.smithi037.stdout:/usr/bin/ceph: stderr
2024-03-28T18:00:16.173+0000 7fe490200700 1 -- 172.21.15.37:0/2909388361 --> [v2:172.21.15.37:3300/0,v1:172.21.15.37:6789/0] -- mon_command({"prefix": "get_command_descriptions"} v 0) v1 -- 0x7fe4880637c0 con 0x7fe488109c80
2024-03-28T18:00:17.625 INFO:teuthology.orchestra.run.smithi037.stdout:/usr/bin/ceph: stderr
2024-03-28T18:00:16.174+0000 7fe486000700 1 --2- 172.21.15.37:0/2909388361 >> [v2:172.21.15.37:6800/521857560,v1:172.21.15.37:6801/521857560] conn(0x7fe470038f80 0x7fe47003b440 unknown :-1 s=NONE pgs=0 cs=0 l=1 rev1=0 crypto rx=0 tx=0 comp rx=0 tx=0).connect
2024-03-28T18:00:17.625 INFO:teuthology.orchestra.run.smithi037.stdout:/usr/bin/ceph: stderr
2024-03-28T18:00:16.174+0000 7fe486000700 1 -- 172.21.15.37:0/2909388361 <== mon.0 v2:172.21.15.37:3300/0 5 ==== osd_map(3..3 src has 1..3) v4 ==== 1155+0+0 (secure 0 0 0) 0x7fe47c04d380 con 0x7fe488109c80
2024-03-28T18:00:17.625 INFO:teuthology.orchestra.run.smithi037.stdout:/usr/bin/ceph: stderr
2024-03-28T18:00:16.174+0000 7fe48ce00700 1 --2- 172.21.15.37:0/2909388361 >> [v2:172.21.15.37:6800/521857560,v1:172.21.15.37:6801/521857560] conn(0x7fe470038f80 0x7fe47003b440 unknown :-1 s=BANNER_CONNECTING pgs=0 cs=0 l=1 rev1=0 crypto rx=0 tx=0 comp rx=0 tx=0)._handle_peer_banner_payload supported=3 required=0
2024-03-28T18:00:17.625 INFO:teuthology.orchestra.run.smithi037.stdout:/usr/bin/ceph: stderr
2024-03-28T18:00:16.175+0000 7fe48ce00700 1 --2- 172.21.15.37:0/2909388361 >> [v2:172.21.15.37:6800/521857560,v1:172.21.15.37:6801/521857560] conn(0x7fe470038f80 0x7fe47003b440 secure :-1 s=READY pgs=7 cs=0 l=1 rev1=1 crypto rx=0x7fe474006fd0 tx=0x7fe474006e40 comp rx=0 tx=0).ready entity=mgr.14152 client_cookie=0 server_cookie=0 in_seq=0 out_seq=0
2024-03-28T18:00:17.625 INFO:teuthology.orchestra.run.smithi037.stdout:/usr/bin/ceph: stderr
2024-03-28T18:00:16.179+0000 7fe486000700 1 -- 172.21.15.37:0/2909388361 <== mon.0 v2:172.21.15.37:3300/0 6 ==== mon_command_ack([{"prefix": "get_command_descriptions"}]=0 v0) v1 ==== 72+0+186149 (secure 0 0 0) 0x7fe47c011e20 con 0x7fe488109c80
2024-03-28T18:00:17.625 INFO:teuthology.orchestra.run.smithi037.stdout:/usr/bin/ceph: stderr
2024-03-28T18:00:16.415+0000 7fe490200700 1 -- 172.21.15.37:0/2909388361 --> [v2:172.21.15.37:6800/521857560,v1:172.21.15.37:6801/521857560] -- mgr_command(tid 0: {"prefix": "dashboard create-self-signed-cert", "target": ["mon-mgr", ""]}) v1 -- 0x7fe488107b20 con 0x7fe470038f80
2024-03-28T18:00:17.625 INFO:teuthology.orchestra.run.smithi037.stdout:/usr/bin/ceph: stderr
2024-03-28T18:00:16.565+0000 7fe486000700 1 -- 172.21.15.37:0/2909388361 <== mgr.14152 v2:172.21.15.37:6800/521857560 1 ==== mgr_command_reply(tid 0: 0 ) v1 ==== 8+0+32 (secure 0 0 0) 0x7fe488107b20 con 0x7fe470038f80
2024-03-28T18:00:17.625 INFO:teuthology.orchestra.run.smithi037.stdout:/usr/bin/ceph: stderr
2024-03-28T18:00:16.567+0000 7fe490200700 1 -- 172.21.15.37:0/2909388361 >> [v2:172.21.15.37:6800/521857560,v1:172.21.15.37:6801/521857560] conn(0x7fe470038f80 msgr2=0x7fe47003b440 secure :-1 s=STATE_CONNECTION_ESTABLISHED l=1).mark_down
2024-03-28T18:00:17.625 INFO:teuthology.orchestra.run.smithi037.stdout:/usr/bin/ceph: stderr
2024-03-28T18:00:16.567+0000 7fe490200700 1 --2- 172.21.15.37:0/2909388361 >> [v2:172.21.15.37:6800/521857560,v1:172.21.15.37:6801/521857560] conn(0x7fe470038f80 0x7fe47003b440 secure :-1 s=READY pgs=7 cs=0 l=1 rev1=1 crypto rx=0x7fe474006fd0 tx=0x7fe474006e40 comp rx=0 tx=0).stop
2024-03-28T18:00:17.625 INFO:teuthology.orchestra.run.smithi037.stdout:/usr/bin/ceph: stderr
2024-03-28T18:00:16.567+0000 7fe490200700 1 -- 172.21.15.37:0/2909388361 >> [v2:172.21.15.37:3300/0,v1:172.21.15.37:6789/0] conn(0x7fe488109c80 msgr2=0x7fe48819dbb0 secure :-1 s=STATE_CONNECTION_ESTABLISHED l=1).mark_down
2024-03-28T18:00:17.626 INFO:teuthology.orchestra.run.smithi037.stdout:/usr/bin/ceph: stderr
2024-03-28T18:00:16.567+0000 7fe490200700 1 --2- 172.21.15.37:0/2909388361 >> [v2:172.21.15.37:3300/0,v1:172.21.15.37:6789/0] conn(0x7fe488109c80 0x7fe48819dbb0 secure :-1 s=READY pgs=71 cs=0 l=1 rev1=1 crypto rx=0x7fe47c0117e0 tx=0x7fe47c011c10 comp rx=0 tx=0).stop
2024-03-28T18:00:17.626 INFO:teuthology.orchestra.run.smithi037.stdout:/usr/bin/ceph: stderr
2024-03-28T18:00:16.568+0000 7fe490200700 1 -- 172.21.15.37:0/2909388361 shutdown_connections
2024-03-28T18:00:17.626 INFO:teuthology.orchestra.run.smithi037.stdout:/usr/bin/ceph: stderr
2024-03-28T18:00:16.568+0000 7fe490200700 1 --2- 172.21.15.37:0/2909388361 >> [v2:172.21.15.37:6800/521857560,v1:172.21.15.37:6801/521857560] conn(0x7fe470038f80 0x7fe47003b440 unknown :-1 s=CLOSED pgs=7 cs=0 l=1 rev1=1 crypto rx=0 tx=0 comp rx=0 tx=0).stop
2024-03-28T18:00:17.626 INFO:teuthology.orchestra.run.smithi037.stdout:/usr/bin/ceph: stderr
2024-03-28T18:00:16.568+0000 7fe490200700 1 --2- 172.21.15.37:0/2909388361 >> [v2:172.21.15.37:3300/0,v1:172.21.15.37:6789/0] conn(0x7fe488109c80 0x7fe48819dbb0 unknown :-1 s=CLOSED pgs=71 cs=0 l=1 rev1=1 crypto rx=0 tx=0 comp rx=0 tx=0).stop
2024-03-28T18:00:17.626 INFO:teuthology.orchestra.run.smithi037.stdout:/usr/bin/ceph: stderr
2024-03-28T18:00:16.568+0000 7fe490200700 1 -- 172.21.15.37:0/2909388361 >> 172.21.15.37:0/2909388361 conn(0x7fe48807d040 msgr2=0x7fe488107410 unknown :-1 s=STATE_NONE l=0).mark_down
2024-03-28T18:00:17.626 INFO:teuthology.orchestra.run.smithi037.stdout:/usr/bin/ceph: stderr
2024-03-28T18:00:16.568+0000 7fe490200700 1 -- 172.21.15.37:0/2909388361 shutdown_connections
2024-03-28T18:00:17.626 INFO:teuthology.orchestra.run.smithi037.stdout:/usr/bin/ceph: stderr
2024-03-28T18:00:16.568+0000 7fe490200700 1 -- 172.21.15.37:0/2909388361 wait complete.
2024-03-28T18:00:17.626 INFO:teuthology.orchestra.run.smithi037.stdout:Creating initial admin user...
2024-03-28T18:00:18.219 INFO:journalctl@ceph.mon.a.smithi037.stdout:Mar 28 18:00:18 smithi037 ceph-mon[31460]: from='mgr.14152 172.21.15.37:0/1129254547' entity='mgr.x'
2024-03-28T18:00:19.499 INFO:teuthology.orchestra.run.smithi037.stdout:/usr/bin/ceph: stdout {"username": "admin", "password": "$2b$12$f3aomiCD6Mal8/iBo.i6g.BPLEx3WWDlUy7cQSLxL88z5B/p0W3Va", "roles": ["administrator"], "name": null, "email": null, "lastUpdate": 1711648818, "enabled": true, "pwdExpirationDate": null, "pwdUpdateRequired": true}
2024-03-28T18:00:19.499 INFO:teuthology.orchestra.run.smithi037.stdout:/usr/bin/ceph: stderr
2024-03-28T18:00:18.219+0000 7fc5f2200700 1 Processor -- start
2024-03-28T18:00:19.499 INFO:teuthology.orchestra.run.smithi037.stdout:/usr/bin/ceph: stderr
2024-03-28T18:00:18.219+0000 7fc5f2200700 1 -- start start
2024-03-28T18:00:19.499 INFO:teuthology.orchestra.run.smithi037.stdout:/usr/bin/ceph: stderr
2024-03-28T18:00:18.219+0000 7fc5f2200700 1 --2- >> [v2:172.21.15.37:3300/0,v1:172.21.15.37:6789/0] conn(0x7fc5ec07dec0 0x7fc5ec07c320 unknown :-1 s=NONE pgs=0 cs=0 l=0 rev1=0 crypto rx=0 tx=0 comp rx=0 tx=0).connect
2024-03-28T18:00:19.499 INFO:teuthology.orchestra.run.smithi037.stdout:/usr/bin/ceph: stderr
2024-03-28T18:00:18.219+0000 7fc5f2200700 1 -- --> [v2:172.21.15.37:3300/0,v1:172.21.15.37:6789/0] -- mon_getmap magic: 0 v1 -- 0x7fc5ec07c8f0 con 0x7fc5ec07dec0
2024-03-28T18:00:19.499 INFO:teuthology.orchestra.run.smithi037.stdout:/usr/bin/ceph: stderr
2024-03-28T18:00:18.220+0000 7fc5eb400700 1 --2- >> [v2:172.21.15.37:3300/0,v1:172.21.15.37:6789/0] conn(0x7fc5ec07dec0 0x7fc5ec07c320 unknown :-1 s=BANNER_CONNECTING pgs=0 cs=0 l=0 rev1=0 crypto rx=0 tx=0 comp rx=0 tx=0)._handle_peer_banner_payload supported=3 required=0
2024-03-28T18:00:19.500 INFO:teuthology.orchestra.run.smithi037.stdout:/usr/bin/ceph: stderr
2024-03-28T18:00:18.220+0000 7fc5eb400700 1 --2- >> [v2:172.21.15.37:3300/0,v1:172.21.15.37:6789/0] conn(0x7fc5ec07dec0 0x7fc5ec07c320 unknown :-1 s=HELLO_CONNECTING pgs=0 cs=0 l=0 rev1=1 crypto rx=0 tx=0 comp rx=0 tx=0).handle_hello peer v2:172.21.15.37:3300/0 says I am v2:172.21.15.37:58632/0 (socket says 172.21.15.37:58632)
2024-03-28T18:00:19.500 INFO:teuthology.orchestra.run.smithi037.stdout:/usr/bin/ceph: stderr
2024-03-28T18:00:18.220+0000 7fc5eb400700 1 -- 172.21.15.37:0/1906126721 learned_addr learned my addr 172.21.15.37:0/1906126721 (peer_addr_for_me v2:172.21.15.37:0/0)
2024-03-28T18:00:19.500 INFO:teuthology.orchestra.run.smithi037.stdout:/usr/bin/ceph: stderr
2024-03-28T18:00:18.221+0000 7fc5eb400700 1 -- 172.21.15.37:0/1906126721 --> [v2:172.21.15.37:3300/0,v1:172.21.15.37:6789/0] -- mon_subscribe({config=0+,monmap=0+}) v3 -- 0x7fc5ec07ca70 con 0x7fc5ec07dec0
2024-03-28T18:00:19.500 INFO:teuthology.orchestra.run.smithi037.stdout:/usr/bin/ceph: stderr
2024-03-28T18:00:18.221+0000 7fc5eb400700 1 --2- 172.21.15.37:0/1906126721 >> [v2:172.21.15.37:3300/0,v1:172.21.15.37:6789/0] conn(0x7fc5ec07dec0 0x7fc5ec07c320 secure :-1 s=READY pgs=72 cs=0 l=1 rev1=1 crypto rx=0x7fc5dc0098a0 tx=0x7fc5dc009bb0 comp rx=0 tx=0).ready entity=mon.0 client_cookie=888bf93798ffc826 server_cookie=0 in_seq=0 out_seq=0
2024-03-28T18:00:19.500 INFO:teuthology.orchestra.run.smithi037.stdout:/usr/bin/ceph: stderr
2024-03-28T18:00:18.221+0000 7fc5ea000700 1 -- 172.21.15.37:0/1906126721 <== mon.0 v2:172.21.15.37:3300/0 1 ==== mon_map magic: 0 v1 ==== 205+0+0 (secure 0 0 0) 0x7fc5dc004160 con 0x7fc5ec07dec0
2024-03-28T18:00:19.500 INFO:teuthology.orchestra.run.smithi037.stdout:/usr/bin/ceph: stderr
2024-03-28T18:00:18.221+0000 7fc5ea000700 1 -- 172.21.15.37:0/1906126721 <== mon.0 v2:172.21.15.37:3300/0 2 ==== config(27 keys) v1 ==== 1140+0+0 (secure 0 0 0) 0x7fc5dc004300 con 0x7fc5ec07dec0
2024-03-28T18:00:19.500 INFO:teuthology.orchestra.run.smithi037.stdout:/usr/bin/ceph: stderr
2024-03-28T18:00:18.221+0000 7fc5ea000700 1 -- 172.21.15.37:0/1906126721 <== mon.0 v2:172.21.15.37:3300/0 3 ==== mon_map magic: 0 v1 ==== 205+0+0 (secure 0 0 0) 0x7fc5dc011b20 con 0x7fc5ec07dec0
2024-03-28T18:00:19.500 INFO:teuthology.orchestra.run.smithi037.stdout:/usr/bin/ceph: stderr
2024-03-28T18:00:18.222+0000 7fc5f2200700 1 -- 172.21.15.37:0/1906126721 >> [v2:172.21.15.37:3300/0,v1:172.21.15.37:6789/0] conn(0x7fc5ec07dec0 msgr2=0x7fc5ec07c320 secure :-1 s=STATE_CONNECTION_ESTABLISHED l=1).mark_down
2024-03-28T18:00:19.500 INFO:teuthology.orchestra.run.smithi037.stdout:/usr/bin/ceph: stderr
2024-03-28T18:00:18.222+0000 7fc5f2200700 1 --2- 172.21.15.37:0/1906126721 >> [v2:172.21.15.37:3300/0,v1:172.21.15.37:6789/0] conn(0x7fc5ec07dec0 0x7fc5ec07c320 secure :-1 s=READY pgs=72 cs=0 l=1 rev1=1 crypto rx=0x7fc5dc0098a0 tx=0x7fc5dc009bb0 comp rx=0 tx=0).stop
2024-03-28T18:00:19.500 INFO:teuthology.orchestra.run.smithi037.stdout:/usr/bin/ceph: stderr
2024-03-28T18:00:18.222+0000 7fc5f2200700 1 -- 172.21.15.37:0/1906126721 shutdown_connections
2024-03-28T18:00:19.500 INFO:teuthology.orchestra.run.smithi037.stdout:/usr/bin/ceph: stderr
2024-03-28T18:00:18.222+0000 7fc5f2200700 1 --2- 172.21.15.37:0/1906126721 >> [v2:172.21.15.37:3300/0,v1:172.21.15.37:6789/0] conn(0x7fc5ec07dec0 0x7fc5ec07c320 unknown :-1 s=CLOSED pgs=72 cs=0 l=1 rev1=1 crypto rx=0 tx=0 comp rx=0 tx=0).stop
2024-03-28T18:00:19.500 INFO:teuthology.orchestra.run.smithi037.stdout:/usr/bin/ceph: stderr
2024-03-28T18:00:18.222+0000 7fc5f2200700 1 -- 172.21.15.37:0/1906126721 >> 172.21.15.37:0/1906126721 conn(0x7fc5ec103080 msgr2=0x7fc5ec1054a0 unknown :-1 s=STATE_NONE l=0).mark_down
2024-03-28T18:00:19.500 INFO:teuthology.orchestra.run.smithi037.stdout:/usr/bin/ceph: stderr
2024-03-28T18:00:18.222+0000 7fc5f2200700 1 -- 172.21.15.37:0/1906126721 shutdown_connections
2024-03-28T18:00:19.501 INFO:teuthology.orchestra.run.smithi037.stdout:/usr/bin/ceph: stderr
2024-03-28T18:00:18.222+0000 7fc5f2200700 1 -- 172.21.15.37:0/1906126721 wait complete.
2024-03-28T18:00:19.501 INFO:teuthology.orchestra.run.smithi037.stdout:/usr/bin/ceph: stderr
2024-03-28T18:00:18.223+0000 7fc5f2200700 1 Processor -- start
2024-03-28T18:00:19.501 INFO:teuthology.orchestra.run.smithi037.stdout:/usr/bin/ceph: stderr
2024-03-28T18:00:18.224+0000 7fc5f2200700 1 -- start start
2024-03-28T18:00:19.501 INFO:teuthology.orchestra.run.smithi037.stdout:/usr/bin/ceph: stderr
2024-03-28T18:00:18.224+0000 7fc5f2200700 1 --2- >> [v2:172.21.15.37:3300/0,v1:172.21.15.37:6789/0] conn(0x7fc5ec07dec0 0x7fc5ec1a2000 unknown :-1 s=NONE pgs=0 cs=0 l=1 rev1=0 crypto rx=0 tx=0 comp rx=0 tx=0).connect
2024-03-28T18:00:19.501 INFO:teuthology.orchestra.run.smithi037.stdout:/usr/bin/ceph: stderr
2024-03-28T18:00:18.224+0000 7fc5f2200700 1 -- --> [v2:172.21.15.37:3300/0,v1:172.21.15.37:6789/0] -- mon_getmap magic: 0 v1 -- 0x7fc5ec109ce0 con 0x7fc5ec07dec0
2024-03-28T18:00:19.501 INFO:teuthology.orchestra.run.smithi037.stdout:/usr/bin/ceph: stderr
2024-03-28T18:00:18.224+0000 7fc5eb400700 1 --2- >> [v2:172.21.15.37:3300/0,v1:172.21.15.37:6789/0] conn(0x7fc5ec07dec0 0x7fc5ec1a2000 unknown :-1 s=BANNER_CONNECTING pgs=0 cs=0 l=1 rev1=0 crypto rx=0 tx=0 comp rx=0 tx=0)._handle_peer_banner_payload supported=3 required=0
2024-03-28T18:00:19.501 INFO:teuthology.orchestra.run.smithi037.stdout:/usr/bin/ceph: stderr
2024-03-28T18:00:18.224+0000 7fc5eb400700 1 --2- >> [v2:172.21.15.37:3300/0,v1:172.21.15.37:6789/0] conn(0x7fc5ec07dec0 0x7fc5ec1a2000 unknown :-1 s=HELLO_CONNECTING pgs=0 cs=0 l=1 rev1=1 crypto rx=0 tx=0 comp rx=0 tx=0).handle_hello peer v2:172.21.15.37:3300/0 says I am v2:172.21.15.37:58634/0 (socket says 172.21.15.37:58634)
2024-03-28T18:00:19.501 INFO:teuthology.orchestra.run.smithi037.stdout:/usr/bin/ceph: stderr
2024-03-28T18:00:18.224+0000 7fc5eb400700 1 -- 172.21.15.37:0/1930483105 learned_addr learned my addr 172.21.15.37:0/1930483105 (peer_addr_for_me v2:172.21.15.37:0/0)
2024-03-28T18:00:19.501 INFO:teuthology.orchestra.run.smithi037.stdout:/usr/bin/ceph: stderr
2024-03-28T18:00:18.225+0000 7fc5eb400700 1 -- 172.21.15.37:0/1930483105 --> [v2:172.21.15.37:3300/0,v1:172.21.15.37:6789/0] -- mon_subscribe({config=0+,monmap=0+}) v3 -- 0x7fc5ec1a2540 con 0x7fc5ec07dec0
2024-03-28T18:00:19.501 INFO:teuthology.orchestra.run.smithi037.stdout:/usr/bin/ceph: stderr
2024-03-28T18:00:18.225+0000 7fc5eb400700 1 --2- 172.21.15.37:0/1930483105 >> [v2:172.21.15.37:3300/0,v1:172.21.15.37:6789/0] conn(0x7fc5ec07dec0 0x7fc5ec1a2000 secure :-1 s=READY pgs=73 cs=0 l=1 rev1=1 crypto rx=0x7fc5dc0117e0 tx=0x7fc5dc011ba0 comp rx=0 tx=0).ready entity=mon.0 client_cookie=0 server_cookie=0 in_seq=0 out_seq=0
2024-03-28T18:00:19.501 INFO:teuthology.orchestra.run.smithi037.stdout:/usr/bin/ceph: stderr
2024-03-28T18:00:18.225+0000 7fc5e3e00700 1 -- 172.21.15.37:0/1930483105 <== mon.0 v2:172.21.15.37:3300/0 1 ==== mon_map magic: 0 v1 ==== 205+0+0 (secure 0 0 0) 0x7fc5dc003bf0 con 0x7fc5ec07dec0
2024-03-28T18:00:19.501 INFO:teuthology.orchestra.run.smithi037.stdout:/usr/bin/ceph: stderr
2024-03-28T18:00:18.226+0000 7fc5e3e00700 1 -- 172.21.15.37:0/1930483105 <== mon.0 v2:172.21.15.37:3300/0 2 ==== config(27 keys) v1 ==== 1140+0+0 (secure 0 0 0) 0x7fc5dc003d90 con 0x7fc5ec07dec0
2024-03-28T18:00:19.501 INFO:teuthology.orchestra.run.smithi037.stdout:/usr/bin/ceph: stderr
2024-03-28T18:00:18.226+0000 7fc5e3e00700 1 -- 172.21.15.37:0/1930483105 <== mon.0 v2:172.21.15.37:3300/0 3 ==== mon_map magic: 0 v1 ==== 205+0+0 (secure 0 0 0) 0x7fc5dc024800 con 0x7fc5ec07dec0
2024-03-28T18:00:19.501 INFO:teuthology.orchestra.run.smithi037.stdout:/usr/bin/ceph: stderr
2024-03-28T18:00:18.226+0000 7fc5f2200700 1 -- 172.21.15.37:0/1930483105 --> [v2:172.21.15.37:3300/0,v1:172.21.15.37:6789/0] -- mon_subscribe({mgrmap=0+}) v3 -- 0x7fc5ec1a27d0 con 0x7fc5ec07dec0
2024-03-28T18:00:19.502 INFO:teuthology.orchestra.run.smithi037.stdout:/usr/bin/ceph: stderr
2024-03-28T18:00:18.226+0000 7fc5f2200700 1 -- 172.21.15.37:0/1930483105 --> [v2:172.21.15.37:3300/0,v1:172.21.15.37:6789/0] -- mon_subscribe({osdmap=0}) v3 -- 0x7fc5ec1a2c30 con 0x7fc5ec07dec0
2024-03-28T18:00:19.502 INFO:teuthology.orchestra.run.smithi037.stdout:/usr/bin/ceph: stderr
2024-03-28T18:00:18.227+0000 7fc5e3e00700 1 -- 172.21.15.37:0/1930483105 <== mon.0 v2:172.21.15.37:3300/0 4 ==== mgrmap(e 12) v1 ==== 46119+0+0 (secure 0 0 0) 0x7fc5dc022020 con 0x7fc5ec07dec0
2024-03-28T18:00:19.502 INFO:teuthology.orchestra.run.smithi037.stdout:/usr/bin/ceph: stderr
2024-03-28T18:00:18.227+0000 7fc5f2200700 1 -- 172.21.15.37:0/1930483105 --> [v2:172.21.15.37:3300/0,v1:172.21.15.37:6789/0] -- mon_command({"prefix": "get_command_descriptions"} v 0) v1 -- 0x7fc5ec0637c0 con 0x7fc5ec07dec0
2024-03-28T18:00:19.502 INFO:teuthology.orchestra.run.smithi037.stdout:/usr/bin/ceph: stderr
2024-03-28T18:00:18.227+0000 7fc5e3e00700 1 --2- 172.21.15.37:0/1930483105 >> [v2:172.21.15.37:6800/521857560,v1:172.21.15.37:6801/521857560] conn(0x7fc5d0038fd0 0x7fc5d003b490 unknown :-1 s=NONE pgs=0 cs=0 l=1 rev1=0 crypto rx=0 tx=0 comp rx=0 tx=0).connect
2024-03-28T18:00:19.502 INFO:teuthology.orchestra.run.smithi037.stdout:/usr/bin/ceph: stderr
2024-03-28T18:00:18.228+0000 7fc5e3e00700 1 -- 172.21.15.37:0/1930483105 <== mon.0 v2:172.21.15.37:3300/0 5 ==== osd_map(3..3 src has 1..3) v4 ==== 1155+0+0 (secure 0 0 0) 0x7fc5dc04d1e0 con 0x7fc5ec07dec0
2024-03-28T18:00:19.502 INFO:teuthology.orchestra.run.smithi037.stdout:/usr/bin/ceph: stderr
2024-03-28T18:00:18.228+0000 7fc5eaa00700 1 --2- 172.21.15.37:0/1930483105 >> [v2:172.21.15.37:6800/521857560,v1:172.21.15.37:6801/521857560] conn(0x7fc5d0038fd0 0x7fc5d003b490 unknown :-1 s=BANNER_CONNECTING pgs=0 cs=0 l=1 rev1=0 crypto rx=0 tx=0 comp rx=0 tx=0)._handle_peer_banner_payload supported=3 required=0
2024-03-28T18:00:19.502 INFO:teuthology.orchestra.run.smithi037.stdout:/usr/bin/ceph: stderr
2024-03-28T18:00:18.229+0000 7fc5eaa00700 1 --2- 172.21.15.37:0/1930483105 >> [v2:172.21.15.37:6800/521857560,v1:172.21.15.37:6801/521857560] conn(0x7fc5d0038fd0 0x7fc5d003b490 secure :-1 s=READY pgs=8 cs=0 l=1 rev1=1 crypto rx=0x7fc5d8006fd0 tx=0x7fc5d8006e40 comp rx=0 tx=0).ready entity=mgr.14152 client_cookie=0 server_cookie=0 in_seq=0 out_seq=0
2024-03-28T18:00:19.502 INFO:teuthology.orchestra.run.smithi037.stdout:/usr/bin/ceph: stderr
2024-03-28T18:00:18.234+0000 7fc5e3e00700 1 -- 172.21.15.37:0/1930483105 <== mon.0 v2:172.21.15.37:3300/0 6 ==== mon_command_ack([{"prefix": "get_command_descriptions"}]=0 v0) v1 ==== 72+0+186149 (secure 0 0 0) 0x7fc5dc016260 con 0x7fc5ec07dec0
2024-03-28T18:00:19.502 INFO:teuthology.orchestra.run.smithi037.stdout:/usr/bin/ceph: stderr
2024-03-28T18:00:18.484+0000 7fc5f2200700 1 -- 172.21.15.37:0/1930483105 --> [v2:172.21.15.37:6800/521857560,v1:172.21.15.37:6801/521857560] -- mgr_command(tid 0: {"prefix": "dashboard ac-user-create", "username": "admin", "rolename": "administrator", "force_password": true, "pwd_update_required": true, "target": ["mon-mgr", ""]}) v1 -- 0x7fc5ec1a5640 con 0x7fc5d0038fd0
2024-03-28T18:00:19.502 INFO:teuthology.orchestra.run.smithi037.stdout:/usr/bin/ceph: stderr
2024-03-28T18:00:18.733+0000 7fc5e3e00700 1 -- 172.21.15.37:0/1930483105 <== mgr.14152 v2:172.21.15.37:6800/521857560 1 ==== mgr_command_reply(tid 0: 0 ) v1 ==== 8+0+252 (secure 0 0 0) 0x7fc5ec1a5640 con 0x7fc5d0038fd0
