2024-03-28T18:28:31.440+0000 7fda1c409700 1 -- 172.21.15.145:0/3115265602 >> [v2:172.21.15.145:3300/0,v1:172.21.15.145:6789/0] conn(0x7fda1407dee0 msgr2=0x7fda1407c340 secure :-1 s=STATE_CONNECTION_ESTABLISHED l=1).mark_down
2024-03-28T18:28:32.226 INFO:teuthology.orchestra.run.smithi145.stdout:/usr/bin/ceph: stderr
2024-03-28T18:28:31.440+0000 7fda1c409700 1 --2- 172.21.15.145:0/3115265602 >> [v2:172.21.15.145:3300/0,v1:172.21.15.145:6789/0] conn(0x7fda1407dee0 0x7fda1407c340 secure :-1 s=READY pgs=39 cs=0 l=1 rev1=1 crypto rx=0x7fda10009e80 tx=0x7fda1000b330 comp rx=0 tx=0).stop
2024-03-28T18:28:32.226 INFO:teuthology.orchestra.run.smithi145.stdout:/usr/bin/ceph: stderr
2024-03-28T18:28:31.440+0000 7fda1c409700 1 -- 172.21.15.145:0/3115265602 shutdown_connections
2024-03-28T18:28:32.227 INFO:teuthology.orchestra.run.smithi145.stdout:/usr/bin/ceph: stderr
2024-03-28T18:28:31.440+0000 7fda1c409700 1 --2- 172.21.15.145:0/3115265602 >> [v2:172.21.15.145:3300/0,v1:172.21.15.145:6789/0] conn(0x7fda1407dee0 0x7fda1407c340 unknown :-1 s=CLOSED pgs=39 cs=0 l=1 rev1=1 crypto rx=0 tx=0 comp rx=0 tx=0).stop
2024-03-28T18:28:32.227 INFO:teuthology.orchestra.run.smithi145.stdout:/usr/bin/ceph: stderr
2024-03-28T18:28:31.440+0000 7fda1c409700 1 -- 172.21.15.145:0/3115265602 >> 172.21.15.145:0/3115265602 conn(0x7fda14103020 msgr2=0x7fda14105460 unknown :-1 s=STATE_NONE l=0).mark_down
2024-03-28T18:28:32.227 INFO:teuthology.orchestra.run.smithi145.stdout:/usr/bin/ceph: stderr
2024-03-28T18:28:31.440+0000 7fda1c409700 1 -- 172.21.15.145:0/3115265602 shutdown_connections
2024-03-28T18:28:32.227 INFO:teuthology.orchestra.run.smithi145.stdout:/usr/bin/ceph: stderr
2024-03-28T18:28:31.440+0000 7fda1c409700 1 -- 172.21.15.145:0/3115265602 wait complete.
2024-03-28T18:28:32.227 INFO:teuthology.orchestra.run.smithi145.stdout:/usr/bin/ceph: stderr
2024-03-28T18:28:31.440+0000 7fda1c409700 1 Processor -- start
2024-03-28T18:28:32.227 INFO:teuthology.orchestra.run.smithi145.stdout:/usr/bin/ceph: stderr
2024-03-28T18:28:31.440+0000 7fda1c409700 1 -- start start
2024-03-28T18:28:32.227 INFO:teuthology.orchestra.run.smithi145.stdout:/usr/bin/ceph: stderr
2024-03-28T18:28:31.440+0000 7fda1c409700 1 --2- >> [v2:172.21.15.145:3300/0,v1:172.21.15.145:6789/0] conn(0x7fda1407dee0 0x7fda1419dc30 unknown :-1 s=NONE pgs=0 cs=0 l=1 rev1=0 crypto rx=0 tx=0 comp rx=0 tx=0).connect
2024-03-28T18:28:32.227 INFO:teuthology.orchestra.run.smithi145.stdout:/usr/bin/ceph: stderr
2024-03-28T18:28:31.440+0000 7fda1c409700 1 -- --> [v2:172.21.15.145:3300/0,v1:172.21.15.145:6789/0] -- mon_getmap magic: 0 v1 -- 0x7fda1410e070 con 0x7fda1407dee0
2024-03-28T18:28:32.227 INFO:teuthology.orchestra.run.smithi145.stdout:/usr/bin/ceph: stderr
2024-03-28T18:28:31.441+0000 7fda1a1a5700 1 --2- >> [v2:172.21.15.145:3300/0,v1:172.21.15.145:6789/0] conn(0x7fda1407dee0 0x7fda1419dc30 unknown :-1 s=BANNER_CONNECTING pgs=0 cs=0 l=1 rev1=0 crypto rx=0 tx=0 comp rx=0 tx=0)._handle_peer_banner_payload supported=3 required=0
2024-03-28T18:28:32.227 INFO:teuthology.orchestra.run.smithi145.stdout:/usr/bin/ceph: stderr
2024-03-28T18:28:31.441+0000 7fda1a1a5700 1 --2- >> [v2:172.21.15.145:3300/0,v1:172.21.15.145:6789/0] conn(0x7fda1407dee0 0x7fda1419dc30 unknown :-1 s=HELLO_CONNECTING pgs=0 cs=0 l=1 rev1=1 crypto rx=0 tx=0 comp rx=0 tx=0).handle_hello peer v2:172.21.15.145:3300/0 says I am v2:172.21.15.145:58180/0 (socket says 172.21.15.145:58180)
2024-03-28T18:28:32.227 INFO:teuthology.orchestra.run.smithi145.stdout:/usr/bin/ceph: stderr
2024-03-28T18:28:31.441+0000 7fda1a1a5700 1 -- 172.21.15.145:0/1407671632 learned_addr learned my addr 172.21.15.145:0/1407671632 (peer_addr_for_me v2:172.21.15.145:0/0)
2024-03-28T18:28:32.227 INFO:teuthology.orchestra.run.smithi145.stdout:/usr/bin/ceph: stderr
2024-03-28T18:28:31.441+0000 7fda1a1a5700 1 -- 172.21.15.145:0/1407671632 --> [v2:172.21.15.145:3300/0,v1:172.21.15.145:6789/0] -- mon_subscribe({config=0+,monmap=0+}) v3 -- 0x7fda1419e170 con 0x7fda1407dee0
2024-03-28T18:28:32.227 INFO:teuthology.orchestra.run.smithi145.stdout:/usr/bin/ceph: stderr
2024-03-28T18:28:31.441+0000 7fda1a1a5700 1 --2- 172.21.15.145:0/1407671632 >> [v2:172.21.15.145:3300/0,v1:172.21.15.145:6789/0] conn(0x7fda1407dee0 0x7fda1419dc30 secure :-1 s=READY pgs=40 cs=0 l=1 rev1=1 crypto rx=0x7fda10009e50 tx=0x7fda1000bd30 comp rx=0 tx=0).ready entity=mon.0 client_cookie=0 server_cookie=0 in_seq=0 out_seq=0
2024-03-28T18:28:32.227 INFO:teuthology.orchestra.run.smithi145.stdout:/usr/bin/ceph: stderr
2024-03-28T18:28:31.441+0000 7fda0b7fe700 1 -- 172.21.15.145:0/1407671632 <== mon.0 v2:172.21.15.145:3300/0 1 ==== mon_map magic: 0 v1 ==== 205+0+0 (secure 0 0 0) 0x7fda10020020 con 0x7fda1407dee0
2024-03-28T18:28:32.227 INFO:teuthology.orchestra.run.smithi145.stdout:/usr/bin/ceph: stderr
2024-03-28T18:28:31.441+0000 7fda0b7fe700 1 -- 172.21.15.145:0/1407671632 <== mon.0 v2:172.21.15.145:3300/0 2 ==== config(27 keys) v1 ==== 1109+0+0 (secure 0 0 0) 0x7fda10003b50 con 0x7fda1407dee0
2024-03-28T18:28:32.228 INFO:teuthology.orchestra.run.smithi145.stdout:/usr/bin/ceph: stderr
2024-03-28T18:28:31.441+0000 7fda1c409700 1 -- 172.21.15.145:0/1407671632 --> [v2:172.21.15.145:3300/0,v1:172.21.15.145:6789/0] -- mon_subscribe({mgrmap=0+}) v3 -- 0x7fda1419e400 con 0x7fda1407dee0
2024-03-28T18:28:32.228 INFO:teuthology.orchestra.run.smithi145.stdout:/usr/bin/ceph: stderr
2024-03-28T18:28:31.441+0000 7fda0b7fe700 1 -- 172.21.15.145:0/1407671632 <== mon.0 v2:172.21.15.145:3300/0 3 ==== mon_map magic: 0 v1 ==== 205+0+0 (secure 0 0 0) 0x7fda10017040 con 0x7fda1407dee0
2024-03-28T18:28:32.228 INFO:teuthology.orchestra.run.smithi145.stdout:/usr/bin/ceph: stderr
2024-03-28T18:28:31.441+0000 7fda1c409700 1 -- 172.21.15.145:0/1407671632 --> [v2:172.21.15.145:3300/0,v1:172.21.15.145:6789/0] -- mon_subscribe({osdmap=0}) v3 -- 0x7fda141a10f0 con 0x7fda1407dee0
2024-03-28T18:28:32.228 INFO:teuthology.orchestra.run.smithi145.stdout:/usr/bin/ceph: stderr
2024-03-28T18:28:31.442+0000 7fda0b7fe700 1 -- 172.21.15.145:0/1407671632 <== mon.0 v2:172.21.15.145:3300/0 4 ==== mgrmap(e 8) v1 ==== 46106+0+0 (secure 0 0 0) 0x7fda10023020 con 0x7fda1407dee0
2024-03-28T18:28:32.228 INFO:teuthology.orchestra.run.smithi145.stdout:/usr/bin/ceph: stderr
2024-03-28T18:28:31.442+0000 7fda0b7fe700 1 --2- 172.21.15.145:0/1407671632 >> [v2:172.21.15.145:6800/2089479814,v1:172.21.15.145:6801/2089479814] conn(0x7fda00038ed0 0x7fda0003b390 unknown :-1 s=NONE pgs=0 cs=0 l=1 rev1=0 crypto rx=0 tx=0 comp rx=0 tx=0).connect
2024-03-28T18:28:32.228 INFO:teuthology.orchestra.run.smithi145.stdout:/usr/bin/ceph: stderr
2024-03-28T18:28:31.442+0000 7fda0b7fe700 1 -- 172.21.15.145:0/1407671632 <== mon.0 v2:172.21.15.145:3300/0 5 ==== osd_map(2..2 src has 1..2) v4 ==== 940+0+0 (secure 0 0 0) 0x7fda1000f050 con 0x7fda1407dee0
2024-03-28T18:28:32.228 INFO:teuthology.orchestra.run.smithi145.stdout:/usr/bin/ceph: stderr
2024-03-28T18:28:31.442+0000 7fda1c409700 1 -- 172.21.15.145:0/1407671632 --> [v2:172.21.15.145:3300/0,v1:172.21.15.145:6789/0] -- mon_command({"prefix": "get_command_descriptions"} v 0) v1 -- 0x7fda14069250 con 0x7fda1407dee0
2024-03-28T18:28:32.228 INFO:teuthology.orchestra.run.smithi145.stdout:/usr/bin/ceph: stderr
2024-03-28T18:28:31.442+0000 7fda199a4700 1 --2- 172.21.15.145:0/1407671632 >> [v2:172.21.15.145:6800/2089479814,v1:172.21.15.145:6801/2089479814] conn(0x7fda00038ed0 0x7fda0003b390 unknown :-1 s=BANNER_CONNECTING pgs=0 cs=0 l=1 rev1=0 crypto rx=0 tx=0 comp rx=0 tx=0)._handle_peer_banner_payload supported=3 required=0
2024-03-28T18:28:32.228 INFO:teuthology.orchestra.run.smithi145.stdout:/usr/bin/ceph: stderr
2024-03-28T18:28:31.443+0000 7fda199a4700 1 --2- 172.21.15.145:0/1407671632 >> [v2:172.21.15.145:6800/2089479814,v1:172.21.15.145:6801/2089479814] conn(0x7fda00038ed0 0x7fda0003b390 secure :-1 s=READY pgs=8 cs=0 l=1 rev1=1 crypto rx=0x7fda04006fd0 tx=0x7fda04006e40 comp rx=0 tx=0).ready entity=mgr.14120 client_cookie=0 server_cookie=0 in_seq=0 out_seq=0
2024-03-28T18:28:32.228 INFO:teuthology.orchestra.run.smithi145.stdout:/usr/bin/ceph: stderr
2024-03-28T18:28:31.447+0000 7fda0b7fe700 1 -- 172.21.15.145:0/1407671632 <== mon.0 v2:172.21.15.145:3300/0 6 ==== mon_command_ack([{"prefix": "get_command_descriptions"}]=0 v0) v1 ==== 72+0+186149 (secure 0 0 0) 0x7fda1002a020 con 0x7fda1407dee0
2024-03-28T18:28:32.228 INFO:teuthology.orchestra.run.smithi145.stdout:/usr/bin/ceph: stderr
2024-03-28T18:28:31.643+0000 7fda1c409700 1 -- 172.21.15.145:0/1407671632 --> [v2:172.21.15.145:6800/2089479814,v1:172.21.15.145:6801/2089479814] -- mgr_command(tid 0: {"prefix": "cephadm set-user", "user": "root", "target": ["mon-mgr", ""]}) v1 -- 0x7fda14104270 con 0x7fda00038ed0
2024-03-28T18:28:32.228 INFO:teuthology.orchestra.run.smithi145.stdout:/usr/bin/ceph: stderr
2024-03-28T18:28:31.643+0000 7fda0b7fe700 1 -- 172.21.15.145:0/1407671632 <== mgr.14120 v2:172.21.15.145:6800/2089479814 1 ==== mgr_command_reply(tid 0: 0 ) v1 ==== 8+0+16 (secure 0 0 0) 0x7fda14104270 con 0x7fda00038ed0
2024-03-28T18:28:32.228 INFO:teuthology.orchestra.run.smithi145.stdout:/usr/bin/ceph: stderr
2024-03-28T18:28:31.645+0000 7fda1c409700 1 -- 172.21.15.145:0/1407671632 >> [v2:172.21.15.145:6800/2089479814,v1:172.21.15.145:6801/2089479814] conn(0x7fda00038ed0 msgr2=0x7fda0003b390 secure :-1 s=STATE_CONNECTION_ESTABLISHED l=1).mark_down
2024-03-28T18:28:32.228 INFO:teuthology.orchestra.run.smithi145.stdout:/usr/bin/ceph: stderr
2024-03-28T18:28:31.645+0000 7fda1c409700 1 --2- 172.21.15.145:0/1407671632 >> [v2:172.21.15.145:6800/2089479814,v1:172.21.15.145:6801/2089479814] conn(0x7fda00038ed0 0x7fda0003b390 secure :-1 s=READY pgs=8 cs=0 l=1 rev1=1 crypto rx=0x7fda04006fd0 tx=0x7fda04006e40 comp rx=0 tx=0).stop
2024-03-28T18:28:32.229 INFO:teuthology.orchestra.run.smithi145.stdout:/usr/bin/ceph: stderr
2024-03-28T18:28:31.645+0000 7fda1c409700 1 -- 172.21.15.145:0/1407671632 >> [v2:172.21.15.145:3300/0,v1:172.21.15.145:6789/0] conn(0x7fda1407dee0 msgr2=0x7fda1419dc30 secure :-1 s=STATE_CONNECTION_ESTABLISHED l=1).mark_down
2024-03-28T18:28:32.229 INFO:teuthology.orchestra.run.smithi145.stdout:/usr/bin/ceph: stderr
2024-03-28T18:28:31.645+0000 7fda1c409700 1 --2- 172.21.15.145:0/1407671632 >> [v2:172.21.15.145:3300/0,v1:172.21.15.145:6789/0] conn(0x7fda1407dee0 0x7fda1419dc30 secure :-1 s=READY pgs=40 cs=0 l=1 rev1=1 crypto rx=0x7fda10009e50 tx=0x7fda1000bd30 comp rx=0 tx=0).stop
2024-03-28T18:28:32.229 INFO:teuthology.orchestra.run.smithi145.stdout:/usr/bin/ceph: stderr
2024-03-28T18:28:31.646+0000 7fda1c409700 1 -- 172.21.15.145:0/1407671632 shutdown_connections
2024-03-28T18:28:32.229 INFO:teuthology.orchestra.run.smithi145.stdout:/usr/bin/ceph: stderr
2024-03-28T18:28:31.646+0000 7fda1c409700 1 --2- 172.21.15.145:0/1407671632 >> [v2:172.21.15.145:6800/2089479814,v1:172.21.15.145:6801/2089479814] conn(0x7fda00038ed0 0x7fda0003b390 unknown :-1 s=CLOSED pgs=8 cs=0 l=1 rev1=1 crypto rx=0 tx=0 comp rx=0 tx=0).stop
2024-03-28T18:28:32.229 INFO:teuthology.orchestra.run.smithi145.stdout:/usr/bin/ceph: stderr
2024-03-28T18:28:31.646+0000 7fda1c409700 1 --2- 172.21.15.145:0/1407671632 >> [v2:172.21.15.145:3300/0,v1:172.21.15.145:6789/0] conn(0x7fda1407dee0 0x7fda1419dc30 unknown :-1 s=CLOSED pgs=40 cs=0 l=1 rev1=1 crypto rx=0 tx=0 comp rx=0 tx=0).stop
2024-03-28T18:28:32.229 INFO:teuthology.orchestra.run.smithi145.stdout:/usr/bin/ceph: stderr
2024-03-28T18:28:31.646+0000 7fda1c409700 1 -- 172.21.15.145:0/1407671632 >> 172.21.15.145:0/1407671632 conn(0x7fda14103020 msgr2=0x7fda14103b60 unknown :-1 s=STATE_NONE l=0).mark_down
2024-03-28T18:28:32.229 INFO:teuthology.orchestra.run.smithi145.stdout:/usr/bin/ceph: stderr
2024-03-28T18:28:31.646+0000 7fda1c409700 1 -- 172.21.15.145:0/1407671632 shutdown_connections
2024-03-28T18:28:32.229 INFO:teuthology.orchestra.run.smithi145.stdout:/usr/bin/ceph: stderr
2024-03-28T18:28:31.646+0000 7fda1c409700 1 -- 172.21.15.145:0/1407671632 wait complete.
2024-03-28T18:28:32.229 INFO:teuthology.orchestra.run.smithi145.stdout:Generating ssh key...
2024-03-28T18:28:32.875 INFO:journalctl@ceph.mon.a.smithi145.stdout:Mar 28 18:28:32 smithi145 ceph-mon[32151]: from='client.14134 -' entity='client.admin' cmd=[{"prefix": "cephadm set-user", "user": "root", "target": ["mon-mgr", ""]}]: dispatch
2024-03-28T18:28:33.442 INFO:journalctl@ceph.mgr.x.smithi145.stdout:Mar 28 18:28:33 smithi145 ceph-b991dbde-ed30-11ee-95d0-87774f69a715-mgr-x[32380]: Generating public/private rsa key pair.
2024-03-28T18:28:33.442 INFO:journalctl@ceph.mgr.x.smithi145.stdout:Mar 28 18:28:33 smithi145 ceph-b991dbde-ed30-11ee-95d0-87774f69a715-mgr-x[32380]: Your identification has been saved in /tmp/tmpef91kiqw/key.
2024-03-28T18:28:33.442 INFO:journalctl@ceph.mgr.x.smithi145.stdout:Mar 28 18:28:33 smithi145 ceph-b991dbde-ed30-11ee-95d0-87774f69a715-mgr-x[32380]: Your public key has been saved in /tmp/tmpef91kiqw/key.pub.
2024-03-28T18:28:33.442 INFO:journalctl@ceph.mgr.x.smithi145.stdout:Mar 28 18:28:33 smithi145 ceph-b991dbde-ed30-11ee-95d0-87774f69a715-mgr-x[32380]: The key fingerprint is:
2024-03-28T18:28:33.442 INFO:journalctl@ceph.mgr.x.smithi145.stdout:Mar 28 18:28:33 smithi145 ceph-b991dbde-ed30-11ee-95d0-87774f69a715-mgr-x[32380]: SHA256:/vn1SMrxhR0nVNbVd3flQsa7E1wLwznLkFhQyzRwGP4 ceph-b991dbde-ed30-11ee-95d0-87774f69a715
2024-03-28T18:28:33.443 INFO:journalctl@ceph.mgr.x.smithi145.stdout:Mar 28 18:28:33 smithi145 ceph-b991dbde-ed30-11ee-95d0-87774f69a715-mgr-x[32380]: The key's randomart image is:
2024-03-28T18:28:33.443 INFO:journalctl@ceph.mgr.x.smithi145.stdout:Mar 28 18:28:33 smithi145 ceph-b991dbde-ed30-11ee-95d0-87774f69a715-mgr-x[32380]: +---[RSA 3072]----+
2024-03-28T18:28:33.443 INFO:journalctl@ceph.mgr.x.smithi145.stdout:Mar 28 18:28:33 smithi145 ceph-b991dbde-ed30-11ee-95d0-87774f69a715-mgr-x[32380]: | +O*o.+ X|
2024-03-28T18:28:33.443 INFO:journalctl@ceph.mgr.x.smithi145.stdout:Mar 28 18:28:33 smithi145 ceph-b991dbde-ed30-11ee-95d0-87774f69a715-mgr-x[32380]: | .o+ooO.+O|
2024-03-28T18:28:33.443 INFO:journalctl@ceph.mgr.x.smithi145.stdout:Mar 28 18:28:33 smithi145 ceph-b991dbde-ed30-11ee-95d0-87774f69a715-mgr-x[32380]: | . oo.BoB|
2024-03-28T18:28:33.443 INFO:journalctl@ceph.mgr.x.smithi145.stdout:Mar 28 18:28:33 smithi145 ceph-b991dbde-ed30-11ee-95d0-87774f69a715-mgr-x[32380]: | . ++o |
2024-03-28T18:28:33.443 INFO:journalctl@ceph.mgr.x.smithi145.stdout:Mar 28 18:28:33 smithi145 ceph-b991dbde-ed30-11ee-95d0-87774f69a715-mgr-x[32380]: | S E .+.|
2024-03-28T18:28:33.443 INFO:journalctl@ceph.mgr.x.smithi145.stdout:Mar 28 18:28:33 smithi145 ceph-b991dbde-ed30-11ee-95d0-87774f69a715-mgr-x[32380]: | . o+o|
2024-03-28T18:28:33.443 INFO:journalctl@ceph.mgr.x.smithi145.stdout:Mar 28 18:28:33 smithi145 ceph-b991dbde-ed30-11ee-95d0-87774f69a715-mgr-x[32380]: | . . +.o|
2024-03-28T18:28:33.443 INFO:journalctl@ceph.mgr.x.smithi145.stdout:Mar 28 18:28:33 smithi145 ceph-b991dbde-ed30-11ee-95d0-87774f69a715-mgr-x[32380]: | . o * + |
2024-03-28T18:28:33.443 INFO:journalctl@ceph.mgr.x.smithi145.stdout:Mar 28 18:28:33 smithi145 ceph-b991dbde-ed30-11ee-95d0-87774f69a715-mgr-x[32380]: | o.+ o .|
2024-03-28T18:28:33.443 INFO:journalctl@ceph.mgr.x.smithi145.stdout:Mar 28 18:28:33 smithi145 ceph-b991dbde-ed30-11ee-95d0-87774f69a715-mgr-x[32380]: +----[SHA256]-----+
2024-03-28T18:28:33.733 INFO:teuthology.orchestra.run.smithi145.stdout:/usr/bin/ceph: stderr
2024-03-28T18:28:32.668+0000 7f9df7a07700 1 Processor -- start
2024-03-28T18:28:33.733 INFO:teuthology.orchestra.run.smithi145.stdout:/usr/bin/ceph: stderr
2024-03-28T18:28:32.668+0000 7f9df7a07700 1 -- start start
2024-03-28T18:28:33.733 INFO:teuthology.orchestra.run.smithi145.stdout:/usr/bin/ceph: stderr
2024-03-28T18:28:32.668+0000 7f9df7a07700 1 --2- >> [v2:172.21.15.145:3300/0,v1:172.21.15.145:6789/0] conn(0x7f9df007de90 0x7f9df007c340 unknown :-1 s=NONE pgs=0 cs=0 l=0 rev1=0 crypto rx=0 tx=0 comp rx=0 tx=0).connect
2024-03-28T18:28:33.733 INFO:teuthology.orchestra.run.smithi145.stdout:/usr/bin/ceph: stderr
2024-03-28T18:28:32.668+0000 7f9df7a07700 1 -- --> [v2:172.21.15.145:3300/0,v1:172.21.15.145:6789/0] -- mon_getmap magic: 0 v1 -- 0x7f9df007c910 con 0x7f9df007de90
2024-03-28T18:28:33.733 INFO:teuthology.orchestra.run.smithi145.stdout:/usr/bin/ceph: stderr
2024-03-28T18:28:32.669+0000 7f9df57a3700 1 --2- >> [v2:172.21.15.145:3300/0,v1:172.21.15.145:6789/0] conn(0x7f9df007de90 0x7f9df007c340 unknown :-1 s=BANNER_CONNECTING pgs=0 cs=0 l=0 rev1=0 crypto rx=0 tx=0 comp rx=0 tx=0)._handle_peer_banner_payload supported=3 required=0
2024-03-28T18:28:33.733 INFO:teuthology.orchestra.run.smithi145.stdout:/usr/bin/ceph: stderr
2024-03-28T18:28:32.669+0000 7f9df57a3700 1 --2- >> [v2:172.21.15.145:3300/0,v1:172.21.15.145:6789/0] conn(0x7f9df007de90 0x7f9df007c340 unknown :-1 s=HELLO_CONNECTING pgs=0 cs=0 l=0 rev1=1 crypto rx=0 tx=0 comp rx=0 tx=0).handle_hello peer v2:172.21.15.145:3300/0 says I am v2:172.21.15.145:38104/0 (socket says 172.21.15.145:38104)
2024-03-28T18:28:33.733 INFO:teuthology.orchestra.run.smithi145.stdout:/usr/bin/ceph: stderr
2024-03-28T18:28:32.669+0000 7f9df57a3700 1 -- 172.21.15.145:0/657398212 learned_addr learned my addr 172.21.15.145:0/657398212 (peer_addr_for_me v2:172.21.15.145:0/0)
2024-03-28T18:28:33.733 INFO:teuthology.orchestra.run.smithi145.stdout:/usr/bin/ceph: stderr
2024-03-28T18:28:32.669+0000 7f9df57a3700 1 -- 172.21.15.145:0/657398212 --> [v2:172.21.15.145:3300/0,v1:172.21.15.145:6789/0] -- mon_subscribe({config=0+,monmap=0+}) v3 -- 0x7f9df007ca90 con 0x7f9df007de90
2024-03-28T18:28:33.733 INFO:teuthology.orchestra.run.smithi145.stdout:/usr/bin/ceph: stderr
2024-03-28T18:28:32.669+0000 7f9df57a3700 1 --2- 172.21.15.145:0/657398212 >> [v2:172.21.15.145:3300/0,v1:172.21.15.145:6789/0] conn(0x7f9df007de90 0x7f9df007c340 secure :-1 s=READY pgs=41 cs=0 l=1 rev1=1 crypto rx=0x7f9dec0098a0 tx=0x7f9dec009bb0 comp rx=0 tx=0).ready entity=mon.0 client_cookie=1a38ee06b642bf93 server_cookie=0 in_seq=0 out_seq=0
2024-03-28T18:28:33.733 INFO:teuthology.orchestra.run.smithi145.stdout:/usr/bin/ceph: stderr
2024-03-28T18:28:32.669+0000 7f9de7fff700 1 -- 172.21.15.145:0/657398212 <== mon.0 v2:172.21.15.145:3300/0 1 ==== mon_map magic: 0 v1 ==== 205+0+0 (secure 0 0 0) 0x7f9dec004160 con 0x7f9df007de90
2024-03-28T18:28:33.733 INFO:teuthology.orchestra.run.smithi145.stdout:/usr/bin/ceph: stderr
2024-03-28T18:28:32.669+0000 7f9de7fff700 1 -- 172.21.15.145:0/657398212 <== mon.0 v2:172.21.15.145:3300/0 2 ==== config(27 keys) v1 ==== 1109+0+0 (secure 0 0 0) 0x7f9dec004300 con 0x7f9df007de90
2024-03-28T18:28:33.734 INFO:teuthology.orchestra.run.smithi145.stdout:/usr/bin/ceph: stderr
2024-03-28T18:28:32.669+0000 7f9de7fff700 1 -- 172.21.15.145:0/657398212 <== mon.0 v2:172.21.15.145:3300/0 3 ==== mon_map magic: 0 v1 ==== 205+0+0 (secure 0 0 0) 0x7f9dec011b50 con 0x7f9df007de90
2024-03-28T18:28:33.734 INFO:teuthology.orchestra.run.smithi145.stdout:/usr/bin/ceph: stderr
2024-03-28T18:28:32.670+0000 7f9df7a07700 1 -- 172.21.15.145:0/657398212 >> [v2:172.21.15.145:3300/0,v1:172.21.15.145:6789/0] conn(0x7f9df007de90 msgr2=0x7f9df007c340 secure :-1 s=STATE_CONNECTION_ESTABLISHED l=1).mark_down
2024-03-28T18:28:33.734 INFO:teuthology.orchestra.run.smithi145.stdout:/usr/bin/ceph: stderr
2024-03-28T18:28:32.670+0000 7f9df7a07700 1 --2- 172.21.15.145:0/657398212 >> [v2:172.21.15.145:3300/0,v1:172.21.15.145:6789/0] conn(0x7f9df007de90 0x7f9df007c340 secure :-1 s=READY pgs=41 cs=0 l=1 rev1=1 crypto rx=0x7f9dec0098a0 tx=0x7f9dec009bb0 comp rx=0 tx=0).stop
2024-03-28T18:28:33.734 INFO:teuthology.orchestra.run.smithi145.stdout:/usr/bin/ceph: stderr
2024-03-28T18:28:32.670+0000 7f9df7a07700 1 -- 172.21.15.145:0/657398212 shutdown_connections
2024-03-28T18:28:33.734 INFO:teuthology.orchestra.run.smithi145.stdout:/usr/bin/ceph: stderr
2024-03-28T18:28:32.670+0000 7f9df7a07700 1 --2- 172.21.15.145:0/657398212 >> [v2:172.21.15.145:3300/0,v1:172.21.15.145:6789/0] conn(0x7f9df007de90 0x7f9df007c340 unknown :-1 s=CLOSED pgs=41 cs=0 l=1 rev1=1 crypto rx=0 tx=0 comp rx=0 tx=0).stop
2024-03-28T18:28:33.734 INFO:teuthology.orchestra.run.smithi145.stdout:/usr/bin/ceph: stderr
2024-03-28T18:28:32.670+0000 7f9df7a07700 1 -- 172.21.15.145:0/657398212 >> 172.21.15.145:0/657398212 conn(0x7f9df0103130 msgr2=0x7f9df0105550 unknown :-1 s=STATE_NONE l=0).mark_down
2024-03-28T18:28:33.734 INFO:teuthology.orchestra.run.smithi145.stdout:/usr/bin/ceph: stderr
2024-03-28T18:28:32.670+0000 7f9df7a07700 1 -- 172.21.15.145:0/657398212 shutdown_connections
2024-03-28T18:28:33.734 INFO:teuthology.orchestra.run.smithi145.stdout:/usr/bin/ceph: stderr
2024-03-28T18:28:32.670+0000 7f9df7a07700 1 -- 172.21.15.145:0/657398212 wait complete.
2024-03-28T18:28:33.734 INFO:teuthology.orchestra.run.smithi145.stdout:/usr/bin/ceph: stderr
2024-03-28T18:28:32.671+0000 7f9df7a07700 1 Processor -- start
2024-03-28T18:28:33.734 INFO:teuthology.orchestra.run.smithi145.stdout:/usr/bin/ceph: stderr
2024-03-28T18:28:32.671+0000 7f9df7a07700 1 -- start start
2024-03-28T18:28:33.734 INFO:teuthology.orchestra.run.smithi145.stdout:/usr/bin/ceph: stderr
2024-03-28T18:28:32.671+0000 7f9df7a07700 1 --2- >> [v2:172.21.15.145:3300/0,v1:172.21.15.145:6789/0] conn(0x7f9df007de90 0x7f9df019dcc0 unknown :-1 s=NONE pgs=0 cs=0 l=1 rev1=0 crypto rx=0 tx=0 comp rx=0 tx=0).connect
2024-03-28T18:28:33.734 INFO:teuthology.orchestra.run.smithi145.stdout:/usr/bin/ceph: stderr
2024-03-28T18:28:32.671+0000 7f9df7a07700 1 -- --> [v2:172.21.15.145:3300/0,v1:172.21.15.145:6789/0] -- mon_getmap magic: 0 v1 -- 0x7f9df010e0e0 con 0x7f9df007de90
2024-03-28T18:28:33.734 INFO:teuthology.orchestra.run.smithi145.stdout:/usr/bin/ceph: stderr
2024-03-28T18:28:32.671+0000 7f9df57a3700 1 --2- >> [v2:172.21.15.145:3300/0,v1:172.21.15.145:6789/0] conn(0x7f9df007de90 0x7f9df019dcc0 unknown :-1 s=BANNER_CONNECTING pgs=0 cs=0 l=1 rev1=0 crypto rx=0 tx=0 comp rx=0 tx=0)._handle_peer_banner_payload supported=3 required=0
2024-03-28T18:28:33.734 INFO:teuthology.orchestra.run.smithi145.stdout:/usr/bin/ceph: stderr
2024-03-28T18:28:32.671+0000 7f9df57a3700 1 --2- >> [v2:172.21.15.145:3300/0,v1:172.21.15.145:6789/0] conn(0x7f9df007de90 0x7f9df019dcc0 unknown :-1 s=HELLO_CONNECTING pgs=0 cs=0 l=1 rev1=1 crypto rx=0 tx=0 comp rx=0 tx=0).handle_hello peer v2:172.21.15.145:3300/0 says I am v2:172.21.15.145:38118/0 (socket says 172.21.15.145:38118)
2024-03-28T18:28:33.735 INFO:teuthology.orchestra.run.smithi145.stdout:/usr/bin/ceph: stderr
2024-03-28T18:28:32.671+0000 7f9df57a3700 1 -- 172.21.15.145:0/2170401924 learned_addr learned my addr 172.21.15.145:0/2170401924 (peer_addr_for_me v2:172.21.15.145:0/0)
2024-03-28T18:28:33.735 INFO:teuthology.orchestra.run.smithi145.stdout:/usr/bin/ceph: stderr
2024-03-28T18:28:32.671+0000 7f9df57a3700 1 -- 172.21.15.145:0/2170401924 --> [v2:172.21.15.145:3300/0,v1:172.21.15.145:6789/0] -- mon_subscribe({config=0+,monmap=0+}) v3 -- 0x7f9df019e200 con 0x7f9df007de90
2024-03-28T18:28:33.735 INFO:teuthology.orchestra.run.smithi145.stdout:/usr/bin/ceph: stderr
2024-03-28T18:28:32.671+0000 7f9df57a3700 1 --2- 172.21.15.145:0/2170401924 >> [v2:172.21.15.145:3300/0,v1:172.21.15.145:6789/0] conn(0x7f9df007de90 0x7f9df019dcc0 secure :-1 s=READY pgs=42 cs=0 l=1 rev1=1 crypto rx=0x7f9dec011b60 tx=0x7f9dec011c40 comp rx=0 tx=0).ready entity=mon.0 client_cookie=0 server_cookie=0 in_seq=0 out_seq=0
2024-03-28T18:28:33.735 INFO:teuthology.orchestra.run.smithi145.stdout:/usr/bin/ceph: stderr
2024-03-28T18:28:32.673+0000 7f9de67fc700 1 -- 172.21.15.145:0/2170401924 <== mon.0 v2:172.21.15.145:3300/0 1 ==== mon_map magic: 0 v1 ==== 205+0+0 (secure 0 0 0) 0x7f9dec003970 con 0x7f9df007de90
2024-03-28T18:28:33.735 INFO:teuthology.orchestra.run.smithi145.stdout:/usr/bin/ceph: stderr
2024-03-28T18:28:32.673+0000 7f9de67fc700 1 -- 172.21.15.145:0/2170401924 <== mon.0 v2:172.21.15.145:3300/0 2 ==== config(27 keys) v1 ==== 1109+0+0 (secure 0 0 0) 0x7f9dec003b10 con 0x7f9df007de90
2024-03-28T18:28:33.735 INFO:teuthology.orchestra.run.smithi145.stdout:/usr/bin/ceph: stderr
2024-03-28T18:28:32.673+0000 7f9de67fc700 1 -- 172.21.15.145:0/2170401924 <== mon.0 v2:172.21.15.145:3300/0 3 ==== mon_map magic: 0 v1 ==== 205+0+0 (secure 0 0 0) 0x7f9dec024610 con 0x7f9df007de90
2024-03-28T18:28:33.735 INFO:teuthology.orchestra.run.smithi145.stdout:/usr/bin/ceph: stderr
2024-03-28T18:28:32.673+0000 7f9df7a07700 1 -- 172.21.15.145:0/2170401924 --> [v2:172.21.15.145:3300/0,v1:172.21.15.145:6789/0] -- mon_subscribe({mgrmap=0+}) v3 -- 0x7f9df019e490 con 0x7f9df007de90
2024-03-28T18:28:33.735 INFO:teuthology.orchestra.run.smithi145.stdout:/usr/bin/ceph: stderr
2024-03-28T18:28:32.673+0000 7f9df7a07700 1 -- 172.21.15.145:0/2170401924 --> [v2:172.21.15.145:3300/0,v1:172.21.15.145:6789/0] -- mon_subscribe({osdmap=0}) v3 -- 0x7f9df01a1180 con 0x7f9df007de90
2024-03-28T18:28:33.735 INFO:teuthology.orchestra.run.smithi145.stdout:/usr/bin/ceph: stderr
2024-03-28T18:28:32.674+0000 7f9de67fc700 1 -- 172.21.15.145:0/2170401924 <== mon.0 v2:172.21.15.145:3300/0 4 ==== mgrmap(e 8) v1 ==== 46106+0+0 (secure 0 0 0) 0x7f9dec0248c0 con 0x7f9df007de90
2024-03-28T18:28:33.735 INFO:teuthology.orchestra.run.smithi145.stdout:/usr/bin/ceph: stderr
2024-03-28T18:28:32.674+0000 7f9de67fc700 1 --2- 172.21.15.145:0/2170401924 >> [v2:172.21.15.145:6800/2089479814,v1:172.21.15.145:6801/2089479814] conn(0x7f9ddc038f70 0x7f9ddc03b430 unknown :-1 s=NONE pgs=0 cs=0 l=1 rev1=0 crypto rx=0 tx=0 comp rx=0 tx=0).connect
2024-03-28T18:28:33.735 INFO:teuthology.orchestra.run.smithi145.stdout:/usr/bin/ceph: stderr
2024-03-28T18:28:32.674+0000 7f9df7a07700 1 -- 172.21.15.145:0/2170401924 --> [v2:172.21.15.145:3300/0,v1:172.21.15.145:6789/0] -- mon_command({"prefix": "get_command_descriptions"} v 0) v1 -- 0x7f9df0069250 con 0x7f9df007de90
2024-03-28T18:28:33.735 INFO:teuthology.orchestra.run.smithi145.stdout:/usr/bin/ceph: stderr
2024-03-28T18:28:32.674+0000 7f9de67fc700 1 -- 172.21.15.145:0/2170401924 <== mon.0 v2:172.21.15.145:3300/0 5 ==== osd_map(2..2 src has 1..2) v4 ==== 940+0+0 (secure 0 0 0) 0x7f9dec011e00 con 0x7f9df007de90
2024-03-28T18:28:33.735 INFO:teuthology.orchestra.run.smithi145.stdout:/usr/bin/ceph: stderr
2024-03-28T18:28:32.674+0000 7f9df4fa2700 1 --2- 172.21.15.145:0/2170401924 >> [v2:172.21.15.145:6800/2089479814,v1:172.21.15.145:6801/2089479814] conn(0x7f9ddc038f70 0x7f9ddc03b430 unknown :-1 s=BANNER_CONNECTING pgs=0 cs=0 l=1 rev1=0 crypto rx=0 tx=0 comp rx=0 tx=0)._handle_peer_banner_payload supported=3 required=0
2024-03-28T18:28:33.735 INFO:teuthology.orchestra.run.smithi145.stdout:/usr/bin/ceph: stderr
2024-03-28T18:28:32.675+0000 7f9df4fa2700 1 --2- 172.21.15.145:0/2170401924 >> [v2:172.21.15.145:6800/2089479814,v1:172.21.15.145:6801/2089479814] conn(0x7f9ddc038f70 0x7f9ddc03b430 secure :-1 s=READY pgs=9 cs=0 l=1 rev1=1 crypto rx=0x7f9de0006fd0 tx=0x7f9de0006e40 comp rx=0 tx=0).ready entity=mgr.14120 client_cookie=0 server_cookie=0 in_seq=0 out_seq=0
2024-03-28T18:28:33.735 INFO:teuthology.orchestra.run.smithi145.stdout:/usr/bin/ceph: stderr
2024-03-28T18:28:32.680+0000 7f9de67fc700 1 -- 172.21.15.145:0/2170401924 <== mon.0 v2:172.21.15.145:3300/0 6 ==== mon_command_ack([{"prefix": "get_command_descriptions"}]=0 v0) v1 ==== 72+0+186149 (secure 0 0 0) 0x7f9dec00ba00 con 0x7f9df007de90
2024-03-28T18:28:33.736 INFO:teuthology.orchestra.run.smithi145.stdout:/usr/bin/ceph: stderr
2024-03-28T18:28:32.874+0000 7f9df7a07700 1 -- 172.21.15.145:0/2170401924 --> [v2:172.21.15.145:6800/2089479814,v1:172.21.15.145:6801/2089479814] -- mgr_command(tid 0: {"prefix": "cephadm generate-key", "target": ["mon-mgr", ""]}) v1 -- 0x7f9df0104380 con 0x7f9ddc038f70
2024-03-28T18:28:33.736 INFO:teuthology.orchestra.run.smithi145.stdout:/usr/bin/ceph: stderr
2024-03-28T18:28:33.157+0000 7f9de67fc700 1 -- 172.21.15.145:0/2170401924 <== mgr.14120 v2:172.21.15.145:6800/2089479814 1 ==== mgr_command_reply(tid 0: 0 ) v1 ==== 8+0+0 (secure 0 0 0) 0x7f9df0104380 con 0x7f9ddc038f70
2024-03-28T18:28:33.736 INFO:teuthology.orchestra.run.smithi145.stdout:/usr/bin/ceph: stderr
2024-03-28T18:28:33.160+0000 7f9df7a07700 1 -- 172.21.15.145:0/2170401924 >> [v2:172.21.15.145:6800/2089479814,v1:172.21.15.145:6801/2089479814] conn(0x7f9ddc038f70 msgr2=0x7f9ddc03b430 secure :-1 s=STATE_CONNECTION_ESTABLISHED l=1).mark_down
2024-03-28T18:28:33.736 INFO:teuthology.orchestra.run.smithi145.stdout:/usr/bin/ceph: stderr
2024-03-28T18:28:33.160+0000 7f9df7a07700 1 --2- 172.21.15.145:0/2170401924 >> [v2:172.21.15.145:6800/2089479814,v1:172.21.15.145:6801/2089479814] conn(0x7f9ddc038f70 0x7f9ddc03b430 secure :-1 s=READY pgs=9 cs=0 l=1 rev1=1 crypto rx=0x7f9de0006fd0 tx=0x7f9de0006e40 comp rx=0 tx=0).stop
2024-03-28T18:28:33.736 INFO:teuthology.orchestra.run.smithi145.stdout:/usr/bin/ceph: stderr
2024-03-28T18:28:33.160+0000 7f9df7a07700 1 -- 172.21.15.145:0/2170401924 >> [v2:172.21.15.145:3300/0,v1:172.21.15.145:6789/0] conn(0x7f9df007de90 msgr2=0x7f9df019dcc0 secure :-1 s=STATE_CONNECTION_ESTABLISHED l=1).mark_down
2024-03-28T18:28:33.736 INFO:teuthology.orchestra.run.smithi145.stdout:/usr/bin/ceph: stderr
2024-03-28T18:28:33.160+0000 7f9df7a07700 1 --2- 172.21.15.145:0/2170401924 >> [v2:172.21.15.145:3300/0,v1:172.21.15.145:6789/0] conn(0x7f9df007de90 0x7f9df019dcc0 secure :-1 s=READY pgs=42 cs=0 l=1 rev1=1 crypto rx=0x7f9dec011b60 tx=0x7f9dec011c40 comp rx=0 tx=0).stop
2024-03-28T18:28:33.736 INFO:teuthology.orchestra.run.smithi145.stdout:/usr/bin/ceph: stderr
2024-03-28T18:28:33.160+0000 7f9df7a07700 1 -- 172.21.15.145:0/2170401924 shutdown_connections
2024-03-28T18:28:33.736 INFO:teuthology.orchestra.run.smithi145.stdout:/usr/bin/ceph: stderr
2024-03-28T18:28:33.160+0000 7f9df7a07700 1 --2- 172.21.15.145:0/2170401924 >> [v2:172.21.15.145:6800/2089479814,v1:172.21.15.145:6801/2089479814] conn(0x7f9ddc038f70 0x7f9ddc03b430 unknown :-1 s=CLOSED pgs=9 cs=0 l=1 rev1=1 crypto rx=0 tx=0 comp rx=0 tx=0).stop
2024-03-28T18:28:33.736 INFO:teuthology.orchestra.run.smithi145.stdout:/usr/bin/ceph: stderr
2024-03-28T18:28:33.160+0000 7f9df7a07700 1 --2- 172.21.15.145:0/2170401924 >> [v2:172.21.15.145:3300/0,v1:172.21.15.145:6789/0] conn(0x7f9df007de90 0x7f9df019dcc0 unknown :-1 s=CLOSED pgs=42 cs=0 l=1 rev1=1 crypto rx=0 tx=0 comp rx=0 tx=0).stop
2024-03-28T18:28:33.736 INFO:teuthology.orchestra.run.smithi145.stdout:/usr/bin/ceph: stderr
2024-03-28T18:28:33.160+0000 7f9df7a07700 1 -- 172.21.15.145:0/2170401924 >> 172.21.15.145:0/2170401924 conn(0x7f9df0103130 msgr2=0x7f9df0103c70 unknown :-1 s=STATE_NONE l=0).mark_down
2024-03-28T18:28:33.736 INFO:teuthology.orchestra.run.smithi145.stdout:/usr/bin/ceph: stderr
2024-03-28T18:28:33.160+0000 7f9df7a07700 1 -- 172.21.15.145:0/2170401924 shutdown_connections
2024-03-28T18:28:33.736 INFO:teuthology.orchestra.run.smithi145.stdout:/usr/bin/ceph: stderr
2024-03-28T18:28:33.160+0000 7f9df7a07700 1 -- 172.21.15.145:0/2170401924 wait complete.
2024-03-28T18:28:34.341 INFO:journalctl@ceph.mon.a.smithi145.stdout:Mar 28 18:28:34 smithi145 ceph-mon[32151]: from='client.14136 -' entity='client.admin' cmd=[{"prefix": "cephadm generate-key", "target": ["mon-mgr", ""]}]: dispatch
2024-03-28T18:28:34.341 INFO:journalctl@ceph.mon.a.smithi145.stdout:Mar 28 18:28:34 smithi145 ceph-mon[32151]: Generating ssh key...
2024-03-28T18:28:34.341 INFO:journalctl@ceph.mon.a.smithi145.stdout:Mar 28 18:28:34 smithi145 ceph-mon[32151]: from='mgr.14120 172.21.15.145:0/3226195784' entity='mgr.x'
2024-03-28T18:28:34.341 INFO:journalctl@ceph.mon.a.smithi145.stdout:Mar 28 18:28:34 smithi145 ceph-mon[32151]: from='mgr.14120 172.21.15.145:0/3226195784' entity='mgr.x'
2024-03-28T18:28:34.914 INFO:teuthology.orchestra.run.smithi145.stdout:/usr/bin/ceph: stdout ssh-rsa AAAAB3NzaC1yc2EAAAADAQABAAABgQCgdDQNfi0nv6l1aa/Z1e9vtm1Gk6xMaSkx1kElQgGU68OueOSlYDDancYbVaceWYVZALZP6KwnroVaWjOCqvAIhC8r/SPM+KwOILbU3GhCHercb3dQ//jSIuVYc61ZPe5tmP8NMvYmMwfr4W9VzIMaaUp7Bp9HdflzB+X9L0b9e/wTMtH/323yYuOPL4fncASgtO5vpLjv3xL+3OibzDDctJukJn2ATgCzS0XcBT2TRRgNDmxgCIP86Bhmbj1ommLAMS+9jVZQ2EdhxtCZnO415dzviPEgvgIILOZhFPc2TuVe4sgX4xjn+wBbewjRl+Kt1u1pTz+jTwnBEF7Rx55Aec3daFWaGbqU5eOQyCrkYqNhQaWvr52r0zJPJTymBaxAiEOedm9zvrtAuzVOzjEXyGPmPAzufSSbaMeO/xZ1XJmHzKJlZqy0gAirf5s82ImPW4FIbWlBkzXVCcm4l4w/o8CfY16BEHep9x8TUyOQ32e0nEmeApGUpCMQbpG2LB0= ceph-b991dbde-ed30-11ee-95d0-87774f69a715
2024-03-28T18:28:34.915 INFO:teuthology.orchestra.run.smithi145.stdout:/usr/bin/ceph: stderr
2024-03-28T18:28:34.127+0000 7efe34bb0700 1 Processor -- start
2024-03-28T18:28:34.915 INFO:teuthology.orchestra.run.smithi145.stdout:/usr/bin/ceph: stderr
2024-03-28T18:28:34.127+0000 7efe34bb0700 1 -- start start
2024-03-28T18:28:34.915 INFO:teuthology.orchestra.run.smithi145.stdout:/usr/bin/ceph: stderr
2024-03-28T18:28:34.127+0000 7efe34bb0700 1 --2- >> [v2:172.21.15.145:3300/0,v1:172.21.15.145:6789/0] conn(0x7efe3007dee0 0x7efe3007c340 unknown :-1 s=NONE pgs=0 cs=0 l=0 rev1=0 crypto rx=0 tx=0 comp rx=0 tx=0).connect
2024-03-28T18:28:34.915 INFO:teuthology.orchestra.run.smithi145.stdout:/usr/bin/ceph: stderr
2024-03-28T18:28:34.127+0000 7efe34bb0700 1 -- --> [v2:172.21.15.145:3300/0,v1:172.21.15.145:6789/0] -- mon_getmap magic: 0 v1 -- 0x7efe3007c910 con 0x7efe3007dee0
2024-03-28T18:28:34.915 INFO:teuthology.orchestra.run.smithi145.stdout:/usr/bin/ceph: stderr
2024-03-28T18:28:34.128+0000 7efe2e59c700 1 --2- >> [v2:172.21.15.145:3300/0,v1:172.21.15.145:6789/0] conn(0x7efe3007dee0 0x7efe3007c340 unknown :-1 s=BANNER_CONNECTING pgs=0 cs=0 l=0 rev1=0 crypto rx=0 tx=0 comp rx=0 tx=0)._handle_peer_banner_payload supported=3 required=0
2024-03-28T18:28:34.915 INFO:teuthology.orchestra.run.smithi145.stdout:/usr/bin/ceph: stderr
2024-03-28T18:28:34.128+0000 7efe2e59c700 1 --2- >> [v2:172.21.15.145:3300/0,v1:172.21.15.145:6789/0] conn(0x7efe3007dee0 0x7efe3007c340 unknown :-1 s=HELLO_CONNECTING pgs=0 cs=0 l=0 rev1=1 crypto rx=0 tx=0 comp rx=0 tx=0).handle_hello peer v2:172.21.15.145:3300/0 says I am v2:172.21.15.145:38122/0 (socket says 172.21.15.145:38122)
2024-03-28T18:28:34.915 INFO:teuthology.orchestra.run.smithi145.stdout:/usr/bin/ceph: stderr
2024-03-28T18:28:34.128+0000 7efe2e59c700 1 -- 172.21.15.145:0/2198718021 learned_addr learned my addr 172.21.15.145:0/2198718021 (peer_addr_for_me v2:172.21.15.145:0/0)
2024-03-28T18:28:34.915 INFO:teuthology.orchestra.run.smithi145.stdout:/usr/bin/ceph: stderr
2024-03-28T18:28:34.128+0000 7efe2e59c700 1 -- 172.21.15.145:0/2198718021 --> [v2:172.21.15.145:3300/0,v1:172.21.15.145:6789/0] -- mon_subscribe({config=0+,monmap=0+}) v3 -- 0x7efe3007ca90 con 0x7efe3007dee0
2024-03-28T18:28:34.915 INFO:teuthology.orchestra.run.smithi145.stdout:/usr/bin/ceph: stderr
2024-03-28T18:28:34.128+0000 7efe2e59c700 1 --2- 172.21.15.145:0/2198718021 >> [v2:172.21.15.145:3300/0,v1:172.21.15.145:6789/0] conn(0x7efe3007dee0 0x7efe3007c340 secure :-1 s=READY pgs=43 cs=0 l=1 rev1=1 crypto rx=0x7efe200098a0 tx=0x7efe20009bb0 comp rx=0 tx=0).ready entity=mon.0 client_cookie=fa021472d51494d3 server_cookie=0 in_seq=0 out_seq=0
2024-03-28T18:28:34.915 INFO:teuthology.orchestra.run.smithi145.stdout:/usr/bin/ceph: stderr
2024-03-28T18:28:34.128+0000 7efe2d59a700 1 -- 172.21.15.145:0/2198718021 <== mon.0 v2:172.21.15.145:3300/0 1 ==== mon_map magic: 0 v1 ==== 205+0+0 (secure 0 0 0) 0x7efe20004160 con 0x7efe3007dee0
2024-03-28T18:28:34.915 INFO:teuthology.orchestra.run.smithi145.stdout:/usr/bin/ceph: stderr
2024-03-28T18:28:34.128+0000 7efe2d59a700 1 -- 172.21.15.145:0/2198718021 <== mon.0 v2:172.21.15.145:3300/0 2 ==== config(27 keys) v1 ==== 1109+0+0 (secure 0 0 0) 0x7efe20004300 con 0x7efe3007dee0
2024-03-28T18:28:34.915 INFO:teuthology.orchestra.run.smithi145.stdout:/usr/bin/ceph: stderr
2024-03-28T18:28:34.128+0000 7efe2d59a700 1 -- 172.21.15.145:0/2198718021 <== mon.0 v2:172.21.15.145:3300/0 3 ==== mon_map magic: 0 v1 ==== 205+0+0 (secure 0 0 0) 0x7efe20011b50 con 0x7efe3007dee0
2024-03-28T18:28:34.915 INFO:teuthology.orchestra.run.smithi145.stdout:/usr/bin/ceph: stderr
2024-03-28T18:28:34.129+0000 7efe34bb0700 1 -- 172.21.15.145:0/2198718021 >> [v2:172.21.15.145:3300/0,v1:172.21.15.145:6789/0] conn(0x7efe3007dee0 msgr2=0x7efe3007c340 secure :-1 s=STATE_CONNECTION_ESTABLISHED l=1).mark_down
2024-03-28T18:28:34.915 INFO:teuthology.orchestra.run.smithi145.stdout:/usr/bin/ceph: stderr
2024-03-28T18:28:34.129+0000 7efe34bb0700 1 --2- 172.21.15.145:0/2198718021 >> [v2:172.21.15.145:3300/0,v1:172.21.15.145:6789/0] conn(0x7efe3007dee0 0x7efe3007c340 secure :-1 s=READY pgs=43 cs=0 l=1 rev1=1 crypto rx=0x7efe200098a0 tx=0x7efe20009bb0 comp rx=0 tx=0).stop
2024-03-28T18:28:34.916 INFO:teuthology.orchestra.run.smithi145.stdout:/usr/bin/ceph: stderr
2024-03-28T18:28:34.129+0000 7efe34bb0700 1 -- 172.21.15.145:0/2198718021 shutdown_connections
2024-03-28T18:28:34.916 INFO:teuthology.orchestra.run.smithi145.stdout:/usr/bin/ceph: stderr
2024-03-28T18:28:34.129+0000 7efe34bb0700 1 --2- 172.21.15.145:0/2198718021 >> [v2:172.21.15.145:3300/0,v1:172.21.15.145:6789/0] conn(0x7efe3007dee0 0x7efe3007c340 unknown :-1 s=CLOSED pgs=43 cs=0 l=1 rev1=1 crypto rx=0 tx=0 comp rx=0 tx=0).stop
2024-03-28T18:28:34.916 INFO:teuthology.orchestra.run.smithi145.stdout:/usr/bin/ceph: stderr
2024-03-28T18:28:34.129+0000 7efe34bb0700 1 -- 172.21.15.145:0/2198718021 >> 172.21.15.145:0/2198718021 conn(0x7efe30103050 msgr2=0x7efe30105470 unknown :-1 s=STATE_NONE l=0).mark_down
2024-03-28T18:28:34.916 INFO:teuthology.orchestra.run.smithi145.stdout:/usr/bin/ceph: stderr
2024-03-28T18:28:34.129+0000 7efe34bb0700 1 -- 172.21.15.145:0/2198718021 shutdown_connections
2024-03-28T18:28:34.916 INFO:teuthology.orchestra.run.smithi145.stdout:/usr/bin/ceph: stderr
2024-03-28T18:28:34.129+0000 7efe34bb0700 1 -- 172.21.15.145:0/2198718021 wait complete.
2024-03-28T18:28:34.916 INFO:teuthology.orchestra.run.smithi145.stdout:/usr/bin/ceph: stderr
2024-03-28T18:28:34.130+0000 7efe34bb0700 1 Processor -- start
2024-03-28T18:28:34.916 INFO:teuthology.orchestra.run.smithi145.stdout:/usr/bin/ceph: stderr
2024-03-28T18:28:34.130+0000 7efe34bb0700 1 -- start start
2024-03-28T18:28:34.916 INFO:teuthology.orchestra.run.smithi145.stdout:/usr/bin/ceph: stderr
2024-03-28T18:28:34.130+0000 7efe34bb0700 1 --2- >> [v2:172.21.15.145:3300/0,v1:172.21.15.145:6789/0] conn(0x7efe3007dee0 0x7efe3019dcb0 unknown :-1 s=NONE pgs=0 cs=0 l=1 rev1=0 crypto rx=0 tx=0 comp rx=0 tx=0).connect
2024-03-28T18:28:34.916 INFO:teuthology.orchestra.run.smithi145.stdout:/usr/bin/ceph: stderr
2024-03-28T18:28:34.130+0000 7efe34bb0700 1 -- --> [v2:172.21.15.145:3300/0,v1:172.21.15.145:6789/0] -- mon_getmap magic: 0 v1 -- 0x7efe3010e080 con 0x7efe3007dee0
2024-03-28T18:28:34.916 INFO:teuthology.orchestra.run.smithi145.stdout:/usr/bin/ceph: stderr
2024-03-28T18:28:34.130+0000 7efe2e59c700 1 --2- >> [v2:172.21.15.145:3300/0,v1:172.21.15.145:6789/0] conn(0x7efe3007dee0 0x7efe3019dcb0 unknown :-1 s=BANNER_CONNECTING pgs=0 cs=0 l=1 rev1=0 crypto rx=0 tx=0 comp rx=0 tx=0)._handle_peer_banner_payload supported=3 required=0
2024-03-28T18:28:34.916 INFO:teuthology.orchestra.run.smithi145.stdout:/usr/bin/ceph: stderr
2024-03-28T18:28:34.130+0000 7efe2e59c700 1 --2- >> [v2:172.21.15.145:3300/0,v1:172.21.15.145:6789/0] conn(0x7efe3007dee0 0x7efe3019dcb0 unknown :-1 s=HELLO_CONNECTING pgs=0 cs=0 l=1 rev1=1 crypto rx=0 tx=0 comp rx=0 tx=0).handle_hello peer v2:172.21.15.145:3300/0 says I am v2:172.21.15.145:38132/0 (socket says 172.21.15.145:38132)
2024-03-28T18:28:34.916 INFO:teuthology.orchestra.run.smithi145.stdout:/usr/bin/ceph: stderr
2024-03-28T18:28:34.130+0000 7efe2e59c700 1 -- 172.21.15.145:0/1784531848 learned_addr learned my addr 172.21.15.145:0/1784531848 (peer_addr_for_me v2:172.21.15.145:0/0)
2024-03-28T18:28:34.916 INFO:teuthology.orchestra.run.smithi145.stdout:/usr/bin/ceph: stderr
2024-03-28T18:28:34.131+0000 7efe2e59c700 1 -- 172.21.15.145:0/1784531848 --> [v2:172.21.15.145:3300/0,v1:172.21.15.145:6789/0] -- mon_subscribe({config=0+,monmap=0+}) v3 -- 0x7efe3019e1f0 con 0x7efe3007dee0
2024-03-28T18:28:34.916 INFO:teuthology.orchestra.run.smithi145.stdout:/usr/bin/ceph: stderr
2024-03-28T18:28:34.131+0000 7efe2e59c700 1 --2- 172.21.15.145:0/1784531848 >> [v2:172.21.15.145:3300/0,v1:172.21.15.145:6789/0] conn(0x7efe3007dee0 0x7efe3019dcb0 secure :-1 s=READY pgs=44 cs=0 l=1 rev1=1 crypto rx=0x7efe20011850 tx=0x7efe20011c10 comp rx=0 tx=0).ready entity=mon.0 client_cookie=0 server_cookie=0 in_seq=0 out_seq=0
2024-03-28T18:28:34.916 INFO:teuthology.orchestra.run.smithi145.stdout:/usr/bin/ceph: stderr
2024-03-28T18:28:34.131+0000 7efe1f7fe700 1 -- 172.21.15.145:0/1784531848 <== mon.0 v2:172.21.15.145:3300/0 1 ==== mon_map magic: 0 v1 ==== 205+0+0 (secure 0 0 0) 0x7efe20003af0 con 0x7efe3007dee0
2024-03-28T18:28:34.917 INFO:teuthology.orchestra.run.smithi145.stdout:/usr/bin/ceph: stderr
2024-03-28T18:28:34.131+0000 7efe1f7fe700 1 -- 172.21.15.145:0/1784531848 <== mon.0 v2:172.21.15.145:3300/0 2 ==== config(27 keys) v1 ==== 1109+0+0 (secure 0 0 0) 0x7efe20020070 con 0x7efe3007dee0
2024-03-28T18:28:34.917 INFO:teuthology.orchestra.run.smithi145.stdout:/usr/bin/ceph: stderr
2024-03-28T18:28:34.131+0000 7efe34bb0700 1 -- 172.21.15.145:0/1784531848 --> [v2:172.21.15.145:3300/0,v1:172.21.15.145:6789/0] -- mon_subscribe({mgrmap=0+}) v3 -- 0x7efe3019e480 con 0x7efe3007dee0
2024-03-28T18:28:34.917 INFO:teuthology.orchestra.run.smithi145.stdout:/usr/bin/ceph: stderr
2024-03-28T18:28:34.131+0000 7efe1f7fe700 1 -- 172.21.15.145:0/1784531848 <== mon.0 v2:172.21.15.145:3300/0 3 ==== mon_map magic: 0 v1 ==== 205+0+0 (secure 0 0 0) 0x7efe200195a0 con 0x7efe3007dee0
2024-03-28T18:28:34.917 INFO:teuthology.orchestra.run.smithi145.stdout:/usr/bin/ceph: stderr
2024-03-28T18:28:34.131+0000 7efe34bb0700 1 -- 172.21.15.145:0/1784531848 --> [v2:172.21.15.145:3300/0,v1:172.21.15.145:6789/0] -- mon_subscribe({osdmap=0}) v3 -- 0x7efe301a1170 con 0x7efe3007dee0
2024-03-28T18:28:34.917 INFO:teuthology.orchestra.run.smithi145.stdout:/usr/bin/ceph: stderr
2024-03-28T18:28:34.132+0000 7efe1f7fe700 1 -- 172.21.15.145:0/1784531848 <== mon.0 v2:172.21.15.145:3300/0 4 ==== mgrmap(e 8) v1 ==== 46106+0+0 (secure 0 0 0) 0x7efe20019850 con 0x7efe3007dee0
2024-03-28T18:28:34.917 INFO:teuthology.orchestra.run.smithi145.stdout:/usr/bin/ceph: stderr
2024-03-28T18:28:34.132+0000 7efe34bb0700 1 -- 172.21.15.145:0/1784531848 --> [v2:172.21.15.145:3300/0,v1:172.21.15.145:6789/0] -- mon_command({"prefix": "get_command_descriptions"} v 0) v1 -- 0x7efe30069250 con 0x7efe3007dee0
2024-03-28T18:28:34.917 INFO:teuthology.orchestra.run.smithi145.stdout:/usr/bin/ceph: stderr
2024-03-28T18:28:34.132+0000 7efe1f7fe700 1 --2- 172.21.15.145:0/1784531848 >> [v2:172.21.15.145:6800/2089479814,v1:172.21.15.145:6801/2089479814] conn(0x7efe18038f70 0x7efe1803b430 unknown :-1 s=NONE pgs=0 cs=0 l=1 rev1=0 crypto rx=0 tx=0 comp rx=0 tx=0).connect
2024-03-28T18:28:34.917 INFO:teuthology.orchestra.run.smithi145.stdout:/usr/bin/ceph: stderr
2024-03-28T18:28:34.132+0000 7efe1f7fe700 1 -- 172.21.15.145:0/1784531848 <== mon.0 v2:172.21.15.145:3300/0 5 ==== osd_map(2..2 src has 1..2) v4 ==== 940+0+0 (secure 0 0 0) 0x7efe20011e00 con 0x7efe3007dee0
2024-03-28T18:28:34.917 INFO:teuthology.orchestra.run.smithi145.stdout:/usr/bin/ceph: stderr
2024-03-28T18:28:34.132+0000 7efe2dd9b700 1 --2- 172.21.15.145:0/1784531848 >> [v2:172.21.15.145:6800/2089479814,v1:172.21.15.145:6801/2089479814] conn(0x7efe18038f70 0x7efe1803b430 unknown :-1 s=BANNER_CONNECTING pgs=0 cs=0 l=1 rev1=0 crypto rx=0 tx=0 comp rx=0 tx=0)._handle_peer_banner_payload supported=3 required=0
2024-03-28T18:28:34.917 INFO:teuthology.orchestra.run.smithi145.stdout:/usr/bin/ceph: stderr
2024-03-28T18:28:34.133+0000 7efe2dd9b700 1 --2- 172.21.15.145:0/1784531848 >> [v2:172.21.15.145:6800/2089479814,v1:172.21.15.145:6801/2089479814] conn(0x7efe18038f70 0x7efe1803b430 secure :-1 s=READY pgs=10 cs=0 l=1 rev1=1 crypto rx=0x7efe24006fd0 tx=0x7efe24006e40 comp rx=0 tx=0).ready entity=mgr.14120 client_cookie=0 server_cookie=0 in_seq=0 out_seq=0
2024-03-28T18:28:34.917 INFO:teuthology.orchestra.run.smithi145.stdout:/usr/bin/ceph: stderr
2024-03-28T18:28:34.137+0000 7efe1f7fe700 1 -- 172.21.15.145:0/1784531848 <== mon.0 v2:172.21.15.145:3300/0 6 ==== mon_command_ack([{"prefix": "get_command_descriptions"}]=0 v0) v1 ==== 72+0+186149 (secure 0 0 0) 0x7efe20003c90 con 0x7efe3007dee0
2024-03-28T18:28:34.917 INFO:teuthology.orchestra.run.smithi145.stdout:/usr/bin/ceph: stderr
2024-03-28T18:28:34.340+0000 7efe34bb0700 1 -- 172.21.15.145:0/1784531848 --> [v2:172.21.15.145:6800/2089479814,v1:172.21.15.145:6801/2089479814] -- mgr_command(tid 0: {"prefix": "cephadm get-pub-key", "target": ["mon-mgr", ""]}) v1 -- 0x7efe30104290 con 0x7efe18038f70
2024-03-28T18:28:34.917 INFO:teuthology.orchestra.run.smithi145.stdout:/usr/bin/ceph: stderr
2024-03-28T18:28:34.341+0000 7efe1f7fe700 1 -- 172.21.15.145:0/1784531848 <== mgr.14120 v2:172.21.15.145:6800/2089479814 1 ==== mgr_command_reply(tid 0: 0 ) v1 ==== 8+0+595 (secure 0 0 0) 0x7efe30104290 con 0x7efe18038f70
2024-03-28T18:28:34.917 INFO:teuthology.orchestra.run.smithi145.stdout:/usr/bin/ceph: stderr
2024-03-28T18:28:34.343+0000 7efe34bb0700 1 -- 172.21.15.145:0/1784531848 >> [v2:172.21.15.145:6800/2089479814,v1:172.21.15.145:6801/2089479814] conn(0x7efe18038f70 msgr2=0x7efe1803b430 secure :-1 s=STATE_CONNECTION_ESTABLISHED l=1).mark_down
2024-03-28T18:28:34.917 INFO:teuthology.orchestra.run.smithi145.stdout:/usr/bin/ceph: stderr
2024-03-28T18:28:34.343+0000 7efe34bb0700 1 --2- 172.21.15.145:0/1784531848 >> [v2:172.21.15.145:6800/2089479814,v1:172.21.15.145:6801/2089479814] conn(0x7efe18038f70 0x7efe1803b430 secure :-1 s=READY pgs=10 cs=0 l=1 rev1=1 crypto rx=0x7efe24006fd0 tx=0x7efe24006e40 comp rx=0 tx=0).stop
2024-03-28T18:28:34.918 INFO:teuthology.orchestra.run.smithi145.stdout:/usr/bin/ceph: stderr
2024-03-28T18:28:34.343+0000 7efe34bb0700 1 -- 172.21.15.145:0/1784531848 >> [v2:172.21.15.145:3300/0,v1:172.21.15.145:6789/0] conn(0x7efe3007dee0 msgr2=0x7efe3019dcb0 secure :-1 s=STATE_CONNECTION_ESTABLISHED l=1).mark_down
2024-03-28T18:28:34.918 INFO:teuthology.orchestra.run.smithi145.stdout:/usr/bin/ceph: stderr
2024-03-28T18:28:34.343+0000 7efe34bb0700 1 --2- 172.21.15.145:0/1784531848 >> [v2:172.21.15.145:3300/0,v1:172.21.15.145:6789/0] conn(0x7efe3007dee0 0x7efe3019dcb0 secure :-1 s=READY pgs=44 cs=0 l=1 rev1=1 crypto rx=0x7efe20011850 tx=0x7efe20011c10 comp rx=0 tx=0).stop
2024-03-28T18:28:34.918 INFO:teuthology.orchestra.run.smithi145.stdout:/usr/bin/ceph: stderr
2024-03-28T18:28:34.344+0000 7efe34bb0700 1 -- 172.21.15.145:0/1784531848 shutdown_connections
2024-03-28T18:28:34.918 INFO:teuthology.orchestra.run.smithi145.stdout:/usr/bin/ceph: stderr
2024-03-28T18:28:34.344+0000 7efe34bb0700 1 --2- 172.21.15.145:0/1784531848 >> [v2:172.21.15.145:6800/2089479814,v1:172.21.15.145:6801/2089479814] conn(0x7efe18038f70 0x7efe1803b430 unknown :-1 s=CLOSED pgs=10 cs=0 l=1 rev1=1 crypto rx=0 tx=0 comp rx=0 tx=0).stop
2024-03-28T18:28:34.918 INFO:teuthology.orchestra.run.smithi145.stdout:/usr/bin/ceph: stderr
2024-03-28T18:28:34.344+0000 7efe34bb0700 1 --2- 172.21.15.145:0/1784531848 >> [v2:172.21.15.145:3300/0,v1:172.21.15.145:6789/0] conn(0x7efe3007dee0 0x7efe3019dcb0 unknown :-1 s=CLOSED pgs=44 cs=0 l=1 rev1=1 crypto rx=0 tx=0 comp rx=0 tx=0).stop
2024-03-28T18:28:34.918 INFO:teuthology.orchestra.run.smithi145.stdout:/usr/bin/ceph: stderr
2024-03-28T18:28:34.344+0000 7efe34bb0700 1 -- 172.21.15.145:0/1784531848 >> 172.21.15.145:0/1784531848 conn(0x7efe30103050 msgr2=0x7efe30103b80 unknown :-1 s=STATE_NONE l=0).mark_down
2024-03-28T18:28:34.918 INFO:teuthology.orchestra.run.smithi145.stdout:/usr/bin/ceph: stderr
2024-03-28T18:28:34.344+0000 7efe34bb0700 1 -- 172.21.15.145:0/1784531848 shutdown_connections
2024-03-28T18:28:34.918 INFO:teuthology.orchestra.run.smithi145.stdout:/usr/bin/ceph: stderr
2024-03-28T18:28:34.344+0000 7efe34bb0700 1 -- 172.21.15.145:0/1784531848 wait complete.
2024-03-28T18:28:34.918 INFO:teuthology.orchestra.run.smithi145.stdout:Wrote public SSH key to /home/ubuntu/cephtest/ceph.pub
2024-03-28T18:28:34.918 INFO:teuthology.orchestra.run.smithi145.stdout:Adding key to root@localhost authorized_keys...
2024-03-28T18:28:34.918 INFO:teuthology.orchestra.run.smithi145.stdout:Adding host smithi145...
2024-03-28T18:28:35.226 INFO:journalctl@ceph.mon.a.smithi145.stdout:Mar 28 18:28:35 smithi145 ceph-mon[32151]: from='client.14138 -' entity='client.admin' cmd=[{"prefix": "cephadm get-pub-key", "target": ["mon-mgr", ""]}]: dispatch
2024-03-28T18:28:36.428 INFO:journalctl@ceph.mon.a.smithi145.stdout:Mar 28 18:28:36 smithi145 ceph-mon[32151]: from='client.14140 -' entity='client.admin' cmd=[{"prefix": "orch host add", "hostname": "smithi145", "addr": "172.21.15.145", "target": ["mon-mgr", ""]}]: dispatch
2024-03-28T18:28:37.526 INFO:journalctl@ceph.mon.a.smithi145.stdout:Mar 28 18:28:37 smithi145 ceph-mon[32151]: Deploying cephadm binary to smithi145
2024-03-28T18:28:40.280 INFO:teuthology.orchestra.run.smithi145.stdout:/usr/bin/ceph: stdout Added host 'smithi145' with addr '172.21.15.145'
2024-03-28T18:28:40.280 INFO:teuthology.orchestra.run.smithi145.stdout:/usr/bin/ceph: stderr
2024-03-28T18:28:35.327+0000 7f7b473dc700 1 Processor -- start
2024-03-28T18:28:40.280 INFO:teuthology.orchestra.run.smithi145.stdout:/usr/bin/ceph: stderr
2024-03-28T18:28:35.327+0000 7f7b473dc700 1 -- start start
2024-03-28T18:28:40.280 INFO:teuthology.orchestra.run.smithi145.stdout:/usr/bin/ceph: stderr
2024-03-28T18:28:35.327+0000 7f7b473dc700 1 --2- >> [v2:172.21.15.145:3300/0,v1:172.21.15.145:6789/0] conn(0x7f7b401084f0 0x7f7b4010a8e0 unknown :-1 s=NONE pgs=0 cs=0 l=0 rev1=0 crypto rx=0 tx=0 comp rx=0 tx=0).connect
2024-03-28T18:28:40.280 INFO:teuthology.orchestra.run.smithi145.stdout:/usr/bin/ceph: stderr
2024-03-28T18:28:35.327+0000 7f7b473dc700 1 -- --> [v2:172.21.15.145:3300/0,v1:172.21.15.145:6789/0] -- mon_getmap magic: 0 v1 -- 0x7f7b4007bed0 con 0x7f7b401084f0
2024-03-28T18:28:40.280 INFO:teuthology.orchestra.run.smithi145.stdout:/usr/bin/ceph: stderr
