2024-03-28T19:05:50.345 INFO:teuthology.orchestra.run.smithi042.stdout:/usr/bin/ceph: stderr
2024-03-28T19:05:49.571+0000 7fee2e2d2700 1 -- start start
2024-03-28T19:05:50.345 INFO:teuthology.orchestra.run.smithi042.stdout:/usr/bin/ceph: stderr
2024-03-28T19:05:49.571+0000 7fee2e2d2700 1 --2- >> [v2:172.21.15.42:3300/0,v1:172.21.15.42:6789/0] conn(0x7fee28109f00 0x7fee2819dff0 unknown :-1 s=NONE pgs=0 cs=0 l=1 rev1=0 crypto rx=0 tx=0 comp rx=0 tx=0).connect
2024-03-28T19:05:50.345 INFO:teuthology.orchestra.run.smithi042.stdout:/usr/bin/ceph: stderr
2024-03-28T19:05:49.571+0000 7fee2e2d2700 1 -- --> [v2:172.21.15.42:3300/0,v1:172.21.15.42:6789/0] -- mon_getmap magic: 0 v1 -- 0x7fee2810e370 con 0x7fee28109f00
2024-03-28T19:05:50.345 INFO:teuthology.orchestra.run.smithi042.stdout:/usr/bin/ceph: stderr
2024-03-28T19:05:49.571+0000 7fee27fff700 1 --2- >> [v2:172.21.15.42:3300/0,v1:172.21.15.42:6789/0] conn(0x7fee28109f00 0x7fee2819dff0 unknown :-1 s=BANNER_CONNECTING pgs=0 cs=0 l=1 rev1=0 crypto rx=0 tx=0 comp rx=0 tx=0)._handle_peer_banner_payload supported=3 required=0
2024-03-28T19:05:50.345 INFO:teuthology.orchestra.run.smithi042.stdout:/usr/bin/ceph: stderr
2024-03-28T19:05:49.572+0000 7fee27fff700 1 --2- >> [v2:172.21.15.42:3300/0,v1:172.21.15.42:6789/0] conn(0x7fee28109f00 0x7fee2819dff0 unknown :-1 s=HELLO_CONNECTING pgs=0 cs=0 l=1 rev1=1 crypto rx=0 tx=0 comp rx=0 tx=0).handle_hello peer v2:172.21.15.42:3300/0 says I am v2:172.21.15.42:51476/0 (socket says 172.21.15.42:51476)
2024-03-28T19:05:50.345 INFO:teuthology.orchestra.run.smithi042.stdout:/usr/bin/ceph: stderr
2024-03-28T19:05:49.572+0000 7fee27fff700 1 -- 172.21.15.42:0/163982687 learned_addr learned my addr 172.21.15.42:0/163982687 (peer_addr_for_me v2:172.21.15.42:0/0)
2024-03-28T19:05:50.345 INFO:teuthology.orchestra.run.smithi042.stdout:/usr/bin/ceph: stderr
2024-03-28T19:05:49.572+0000 7fee27fff700 1 -- 172.21.15.42:0/163982687 --> [v2:172.21.15.42:3300/0,v1:172.21.15.42:6789/0] -- mon_subscribe({config=0+,monmap=0+}) v3 -- 0x7fee2819e530 con 0x7fee28109f00
2024-03-28T19:05:50.345 INFO:teuthology.orchestra.run.smithi042.stdout:/usr/bin/ceph: stderr
2024-03-28T19:05:49.572+0000 7fee27fff700 1 --2- 172.21.15.42:0/163982687 >> [v2:172.21.15.42:3300/0,v1:172.21.15.42:6789/0] conn(0x7fee28109f00 0x7fee2819dff0 secure :-1 s=READY pgs=77 cs=0 l=1 rev1=1 crypto rx=0x7fee180117f0 tx=0x7fee18011cf0 comp rx=0 tx=0).ready entity=mon.0 client_cookie=0 server_cookie=0 in_seq=0 out_seq=0
2024-03-28T19:05:50.345 INFO:teuthology.orchestra.run.smithi042.stdout:/usr/bin/ceph: stderr
2024-03-28T19:05:49.572+0000 7fee257fa700 1 -- 172.21.15.42:0/163982687 <== mon.0 v2:172.21.15.42:3300/0 1 ==== mon_map magic: 0 v1 ==== 205+0+0 (secure 0 0 0) 0x7fee180038b0 con 0x7fee28109f00
2024-03-28T19:05:50.346 INFO:teuthology.orchestra.run.smithi042.stdout:/usr/bin/ceph: stderr
2024-03-28T19:05:49.572+0000 7fee257fa700 1 -- 172.21.15.42:0/163982687 <== mon.0 v2:172.21.15.42:3300/0 2 ==== config(29 keys) v1 ==== 1209+0+0 (secure 0 0 0) 0x7fee18024430 con 0x7fee28109f00
2024-03-28T19:05:50.346 INFO:teuthology.orchestra.run.smithi042.stdout:/usr/bin/ceph: stderr
2024-03-28T19:05:49.572+0000 7fee2e2d2700 1 -- 172.21.15.42:0/163982687 --> [v2:172.21.15.42:3300/0,v1:172.21.15.42:6789/0] -- mon_subscribe({mgrmap=0+}) v3 -- 0x7fee2819e820 con 0x7fee28109f00
2024-03-28T19:05:50.346 INFO:teuthology.orchestra.run.smithi042.stdout:/usr/bin/ceph: stderr
2024-03-28T19:05:49.572+0000 7fee257fa700 1 -- 172.21.15.42:0/163982687 <== mon.0 v2:172.21.15.42:3300/0 3 ==== mon_map magic: 0 v1 ==== 205+0+0 (secure 0 0 0) 0x7fee1801a5a0 con 0x7fee28109f00
2024-03-28T19:05:50.346 INFO:teuthology.orchestra.run.smithi042.stdout:/usr/bin/ceph: stderr
2024-03-28T19:05:49.572+0000 7fee2e2d2700 1 -- 172.21.15.42:0/163982687 --> [v2:172.21.15.42:3300/0,v1:172.21.15.42:6789/0] -- mon_subscribe({osdmap=0}) v3 -- 0x7fee2819f2e0 con 0x7fee28109f00
2024-03-28T19:05:50.346 INFO:teuthology.orchestra.run.smithi042.stdout:/usr/bin/ceph: stderr
2024-03-28T19:05:49.573+0000 7fee257fa700 1 -- 172.21.15.42:0/163982687 <== mon.0 v2:172.21.15.42:3300/0 4 ==== mgrmap(e 13) v1 ==== 46162+0+0 (secure 0 0 0) 0x7fee1801a850 con 0x7fee28109f00
2024-03-28T19:05:50.346 INFO:teuthology.orchestra.run.smithi042.stdout:/usr/bin/ceph: stderr
2024-03-28T19:05:49.573+0000 7fee257fa700 1 --2- 172.21.15.42:0/163982687 >> [v2:172.21.15.42:6800/603081585,v1:172.21.15.42:6801/603081585] conn(0x7fee10038fc0 0x7fee1003b480 unknown :-1 s=NONE pgs=0 cs=0 l=1 rev1=0 crypto rx=0 tx=0 comp rx=0 tx=0).connect
2024-03-28T19:05:50.346 INFO:teuthology.orchestra.run.smithi042.stdout:/usr/bin/ceph: stderr
2024-03-28T19:05:49.573+0000 7fee2e2d2700 1 -- 172.21.15.42:0/163982687 --> [v2:172.21.15.42:3300/0,v1:172.21.15.42:6789/0] -- mon_command({"prefix": "get_command_descriptions"} v 0) v1 -- 0x7fee280637c0 con 0x7fee28109f00
2024-03-28T19:05:50.346 INFO:teuthology.orchestra.run.smithi042.stdout:/usr/bin/ceph: stderr
2024-03-28T19:05:49.573+0000 7fee257fa700 1 -- 172.21.15.42:0/163982687 <== mon.0 v2:172.21.15.42:3300/0 5 ==== osd_map(3..3 src has 1..3) v4 ==== 1155+0+0 (secure 0 0 0) 0x7fee1804d2c0 con 0x7fee28109f00
2024-03-28T19:05:50.346 INFO:teuthology.orchestra.run.smithi042.stdout:/usr/bin/ceph: stderr
2024-03-28T19:05:49.573+0000 7fee277fe700 1 --2- 172.21.15.42:0/163982687 >> [v2:172.21.15.42:6800/603081585,v1:172.21.15.42:6801/603081585] conn(0x7fee10038fc0 0x7fee1003b480 unknown :-1 s=BANNER_CONNECTING pgs=0 cs=0 l=1 rev1=0 crypto rx=0 tx=0 comp rx=0 tx=0)._handle_peer_banner_payload supported=3 required=0
2024-03-28T19:05:50.346 INFO:teuthology.orchestra.run.smithi042.stdout:/usr/bin/ceph: stderr
2024-03-28T19:05:49.574+0000 7fee277fe700 1 --2- 172.21.15.42:0/163982687 >> [v2:172.21.15.42:6800/603081585,v1:172.21.15.42:6801/603081585] conn(0x7fee10038fc0 0x7fee1003b480 secure :-1 s=READY pgs=10 cs=0 l=1 rev1=1 crypto rx=0x7fee1c006fd0 tx=0x7fee1c006e40 comp rx=0 tx=0).ready entity=mgr.14152 client_cookie=0 server_cookie=0 in_seq=0 out_seq=0
2024-03-28T19:05:50.347 INFO:teuthology.orchestra.run.smithi042.stdout:/usr/bin/ceph: stderr
2024-03-28T19:05:49.578+0000 7fee257fa700 1 -- 172.21.15.42:0/163982687 <== mon.0 v2:172.21.15.42:3300/0 6 ==== mon_command_ack([{"prefix": "get_command_descriptions"}]=0 v0) v1 ==== 72+0+186149 (secure 0 0 0) 0x7fee18019ca0 con 0x7fee28109f00
2024-03-28T19:05:50.347 INFO:teuthology.orchestra.run.smithi042.stdout:/usr/bin/ceph: stderr
2024-03-28T19:05:49.782+0000 7fee2e2d2700 1 -- 172.21.15.42:0/163982687 --> [v2:172.21.15.42:3300/0,v1:172.21.15.42:6789/0] -- mon_command([{prefix=config set, name=osd_memory_target_autotune}] v 0) v1 -- 0x7fee28069d80 con 0x7fee28109f00
2024-03-28T19:05:50.347 INFO:teuthology.orchestra.run.smithi042.stdout:/usr/bin/ceph: stderr
2024-03-28T19:05:49.782+0000 7fee257fa700 1 -- 172.21.15.42:0/163982687 <== mon.0 v2:172.21.15.42:3300/0 7 ==== mon_command_ack([{prefix=config set, name=osd_memory_target_autotune}]=0 v8)=0 v8) v1 ==== 127+0+0 (secure 0 0 0) 0x7fee1802c350 con 0x7fee28109f00
2024-03-28T19:05:50.347 INFO:teuthology.orchestra.run.smithi042.stdout:/usr/bin/ceph: stderr
2024-03-28T19:05:49.785+0000 7fee2e2d2700 1 -- 172.21.15.42:0/163982687 >> [v2:172.21.15.42:6800/603081585,v1:172.21.15.42:6801/603081585] conn(0x7fee10038fc0 msgr2=0x7fee1003b480 secure :-1 s=STATE_CONNECTION_ESTABLISHED l=1).mark_down
2024-03-28T19:05:50.347 INFO:teuthology.orchestra.run.smithi042.stdout:/usr/bin/ceph: stderr
2024-03-28T19:05:49.785+0000 7fee2e2d2700 1 --2- 172.21.15.42:0/163982687 >> [v2:172.21.15.42:6800/603081585,v1:172.21.15.42:6801/603081585] conn(0x7fee10038fc0 0x7fee1003b480 secure :-1 s=READY pgs=10 cs=0 l=1 rev1=1 crypto rx=0x7fee1c006fd0 tx=0x7fee1c006e40 comp rx=0 tx=0).stop
2024-03-28T19:05:50.347 INFO:teuthology.orchestra.run.smithi042.stdout:/usr/bin/ceph: stderr
2024-03-28T19:05:49.785+0000 7fee2e2d2700 1 -- 172.21.15.42:0/163982687 >> [v2:172.21.15.42:3300/0,v1:172.21.15.42:6789/0] conn(0x7fee28109f00 msgr2=0x7fee2819dff0 secure :-1 s=STATE_CONNECTION_ESTABLISHED l=1).mark_down
2024-03-28T19:05:50.347 INFO:teuthology.orchestra.run.smithi042.stdout:/usr/bin/ceph: stderr
2024-03-28T19:05:49.785+0000 7fee2e2d2700 1 --2- 172.21.15.42:0/163982687 >> [v2:172.21.15.42:3300/0,v1:172.21.15.42:6789/0] conn(0x7fee28109f00 0x7fee2819dff0 secure :-1 s=READY pgs=77 cs=0 l=1 rev1=1 crypto rx=0x7fee180117f0 tx=0x7fee18011cf0 comp rx=0 tx=0).stop
2024-03-28T19:05:50.347 INFO:teuthology.orchestra.run.smithi042.stdout:/usr/bin/ceph: stderr
2024-03-28T19:05:49.785+0000 7fee2e2d2700 1 -- 172.21.15.42:0/163982687 shutdown_connections
2024-03-28T19:05:50.347 INFO:teuthology.orchestra.run.smithi042.stdout:/usr/bin/ceph: stderr
2024-03-28T19:05:49.785+0000 7fee2e2d2700 1 --2- 172.21.15.42:0/163982687 >> [v2:172.21.15.42:6800/603081585,v1:172.21.15.42:6801/603081585] conn(0x7fee10038fc0 0x7fee1003b480 unknown :-1 s=CLOSED pgs=10 cs=0 l=1 rev1=1 crypto rx=0 tx=0 comp rx=0 tx=0).stop
2024-03-28T19:05:50.347 INFO:teuthology.orchestra.run.smithi042.stdout:/usr/bin/ceph: stderr
2024-03-28T19:05:49.785+0000 7fee2e2d2700 1 --2- 172.21.15.42:0/163982687 >> [v2:172.21.15.42:3300/0,v1:172.21.15.42:6789/0] conn(0x7fee28109f00 0x7fee2819dff0 unknown :-1 s=CLOSED pgs=77 cs=0 l=1 rev1=1 crypto rx=0 tx=0 comp rx=0 tx=0).stop
2024-03-28T19:05:50.347 INFO:teuthology.orchestra.run.smithi042.stdout:/usr/bin/ceph: stderr
2024-03-28T19:05:49.785+0000 7fee2e2d2700 1 -- 172.21.15.42:0/163982687 >> 172.21.15.42:0/163982687 conn(0x7fee2807d4c0 msgr2=0x7fee28107460 unknown :-1 s=STATE_NONE l=0).mark_down
2024-03-28T19:05:50.347 INFO:teuthology.orchestra.run.smithi042.stdout:/usr/bin/ceph: stderr
2024-03-28T19:05:49.785+0000 7fee2e2d2700 1 -- 172.21.15.42:0/163982687 shutdown_connections
2024-03-28T19:05:50.348 INFO:teuthology.orchestra.run.smithi042.stdout:/usr/bin/ceph: stderr
2024-03-28T19:05:49.785+0000 7fee2e2d2700 1 -- 172.21.15.42:0/163982687 wait complete.
2024-03-28T19:05:51.569 INFO:teuthology.orchestra.run.smithi042.stdout:/usr/bin/ceph: stderr
2024-03-28T19:05:50.770+0000 7fd208d92700 1 Processor -- start
2024-03-28T19:05:51.569 INFO:teuthology.orchestra.run.smithi042.stdout:/usr/bin/ceph: stderr
2024-03-28T19:05:50.771+0000 7fd208d92700 1 -- start start
2024-03-28T19:05:51.569 INFO:teuthology.orchestra.run.smithi042.stdout:/usr/bin/ceph: stderr
2024-03-28T19:05:50.771+0000 7fd208d92700 1 --2- >> [v2:172.21.15.42:3300/0,v1:172.21.15.42:6789/0] conn(0x7fd2041093e0 0x7fd204109800 unknown :-1 s=NONE pgs=0 cs=0 l=0 rev1=0 crypto rx=0 tx=0 comp rx=0 tx=0).connect
2024-03-28T19:05:51.569 INFO:teuthology.orchestra.run.smithi042.stdout:/usr/bin/ceph: stderr
2024-03-28T19:05:50.771+0000 7fd208d92700 1 -- --> [v2:172.21.15.42:3300/0,v1:172.21.15.42:6789/0] -- mon_getmap magic: 0 v1 -- 0x7fd204109dd0 con 0x7fd2041093e0
2024-03-28T19:05:51.569 INFO:teuthology.orchestra.run.smithi042.stdout:/usr/bin/ceph: stderr
2024-03-28T19:05:50.771+0000 7fd20259c700 1 --2- >> [v2:172.21.15.42:3300/0,v1:172.21.15.42:6789/0] conn(0x7fd2041093e0 0x7fd204109800 unknown :-1 s=BANNER_CONNECTING pgs=0 cs=0 l=0 rev1=0 crypto rx=0 tx=0 comp rx=0 tx=0)._handle_peer_banner_payload supported=3 required=0
2024-03-28T19:05:51.569 INFO:teuthology.orchestra.run.smithi042.stdout:/usr/bin/ceph: stderr
2024-03-28T19:05:50.771+0000 7fd20259c700 1 --2- >> [v2:172.21.15.42:3300/0,v1:172.21.15.42:6789/0] conn(0x7fd2041093e0 0x7fd204109800 unknown :-1 s=HELLO_CONNECTING pgs=0 cs=0 l=0 rev1=1 crypto rx=0 tx=0 comp rx=0 tx=0).handle_hello peer v2:172.21.15.42:3300/0 says I am v2:172.21.15.42:51490/0 (socket says 172.21.15.42:51490)
2024-03-28T19:05:51.569 INFO:teuthology.orchestra.run.smithi042.stdout:/usr/bin/ceph: stderr
2024-03-28T19:05:50.771+0000 7fd20259c700 1 -- 172.21.15.42:0/2327409546 learned_addr learned my addr 172.21.15.42:0/2327409546 (peer_addr_for_me v2:172.21.15.42:0/0)
2024-03-28T19:05:51.569 INFO:teuthology.orchestra.run.smithi042.stdout:/usr/bin/ceph: stderr
2024-03-28T19:05:50.771+0000 7fd20259c700 1 -- 172.21.15.42:0/2327409546 --> [v2:172.21.15.42:3300/0,v1:172.21.15.42:6789/0] -- mon_subscribe({config=0+,monmap=0+}) v3 -- 0x7fd204105c30 con 0x7fd2041093e0
2024-03-28T19:05:51.569 INFO:teuthology.orchestra.run.smithi042.stdout:/usr/bin/ceph: stderr
2024-03-28T19:05:50.771+0000 7fd20259c700 1 --2- 172.21.15.42:0/2327409546 >> [v2:172.21.15.42:3300/0,v1:172.21.15.42:6789/0] conn(0x7fd2041093e0 0x7fd204109800 secure :-1 s=READY pgs=78 cs=0 l=1 rev1=1 crypto rx=0x7fd1f40098a0 tx=0x7fd1f4009bb0 comp rx=0 tx=0).ready entity=mon.0 client_cookie=6aa26ab26f8de4b9 server_cookie=0 in_seq=0 out_seq=0
2024-03-28T19:05:51.569 INFO:teuthology.orchestra.run.smithi042.stdout:/usr/bin/ceph: stderr
2024-03-28T19:05:50.772+0000 7fd20159a700 1 -- 172.21.15.42:0/2327409546 <== mon.0 v2:172.21.15.42:3300/0 1 ==== mon_map magic: 0 v1 ==== 205+0+0 (secure 0 0 0) 0x7fd1f4004160 con 0x7fd2041093e0
2024-03-28T19:05:51.570 INFO:teuthology.orchestra.run.smithi042.stdout:/usr/bin/ceph: stderr
2024-03-28T19:05:50.772+0000 7fd20159a700 1 -- 172.21.15.42:0/2327409546 <== mon.0 v2:172.21.15.42:3300/0 2 ==== config(29 keys) v1 ==== 1209+0+0 (secure 0 0 0) 0x7fd1f4004300 con 0x7fd2041093e0
2024-03-28T19:05:51.570 INFO:teuthology.orchestra.run.smithi042.stdout:/usr/bin/ceph: stderr
2024-03-28T19:05:50.772+0000 7fd20159a700 1 -- 172.21.15.42:0/2327409546 <== mon.0 v2:172.21.15.42:3300/0 3 ==== mon_map magic: 0 v1 ==== 205+0+0 (secure 0 0 0) 0x7fd1f4011c70 con 0x7fd2041093e0
2024-03-28T19:05:51.570 INFO:teuthology.orchestra.run.smithi042.stdout:/usr/bin/ceph: stderr
2024-03-28T19:05:50.772+0000 7fd208d92700 1 -- 172.21.15.42:0/2327409546 >> [v2:172.21.15.42:3300/0,v1:172.21.15.42:6789/0] conn(0x7fd2041093e0 msgr2=0x7fd204109800 secure :-1 s=STATE_CONNECTION_ESTABLISHED l=1).mark_down
2024-03-28T19:05:51.570 INFO:teuthology.orchestra.run.smithi042.stdout:/usr/bin/ceph: stderr
2024-03-28T19:05:50.772+0000 7fd208d92700 1 --2- 172.21.15.42:0/2327409546 >> [v2:172.21.15.42:3300/0,v1:172.21.15.42:6789/0] conn(0x7fd2041093e0 0x7fd204109800 secure :-1 s=READY pgs=78 cs=0 l=1 rev1=1 crypto rx=0x7fd1f40098a0 tx=0x7fd1f4009bb0 comp rx=0 tx=0).stop
2024-03-28T19:05:51.570 INFO:teuthology.orchestra.run.smithi042.stdout:/usr/bin/ceph: stderr
2024-03-28T19:05:50.772+0000 7fd208d92700 1 -- 172.21.15.42:0/2327409546 shutdown_connections
2024-03-28T19:05:51.570 INFO:teuthology.orchestra.run.smithi042.stdout:/usr/bin/ceph: stderr
2024-03-28T19:05:50.772+0000 7fd208d92700 1 --2- 172.21.15.42:0/2327409546 >> [v2:172.21.15.42:3300/0,v1:172.21.15.42:6789/0] conn(0x7fd2041093e0 0x7fd204109800 unknown :-1 s=CLOSED pgs=78 cs=0 l=1 rev1=1 crypto rx=0 tx=0 comp rx=0 tx=0).stop
2024-03-28T19:05:51.570 INFO:teuthology.orchestra.run.smithi042.stdout:/usr/bin/ceph: stderr
2024-03-28T19:05:50.772+0000 7fd208d92700 1 -- 172.21.15.42:0/2327409546 >> 172.21.15.42:0/2327409546 conn(0x7fd2041018f0 msgr2=0x7fd204103d30 unknown :-1 s=STATE_NONE l=0).mark_down
2024-03-28T19:05:51.570 INFO:teuthology.orchestra.run.smithi042.stdout:/usr/bin/ceph: stderr
2024-03-28T19:05:50.772+0000 7fd208d92700 1 -- 172.21.15.42:0/2327409546 shutdown_connections
2024-03-28T19:05:51.570 INFO:teuthology.orchestra.run.smithi042.stdout:/usr/bin/ceph: stderr
2024-03-28T19:05:50.772+0000 7fd208d92700 1 -- 172.21.15.42:0/2327409546 wait complete.
2024-03-28T19:05:51.570 INFO:teuthology.orchestra.run.smithi042.stdout:/usr/bin/ceph: stderr
2024-03-28T19:05:50.773+0000 7fd208d92700 1 Processor -- start
2024-03-28T19:05:51.570 INFO:teuthology.orchestra.run.smithi042.stdout:/usr/bin/ceph: stderr
2024-03-28T19:05:50.773+0000 7fd208d92700 1 -- start start
2024-03-28T19:05:51.570 INFO:teuthology.orchestra.run.smithi042.stdout:/usr/bin/ceph: stderr
2024-03-28T19:05:50.773+0000 7fd208d92700 1 --2- >> [v2:172.21.15.42:3300/0,v1:172.21.15.42:6789/0] conn(0x7fd2041093e0 0x7fd20419bfe0 unknown :-1 s=NONE pgs=0 cs=0 l=1 rev1=0 crypto rx=0 tx=0 comp rx=0 tx=0).connect
2024-03-28T19:05:51.571 INFO:teuthology.orchestra.run.smithi042.stdout:/usr/bin/ceph: stderr
2024-03-28T19:05:50.773+0000 7fd208d92700 1 -- --> [v2:172.21.15.42:3300/0,v1:172.21.15.42:6789/0] -- mon_getmap magic: 0 v1 -- 0x7fd20410c300 con 0x7fd2041093e0
2024-03-28T19:05:51.571 INFO:teuthology.orchestra.run.smithi042.stdout:/usr/bin/ceph: stderr
2024-03-28T19:05:50.774+0000 7fd20259c700 1 --2- >> [v2:172.21.15.42:3300/0,v1:172.21.15.42:6789/0] conn(0x7fd2041093e0 0x7fd20419bfe0 unknown :-1 s=BANNER_CONNECTING pgs=0 cs=0 l=1 rev1=0 crypto rx=0 tx=0 comp rx=0 tx=0)._handle_peer_banner_payload supported=3 required=0
2024-03-28T19:05:51.571 INFO:teuthology.orchestra.run.smithi042.stdout:/usr/bin/ceph: stderr
2024-03-28T19:05:50.774+0000 7fd20259c700 1 --2- >> [v2:172.21.15.42:3300/0,v1:172.21.15.42:6789/0] conn(0x7fd2041093e0 0x7fd20419bfe0 unknown :-1 s=HELLO_CONNECTING pgs=0 cs=0 l=1 rev1=1 crypto rx=0 tx=0 comp rx=0 tx=0).handle_hello peer v2:172.21.15.42:3300/0 says I am v2:172.21.15.42:51500/0 (socket says 172.21.15.42:51500)
2024-03-28T19:05:51.571 INFO:teuthology.orchestra.run.smithi042.stdout:/usr/bin/ceph: stderr
2024-03-28T19:05:50.774+0000 7fd20259c700 1 -- 172.21.15.42:0/3427145011 learned_addr learned my addr 172.21.15.42:0/3427145011 (peer_addr_for_me v2:172.21.15.42:0/0)
2024-03-28T19:05:51.571 INFO:teuthology.orchestra.run.smithi042.stdout:/usr/bin/ceph: stderr
2024-03-28T19:05:50.774+0000 7fd20259c700 1 -- 172.21.15.42:0/3427145011 --> [v2:172.21.15.42:3300/0,v1:172.21.15.42:6789/0] -- mon_subscribe({config=0+,monmap=0+}) v3 -- 0x7fd20419c520 con 0x7fd2041093e0
2024-03-28T19:05:51.571 INFO:teuthology.orchestra.run.smithi042.stdout:/usr/bin/ceph: stderr
2024-03-28T19:05:50.774+0000 7fd20259c700 1 --2- 172.21.15.42:0/3427145011 >> [v2:172.21.15.42:3300/0,v1:172.21.15.42:6789/0] conn(0x7fd2041093e0 0x7fd20419bfe0 secure :-1 s=READY pgs=79 cs=0 l=1 rev1=1 crypto rx=0x7fd1f4000c00 tx=0x7fd1f4011700 comp rx=0 tx=0).ready entity=mon.0 client_cookie=0 server_cookie=0 in_seq=0 out_seq=0
2024-03-28T19:05:51.571 INFO:teuthology.orchestra.run.smithi042.stdout:/usr/bin/ceph: stderr
2024-03-28T19:05:50.774+0000 7fd1f37fe700 1 -- 172.21.15.42:0/3427145011 <== mon.0 v2:172.21.15.42:3300/0 1 ==== mon_map magic: 0 v1 ==== 205+0+0 (secure 0 0 0) 0x7fd1f40036a0 con 0x7fd2041093e0
2024-03-28T19:05:51.571 INFO:teuthology.orchestra.run.smithi042.stdout:/usr/bin/ceph: stderr
2024-03-28T19:05:50.774+0000 7fd1f37fe700 1 -- 172.21.15.42:0/3427145011 <== mon.0 v2:172.21.15.42:3300/0 2 ==== config(29 keys) v1 ==== 1209+0+0 (secure 0 0 0) 0x7fd1f4003d60 con 0x7fd2041093e0
2024-03-28T19:05:51.571 INFO:teuthology.orchestra.run.smithi042.stdout:/usr/bin/ceph: stderr
2024-03-28T19:05:50.774+0000 7fd208d92700 1 -- 172.21.15.42:0/3427145011 --> [v2:172.21.15.42:3300/0,v1:172.21.15.42:6789/0] -- mon_subscribe({mgrmap=0+}) v3 -- 0x7fd20419c7b0 con 0x7fd2041093e0
2024-03-28T19:05:51.571 INFO:teuthology.orchestra.run.smithi042.stdout:/usr/bin/ceph: stderr
2024-03-28T19:05:50.774+0000 7fd1f37fe700 1 -- 172.21.15.42:0/3427145011 <== mon.0 v2:172.21.15.42:3300/0 3 ==== mon_map magic: 0 v1 ==== 205+0+0 (secure 0 0 0) 0x7fd1f40193c0 con 0x7fd2041093e0
2024-03-28T19:05:51.571 INFO:teuthology.orchestra.run.smithi042.stdout:/usr/bin/ceph: stderr
2024-03-28T19:05:50.774+0000 7fd208d92700 1 -- 172.21.15.42:0/3427145011 --> [v2:172.21.15.42:3300/0,v1:172.21.15.42:6789/0] -- mon_subscribe({osdmap=0}) v3 -- 0x7fd20419d2d0 con 0x7fd2041093e0
2024-03-28T19:05:51.571 INFO:teuthology.orchestra.run.smithi042.stdout:/usr/bin/ceph: stderr
2024-03-28T19:05:50.775+0000 7fd1f37fe700 1 -- 172.21.15.42:0/3427145011 <== mon.0 v2:172.21.15.42:3300/0 4 ==== mgrmap(e 13) v1 ==== 46162+0+0 (secure 0 0 0) 0x7fd1f4019600 con 0x7fd2041093e0
2024-03-28T19:05:51.571 INFO:teuthology.orchestra.run.smithi042.stdout:/usr/bin/ceph: stderr
2024-03-28T19:05:50.775+0000 7fd208d92700 1 -- 172.21.15.42:0/3427145011 --> [v2:172.21.15.42:3300/0,v1:172.21.15.42:6789/0] -- mon_command({"prefix": "get_command_descriptions"} v 0) v1 -- 0x7fd2040637c0 con 0x7fd2041093e0
2024-03-28T19:05:51.572 INFO:teuthology.orchestra.run.smithi042.stdout:/usr/bin/ceph: stderr
2024-03-28T19:05:50.775+0000 7fd1f37fe700 1 --2- 172.21.15.42:0/3427145011 >> [v2:172.21.15.42:6800/603081585,v1:172.21.15.42:6801/603081585] conn(0x7fd1ec039060 0x7fd1ec03b520 unknown :-1 s=NONE pgs=0 cs=0 l=1 rev1=0 crypto rx=0 tx=0 comp rx=0 tx=0).connect
2024-03-28T19:05:51.572 INFO:teuthology.orchestra.run.smithi042.stdout:/usr/bin/ceph: stderr
2024-03-28T19:05:50.775+0000 7fd1f37fe700 1 -- 172.21.15.42:0/3427145011 <== mon.0 v2:172.21.15.42:3300/0 5 ==== osd_map(3..3 src has 1..3) v4 ==== 1155+0+0 (secure 0 0 0) 0x7fd1f404d030 con 0x7fd2041093e0
2024-03-28T19:05:51.572 INFO:teuthology.orchestra.run.smithi042.stdout:/usr/bin/ceph: stderr
2024-03-28T19:05:50.775+0000 7fd201d9b700 1 --2- 172.21.15.42:0/3427145011 >> [v2:172.21.15.42:6800/603081585,v1:172.21.15.42:6801/603081585] conn(0x7fd1ec039060 0x7fd1ec03b520 unknown :-1 s=BANNER_CONNECTING pgs=0 cs=0 l=1 rev1=0 crypto rx=0 tx=0 comp rx=0 tx=0)._handle_peer_banner_payload supported=3 required=0
2024-03-28T19:05:51.572 INFO:teuthology.orchestra.run.smithi042.stdout:/usr/bin/ceph: stderr
2024-03-28T19:05:50.776+0000 7fd201d9b700 1 --2- 172.21.15.42:0/3427145011 >> [v2:172.21.15.42:6800/603081585,v1:172.21.15.42:6801/603081585] conn(0x7fd1ec039060 0x7fd1ec03b520 secure :-1 s=READY pgs=11 cs=0 l=1 rev1=1 crypto rx=0x7fd1f8006fd0 tx=0x7fd1f8006e40 comp rx=0 tx=0).ready entity=mgr.14152 client_cookie=0 server_cookie=0 in_seq=0 out_seq=0
2024-03-28T19:05:51.572 INFO:teuthology.orchestra.run.smithi042.stdout:/usr/bin/ceph: stderr
2024-03-28T19:05:50.780+0000 7fd1f37fe700 1 -- 172.21.15.42:0/3427145011 <== mon.0 v2:172.21.15.42:3300/0 6 ==== mon_command_ack([{"prefix": "get_command_descriptions"}]=0 v0) v1 ==== 72+0+186149 (secure 0 0 0) 0x7fd1f400bc70 con 0x7fd2041093e0
2024-03-28T19:05:51.572 INFO:teuthology.orchestra.run.smithi042.stdout:/usr/bin/ceph: stderr
2024-03-28T19:05:51.102+0000 7fd208d92700 1 -- 172.21.15.42:0/3427145011 --> [v2:172.21.15.42:3300/0,v1:172.21.15.42:6789/0] -- mon_command([{prefix=config-key set, key=mgr/dashboard/cluster/status}] v 0) v1 -- 0x7fd20419d640 con 0x7fd2041093e0
2024-03-28T19:05:51.572 INFO:teuthology.orchestra.run.smithi042.stdout:/usr/bin/ceph: stderr
2024-03-28T19:05:51.104+0000 7fd1f37fe700 1 -- 172.21.15.42:0/3427145011 <== mon.0 v2:172.21.15.42:3300/0 7 ==== mon_command_ack([{prefix=config-key set, key=mgr/dashboard/cluster/status}]=0 set mgr/dashboard/cluster/status v27)=0 set mgr/dashboard/cluster/status v27) v1 ==== 153+0+0 (secure 0 0 0) 0x7fd1f402d7c0 con 0x7fd2041093e0
2024-03-28T19:05:51.572 INFO:teuthology.orchestra.run.smithi042.stdout:/usr/bin/ceph: stderr
2024-03-28T19:05:51.106+0000 7fd208d92700 1 -- 172.21.15.42:0/3427145011 >> [v2:172.21.15.42:6800/603081585,v1:172.21.15.42:6801/603081585] conn(0x7fd1ec039060 msgr2=0x7fd1ec03b520 secure :-1 s=STATE_CONNECTION_ESTABLISHED l=1).mark_down
2024-03-28T19:05:51.572 INFO:teuthology.orchestra.run.smithi042.stdout:/usr/bin/ceph: stderr
2024-03-28T19:05:51.106+0000 7fd208d92700 1 --2- 172.21.15.42:0/3427145011 >> [v2:172.21.15.42:6800/603081585,v1:172.21.15.42:6801/603081585] conn(0x7fd1ec039060 0x7fd1ec03b520 secure :-1 s=READY pgs=11 cs=0 l=1 rev1=1 crypto rx=0x7fd1f8006fd0 tx=0x7fd1f8006e40 comp rx=0 tx=0).stop
2024-03-28T19:05:51.572 INFO:teuthology.orchestra.run.smithi042.stdout:/usr/bin/ceph: stderr
2024-03-28T19:05:51.106+0000 7fd208d92700 1 -- 172.21.15.42:0/3427145011 >> [v2:172.21.15.42:3300/0,v1:172.21.15.42:6789/0] conn(0x7fd2041093e0 msgr2=0x7fd20419bfe0 secure :-1 s=STATE_CONNECTION_ESTABLISHED l=1).mark_down
2024-03-28T19:05:51.572 INFO:teuthology.orchestra.run.smithi042.stdout:/usr/bin/ceph: stderr
2024-03-28T19:05:51.106+0000 7fd208d92700 1 --2- 172.21.15.42:0/3427145011 >> [v2:172.21.15.42:3300/0,v1:172.21.15.42:6789/0] conn(0x7fd2041093e0 0x7fd20419bfe0 secure :-1 s=READY pgs=79 cs=0 l=1 rev1=1 crypto rx=0x7fd1f4000c00 tx=0x7fd1f4011700 comp rx=0 tx=0).stop
2024-03-28T19:05:51.572 INFO:teuthology.orchestra.run.smithi042.stdout:/usr/bin/ceph: stderr
2024-03-28T19:05:51.106+0000 7fd208d92700 1 -- 172.21.15.42:0/3427145011 shutdown_connections
2024-03-28T19:05:51.572 INFO:teuthology.orchestra.run.smithi042.stdout:/usr/bin/ceph: stderr
2024-03-28T19:05:51.106+0000 7fd208d92700 1 --2- 172.21.15.42:0/3427145011 >> [v2:172.21.15.42:6800/603081585,v1:172.21.15.42:6801/603081585] conn(0x7fd1ec039060 0x7fd1ec03b520 unknown :-1 s=CLOSED pgs=11 cs=0 l=1 rev1=1 crypto rx=0 tx=0 comp rx=0 tx=0).stop
2024-03-28T19:05:51.573 INFO:teuthology.orchestra.run.smithi042.stdout:/usr/bin/ceph: stderr
2024-03-28T19:05:51.106+0000 7fd208d92700 1 --2- 172.21.15.42:0/3427145011 >> [v2:172.21.15.42:3300/0,v1:172.21.15.42:6789/0] conn(0x7fd2041093e0 0x7fd20419bfe0 unknown :-1 s=CLOSED pgs=79 cs=0 l=1 rev1=1 crypto rx=0 tx=0 comp rx=0 tx=0).stop
2024-03-28T19:05:51.573 INFO:teuthology.orchestra.run.smithi042.stdout:/usr/bin/ceph: stderr
2024-03-28T19:05:51.106+0000 7fd208d92700 1 -- 172.21.15.42:0/3427145011 >> 172.21.15.42:0/3427145011 conn(0x7fd2041018f0 msgr2=0x7fd2041024a0 unknown :-1 s=STATE_NONE l=0).mark_down
2024-03-28T19:05:51.573 INFO:teuthology.orchestra.run.smithi042.stdout:/usr/bin/ceph: stderr
2024-03-28T19:05:51.107+0000 7fd208d92700 1 -- 172.21.15.42:0/3427145011 shutdown_connections
2024-03-28T19:05:51.573 INFO:teuthology.orchestra.run.smithi042.stdout:/usr/bin/ceph: stderr
2024-03-28T19:05:51.107+0000 7fd208d92700 1 -- 172.21.15.42:0/3427145011 wait complete.
2024-03-28T19:05:51.573 INFO:teuthology.orchestra.run.smithi042.stdout:/usr/bin/ceph: stderr set mgr/dashboard/cluster/status
2024-03-28T19:05:51.573 INFO:teuthology.orchestra.run.smithi042.stdout:You can access the Ceph CLI as following in case of multi-cluster or non-default config:
2024-03-28T19:05:51.573 INFO:teuthology.orchestra.run.smithi042.stdout:
2024-03-28T19:05:51.573 INFO:teuthology.orchestra.run.smithi042.stdout: sudo /home/ubuntu/cephtest/cephadm shell --fsid e2116a84-ed35-11ee-95d0-87774f69a715 -c /etc/ceph/ceph.conf -k /etc/ceph/ceph.client.admin.keyring
2024-03-28T19:05:51.573 INFO:teuthology.orchestra.run.smithi042.stdout:
2024-03-28T19:05:51.573 INFO:teuthology.orchestra.run.smithi042.stdout:Or, if you are only running a single cluster on this host:
2024-03-28T19:05:51.573 INFO:teuthology.orchestra.run.smithi042.stdout:
2024-03-28T19:05:51.573 INFO:teuthology.orchestra.run.smithi042.stdout: sudo /home/ubuntu/cephtest/cephadm shell
2024-03-28T19:05:51.573 INFO:teuthology.orchestra.run.smithi042.stdout:
2024-03-28T19:05:51.574 INFO:teuthology.orchestra.run.smithi042.stdout:Please consider enabling telemetry to help improve Ceph:
2024-03-28T19:05:51.574 INFO:teuthology.orchestra.run.smithi042.stdout:
2024-03-28T19:05:51.574 INFO:teuthology.orchestra.run.smithi042.stdout: ceph telemetry on
2024-03-28T19:05:51.574 INFO:teuthology.orchestra.run.smithi042.stdout:
2024-03-28T19:05:51.574 INFO:teuthology.orchestra.run.smithi042.stdout:For more information see:
2024-03-28T19:05:51.574 INFO:teuthology.orchestra.run.smithi042.stdout:
2024-03-28T19:05:51.574 INFO:teuthology.orchestra.run.smithi042.stdout: https://docs.ceph.com/en/latest/mgr/telemetry/
2024-03-28T19:05:51.574 INFO:teuthology.orchestra.run.smithi042.stdout:
2024-03-28T19:05:51.574 INFO:teuthology.orchestra.run.smithi042.stdout:Bootstrap complete.
2024-03-28T19:05:51.605 INFO:tasks.cephadm:Fetching config...
2024-03-28T19:05:51.605 DEBUG:teuthology.orchestra.run.smithi042:> set -ex
2024-03-28T19:05:51.605 DEBUG:teuthology.orchestra.run.smithi042:> dd if=/etc/ceph/ceph.conf of=/dev/stdout
2024-03-28T19:05:51.620 INFO:tasks.cephadm:Fetching client.admin keyring...
2024-03-28T19:05:51.620 DEBUG:teuthology.orchestra.run.smithi042:> set -ex
2024-03-28T19:05:51.620 DEBUG:teuthology.orchestra.run.smithi042:> dd if=/etc/ceph/ceph.client.admin.keyring of=/dev/stdout
2024-03-28T19:05:51.677 INFO:tasks.cephadm:Fetching mon keyring...
2024-03-28T19:05:51.677 DEBUG:teuthology.orchestra.run.smithi042:> set -ex
2024-03-28T19:05:51.677 DEBUG:teuthology.orchestra.run.smithi042:> sudo dd if=/var/lib/ceph/e2116a84-ed35-11ee-95d0-87774f69a715/mon.a/keyring of=/dev/stdout
2024-03-28T19:05:51.745 INFO:tasks.cephadm:Fetching pub ssh key...
2024-03-28T19:05:51.745 DEBUG:teuthology.orchestra.run.smithi042:> set -ex
2024-03-28T19:05:51.745 DEBUG:teuthology.orchestra.run.smithi042:> dd if=/home/ubuntu/cephtest/ceph.pub of=/dev/stdout
2024-03-28T19:05:51.800 INFO:tasks.cephadm:Installing pub ssh key for root users...
2024-03-28T19:05:51.800 DEBUG:teuthology.orchestra.run.smithi042:> sudo install -d -m 0700 /root/.ssh && echo 'ssh-rsa AAAAB3NzaC1yc2EAAAADAQABAAABgQDZcZlBNVEC53hSP2lFUymP+C+xg6t/eX0aIcL5vC4WgIgi4t6/4gbgNoOBV7hMl7CS3uSxkZR48LEG1jhdAEtdmHS3gwJ35sg79OuZktU/mSZvyRAu160UjFc22gc7UAArCUKTl/mmFqel8ya7bi5yHi813PSq4mbjzcRx4QseYv0tUyDLndFmzKqKUmF3/ONxD3nF60wJkVhrHfGaTDBJXjWTA1/ZdOcZi0ES7g7ENIoW8aNyEYb/AFToEGBX8nbPw8kPXAk/hfMTQU4n8FmE835PVsqtKbuFoDCKpDEDfxquknRtC4hPras62Cgpd+b+X6TV3iNFJ+k3bCIjsk9fyGLUK6/Rv7m4vAXlNYz9oTPIwKNysM1SlK6duaqhlwP8SbBSQ7CiVw6qlE1fqv/EqyJZDQHJYRgXehNPblKGL9g5KcHkGv+9O7UD8yaH1O/QnqE2xR0cKQdwHvK88ZhyL5Pgs5DX4ufOLTIwEmSMQ6EBBDSdwQF9RyCG5s2t4jE= ceph-e2116a84-ed35-11ee-95d0-87774f69a715' | sudo tee -a /root/.ssh/authorized_keys && sudo chmod 0600 /root/.ssh/authorized_keys
2024-03-28T19:05:51.878 INFO:teuthology.orchestra.run.smithi042.stdout:ssh-rsa AAAAB3NzaC1yc2EAAAADAQABAAABgQDZcZlBNVEC53hSP2lFUymP+C+xg6t/eX0aIcL5vC4WgIgi4t6/4gbgNoOBV7hMl7CS3uSxkZR48LEG1jhdAEtdmHS3gwJ35sg79OuZktU/mSZvyRAu160UjFc22gc7UAArCUKTl/mmFqel8ya7bi5yHi813PSq4mbjzcRx4QseYv0tUyDLndFmzKqKUmF3/ONxD3nF60wJkVhrHfGaTDBJXjWTA1/ZdOcZi0ES7g7ENIoW8aNyEYb/AFToEGBX8nbPw8kPXAk/hfMTQU4n8FmE835PVsqtKbuFoDCKpDEDfxquknRtC4hPras62Cgpd+b+X6TV3iNFJ+k3bCIjsk9fyGLUK6/Rv7m4vAXlNYz9oTPIwKNysM1SlK6duaqhlwP8SbBSQ7CiVw6qlE1fqv/EqyJZDQHJYRgXehNPblKGL9g5KcHkGv+9O7UD8yaH1O/QnqE2xR0cKQdwHvK88ZhyL5Pgs5DX4ufOLTIwEmSMQ6EBBDSdwQF9RyCG5s2t4jE= ceph-e2116a84-ed35-11ee-95d0-87774f69a715
2024-03-28T19:05:51.893 DEBUG:teuthology.orchestra.run.smithi098:> sudo install -d -m 0700 /root/.ssh && echo 'ssh-rsa AAAAB3NzaC1yc2EAAAADAQABAAABgQDZcZlBNVEC53hSP2lFUymP+C+xg6t/eX0aIcL5vC4WgIgi4t6/4gbgNoOBV7hMl7CS3uSxkZR48LEG1jhdAEtdmHS3gwJ35sg79OuZktU/mSZvyRAu160UjFc22gc7UAArCUKTl/mmFqel8ya7bi5yHi813PSq4mbjzcRx4QseYv0tUyDLndFmzKqKUmF3/ONxD3nF60wJkVhrHfGaTDBJXjWTA1/ZdOcZi0ES7g7ENIoW8aNyEYb/AFToEGBX8nbPw8kPXAk/hfMTQU4n8FmE835PVsqtKbuFoDCKpDEDfxquknRtC4hPras62Cgpd+b+X6TV3iNFJ+k3bCIjsk9fyGLUK6/Rv7m4vAXlNYz9oTPIwKNysM1SlK6duaqhlwP8SbBSQ7CiVw6qlE1fqv/EqyJZDQHJYRgXehNPblKGL9g5KcHkGv+9O7UD8yaH1O/QnqE2xR0cKQdwHvK88ZhyL5Pgs5DX4ufOLTIwEmSMQ6EBBDSdwQF9RyCG5s2t4jE= ceph-e2116a84-ed35-11ee-95d0-87774f69a715' | sudo tee -a /root/.ssh/authorized_keys && sudo chmod 0600 /root/.ssh/authorized_keys
2024-03-28T19:05:51.939 INFO:teuthology.orchestra.run.smithi098.stdout:ssh-rsa AAAAB3NzaC1yc2EAAAADAQABAAABgQDZcZlBNVEC53hSP2lFUymP+C+xg6t/eX0aIcL5vC4WgIgi4t6/4gbgNoOBV7hMl7CS3uSxkZR48LEG1jhdAEtdmHS3gwJ35sg79OuZktU/mSZvyRAu160UjFc22gc7UAArCUKTl/mmFqel8ya7bi5yHi813PSq4mbjzcRx4QseYv0tUyDLndFmzKqKUmF3/ONxD3nF60wJkVhrHfGaTDBJXjWTA1/ZdOcZi0ES7g7ENIoW8aNyEYb/AFToEGBX8nbPw8kPXAk/hfMTQU4n8FmE835PVsqtKbuFoDCKpDEDfxquknRtC4hPras62Cgpd+b+X6TV3iNFJ+k3bCIjsk9fyGLUK6/Rv7m4vAXlNYz9oTPIwKNysM1SlK6duaqhlwP8SbBSQ7CiVw6qlE1fqv/EqyJZDQHJYRgXehNPblKGL9g5KcHkGv+9O7UD8yaH1O/QnqE2xR0cKQdwHvK88ZhyL5Pgs5DX4ufOLTIwEmSMQ6EBBDSdwQF9RyCG5s2t4jE= ceph-e2116a84-ed35-11ee-95d0-87774f69a715
2024-03-28T19:05:51.953 DEBUG:teuthology.orchestra.run.smithi174:> sudo install -d -m 0700 /root/.ssh && echo 'ssh-rsa AAAAB3NzaC1yc2EAAAADAQABAAABgQDZcZlBNVEC53hSP2lFUymP+C+xg6t/eX0aIcL5vC4WgIgi4t6/4gbgNoOBV7hMl7CS3uSxkZR48LEG1jhdAEtdmHS3gwJ35sg79OuZktU/mSZvyRAu160UjFc22gc7UAArCUKTl/mmFqel8ya7bi5yHi813PSq4mbjzcRx4QseYv0tUyDLndFmzKqKUmF3/ONxD3nF60wJkVhrHfGaTDBJXjWTA1/ZdOcZi0ES7g7ENIoW8aNyEYb/AFToEGBX8nbPw8kPXAk/hfMTQU4n8FmE835PVsqtKbuFoDCKpDEDfxquknRtC4hPras62Cgpd+b+X6TV3iNFJ+k3bCIjsk9fyGLUK6/Rv7m4vAXlNYz9oTPIwKNysM1SlK6duaqhlwP8SbBSQ7CiVw6qlE1fqv/EqyJZDQHJYRgXehNPblKGL9g5KcHkGv+9O7UD8yaH1O/QnqE2xR0cKQdwHvK88ZhyL5Pgs5DX4ufOLTIwEmSMQ6EBBDSdwQF9RyCG5s2t4jE= ceph-e2116a84-ed35-11ee-95d0-87774f69a715' | sudo tee -a /root/.ssh/authorized_keys && sudo chmod 0600 /root/.ssh/authorized_keys
2024-03-28T19:05:51.999 INFO:teuthology.orchestra.run.smithi174.stdout:ssh-rsa AAAAB3NzaC1yc2EAAAADAQABAAABgQDZcZlBNVEC53hSP2lFUymP+C+xg6t/eX0aIcL5vC4WgIgi4t6/4gbgNoOBV7hMl7CS3uSxkZR48LEG1jhdAEtdmHS3gwJ35sg79OuZktU/mSZvyRAu160UjFc22gc7UAArCUKTl/mmFqel8ya7bi5yHi813PSq4mbjzcRx4QseYv0tUyDLndFmzKqKUmF3/ONxD3nF60wJkVhrHfGaTDBJXjWTA1/ZdOcZi0ES7g7ENIoW8aNyEYb/AFToEGBX8nbPw8kPXAk/hfMTQU4n8FmE835PVsqtKbuFoDCKpDEDfxquknRtC4hPras62Cgpd+b+X6TV3iNFJ+k3bCIjsk9fyGLUK6/Rv7m4vAXlNYz9oTPIwKNysM1SlK6duaqhlwP8SbBSQ7CiVw6qlE1fqv/EqyJZDQHJYRgXehNPblKGL9g5KcHkGv+9O7UD8yaH1O/QnqE2xR0cKQdwHvK88ZhyL5Pgs5DX4ufOLTIwEmSMQ6EBBDSdwQF9RyCG5s2t4jE= ceph-e2116a84-ed35-11ee-95d0-87774f69a715
2024-03-28T19:05:52.014 DEBUG:teuthology.orchestra.run.smithi042:> sudo /home/ubuntu/cephtest/cephadm --image quay-quay-quay.apps.os.sepia.ceph.com/ceph-ci/ceph:3be9a5c9bc793e11e2800a8c0c696e8b46742033 shell -c /etc/ceph/ceph.conf -k /etc/ceph/ceph.client.admin.keyring --fsid e2116a84-ed35-11ee-95d0-87774f69a715 -- ceph config set mgr mgr/cephadm/allow_ptrace true
2024-03-28T19:05:52.251 INFO:teuthology.orchestra.run.smithi042.stderr:Inferring config /var/lib/ceph/e2116a84-ed35-11ee-95d0-87774f69a715/mon.a/config
2024-03-28T19:05:52.296 INFO:journalctl@ceph.mon.a.smithi042.stdout:Mar 28 19:05:52 smithi042 ceph-mon[32091]: from='client.? 172.21.15.42:0/3427145011' entity='client.admin'
2024-03-28T19:05:54.334 INFO:teuthology.orchestra.run.smithi042.stderr:2024-03-28T19:05:54.333+0000 7f547b826700 1 -- 172.21.15.42:0/4014698595 >> [v2:172.21.15.42:3300/0,v1:172.21.15.42:6789/0] conn(0x7f5474100ac0 msgr2=0x7f5474100ee0 secure :-1 s=STATE_CONNECTION_ESTABLISHED l=1).mark_down
2024-03-28T19:05:54.335 INFO:teuthology.orchestra.run.smithi042.stderr:2024-03-28T19:05:54.333+0000 7f547b826700 1 --2- 172.21.15.42:0/4014698595 >> [v2:172.21.15.42:3300/0,v1:172.21.15.42:6789/0] conn(0x7f5474100ac0 0x7f5474100ee0 secure :-1 s=READY pgs=80 cs=0 l=1 rev1=1 crypto rx=0x7f5468009910 tx=0x7f5468009c20 comp rx=0 tx=0).stop
2024-03-28T19:05:54.335 INFO:teuthology.orchestra.run.smithi042.stderr:2024-03-28T19:05:54.334+0000 7f547b826700 1 -- 172.21.15.42:0/4014698595 shutdown_connections
2024-03-28T19:05:54.335 INFO:teuthology.orchestra.run.smithi042.stderr:2024-03-28T19:05:54.334+0000 7f547b826700 1 --2- 172.21.15.42:0/4014698595 >> [v2:172.21.15.42:3300/0,v1:172.21.15.42:6789/0] conn(0x7f5474100ac0 0x7f5474100ee0 unknown :-1 s=CLOSED pgs=80 cs=0 l=1 rev1=1 crypto rx=0 tx=0 comp rx=0 tx=0).stop
2024-03-28T19:05:54.335 INFO:teuthology.orchestra.run.smithi042.stderr:2024-03-28T19:05:54.334+0000 7f547b826700 1 -- 172.21.15.42:0/4014698595 >> 172.21.15.42:0/4014698595 conn(0x7f54740fc060 msgr2=0x7f54740fe4a0 unknown :-1 s=STATE_NONE l=0).mark_down
2024-03-28T19:05:54.335 INFO:teuthology.orchestra.run.smithi042.stderr:2024-03-28T19:05:54.334+0000 7f547b826700 1 -- 172.21.15.42:0/4014698595 shutdown_connections
2024-03-28T19:05:54.335 INFO:teuthology.orchestra.run.smithi042.stderr:2024-03-28T19:05:54.334+0000 7f547b826700 1 -- 172.21.15.42:0/4014698595 wait complete.
2024-03-28T19:05:54.335 INFO:teuthology.orchestra.run.smithi042.stderr:2024-03-28T19:05:54.334+0000 7f547b826700 1 Processor -- start
2024-03-28T19:05:54.335 INFO:teuthology.orchestra.run.smithi042.stderr:2024-03-28T19:05:54.334+0000 7f547b826700 1 -- start start
2024-03-28T19:05:54.335 INFO:teuthology.orchestra.run.smithi042.stderr:2024-03-28T19:05:54.335+0000 7f547b826700 1 --2- >> [v2:172.21.15.42:3300/0,v1:172.21.15.42:6789/0] conn(0x7f5474100ac0 0x7f547406a020 unknown :-1 s=NONE pgs=0 cs=0 l=1 rev1=0 crypto rx=0 tx=0 comp rx=0 tx=0).connect
2024-03-28T19:05:54.335 INFO:teuthology.orchestra.run.smithi042.stderr:2024-03-28T19:05:54.335+0000 7f547b826700 1 -- --> [v2:172.21.15.42:3300/0,v1:172.21.15.42:6789/0] -- mon_getmap magic: 0 v1 -- 0x7f5474106de0 con 0x7f5474100ac0
2024-03-28T19:05:54.335 INFO:teuthology.orchestra.run.smithi042.stderr:2024-03-28T19:05:54.335+0000 7f54795c2700 1 --2- >> [v2:172.21.15.42:3300/0,v1:172.21.15.42:6789/0] conn(0x7f5474100ac0 0x7f547406a020 unknown :-1 s=BANNER_CONNECTING pgs=0 cs=0 l=1 rev1=0 crypto rx=0 tx=0 comp rx=0 tx=0)._handle_peer_banner_payload supported=3 required=0
2024-03-28T19:05:54.336 INFO:teuthology.orchestra.run.smithi042.stderr:2024-03-28T19:05:54.335+0000 7f54795c2700 1 --2- >> [v2:172.21.15.42:3300/0,v1:172.21.15.42:6789/0] conn(0x7f5474100ac0 0x7f547406a020 unknown :-1 s=HELLO_CONNECTING pgs=0 cs=0 l=1 rev1=1 crypto rx=0 tx=0 comp rx=0 tx=0).handle_hello peer v2:172.21.15.42:3300/0 says I am v2:172.21.15.42:51508/0 (socket says 172.21.15.42:51508)
2024-03-28T19:05:54.336 INFO:teuthology.orchestra.run.smithi042.stderr:2024-03-28T19:05:54.335+0000 7f54795c2700 1 -- 172.21.15.42:0/4006985040 learned_addr learned my addr 172.21.15.42:0/4006985040 (peer_addr_for_me v2:172.21.15.42:0/0)
2024-03-28T19:05:54.336 INFO:teuthology.orchestra.run.smithi042.stderr:2024-03-28T19:05:54.335+0000 7f54795c2700 1 -- 172.21.15.42:0/4006985040 --> [v2:172.21.15.42:3300/0,v1:172.21.15.42:6789/0] -- mon_subscribe({config=0+,monmap=0+}) v3 -- 0x7f547419a190 con 0x7f5474100ac0
2024-03-28T19:05:54.336 INFO:teuthology.orchestra.run.smithi042.stderr:2024-03-28T19:05:54.335+0000 7f54795c2700 1 --2- 172.21.15.42:0/4006985040 >> [v2:172.21.15.42:3300/0,v1:172.21.15.42:6789/0] conn(0x7f5474100ac0 0x7f547406a020 secure :-1 s=READY pgs=81 cs=0 l=1 rev1=1 crypto rx=0x7f5468004f80 tx=0x7f5468005060 comp rx=0 tx=0).ready entity=mon.0 client_cookie=0 server_cookie=0 in_seq=0 out_seq=0
2024-03-28T19:05:54.337 INFO:teuthology.orchestra.run.smithi042.stderr:2024-03-28T19:05:54.335+0000 7f54667fc700 1 -- 172.21.15.42:0/4006985040 <== mon.0 v2:172.21.15.42:3300/0 1 ==== mon_map magic: 0 v1 ==== 205+0+0 (secure 0 0 0) 0x7f5468027070 con 0x7f5474100ac0
2024-03-28T19:05:54.337 INFO:teuthology.orchestra.run.smithi042.stderr:2024-03-28T19:05:54.335+0000 7f547b826700 1 -- 172.21.15.42:0/4006985040 --> [v2:172.21.15.42:3300/0,v1:172.21.15.42:6789/0] -- mon_subscribe({mgrmap=0+}) v3 -- 0x7f547419a360 con 0x7f5474100ac0
2024-03-28T19:05:54.337 INFO:teuthology.orchestra.run.smithi042.stderr:2024-03-28T19:05:54.335+0000 7f54667fc700 1 -- 172.21.15.42:0/4006985040 <== mon.0 v2:172.21.15.42:3300/0 2 ==== config(29 keys) v1 ==== 1209+0+0 (secure 0 0 0) 0x7f546800be80 con 0x7f5474100ac0
2024-03-28T19:05:54.337 INFO:teuthology.orchestra.run.smithi042.stderr:2024-03-28T19:05:54.335+0000 7f54667fc700 1 -- 172.21.15.42:0/4006985040 <== mon.0 v2:172.21.15.42:3300/0 3 ==== mon_map magic: 0 v1 ==== 205+0+0 (secure 0 0 0) 0x7f546800f5f0 con 0x7f5474100ac0
2024-03-28T19:05:54.337 INFO:teuthology.orchestra.run.smithi042.stderr:2024-03-28T19:05:54.335+0000 7f547b826700 1 -- 172.21.15.42:0/4006985040 --> [v2:172.21.15.42:3300/0,v1:172.21.15.42:6789/0] -- mon_subscribe({osdmap=0}) v3 -- 0x7f547419a780 con 0x7f5474100ac0
2024-03-28T19:05:54.337 INFO:teuthology.orchestra.run.smithi042.stderr:2024-03-28T19:05:54.336+0000 7f54667fc700 1 -- 172.21.15.42:0/4006985040 <== mon.0 v2:172.21.15.42:3300/0 4 ==== mgrmap(e 13) v1 ==== 46162+0+0 (secure 0 0 0) 0x7f546802a070 con 0x7f5474100ac0
2024-03-28T19:05:54.338 INFO:teuthology.orchestra.run.smithi042.stderr:2024-03-28T19:05:54.337+0000 7f547b826700 1 -- 172.21.15.42:0/4006985040 --> [v2:172.21.15.42:3300/0,v1:172.21.15.42:6789/0] -- mon_command({"prefix": "get_command_descriptions"} v 0) v1 -- 0x7f5474107560 con 0x7f5474100ac0
2024-03-28T19:05:54.338 INFO:teuthology.orchestra.run.smithi042.stderr:2024-03-28T19:05:54.337+0000 7f54667fc700 1 --2- 172.21.15.42:0/4006985040 >> [v2:172.21.15.42:6800/603081585,v1:172.21.15.42:6801/603081585] conn(0x7f5460038fc0 0x7f546003b480 unknown :-1 s=NONE pgs=0 cs=0 l=1 rev1=0 crypto rx=0 tx=0 comp rx=0 tx=0).connect
2024-03-28T19:05:54.338 INFO:teuthology.orchestra.run.smithi042.stderr:2024-03-28T19:05:54.337+0000 7f54667fc700 1 -- 172.21.15.42:0/4006985040 <== mon.0 v2:172.21.15.42:3300/0 5 ==== osd_map(3..3 src has 1..3) v4 ==== 1155+0+0 (secure 0 0 0) 0x7f546801e030 con 0x7f5474100ac0
2024-03-28T19:05:54.338 INFO:teuthology.orchestra.run.smithi042.stderr:2024-03-28T19:05:54.337+0000 7f5478dc1700 1 --2- 172.21.15.42:0/4006985040 >> [v2:172.21.15.42:6800/603081585,v1:172.21.15.42:6801/603081585] conn(0x7f5460038fc0 0x7f546003b480 unknown :-1 s=BANNER_CONNECTING pgs=0 cs=0 l=1 rev1=0 crypto rx=0 tx=0 comp rx=0 tx=0)._handle_peer_banner_payload supported=3 required=0
2024-03-28T19:05:54.338 INFO:teuthology.orchestra.run.smithi042.stderr:2024-03-28T19:05:54.337+0000 7f5478dc1700 1 --2- 172.21.15.42:0/4006985040 >> [v2:172.21.15.42:6800/603081585,v1:172.21.15.42:6801/603081585] conn(0x7f5460038fc0 0x7f546003b480 secure :-1 s=READY pgs=12 cs=0 l=1 rev1=1 crypto rx=0x7f5470006fd0 tx=0x7f5470006e40 comp rx=0 tx=0).ready entity=mgr.14152 client_cookie=0 server_cookie=0 in_seq=0 out_seq=0
2024-03-28T19:05:54.341 INFO:teuthology.orchestra.run.smithi042.stderr:2024-03-28T19:05:54.342+0000 7f54667fc700 1 -- 172.21.15.42:0/4006985040 <== mon.0 v2:172.21.15.42:3300/0 6 ==== mon_command_ack([{"prefix": "get_command_descriptions"}]=0 v0) v1 ==== 72+0+186149 (secure 0 0 0) 0x7f5468013070 con 0x7f5474100ac0
2024-03-28T19:05:54.545 INFO:teuthology.orchestra.run.smithi042.stderr:2024-03-28T19:05:54.546+0000 7f547b826700 1 -- 172.21.15.42:0/4006985040 --> [v2:172.21.15.42:3300/0,v1:172.21.15.42:6789/0] -- mon_command([{prefix=config set, name=mgr/cephadm/allow_ptrace}] v 0) v1 -- 0x7f547402dba0 con 0x7f5474100ac0
2024-03-28T19:05:54.548 INFO:teuthology.orchestra.run.smithi042.stderr:2024-03-28T19:05:54.548+0000 7f54667fc700 1 -- 172.21.15.42:0/4006985040 <== mon.0 v2:172.21.15.42:3300/0 7 ==== mon_command_ack([{prefix=config set, name=mgr/cephadm/allow_ptrace}]=0 v9)=0 v9) v1 ==== 125+0+0 (secure 0 0 0) 0x7f5468031020 con 0x7f5474100ac0
2024-03-28T19:05:54.551 INFO:teuthology.orchestra.run.smithi042.stderr:2024-03-28T19:05:54.551+0000 7f547b826700 1 -- 172.21.15.42:0/4006985040 >> [v2:172.21.15.42:6800/603081585,v1:172.21.15.42:6801/603081585] conn(0x7f5460038fc0 msgr2=0x7f546003b480 secure :-1 s=STATE_CONNECTION_ESTABLISHED l=1).mark_down
2024-03-28T19:05:54.551 INFO:teuthology.orchestra.run.smithi042.stderr:2024-03-28T19:05:54.551+0000 7f547b826700 1 --2- 172.21.15.42:0/4006985040 >> [v2:172.21.15.42:6800/603081585,v1:172.21.15.42:6801/603081585] conn(0x7f5460038fc0 0x7f546003b480 secure :-1 s=READY pgs=12 cs=0 l=1 rev1=1 crypto rx=0x7f5470006fd0 tx=0x7f5470006e40 comp rx=0 tx=0).stop
2024-03-28T19:05:54.551 INFO:teuthology.orchestra.run.smithi042.stderr:2024-03-28T19:05:54.551+0000 7f547b826700 1 -- 172.21.15.42:0/4006985040 >> [v2:172.21.15.42:3300/0,v1:172.21.15.42:6789/0] conn(0x7f5474100ac0 msgr2=0x7f547406a020 secure :-1 s=STATE_CONNECTION_ESTABLISHED l=1).mark_down
2024-03-28T19:05:54.551 INFO:teuthology.orchestra.run.smithi042.stderr:2024-03-28T19:05:54.551+0000 7f547b826700 1 --2- 172.21.15.42:0/4006985040 >> [v2:172.21.15.42:3300/0,v1:172.21.15.42:6789/0] conn(0x7f5474100ac0 0x7f547406a020 secure :-1 s=READY pgs=81 cs=0 l=1 rev1=1 crypto rx=0x7f5468004f80 tx=0x7f5468005060 comp rx=0 tx=0).stop
2024-03-28T19:05:54.551 INFO:teuthology.orchestra.run.smithi042.stderr:2024-03-28T19:05:54.551+0000 7f547b826700 1 -- 172.21.15.42:0/4006985040 shutdown_connections
2024-03-28T19:05:54.551 INFO:teuthology.orchestra.run.smithi042.stderr:2024-03-28T19:05:54.551+0000 7f547b826700 1 --2- 172.21.15.42:0/4006985040 >> [v2:172.21.15.42:6800/603081585,v1:172.21.15.42:6801/603081585] conn(0x7f5460038fc0 0x7f546003b480 unknown :-1 s=CLOSED pgs=12 cs=0 l=1 rev1=1 crypto rx=0 tx=0 comp rx=0 tx=0).stop
2024-03-28T19:05:54.551 INFO:teuthology.orchestra.run.smithi042.stderr:2024-03-28T19:05:54.551+0000 7f547b826700 1 --2- 172.21.15.42:0/4006985040 >> [v2:172.21.15.42:3300/0,v1:172.21.15.42:6789/0] conn(0x7f5474100ac0 0x7f547406a020 unknown :-1 s=CLOSED pgs=81 cs=0 l=1 rev1=1 crypto rx=0 tx=0 comp rx=0 tx=0).stop
2024-03-28T19:05:54.551 INFO:teuthology.orchestra.run.smithi042.stderr:2024-03-28T19:05:54.551+0000 7f547b826700 1 -- 172.21.15.42:0/4006985040 >> 172.21.15.42:0/4006985040 conn(0x7f54740fc060 msgr2=0x7f54740fca30 unknown :-1 s=STATE_NONE l=0).mark_down
2024-03-28T19:05:54.551 INFO:teuthology.orchestra.run.smithi042.stderr:2024-03-28T19:05:54.551+0000 7f547b826700 1 -- 172.21.15.42:0/4006985040 shutdown_connections
2024-03-28T19:05:54.551 INFO:teuthology.orchestra.run.smithi042.stderr:2024-03-28T19:05:54.551+0000 7f547b826700 1 -- 172.21.15.42:0/4006985040 wait complete.
2024-03-28T19:05:54.630 INFO:journalctl@ceph.mon.a.smithi042.stdout:Mar 28 19:05:54 smithi042 ceph-mon[32091]: from='mgr.14152 172.21.15.42:0/3303148915' entity='mgr.x'
2024-03-28T19:05:54.630 INFO:journalctl@ceph.mon.a.smithi042.stdout:Mar 28 19:05:54 smithi042 ceph-mon[32091]: from='mgr.14152 172.21.15.42:0/3303148915' entity='mgr.x'
2024-03-28T19:05:54.630 INFO:journalctl@ceph.mon.a.smithi042.stdout:Mar 28 19:05:54 smithi042 ceph-mon[32091]: from='mgr.14152 172.21.15.42:0/3303148915' entity='mgr.x' cmd=[{"prefix": "config rm", "who": "osd/host:smithi042", "name": "osd_memory_target"}]: dispatch
2024-03-28T19:05:54.630 INFO:journalctl@ceph.mon.a.smithi042.stdout:Mar 28 19:05:54 smithi042 ceph-mon[32091]: from='mgr.14152 172.21.15.42:0/3303148915' entity='mgr.x'
2024-03-28T19:05:54.631 INFO:journalctl@ceph.mon.a.smithi042.stdout:Mar 28 19:05:54 smithi042 ceph-mon[32091]: from='mgr.14152 172.21.15.42:0/3303148915' entity='mgr.x' cmd=[{"prefix": "config dump", "format": "json"}]: dispatch
2024-03-28T19:05:54.631 INFO:journalctl@ceph.mon.a.smithi042.stdout:Mar 28 19:05:54 smithi042 ceph-mon[32091]: from='mgr.14152 172.21.15.42:0/3303148915' entity='mgr.x'
2024-03-28T19:05:55.109 INFO:tasks.cephadm:Distributing conf and client.admin keyring to all hosts + 0755
2024-03-28T19:05:55.109 DEBUG:teuthology.orchestra.run.smithi042:> sudo /home/ubuntu/cephtest/cephadm --image quay-quay-quay.apps.os.sepia.ceph.com/ceph-ci/ceph:3be9a5c9bc793e11e2800a8c0c696e8b46742033 shell -c /etc/ceph/ceph.conf -k /etc/ceph/ceph.client.admin.keyring --fsid e2116a84-ed35-11ee-95d0-87774f69a715 -- ceph orch client-keyring set client.admin '*' --mode 0755
2024-03-28T19:05:55.347 INFO:teuthology.orchestra.run.smithi042.stderr:Inferring config /var/lib/ceph/e2116a84-ed35-11ee-95d0-87774f69a715/mon.a/config
2024-03-28T19:05:55.750 INFO:journalctl@ceph.mon.a.smithi042.stdout:Mar 28 19:05:55 smithi042 ceph-mon[32091]: from='client.? 172.21.15.42:0/4006985040' entity='client.admin'
2024-03-28T19:05:55.750 INFO:journalctl@ceph.mon.a.smithi042.stdout:Mar 28 19:05:55 smithi042 ceph-mon[32091]: from='mgr.14152 172.21.15.42:0/3303148915' entity='mgr.x' cmd=[{"prefix": "config dump", "format": "json"}]: dispatch
2024-03-28T19:05:55.750 INFO:journalctl@ceph.mon.a.smithi042.stdout:Mar 28 19:05:55 smithi042 ceph-mon[32091]: from='mgr.14152 172.21.15.42:0/3303148915' entity='mgr.x'
2024-03-28T19:05:56.788 INFO:teuthology.orchestra.run.smithi042.stderr:2024-03-28T19:05:56.784+0000 7f31c723e700 1 -- 172.21.15.42:0/808273737 >> [v2:172.21.15.42:3300/0,v1:172.21.15.42:6789/0] conn(0x7f31c01026f0 msgr2=0x7f31c0104ae0 secure :-1 s=STATE_CONNECTION_ESTABLISHED l=1).mark_down
2024-03-28T19:05:56.788 INFO:teuthology.orchestra.run.smithi042.stderr:2024-03-28T19:05:56.784+0000 7f31c723e700 1 --2- 172.21.15.42:0/808273737 >> [v2:172.21.15.42:3300/0,v1:172.21.15.42:6789/0] conn(0x7f31c01026f0 0x7f31c0104ae0 secure :-1 s=READY pgs=82 cs=0 l=1 rev1=1 crypto rx=0x7f31b4009910 tx=0x7f31b4009c20 comp rx=0 tx=0).stop
2024-03-28T19:05:56.788 INFO:teuthology.orchestra.run.smithi042.stderr:2024-03-28T19:05:56.784+0000 7f31c723e700 1 -- 172.21.15.42:0/808273737 shutdown_connections
2024-03-28T19:05:56.788 INFO:teuthology.orchestra.run.smithi042.stderr:2024-03-28T19:05:56.784+0000 7f31c723e700 1 --2- 172.21.15.42:0/808273737 >> [v2:172.21.15.42:3300/0,v1:172.21.15.42:6789/0] conn(0x7f31c01026f0 0x7f31c0104ae0 unknown :-1 s=CLOSED pgs=82 cs=0 l=1 rev1=1 crypto rx=0 tx=0 comp rx=0 tx=0).stop
2024-03-28T19:05:56.788 INFO:teuthology.orchestra.run.smithi042.stderr:2024-03-28T19:05:56.784+0000 7f31c723e700 1 -- 172.21.15.42:0/808273737 >> 172.21.15.42:0/808273737 conn(0x7f31c00fc060 msgr2=0x7f31c00fe4e0 unknown :-1 s=STATE_NONE l=0).mark_down
2024-03-28T19:05:56.788 INFO:teuthology.orchestra.run.smithi042.stderr:2024-03-28T19:05:56.784+0000 7f31c723e700 1 -- 172.21.15.42:0/808273737 shutdown_connections
2024-03-28T19:05:56.788 INFO:teuthology.orchestra.run.smithi042.stderr:2024-03-28T19:05:56.785+0000 7f31c723e700 1 -- 172.21.15.42:0/808273737 wait complete.
2024-03-28T19:05:56.789 INFO:teuthology.orchestra.run.smithi042.stderr:2024-03-28T19:05:56.785+0000 7f31c723e700 1 Processor -- start
2024-03-28T19:05:56.789 INFO:teuthology.orchestra.run.smithi042.stderr:2024-03-28T19:05:56.785+0000 7f31c723e700 1 -- start start
2024-03-28T19:05:56.789 INFO:teuthology.orchestra.run.smithi042.stderr:2024-03-28T19:05:56.785+0000 7f31c723e700 1 --2- >> [v2:172.21.15.42:3300/0,v1:172.21.15.42:6789/0] conn(0x7f31c01026f0 0x7f31c0197420 unknown :-1 s=NONE pgs=0 cs=0 l=1 rev1=0 crypto rx=0 tx=0 comp rx=0 tx=0).connect
2024-03-28T19:05:56.789 INFO:teuthology.orchestra.run.smithi042.stderr:2024-03-28T19:05:56.785+0000 7f31c723e700 1 -- --> [v2:172.21.15.42:3300/0,v1:172.21.15.42:6789/0] -- mon_getmap magic: 0 v1 -- 0x7f31c0107f30 con 0x7f31c01026f0
2024-03-28T19:05:56.789 INFO:teuthology.orchestra.run.smithi042.stderr:2024-03-28T19:05:56.785+0000 7f31c4fda700 1 --2- >> [v2:172.21.15.42:3300/0,v1:172.21.15.42:6789/0] conn(0x7f31c01026f0 0x7f31c0197420 unknown :-1 s=BANNER_CONNECTING pgs=0 cs=0 l=1 rev1=0 crypto rx=0 tx=0 comp rx=0 tx=0)._handle_peer_banner_payload supported=3 required=0
