2024-03-28T19:05:36.769+0000 7fbc51ebc700 1 -- 172.21.15.42:0/3980935996 >> [v2:172.21.15.42:3300/0,v1:172.21.15.42:6789/0] conn(0x7fbc4c1086f0 msgr2=0x7fbc4c10aae0 secure :-1 s=STATE_CONNECTION_ESTABLISHED l=1).mark_down
2024-03-28T19:05:37.552 INFO:teuthology.orchestra.run.smithi042.stdout:/usr/bin/ceph: stderr
2024-03-28T19:05:36.769+0000 7fbc51ebc700 1 --2- 172.21.15.42:0/3980935996 >> [v2:172.21.15.42:3300/0,v1:172.21.15.42:6789/0] conn(0x7fbc4c1086f0 0x7fbc4c10aae0 secure :-1 s=READY pgs=59 cs=0 l=1 rev1=1 crypto rx=0x7fbc3c0098a0 tx=0x7fbc3c009bb0 comp rx=0 tx=0).stop
2024-03-28T19:05:37.552 INFO:teuthology.orchestra.run.smithi042.stdout:/usr/bin/ceph: stderr
2024-03-28T19:05:36.769+0000 7fbc51ebc700 1 -- 172.21.15.42:0/3980935996 shutdown_connections
2024-03-28T19:05:37.552 INFO:teuthology.orchestra.run.smithi042.stdout:/usr/bin/ceph: stderr
2024-03-28T19:05:36.769+0000 7fbc51ebc700 1 --2- 172.21.15.42:0/3980935996 >> [v2:172.21.15.42:3300/0,v1:172.21.15.42:6789/0] conn(0x7fbc4c1086f0 0x7fbc4c10aae0 unknown :-1 s=CLOSED pgs=59 cs=0 l=1 rev1=1 crypto rx=0 tx=0 comp rx=0 tx=0).stop
2024-03-28T19:05:37.552 INFO:teuthology.orchestra.run.smithi042.stdout:/usr/bin/ceph: stderr
2024-03-28T19:05:36.769+0000 7fbc51ebc700 1 -- 172.21.15.42:0/3980935996 >> 172.21.15.42:0/3980935996 conn(0x7fbc4c1021a0 msgr2=0x7fbc4c1045c0 unknown :-1 s=STATE_NONE l=0).mark_down
2024-03-28T19:05:37.552 INFO:teuthology.orchestra.run.smithi042.stdout:/usr/bin/ceph: stderr
2024-03-28T19:05:36.769+0000 7fbc51ebc700 1 -- 172.21.15.42:0/3980935996 shutdown_connections
2024-03-28T19:05:37.552 INFO:teuthology.orchestra.run.smithi042.stdout:/usr/bin/ceph: stderr
2024-03-28T19:05:36.769+0000 7fbc51ebc700 1 -- 172.21.15.42:0/3980935996 wait complete.
2024-03-28T19:05:37.552 INFO:teuthology.orchestra.run.smithi042.stdout:/usr/bin/ceph: stderr
2024-03-28T19:05:36.770+0000 7fbc51ebc700 1 Processor -- start
2024-03-28T19:05:37.552 INFO:teuthology.orchestra.run.smithi042.stdout:/usr/bin/ceph: stderr
2024-03-28T19:05:36.770+0000 7fbc51ebc700 1 -- start start
2024-03-28T19:05:37.552 INFO:teuthology.orchestra.run.smithi042.stdout:/usr/bin/ceph: stderr
2024-03-28T19:05:36.770+0000 7fbc51ebc700 1 --2- >> [v2:172.21.15.42:3300/0,v1:172.21.15.42:6789/0] conn(0x7fbc4c1086f0 0x7fbc4c19bd30 unknown :-1 s=NONE pgs=0 cs=0 l=1 rev1=0 crypto rx=0 tx=0 comp rx=0 tx=0).connect
2024-03-28T19:05:37.552 INFO:teuthology.orchestra.run.smithi042.stdout:/usr/bin/ceph: stderr
2024-03-28T19:05:36.770+0000 7fbc51ebc700 1 -- --> [v2:172.21.15.42:3300/0,v1:172.21.15.42:6789/0] -- mon_getmap magic: 0 v1 -- 0x7fbc4c10c150 con 0x7fbc4c1086f0
2024-03-28T19:05:37.552 INFO:teuthology.orchestra.run.smithi042.stdout:/usr/bin/ceph: stderr
2024-03-28T19:05:36.770+0000 7fbc4b7fe700 1 --2- >> [v2:172.21.15.42:3300/0,v1:172.21.15.42:6789/0] conn(0x7fbc4c1086f0 0x7fbc4c19bd30 unknown :-1 s=BANNER_CONNECTING pgs=0 cs=0 l=1 rev1=0 crypto rx=0 tx=0 comp rx=0 tx=0)._handle_peer_banner_payload supported=3 required=0
2024-03-28T19:05:37.552 INFO:teuthology.orchestra.run.smithi042.stdout:/usr/bin/ceph: stderr
2024-03-28T19:05:36.771+0000 7fbc4b7fe700 1 --2- >> [v2:172.21.15.42:3300/0,v1:172.21.15.42:6789/0] conn(0x7fbc4c1086f0 0x7fbc4c19bd30 unknown :-1 s=HELLO_CONNECTING pgs=0 cs=0 l=1 rev1=1 crypto rx=0 tx=0 comp rx=0 tx=0).handle_hello peer v2:172.21.15.42:3300/0 says I am v2:172.21.15.42:51340/0 (socket says 172.21.15.42:51340)
2024-03-28T19:05:37.552 INFO:teuthology.orchestra.run.smithi042.stdout:/usr/bin/ceph: stderr
2024-03-28T19:05:36.771+0000 7fbc4b7fe700 1 -- 172.21.15.42:0/3925861335 learned_addr learned my addr 172.21.15.42:0/3925861335 (peer_addr_for_me v2:172.21.15.42:0/0)
2024-03-28T19:05:37.552 INFO:teuthology.orchestra.run.smithi042.stdout:/usr/bin/ceph: stderr
2024-03-28T19:05:36.771+0000 7fbc4b7fe700 1 -- 172.21.15.42:0/3925861335 --> [v2:172.21.15.42:3300/0,v1:172.21.15.42:6789/0] -- mon_subscribe({config=0+,monmap=0+}) v3 -- 0x7fbc4c19c270 con 0x7fbc4c1086f0
2024-03-28T19:05:37.552 INFO:teuthology.orchestra.run.smithi042.stdout:/usr/bin/ceph: stderr
2024-03-28T19:05:36.771+0000 7fbc4b7fe700 1 --2- 172.21.15.42:0/3925861335 >> [v2:172.21.15.42:3300/0,v1:172.21.15.42:6789/0] conn(0x7fbc4c1086f0 0x7fbc4c19bd30 secure :-1 s=READY pgs=60 cs=0 l=1 rev1=1 crypto rx=0x7fbc3c011930 tx=0x7fbc3c011cf0 comp rx=0 tx=0).ready entity=mon.0 client_cookie=0 server_cookie=0 in_seq=0 out_seq=0
2024-03-28T19:05:37.553 INFO:teuthology.orchestra.run.smithi042.stdout:/usr/bin/ceph: stderr
2024-03-28T19:05:36.771+0000 7fbc48ff9700 1 -- 172.21.15.42:0/3925861335 <== mon.0 v2:172.21.15.42:3300/0 1 ==== mon_map magic: 0 v1 ==== 205+0+0 (secure 0 0 0) 0x7fbc3c0039e0 con 0x7fbc4c1086f0
2024-03-28T19:05:37.553 INFO:teuthology.orchestra.run.smithi042.stdout:/usr/bin/ceph: stderr
2024-03-28T19:05:36.771+0000 7fbc51ebc700 1 -- 172.21.15.42:0/3925861335 --> [v2:172.21.15.42:3300/0,v1:172.21.15.42:6789/0] -- mon_subscribe({mgrmap=0+}) v3 -- 0x7fbc4c19c500 con 0x7fbc4c1086f0
2024-03-28T19:05:37.553 INFO:teuthology.orchestra.run.smithi042.stdout:/usr/bin/ceph: stderr
2024-03-28T19:05:36.771+0000 7fbc48ff9700 1 -- 172.21.15.42:0/3925861335 <== mon.0 v2:172.21.15.42:3300/0 2 ==== config(29 keys) v1 ==== 1209+0+0 (secure 0 0 0) 0x7fbc3c003b80 con 0x7fbc4c1086f0
2024-03-28T19:05:37.553 INFO:teuthology.orchestra.run.smithi042.stdout:/usr/bin/ceph: stderr
2024-03-28T19:05:36.771+0000 7fbc48ff9700 1 -- 172.21.15.42:0/3925861335 <== mon.0 v2:172.21.15.42:3300/0 3 ==== mon_map magic: 0 v1 ==== 205+0+0 (secure 0 0 0) 0x7fbc3c024760 con 0x7fbc4c1086f0
2024-03-28T19:05:37.553 INFO:teuthology.orchestra.run.smithi042.stdout:/usr/bin/ceph: stderr
2024-03-28T19:05:36.771+0000 7fbc51ebc700 1 -- 172.21.15.42:0/3925861335 --> [v2:172.21.15.42:3300/0,v1:172.21.15.42:6789/0] -- mon_subscribe({osdmap=0}) v3 -- 0x7fbc4c19f1f0 con 0x7fbc4c1086f0
2024-03-28T19:05:37.553 INFO:teuthology.orchestra.run.smithi042.stdout:/usr/bin/ceph: stderr
2024-03-28T19:05:36.772+0000 7fbc48ff9700 1 -- 172.21.15.42:0/3925861335 <== mon.0 v2:172.21.15.42:3300/0 4 ==== mgrmap(e 9) v1 ==== 46119+0+0 (secure 0 0 0) 0x7fbc3c022020 con 0x7fbc4c1086f0
2024-03-28T19:05:37.553 INFO:teuthology.orchestra.run.smithi042.stdout:/usr/bin/ceph: stderr
2024-03-28T19:05:36.772+0000 7fbc51ebc700 1 -- 172.21.15.42:0/3925861335 --> [v2:172.21.15.42:3300/0,v1:172.21.15.42:6789/0] -- mon_command({"prefix": "get_command_descriptions"} v 0) v1 -- 0x7fbc4c0637c0 con 0x7fbc4c1086f0
2024-03-28T19:05:37.553 INFO:teuthology.orchestra.run.smithi042.stdout:/usr/bin/ceph: stderr
2024-03-28T19:05:36.772+0000 7fbc48ff9700 1 --2- 172.21.15.42:0/3925861335 >> [v2:172.21.15.42:6800/1979913395,v1:172.21.15.42:6801/1979913395] conn(0x7fbc34038f20 0x7fbc3403b3e0 unknown :-1 s=NONE pgs=0 cs=0 l=1 rev1=0 crypto rx=0 tx=0 comp rx=0 tx=0).connect
2024-03-28T19:05:37.553 INFO:teuthology.orchestra.run.smithi042.stdout:/usr/bin/ceph: stderr
2024-03-28T19:05:36.773+0000 7fbc48ff9700 1 -- 172.21.15.42:0/3925861335 <== mon.0 v2:172.21.15.42:3300/0 5 ==== osd_map(2..2 src has 1..2) v4 ==== 940+0+0 (secure 0 0 0) 0x7fbc3c04ced0 con 0x7fbc4c1086f0
2024-03-28T19:05:37.553 INFO:teuthology.orchestra.run.smithi042.stdout:/usr/bin/ceph: stderr
2024-03-28T19:05:36.773+0000 7fbc4affd700 1 -- 172.21.15.42:0/3925861335 >> [v2:172.21.15.42:6800/1979913395,v1:172.21.15.42:6801/1979913395] conn(0x7fbc34038f20 msgr2=0x7fbc3403b3e0 unknown :-1 s=STATE_CONNECTING_RE l=1).process reconnect failed to v2:172.21.15.42:6800/1979913395
2024-03-28T19:05:37.553 INFO:teuthology.orchestra.run.smithi042.stdout:/usr/bin/ceph: stderr
2024-03-28T19:05:36.773+0000 7fbc4affd700 1 --2- 172.21.15.42:0/3925861335 >> [v2:172.21.15.42:6800/1979913395,v1:172.21.15.42:6801/1979913395] conn(0x7fbc34038f20 0x7fbc3403b3e0 unknown :-1 s=START_CONNECT pgs=0 cs=0 l=1 rev1=0 crypto rx=0 tx=0 comp rx=0 tx=0)._fault waiting 0.200000
2024-03-28T19:05:37.553 INFO:teuthology.orchestra.run.smithi042.stdout:/usr/bin/ceph: stderr
2024-03-28T19:05:36.777+0000 7fbc48ff9700 1 -- 172.21.15.42:0/3925861335 <== mon.0 v2:172.21.15.42:3300/0 6 ==== mon_command_ack([{"prefix": "get_command_descriptions"}]=0 v0) v1 ==== 72+0+186149 (secure 0 0 0) 0x7fbc3c00b810 con 0x7fbc4c1086f0
2024-03-28T19:05:37.553 INFO:teuthology.orchestra.run.smithi042.stdout:/usr/bin/ceph: stderr
2024-03-28T19:05:36.974+0000 7fbc4affd700 1 -- 172.21.15.42:0/3925861335 >> [v2:172.21.15.42:6800/1979913395,v1:172.21.15.42:6801/1979913395] conn(0x7fbc34038f20 msgr2=0x7fbc3403b3e0 unknown :-1 s=STATE_CONNECTING_RE l=1).process reconnect failed to v2:172.21.15.42:6800/1979913395
2024-03-28T19:05:37.553 INFO:teuthology.orchestra.run.smithi042.stdout:/usr/bin/ceph: stderr
2024-03-28T19:05:36.974+0000 7fbc4affd700 1 --2- 172.21.15.42:0/3925861335 >> [v2:172.21.15.42:6800/1979913395,v1:172.21.15.42:6801/1979913395] conn(0x7fbc34038f20 0x7fbc3403b3e0 unknown :-1 s=START_CONNECT pgs=0 cs=0 l=1 rev1=0 crypto rx=0 tx=0 comp rx=0 tx=0)._fault waiting 0.400000
2024-03-28T19:05:37.553 INFO:teuthology.orchestra.run.smithi042.stdout:/usr/bin/ceph: stderr
2024-03-28T19:05:37.041+0000 7fbc51ebc700 1 -- 172.21.15.42:0/3925861335 --> [v2:172.21.15.42:3300/0,v1:172.21.15.42:6789/0] -- mon_command({"prefix": "mgr stat"} v 0) v1 -- 0x7fbc4c19f7a0 con 0x7fbc4c1086f0
2024-03-28T19:05:37.553 INFO:teuthology.orchestra.run.smithi042.stdout:/usr/bin/ceph: stderr
2024-03-28T19:05:37.041+0000 7fbc48ff9700 1 -- 172.21.15.42:0/3925861335 <== mon.0 v2:172.21.15.42:3300/0 7 ==== mon_command_ack([{"prefix": "mgr stat"}]=0 v9) v1 ==== 56+0+88 (secure 0 0 0) 0x7fbc3c00ba30 con 0x7fbc4c1086f0
2024-03-28T19:05:37.554 INFO:teuthology.orchestra.run.smithi042.stdout:/usr/bin/ceph: stderr
2024-03-28T19:05:37.043+0000 7fbc51ebc700 1 -- 172.21.15.42:0/3925861335 >> [v2:172.21.15.42:6800/1979913395,v1:172.21.15.42:6801/1979913395] conn(0x7fbc34038f20 msgr2=0x7fbc3403b3e0 unknown :-1 s=STATE_CONNECTING l=1).mark_down
2024-03-28T19:05:37.554 INFO:teuthology.orchestra.run.smithi042.stdout:/usr/bin/ceph: stderr
2024-03-28T19:05:37.043+0000 7fbc51ebc700 1 --2- 172.21.15.42:0/3925861335 >> [v2:172.21.15.42:6800/1979913395,v1:172.21.15.42:6801/1979913395] conn(0x7fbc34038f20 0x7fbc3403b3e0 unknown :-1 s=START_CONNECT pgs=0 cs=0 l=1 rev1=0 crypto rx=0 tx=0 comp rx=0 tx=0).stop
2024-03-28T19:05:37.554 INFO:teuthology.orchestra.run.smithi042.stdout:/usr/bin/ceph: stderr
2024-03-28T19:05:37.043+0000 7fbc51ebc700 1 -- 172.21.15.42:0/3925861335 >> [v2:172.21.15.42:3300/0,v1:172.21.15.42:6789/0] conn(0x7fbc4c1086f0 msgr2=0x7fbc4c19bd30 secure :-1 s=STATE_CONNECTION_ESTABLISHED l=1).mark_down
2024-03-28T19:05:37.554 INFO:teuthology.orchestra.run.smithi042.stdout:/usr/bin/ceph: stderr
2024-03-28T19:05:37.043+0000 7fbc51ebc700 1 --2- 172.21.15.42:0/3925861335 >> [v2:172.21.15.42:3300/0,v1:172.21.15.42:6789/0] conn(0x7fbc4c1086f0 0x7fbc4c19bd30 secure :-1 s=READY pgs=60 cs=0 l=1 rev1=1 crypto rx=0x7fbc3c011930 tx=0x7fbc3c011cf0 comp rx=0 tx=0).stop
2024-03-28T19:05:37.554 INFO:teuthology.orchestra.run.smithi042.stdout:/usr/bin/ceph: stderr
2024-03-28T19:05:37.043+0000 7fbc51ebc700 1 -- 172.21.15.42:0/3925861335 shutdown_connections
2024-03-28T19:05:37.554 INFO:teuthology.orchestra.run.smithi042.stdout:/usr/bin/ceph: stderr
2024-03-28T19:05:37.043+0000 7fbc51ebc700 1 --2- 172.21.15.42:0/3925861335 >> [v2:172.21.15.42:6800/1979913395,v1:172.21.15.42:6801/1979913395] conn(0x7fbc34038f20 0x7fbc3403b3e0 unknown :-1 s=CLOSED pgs=0 cs=0 l=1 rev1=0 crypto rx=0 tx=0 comp rx=0 tx=0).stop
2024-03-28T19:05:37.554 INFO:teuthology.orchestra.run.smithi042.stdout:/usr/bin/ceph: stderr
2024-03-28T19:05:37.043+0000 7fbc51ebc700 1 --2- 172.21.15.42:0/3925861335 >> [v2:172.21.15.42:3300/0,v1:172.21.15.42:6789/0] conn(0x7fbc4c1086f0 0x7fbc4c19bd30 unknown :-1 s=CLOSED pgs=60 cs=0 l=1 rev1=1 crypto rx=0 tx=0 comp rx=0 tx=0).stop
2024-03-28T19:05:37.554 INFO:teuthology.orchestra.run.smithi042.stdout:/usr/bin/ceph: stderr
2024-03-28T19:05:37.043+0000 7fbc51ebc700 1 -- 172.21.15.42:0/3925861335 >> 172.21.15.42:0/3925861335 conn(0x7fbc4c1021a0 msgr2=0x7fbc4c102d50 unknown :-1 s=STATE_NONE l=0).mark_down
2024-03-28T19:05:37.554 INFO:teuthology.orchestra.run.smithi042.stdout:/usr/bin/ceph: stderr
2024-03-28T19:05:37.043+0000 7fbc51ebc700 1 -- 172.21.15.42:0/3925861335 shutdown_connections
2024-03-28T19:05:37.554 INFO:teuthology.orchestra.run.smithi042.stdout:/usr/bin/ceph: stderr
2024-03-28T19:05:37.044+0000 7fbc51ebc700 1 -- 172.21.15.42:0/3925861335 wait complete.
2024-03-28T19:05:37.554 INFO:teuthology.orchestra.run.smithi042.stdout:Waiting for the mgr to restart...
2024-03-28T19:05:37.554 INFO:teuthology.orchestra.run.smithi042.stdout:Waiting for mgr epoch 9...
2024-03-28T19:05:37.796 INFO:journalctl@ceph.mon.a.smithi042.stdout:Mar 28 19:05:37 smithi042 ceph-mon[32091]: from='client.? 172.21.15.42:0/3925861335' entity='client.admin' cmd=[{"prefix": "mgr stat"}]: dispatch
2024-03-28T19:05:37.796 INFO:journalctl@ceph.mgr.x.smithi042.stdout:Mar 28 19:05:37 smithi042 ceph-e2116a84-ed35-11ee-95d0-87774f69a715-mgr-x[32325]:
2024-03-28T19:05:37.644+0000 7f5eea60c200 -1 mgr[py] Module rgw has missing NOTIFY_TYPES member
2024-03-28T19:05:37.796 INFO:journalctl@ceph.mgr.x.smithi042.stdout:Mar 28 19:05:37 smithi042 ceph-e2116a84-ed35-11ee-95d0-87774f69a715-mgr-x[32325]:
2024-03-28T19:05:37.759+0000 7f5eea60c200 -1 mgr[py] Module rbd_support has missing NOTIFY_TYPES member
2024-03-28T19:05:38.131 INFO:journalctl@ceph.mgr.x.smithi042.stdout:Mar 28 19:05:37 smithi042 ceph-e2116a84-ed35-11ee-95d0-87774f69a715-mgr-x[32325]:
2024-03-28T19:05:37.852+0000 7f5eea60c200 -1 mgr[py] Module progress has missing NOTIFY_TYPES member
2024-03-28T19:05:38.132 INFO:journalctl@ceph.mgr.x.smithi042.stdout:Mar 28 19:05:37 smithi042 ceph-e2116a84-ed35-11ee-95d0-87774f69a715-mgr-x[32325]:
2024-03-28T19:05:37.951+0000 7f5eea60c200 -1 mgr[py] Module pg_autoscaler has missing NOTIFY_TYPES member
2024-03-28T19:05:38.132 INFO:journalctl@ceph.mgr.x.smithi042.stdout:Mar 28 19:05:38 smithi042 ceph-e2116a84-ed35-11ee-95d0-87774f69a715-mgr-x[32325]:
2024-03-28T19:05:38.132+0000 7f5eea60c200 -1 mgr[py] Module devicehealth has missing NOTIFY_TYPES member
2024-03-28T19:05:39.395 INFO:journalctl@ceph.mgr.x.smithi042.stdout:Mar 28 19:05:39 smithi042 ceph-e2116a84-ed35-11ee-95d0-87774f69a715-mgr-x[32325]:
2024-03-28T19:05:39.120+0000 7f5eea60c200 -1 mgr[py] Module rook has missing NOTIFY_TYPES member
2024-03-28T19:05:39.395 INFO:journalctl@ceph.mgr.x.smithi042.stdout:Mar 28 19:05:39 smithi042 ceph-e2116a84-ed35-11ee-95d0-87774f69a715-mgr-x[32325]:
2024-03-28T19:05:39.255+0000 7f5eea60c200 -1 mgr[py] Module diskprediction_local has missing NOTIFY_TYPES member
2024-03-28T19:05:39.686 INFO:journalctl@ceph.mgr.x.smithi042.stdout:Mar 28 19:05:39 smithi042 ceph-e2116a84-ed35-11ee-95d0-87774f69a715-mgr-x[32325]:
2024-03-28T19:05:39.594+0000 7f5eea60c200 -1 mgr[py] Module selftest has missing NOTIFY_TYPES member
2024-03-28T19:05:40.046 INFO:journalctl@ceph.mgr.x.smithi042.stdout:Mar 28 19:05:39 smithi042 ceph-e2116a84-ed35-11ee-95d0-87774f69a715-mgr-x[32325]:
2024-03-28T19:05:39.686+0000 7f5eea60c200 -1 mgr[py] Module telegraf has missing NOTIFY_TYPES member
2024-03-28T19:05:40.046 INFO:journalctl@ceph.mgr.x.smithi042.stdout:Mar 28 19:05:39 smithi042 ceph-e2116a84-ed35-11ee-95d0-87774f69a715-mgr-x[32325]:
2024-03-28T19:05:39.889+0000 7f5eea60c200 -1 mgr[py] Module test_orchestrator has missing NOTIFY_TYPES member
2024-03-28T19:05:40.374 INFO:journalctl@ceph.mgr.x.smithi042.stdout:Mar 28 19:05:40 smithi042 ceph-e2116a84-ed35-11ee-95d0-87774f69a715-mgr-x[32325]:
2024-03-28T19:05:40.080+0000 7f5eea60c200 -1 mgr[py] Module crash has missing NOTIFY_TYPES member
2024-03-28T19:05:40.635 INFO:journalctl@ceph.mgr.x.smithi042.stdout:Mar 28 19:05:40 smithi042 ceph-e2116a84-ed35-11ee-95d0-87774f69a715-mgr-x[32325]:
2024-03-28T19:05:40.375+0000 7f5eea60c200 -1 mgr[py] Module orchestrator has missing NOTIFY_TYPES member
2024-03-28T19:05:40.997 INFO:journalctl@ceph.mgr.x.smithi042.stdout:Mar 28 19:05:40 smithi042 ceph-e2116a84-ed35-11ee-95d0-87774f69a715-mgr-x[32325]:
2024-03-28T19:05:40.636+0000 7f5eea60c200 -1 mgr[py] Module osd_support has missing NOTIFY_TYPES member
2024-03-28T19:05:40.997 INFO:journalctl@ceph.mgr.x.smithi042.stdout:Mar 28 19:05:40 smithi042 ceph-e2116a84-ed35-11ee-95d0-87774f69a715-mgr-x[32325]:
2024-03-28T19:05:40.881+0000 7f5eea60c200 -1 mgr[py] Module volumes has missing NOTIFY_TYPES member
2024-03-28T19:05:42.046 INFO:journalctl@ceph.mgr.x.smithi042.stdout:Mar 28 19:05:41 smithi042 ceph-e2116a84-ed35-11ee-95d0-87774f69a715-mgr-x[32325]:
2024-03-28T19:05:41.716+0000 7f5eea60c200 -1 mgr[py] Module telemetry has missing NOTIFY_TYPES member
2024-03-28T19:05:42.640 INFO:journalctl@ceph.mgr.x.smithi042.stdout:Mar 28 19:05:42 smithi042 ceph-e2116a84-ed35-11ee-95d0-87774f69a715-mgr-x[32325]:
2024-03-28T19:05:42.306+0000 7f5eea60c200 -1 mgr[py] Module prometheus has missing NOTIFY_TYPES member
2024-03-28T19:05:42.641 INFO:journalctl@ceph.mgr.x.smithi042.stdout:Mar 28 19:05:42 smithi042 ceph-e2116a84-ed35-11ee-95d0-87774f69a715-mgr-x[32325]:
2024-03-28T19:05:42.412+0000 7f5eea60c200 -1 mgr[py] Module status has missing NOTIFY_TYPES member
2024-03-28T19:05:42.641 INFO:journalctl@ceph.mgr.x.smithi042.stdout:Mar 28 19:05:42 smithi042 ceph-e2116a84-ed35-11ee-95d0-87774f69a715-mgr-x[32325]:
2024-03-28T19:05:42.640+0000 7f5eea60c200 -1 mgr[py] Module nfs has missing NOTIFY_TYPES member
2024-03-28T19:05:43.046 INFO:journalctl@ceph.mon.a.smithi042.stdout:Mar 28 19:05:42 smithi042 ceph-mon[32091]: Active manager daemon x restarted
2024-03-28T19:05:43.046 INFO:journalctl@ceph.mon.a.smithi042.stdout:Mar 28 19:05:42 smithi042 ceph-mon[32091]: Activating manager daemon x
2024-03-28T19:05:43.046 INFO:journalctl@ceph.mon.a.smithi042.stdout:Mar 28 19:05:42 smithi042 ceph-mon[32091]: osdmap e3: 0 total, 0 up, 0 in
2024-03-28T19:05:43.046 INFO:journalctl@ceph.mon.a.smithi042.stdout:Mar 28 19:05:42 smithi042 ceph-mon[32091]: mgrmap e10: x(active, starting, since 0.00441455s)
2024-03-28T19:05:43.047 INFO:journalctl@ceph.mon.a.smithi042.stdout:Mar 28 19:05:42 smithi042 ceph-mon[32091]: from='mgr.14152 172.21.15.42:0/3303148915' entity='mgr.x' cmd=[{"prefix": "mon metadata", "id": "a"}]: dispatch
2024-03-28T19:05:43.047 INFO:journalctl@ceph.mon.a.smithi042.stdout:Mar 28 19:05:42 smithi042 ceph-mon[32091]: from='mgr.14152 172.21.15.42:0/3303148915' entity='mgr.x' cmd=[{"prefix": "mgr metadata", "who": "x", "id": "x"}]: dispatch
2024-03-28T19:05:43.047 INFO:journalctl@ceph.mon.a.smithi042.stdout:Mar 28 19:05:42 smithi042 ceph-mon[32091]: from='mgr.14152 172.21.15.42:0/3303148915' entity='mgr.x' cmd=[{"prefix": "mds metadata"}]: dispatch
2024-03-28T19:05:43.047 INFO:journalctl@ceph.mon.a.smithi042.stdout:Mar 28 19:05:42 smithi042 ceph-mon[32091]: from='mgr.14152 172.21.15.42:0/3303148915' entity='mgr.x' cmd=[{"prefix": "osd metadata"}]: dispatch
2024-03-28T19:05:43.047 INFO:journalctl@ceph.mon.a.smithi042.stdout:Mar 28 19:05:42 smithi042 ceph-mon[32091]: from='mgr.14152 172.21.15.42:0/3303148915' entity='mgr.x' cmd=[{"prefix": "mon metadata"}]: dispatch
2024-03-28T19:05:43.047 INFO:journalctl@ceph.mon.a.smithi042.stdout:Mar 28 19:05:42 smithi042 ceph-mon[32091]: Manager daemon x is now available
2024-03-28T19:05:43.047 INFO:journalctl@ceph.mon.a.smithi042.stdout:Mar 28 19:05:42 smithi042 ceph-mon[32091]: from='mgr.14152 172.21.15.42:0/3303148915' entity='mgr.x' cmd=[{"prefix": "config dump", "format": "json"}]: dispatch
2024-03-28T19:05:43.047 INFO:journalctl@ceph.mon.a.smithi042.stdout:Mar 28 19:05:42 smithi042 ceph-mon[32091]: from='mgr.14152 172.21.15.42:0/3303148915' entity='mgr.x' cmd=[{"prefix": "config dump", "format": "json"}]: dispatch
2024-03-28T19:05:44.007 INFO:journalctl@ceph.mon.a.smithi042.stdout:Mar 28 19:05:43 smithi042 ceph-mon[32091]: from='mgr.14152 172.21.15.42:0/3303148915' entity='mgr.x' cmd=[{"prefix":"config rm","who":"mgr","name":"mgr/rbd_support/x/mirror_snapshot_schedule"}]: dispatch
2024-03-28T19:05:44.007 INFO:journalctl@ceph.mon.a.smithi042.stdout:Mar 28 19:05:43 smithi042 ceph-mon[32091]: from='mgr.14152 172.21.15.42:0/3303148915' entity='mgr.x' cmd=[{"prefix":"config rm","who":"mgr","name":"mgr/rbd_support/x/trash_purge_schedule"}]: dispatch
2024-03-28T19:05:44.007 INFO:journalctl@ceph.mon.a.smithi042.stdout:Mar 28 19:05:43 smithi042 ceph-mon[32091]: [28/Mar/2024:19:05:43] ENGINE Bus STARTING
2024-03-28T19:05:44.007 INFO:journalctl@ceph.mon.a.smithi042.stdout:Mar 28 19:05:43 smithi042 ceph-mon[32091]: [28/Mar/2024:19:05:43] ENGINE Serving on http://172.21.15.42:8765
2024-03-28T19:05:44.007 INFO:journalctl@ceph.mon.a.smithi042.stdout:Mar 28 19:05:43 smithi042 ceph-mon[32091]: [28/Mar/2024:19:05:43] ENGINE Serving on https://172.21.15.42:7150
2024-03-28T19:05:44.007 INFO:journalctl@ceph.mon.a.smithi042.stdout:Mar 28 19:05:43 smithi042 ceph-mon[32091]: [28/Mar/2024:19:05:43] ENGINE Bus STARTED
2024-03-28T19:05:44.007 INFO:journalctl@ceph.mon.a.smithi042.stdout:Mar 28 19:05:43 smithi042 ceph-mon[32091]: mgrmap e11: x(active, since 1.0063s)
2024-03-28T19:05:44.645 INFO:teuthology.orchestra.run.smithi042.stdout:/usr/bin/ceph: stdout {
2024-03-28T19:05:44.645 INFO:teuthology.orchestra.run.smithi042.stdout:/usr/bin/ceph: stdout "mgrmap_epoch": 11,
2024-03-28T19:05:44.645 INFO:teuthology.orchestra.run.smithi042.stdout:/usr/bin/ceph: stdout "initialized": true
2024-03-28T19:05:44.645 INFO:teuthology.orchestra.run.smithi042.stdout:/usr/bin/ceph: stdout }
2024-03-28T19:05:44.645 INFO:teuthology.orchestra.run.smithi042.stdout:/usr/bin/ceph: stderr
2024-03-28T19:05:37.988+0000 7f14e4b36700 1 Processor -- start
2024-03-28T19:05:44.645 INFO:teuthology.orchestra.run.smithi042.stdout:/usr/bin/ceph: stderr
2024-03-28T19:05:37.988+0000 7f14e4b36700 1 -- start start
2024-03-28T19:05:44.645 INFO:teuthology.orchestra.run.smithi042.stdout:/usr/bin/ceph: stderr
2024-03-28T19:05:37.988+0000 7f14e4b36700 1 --2- >> [v2:172.21.15.42:3300/0,v1:172.21.15.42:6789/0] conn(0x7f14e0107d00 0x7f14e0108120 unknown :-1 s=NONE pgs=0 cs=0 l=0 rev1=0 crypto rx=0 tx=0 comp rx=0 tx=0).connect
2024-03-28T19:05:44.645 INFO:teuthology.orchestra.run.smithi042.stdout:/usr/bin/ceph: stderr
2024-03-28T19:05:37.988+0000 7f14e4b36700 1 -- --> [v2:172.21.15.42:3300/0,v1:172.21.15.42:6789/0] -- mon_getmap magic: 0 v1 -- 0x7f14e0108660 con 0x7f14e0107d00
2024-03-28T19:05:44.645 INFO:teuthology.orchestra.run.smithi042.stdout:/usr/bin/ceph: stderr
2024-03-28T19:05:37.988+0000 7f14de59c700 1 --2- >> [v2:172.21.15.42:3300/0,v1:172.21.15.42:6789/0] conn(0x7f14e0107d00 0x7f14e0108120 unknown :-1 s=BANNER_CONNECTING pgs=0 cs=0 l=0 rev1=0 crypto rx=0 tx=0 comp rx=0 tx=0)._handle_peer_banner_payload supported=3 required=0
2024-03-28T19:05:44.645 INFO:teuthology.orchestra.run.smithi042.stdout:/usr/bin/ceph: stderr
2024-03-28T19:05:37.988+0000 7f14de59c700 1 --2- >> [v2:172.21.15.42:3300/0,v1:172.21.15.42:6789/0] conn(0x7f14e0107d00 0x7f14e0108120 unknown :-1 s=HELLO_CONNECTING pgs=0 cs=0 l=0 rev1=1 crypto rx=0 tx=0 comp rx=0 tx=0).handle_hello peer v2:172.21.15.42:3300/0 says I am v2:172.21.15.42:51344/0 (socket says 172.21.15.42:51344)
2024-03-28T19:05:44.646 INFO:teuthology.orchestra.run.smithi042.stdout:/usr/bin/ceph: stderr
2024-03-28T19:05:37.989+0000 7f14de59c700 1 -- 172.21.15.42:0/4174876581 learned_addr learned my addr 172.21.15.42:0/4174876581 (peer_addr_for_me v2:172.21.15.42:0/0)
2024-03-28T19:05:44.646 INFO:teuthology.orchestra.run.smithi042.stdout:/usr/bin/ceph: stderr
2024-03-28T19:05:37.989+0000 7f14de59c700 1 -- 172.21.15.42:0/4174876581 --> [v2:172.21.15.42:3300/0,v1:172.21.15.42:6789/0] -- mon_subscribe({config=0+,monmap=0+}) v3 -- 0x7f14e01087e0 con 0x7f14e0107d00
2024-03-28T19:05:44.646 INFO:teuthology.orchestra.run.smithi042.stdout:/usr/bin/ceph: stderr
2024-03-28T19:05:37.989+0000 7f14de59c700 1 --2- 172.21.15.42:0/4174876581 >> [v2:172.21.15.42:3300/0,v1:172.21.15.42:6789/0] conn(0x7f14e0107d00 0x7f14e0108120 secure :-1 s=READY pgs=61 cs=0 l=1 rev1=1 crypto rx=0x7f14d00098a0 tx=0x7f14d0009bb0 comp rx=0 tx=0).ready entity=mon.0 client_cookie=dc3d951bad1de07f server_cookie=0 in_seq=0 out_seq=0
2024-03-28T19:05:44.646 INFO:teuthology.orchestra.run.smithi042.stdout:/usr/bin/ceph: stderr
2024-03-28T19:05:37.989+0000 7f14dd59a700 1 -- 172.21.15.42:0/4174876581 <== mon.0 v2:172.21.15.42:3300/0 1 ==== mon_map magic: 0 v1 ==== 205+0+0 (secure 0 0 0) 0x7f14d0004160 con 0x7f14e0107d00
2024-03-28T19:05:44.646 INFO:teuthology.orchestra.run.smithi042.stdout:/usr/bin/ceph: stderr
2024-03-28T19:05:37.989+0000 7f14dd59a700 1 -- 172.21.15.42:0/4174876581 <== mon.0 v2:172.21.15.42:3300/0 2 ==== config(29 keys) v1 ==== 1209+0+0 (secure 0 0 0) 0x7f14d0004300 con 0x7f14e0107d00
2024-03-28T19:05:44.646 INFO:teuthology.orchestra.run.smithi042.stdout:/usr/bin/ceph: stderr
2024-03-28T19:05:37.989+0000 7f14dd59a700 1 -- 172.21.15.42:0/4174876581 <== mon.0 v2:172.21.15.42:3300/0 3 ==== mon_map magic: 0 v1 ==== 205+0+0 (secure 0 0 0) 0x7f14d0011c70 con 0x7f14e0107d00
2024-03-28T19:05:44.646 INFO:teuthology.orchestra.run.smithi042.stdout:/usr/bin/ceph: stderr
2024-03-28T19:05:37.990+0000 7f14e4b36700 1 -- 172.21.15.42:0/4174876581 >> [v2:172.21.15.42:3300/0,v1:172.21.15.42:6789/0] conn(0x7f14e0107d00 msgr2=0x7f14e0108120 secure :-1 s=STATE_CONNECTION_ESTABLISHED l=1).mark_down
2024-03-28T19:05:44.646 INFO:teuthology.orchestra.run.smithi042.stdout:/usr/bin/ceph: stderr
2024-03-28T19:05:37.990+0000 7f14e4b36700 1 --2- 172.21.15.42:0/4174876581 >> [v2:172.21.15.42:3300/0,v1:172.21.15.42:6789/0] conn(0x7f14e0107d00 0x7f14e0108120 secure :-1 s=READY pgs=61 cs=0 l=1 rev1=1 crypto rx=0x7f14d00098a0 tx=0x7f14d0009bb0 comp rx=0 tx=0).stop
2024-03-28T19:05:44.646 INFO:teuthology.orchestra.run.smithi042.stdout:/usr/bin/ceph: stderr
2024-03-28T19:05:37.990+0000 7f14e4b36700 1 -- 172.21.15.42:0/4174876581 shutdown_connections
2024-03-28T19:05:44.646 INFO:teuthology.orchestra.run.smithi042.stdout:/usr/bin/ceph: stderr
2024-03-28T19:05:37.990+0000 7f14e4b36700 1 --2- 172.21.15.42:0/4174876581 >> [v2:172.21.15.42:3300/0,v1:172.21.15.42:6789/0] conn(0x7f14e0107d00 0x7f14e0108120 unknown :-1 s=CLOSED pgs=61 cs=0 l=1 rev1=1 crypto rx=0 tx=0 comp rx=0 tx=0).stop
2024-03-28T19:05:44.646 INFO:teuthology.orchestra.run.smithi042.stdout:/usr/bin/ceph: stderr
2024-03-28T19:05:37.990+0000 7f14e4b36700 1 -- 172.21.15.42:0/4174876581 >> 172.21.15.42:0/4174876581 conn(0x7f14e0103380 msgr2=0x7f14e01057a0 unknown :-1 s=STATE_NONE l=0).mark_down
2024-03-28T19:05:44.646 INFO:teuthology.orchestra.run.smithi042.stdout:/usr/bin/ceph: stderr
2024-03-28T19:05:37.990+0000 7f14e4b36700 1 -- 172.21.15.42:0/4174876581 shutdown_connections
2024-03-28T19:05:44.646 INFO:teuthology.orchestra.run.smithi042.stdout:/usr/bin/ceph: stderr
2024-03-28T19:05:37.990+0000 7f14e4b36700 1 -- 172.21.15.42:0/4174876581 wait complete.
2024-03-28T19:05:44.647 INFO:teuthology.orchestra.run.smithi042.stdout:/usr/bin/ceph: stderr
2024-03-28T19:05:37.991+0000 7f14e4b36700 1 Processor -- start
2024-03-28T19:05:44.647 INFO:teuthology.orchestra.run.smithi042.stdout:/usr/bin/ceph: stderr
2024-03-28T19:05:37.991+0000 7f14e4b36700 1 -- start start
2024-03-28T19:05:44.647 INFO:teuthology.orchestra.run.smithi042.stdout:/usr/bin/ceph: stderr
2024-03-28T19:05:37.991+0000 7f14e4b36700 1 --2- >> [v2:172.21.15.42:3300/0,v1:172.21.15.42:6789/0] conn(0x7f14e0107d00 0x7f14e019bdf0 unknown :-1 s=NONE pgs=0 cs=0 l=1 rev1=0 crypto rx=0 tx=0 comp rx=0 tx=0).connect
2024-03-28T19:05:44.647 INFO:teuthology.orchestra.run.smithi042.stdout:/usr/bin/ceph: stderr
2024-03-28T19:05:37.991+0000 7f14e4b36700 1 -- --> [v2:172.21.15.42:3300/0,v1:172.21.15.42:6789/0] -- mon_getmap magic: 0 v1 -- 0x7f14e010c170 con 0x7f14e0107d00
2024-03-28T19:05:44.647 INFO:teuthology.orchestra.run.smithi042.stdout:/usr/bin/ceph: stderr
2024-03-28T19:05:37.991+0000 7f14de59c700 1 --2- >> [v2:172.21.15.42:3300/0,v1:172.21.15.42:6789/0] conn(0x7f14e0107d00 0x7f14e019bdf0 unknown :-1 s=BANNER_CONNECTING pgs=0 cs=0 l=1 rev1=0 crypto rx=0 tx=0 comp rx=0 tx=0)._handle_peer_banner_payload supported=3 required=0
2024-03-28T19:05:44.647 INFO:teuthology.orchestra.run.smithi042.stdout:/usr/bin/ceph: stderr
2024-03-28T19:05:37.991+0000 7f14de59c700 1 --2- >> [v2:172.21.15.42:3300/0,v1:172.21.15.42:6789/0] conn(0x7f14e0107d00 0x7f14e019bdf0 unknown :-1 s=HELLO_CONNECTING pgs=0 cs=0 l=1 rev1=1 crypto rx=0 tx=0 comp rx=0 tx=0).handle_hello peer v2:172.21.15.42:3300/0 says I am v2:172.21.15.42:51346/0 (socket says 172.21.15.42:51346)
2024-03-28T19:05:44.647 INFO:teuthology.orchestra.run.smithi042.stdout:/usr/bin/ceph: stderr
2024-03-28T19:05:37.991+0000 7f14de59c700 1 -- 172.21.15.42:0/1861356500 learned_addr learned my addr 172.21.15.42:0/1861356500 (peer_addr_for_me v2:172.21.15.42:0/0)
2024-03-28T19:05:44.647 INFO:teuthology.orchestra.run.smithi042.stdout:/usr/bin/ceph: stderr
2024-03-28T19:05:37.991+0000 7f14de59c700 1 -- 172.21.15.42:0/1861356500 --> [v2:172.21.15.42:3300/0,v1:172.21.15.42:6789/0] -- mon_subscribe({config=0+,monmap=0+}) v3 -- 0x7f14e019c330 con 0x7f14e0107d00
2024-03-28T19:05:44.647 INFO:teuthology.orchestra.run.smithi042.stdout:/usr/bin/ceph: stderr
2024-03-28T19:05:37.991+0000 7f14de59c700 1 --2- 172.21.15.42:0/1861356500 >> [v2:172.21.15.42:3300/0,v1:172.21.15.42:6789/0] conn(0x7f14e0107d00 0x7f14e019bdf0 secure :-1 s=READY pgs=62 cs=0 l=1 rev1=1 crypto rx=0x7f14d00117f0 tx=0x7f14d0011cf0 comp rx=0 tx=0).ready entity=mon.0 client_cookie=0 server_cookie=0 in_seq=0 out_seq=0
2024-03-28T19:05:44.647 INFO:teuthology.orchestra.run.smithi042.stdout:/usr/bin/ceph: stderr
2024-03-28T19:05:37.991+0000 7f14cf7fe700 1 -- 172.21.15.42:0/1861356500 <== mon.0 v2:172.21.15.42:3300/0 1 ==== mon_map magic: 0 v1 ==== 205+0+0 (secure 0 0 0) 0x7f14d00038b0 con 0x7f14e0107d00
2024-03-28T19:05:44.647 INFO:teuthology.orchestra.run.smithi042.stdout:/usr/bin/ceph: stderr
2024-03-28T19:05:37.992+0000 7f14cf7fe700 1 -- 172.21.15.42:0/1861356500 <== mon.0 v2:172.21.15.42:3300/0 2 ==== config(29 keys) v1 ==== 1209+0+0 (secure 0 0 0) 0x7f14d0024430 con 0x7f14e0107d00
2024-03-28T19:05:44.647 INFO:teuthology.orchestra.run.smithi042.stdout:/usr/bin/ceph: stderr
2024-03-28T19:05:37.992+0000 7f14e4b36700 1 -- 172.21.15.42:0/1861356500 --> [v2:172.21.15.42:3300/0,v1:172.21.15.42:6789/0] -- mon_subscribe({mgrmap=0+}) v3 -- 0x7f14e019c5c0 con 0x7f14e0107d00
2024-03-28T19:05:44.647 INFO:teuthology.orchestra.run.smithi042.stdout:/usr/bin/ceph: stderr
2024-03-28T19:05:37.992+0000 7f14cf7fe700 1 -- 172.21.15.42:0/1861356500 <== mon.0 v2:172.21.15.42:3300/0 3 ==== mon_map magic: 0 v1 ==== 205+0+0 (secure 0 0 0) 0x7f14d001a5a0 con 0x7f14e0107d00
2024-03-28T19:05:44.647 INFO:teuthology.orchestra.run.smithi042.stdout:/usr/bin/ceph: stderr
2024-03-28T19:05:37.992+0000 7f14e4b36700 1 -- 172.21.15.42:0/1861356500 --> [v2:172.21.15.42:3300/0,v1:172.21.15.42:6789/0] -- mon_subscribe({osdmap=0}) v3 -- 0x7f14e019f2b0 con 0x7f14e0107d00
2024-03-28T19:05:44.647 INFO:teuthology.orchestra.run.smithi042.stdout:/usr/bin/ceph: stderr
2024-03-28T19:05:37.993+0000 7f14cf7fe700 1 -- 172.21.15.42:0/1861356500 <== mon.0 v2:172.21.15.42:3300/0 4 ==== mgrmap(e 9) v1 ==== 46119+0+0 (secure 0 0 0) 0x7f14d001a850 con 0x7f14e0107d00
2024-03-28T19:05:44.648 INFO:teuthology.orchestra.run.smithi042.stdout:/usr/bin/ceph: stderr
2024-03-28T19:05:37.993+0000 7f14cf7fe700 1 --2- 172.21.15.42:0/1861356500 >> [v2:172.21.15.42:6800/1979913395,v1:172.21.15.42:6801/1979913395] conn(0x7f14c8038f80 0x7f14c803b440 unknown :-1 s=NONE pgs=0 cs=0 l=1 rev1=0 crypto rx=0 tx=0 comp rx=0 tx=0).connect
2024-03-28T19:05:44.648 INFO:teuthology.orchestra.run.smithi042.stdout:/usr/bin/ceph: stderr
2024-03-28T19:05:37.993+0000 7f14cf7fe700 1 -- 172.21.15.42:0/1861356500 --> [v2:172.21.15.42:6800/1979913395,v1:172.21.15.42:6801/1979913395] -- command(tid 0: {"prefix": "get_command_descriptions"}) v1 -- 0x7f14c803bb50 con 0x7f14c8038f80
2024-03-28T19:05:44.648 INFO:teuthology.orchestra.run.smithi042.stdout:/usr/bin/ceph: stderr
2024-03-28T19:05:37.993+0000 7f14cf7fe700 1 -- 172.21.15.42:0/1861356500 <== mon.0 v2:172.21.15.42:3300/0 5 ==== osd_map(2..2 src has 1..2) v4 ==== 940+0+0 (secure 0 0 0) 0x7f14d004d230 con 0x7f14e0107d00
2024-03-28T19:05:44.648 INFO:teuthology.orchestra.run.smithi042.stdout:/usr/bin/ceph: stderr
2024-03-28T19:05:37.993+0000 7f14ddd9b700 1 -- 172.21.15.42:0/1861356500 >> [v2:172.21.15.42:6800/1979913395,v1:172.21.15.42:6801/1979913395] conn(0x7f14c8038f80 msgr2=0x7f14c803b440 unknown :-1 s=STATE_CONNECTING_RE l=1).process reconnect failed to v2:172.21.15.42:6800/1979913395
2024-03-28T19:05:44.648 INFO:teuthology.orchestra.run.smithi042.stdout:/usr/bin/ceph: stderr
2024-03-28T19:05:37.993+0000 7f14ddd9b700 1 --2- 172.21.15.42:0/1861356500 >> [v2:172.21.15.42:6800/1979913395,v1:172.21.15.42:6801/1979913395] conn(0x7f14c8038f80 0x7f14c803b440 unknown :-1 s=START_CONNECT pgs=0 cs=0 l=1 rev1=0 crypto rx=0 tx=0 comp rx=0 tx=0)._fault waiting 0.200000
2024-03-28T19:05:44.648 INFO:teuthology.orchestra.run.smithi042.stdout:/usr/bin/ceph: stderr
2024-03-28T19:05:38.194+0000 7f14ddd9b700 1 -- 172.21.15.42:0/1861356500 >> [v2:172.21.15.42:6800/1979913395,v1:172.21.15.42:6801/1979913395] conn(0x7f14c8038f80 msgr2=0x7f14c803b440 unknown :-1 s=STATE_CONNECTING_RE l=1).process reconnect failed to v2:172.21.15.42:6800/1979913395
2024-03-28T19:05:44.648 INFO:teuthology.orchestra.run.smithi042.stdout:/usr/bin/ceph: stderr
2024-03-28T19:05:38.194+0000 7f14ddd9b700 1 --2- 172.21.15.42:0/1861356500 >> [v2:172.21.15.42:6800/1979913395,v1:172.21.15.42:6801/1979913395] conn(0x7f14c8038f80 0x7f14c803b440 unknown :-1 s=START_CONNECT pgs=0 cs=0 l=1 rev1=0 crypto rx=0 tx=0 comp rx=0 tx=0)._fault waiting 0.400000
2024-03-28T19:05:44.648 INFO:teuthology.orchestra.run.smithi042.stdout:/usr/bin/ceph: stderr
2024-03-28T19:05:38.595+0000 7f14ddd9b700 1 -- 172.21.15.42:0/1861356500 >> [v2:172.21.15.42:6800/1979913395,v1:172.21.15.42:6801/1979913395] conn(0x7f14c8038f80 msgr2=0x7f14c803b440 unknown :-1 s=STATE_CONNECTING_RE l=1).process reconnect failed to v2:172.21.15.42:6800/1979913395
2024-03-28T19:05:44.648 INFO:teuthology.orchestra.run.smithi042.stdout:/usr/bin/ceph: stderr
2024-03-28T19:05:38.595+0000 7f14ddd9b700 1 --2- 172.21.15.42:0/1861356500 >> [v2:172.21.15.42:6800/1979913395,v1:172.21.15.42:6801/1979913395] conn(0x7f14c8038f80 0x7f14c803b440 unknown :-1 s=START_CONNECT pgs=0 cs=0 l=1 rev1=0 crypto rx=0 tx=0 comp rx=0 tx=0)._fault waiting 0.800000
2024-03-28T19:05:44.648 INFO:teuthology.orchestra.run.smithi042.stdout:/usr/bin/ceph: stderr
2024-03-28T19:05:39.396+0000 7f14ddd9b700 1 -- 172.21.15.42:0/1861356500 >> [v2:172.21.15.42:6800/1979913395,v1:172.21.15.42:6801/1979913395] conn(0x7f14c8038f80 msgr2=0x7f14c803b440 unknown :-1 s=STATE_CONNECTING_RE l=1).process reconnect failed to v2:172.21.15.42:6800/1979913395
2024-03-28T19:05:44.648 INFO:teuthology.orchestra.run.smithi042.stdout:/usr/bin/ceph: stderr
2024-03-28T19:05:39.396+0000 7f14ddd9b700 1 --2- 172.21.15.42:0/1861356500 >> [v2:172.21.15.42:6800/1979913395,v1:172.21.15.42:6801/1979913395] conn(0x7f14c8038f80 0x7f14c803b440 unknown :-1 s=START_CONNECT pgs=0 cs=0 l=1 rev1=0 crypto rx=0 tx=0 comp rx=0 tx=0)._fault waiting 1.600000
2024-03-28T19:05:44.648 INFO:teuthology.orchestra.run.smithi042.stdout:/usr/bin/ceph: stderr
2024-03-28T19:05:40.997+0000 7f14ddd9b700 1 -- 172.21.15.42:0/1861356500 >> [v2:172.21.15.42:6800/1979913395,v1:172.21.15.42:6801/1979913395] conn(0x7f14c8038f80 msgr2=0x7f14c803b440 unknown :-1 s=STATE_CONNECTING_RE l=1).process reconnect failed to v2:172.21.15.42:6800/1979913395
2024-03-28T19:05:44.648 INFO:teuthology.orchestra.run.smithi042.stdout:/usr/bin/ceph: stderr
2024-03-28T19:05:40.997+0000 7f14ddd9b700 1 --2- 172.21.15.42:0/1861356500 >> [v2:172.21.15.42:6800/1979913395,v1:172.21.15.42:6801/1979913395] conn(0x7f14c8038f80 0x7f14c803b440 unknown :-1 s=START_CONNECT pgs=0 cs=0 l=1 rev1=0 crypto rx=0 tx=0 comp rx=0 tx=0)._fault waiting 3.200000
2024-03-28T19:05:44.649 INFO:teuthology.orchestra.run.smithi042.stdout:/usr/bin/ceph: stderr
2024-03-28T19:05:42.656+0000 7f14cf7fe700 1 -- 172.21.15.42:0/1861356500 <== mon.0 v2:172.21.15.42:3300/0 6 ==== mgrmap(e 10) v1 ==== 45886+0+0 (secure 0 0 0) 0x7f14d0024a20 con 0x7f14e0107d00
2024-03-28T19:05:44.649 INFO:teuthology.orchestra.run.smithi042.stdout:/usr/bin/ceph: stderr
2024-03-28T19:05:42.656+0000 7f14cf7fe700 1 -- 172.21.15.42:0/1861356500 >> [v2:172.21.15.42:6800/1979913395,v1:172.21.15.42:6801/1979913395] conn(0x7f14c8038f80 msgr2=0x7f14c803b440 unknown :-1 s=STATE_CONNECTING l=1).mark_down
2024-03-28T19:05:44.649 INFO:teuthology.orchestra.run.smithi042.stdout:/usr/bin/ceph: stderr
2024-03-28T19:05:42.656+0000 7f14cf7fe700 1 --2- 172.21.15.42:0/1861356500 >> [v2:172.21.15.42:6800/1979913395,v1:172.21.15.42:6801/1979913395] conn(0x7f14c8038f80 0x7f14c803b440 unknown :-1 s=START_CONNECT pgs=0 cs=0 l=1 rev1=0 crypto rx=0 tx=0 comp rx=0 tx=0).stop
2024-03-28T19:05:44.649 INFO:teuthology.orchestra.run.smithi042.stdout:/usr/bin/ceph: stderr
2024-03-28T19:05:43.657+0000 7f14cf7fe700 1 -- 172.21.15.42:0/1861356500 <== mon.0 v2:172.21.15.42:3300/0 7 ==== mgrmap(e 11) v1 ==== 46013+0+0 (secure 0 0 0) 0x7f14d004ef70 con 0x7f14e0107d00
2024-03-28T19:05:44.649 INFO:teuthology.orchestra.run.smithi042.stdout:/usr/bin/ceph: stderr
2024-03-28T19:05:43.658+0000 7f14cf7fe700 1 --2- 172.21.15.42:0/1861356500 >> [v2:172.21.15.42:6800/603081585,v1:172.21.15.42:6801/603081585] conn(0x7f14c803ca30 0x7f14c803ee20 unknown :-1 s=NONE pgs=0 cs=0 l=1 rev1=0 crypto rx=0 tx=0 comp rx=0 tx=0).connect
2024-03-28T19:05:44.649 INFO:teuthology.orchestra.run.smithi042.stdout:/usr/bin/ceph: stderr
2024-03-28T19:05:43.658+0000 7f14cf7fe700 1 -- 172.21.15.42:0/1861356500 --> [v2:172.21.15.42:6800/603081585,v1:172.21.15.42:6801/603081585] -- command(tid 0: {"prefix": "get_command_descriptions"}) v1 -- 0x7f14d0008ea0 con 0x7f14c803ca30
2024-03-28T19:05:44.649 INFO:teuthology.orchestra.run.smithi042.stdout:/usr/bin/ceph: stderr
2024-03-28T19:05:43.658+0000 7f14ddd9b700 1 --2- 172.21.15.42:0/1861356500 >> [v2:172.21.15.42:6800/603081585,v1:172.21.15.42:6801/603081585] conn(0x7f14c803ca30 0x7f14c803ee20 unknown :-1 s=BANNER_CONNECTING pgs=0 cs=0 l=1 rev1=0 crypto rx=0 tx=0 comp rx=0 tx=0)._handle_peer_banner_payload supported=3 required=0
2024-03-28T19:05:44.649 INFO:teuthology.orchestra.run.smithi042.stdout:/usr/bin/ceph: stderr
2024-03-28T19:05:43.659+0000 7f14ddd9b700 1 --2- 172.21.15.42:0/1861356500 >> [v2:172.21.15.42:6800/603081585,v1:172.21.15.42:6801/603081585] conn(0x7f14c803ca30 0x7f14c803ee20 secure :-1 s=READY pgs=4 cs=0 l=1 rev1=1 crypto rx=0x7f14d4003a10 tx=0x7f14d4009270 comp rx=0 tx=0).ready entity=mgr.14152 client_cookie=0 server_cookie=0 in_seq=0 out_seq=0
2024-03-28T19:05:44.649 INFO:teuthology.orchestra.run.smithi042.stdout:/usr/bin/ceph: stderr
2024-03-28T19:05:43.659+0000 7f14cf7fe700 1 -- 172.21.15.42:0/1861356500 <== mgr.14152 v2:172.21.15.42:6800/603081585 1 ==== command_reply(tid 0: 0 ) v1 ==== 8+0+7774 (secure 0 0 0) 0x7f14d0008ea0 con 0x7f14c803ca30
2024-03-28T19:05:44.649 INFO:teuthology.orchestra.run.smithi042.stdout:/usr/bin/ceph: stderr
2024-03-28T19:05:43.666+0000 7f14e4b36700 1 -- 172.21.15.42:0/1861356500 --> [v2:172.21.15.42:6800/603081585,v1:172.21.15.42:6801/603081585] -- command(tid 1: {"prefix": "mgr_status"}) v1 -- 0x7f14e00637c0 con 0x7f14c803ca30
2024-03-28T19:05:44.649 INFO:teuthology.orchestra.run.smithi042.stdout:/usr/bin/ceph: stderr
2024-03-28T19:05:43.666+0000 7f14cf7fe700 1 -- 172.21.15.42:0/1861356500 <== mgr.14152 v2:172.21.15.42:6800/603081585 2 ==== command_reply(tid 1: 0 ) v1 ==== 8+0+52 (secure 0 0 0) 0x7f14e00637c0 con 0x7f14c803ca30
2024-03-28T19:05:44.649 INFO:teuthology.orchestra.run.smithi042.stdout:/usr/bin/ceph: stderr
2024-03-28T19:05:43.667+0000 7f14e4b36700 1 -- 172.21.15.42:0/1861356500 >> [v2:172.21.15.42:6800/603081585,v1:172.21.15.42:6801/603081585] conn(0x7f14c803ca30 msgr2=0x7f14c803ee20 secure :-1 s=STATE_CONNECTION_ESTABLISHED l=1).mark_down
2024-03-28T19:05:44.649 INFO:teuthology.orchestra.run.smithi042.stdout:/usr/bin/ceph: stderr
2024-03-28T19:05:43.667+0000 7f14e4b36700 1 --2- 172.21.15.42:0/1861356500 >> [v2:172.21.15.42:6800/603081585,v1:172.21.15.42:6801/603081585] conn(0x7f14c803ca30 0x7f14c803ee20 secure :-1 s=READY pgs=4 cs=0 l=1 rev1=1 crypto rx=0x7f14d4003a10 tx=0x7f14d4009270 comp rx=0 tx=0).stop
2024-03-28T19:05:44.649 INFO:teuthology.orchestra.run.smithi042.stdout:/usr/bin/ceph: stderr
2024-03-28T19:05:43.667+0000 7f14e4b36700 1 -- 172.21.15.42:0/1861356500 >> [v2:172.21.15.42:3300/0,v1:172.21.15.42:6789/0] conn(0x7f14e0107d00 msgr2=0x7f14e019bdf0 secure :-1 s=STATE_CONNECTION_ESTABLISHED l=1).mark_down
2024-03-28T19:05:44.650 INFO:teuthology.orchestra.run.smithi042.stdout:/usr/bin/ceph: stderr
2024-03-28T19:05:43.667+0000 7f14e4b36700 1 --2- 172.21.15.42:0/1861356500 >> [v2:172.21.15.42:3300/0,v1:172.21.15.42:6789/0] conn(0x7f14e0107d00 0x7f14e019bdf0 secure :-1 s=READY pgs=62 cs=0 l=1 rev1=1 crypto rx=0x7f14d00117f0 tx=0x7f14d0011cf0 comp rx=0 tx=0).stop
2024-03-28T19:05:44.650 INFO:teuthology.orchestra.run.smithi042.stdout:/usr/bin/ceph: stderr
2024-03-28T19:05:43.667+0000 7f14e4b36700 1 -- 172.21.15.42:0/1861356500 shutdown_connections
2024-03-28T19:05:44.650 INFO:teuthology.orchestra.run.smithi042.stdout:/usr/bin/ceph: stderr
2024-03-28T19:05:43.667+0000 7f14e4b36700 1 --2- 172.21.15.42:0/1861356500 >> [v2:172.21.15.42:3300/0,v1:172.21.15.42:6789/0] conn(0x7f14e0107d00 0x7f14e019bdf0 unknown :-1 s=CLOSED pgs=62 cs=0 l=1 rev1=1 crypto rx=0 tx=0 comp rx=0 tx=0).stop
2024-03-28T19:05:44.650 INFO:teuthology.orchestra.run.smithi042.stdout:/usr/bin/ceph: stderr
2024-03-28T19:05:43.667+0000 7f14e4b36700 1 --2- 172.21.15.42:0/1861356500 >> [v2:172.21.15.42:6800/603081585,v1:172.21.15.42:6801/603081585] conn(0x7f14c803ca30 0x7f14c803ee20 unknown :-1 s=CLOSED pgs=4 cs=0 l=1 rev1=1 crypto rx=0 tx=0 comp rx=0 tx=0).stop
2024-03-28T19:05:44.650 INFO:teuthology.orchestra.run.smithi042.stdout:/usr/bin/ceph: stderr
2024-03-28T19:05:43.667+0000 7f14e4b36700 1 --2- 172.21.15.42:0/1861356500 >> [v2:172.21.15.42:6800/1979913395,v1:172.21.15.42:6801/1979913395] conn(0x7f14c8038f80 0x7f14c803b440 unknown :-1 s=CLOSED pgs=0 cs=0 l=1 rev1=0 crypto rx=0 tx=0 comp rx=0 tx=0).stop
2024-03-28T19:05:44.650 INFO:teuthology.orchestra.run.smithi042.stdout:/usr/bin/ceph: stderr
2024-03-28T19:05:43.667+0000 7f14e4b36700 1 -- 172.21.15.42:0/1861356500 >> 172.21.15.42:0/1861356500 conn(0x7f14e0103380 msgr2=0x7f14e0103f30 unknown :-1 s=STATE_NONE l=0).mark_down
2024-03-28T19:05:44.650 INFO:teuthology.orchestra.run.smithi042.stdout:/usr/bin/ceph: stderr
2024-03-28T19:05:43.667+0000 7f14e4b36700 1 -- 172.21.15.42:0/1861356500 shutdown_connections
2024-03-28T19:05:44.650 INFO:teuthology.orchestra.run.smithi042.stdout:/usr/bin/ceph: stderr
2024-03-28T19:05:43.667+0000 7f14e4b36700 1 -- 172.21.15.42:0/1861356500 wait complete.
2024-03-28T19:05:44.650 INFO:teuthology.orchestra.run.smithi042.stdout:mgr epoch 9 is available
2024-03-28T19:05:44.650 INFO:teuthology.orchestra.run.smithi042.stdout:Generating a dashboard self-signed certificate...
2024-03-28T19:05:45.245 INFO:journalctl@ceph.mon.a.smithi042.stdout:Mar 28 19:05:45 smithi042 ceph-mon[32091]: from='client.14156 -' entity='client.admin' cmd=[{"prefix": "get_command_descriptions"}]: dispatch
2024-03-28T19:05:45.245 INFO:journalctl@ceph.mon.a.smithi042.stdout:Mar 28 19:05:45 smithi042 ceph-mon[32091]: from='client.14156 -' entity='client.admin' cmd=[{"prefix": "mgr_status"}]: dispatch
2024-03-28T19:05:45.245 INFO:journalctl@ceph.mon.a.smithi042.stdout:Mar 28 19:05:45 smithi042 ceph-mon[32091]: from='mgr.14152 172.21.15.42:0/3303148915' entity='mgr.x'
2024-03-28T19:05:45.908 INFO:teuthology.orchestra.run.smithi042.stdout:/usr/bin/ceph: stdout Self-signed certificate created
2024-03-28T19:05:45.908 INFO:teuthology.orchestra.run.smithi042.stdout:/usr/bin/ceph: stderr
2024-03-28T19:05:45.022+0000 7fc1e924a700 1 Processor -- start
2024-03-28T19:05:45.908 INFO:teuthology.orchestra.run.smithi042.stdout:/usr/bin/ceph: stderr
2024-03-28T19:05:45.022+0000 7fc1e924a700 1 -- start start
2024-03-28T19:05:45.908 INFO:teuthology.orchestra.run.smithi042.stdout:/usr/bin/ceph: stderr
2024-03-28T19:05:45.022+0000 7fc1e924a700 1 --2- >> [v2:172.21.15.42:3300/0,v1:172.21.15.42:6789/0] conn(0x7fc1e4107d40 0x7fc1e4108160 unknown :-1 s=NONE pgs=0 cs=0 l=0 rev1=0 crypto rx=0 tx=0 comp rx=0 tx=0).connect
2024-03-28T19:05:45.908 INFO:teuthology.orchestra.run.smithi042.stdout:/usr/bin/ceph: stderr
2024-03-28T19:05:45.022+0000 7fc1e924a700 1 -- --> [v2:172.21.15.42:3300/0,v1:172.21.15.42:6789/0] -- mon_getmap magic: 0 v1 -- 0x7fc1e41086a0 con 0x7fc1e4107d40
2024-03-28T19:05:45.908 INFO:teuthology.orchestra.run.smithi042.stdout:/usr/bin/ceph: stderr
2024-03-28T19:05:45.023+0000 7fc1e2d9d700 1 --2- >> [v2:172.21.15.42:3300/0,v1:172.21.15.42:6789/0] conn(0x7fc1e4107d40 0x7fc1e4108160 unknown :-1 s=BANNER_CONNECTING pgs=0 cs=0 l=0 rev1=0 crypto rx=0 tx=0 comp rx=0 tx=0)._handle_peer_banner_payload supported=3 required=0
2024-03-28T19:05:45.908 INFO:teuthology.orchestra.run.smithi042.stdout:/usr/bin/ceph: stderr
2024-03-28T19:05:45.023+0000 7fc1e2d9d700 1 --2- >> [v2:172.21.15.42:3300/0,v1:172.21.15.42:6789/0] conn(0x7fc1e4107d40 0x7fc1e4108160 unknown :-1 s=HELLO_CONNECTING pgs=0 cs=0 l=0 rev1=1 crypto rx=0 tx=0 comp rx=0 tx=0).handle_hello peer v2:172.21.15.42:3300/0 says I am v2:172.21.15.42:39078/0 (socket says 172.21.15.42:39078)
2024-03-28T19:05:45.908 INFO:teuthology.orchestra.run.smithi042.stdout:/usr/bin/ceph: stderr
2024-03-28T19:05:45.023+0000 7fc1e2d9d700 1 -- 172.21.15.42:0/2582988189 learned_addr learned my addr 172.21.15.42:0/2582988189 (peer_addr_for_me v2:172.21.15.42:0/0)
2024-03-28T19:05:45.908 INFO:teuthology.orchestra.run.smithi042.stdout:/usr/bin/ceph: stderr
2024-03-28T19:05:45.023+0000 7fc1e2d9d700 1 -- 172.21.15.42:0/2582988189 --> [v2:172.21.15.42:3300/0,v1:172.21.15.42:6789/0] -- mon_subscribe({config=0+,monmap=0+}) v3 -- 0x7fc1e4108820 con 0x7fc1e4107d40
2024-03-28T19:05:45.909 INFO:teuthology.orchestra.run.smithi042.stdout:/usr/bin/ceph: stderr
2024-03-28T19:05:45.023+0000 7fc1e2d9d700 1 --2- 172.21.15.42:0/2582988189 >> [v2:172.21.15.42:3300/0,v1:172.21.15.42:6789/0] conn(0x7fc1e4107d40 0x7fc1e4108160 secure :-1 s=READY pgs=70 cs=0 l=1 rev1=1 crypto rx=0x7fc1d80098a0 tx=0x7fc1d8009bb0 comp rx=0 tx=0).ready entity=mon.0 client_cookie=71691b0211359127 server_cookie=0 in_seq=0 out_seq=0
2024-03-28T19:05:45.909 INFO:teuthology.orchestra.run.smithi042.stdout:/usr/bin/ceph: stderr
2024-03-28T19:05:45.023+0000 7fc1e1d9b700 1 -- 172.21.15.42:0/2582988189 <== mon.0 v2:172.21.15.42:3300/0 1 ==== mon_map magic: 0 v1 ==== 205+0+0 (secure 0 0 0) 0x7fc1d8004160 con 0x7fc1e4107d40
2024-03-28T19:05:45.909 INFO:teuthology.orchestra.run.smithi042.stdout:/usr/bin/ceph: stderr
2024-03-28T19:05:45.023+0000 7fc1e1d9b700 1 -- 172.21.15.42:0/2582988189 <== mon.0 v2:172.21.15.42:3300/0 2 ==== config(29 keys) v1 ==== 1209+0+0 (secure 0 0 0) 0x7fc1d8004300 con 0x7fc1e4107d40
2024-03-28T19:05:45.909 INFO:teuthology.orchestra.run.smithi042.stdout:/usr/bin/ceph: stderr
2024-03-28T19:05:45.023+0000 7fc1e1d9b700 1 -- 172.21.15.42:0/2582988189 <== mon.0 v2:172.21.15.42:3300/0 3 ==== mon_map magic: 0 v1 ==== 205+0+0 (secure 0 0 0) 0x7fc1d8011c70 con 0x7fc1e4107d40
2024-03-28T19:05:45.909 INFO:teuthology.orchestra.run.smithi042.stdout:/usr/bin/ceph: stderr
2024-03-28T19:05:45.024+0000 7fc1e924a700 1 -- 172.21.15.42:0/2582988189 >> [v2:172.21.15.42:3300/0,v1:172.21.15.42:6789/0] conn(0x7fc1e4107d40 msgr2=0x7fc1e4108160 secure :-1 s=STATE_CONNECTION_ESTABLISHED l=1).mark_down
2024-03-28T19:05:45.909 INFO:teuthology.orchestra.run.smithi042.stdout:/usr/bin/ceph: stderr
2024-03-28T19:05:45.024+0000 7fc1e924a700 1 --2- 172.21.15.42:0/2582988189 >> [v2:172.21.15.42:3300/0,v1:172.21.15.42:6789/0] conn(0x7fc1e4107d40 0x7fc1e4108160 secure :-1 s=READY pgs=70 cs=0 l=1 rev1=1 crypto rx=0x7fc1d80098a0 tx=0x7fc1d8009bb0 comp rx=0 tx=0).stop
2024-03-28T19:05:45.909 INFO:teuthology.orchestra.run.smithi042.stdout:/usr/bin/ceph: stderr
2024-03-28T19:05:45.024+0000 7fc1e924a700 1 -- 172.21.15.42:0/2582988189 shutdown_connections
2024-03-28T19:05:45.909 INFO:teuthology.orchestra.run.smithi042.stdout:/usr/bin/ceph: stderr
2024-03-28T19:05:45.024+0000 7fc1e924a700 1 --2- 172.21.15.42:0/2582988189 >> [v2:172.21.15.42:3300/0,v1:172.21.15.42:6789/0] conn(0x7fc1e4107d40 0x7fc1e4108160 unknown :-1 s=CLOSED pgs=70 cs=0 l=1 rev1=1 crypto rx=0 tx=0 comp rx=0 tx=0).stop
2024-03-28T19:05:45.909 INFO:teuthology.orchestra.run.smithi042.stdout:/usr/bin/ceph: stderr
2024-03-28T19:05:45.024+0000 7fc1e924a700 1 -- 172.21.15.42:0/2582988189 >> 172.21.15.42:0/2582988189 conn(0x7fc1e4103400 msgr2=0x7fc1e4105820 unknown :-1 s=STATE_NONE l=0).mark_down
2024-03-28T19:05:45.909 INFO:teuthology.orchestra.run.smithi042.stdout:/usr/bin/ceph: stderr
2024-03-28T19:05:45.024+0000 7fc1e924a700 1 -- 172.21.15.42:0/2582988189 shutdown_connections
2024-03-28T19:05:45.909 INFO:teuthology.orchestra.run.smithi042.stdout:/usr/bin/ceph: stderr
2024-03-28T19:05:45.024+0000 7fc1e924a700 1 -- 172.21.15.42:0/2582988189 wait complete.
2024-03-28T19:05:45.909 INFO:teuthology.orchestra.run.smithi042.stdout:/usr/bin/ceph: stderr
2024-03-28T19:05:45.025+0000 7fc1e924a700 1 Processor -- start
2024-03-28T19:05:45.909 INFO:teuthology.orchestra.run.smithi042.stdout:/usr/bin/ceph: stderr
2024-03-28T19:05:45.025+0000 7fc1e924a700 1 -- start start
2024-03-28T19:05:45.910 INFO:teuthology.orchestra.run.smithi042.stdout:/usr/bin/ceph: stderr
2024-03-28T19:05:45.025+0000 7fc1e924a700 1 --2- >> [v2:172.21.15.42:3300/0,v1:172.21.15.42:6789/0] conn(0x7fc1e4107d40 0x7fc1e419bec0 unknown :-1 s=NONE pgs=0 cs=0 l=1 rev1=0 crypto rx=0 tx=0 comp rx=0 tx=0).connect
2024-03-28T19:05:45.910 INFO:teuthology.orchestra.run.smithi042.stdout:/usr/bin/ceph: stderr
