2024-04-16T05:25:04.984 INFO:journalctl@ceph.mon.a.smithi032.stdout:Apr 16 05:25:04 smithi032 ceph-mon[32351]: from='mgr.14120 172.21.15.32:0/456837402' entity='mgr.x' cmd=[{"prefix": "config dump", "format": "json"}]: dispatch
2024-04-16T05:25:04.984 INFO:journalctl@ceph.mon.a.smithi032.stdout:Apr 16 05:25:04 smithi032 ceph-mon[32351]: from='mgr.14120 172.21.15.32:0/456837402' entity='mgr.x' cmd=[{"prefix":"config rm","who":"mgr","name":"mgr/rbd_support/x/mirror_snapshot_schedule"}]: dispatch
2024-04-16T05:25:05.978 INFO:journalctl@ceph.mon.a.smithi032.stdout:Apr 16 05:25:05 smithi032 ceph-mon[32351]: Found migration_current of "None". Setting to last migration.
2024-04-16T05:25:05.978 INFO:journalctl@ceph.mon.a.smithi032.stdout:Apr 16 05:25:05 smithi032 ceph-mon[32351]: from='mgr.14120 172.21.15.32:0/456837402' entity='mgr.x' cmd=[{"prefix":"config rm","who":"mgr","name":"mgr/rbd_support/x/trash_purge_schedule"}]: dispatch
2024-04-16T05:25:05.978 INFO:journalctl@ceph.mon.a.smithi032.stdout:Apr 16 05:25:05 smithi032 ceph-mon[32351]: from='mgr.14120 172.21.15.32:0/456837402' entity='mgr.x'
2024-04-16T05:25:05.978 INFO:journalctl@ceph.mon.a.smithi032.stdout:Apr 16 05:25:05 smithi032 ceph-mon[32351]: from='mgr.14120 172.21.15.32:0/456837402' entity='mgr.x'
2024-04-16T05:25:05.978 INFO:journalctl@ceph.mon.a.smithi032.stdout:Apr 16 05:25:05 smithi032 ceph-mon[32351]: mgrmap e7: x(active, since 1.00513s)
2024-04-16T05:25:06.248 INFO:teuthology.orchestra.run.smithi032.stdout:/usr/bin/ceph: stdout {
2024-04-16T05:25:06.259 INFO:teuthology.orchestra.run.smithi032.stdout:/usr/bin/ceph: stdout "mgrmap_epoch": 7,
2024-04-16T05:25:06.259 INFO:teuthology.orchestra.run.smithi032.stdout:/usr/bin/ceph: stdout "initialized": true
2024-04-16T05:25:06.259 INFO:teuthology.orchestra.run.smithi032.stdout:/usr/bin/ceph: stdout }
2024-04-16T05:25:06.260 INFO:teuthology.orchestra.run.smithi032.stdout:/usr/bin/ceph: stderr
2024-04-16T05:24:59.890+0000 7efe8851a700 1 Processor -- start
2024-04-16T05:25:06.260 INFO:teuthology.orchestra.run.smithi032.stdout:/usr/bin/ceph: stderr
2024-04-16T05:24:59.890+0000 7efe8851a700 1 -- start start
2024-04-16T05:25:06.260 INFO:teuthology.orchestra.run.smithi032.stdout:/usr/bin/ceph: stderr
2024-04-16T05:24:59.890+0000 7efe8851a700 1 --2- >> [v2:172.21.15.32:3300/0,v1:172.21.15.32:6789/0] conn(0x7efe801085e0 0x7efe80108a00 unknown :-1 s=NONE pgs=0 cs=0 l=0 rev1=0 crypto rx=0 tx=0 comp rx=0 tx=0).connect
2024-04-16T05:25:06.260 INFO:teuthology.orchestra.run.smithi032.stdout:/usr/bin/ceph: stderr
2024-04-16T05:24:59.890+0000 7efe8851a700 1 -- --> [v2:172.21.15.32:3300/0,v1:172.21.15.32:6789/0] -- mon_getmap magic: 0 -- 0x7efe80108fd0 con 0x7efe801085e0
2024-04-16T05:25:06.260 INFO:teuthology.orchestra.run.smithi032.stdout:/usr/bin/ceph: stderr
2024-04-16T05:24:59.891+0000 7efe862b6700 1 --2- >> [v2:172.21.15.32:3300/0,v1:172.21.15.32:6789/0] conn(0x7efe801085e0 0x7efe80108a00 unknown :-1 s=BANNER_CONNECTING pgs=0 cs=0 l=0 rev1=0 crypto rx=0 tx=0 comp rx=0 tx=0)._handle_peer_banner_payload supported=3 required=0
2024-04-16T05:25:06.260 INFO:teuthology.orchestra.run.smithi032.stdout:/usr/bin/ceph: stderr
2024-04-16T05:24:59.891+0000 7efe862b6700 1 --2- >> [v2:172.21.15.32:3300/0,v1:172.21.15.32:6789/0] conn(0x7efe801085e0 0x7efe80108a00 unknown :-1 s=HELLO_CONNECTING pgs=0 cs=0 l=0 rev1=1 crypto rx=0 tx=0 comp rx=0 tx=0).handle_hello peer v2:172.21.15.32:3300/0 says I am v2:172.21.15.32:49626/0 (socket says 172.21.15.32:49626)
2024-04-16T05:25:06.260 INFO:teuthology.orchestra.run.smithi032.stdout:/usr/bin/ceph: stderr
2024-04-16T05:24:59.891+0000 7efe862b6700 1 -- 172.21.15.32:0/244313661 learned_addr learned my addr 172.21.15.32:0/244313661 (peer_addr_for_me v2:172.21.15.32:0/0)
2024-04-16T05:25:06.260 INFO:teuthology.orchestra.run.smithi032.stdout:/usr/bin/ceph: stderr
2024-04-16T05:24:59.891+0000 7efe862b6700 1 -- 172.21.15.32:0/244313661 --> [v2:172.21.15.32:3300/0,v1:172.21.15.32:6789/0] -- mon_subscribe({config=0+,monmap=0+}) -- 0x7efe80109790 con 0x7efe801085e0
2024-04-16T05:25:06.260 INFO:teuthology.orchestra.run.smithi032.stdout:/usr/bin/ceph: stderr
2024-04-16T05:24:59.891+0000 7efe862b6700 1 --2- 172.21.15.32:0/244313661 >> [v2:172.21.15.32:3300/0,v1:172.21.15.32:6789/0] conn(0x7efe801085e0 0x7efe80108a00 secure :-1 s=READY pgs=28 cs=0 l=1 rev1=1 crypto rx=0x7efe7c0098a0 tx=0x7efe7c009bb0 comp rx=0 tx=0).ready entity=mon.0 client_cookie=25a4983c9b7ba0e6 server_cookie=0 in_seq=0 out_seq=0
2024-04-16T05:25:06.260 INFO:teuthology.orchestra.run.smithi032.stdout:/usr/bin/ceph: stderr
2024-04-16T05:24:59.891+0000 7efe852b4700 1 -- 172.21.15.32:0/244313661 <== mon.0 v2:172.21.15.32:3300/0 1 ==== mon_map magic: 0 ==== 205+0+0 (secure 0 0 0) 0x7efe7c004160 con 0x7efe801085e0
2024-04-16T05:25:06.260 INFO:teuthology.orchestra.run.smithi032.stdout:/usr/bin/ceph: stderr
2024-04-16T05:24:59.891+0000 7efe852b4700 1 -- 172.21.15.32:0/244313661 <== mon.0 v2:172.21.15.32:3300/0 2 ==== config(27 keys) ==== 1109+0+0 (secure 0 0 0) 0x7efe7c004300 con 0x7efe801085e0
2024-04-16T05:25:06.260 INFO:teuthology.orchestra.run.smithi032.stdout:/usr/bin/ceph: stderr
2024-04-16T05:24:59.891+0000 7efe852b4700 1 -- 172.21.15.32:0/244313661 <== mon.0 v2:172.21.15.32:3300/0 3 ==== mon_map magic: 0 ==== 205+0+0 (secure 0 0 0) 0x7efe7c011b50 con 0x7efe801085e0
2024-04-16T05:25:06.260 INFO:teuthology.orchestra.run.smithi032.stdout:/usr/bin/ceph: stderr
2024-04-16T05:24:59.892+0000 7efe8851a700 1 -- 172.21.15.32:0/244313661 >> [v2:172.21.15.32:3300/0,v1:172.21.15.32:6789/0] conn(0x7efe801085e0 msgr2=0x7efe80108a00 secure :-1 s=STATE_CONNECTION_ESTABLISHED l=1).mark_down
2024-04-16T05:25:06.261 INFO:teuthology.orchestra.run.smithi032.stdout:/usr/bin/ceph: stderr
2024-04-16T05:24:59.892+0000 7efe8851a700 1 --2- 172.21.15.32:0/244313661 >> [v2:172.21.15.32:3300/0,v1:172.21.15.32:6789/0] conn(0x7efe801085e0 0x7efe80108a00 secure :-1 s=READY pgs=28 cs=0 l=1 rev1=1 crypto rx=0x7efe7c0098a0 tx=0x7efe7c009bb0 comp rx=0 tx=0).stop
2024-04-16T05:25:06.261 INFO:teuthology.orchestra.run.smithi032.stdout:/usr/bin/ceph: stderr
2024-04-16T05:24:59.892+0000 7efe8851a700 1 -- 172.21.15.32:0/244313661 shutdown_connections
2024-04-16T05:25:06.261 INFO:teuthology.orchestra.run.smithi032.stdout:/usr/bin/ceph: stderr
2024-04-16T05:24:59.892+0000 7efe8851a700 1 --2- 172.21.15.32:0/244313661 >> [v2:172.21.15.32:3300/0,v1:172.21.15.32:6789/0] conn(0x7efe801085e0 0x7efe80108a00 unknown :-1 s=CLOSED pgs=28 cs=0 l=1 rev1=1 crypto rx=0 tx=0 comp rx=0 tx=0).stop
2024-04-16T05:25:06.261 INFO:teuthology.orchestra.run.smithi032.stdout:/usr/bin/ceph: stderr
2024-04-16T05:24:59.892+0000 7efe8851a700 1 -- 172.21.15.32:0/244313661 >> 172.21.15.32:0/244313661 conn(0x7efe80103b80 msgr2=0x7efe80105fc0 unknown :-1 s=STATE_NONE l=0).mark_down
2024-04-16T05:25:06.261 INFO:teuthology.orchestra.run.smithi032.stdout:/usr/bin/ceph: stderr
2024-04-16T05:24:59.892+0000 7efe8851a700 1 -- 172.21.15.32:0/244313661 shutdown_connections
2024-04-16T05:25:06.261 INFO:teuthology.orchestra.run.smithi032.stdout:/usr/bin/ceph: stderr
2024-04-16T05:24:59.892+0000 7efe8851a700 1 -- 172.21.15.32:0/244313661 wait complete.
2024-04-16T05:25:06.261 INFO:teuthology.orchestra.run.smithi032.stdout:/usr/bin/ceph: stderr
2024-04-16T05:24:59.893+0000 7efe8851a700 1 Processor -- start
2024-04-16T05:25:06.261 INFO:teuthology.orchestra.run.smithi032.stdout:/usr/bin/ceph: stderr
2024-04-16T05:24:59.893+0000 7efe8851a700 1 -- start start
2024-04-16T05:25:06.261 INFO:teuthology.orchestra.run.smithi032.stdout:/usr/bin/ceph: stderr
2024-04-16T05:24:59.893+0000 7efe8851a700 1 --2- >> [v2:172.21.15.32:3300/0,v1:172.21.15.32:6789/0] conn(0x7efe801085e0 0x7efe8007db70 unknown :-1 s=NONE pgs=0 cs=0 l=1 rev1=0 crypto rx=0 tx=0 comp rx=0 tx=0).connect
2024-04-16T05:25:06.261 INFO:teuthology.orchestra.run.smithi032.stdout:/usr/bin/ceph: stderr
2024-04-16T05:24:59.893+0000 7efe8851a700 1 -- --> [v2:172.21.15.32:3300/0,v1:172.21.15.32:6789/0] -- mon_getmap magic: 0 -- 0x7efe8010cb40 con 0x7efe801085e0
2024-04-16T05:25:06.261 INFO:teuthology.orchestra.run.smithi032.stdout:/usr/bin/ceph: stderr
2024-04-16T05:24:59.893+0000 7efe862b6700 1 --2- >> [v2:172.21.15.32:3300/0,v1:172.21.15.32:6789/0] conn(0x7efe801085e0 0x7efe8007db70 unknown :-1 s=BANNER_CONNECTING pgs=0 cs=0 l=1 rev1=0 crypto rx=0 tx=0 comp rx=0 tx=0)._handle_peer_banner_payload supported=3 required=0
2024-04-16T05:25:06.261 INFO:teuthology.orchestra.run.smithi032.stdout:/usr/bin/ceph: stderr
2024-04-16T05:24:59.893+0000 7efe862b6700 1 --2- >> [v2:172.21.15.32:3300/0,v1:172.21.15.32:6789/0] conn(0x7efe801085e0 0x7efe8007db70 unknown :-1 s=HELLO_CONNECTING pgs=0 cs=0 l=1 rev1=1 crypto rx=0 tx=0 comp rx=0 tx=0).handle_hello peer v2:172.21.15.32:3300/0 says I am v2:172.21.15.32:49630/0 (socket says 172.21.15.32:49630)
2024-04-16T05:25:06.261 INFO:teuthology.orchestra.run.smithi032.stdout:/usr/bin/ceph: stderr
2024-04-16T05:24:59.893+0000 7efe862b6700 1 -- 172.21.15.32:0/3776406931 learned_addr learned my addr 172.21.15.32:0/3776406931 (peer_addr_for_me v2:172.21.15.32:0/0)
2024-04-16T05:25:06.261 INFO:teuthology.orchestra.run.smithi032.stdout:/usr/bin/ceph: stderr
2024-04-16T05:24:59.893+0000 7efe862b6700 1 -- 172.21.15.32:0/3776406931 --> [v2:172.21.15.32:3300/0,v1:172.21.15.32:6789/0] -- mon_subscribe({config=0+,monmap=0+}) -- 0x7efe8007e0b0 con 0x7efe801085e0
2024-04-16T05:25:06.262 INFO:teuthology.orchestra.run.smithi032.stdout:/usr/bin/ceph: stderr
2024-04-16T05:24:59.894+0000 7efe862b6700 1 --2- 172.21.15.32:0/3776406931 >> [v2:172.21.15.32:3300/0,v1:172.21.15.32:6789/0] conn(0x7efe801085e0 0x7efe8007db70 secure :-1 s=READY pgs=29 cs=0 l=1 rev1=1 crypto rx=0x7efe7c009fb0 tx=0x7efe7c011bf0 comp rx=0 tx=0).ready entity=mon.0 client_cookie=0 server_cookie=0 in_seq=0 out_seq=0
2024-04-16T05:25:06.262 INFO:teuthology.orchestra.run.smithi032.stdout:/usr/bin/ceph: stderr
2024-04-16T05:24:59.894+0000 7efe777fe700 1 -- 172.21.15.32:0/3776406931 <== mon.0 v2:172.21.15.32:3300/0 1 ==== mon_map magic: 0 ==== 205+0+0 (secure 0 0 0) 0x7efe7c0038b0 con 0x7efe801085e0
2024-04-16T05:25:06.262 INFO:teuthology.orchestra.run.smithi032.stdout:/usr/bin/ceph: stderr
2024-04-16T05:24:59.894+0000 7efe777fe700 1 -- 172.21.15.32:0/3776406931 <== mon.0 v2:172.21.15.32:3300/0 2 ==== config(27 keys) ==== 1109+0+0 (secure 0 0 0) 0x7efe7c011e50 con 0x7efe801085e0
2024-04-16T05:25:06.262 INFO:teuthology.orchestra.run.smithi032.stdout:/usr/bin/ceph: stderr
2024-04-16T05:24:59.894+0000 7efe8851a700 1 -- 172.21.15.32:0/3776406931 --> [v2:172.21.15.32:3300/0,v1:172.21.15.32:6789/0] -- mon_subscribe({mgrmap=0+}) -- 0x7efe8007c2a0 con 0x7efe801085e0
2024-04-16T05:25:06.262 INFO:teuthology.orchestra.run.smithi032.stdout:/usr/bin/ceph: stderr
2024-04-16T05:24:59.894+0000 7efe777fe700 1 -- 172.21.15.32:0/3776406931 <== mon.0 v2:172.21.15.32:3300/0 3 ==== mon_map magic: 0 ==== 205+0+0 (secure 0 0 0) 0x7efe7c019550 con 0x7efe801085e0
2024-04-16T05:25:06.262 INFO:teuthology.orchestra.run.smithi032.stdout:/usr/bin/ceph: stderr
2024-04-16T05:24:59.894+0000 7efe8851a700 1 -- 172.21.15.32:0/3776406931 --> [v2:172.21.15.32:3300/0,v1:172.21.15.32:6789/0] -- mon_subscribe({osdmap=0}) -- 0x7efe8007c7e0 con 0x7efe801085e0
2024-04-16T05:25:06.262 INFO:teuthology.orchestra.run.smithi032.stdout:/usr/bin/ceph: stderr
2024-04-16T05:24:59.895+0000 7efe777fe700 1 -- 172.21.15.32:0/3776406931 <== mon.0 v2:172.21.15.32:3300/0 4 ==== mgrmap(e 5) ==== 46558+0+0 (secure 0 0 0) 0x7efe7c019850 con 0x7efe801085e0
2024-04-16T05:25:06.262 INFO:teuthology.orchestra.run.smithi032.stdout:/usr/bin/ceph: stderr
2024-04-16T05:24:59.895+0000 7efe777fe700 1 --2- 172.21.15.32:0/3776406931 >> [v2:172.21.15.32:6800/3517252554,v1:172.21.15.32:6801/3517252554] conn(0x7efe6c039560 0x7efe6c03ba20 unknown :-1 s=NONE pgs=0 cs=0 l=1 rev1=0 crypto rx=0 tx=0 comp rx=0 tx=0).connect
2024-04-16T05:25:06.262 INFO:teuthology.orchestra.run.smithi032.stdout:/usr/bin/ceph: stderr
2024-04-16T05:24:59.895+0000 7efe777fe700 1 -- 172.21.15.32:0/3776406931 --> [v2:172.21.15.32:6800/3517252554,v1:172.21.15.32:6801/3517252554] -- command(tid 0: {"prefix": "get_command_descriptions"}) -- 0x7efe6c03c130 con 0x7efe6c039560
2024-04-16T05:25:06.262 INFO:teuthology.orchestra.run.smithi032.stdout:/usr/bin/ceph: stderr
2024-04-16T05:24:59.895+0000 7efe777fe700 1 -- 172.21.15.32:0/3776406931 <== mon.0 v2:172.21.15.32:3300/0 5 ==== osd_map(1..1 src has 1..1) ==== 725+0+0 (secure 0 0 0) 0x7efe7c04d980 con 0x7efe801085e0
2024-04-16T05:25:06.262 INFO:teuthology.orchestra.run.smithi032.stdout:/usr/bin/ceph: stderr
2024-04-16T05:24:59.895+0000 7efe85ab5700 1 -- 172.21.15.32:0/3776406931 >> [v2:172.21.15.32:6800/3517252554,v1:172.21.15.32:6801/3517252554] conn(0x7efe6c039560 msgr2=0x7efe6c03ba20 unknown :-1 s=STATE_CONNECTING_RE l=1).process reconnect failed to v2:172.21.15.32:6800/3517252554
2024-04-16T05:25:06.262 INFO:teuthology.orchestra.run.smithi032.stdout:/usr/bin/ceph: stderr
2024-04-16T05:24:59.895+0000 7efe85ab5700 1 --2- 172.21.15.32:0/3776406931 >> [v2:172.21.15.32:6800/3517252554,v1:172.21.15.32:6801/3517252554] conn(0x7efe6c039560 0x7efe6c03ba20 unknown :-1 s=START_CONNECT pgs=0 cs=0 l=1 rev1=0 crypto rx=0 tx=0 comp rx=0 tx=0)._fault waiting 0.200000
2024-04-16T05:25:06.263 INFO:teuthology.orchestra.run.smithi032.stdout:/usr/bin/ceph: stderr
2024-04-16T05:25:00.096+0000 7efe85ab5700 1 -- 172.21.15.32:0/3776406931 >> [v2:172.21.15.32:6800/3517252554,v1:172.21.15.32:6801/3517252554] conn(0x7efe6c039560 msgr2=0x7efe6c03ba20 unknown :-1 s=STATE_CONNECTING_RE l=1).process reconnect failed to v2:172.21.15.32:6800/3517252554
2024-04-16T05:25:06.263 INFO:teuthology.orchestra.run.smithi032.stdout:/usr/bin/ceph: stderr
2024-04-16T05:25:00.096+0000 7efe85ab5700 1 --2- 172.21.15.32:0/3776406931 >> [v2:172.21.15.32:6800/3517252554,v1:172.21.15.32:6801/3517252554] conn(0x7efe6c039560 0x7efe6c03ba20 unknown :-1 s=START_CONNECT pgs=0 cs=0 l=1 rev1=0 crypto rx=0 tx=0 comp rx=0 tx=0)._fault waiting 0.400000
2024-04-16T05:25:06.263 INFO:teuthology.orchestra.run.smithi032.stdout:/usr/bin/ceph: stderr
2024-04-16T05:25:00.497+0000 7efe85ab5700 1 -- 172.21.15.32:0/3776406931 >> [v2:172.21.15.32:6800/3517252554,v1:172.21.15.32:6801/3517252554] conn(0x7efe6c039560 msgr2=0x7efe6c03ba20 unknown :-1 s=STATE_CONNECTING_RE l=1).process reconnect failed to v2:172.21.15.32:6800/3517252554
2024-04-16T05:25:06.263 INFO:teuthology.orchestra.run.smithi032.stdout:/usr/bin/ceph: stderr
2024-04-16T05:25:00.497+0000 7efe85ab5700 1 --2- 172.21.15.32:0/3776406931 >> [v2:172.21.15.32:6800/3517252554,v1:172.21.15.32:6801/3517252554] conn(0x7efe6c039560 0x7efe6c03ba20 unknown :-1 s=START_CONNECT pgs=0 cs=0 l=1 rev1=0 crypto rx=0 tx=0 comp rx=0 tx=0)._fault waiting 0.800000
2024-04-16T05:25:06.263 INFO:teuthology.orchestra.run.smithi032.stdout:/usr/bin/ceph: stderr
2024-04-16T05:25:01.298+0000 7efe85ab5700 1 -- 172.21.15.32:0/3776406931 >> [v2:172.21.15.32:6800/3517252554,v1:172.21.15.32:6801/3517252554] conn(0x7efe6c039560 msgr2=0x7efe6c03ba20 unknown :-1 s=STATE_CONNECTING_RE l=1).process reconnect failed to v2:172.21.15.32:6800/3517252554
2024-04-16T05:25:06.263 INFO:teuthology.orchestra.run.smithi032.stdout:/usr/bin/ceph: stderr
2024-04-16T05:25:01.298+0000 7efe85ab5700 1 --2- 172.21.15.32:0/3776406931 >> [v2:172.21.15.32:6800/3517252554,v1:172.21.15.32:6801/3517252554] conn(0x7efe6c039560 0x7efe6c03ba20 unknown :-1 s=START_CONNECT pgs=0 cs=0 l=1 rev1=0 crypto rx=0 tx=0 comp rx=0 tx=0)._fault waiting 1.600000
2024-04-16T05:25:06.263 INFO:teuthology.orchestra.run.smithi032.stdout:/usr/bin/ceph: stderr
2024-04-16T05:25:02.899+0000 7efe85ab5700 1 -- 172.21.15.32:0/3776406931 >> [v2:172.21.15.32:6800/3517252554,v1:172.21.15.32:6801/3517252554] conn(0x7efe6c039560 msgr2=0x7efe6c03ba20 unknown :-1 s=STATE_CONNECTING_RE l=1).process reconnect failed to v2:172.21.15.32:6800/3517252554
2024-04-16T05:25:06.263 INFO:teuthology.orchestra.run.smithi032.stdout:/usr/bin/ceph: stderr
2024-04-16T05:25:02.899+0000 7efe85ab5700 1 --2- 172.21.15.32:0/3776406931 >> [v2:172.21.15.32:6800/3517252554,v1:172.21.15.32:6801/3517252554] conn(0x7efe6c039560 0x7efe6c03ba20 unknown :-1 s=START_CONNECT pgs=0 cs=0 l=1 rev1=0 crypto rx=0 tx=0 comp rx=0 tx=0)._fault waiting 3.200000
2024-04-16T05:25:06.263 INFO:teuthology.orchestra.run.smithi032.stdout:/usr/bin/ceph: stderr
2024-04-16T05:25:04.673+0000 7efe777fe700 1 -- 172.21.15.32:0/3776406931 <== mon.0 v2:172.21.15.32:3300/0 6 ==== mgrmap(e 6) ==== 46325+0+0 (secure 0 0 0) 0x7efe7c019b90 con 0x7efe801085e0
2024-04-16T05:25:06.263 INFO:teuthology.orchestra.run.smithi032.stdout:/usr/bin/ceph: stderr
2024-04-16T05:25:04.673+0000 7efe777fe700 1 -- 172.21.15.32:0/3776406931 >> [v2:172.21.15.32:6800/3517252554,v1:172.21.15.32:6801/3517252554] conn(0x7efe6c039560 msgr2=0x7efe6c03ba20 unknown :-1 s=STATE_CONNECTING l=1).mark_down
2024-04-16T05:25:06.263 INFO:teuthology.orchestra.run.smithi032.stdout:/usr/bin/ceph: stderr
2024-04-16T05:25:04.673+0000 7efe777fe700 1 --2- 172.21.15.32:0/3776406931 >> [v2:172.21.15.32:6800/3517252554,v1:172.21.15.32:6801/3517252554] conn(0x7efe6c039560 0x7efe6c03ba20 unknown :-1 s=START_CONNECT pgs=0 cs=0 l=1 rev1=0 crypto rx=0 tx=0 comp rx=0 tx=0).stop
2024-04-16T05:25:06.263 INFO:teuthology.orchestra.run.smithi032.stdout:/usr/bin/ceph: stderr
2024-04-16T05:25:05.674+0000 7efe777fe700 1 -- 172.21.15.32:0/3776406931 <== mon.0 v2:172.21.15.32:3300/0 7 ==== mgrmap(e 7) ==== 46452+0+0 (secure 0 0 0) 0x7efe7c0205d0 con 0x7efe801085e0
2024-04-16T05:25:06.264 INFO:teuthology.orchestra.run.smithi032.stdout:/usr/bin/ceph: stderr
2024-04-16T05:25:05.674+0000 7efe777fe700 1 --2- 172.21.15.32:0/3776406931 >> [v2:172.21.15.32:6800/1590295441,v1:172.21.15.32:6801/1590295441] conn(0x7efe6c03ce50 0x7efe6c03f240 unknown :-1 s=NONE pgs=0 cs=0 l=1 rev1=0 crypto rx=0 tx=0 comp rx=0 tx=0).connect
2024-04-16T05:25:06.264 INFO:teuthology.orchestra.run.smithi032.stdout:/usr/bin/ceph: stderr
2024-04-16T05:25:05.674+0000 7efe777fe700 1 -- 172.21.15.32:0/3776406931 --> [v2:172.21.15.32:6800/1590295441,v1:172.21.15.32:6801/1590295441] -- command(tid 0: {"prefix": "get_command_descriptions"}) -- 0x7efe7c003bf0 con 0x7efe6c03ce50
2024-04-16T05:25:06.264 INFO:teuthology.orchestra.run.smithi032.stdout:/usr/bin/ceph: stderr
2024-04-16T05:25:05.674+0000 7efe85ab5700 1 --2- 172.21.15.32:0/3776406931 >> [v2:172.21.15.32:6800/1590295441,v1:172.21.15.32:6801/1590295441] conn(0x7efe6c03ce50 0x7efe6c03f240 unknown :-1 s=BANNER_CONNECTING pgs=0 cs=0 l=1 rev1=0 crypto rx=0 tx=0 comp rx=0 tx=0)._handle_peer_banner_payload supported=3 required=0
2024-04-16T05:25:06.264 INFO:teuthology.orchestra.run.smithi032.stdout:/usr/bin/ceph: stderr
2024-04-16T05:25:05.675+0000 7efe85ab5700 1 --2- 172.21.15.32:0/3776406931 >> [v2:172.21.15.32:6800/1590295441,v1:172.21.15.32:6801/1590295441] conn(0x7efe6c03ce50 0x7efe6c03f240 secure :-1 s=READY pgs=3 cs=0 l=1 rev1=1 crypto rx=0x7efe70003a10 tx=0x7efe70009290 comp rx=0 tx=0).ready entity=mgr.14120 client_cookie=0 server_cookie=0 in_seq=0 out_seq=0
2024-04-16T05:25:06.264 INFO:teuthology.orchestra.run.smithi032.stdout:/usr/bin/ceph: stderr
2024-04-16T05:25:05.676+0000 7efe777fe700 1 -- 172.21.15.32:0/3776406931 <== mgr.14120 v2:172.21.15.32:6800/1590295441 1 ==== command_reply(tid 0: 0 ) ==== 8+0+7774 (secure 0 0 0) 0x7efe7c003bf0 con 0x7efe6c03ce50
2024-04-16T05:25:06.264 INFO:teuthology.orchestra.run.smithi032.stdout:/usr/bin/ceph: stderr
2024-04-16T05:25:05.682+0000 7efe8851a700 1 -- 172.21.15.32:0/3776406931 --> [v2:172.21.15.32:6800/1590295441,v1:172.21.15.32:6801/1590295441] -- command(tid 1: {"prefix": "mgr_status"}) -- 0x7efe80064150 con 0x7efe6c03ce50
2024-04-16T05:25:06.264 INFO:teuthology.orchestra.run.smithi032.stdout:/usr/bin/ceph: stderr
2024-04-16T05:25:05.683+0000 7efe777fe700 1 -- 172.21.15.32:0/3776406931 <== mgr.14120 v2:172.21.15.32:6800/1590295441 2 ==== command_reply(tid 1: 0 ) ==== 8+0+51 (secure 0 0 0) 0x7efe80064150 con 0x7efe6c03ce50
2024-04-16T05:25:06.264 INFO:teuthology.orchestra.run.smithi032.stdout:/usr/bin/ceph: stderr
2024-04-16T05:25:05.683+0000 7efe8851a700 1 -- 172.21.15.32:0/3776406931 >> [v2:172.21.15.32:6800/1590295441,v1:172.21.15.32:6801/1590295441] conn(0x7efe6c03ce50 msgr2=0x7efe6c03f240 secure :-1 s=STATE_CONNECTION_ESTABLISHED l=1).mark_down
2024-04-16T05:25:06.264 INFO:teuthology.orchestra.run.smithi032.stdout:/usr/bin/ceph: stderr
2024-04-16T05:25:05.683+0000 7efe8851a700 1 --2- 172.21.15.32:0/3776406931 >> [v2:172.21.15.32:6800/1590295441,v1:172.21.15.32:6801/1590295441] conn(0x7efe6c03ce50 0x7efe6c03f240 secure :-1 s=READY pgs=3 cs=0 l=1 rev1=1 crypto rx=0x7efe70003a10 tx=0x7efe70009290 comp rx=0 tx=0).stop
2024-04-16T05:25:06.264 INFO:teuthology.orchestra.run.smithi032.stdout:/usr/bin/ceph: stderr
2024-04-16T05:25:05.683+0000 7efe8851a700 1 -- 172.21.15.32:0/3776406931 >> [v2:172.21.15.32:3300/0,v1:172.21.15.32:6789/0] conn(0x7efe801085e0 msgr2=0x7efe8007db70 secure :-1 s=STATE_CONNECTION_ESTABLISHED l=1).mark_down
2024-04-16T05:25:06.264 INFO:teuthology.orchestra.run.smithi032.stdout:/usr/bin/ceph: stderr
2024-04-16T05:25:05.683+0000 7efe8851a700 1 --2- 172.21.15.32:0/3776406931 >> [v2:172.21.15.32:3300/0,v1:172.21.15.32:6789/0] conn(0x7efe801085e0 0x7efe8007db70 secure :-1 s=READY pgs=29 cs=0 l=1 rev1=1 crypto rx=0x7efe7c009fb0 tx=0x7efe7c011bf0 comp rx=0 tx=0).stop
2024-04-16T05:25:06.264 INFO:teuthology.orchestra.run.smithi032.stdout:/usr/bin/ceph: stderr
2024-04-16T05:25:05.683+0000 7efe8851a700 1 -- 172.21.15.32:0/3776406931 shutdown_connections
2024-04-16T05:25:06.264 INFO:teuthology.orchestra.run.smithi032.stdout:/usr/bin/ceph: stderr
2024-04-16T05:25:05.683+0000 7efe8851a700 1 --2- 172.21.15.32:0/3776406931 >> [v2:172.21.15.32:6800/1590295441,v1:172.21.15.32:6801/1590295441] conn(0x7efe6c03ce50 0x7efe6c03f240 unknown :-1 s=CLOSED pgs=3 cs=0 l=1 rev1=1 crypto rx=0 tx=0 comp rx=0 tx=0).stop
2024-04-16T05:25:06.264 INFO:teuthology.orchestra.run.smithi032.stdout:/usr/bin/ceph: stderr
2024-04-16T05:25:05.683+0000 7efe8851a700 1 --2- 172.21.15.32:0/3776406931 >> [v2:172.21.15.32:3300/0,v1:172.21.15.32:6789/0] conn(0x7efe801085e0 0x7efe8007db70 unknown :-1 s=CLOSED pgs=29 cs=0 l=1 rev1=1 crypto rx=0 tx=0 comp rx=0 tx=0).stop
2024-04-16T05:25:06.265 INFO:teuthology.orchestra.run.smithi032.stdout:/usr/bin/ceph: stderr
2024-04-16T05:25:05.683+0000 7efe8851a700 1 --2- 172.21.15.32:0/3776406931 >> [v2:172.21.15.32:6800/3517252554,v1:172.21.15.32:6801/3517252554] conn(0x7efe6c039560 0x7efe6c03ba20 unknown :-1 s=CLOSED pgs=0 cs=0 l=1 rev1=0 crypto rx=0 tx=0 comp rx=0 tx=0).stop
2024-04-16T05:25:06.265 INFO:teuthology.orchestra.run.smithi032.stdout:/usr/bin/ceph: stderr
2024-04-16T05:25:05.683+0000 7efe8851a700 1 -- 172.21.15.32:0/3776406931 >> 172.21.15.32:0/3776406931 conn(0x7efe80103b80 msgr2=0x7efe801047b0 unknown :-1 s=STATE_NONE l=0).mark_down
2024-04-16T05:25:06.265 INFO:teuthology.orchestra.run.smithi032.stdout:/usr/bin/ceph: stderr
2024-04-16T05:25:05.683+0000 7efe8851a700 1 -- 172.21.15.32:0/3776406931 shutdown_connections
2024-04-16T05:25:06.265 INFO:teuthology.orchestra.run.smithi032.stdout:/usr/bin/ceph: stderr
2024-04-16T05:25:05.683+0000 7efe8851a700 1 -- 172.21.15.32:0/3776406931 wait complete.
2024-04-16T05:25:06.265 INFO:teuthology.orchestra.run.smithi032.stdout:mgr epoch 5 is available
2024-04-16T05:25:06.265 INFO:teuthology.orchestra.run.smithi032.stdout:Setting orchestrator backend to cephadm...
2024-04-16T05:25:06.982 INFO:journalctl@ceph.mon.a.smithi032.stdout:Apr 16 05:25:06 smithi032 ceph-mon[32351]: from='client.14124 -' entity='client.admin' cmd=[{"prefix": "get_command_descriptions"}]: dispatch
2024-04-16T05:25:06.983 INFO:journalctl@ceph.mon.a.smithi032.stdout:Apr 16 05:25:06 smithi032 ceph-mon[32351]: from='client.14124 -' entity='client.admin' cmd=[{"prefix": "mgr_status"}]: dispatch
2024-04-16T05:25:07.626 INFO:teuthology.orchestra.run.smithi032.stdout:/usr/bin/ceph: stderr
2024-04-16T05:25:06.703+0000 7fea2fff5700 1 Processor -- start
2024-04-16T05:25:07.627 INFO:teuthology.orchestra.run.smithi032.stdout:/usr/bin/ceph: stderr
2024-04-16T05:25:06.703+0000 7fea2fff5700 1 -- start start
2024-04-16T05:25:07.627 INFO:teuthology.orchestra.run.smithi032.stdout:/usr/bin/ceph: stderr
2024-04-16T05:25:06.703+0000 7fea2fff5700 1 --2- >> [v2:172.21.15.32:3300/0,v1:172.21.15.32:6789/0] conn(0x7fea2807de70 0x7fea2807c320 unknown :-1 s=NONE pgs=0 cs=0 l=0 rev1=0 crypto rx=0 tx=0 comp rx=0 tx=0).connect
2024-04-16T05:25:07.627 INFO:teuthology.orchestra.run.smithi032.stdout:/usr/bin/ceph: stderr
2024-04-16T05:25:06.703+0000 7fea2fff5700 1 -- --> [v2:172.21.15.32:3300/0,v1:172.21.15.32:6789/0] -- mon_getmap magic: 0 -- 0x7fea2807c8f0 con 0x7fea2807de70
2024-04-16T05:25:07.627 INFO:teuthology.orchestra.run.smithi032.stdout:/usr/bin/ceph: stderr
2024-04-16T05:25:06.703+0000 7fea2dd91700 1 --2- >> [v2:172.21.15.32:3300/0,v1:172.21.15.32:6789/0] conn(0x7fea2807de70 0x7fea2807c320 unknown :-1 s=BANNER_CONNECTING pgs=0 cs=0 l=0 rev1=0 crypto rx=0 tx=0 comp rx=0 tx=0)._handle_peer_banner_payload supported=3 required=0
2024-04-16T05:25:07.627 INFO:teuthology.orchestra.run.smithi032.stdout:/usr/bin/ceph: stderr
2024-04-16T05:25:06.704+0000 7fea2dd91700 1 --2- >> [v2:172.21.15.32:3300/0,v1:172.21.15.32:6789/0] conn(0x7fea2807de70 0x7fea2807c320 unknown :-1 s=HELLO_CONNECTING pgs=0 cs=0 l=0 rev1=1 crypto rx=0 tx=0 comp rx=0 tx=0).handle_hello peer v2:172.21.15.32:3300/0 says I am v2:172.21.15.32:49716/0 (socket says 172.21.15.32:49716)
2024-04-16T05:25:07.627 INFO:teuthology.orchestra.run.smithi032.stdout:/usr/bin/ceph: stderr
2024-04-16T05:25:06.704+0000 7fea2dd91700 1 -- 172.21.15.32:0/2222217323 learned_addr learned my addr 172.21.15.32:0/2222217323 (peer_addr_for_me v2:172.21.15.32:0/0)
2024-04-16T05:25:07.627 INFO:teuthology.orchestra.run.smithi032.stdout:/usr/bin/ceph: stderr
2024-04-16T05:25:06.704+0000 7fea2dd91700 1 -- 172.21.15.32:0/2222217323 --> [v2:172.21.15.32:3300/0,v1:172.21.15.32:6789/0] -- mon_subscribe({config=0+,monmap=0+}) -- 0x7fea2807ca70 con 0x7fea2807de70
2024-04-16T05:25:07.627 INFO:teuthology.orchestra.run.smithi032.stdout:/usr/bin/ceph: stderr
2024-04-16T05:25:06.704+0000 7fea2dd91700 1 --2- 172.21.15.32:0/2222217323 >> [v2:172.21.15.32:3300/0,v1:172.21.15.32:6789/0] conn(0x7fea2807de70 0x7fea2807c320 secure :-1 s=READY pgs=37 cs=0 l=1 rev1=1 crypto rx=0x7fea240098a0 tx=0x7fea24009bb0 comp rx=0 tx=0).ready entity=mon.0 client_cookie=280a8c60f8e2e369 server_cookie=0 in_seq=0 out_seq=0
2024-04-16T05:25:07.627 INFO:teuthology.orchestra.run.smithi032.stdout:/usr/bin/ceph: stderr
2024-04-16T05:25:06.704+0000 7fea2cd8f700 1 -- 172.21.15.32:0/2222217323 <== mon.0 v2:172.21.15.32:3300/0 1 ==== mon_map magic: 0 ==== 205+0+0 (secure 0 0 0) 0x7fea24004160 con 0x7fea2807de70
2024-04-16T05:25:07.627 INFO:teuthology.orchestra.run.smithi032.stdout:/usr/bin/ceph: stderr
2024-04-16T05:25:06.704+0000 7fea2cd8f700 1 -- 172.21.15.32:0/2222217323 <== mon.0 v2:172.21.15.32:3300/0 2 ==== config(27 keys) ==== 1109+0+0 (secure 0 0 0) 0x7fea24004300 con 0x7fea2807de70
2024-04-16T05:25:07.627 INFO:teuthology.orchestra.run.smithi032.stdout:/usr/bin/ceph: stderr
2024-04-16T05:25:06.704+0000 7fea2cd8f700 1 -- 172.21.15.32:0/2222217323 <== mon.0 v2:172.21.15.32:3300/0 3 ==== mon_map magic: 0 ==== 205+0+0 (secure 0 0 0) 0x7fea24011b50 con 0x7fea2807de70
2024-04-16T05:25:07.627 INFO:teuthology.orchestra.run.smithi032.stdout:/usr/bin/ceph: stderr
2024-04-16T05:25:06.705+0000 7fea2fff5700 1 -- 172.21.15.32:0/2222217323 >> [v2:172.21.15.32:3300/0,v1:172.21.15.32:6789/0] conn(0x7fea2807de70 msgr2=0x7fea2807c320 secure :-1 s=STATE_CONNECTION_ESTABLISHED l=1).mark_down
2024-04-16T05:25:07.628 INFO:teuthology.orchestra.run.smithi032.stdout:/usr/bin/ceph: stderr
2024-04-16T05:25:06.705+0000 7fea2fff5700 1 --2- 172.21.15.32:0/2222217323 >> [v2:172.21.15.32:3300/0,v1:172.21.15.32:6789/0] conn(0x7fea2807de70 0x7fea2807c320 secure :-1 s=READY pgs=37 cs=0 l=1 rev1=1 crypto rx=0x7fea240098a0 tx=0x7fea24009bb0 comp rx=0 tx=0).stop
2024-04-16T05:25:07.628 INFO:teuthology.orchestra.run.smithi032.stdout:/usr/bin/ceph: stderr
2024-04-16T05:25:06.705+0000 7fea2fff5700 1 -- 172.21.15.32:0/2222217323 shutdown_connections
2024-04-16T05:25:07.628 INFO:teuthology.orchestra.run.smithi032.stdout:/usr/bin/ceph: stderr
2024-04-16T05:25:06.705+0000 7fea2fff5700 1 --2- 172.21.15.32:0/2222217323 >> [v2:172.21.15.32:3300/0,v1:172.21.15.32:6789/0] conn(0x7fea2807de70 0x7fea2807c320 unknown :-1 s=CLOSED pgs=37 cs=0 l=1 rev1=1 crypto rx=0 tx=0 comp rx=0 tx=0).stop
2024-04-16T05:25:07.628 INFO:teuthology.orchestra.run.smithi032.stdout:/usr/bin/ceph: stderr
2024-04-16T05:25:06.705+0000 7fea2fff5700 1 -- 172.21.15.32:0/2222217323 >> 172.21.15.32:0/2222217323 conn(0x7fea28103bf0 msgr2=0x7fea28106010 unknown :-1 s=STATE_NONE l=0).mark_down
2024-04-16T05:25:07.628 INFO:teuthology.orchestra.run.smithi032.stdout:/usr/bin/ceph: stderr
2024-04-16T05:25:06.705+0000 7fea2fff5700 1 -- 172.21.15.32:0/2222217323 shutdown_connections
2024-04-16T05:25:07.628 INFO:teuthology.orchestra.run.smithi032.stdout:/usr/bin/ceph: stderr
2024-04-16T05:25:06.705+0000 7fea2fff5700 1 -- 172.21.15.32:0/2222217323 wait complete.
2024-04-16T05:25:07.628 INFO:teuthology.orchestra.run.smithi032.stdout:/usr/bin/ceph: stderr
2024-04-16T05:25:06.706+0000 7fea2fff5700 1 Processor -- start
2024-04-16T05:25:07.628 INFO:teuthology.orchestra.run.smithi032.stdout:/usr/bin/ceph: stderr
2024-04-16T05:25:06.706+0000 7fea2fff5700 1 -- start start
2024-04-16T05:25:07.628 INFO:teuthology.orchestra.run.smithi032.stdout:/usr/bin/ceph: stderr
2024-04-16T05:25:06.706+0000 7fea2fff5700 1 --2- >> [v2:172.21.15.32:3300/0,v1:172.21.15.32:6789/0] conn(0x7fea2807de70 0x7fea2819e7c0 unknown :-1 s=NONE pgs=0 cs=0 l=1 rev1=0 crypto rx=0 tx=0 comp rx=0 tx=0).connect
2024-04-16T05:25:07.628 INFO:teuthology.orchestra.run.smithi032.stdout:/usr/bin/ceph: stderr
2024-04-16T05:25:06.706+0000 7fea2fff5700 1 -- --> [v2:172.21.15.32:3300/0,v1:172.21.15.32:6789/0] -- mon_getmap magic: 0 -- 0x7fea2810eb60 con 0x7fea2807de70
2024-04-16T05:25:07.628 INFO:teuthology.orchestra.run.smithi032.stdout:/usr/bin/ceph: stderr
2024-04-16T05:25:06.706+0000 7fea2dd91700 1 --2- >> [v2:172.21.15.32:3300/0,v1:172.21.15.32:6789/0] conn(0x7fea2807de70 0x7fea2819e7c0 unknown :-1 s=BANNER_CONNECTING pgs=0 cs=0 l=1 rev1=0 crypto rx=0 tx=0 comp rx=0 tx=0)._handle_peer_banner_payload supported=3 required=0
2024-04-16T05:25:07.628 INFO:teuthology.orchestra.run.smithi032.stdout:/usr/bin/ceph: stderr
2024-04-16T05:25:06.706+0000 7fea2dd91700 1 --2- >> [v2:172.21.15.32:3300/0,v1:172.21.15.32:6789/0] conn(0x7fea2807de70 0x7fea2819e7c0 unknown :-1 s=HELLO_CONNECTING pgs=0 cs=0 l=1 rev1=1 crypto rx=0 tx=0 comp rx=0 tx=0).handle_hello peer v2:172.21.15.32:3300/0 says I am v2:172.21.15.32:49722/0 (socket says 172.21.15.32:49722)
2024-04-16T05:25:07.628 INFO:teuthology.orchestra.run.smithi032.stdout:/usr/bin/ceph: stderr
2024-04-16T05:25:06.706+0000 7fea2dd91700 1 -- 172.21.15.32:0/3815532990 learned_addr learned my addr 172.21.15.32:0/3815532990 (peer_addr_for_me v2:172.21.15.32:0/0)
2024-04-16T05:25:07.628 INFO:teuthology.orchestra.run.smithi032.stdout:/usr/bin/ceph: stderr
2024-04-16T05:25:06.706+0000 7fea2dd91700 1 -- 172.21.15.32:0/3815532990 --> [v2:172.21.15.32:3300/0,v1:172.21.15.32:6789/0] -- mon_subscribe({config=0+,monmap=0+}) -- 0x7fea2819ed00 con 0x7fea2807de70
2024-04-16T05:25:07.629 INFO:teuthology.orchestra.run.smithi032.stdout:/usr/bin/ceph: stderr
2024-04-16T05:25:06.706+0000 7fea2dd91700 1 --2- 172.21.15.32:0/3815532990 >> [v2:172.21.15.32:3300/0,v1:172.21.15.32:6789/0] conn(0x7fea2807de70 0x7fea2819e7c0 secure :-1 s=READY pgs=38 cs=0 l=1 rev1=1 crypto rx=0x7fea24009fb0 tx=0x7fea24011bf0 comp rx=0 tx=0).ready entity=mon.0 client_cookie=0 server_cookie=0 in_seq=0 out_seq=0
2024-04-16T05:25:07.629 INFO:teuthology.orchestra.run.smithi032.stdout:/usr/bin/ceph: stderr
2024-04-16T05:25:06.707+0000 7fea1affd700 1 -- 172.21.15.32:0/3815532990 <== mon.0 v2:172.21.15.32:3300/0 1 ==== mon_map magic: 0 ==== 205+0+0 (secure 0 0 0) 0x7fea240038b0 con 0x7fea2807de70
2024-04-16T05:25:07.629 INFO:teuthology.orchestra.run.smithi032.stdout:/usr/bin/ceph: stderr
2024-04-16T05:25:06.707+0000 7fea1affd700 1 -- 172.21.15.32:0/3815532990 <== mon.0 v2:172.21.15.32:3300/0 2 ==== config(27 keys) ==== 1109+0+0 (secure 0 0 0) 0x7fea24011e50 con 0x7fea2807de70
2024-04-16T05:25:07.629 INFO:teuthology.orchestra.run.smithi032.stdout:/usr/bin/ceph: stderr
2024-04-16T05:25:06.707+0000 7fea2fff5700 1 -- 172.21.15.32:0/3815532990 --> [v2:172.21.15.32:3300/0,v1:172.21.15.32:6789/0] -- mon_subscribe({mgrmap=0+}) -- 0x7fea2819ef90 con 0x7fea2807de70
2024-04-16T05:25:07.629 INFO:teuthology.orchestra.run.smithi032.stdout:/usr/bin/ceph: stderr
2024-04-16T05:25:06.707+0000 7fea1affd700 1 -- 172.21.15.32:0/3815532990 <== mon.0 v2:172.21.15.32:3300/0 3 ==== mon_map magic: 0 ==== 205+0+0 (secure 0 0 0) 0x7fea24019420 con 0x7fea2807de70
2024-04-16T05:25:07.629 INFO:teuthology.orchestra.run.smithi032.stdout:/usr/bin/ceph: stderr
2024-04-16T05:25:06.707+0000 7fea2fff5700 1 -- 172.21.15.32:0/3815532990 --> [v2:172.21.15.32:3300/0,v1:172.21.15.32:6789/0] -- mon_subscribe({osdmap=0}) -- 0x7fea281a1c80 con 0x7fea2807de70
2024-04-16T05:25:07.629 INFO:teuthology.orchestra.run.smithi032.stdout:/usr/bin/ceph: stderr
2024-04-16T05:25:06.707+0000 7fea1affd700 1 -- 172.21.15.32:0/3815532990 <== mon.0 v2:172.21.15.32:3300/0 4 ==== mgrmap(e 7) ==== 46452+0+0 (secure 0 0 0) 0x7fea240196d0 con 0x7fea2807de70
2024-04-16T05:25:07.629 INFO:teuthology.orchestra.run.smithi032.stdout:/usr/bin/ceph: stderr
2024-04-16T05:25:06.708+0000 7fea2fff5700 1 -- 172.21.15.32:0/3815532990 --> [v2:172.21.15.32:3300/0,v1:172.21.15.32:6789/0] -- mon_command({"prefix": "get_command_descriptions"} v 0) -- 0x7fea28064150 con 0x7fea2807de70
2024-04-16T05:25:07.629 INFO:teuthology.orchestra.run.smithi032.stdout:/usr/bin/ceph: stderr
2024-04-16T05:25:06.708+0000 7fea1affd700 1 --2- 172.21.15.32:0/3815532990 >> [v2:172.21.15.32:6800/1590295441,v1:172.21.15.32:6801/1590295441] conn(0x7fea140394a0 0x7fea1403b960 unknown :-1 s=NONE pgs=0 cs=0 l=1 rev1=0 crypto rx=0 tx=0 comp rx=0 tx=0).connect
2024-04-16T05:25:07.629 INFO:teuthology.orchestra.run.smithi032.stdout:/usr/bin/ceph: stderr
2024-04-16T05:25:06.708+0000 7fea1affd700 1 -- 172.21.15.32:0/3815532990 <== mon.0 v2:172.21.15.32:3300/0 5 ==== osd_map(2..2 src has 1..2) ==== 940+0+0 (secure 0 0 0) 0x7fea2404d910 con 0x7fea2807de70
2024-04-16T05:25:07.629 INFO:teuthology.orchestra.run.smithi032.stdout:/usr/bin/ceph: stderr
2024-04-16T05:25:06.708+0000 7fea2d590700 1 --2- 172.21.15.32:0/3815532990 >> [v2:172.21.15.32:6800/1590295441,v1:172.21.15.32:6801/1590295441] conn(0x7fea140394a0 0x7fea1403b960 unknown :-1 s=BANNER_CONNECTING pgs=0 cs=0 l=1 rev1=0 crypto rx=0 tx=0 comp rx=0 tx=0)._handle_peer_banner_payload supported=3 required=0
2024-04-16T05:25:07.629 INFO:teuthology.orchestra.run.smithi032.stdout:/usr/bin/ceph: stderr
2024-04-16T05:25:06.708+0000 7fea2d590700 1 --2- 172.21.15.32:0/3815532990 >> [v2:172.21.15.32:6800/1590295441,v1:172.21.15.32:6801/1590295441] conn(0x7fea140394a0 0x7fea1403b960 secure :-1 s=READY pgs=7 cs=0 l=1 rev1=1 crypto rx=0x7fea1c006fd0 tx=0x7fea1c006e40 comp rx=0 tx=0).ready entity=mgr.14120 client_cookie=0 server_cookie=0 in_seq=0 out_seq=0
2024-04-16T05:25:07.629 INFO:teuthology.orchestra.run.smithi032.stdout:/usr/bin/ceph: stderr
2024-04-16T05:25:06.713+0000 7fea1affd700 1 -- 172.21.15.32:0/3815532990 <== mon.0 v2:172.21.15.32:3300/0 6 ==== mon_command_ack([{"prefix": "get_command_descriptions"}]=0 v0) ==== 72+0+188370 (secure 0 0 0) 0x7fea2400bc70 con 0x7fea2807de70
2024-04-16T05:25:07.629 INFO:teuthology.orchestra.run.smithi032.stdout:/usr/bin/ceph: stderr
2024-04-16T05:25:06.727+0000 7fea1affd700 1 -- 172.21.15.32:0/3815532990 <== mon.0 v2:172.21.15.32:3300/0 7 ==== mgrmap(e 8) ==== 46558+0+0 (secure 0 0 0) 0x7fea2402d7c0 con 0x7fea2807de70
2024-04-16T05:25:07.630 INFO:teuthology.orchestra.run.smithi032.stdout:/usr/bin/ceph: stderr
2024-04-16T05:25:07.007+0000 7fea2fff5700 1 -- 172.21.15.32:0/3815532990 --> [v2:172.21.15.32:6800/1590295441,v1:172.21.15.32:6801/1590295441] -- mgr_command(tid 0: {"prefix": "orch set backend", "module_name": "cephadm", "target": ["mon-mgr", ""]}) -- 0x7fea28104ee0 con 0x7fea140394a0
2024-04-16T05:25:07.630 INFO:teuthology.orchestra.run.smithi032.stdout:/usr/bin/ceph: stderr
2024-04-16T05:25:07.012+0000 7fea1affd700 1 -- 172.21.15.32:0/3815532990 <== mgr.14120 v2:172.21.15.32:6800/1590295441 1 ==== mgr_command_reply(tid 0: 0 ) ==== 8+0+0 (secure 0 0 0) 0x7fea28104ee0 con 0x7fea140394a0
2024-04-16T05:25:07.630 INFO:teuthology.orchestra.run.smithi032.stdout:/usr/bin/ceph: stderr
2024-04-16T05:25:07.014+0000 7fea2fff5700 1 -- 172.21.15.32:0/3815532990 >> [v2:172.21.15.32:6800/1590295441,v1:172.21.15.32:6801/1590295441] conn(0x7fea140394a0 msgr2=0x7fea1403b960 secure :-1 s=STATE_CONNECTION_ESTABLISHED l=1).mark_down
2024-04-16T05:25:07.630 INFO:teuthology.orchestra.run.smithi032.stdout:/usr/bin/ceph: stderr
2024-04-16T05:25:07.014+0000 7fea2fff5700 1 --2- 172.21.15.32:0/3815532990 >> [v2:172.21.15.32:6800/1590295441,v1:172.21.15.32:6801/1590295441] conn(0x7fea140394a0 0x7fea1403b960 secure :-1 s=READY pgs=7 cs=0 l=1 rev1=1 crypto rx=0x7fea1c006fd0 tx=0x7fea1c006e40 comp rx=0 tx=0).stop
2024-04-16T05:25:07.630 INFO:teuthology.orchestra.run.smithi032.stdout:/usr/bin/ceph: stderr
2024-04-16T05:25:07.014+0000 7fea2fff5700 1 -- 172.21.15.32:0/3815532990 >> [v2:172.21.15.32:3300/0,v1:172.21.15.32:6789/0] conn(0x7fea2807de70 msgr2=0x7fea2819e7c0 secure :-1 s=STATE_CONNECTION_ESTABLISHED l=1).mark_down
2024-04-16T05:25:07.630 INFO:teuthology.orchestra.run.smithi032.stdout:/usr/bin/ceph: stderr
2024-04-16T05:25:07.014+0000 7fea2fff5700 1 --2- 172.21.15.32:0/3815532990 >> [v2:172.21.15.32:3300/0,v1:172.21.15.32:6789/0] conn(0x7fea2807de70 0x7fea2819e7c0 secure :-1 s=READY pgs=38 cs=0 l=1 rev1=1 crypto rx=0x7fea24009fb0 tx=0x7fea24011bf0 comp rx=0 tx=0).stop
2024-04-16T05:25:07.630 INFO:teuthology.orchestra.run.smithi032.stdout:/usr/bin/ceph: stderr
2024-04-16T05:25:07.014+0000 7fea2fff5700 1 -- 172.21.15.32:0/3815532990 shutdown_connections
2024-04-16T05:25:07.630 INFO:teuthology.orchestra.run.smithi032.stdout:/usr/bin/ceph: stderr
2024-04-16T05:25:07.014+0000 7fea2fff5700 1 --2- 172.21.15.32:0/3815532990 >> [v2:172.21.15.32:6800/1590295441,v1:172.21.15.32:6801/1590295441] conn(0x7fea140394a0 0x7fea1403b960 unknown :-1 s=CLOSED pgs=7 cs=0 l=1 rev1=1 crypto rx=0 tx=0 comp rx=0 tx=0).stop
2024-04-16T05:25:07.630 INFO:teuthology.orchestra.run.smithi032.stdout:/usr/bin/ceph: stderr
2024-04-16T05:25:07.014+0000 7fea2fff5700 1 --2- 172.21.15.32:0/3815532990 >> [v2:172.21.15.32:3300/0,v1:172.21.15.32:6789/0] conn(0x7fea2807de70 0x7fea2819e7c0 unknown :-1 s=CLOSED pgs=38 cs=0 l=1 rev1=1 crypto rx=0 tx=0 comp rx=0 tx=0).stop
2024-04-16T05:25:07.630 INFO:teuthology.orchestra.run.smithi032.stdout:/usr/bin/ceph: stderr
2024-04-16T05:25:07.014+0000 7fea2fff5700 1 -- 172.21.15.32:0/3815532990 >> 172.21.15.32:0/3815532990 conn(0x7fea28103bf0 msgr2=0x7fea281047d0 unknown :-1 s=STATE_NONE l=0).mark_down
2024-04-16T05:25:07.630 INFO:teuthology.orchestra.run.smithi032.stdout:/usr/bin/ceph: stderr
2024-04-16T05:25:07.014+0000 7fea2fff5700 1 -- 172.21.15.32:0/3815532990 shutdown_connections
2024-04-16T05:25:07.630 INFO:teuthology.orchestra.run.smithi032.stdout:/usr/bin/ceph: stderr
2024-04-16T05:25:07.014+0000 7fea2fff5700 1 -- 172.21.15.32:0/3815532990 wait complete.
2024-04-16T05:25:07.955 INFO:journalctl@ceph.mon.a.smithi032.stdout:Apr 16 05:25:07 smithi032 ceph-mon[32351]: mgrmap e8: x(active, since 2s)
2024-04-16T05:25:07.955 INFO:journalctl@ceph.mon.a.smithi032.stdout:Apr 16 05:25:07 smithi032 ceph-mon[32351]: from='client.14132 -' entity='client.admin' cmd=[{"prefix": "orch set backend", "module_name": "cephadm", "target": ["mon-mgr", ""]}]: dispatch
2024-04-16T05:25:07.955 INFO:journalctl@ceph.mon.a.smithi032.stdout:Apr 16 05:25:07 smithi032 ceph-mon[32351]: from='mgr.14120 172.21.15.32:0/456837402' entity='mgr.x'
2024-04-16T05:25:07.955 INFO:journalctl@ceph.mon.a.smithi032.stdout:Apr 16 05:25:07 smithi032 ceph-mon[32351]: from='mgr.14120 172.21.15.32:0/456837402' entity='mgr.x' cmd=[{"prefix": "config dump", "format": "json"}]: dispatch
2024-04-16T05:25:07.955 INFO:journalctl@ceph.mon.a.smithi032.stdout:Apr 16 05:25:07 smithi032 ceph-mon[32351]: [16/Apr/2024:05:25:07] ENGINE Bus STARTING
2024-04-16T05:25:07.955 INFO:journalctl@ceph.mon.a.smithi032.stdout:Apr 16 05:25:07 smithi032 ceph-mon[32351]: [16/Apr/2024:05:25:07] ENGINE Serving on https://172.21.15.32:7150
2024-04-16T05:25:07.955 INFO:journalctl@ceph.mon.a.smithi032.stdout:Apr 16 05:25:07 smithi032 ceph-mon[32351]: [16/Apr/2024:05:25:07] ENGINE Serving on http://172.21.15.32:8765
2024-04-16T05:25:07.955 INFO:journalctl@ceph.mon.a.smithi032.stdout:Apr 16 05:25:07 smithi032 ceph-mon[32351]: [16/Apr/2024:05:25:07] ENGINE Bus STARTED
2024-04-16T05:25:07.956 INFO:journalctl@ceph.mon.a.smithi032.stdout:Apr 16 05:25:07 smithi032 ceph-mon[32351]: from='mgr.14120 172.21.15.32:0/456837402' entity='mgr.x' cmd=[{"prefix": "config dump", "format": "json"}]: dispatch
2024-04-16T05:25:08.917 INFO:journalctl@ceph.mon.a.smithi032.stdout:Apr 16 05:25:08 smithi032 ceph-mon[32351]: from='client.14134 -' entity='client.admin' cmd=[{"prefix": "cephadm set-user", "user": "root", "target": ["mon-mgr", ""]}]: dispatch
2024-04-16T05:25:08.921 INFO:teuthology.orchestra.run.smithi032.stdout:/usr/bin/ceph: stdout value unchanged
2024-04-16T05:25:08.921 INFO:teuthology.orchestra.run.smithi032.stdout:/usr/bin/ceph: stderr
2024-04-16T05:25:08.062+0000 7f0558efe700 1 Processor -- start
2024-04-16T05:25:08.921 INFO:teuthology.orchestra.run.smithi032.stdout:/usr/bin/ceph: stderr
2024-04-16T05:25:08.062+0000 7f0558efe700 1 -- start start
2024-04-16T05:25:08.921 INFO:teuthology.orchestra.run.smithi032.stdout:/usr/bin/ceph: stderr
2024-04-16T05:25:08.062+0000 7f0558efe700 1 --2- >> [v2:172.21.15.32:3300/0,v1:172.21.15.32:6789/0] conn(0x7f0554107480 0x7f05541078a0 unknown :-1 s=NONE pgs=0 cs=0 l=0 rev1=0 crypto rx=0 tx=0 comp rx=0 tx=0).connect
2024-04-16T05:25:08.921 INFO:teuthology.orchestra.run.smithi032.stdout:/usr/bin/ceph: stderr
2024-04-16T05:25:08.062+0000 7f0558efe700 1 -- --> [v2:172.21.15.32:3300/0,v1:172.21.15.32:6789/0] -- mon_getmap magic: 0 -- 0x7f0554107e70 con 0x7f0554107480
2024-04-16T05:25:08.927 INFO:teuthology.orchestra.run.smithi032.stdout:/usr/bin/ceph: stderr
2024-04-16T05:25:08.062+0000 7f055259c700 1 --2- >> [v2:172.21.15.32:3300/0,v1:172.21.15.32:6789/0] conn(0x7f0554107480 0x7f05541078a0 unknown :-1 s=BANNER_CONNECTING pgs=0 cs=0 l=0 rev1=0 crypto rx=0 tx=0 comp rx=0 tx=0)._handle_peer_banner_payload supported=3 required=0
2024-04-16T05:25:08.927 INFO:teuthology.orchestra.run.smithi032.stdout:/usr/bin/ceph: stderr
2024-04-16T05:25:08.062+0000 7f055259c700 1 --2- >> [v2:172.21.15.32:3300/0,v1:172.21.15.32:6789/0] conn(0x7f0554107480 0x7f05541078a0 unknown :-1 s=HELLO_CONNECTING pgs=0 cs=0 l=0 rev1=1 crypto rx=0 tx=0 comp rx=0 tx=0).handle_hello peer v2:172.21.15.32:3300/0 says I am v2:172.21.15.32:49736/0 (socket says 172.21.15.32:49736)
2024-04-16T05:25:08.927 INFO:teuthology.orchestra.run.smithi032.stdout:/usr/bin/ceph: stderr
2024-04-16T05:25:08.062+0000 7f055259c700 1 -- 172.21.15.32:0/2714926456 learned_addr learned my addr 172.21.15.32:0/2714926456 (peer_addr_for_me v2:172.21.15.32:0/0)
2024-04-16T05:25:08.927 INFO:teuthology.orchestra.run.smithi032.stdout:/usr/bin/ceph: stderr
2024-04-16T05:25:08.062+0000 7f055259c700 1 -- 172.21.15.32:0/2714926456 --> [v2:172.21.15.32:3300/0,v1:172.21.15.32:6789/0] -- mon_subscribe({config=0+,monmap=0+}) -- 0x7f0554108680 con 0x7f0554107480
2024-04-16T05:25:08.927 INFO:teuthology.orchestra.run.smithi032.stdout:/usr/bin/ceph: stderr
2024-04-16T05:25:08.063+0000 7f055259c700 1 --2- 172.21.15.32:0/2714926456 >> [v2:172.21.15.32:3300/0,v1:172.21.15.32:6789/0] conn(0x7f0554107480 0x7f05541078a0 secure :-1 s=READY pgs=39 cs=0 l=1 rev1=1 crypto rx=0x7f054400bb40 tx=0x7f054400be50 comp rx=0 tx=0).ready entity=mon.0 client_cookie=c96f6ef440004da4 server_cookie=0 in_seq=0 out_seq=0
2024-04-16T05:25:08.928 INFO:teuthology.orchestra.run.smithi032.stdout:/usr/bin/ceph: stderr
2024-04-16T05:25:08.063+0000 7f055159a700 1 -- 172.21.15.32:0/2714926456 <== mon.0 v2:172.21.15.32:3300/0 1 ==== mon_map magic: 0 ==== 205+0+0 (secure 0 0 0) 0x7f054400dbe0 con 0x7f0554107480
2024-04-16T05:25:08.928 INFO:teuthology.orchestra.run.smithi032.stdout:/usr/bin/ceph: stderr
2024-04-16T05:25:08.063+0000 7f055159a700 1 -- 172.21.15.32:0/2714926456 <== mon.0 v2:172.21.15.32:3300/0 2 ==== config(27 keys) ==== 1109+0+0 (secure 0 0 0) 0x7f05440044f0 con 0x7f0554107480
2024-04-16T05:25:08.928 INFO:teuthology.orchestra.run.smithi032.stdout:/usr/bin/ceph: stderr
2024-04-16T05:25:08.063+0000 7f055159a700 1 -- 172.21.15.32:0/2714926456 <== mon.0 v2:172.21.15.32:3300/0 3 ==== mon_map magic: 0 ==== 205+0+0 (secure 0 0 0) 0x7f0544010470 con 0x7f0554107480
2024-04-16T05:25:08.928 INFO:teuthology.orchestra.run.smithi032.stdout:/usr/bin/ceph: stderr
2024-04-16T05:25:08.063+0000 7f0558efe700 1 -- 172.21.15.32:0/2714926456 >> [v2:172.21.15.32:3300/0,v1:172.21.15.32:6789/0] conn(0x7f0554107480 msgr2=0x7f05541078a0 secure :-1 s=STATE_CONNECTION_ESTABLISHED l=1).mark_down
2024-04-16T05:25:08.928 INFO:teuthology.orchestra.run.smithi032.stdout:/usr/bin/ceph: stderr
2024-04-16T05:25:08.063+0000 7f0558efe700 1 --2- 172.21.15.32:0/2714926456 >> [v2:172.21.15.32:3300/0,v1:172.21.15.32:6789/0] conn(0x7f0554107480 0x7f05541078a0 secure :-1 s=READY pgs=39 cs=0 l=1 rev1=1 crypto rx=0x7f054400bb40 tx=0x7f054400be50 comp rx=0 tx=0).stop
2024-04-16T05:25:08.928 INFO:teuthology.orchestra.run.smithi032.stdout:/usr/bin/ceph: stderr
2024-04-16T05:25:08.064+0000 7f0558efe700 1 -- 172.21.15.32:0/2714926456 shutdown_connections
2024-04-16T05:25:08.928 INFO:teuthology.orchestra.run.smithi032.stdout:/usr/bin/ceph: stderr
2024-04-16T05:25:08.064+0000 7f0558efe700 1 --2- 172.21.15.32:0/2714926456 >> [v2:172.21.15.32:3300/0,v1:172.21.15.32:6789/0] conn(0x7f0554107480 0x7f05541078a0 unknown :-1 s=CLOSED pgs=39 cs=0 l=1 rev1=1 crypto rx=0 tx=0 comp rx=0 tx=0).stop
2024-04-16T05:25:08.928 INFO:teuthology.orchestra.run.smithi032.stdout:/usr/bin/ceph: stderr
2024-04-16T05:25:08.064+0000 7f0558efe700 1 -- 172.21.15.32:0/2714926456 >> 172.21.15.32:0/2714926456 conn(0x7f05541029e0 msgr2=0x7f0554104e60 unknown :-1 s=STATE_NONE l=0).mark_down
2024-04-16T05:25:08.928 INFO:teuthology.orchestra.run.smithi032.stdout:/usr/bin/ceph: stderr
2024-04-16T05:25:08.064+0000 7f0558efe700 1 -- 172.21.15.32:0/2714926456 shutdown_connections
2024-04-16T05:25:08.928 INFO:teuthology.orchestra.run.smithi032.stdout:/usr/bin/ceph: stderr
2024-04-16T05:25:08.064+0000 7f0558efe700 1 -- 172.21.15.32:0/2714926456 wait complete.
2024-04-16T05:25:08.928 INFO:teuthology.orchestra.run.smithi032.stdout:/usr/bin/ceph: stderr
2024-04-16T05:25:08.064+0000 7f0558efe700 1 Processor -- start
2024-04-16T05:25:08.928 INFO:teuthology.orchestra.run.smithi032.stdout:/usr/bin/ceph: stderr
2024-04-16T05:25:08.064+0000 7f0558efe700 1 -- start start
2024-04-16T05:25:08.928 INFO:teuthology.orchestra.run.smithi032.stdout:/usr/bin/ceph: stderr
2024-04-16T05:25:08.065+0000 7f0558efe700 1 --2- >> [v2:172.21.15.32:3300/0,v1:172.21.15.32:6789/0] conn(0x7f0554107480 0x7f055419e750 unknown :-1 s=NONE pgs=0 cs=0 l=1 rev1=0 crypto rx=0 tx=0 comp rx=0 tx=0).connect
2024-04-16T05:25:08.928 INFO:teuthology.orchestra.run.smithi032.stdout:/usr/bin/ceph: stderr
2024-04-16T05:25:08.065+0000 7f0558efe700 1 -- --> [v2:172.21.15.32:3300/0,v1:172.21.15.32:6789/0] -- mon_getmap magic: 0 -- 0x7f055407afd0 con 0x7f0554107480
2024-04-16T05:25:08.928 INFO:teuthology.orchestra.run.smithi032.stdout:/usr/bin/ceph: stderr
2024-04-16T05:25:08.065+0000 7f055259c700 1 --2- >> [v2:172.21.15.32:3300/0,v1:172.21.15.32:6789/0] conn(0x7f0554107480 0x7f055419e750 unknown :-1 s=BANNER_CONNECTING pgs=0 cs=0 l=1 rev1=0 crypto rx=0 tx=0 comp rx=0 tx=0)._handle_peer_banner_payload supported=3 required=0
2024-04-16T05:25:08.928 INFO:teuthology.orchestra.run.smithi032.stdout:/usr/bin/ceph: stderr
2024-04-16T05:25:08.065+0000 7f055259c700 1 --2- >> [v2:172.21.15.32:3300/0,v1:172.21.15.32:6789/0] conn(0x7f0554107480 0x7f055419e750 unknown :-1 s=HELLO_CONNECTING pgs=0 cs=0 l=1 rev1=1 crypto rx=0 tx=0 comp rx=0 tx=0).handle_hello peer v2:172.21.15.32:3300/0 says I am v2:172.21.15.32:49744/0 (socket says 172.21.15.32:49744)
2024-04-16T05:25:08.929 INFO:teuthology.orchestra.run.smithi032.stdout:/usr/bin/ceph: stderr
2024-04-16T05:25:08.065+0000 7f055259c700 1 -- 172.21.15.32:0/3219675882 learned_addr learned my addr 172.21.15.32:0/3219675882 (peer_addr_for_me v2:172.21.15.32:0/0)
2024-04-16T05:25:08.929 INFO:teuthology.orchestra.run.smithi032.stdout:/usr/bin/ceph: stderr
2024-04-16T05:25:08.065+0000 7f055259c700 1 -- 172.21.15.32:0/3219675882 --> [v2:172.21.15.32:3300/0,v1:172.21.15.32:6789/0] -- mon_subscribe({config=0+,monmap=0+}) -- 0x7f055419ec90 con 0x7f0554107480
2024-04-16T05:25:08.929 INFO:teuthology.orchestra.run.smithi032.stdout:/usr/bin/ceph: stderr
2024-04-16T05:25:08.065+0000 7f055259c700 1 --2- 172.21.15.32:0/3219675882 >> [v2:172.21.15.32:3300/0,v1:172.21.15.32:6789/0] conn(0x7f0554107480 0x7f055419e750 secure :-1 s=READY pgs=40 cs=0 l=1 rev1=1 crypto rx=0x7f054400b340 tx=0x7f05440040b0 comp rx=0 tx=0).ready entity=mon.0 client_cookie=0 server_cookie=0 in_seq=0 out_seq=0
2024-04-16T05:25:08.929 INFO:teuthology.orchestra.run.smithi032.stdout:/usr/bin/ceph: stderr
2024-04-16T05:25:08.065+0000 7f05437fe700 1 -- 172.21.15.32:0/3219675882 <== mon.0 v2:172.21.15.32:3300/0 1 ==== mon_map magic: 0 ==== 205+0+0 (secure 0 0 0) 0x7f0544010720 con 0x7f0554107480
2024-04-16T05:25:08.929 INFO:teuthology.orchestra.run.smithi032.stdout:/usr/bin/ceph: stderr
