2024-04-16T05:25:48.394+0000 7f7c4cbfb700 1 -- 172.21.15.86:0/743951300 >> [v2:172.21.15.86:6800/1420225001,v1:172.21.15.86:6801/1420225001] conn(0x7f7c340395b0 msgr2=0x7f7c3403ba70 unknown :-1 s=STATE_CONNECTING_RE l=1).process reconnect failed to v2:172.21.15.86:6800/1420225001
2024-04-16T05:25:53.242 INFO:teuthology.orchestra.run.smithi086.stdout:/usr/bin/ceph: stderr
2024-04-16T05:25:48.394+0000 7f7c4cbfb700 1 --2- 172.21.15.86:0/743951300 >> [v2:172.21.15.86:6800/1420225001,v1:172.21.15.86:6801/1420225001] conn(0x7f7c340395b0 0x7f7c3403ba70 unknown :-1 s=START_CONNECT pgs=0 cs=0 l=1 rev1=0 crypto rx=0 tx=0 comp rx=0 tx=0)._fault waiting 1.600000
2024-04-16T05:25:53.243 INFO:teuthology.orchestra.run.smithi086.stdout:/usr/bin/ceph: stderr
2024-04-16T05:25:49.995+0000 7f7c4cbfb700 1 -- 172.21.15.86:0/743951300 >> [v2:172.21.15.86:6800/1420225001,v1:172.21.15.86:6801/1420225001] conn(0x7f7c340395b0 msgr2=0x7f7c3403ba70 unknown :-1 s=STATE_CONNECTING_RE l=1).process reconnect failed to v2:172.21.15.86:6800/1420225001
2024-04-16T05:25:53.243 INFO:teuthology.orchestra.run.smithi086.stdout:/usr/bin/ceph: stderr
2024-04-16T05:25:49.995+0000 7f7c4cbfb700 1 --2- 172.21.15.86:0/743951300 >> [v2:172.21.15.86:6800/1420225001,v1:172.21.15.86:6801/1420225001] conn(0x7f7c340395b0 0x7f7c3403ba70 unknown :-1 s=START_CONNECT pgs=0 cs=0 l=1 rev1=0 crypto rx=0 tx=0 comp rx=0 tx=0)._fault waiting 3.200000
2024-04-16T05:25:53.243 INFO:teuthology.orchestra.run.smithi086.stdout:/usr/bin/ceph: stderr
2024-04-16T05:25:51.395+0000 7f7c3e7fc700 1 -- 172.21.15.86:0/743951300 <== mon.0 v2:172.21.15.86:3300/0 6 ==== mgrmap(e 10) ==== 46338+0+0 (secure 0 0 0) 0x7f7c3802d910 con 0x7f7c48109170
2024-04-16T05:25:53.243 INFO:teuthology.orchestra.run.smithi086.stdout:/usr/bin/ceph: stderr
2024-04-16T05:25:51.396+0000 7f7c3e7fc700 1 -- 172.21.15.86:0/743951300 >> [v2:172.21.15.86:6800/1420225001,v1:172.21.15.86:6801/1420225001] conn(0x7f7c340395b0 msgr2=0x7f7c3403ba70 unknown :-1 s=STATE_CONNECTING l=1).mark_down
2024-04-16T05:25:53.243 INFO:teuthology.orchestra.run.smithi086.stdout:/usr/bin/ceph: stderr
2024-04-16T05:25:51.396+0000 7f7c3e7fc700 1 --2- 172.21.15.86:0/743951300 >> [v2:172.21.15.86:6800/1420225001,v1:172.21.15.86:6801/1420225001] conn(0x7f7c340395b0 0x7f7c3403ba70 unknown :-1 s=START_CONNECT pgs=0 cs=0 l=1 rev1=0 crypto rx=0 tx=0 comp rx=0 tx=0).stop
2024-04-16T05:25:53.243 INFO:teuthology.orchestra.run.smithi086.stdout:/usr/bin/ceph: stderr
2024-04-16T05:25:52.397+0000 7f7c3e7fc700 1 -- 172.21.15.86:0/743951300 <== mon.0 v2:172.21.15.86:3300/0 7 ==== mgrmap(e 11) ==== 46465+0+0 (secure 0 0 0) 0x7f7c3804fc10 con 0x7f7c48109170
2024-04-16T05:25:53.243 INFO:teuthology.orchestra.run.smithi086.stdout:/usr/bin/ceph: stderr
2024-04-16T05:25:52.397+0000 7f7c3e7fc700 1 --2- 172.21.15.86:0/743951300 >> [v2:172.21.15.86:6800/3194681946,v1:172.21.15.86:6801/3194681946] conn(0x7f7c3403ce40 0x7f7c3403f230 unknown :-1 s=NONE pgs=0 cs=0 l=1 rev1=0 crypto rx=0 tx=0 comp rx=0 tx=0).connect
2024-04-16T05:25:53.243 INFO:teuthology.orchestra.run.smithi086.stdout:/usr/bin/ceph: stderr
2024-04-16T05:25:52.397+0000 7f7c3e7fc700 1 -- 172.21.15.86:0/743951300 --> [v2:172.21.15.86:6800/3194681946,v1:172.21.15.86:6801/3194681946] -- command(tid 0: {"prefix": "get_command_descriptions"}) -- 0x7f7c3802ee50 con 0x7f7c3403ce40
2024-04-16T05:25:53.243 INFO:teuthology.orchestra.run.smithi086.stdout:/usr/bin/ceph: stderr
2024-04-16T05:25:52.398+0000 7f7c4cbfb700 1 --2- 172.21.15.86:0/743951300 >> [v2:172.21.15.86:6800/3194681946,v1:172.21.15.86:6801/3194681946] conn(0x7f7c3403ce40 0x7f7c3403f230 unknown :-1 s=BANNER_CONNECTING pgs=0 cs=0 l=1 rev1=0 crypto rx=0 tx=0 comp rx=0 tx=0)._handle_peer_banner_payload supported=3 required=0
2024-04-16T05:25:53.243 INFO:teuthology.orchestra.run.smithi086.stdout:/usr/bin/ceph: stderr
2024-04-16T05:25:52.398+0000 7f7c4cbfb700 1 --2- 172.21.15.86:0/743951300 >> [v2:172.21.15.86:6800/3194681946,v1:172.21.15.86:6801/3194681946] conn(0x7f7c3403ce40 0x7f7c3403f230 secure :-1 s=READY pgs=2 cs=0 l=1 rev1=1 crypto rx=0x7f7c44003a10 tx=0x7f7c440092b0 comp rx=0 tx=0).ready entity=mgr.14148 client_cookie=0 server_cookie=0 in_seq=0 out_seq=0
2024-04-16T05:25:53.243 INFO:teuthology.orchestra.run.smithi086.stdout:/usr/bin/ceph: stderr
2024-04-16T05:25:52.399+0000 7f7c3e7fc700 1 -- 172.21.15.86:0/743951300 <== mgr.14148 v2:172.21.15.86:6800/3194681946 1 ==== command_reply(tid 0: 0 ) ==== 8+0+7774 (secure 0 0 0) 0x7f7c3802ee50 con 0x7f7c3403ce40
2024-04-16T05:25:53.243 INFO:teuthology.orchestra.run.smithi086.stdout:/usr/bin/ceph: stderr
2024-04-16T05:25:52.405+0000 7f7c4f660700 1 -- 172.21.15.86:0/743951300 --> [v2:172.21.15.86:6800/3194681946,v1:172.21.15.86:6801/3194681946] -- command(tid 1: {"prefix": "mgr_status"}) -- 0x7f7c48103d90 con 0x7f7c3403ce40
2024-04-16T05:25:53.244 INFO:teuthology.orchestra.run.smithi086.stdout:/usr/bin/ceph: stderr
2024-04-16T05:25:52.405+0000 7f7c3e7fc700 1 -- 172.21.15.86:0/743951300 <== mgr.14148 v2:172.21.15.86:6800/3194681946 2 ==== command_reply(tid 1: 0 ) ==== 8+0+52 (secure 0 0 0) 0x7f7c48103d90 con 0x7f7c3403ce40
2024-04-16T05:25:53.244 INFO:teuthology.orchestra.run.smithi086.stdout:/usr/bin/ceph: stderr
2024-04-16T05:25:52.406+0000 7f7c4f660700 1 -- 172.21.15.86:0/743951300 >> [v2:172.21.15.86:6800/3194681946,v1:172.21.15.86:6801/3194681946] conn(0x7f7c3403ce40 msgr2=0x7f7c3403f230 secure :-1 s=STATE_CONNECTION_ESTABLISHED l=1).mark_down
2024-04-16T05:25:53.244 INFO:teuthology.orchestra.run.smithi086.stdout:/usr/bin/ceph: stderr
2024-04-16T05:25:52.406+0000 7f7c4f660700 1 --2- 172.21.15.86:0/743951300 >> [v2:172.21.15.86:6800/3194681946,v1:172.21.15.86:6801/3194681946] conn(0x7f7c3403ce40 0x7f7c3403f230 secure :-1 s=READY pgs=2 cs=0 l=1 rev1=1 crypto rx=0x7f7c44003a10 tx=0x7f7c440092b0 comp rx=0 tx=0).stop
2024-04-16T05:25:53.244 INFO:teuthology.orchestra.run.smithi086.stdout:/usr/bin/ceph: stderr
2024-04-16T05:25:52.406+0000 7f7c4f660700 1 -- 172.21.15.86:0/743951300 >> [v2:172.21.15.86:3300/0,v1:172.21.15.86:6789/0] conn(0x7f7c48109170 msgr2=0x7f7c481089f0 secure :-1 s=STATE_CONNECTION_ESTABLISHED l=1).mark_down
2024-04-16T05:25:53.244 INFO:teuthology.orchestra.run.smithi086.stdout:/usr/bin/ceph: stderr
2024-04-16T05:25:52.406+0000 7f7c4f660700 1 --2- 172.21.15.86:0/743951300 >> [v2:172.21.15.86:3300/0,v1:172.21.15.86:6789/0] conn(0x7f7c48109170 0x7f7c481089f0 secure :-1 s=READY pgs=58 cs=0 l=1 rev1=1 crypto rx=0x7f7c380116a0 tx=0x7f7c38011ba0 comp rx=0 tx=0).stop
2024-04-16T05:25:53.244 INFO:teuthology.orchestra.run.smithi086.stdout:/usr/bin/ceph: stderr
2024-04-16T05:25:52.406+0000 7f7c4f660700 1 -- 172.21.15.86:0/743951300 shutdown_connections
2024-04-16T05:25:53.244 INFO:teuthology.orchestra.run.smithi086.stdout:/usr/bin/ceph: stderr
2024-04-16T05:25:52.406+0000 7f7c4f660700 1 --2- 172.21.15.86:0/743951300 >> [v2:172.21.15.86:3300/0,v1:172.21.15.86:6789/0] conn(0x7f7c48109170 0x7f7c481089f0 unknown :-1 s=CLOSED pgs=58 cs=0 l=1 rev1=1 crypto rx=0 tx=0 comp rx=0 tx=0).stop
2024-04-16T05:25:53.244 INFO:teuthology.orchestra.run.smithi086.stdout:/usr/bin/ceph: stderr
2024-04-16T05:25:52.406+0000 7f7c4f660700 1 --2- 172.21.15.86:0/743951300 >> [v2:172.21.15.86:6800/3194681946,v1:172.21.15.86:6801/3194681946] conn(0x7f7c3403ce40 0x7f7c3403f230 unknown :-1 s=CLOSED pgs=2 cs=0 l=1 rev1=1 crypto rx=0 tx=0 comp rx=0 tx=0).stop
2024-04-16T05:25:53.244 INFO:teuthology.orchestra.run.smithi086.stdout:/usr/bin/ceph: stderr
2024-04-16T05:25:52.406+0000 7f7c4f660700 1 --2- 172.21.15.86:0/743951300 >> [v2:172.21.15.86:6800/1420225001,v1:172.21.15.86:6801/1420225001] conn(0x7f7c340395b0 0x7f7c3403ba70 unknown :-1 s=CLOSED pgs=0 cs=0 l=1 rev1=0 crypto rx=0 tx=0 comp rx=0 tx=0).stop
2024-04-16T05:25:53.244 INFO:teuthology.orchestra.run.smithi086.stdout:/usr/bin/ceph: stderr
2024-04-16T05:25:52.406+0000 7f7c4f660700 1 -- 172.21.15.86:0/743951300 >> 172.21.15.86:0/743951300 conn(0x7f7c48102b80 msgr2=0x7f7c48103680 unknown :-1 s=STATE_NONE l=0).mark_down
2024-04-16T05:25:53.244 INFO:teuthology.orchestra.run.smithi086.stdout:/usr/bin/ceph: stderr
2024-04-16T05:25:52.406+0000 7f7c4f660700 1 -- 172.21.15.86:0/743951300 shutdown_connections
2024-04-16T05:25:53.244 INFO:teuthology.orchestra.run.smithi086.stdout:/usr/bin/ceph: stderr
2024-04-16T05:25:52.406+0000 7f7c4f660700 1 -- 172.21.15.86:0/743951300 wait complete.
2024-04-16T05:25:53.244 INFO:teuthology.orchestra.run.smithi086.stdout:mgr epoch 9 is available
2024-04-16T05:25:53.245 INFO:teuthology.orchestra.run.smithi086.stdout:Generating a dashboard self-signed certificate...
2024-04-16T05:25:53.549 INFO:journalctl@ceph.mon.a.smithi086.stdout:Apr 16 05:25:53 smithi086 ceph-mon[32028]: [16/Apr/2024:05:25:51] ENGINE Bus STARTING
2024-04-16T05:25:53.549 INFO:journalctl@ceph.mon.a.smithi086.stdout:Apr 16 05:25:53 smithi086 ceph-mon[32028]: [16/Apr/2024:05:25:51] ENGINE Serving on https://172.21.15.86:7150
2024-04-16T05:25:53.549 INFO:journalctl@ceph.mon.a.smithi086.stdout:Apr 16 05:25:53 smithi086 ceph-mon[32028]: [16/Apr/2024:05:25:51] ENGINE Serving on http://172.21.15.86:8765
2024-04-16T05:25:53.549 INFO:journalctl@ceph.mon.a.smithi086.stdout:Apr 16 05:25:53 smithi086 ceph-mon[32028]: [16/Apr/2024:05:25:51] ENGINE Bus STARTED
2024-04-16T05:25:53.549 INFO:journalctl@ceph.mon.a.smithi086.stdout:Apr 16 05:25:53 smithi086 ceph-mon[32028]: from='client.14152 -' entity='client.admin' cmd=[{"prefix": "get_command_descriptions"}]: dispatch
2024-04-16T05:25:53.549 INFO:journalctl@ceph.mon.a.smithi086.stdout:Apr 16 05:25:53 smithi086 ceph-mon[32028]: from='client.14152 -' entity='client.admin' cmd=[{"prefix": "mgr_status"}]: dispatch
2024-04-16T05:25:54.635 INFO:journalctl@ceph.mon.a.smithi086.stdout:Apr 16 05:25:54 smithi086 ceph-mon[32028]: mgrmap e12: x(active, since 2s)
2024-04-16T05:25:54.635 INFO:journalctl@ceph.mon.a.smithi086.stdout:Apr 16 05:25:54 smithi086 ceph-mon[32028]: from='mgr.14148 172.21.15.86:0/4009649614' entity='mgr.x'
2024-04-16T05:25:54.635 INFO:journalctl@ceph.mon.a.smithi086.stdout:Apr 16 05:25:54 smithi086 ceph-mon[32028]: from='mgr.14148 172.21.15.86:0/4009649614' entity='mgr.x'
2024-04-16T05:25:54.635 INFO:journalctl@ceph.mon.a.smithi086.stdout:Apr 16 05:25:54 smithi086 ceph-mon[32028]: from='mgr.14148 172.21.15.86:0/4009649614' entity='mgr.x'
2024-04-16T05:25:54.642 INFO:teuthology.orchestra.run.smithi086.stdout:/usr/bin/ceph: stdout Self-signed certificate created
2024-04-16T05:25:54.642 INFO:teuthology.orchestra.run.smithi086.stdout:/usr/bin/ceph: stderr
2024-04-16T05:25:53.653+0000 7fb4ea126700 1 Processor -- start
2024-04-16T05:25:54.642 INFO:teuthology.orchestra.run.smithi086.stdout:/usr/bin/ceph: stderr
2024-04-16T05:25:53.653+0000 7fb4ea126700 1 -- start start
2024-04-16T05:25:54.643 INFO:teuthology.orchestra.run.smithi086.stdout:/usr/bin/ceph: stderr
2024-04-16T05:25:53.653+0000 7fb4ea126700 1 --2- >> [v2:172.21.15.86:3300/0,v1:172.21.15.86:6789/0] conn(0x7fb4e4108730 0x7fb4e4108b50 unknown :-1 s=NONE pgs=0 cs=0 l=0 rev1=0 crypto rx=0 tx=0 comp rx=0 tx=0).connect
2024-04-16T05:25:54.643 INFO:teuthology.orchestra.run.smithi086.stdout:/usr/bin/ceph: stderr
2024-04-16T05:25:53.653+0000 7fb4ea126700 1 -- --> [v2:172.21.15.86:3300/0,v1:172.21.15.86:6789/0] -- mon_getmap magic: 0 -- 0x7fb4e4109120 con 0x7fb4e4108730
2024-04-16T05:25:54.643 INFO:teuthology.orchestra.run.smithi086.stdout:/usr/bin/ceph: stderr
2024-04-16T05:25:53.653+0000 7fb4e37fe700 1 --2- >> [v2:172.21.15.86:3300/0,v1:172.21.15.86:6789/0] conn(0x7fb4e4108730 0x7fb4e4108b50 unknown :-1 s=BANNER_CONNECTING pgs=0 cs=0 l=0 rev1=0 crypto rx=0 tx=0 comp rx=0 tx=0)._handle_peer_banner_payload supported=3 required=0
2024-04-16T05:25:54.643 INFO:teuthology.orchestra.run.smithi086.stdout:/usr/bin/ceph: stderr
2024-04-16T05:25:53.653+0000 7fb4e37fe700 1 --2- >> [v2:172.21.15.86:3300/0,v1:172.21.15.86:6789/0] conn(0x7fb4e4108730 0x7fb4e4108b50 unknown :-1 s=HELLO_CONNECTING pgs=0 cs=0 l=0 rev1=1 crypto rx=0 tx=0 comp rx=0 tx=0).handle_hello peer v2:172.21.15.86:3300/0 says I am v2:172.21.15.86:54158/0 (socket says 172.21.15.86:54158)
2024-04-16T05:25:54.643 INFO:teuthology.orchestra.run.smithi086.stdout:/usr/bin/ceph: stderr
2024-04-16T05:25:53.653+0000 7fb4e37fe700 1 -- 172.21.15.86:0/705596729 learned_addr learned my addr 172.21.15.86:0/705596729 (peer_addr_for_me v2:172.21.15.86:0/0)
2024-04-16T05:25:54.643 INFO:teuthology.orchestra.run.smithi086.stdout:/usr/bin/ceph: stderr
2024-04-16T05:25:53.654+0000 7fb4e37fe700 1 -- 172.21.15.86:0/705596729 --> [v2:172.21.15.86:3300/0,v1:172.21.15.86:6789/0] -- mon_subscribe({config=0+,monmap=0+}) -- 0x7fb4e41098e0 con 0x7fb4e4108730
2024-04-16T05:25:54.643 INFO:teuthology.orchestra.run.smithi086.stdout:/usr/bin/ceph: stderr
2024-04-16T05:25:53.654+0000 7fb4e37fe700 1 --2- 172.21.15.86:0/705596729 >> [v2:172.21.15.86:3300/0,v1:172.21.15.86:6789/0] conn(0x7fb4e4108730 0x7fb4e4108b50 secure :-1 s=READY pgs=66 cs=0 l=1 rev1=1 crypto rx=0x7fb4d40098a0 tx=0x7fb4d4009bb0 comp rx=0 tx=0).ready entity=mon.0 client_cookie=9d745a550dde4a45 server_cookie=0 in_seq=0 out_seq=0
2024-04-16T05:25:54.643 INFO:teuthology.orchestra.run.smithi086.stdout:/usr/bin/ceph: stderr
2024-04-16T05:25:53.654+0000 7fb4e27fc700 1 -- 172.21.15.86:0/705596729 <== mon.0 v2:172.21.15.86:3300/0 1 ==== mon_map magic: 0 ==== 205+0+0 (secure 0 0 0) 0x7fb4d4004160 con 0x7fb4e4108730
2024-04-16T05:25:54.643 INFO:teuthology.orchestra.run.smithi086.stdout:/usr/bin/ceph: stderr
2024-04-16T05:25:53.654+0000 7fb4e27fc700 1 -- 172.21.15.86:0/705596729 <== mon.0 v2:172.21.15.86:3300/0 2 ==== config(27 keys) ==== 1140+0+0 (secure 0 0 0) 0x7fb4d4004300 con 0x7fb4e4108730
2024-04-16T05:25:54.643 INFO:teuthology.orchestra.run.smithi086.stdout:/usr/bin/ceph: stderr
2024-04-16T05:25:53.654+0000 7fb4e27fc700 1 -- 172.21.15.86:0/705596729 <== mon.0 v2:172.21.15.86:3300/0 3 ==== mon_map magic: 0 ==== 205+0+0 (secure 0 0 0) 0x7fb4d4011b20 con 0x7fb4e4108730
2024-04-16T05:25:54.643 INFO:teuthology.orchestra.run.smithi086.stdout:/usr/bin/ceph: stderr
2024-04-16T05:25:53.654+0000 7fb4ea126700 1 -- 172.21.15.86:0/705596729 >> [v2:172.21.15.86:3300/0,v1:172.21.15.86:6789/0] conn(0x7fb4e4108730 msgr2=0x7fb4e4108b50 secure :-1 s=STATE_CONNECTION_ESTABLISHED l=1).mark_down
2024-04-16T05:25:54.643 INFO:teuthology.orchestra.run.smithi086.stdout:/usr/bin/ceph: stderr
2024-04-16T05:25:53.654+0000 7fb4ea126700 1 --2- 172.21.15.86:0/705596729 >> [v2:172.21.15.86:3300/0,v1:172.21.15.86:6789/0] conn(0x7fb4e4108730 0x7fb4e4108b50 secure :-1 s=READY pgs=66 cs=0 l=1 rev1=1 crypto rx=0x7fb4d40098a0 tx=0x7fb4d4009bb0 comp rx=0 tx=0).stop
2024-04-16T05:25:54.644 INFO:teuthology.orchestra.run.smithi086.stdout:/usr/bin/ceph: stderr
2024-04-16T05:25:53.654+0000 7fb4ea126700 1 -- 172.21.15.86:0/705596729 shutdown_connections
2024-04-16T05:25:54.644 INFO:teuthology.orchestra.run.smithi086.stdout:/usr/bin/ceph: stderr
2024-04-16T05:25:53.654+0000 7fb4ea126700 1 --2- 172.21.15.86:0/705596729 >> [v2:172.21.15.86:3300/0,v1:172.21.15.86:6789/0] conn(0x7fb4e4108730 0x7fb4e4108b50 unknown :-1 s=CLOSED pgs=66 cs=0 l=1 rev1=1 crypto rx=0 tx=0 comp rx=0 tx=0).stop
2024-04-16T05:25:54.644 INFO:teuthology.orchestra.run.smithi086.stdout:/usr/bin/ceph: stderr
2024-04-16T05:25:53.654+0000 7fb4ea126700 1 -- 172.21.15.86:0/705596729 >> 172.21.15.86:0/705596729 conn(0x7fb4e4103dd0 msgr2=0x7fb4e41061f0 unknown :-1 s=STATE_NONE l=0).mark_down
2024-04-16T05:25:54.644 INFO:teuthology.orchestra.run.smithi086.stdout:/usr/bin/ceph: stderr
2024-04-16T05:25:53.655+0000 7fb4ea126700 1 -- 172.21.15.86:0/705596729 shutdown_connections
2024-04-16T05:25:54.644 INFO:teuthology.orchestra.run.smithi086.stdout:/usr/bin/ceph: stderr
2024-04-16T05:25:53.655+0000 7fb4ea126700 1 -- 172.21.15.86:0/705596729 wait complete.
2024-04-16T05:25:54.644 INFO:teuthology.orchestra.run.smithi086.stdout:/usr/bin/ceph: stderr
2024-04-16T05:25:53.655+0000 7fb4ea126700 1 Processor -- start
2024-04-16T05:25:54.644 INFO:teuthology.orchestra.run.smithi086.stdout:/usr/bin/ceph: stderr
2024-04-16T05:25:53.655+0000 7fb4ea126700 1 -- start start
2024-04-16T05:25:54.644 INFO:teuthology.orchestra.run.smithi086.stdout:/usr/bin/ceph: stderr
2024-04-16T05:25:53.655+0000 7fb4ea126700 1 --2- >> [v2:172.21.15.86:3300/0,v1:172.21.15.86:6789/0] conn(0x7fb4e4108730 0x7fb4e419c5d0 unknown :-1 s=NONE pgs=0 cs=0 l=1 rev1=0 crypto rx=0 tx=0 comp rx=0 tx=0).connect
2024-04-16T05:25:54.644 INFO:teuthology.orchestra.run.smithi086.stdout:/usr/bin/ceph: stderr
2024-04-16T05:25:53.655+0000 7fb4ea126700 1 -- --> [v2:172.21.15.86:3300/0,v1:172.21.15.86:6789/0] -- mon_getmap magic: 0 -- 0x7fb4e410cc90 con 0x7fb4e4108730
2024-04-16T05:25:54.644 INFO:teuthology.orchestra.run.smithi086.stdout:/usr/bin/ceph: stderr
2024-04-16T05:25:53.656+0000 7fb4e37fe700 1 --2- >> [v2:172.21.15.86:3300/0,v1:172.21.15.86:6789/0] conn(0x7fb4e4108730 0x7fb4e419c5d0 unknown :-1 s=BANNER_CONNECTING pgs=0 cs=0 l=1 rev1=0 crypto rx=0 tx=0 comp rx=0 tx=0)._handle_peer_banner_payload supported=3 required=0
2024-04-16T05:25:54.644 INFO:teuthology.orchestra.run.smithi086.stdout:/usr/bin/ceph: stderr
2024-04-16T05:25:53.656+0000 7fb4e37fe700 1 --2- >> [v2:172.21.15.86:3300/0,v1:172.21.15.86:6789/0] conn(0x7fb4e4108730 0x7fb4e419c5d0 unknown :-1 s=HELLO_CONNECTING pgs=0 cs=0 l=1 rev1=1 crypto rx=0 tx=0 comp rx=0 tx=0).handle_hello peer v2:172.21.15.86:3300/0 says I am v2:172.21.15.86:54174/0 (socket says 172.21.15.86:54174)
2024-04-16T05:25:54.644 INFO:teuthology.orchestra.run.smithi086.stdout:/usr/bin/ceph: stderr
2024-04-16T05:25:53.656+0000 7fb4e37fe700 1 -- 172.21.15.86:0/2528301293 learned_addr learned my addr 172.21.15.86:0/2528301293 (peer_addr_for_me v2:172.21.15.86:0/0)
2024-04-16T05:25:54.644 INFO:teuthology.orchestra.run.smithi086.stdout:/usr/bin/ceph: stderr
2024-04-16T05:25:53.656+0000 7fb4e37fe700 1 -- 172.21.15.86:0/2528301293 --> [v2:172.21.15.86:3300/0,v1:172.21.15.86:6789/0] -- mon_subscribe({config=0+,monmap=0+}) -- 0x7fb4e419cb10 con 0x7fb4e4108730
2024-04-16T05:25:54.644 INFO:teuthology.orchestra.run.smithi086.stdout:/usr/bin/ceph: stderr
2024-04-16T05:25:53.656+0000 7fb4e37fe700 1 --2- 172.21.15.86:0/2528301293 >> [v2:172.21.15.86:3300/0,v1:172.21.15.86:6789/0] conn(0x7fb4e4108730 0x7fb4e419c5d0 secure :-1 s=READY pgs=67 cs=0 l=1 rev1=1 crypto rx=0x7fb4d40117e0 tx=0x7fb4d4011c10 comp rx=0 tx=0).ready entity=mon.0 client_cookie=0 server_cookie=0 in_seq=0 out_seq=0
2024-04-16T05:25:54.645 INFO:teuthology.orchestra.run.smithi086.stdout:/usr/bin/ceph: stderr
2024-04-16T05:25:53.656+0000 7fb4e0ff9700 1 -- 172.21.15.86:0/2528301293 <== mon.0 v2:172.21.15.86:3300/0 1 ==== mon_map magic: 0 ==== 205+0+0 (secure 0 0 0) 0x7fb4d4003bf0 con 0x7fb4e4108730
2024-04-16T05:25:54.645 INFO:teuthology.orchestra.run.smithi086.stdout:/usr/bin/ceph: stderr
2024-04-16T05:25:53.656+0000 7fb4ea126700 1 -- 172.21.15.86:0/2528301293 --> [v2:172.21.15.86:3300/0,v1:172.21.15.86:6789/0] -- mon_subscribe({mgrmap=0+}) -- 0x7fb4e419cda0 con 0x7fb4e4108730
2024-04-16T05:25:54.645 INFO:teuthology.orchestra.run.smithi086.stdout:/usr/bin/ceph: stderr
2024-04-16T05:25:53.656+0000 7fb4e0ff9700 1 -- 172.21.15.86:0/2528301293 <== mon.0 v2:172.21.15.86:3300/0 2 ==== config(27 keys) ==== 1140+0+0 (secure 0 0 0) 0x7fb4d401a910 con 0x7fb4e4108730
2024-04-16T05:25:54.645 INFO:teuthology.orchestra.run.smithi086.stdout:/usr/bin/ceph: stderr
2024-04-16T05:25:53.656+0000 7fb4e0ff9700 1 -- 172.21.15.86:0/2528301293 <== mon.0 v2:172.21.15.86:3300/0 3 ==== mon_map magic: 0 ==== 205+0+0 (secure 0 0 0) 0x7fb4d40249a0 con 0x7fb4e4108730
2024-04-16T05:25:54.645 INFO:teuthology.orchestra.run.smithi086.stdout:/usr/bin/ceph: stderr
2024-04-16T05:25:53.656+0000 7fb4ea126700 1 -- 172.21.15.86:0/2528301293 --> [v2:172.21.15.86:3300/0,v1:172.21.15.86:6789/0] -- mon_subscribe({osdmap=0}) -- 0x7fb4e419d200 con 0x7fb4e4108730
2024-04-16T05:25:54.645 INFO:teuthology.orchestra.run.smithi086.stdout:/usr/bin/ceph: stderr
2024-04-16T05:25:53.657+0000 7fb4e0ff9700 1 -- 172.21.15.86:0/2528301293 <== mon.0 v2:172.21.15.86:3300/0 4 ==== mgrmap(e 12) ==== 46571+0+0 (secure 0 0 0) 0x7fb4d4022020 con 0x7fb4e4108730
2024-04-16T05:25:54.645 INFO:teuthology.orchestra.run.smithi086.stdout:/usr/bin/ceph: stderr
2024-04-16T05:25:53.657+0000 7fb4ea126700 1 -- 172.21.15.86:0/2528301293 --> [v2:172.21.15.86:3300/0,v1:172.21.15.86:6789/0] -- mon_command({"prefix": "get_command_descriptions"} v 0) -- 0x7fb4e4064150 con 0x7fb4e4108730
2024-04-16T05:25:54.645 INFO:teuthology.orchestra.run.smithi086.stdout:/usr/bin/ceph: stderr
2024-04-16T05:25:53.657+0000 7fb4e0ff9700 1 --2- 172.21.15.86:0/2528301293 >> [v2:172.21.15.86:6800/3194681946,v1:172.21.15.86:6801/3194681946] conn(0x7fb4cc0395b0 0x7fb4cc03ba70 unknown :-1 s=NONE pgs=0 cs=0 l=1 rev1=0 crypto rx=0 tx=0 comp rx=0 tx=0).connect
2024-04-16T05:25:54.645 INFO:teuthology.orchestra.run.smithi086.stdout:/usr/bin/ceph: stderr
2024-04-16T05:25:53.657+0000 7fb4e0ff9700 1 -- 172.21.15.86:0/2528301293 <== mon.0 v2:172.21.15.86:3300/0 5 ==== osd_map(3..3 src has 1..3) ==== 1155+0+0 (secure 0 0 0) 0x7fb4d404dcc0 con 0x7fb4e4108730
2024-04-16T05:25:54.645 INFO:teuthology.orchestra.run.smithi086.stdout:/usr/bin/ceph: stderr
2024-04-16T05:25:53.657+0000 7fb4e2ffd700 1 --2- 172.21.15.86:0/2528301293 >> [v2:172.21.15.86:6800/3194681946,v1:172.21.15.86:6801/3194681946] conn(0x7fb4cc0395b0 0x7fb4cc03ba70 unknown :-1 s=BANNER_CONNECTING pgs=0 cs=0 l=1 rev1=0 crypto rx=0 tx=0 comp rx=0 tx=0)._handle_peer_banner_payload supported=3 required=0
2024-04-16T05:25:54.645 INFO:teuthology.orchestra.run.smithi086.stdout:/usr/bin/ceph: stderr
2024-04-16T05:25:53.658+0000 7fb4e2ffd700 1 --2- 172.21.15.86:0/2528301293 >> [v2:172.21.15.86:6800/3194681946,v1:172.21.15.86:6801/3194681946] conn(0x7fb4cc0395b0 0x7fb4cc03ba70 secure :-1 s=READY pgs=7 cs=0 l=1 rev1=1 crypto rx=0x7fb4d8006fd0 tx=0x7fb4d8006e40 comp rx=0 tx=0).ready entity=mgr.14148 client_cookie=0 server_cookie=0 in_seq=0 out_seq=0
2024-04-16T05:25:54.645 INFO:teuthology.orchestra.run.smithi086.stdout:/usr/bin/ceph: stderr
2024-04-16T05:25:53.662+0000 7fb4e0ff9700 1 -- 172.21.15.86:0/2528301293 <== mon.0 v2:172.21.15.86:3300/0 6 ==== mon_command_ack([{"prefix": "get_command_descriptions"}]=0 v0) ==== 72+0+188370 (secure 0 0 0) 0x7fb4d4011e20 con 0x7fb4e4108730
2024-04-16T05:25:54.645 INFO:teuthology.orchestra.run.smithi086.stdout:/usr/bin/ceph: stderr
2024-04-16T05:25:53.887+0000 7fb4ea126700 1 -- 172.21.15.86:0/2528301293 --> [v2:172.21.15.86:6800/3194681946,v1:172.21.15.86:6801/3194681946] -- mgr_command(tid 0: {"prefix": "dashboard create-self-signed-cert", "target": ["mon-mgr", ""]}) -- 0x7fb4e4104f80 con 0x7fb4cc0395b0
2024-04-16T05:25:54.646 INFO:teuthology.orchestra.run.smithi086.stdout:/usr/bin/ceph: stderr
2024-04-16T05:25:53.975+0000 7fb4e0ff9700 1 -- 172.21.15.86:0/2528301293 <== mgr.14148 v2:172.21.15.86:6800/3194681946 1 ==== mgr_command_reply(tid 0: 0 ) ==== 8+0+32 (secure 0 0 0) 0x7fb4e4104f80 con 0x7fb4cc0395b0
2024-04-16T05:25:54.646 INFO:teuthology.orchestra.run.smithi086.stdout:/usr/bin/ceph: stderr
2024-04-16T05:25:53.978+0000 7fb4ea126700 1 -- 172.21.15.86:0/2528301293 >> [v2:172.21.15.86:6800/3194681946,v1:172.21.15.86:6801/3194681946] conn(0x7fb4cc0395b0 msgr2=0x7fb4cc03ba70 secure :-1 s=STATE_CONNECTION_ESTABLISHED l=1).mark_down
2024-04-16T05:25:54.646 INFO:teuthology.orchestra.run.smithi086.stdout:/usr/bin/ceph: stderr
2024-04-16T05:25:53.978+0000 7fb4ea126700 1 --2- 172.21.15.86:0/2528301293 >> [v2:172.21.15.86:6800/3194681946,v1:172.21.15.86:6801/3194681946] conn(0x7fb4cc0395b0 0x7fb4cc03ba70 secure :-1 s=READY pgs=7 cs=0 l=1 rev1=1 crypto rx=0x7fb4d8006fd0 tx=0x7fb4d8006e40 comp rx=0 tx=0).stop
2024-04-16T05:25:54.646 INFO:teuthology.orchestra.run.smithi086.stdout:/usr/bin/ceph: stderr
2024-04-16T05:25:53.978+0000 7fb4ea126700 1 -- 172.21.15.86:0/2528301293 >> [v2:172.21.15.86:3300/0,v1:172.21.15.86:6789/0] conn(0x7fb4e4108730 msgr2=0x7fb4e419c5d0 secure :-1 s=STATE_CONNECTION_ESTABLISHED l=1).mark_down
2024-04-16T05:25:54.646 INFO:teuthology.orchestra.run.smithi086.stdout:/usr/bin/ceph: stderr
2024-04-16T05:25:53.978+0000 7fb4ea126700 1 --2- 172.21.15.86:0/2528301293 >> [v2:172.21.15.86:3300/0,v1:172.21.15.86:6789/0] conn(0x7fb4e4108730 0x7fb4e419c5d0 secure :-1 s=READY pgs=67 cs=0 l=1 rev1=1 crypto rx=0x7fb4d40117e0 tx=0x7fb4d4011c10 comp rx=0 tx=0).stop
2024-04-16T05:25:54.646 INFO:teuthology.orchestra.run.smithi086.stdout:/usr/bin/ceph: stderr
2024-04-16T05:25:53.978+0000 7fb4ea126700 1 -- 172.21.15.86:0/2528301293 shutdown_connections
2024-04-16T05:25:54.646 INFO:teuthology.orchestra.run.smithi086.stdout:/usr/bin/ceph: stderr
2024-04-16T05:25:53.978+0000 7fb4ea126700 1 --2- 172.21.15.86:0/2528301293 >> [v2:172.21.15.86:6800/3194681946,v1:172.21.15.86:6801/3194681946] conn(0x7fb4cc0395b0 0x7fb4cc03ba70 unknown :-1 s=CLOSED pgs=7 cs=0 l=1 rev1=1 crypto rx=0 tx=0 comp rx=0 tx=0).stop
2024-04-16T05:25:54.646 INFO:teuthology.orchestra.run.smithi086.stdout:/usr/bin/ceph: stderr
2024-04-16T05:25:53.978+0000 7fb4ea126700 1 --2- 172.21.15.86:0/2528301293 >> [v2:172.21.15.86:3300/0,v1:172.21.15.86:6789/0] conn(0x7fb4e4108730 0x7fb4e419c5d0 unknown :-1 s=CLOSED pgs=67 cs=0 l=1 rev1=1 crypto rx=0 tx=0 comp rx=0 tx=0).stop
2024-04-16T05:25:54.646 INFO:teuthology.orchestra.run.smithi086.stdout:/usr/bin/ceph: stderr
2024-04-16T05:25:53.978+0000 7fb4ea126700 1 -- 172.21.15.86:0/2528301293 >> 172.21.15.86:0/2528301293 conn(0x7fb4e4103dd0 msgr2=0x7fb4e4104870 unknown :-1 s=STATE_NONE l=0).mark_down
2024-04-16T05:25:54.646 INFO:teuthology.orchestra.run.smithi086.stdout:/usr/bin/ceph: stderr
2024-04-16T05:25:53.978+0000 7fb4ea126700 1 -- 172.21.15.86:0/2528301293 shutdown_connections
2024-04-16T05:25:54.646 INFO:teuthology.orchestra.run.smithi086.stdout:/usr/bin/ceph: stderr
2024-04-16T05:25:53.978+0000 7fb4ea126700 1 -- 172.21.15.86:0/2528301293 wait complete.
2024-04-16T05:25:54.646 INFO:teuthology.orchestra.run.smithi086.stdout:Creating initial admin user...
2024-04-16T05:25:55.717 INFO:journalctl@ceph.mon.a.smithi086.stdout:Apr 16 05:25:55 smithi086 ceph-mon[32028]: from='client.14160 -' entity='client.admin' cmd=[{"prefix": "dashboard create-self-signed-cert", "target": ["mon-mgr", ""]}]: dispatch
2024-04-16T05:25:55.717 INFO:journalctl@ceph.mon.a.smithi086.stdout:Apr 16 05:25:55 smithi086 ceph-mon[32028]: from='mgr.14148 172.21.15.86:0/4009649614' entity='mgr.x'
2024-04-16T05:25:56.202 INFO:teuthology.orchestra.run.smithi086.stdout:/usr/bin/ceph: stdout {"username": "admin", "password": "$2b$12$7C8KGjPOvA29jQ4Qxm.LKevJMoFkLaP/1uf5Ye1kFkcxpV5GDAq0i", "roles": ["administrator"], "name": null, "email": null, "lastUpdate": 1713245155, "enabled": true, "pwdExpirationDate": null, "pwdUpdateRequired": true}
2024-04-16T05:25:56.202 INFO:teuthology.orchestra.run.smithi086.stdout:/usr/bin/ceph: stderr
2024-04-16T05:25:55.113+0000 7f1cc7a08700 1 Processor -- start
2024-04-16T05:25:56.202 INFO:teuthology.orchestra.run.smithi086.stdout:/usr/bin/ceph: stderr
2024-04-16T05:25:55.113+0000 7f1cc7a08700 1 -- start start
2024-04-16T05:25:56.202 INFO:teuthology.orchestra.run.smithi086.stdout:/usr/bin/ceph: stderr
2024-04-16T05:25:55.113+0000 7f1cc7a08700 1 --2- >> [v2:172.21.15.86:3300/0,v1:172.21.15.86:6789/0] conn(0x7f1cc007de20 0x7f1cc007c320 unknown :-1 s=NONE pgs=0 cs=0 l=0 rev1=0 crypto rx=0 tx=0 comp rx=0 tx=0).connect
2024-04-16T05:25:56.202 INFO:teuthology.orchestra.run.smithi086.stdout:/usr/bin/ceph: stderr
2024-04-16T05:25:55.113+0000 7f1cc7a08700 1 -- --> [v2:172.21.15.86:3300/0,v1:172.21.15.86:6789/0] -- mon_getmap magic: 0 -- 0x7f1cc007c860 con 0x7f1cc007de20
2024-04-16T05:25:56.202 INFO:teuthology.orchestra.run.smithi086.stdout:/usr/bin/ceph: stderr
2024-04-16T05:25:55.113+0000 7f1cc57a4700 1 --2- >> [v2:172.21.15.86:3300/0,v1:172.21.15.86:6789/0] conn(0x7f1cc007de20 0x7f1cc007c320 unknown :-1 s=BANNER_CONNECTING pgs=0 cs=0 l=0 rev1=0 crypto rx=0 tx=0 comp rx=0 tx=0)._handle_peer_banner_payload supported=3 required=0
2024-04-16T05:25:56.202 INFO:teuthology.orchestra.run.smithi086.stdout:/usr/bin/ceph: stderr
2024-04-16T05:25:55.113+0000 7f1cc57a4700 1 --2- >> [v2:172.21.15.86:3300/0,v1:172.21.15.86:6789/0] conn(0x7f1cc007de20 0x7f1cc007c320 unknown :-1 s=HELLO_CONNECTING pgs=0 cs=0 l=0 rev1=1 crypto rx=0 tx=0 comp rx=0 tx=0).handle_hello peer v2:172.21.15.86:3300/0 says I am v2:172.21.15.86:54180/0 (socket says 172.21.15.86:54180)
2024-04-16T05:25:56.202 INFO:teuthology.orchestra.run.smithi086.stdout:/usr/bin/ceph: stderr
2024-04-16T05:25:55.113+0000 7f1cc57a4700 1 -- 172.21.15.86:0/4152776271 learned_addr learned my addr 172.21.15.86:0/4152776271 (peer_addr_for_me v2:172.21.15.86:0/0)
2024-04-16T05:25:56.202 INFO:teuthology.orchestra.run.smithi086.stdout:/usr/bin/ceph: stderr
2024-04-16T05:25:55.114+0000 7f1cc57a4700 1 -- 172.21.15.86:0/4152776271 --> [v2:172.21.15.86:3300/0,v1:172.21.15.86:6789/0] -- mon_subscribe({config=0+,monmap=0+}) -- 0x7f1cc007c9e0 con 0x7f1cc007de20
2024-04-16T05:25:56.202 INFO:teuthology.orchestra.run.smithi086.stdout:/usr/bin/ceph: stderr
2024-04-16T05:25:55.114+0000 7f1cc57a4700 1 --2- 172.21.15.86:0/4152776271 >> [v2:172.21.15.86:3300/0,v1:172.21.15.86:6789/0] conn(0x7f1cc007de20 0x7f1cc007c320 secure :-1 s=READY pgs=68 cs=0 l=1 rev1=1 crypto rx=0x7f1cbc0098a0 tx=0x7f1cbc009bb0 comp rx=0 tx=0).ready entity=mon.0 client_cookie=2bdf6fb204bf0fc1 server_cookie=0 in_seq=0 out_seq=0
2024-04-16T05:25:56.202 INFO:teuthology.orchestra.run.smithi086.stdout:/usr/bin/ceph: stderr
2024-04-16T05:25:55.114+0000 7f1cb7fff700 1 -- 172.21.15.86:0/4152776271 <== mon.0 v2:172.21.15.86:3300/0 1 ==== mon_map magic: 0 ==== 205+0+0 (secure 0 0 0) 0x7f1cbc004160 con 0x7f1cc007de20
2024-04-16T05:25:56.202 INFO:teuthology.orchestra.run.smithi086.stdout:/usr/bin/ceph: stderr
2024-04-16T05:25:55.114+0000 7f1cb7fff700 1 -- 172.21.15.86:0/4152776271 <== mon.0 v2:172.21.15.86:3300/0 2 ==== config(27 keys) ==== 1140+0+0 (secure 0 0 0) 0x7f1cbc004300 con 0x7f1cc007de20
2024-04-16T05:25:56.203 INFO:teuthology.orchestra.run.smithi086.stdout:/usr/bin/ceph: stderr
2024-04-16T05:25:55.114+0000 7f1cb7fff700 1 -- 172.21.15.86:0/4152776271 <== mon.0 v2:172.21.15.86:3300/0 3 ==== mon_map magic: 0 ==== 205+0+0 (secure 0 0 0) 0x7f1cbc011b20 con 0x7f1cc007de20
2024-04-16T05:25:56.203 INFO:teuthology.orchestra.run.smithi086.stdout:/usr/bin/ceph: stderr
2024-04-16T05:25:55.115+0000 7f1cc7a08700 1 -- 172.21.15.86:0/4152776271 >> [v2:172.21.15.86:3300/0,v1:172.21.15.86:6789/0] conn(0x7f1cc007de20 msgr2=0x7f1cc007c320 secure :-1 s=STATE_CONNECTION_ESTABLISHED l=1).mark_down
2024-04-16T05:25:56.203 INFO:teuthology.orchestra.run.smithi086.stdout:/usr/bin/ceph: stderr
2024-04-16T05:25:55.115+0000 7f1cc7a08700 1 --2- 172.21.15.86:0/4152776271 >> [v2:172.21.15.86:3300/0,v1:172.21.15.86:6789/0] conn(0x7f1cc007de20 0x7f1cc007c320 secure :-1 s=READY pgs=68 cs=0 l=1 rev1=1 crypto rx=0x7f1cbc0098a0 tx=0x7f1cbc009bb0 comp rx=0 tx=0).stop
2024-04-16T05:25:56.203 INFO:teuthology.orchestra.run.smithi086.stdout:/usr/bin/ceph: stderr
2024-04-16T05:25:55.115+0000 7f1cc7a08700 1 -- 172.21.15.86:0/4152776271 shutdown_connections
2024-04-16T05:25:56.203 INFO:teuthology.orchestra.run.smithi086.stdout:/usr/bin/ceph: stderr
2024-04-16T05:25:55.115+0000 7f1cc7a08700 1 --2- 172.21.15.86:0/4152776271 >> [v2:172.21.15.86:3300/0,v1:172.21.15.86:6789/0] conn(0x7f1cc007de20 0x7f1cc007c320 unknown :-1 s=CLOSED pgs=68 cs=0 l=1 rev1=1 crypto rx=0 tx=0 comp rx=0 tx=0).stop
2024-04-16T05:25:56.203 INFO:teuthology.orchestra.run.smithi086.stdout:/usr/bin/ceph: stderr
2024-04-16T05:25:55.115+0000 7f1cc7a08700 1 -- 172.21.15.86:0/4152776271 >> 172.21.15.86:0/4152776271 conn(0x7f1cc0103d40 msgr2=0x7f1cc0106160 unknown :-1 s=STATE_NONE l=0).mark_down
2024-04-16T05:25:56.203 INFO:teuthology.orchestra.run.smithi086.stdout:/usr/bin/ceph: stderr
2024-04-16T05:25:55.115+0000 7f1cc7a08700 1 -- 172.21.15.86:0/4152776271 shutdown_connections
2024-04-16T05:25:56.203 INFO:teuthology.orchestra.run.smithi086.stdout:/usr/bin/ceph: stderr
2024-04-16T05:25:55.115+0000 7f1cc7a08700 1 -- 172.21.15.86:0/4152776271 wait complete.
2024-04-16T05:25:56.203 INFO:teuthology.orchestra.run.smithi086.stdout:/usr/bin/ceph: stderr
2024-04-16T05:25:55.115+0000 7f1cc7a08700 1 Processor -- start
2024-04-16T05:25:56.203 INFO:teuthology.orchestra.run.smithi086.stdout:/usr/bin/ceph: stderr
2024-04-16T05:25:55.115+0000 7f1cc7a08700 1 -- start start
2024-04-16T05:25:56.203 INFO:teuthology.orchestra.run.smithi086.stdout:/usr/bin/ceph: stderr
2024-04-16T05:25:55.116+0000 7f1cc7a08700 1 --2- >> [v2:172.21.15.86:3300/0,v1:172.21.15.86:6789/0] conn(0x7f1cc007de20 0x7f1cc019e7c0 unknown :-1 s=NONE pgs=0 cs=0 l=1 rev1=0 crypto rx=0 tx=0 comp rx=0 tx=0).connect
2024-04-16T05:25:56.203 INFO:teuthology.orchestra.run.smithi086.stdout:/usr/bin/ceph: stderr
2024-04-16T05:25:55.116+0000 7f1cc7a08700 1 -- --> [v2:172.21.15.86:3300/0,v1:172.21.15.86:6789/0] -- mon_getmap magic: 0 -- 0x7f1cc010ec80 con 0x7f1cc007de20
2024-04-16T05:25:56.203 INFO:teuthology.orchestra.run.smithi086.stdout:/usr/bin/ceph: stderr
2024-04-16T05:25:55.116+0000 7f1cc57a4700 1 --2- >> [v2:172.21.15.86:3300/0,v1:172.21.15.86:6789/0] conn(0x7f1cc007de20 0x7f1cc019e7c0 unknown :-1 s=BANNER_CONNECTING pgs=0 cs=0 l=1 rev1=0 crypto rx=0 tx=0 comp rx=0 tx=0)._handle_peer_banner_payload supported=3 required=0
2024-04-16T05:25:56.203 INFO:teuthology.orchestra.run.smithi086.stdout:/usr/bin/ceph: stderr
2024-04-16T05:25:55.116+0000 7f1cc57a4700 1 --2- >> [v2:172.21.15.86:3300/0,v1:172.21.15.86:6789/0] conn(0x7f1cc007de20 0x7f1cc019e7c0 unknown :-1 s=HELLO_CONNECTING pgs=0 cs=0 l=1 rev1=1 crypto rx=0 tx=0 comp rx=0 tx=0).handle_hello peer v2:172.21.15.86:3300/0 says I am v2:172.21.15.86:54194/0 (socket says 172.21.15.86:54194)
2024-04-16T05:25:56.204 INFO:teuthology.orchestra.run.smithi086.stdout:/usr/bin/ceph: stderr
2024-04-16T05:25:55.116+0000 7f1cc57a4700 1 -- 172.21.15.86:0/1918085314 learned_addr learned my addr 172.21.15.86:0/1918085314 (peer_addr_for_me v2:172.21.15.86:0/0)
2024-04-16T05:25:56.204 INFO:teuthology.orchestra.run.smithi086.stdout:/usr/bin/ceph: stderr
2024-04-16T05:25:55.116+0000 7f1cc57a4700 1 -- 172.21.15.86:0/1918085314 --> [v2:172.21.15.86:3300/0,v1:172.21.15.86:6789/0] -- mon_subscribe({config=0+,monmap=0+}) -- 0x7f1cc019ed00 con 0x7f1cc007de20
2024-04-16T05:25:56.204 INFO:teuthology.orchestra.run.smithi086.stdout:/usr/bin/ceph: stderr
2024-04-16T05:25:55.116+0000 7f1cc57a4700 1 --2- 172.21.15.86:0/1918085314 >> [v2:172.21.15.86:3300/0,v1:172.21.15.86:6789/0] conn(0x7f1cc007de20 0x7f1cc019e7c0 secure :-1 s=READY pgs=69 cs=0 l=1 rev1=1 crypto rx=0x7f1cbc0117e0 tx=0x7f1cbc011c10 comp rx=0 tx=0).ready entity=mon.0 client_cookie=0 server_cookie=0 in_seq=0 out_seq=0
2024-04-16T05:25:56.204 INFO:teuthology.orchestra.run.smithi086.stdout:/usr/bin/ceph: stderr
2024-04-16T05:25:55.116+0000 7f1cb67fc700 1 -- 172.21.15.86:0/1918085314 <== mon.0 v2:172.21.15.86:3300/0 1 ==== mon_map magic: 0 ==== 205+0+0 (secure 0 0 0) 0x7f1cbc003bf0 con 0x7f1cc007de20
2024-04-16T05:25:56.204 INFO:teuthology.orchestra.run.smithi086.stdout:/usr/bin/ceph: stderr
2024-04-16T05:25:55.116+0000 7f1cb67fc700 1 -- 172.21.15.86:0/1918085314 <== mon.0 v2:172.21.15.86:3300/0 2 ==== config(27 keys) ==== 1140+0+0 (secure 0 0 0) 0x7f1cbc01a910 con 0x7f1cc007de20
2024-04-16T05:25:56.204 INFO:teuthology.orchestra.run.smithi086.stdout:/usr/bin/ceph: stderr
2024-04-16T05:25:55.116+0000 7f1cc7a08700 1 -- 172.21.15.86:0/1918085314 --> [v2:172.21.15.86:3300/0,v1:172.21.15.86:6789/0] -- mon_subscribe({mgrmap=0+}) -- 0x7f1cc019ef90 con 0x7f1cc007de20
2024-04-16T05:25:56.204 INFO:teuthology.orchestra.run.smithi086.stdout:/usr/bin/ceph: stderr
2024-04-16T05:25:55.116+0000 7f1cb67fc700 1 -- 172.21.15.86:0/1918085314 <== mon.0 v2:172.21.15.86:3300/0 3 ==== mon_map magic: 0 ==== 205+0+0 (secure 0 0 0) 0x7f1cbc024970 con 0x7f1cc007de20
2024-04-16T05:25:56.204 INFO:teuthology.orchestra.run.smithi086.stdout:/usr/bin/ceph: stderr
2024-04-16T05:25:55.116+0000 7f1cc7a08700 1 -- 172.21.15.86:0/1918085314 --> [v2:172.21.15.86:3300/0,v1:172.21.15.86:6789/0] -- mon_subscribe({osdmap=0}) -- 0x7f1cc019f3f0 con 0x7f1cc007de20
2024-04-16T05:25:56.204 INFO:teuthology.orchestra.run.smithi086.stdout:/usr/bin/ceph: stderr
2024-04-16T05:25:55.117+0000 7f1cc7a08700 1 -- 172.21.15.86:0/1918085314 --> [v2:172.21.15.86:3300/0,v1:172.21.15.86:6789/0] -- mon_command({"prefix": "get_command_descriptions"} v 0) -- 0x7f1cc0064150 con 0x7f1cc007de20
2024-04-16T05:25:56.204 INFO:teuthology.orchestra.run.smithi086.stdout:/usr/bin/ceph: stderr
2024-04-16T05:25:55.118+0000 7f1cb67fc700 1 -- 172.21.15.86:0/1918085314 <== mon.0 v2:172.21.15.86:3300/0 4 ==== mgrmap(e 12) ==== 46571+0+0 (secure 0 0 0) 0x7f1cbc022020 con 0x7f1cc007de20
2024-04-16T05:25:56.204 INFO:teuthology.orchestra.run.smithi086.stdout:/usr/bin/ceph: stderr
2024-04-16T05:25:55.118+0000 7f1cb67fc700 1 --2- 172.21.15.86:0/1918085314 >> [v2:172.21.15.86:6800/3194681946,v1:172.21.15.86:6801/3194681946] conn(0x7f1cac039610 0x7f1cac03bad0 unknown :-1 s=NONE pgs=0 cs=0 l=1 rev1=0 crypto rx=0 tx=0 comp rx=0 tx=0).connect
2024-04-16T05:25:56.204 INFO:teuthology.orchestra.run.smithi086.stdout:/usr/bin/ceph: stderr
2024-04-16T05:25:55.118+0000 7f1cb67fc700 1 -- 172.21.15.86:0/1918085314 <== mon.0 v2:172.21.15.86:3300/0 5 ==== osd_map(3..3 src has 1..3) ==== 1155+0+0 (secure 0 0 0) 0x7f1cbc04db30 con 0x7f1cc007de20
2024-04-16T05:25:56.204 INFO:teuthology.orchestra.run.smithi086.stdout:/usr/bin/ceph: stderr
2024-04-16T05:25:55.118+0000 7f1cc4fa3700 1 --2- 172.21.15.86:0/1918085314 >> [v2:172.21.15.86:6800/3194681946,v1:172.21.15.86:6801/3194681946] conn(0x7f1cac039610 0x7f1cac03bad0 unknown :-1 s=BANNER_CONNECTING pgs=0 cs=0 l=1 rev1=0 crypto rx=0 tx=0 comp rx=0 tx=0)._handle_peer_banner_payload supported=3 required=0
2024-04-16T05:25:56.204 INFO:teuthology.orchestra.run.smithi086.stdout:/usr/bin/ceph: stderr
2024-04-16T05:25:55.118+0000 7f1cc4fa3700 1 --2- 172.21.15.86:0/1918085314 >> [v2:172.21.15.86:6800/3194681946,v1:172.21.15.86:6801/3194681946] conn(0x7f1cac039610 0x7f1cac03bad0 secure :-1 s=READY pgs=8 cs=0 l=1 rev1=1 crypto rx=0x7f1cb0006fd0 tx=0x7f1cb0006e40 comp rx=0 tx=0).ready entity=mgr.14148 client_cookie=0 server_cookie=0 in_seq=0 out_seq=0
2024-04-16T05:25:56.205 INFO:teuthology.orchestra.run.smithi086.stdout:/usr/bin/ceph: stderr
2024-04-16T05:25:55.123+0000 7f1cb67fc700 1 -- 172.21.15.86:0/1918085314 <== mon.0 v2:172.21.15.86:3300/0 6 ==== mon_command_ack([{"prefix": "get_command_descriptions"}]=0 v0) ==== 72+0+188370 (secure 0 0 0) 0x7f1cbc011e20 con 0x7f1cc007de20
2024-04-16T05:25:56.205 INFO:teuthology.orchestra.run.smithi086.stdout:/usr/bin/ceph: stderr
2024-04-16T05:25:55.346+0000 7f1cc7a08700 1 -- 172.21.15.86:0/1918085314 --> [v2:172.21.15.86:6800/3194681946,v1:172.21.15.86:6801/3194681946] -- mgr_command(tid 0: {"prefix": "dashboard ac-user-create", "username": "admin", "rolename": "administrator", "force_password": true, "pwd_update_required": true, "target": ["mon-mgr", ""]}) -- 0x7f1cc01a1da0 con 0x7f1cac039610
2024-04-16T05:25:56.205 INFO:teuthology.orchestra.run.smithi086.stdout:/usr/bin/ceph: stderr
2024-04-16T05:25:55.572+0000 7f1cb67fc700 1 -- 172.21.15.86:0/1918085314 <== mgr.14148 v2:172.21.15.86:6800/3194681946 1 ==== mgr_command_reply(tid 0: 0 ) ==== 8+0+252 (secure 0 0 0) 0x7f1cc01a1da0 con 0x7f1cac039610
2024-04-16T05:25:56.205 INFO:teuthology.orchestra.run.smithi086.stdout:/usr/bin/ceph: stderr
2024-04-16T05:25:55.574+0000 7f1cc7a08700 1 -- 172.21.15.86:0/1918085314 >> [v2:172.21.15.86:6800/3194681946,v1:172.21.15.86:6801/3194681946] conn(0x7f1cac039610 msgr2=0x7f1cac03bad0 secure :-1 s=STATE_CONNECTION_ESTABLISHED l=1).mark_down
2024-04-16T05:25:56.205 INFO:teuthology.orchestra.run.smithi086.stdout:/usr/bin/ceph: stderr
2024-04-16T05:25:55.574+0000 7f1cc7a08700 1 --2- 172.21.15.86:0/1918085314 >> [v2:172.21.15.86:6800/3194681946,v1:172.21.15.86:6801/3194681946] conn(0x7f1cac039610 0x7f1cac03bad0 secure :-1 s=READY pgs=8 cs=0 l=1 rev1=1 crypto rx=0x7f1cb0006fd0 tx=0x7f1cb0006e40 comp rx=0 tx=0).stop
2024-04-16T05:25:56.205 INFO:teuthology.orchestra.run.smithi086.stdout:/usr/bin/ceph: stderr
2024-04-16T05:25:55.574+0000 7f1cc7a08700 1 -- 172.21.15.86:0/1918085314 >> [v2:172.21.15.86:3300/0,v1:172.21.15.86:6789/0] conn(0x7f1cc007de20 msgr2=0x7f1cc019e7c0 secure :-1 s=STATE_CONNECTION_ESTABLISHED l=1).mark_down
2024-04-16T05:25:56.205 INFO:teuthology.orchestra.run.smithi086.stdout:/usr/bin/ceph: stderr
2024-04-16T05:25:55.574+0000 7f1cc7a08700 1 --2- 172.21.15.86:0/1918085314 >> [v2:172.21.15.86:3300/0,v1:172.21.15.86:6789/0] conn(0x7f1cc007de20 0x7f1cc019e7c0 secure :-1 s=READY pgs=69 cs=0 l=1 rev1=1 crypto rx=0x7f1cbc0117e0 tx=0x7f1cbc011c10 comp rx=0 tx=0).stop
2024-04-16T05:25:56.205 INFO:teuthology.orchestra.run.smithi086.stdout:/usr/bin/ceph: stderr
2024-04-16T05:25:55.574+0000 7f1cc7a08700 1 -- 172.21.15.86:0/1918085314 shutdown_connections
2024-04-16T05:25:56.205 INFO:teuthology.orchestra.run.smithi086.stdout:/usr/bin/ceph: stderr
2024-04-16T05:25:55.574+0000 7f1cc7a08700 1 --2- 172.21.15.86:0/1918085314 >> [v2:172.21.15.86:6800/3194681946,v1:172.21.15.86:6801/3194681946] conn(0x7f1cac039610 0x7f1cac03bad0 unknown :-1 s=CLOSED pgs=8 cs=0 l=1 rev1=1 crypto rx=0 tx=0 comp rx=0 tx=0).stop
2024-04-16T05:25:56.205 INFO:teuthology.orchestra.run.smithi086.stdout:/usr/bin/ceph: stderr
2024-04-16T05:25:55.574+0000 7f1cc7a08700 1 --2- 172.21.15.86:0/1918085314 >> [v2:172.21.15.86:3300/0,v1:172.21.15.86:6789/0] conn(0x7f1cc007de20 0x7f1cc019e7c0 unknown :-1 s=CLOSED pgs=69 cs=0 l=1 rev1=1 crypto rx=0 tx=0 comp rx=0 tx=0).stop
2024-04-16T05:25:56.205 INFO:teuthology.orchestra.run.smithi086.stdout:/usr/bin/ceph: stderr
2024-04-16T05:25:55.574+0000 7f1cc7a08700 1 -- 172.21.15.86:0/1918085314 >> 172.21.15.86:0/1918085314 conn(0x7f1cc0103d40 msgr2=0x7f1cc0104830 unknown :-1 s=STATE_NONE l=0).mark_down
2024-04-16T05:25:56.205 INFO:teuthology.orchestra.run.smithi086.stdout:/usr/bin/ceph: stderr
2024-04-16T05:25:55.575+0000 7f1cc7a08700 1 -- 172.21.15.86:0/1918085314 shutdown_connections
2024-04-16T05:25:56.205 INFO:teuthology.orchestra.run.smithi086.stdout:/usr/bin/ceph: stderr
2024-04-16T05:25:55.575+0000 7f1cc7a08700 1 -- 172.21.15.86:0/1918085314 wait complete.
2024-04-16T05:25:56.205 INFO:teuthology.orchestra.run.smithi086.stdout:Fetching dashboard port number...
2024-04-16T05:25:56.717 INFO:journalctl@ceph.mon.a.smithi086.stdout:Apr 16 05:25:56 smithi086 ceph-mon[32028]: from='client.14162 -' entity='client.admin' cmd=[{"prefix": "dashboard ac-user-create", "username": "admin", "rolename": "administrator", "force_password": true, "pwd_update_required": true, "target": ["mon-mgr", ""]}]: dispatch
2024-04-16T05:25:56.717 INFO:journalctl@ceph.mon.a.smithi086.stdout:Apr 16 05:25:56 smithi086 ceph-mon[32028]: from='mgr.14148 172.21.15.86:0/4009649614' entity='mgr.x'
2024-04-16T05:25:58.221 INFO:teuthology.orchestra.run.smithi086.stdout:/usr/bin/ceph: stdout 8443
2024-04-16T05:25:58.221 INFO:teuthology.orchestra.run.smithi086.stdout:/usr/bin/ceph: stderr
2024-04-16T05:25:57.423+0000 7fa3b7eb7700 1 Processor -- start
2024-04-16T05:25:58.221 INFO:teuthology.orchestra.run.smithi086.stdout:/usr/bin/ceph: stderr
2024-04-16T05:25:57.423+0000 7fa3b7eb7700 1 -- start start
2024-04-16T05:25:58.221 INFO:teuthology.orchestra.run.smithi086.stdout:/usr/bin/ceph: stderr
2024-04-16T05:25:57.423+0000 7fa3b7eb7700 1 --2- >> [v2:172.21.15.86:3300/0,v1:172.21.15.86:6789/0] conn(0x7fa3b007de90 0x7fa3b007c340 unknown :-1 s=NONE pgs=0 cs=0 l=0 rev1=0 crypto rx=0 tx=0 comp rx=0 tx=0).connect
2024-04-16T05:25:58.221 INFO:teuthology.orchestra.run.smithi086.stdout:/usr/bin/ceph: stderr
2024-04-16T05:25:57.423+0000 7fa3b7eb7700 1 -- --> [v2:172.21.15.86:3300/0,v1:172.21.15.86:6789/0] -- mon_getmap magic: 0 -- 0x7fa3b007c910 con 0x7fa3b007de90
2024-04-16T05:25:58.221 INFO:teuthology.orchestra.run.smithi086.stdout:/usr/bin/ceph: stderr
2024-04-16T05:25:57.424+0000 7fa3b5c53700 1 --2- >> [v2:172.21.15.86:3300/0,v1:172.21.15.86:6789/0] conn(0x7fa3b007de90 0x7fa3b007c340 unknown :-1 s=BANNER_CONNECTING pgs=0 cs=0 l=0 rev1=0 crypto rx=0 tx=0 comp rx=0 tx=0)._handle_peer_banner_payload supported=3 required=0
2024-04-16T05:25:58.222 INFO:teuthology.orchestra.run.smithi086.stdout:/usr/bin/ceph: stderr
2024-04-16T05:25:57.424+0000 7fa3b5c53700 1 --2- >> [v2:172.21.15.86:3300/0,v1:172.21.15.86:6789/0] conn(0x7fa3b007de90 0x7fa3b007c340 unknown :-1 s=HELLO_CONNECTING pgs=0 cs=0 l=0 rev1=1 crypto rx=0 tx=0 comp rx=0 tx=0).handle_hello peer v2:172.21.15.86:3300/0 says I am v2:172.21.15.86:54208/0 (socket says 172.21.15.86:54208)
2024-04-16T05:25:58.222 INFO:teuthology.orchestra.run.smithi086.stdout:/usr/bin/ceph: stderr
2024-04-16T05:25:57.424+0000 7fa3b5c53700 1 -- 172.21.15.86:0/2213413693 learned_addr learned my addr 172.21.15.86:0/2213413693 (peer_addr_for_me v2:172.21.15.86:0/0)
2024-04-16T05:25:58.222 INFO:teuthology.orchestra.run.smithi086.stdout:/usr/bin/ceph: stderr
2024-04-16T05:25:57.424+0000 7fa3b5c53700 1 -- 172.21.15.86:0/2213413693 --> [v2:172.21.15.86:3300/0,v1:172.21.15.86:6789/0] -- mon_subscribe({config=0+,monmap=0+}) -- 0x7fa3b007ca90 con 0x7fa3b007de90
2024-04-16T05:25:58.222 INFO:teuthology.orchestra.run.smithi086.stdout:/usr/bin/ceph: stderr
2024-04-16T05:25:57.424+0000 7fa3b5c53700 1 --2- 172.21.15.86:0/2213413693 >> [v2:172.21.15.86:3300/0,v1:172.21.15.86:6789/0] conn(0x7fa3b007de90 0x7fa3b007c340 secure :-1 s=READY pgs=70 cs=0 l=1 rev1=1 crypto rx=0x7fa3ac0098a0 tx=0x7fa3ac009bb0 comp rx=0 tx=0).ready entity=mon.0 client_cookie=d6c98fe93aeb82ce server_cookie=0 in_seq=0 out_seq=0
2024-04-16T05:25:58.222 INFO:teuthology.orchestra.run.smithi086.stdout:/usr/bin/ceph: stderr
2024-04-16T05:25:57.424+0000 7fa3b4c51700 1 -- 172.21.15.86:0/2213413693 <== mon.0 v2:172.21.15.86:3300/0 1 ==== mon_map magic: 0 ==== 205+0+0 (secure 0 0 0) 0x7fa3ac004160 con 0x7fa3b007de90
2024-04-16T05:25:58.222 INFO:teuthology.orchestra.run.smithi086.stdout:/usr/bin/ceph: stderr
2024-04-16T05:25:57.424+0000 7fa3b4c51700 1 -- 172.21.15.86:0/2213413693 <== mon.0 v2:172.21.15.86:3300/0 2 ==== config(27 keys) ==== 1140+0+0 (secure 0 0 0) 0x7fa3ac004300 con 0x7fa3b007de90
2024-04-16T05:25:58.222 INFO:teuthology.orchestra.run.smithi086.stdout:/usr/bin/ceph: stderr
2024-04-16T05:25:57.424+0000 7fa3b4c51700 1 -- 172.21.15.86:0/2213413693 <== mon.0 v2:172.21.15.86:3300/0 3 ==== mon_map magic: 0 ==== 205+0+0 (secure 0 0 0) 0x7fa3ac011b20 con 0x7fa3b007de90
2024-04-16T05:25:58.222 INFO:teuthology.orchestra.run.smithi086.stdout:/usr/bin/ceph: stderr
2024-04-16T05:25:57.425+0000 7fa3b7eb7700 1 -- 172.21.15.86:0/2213413693 >> [v2:172.21.15.86:3300/0,v1:172.21.15.86:6789/0] conn(0x7fa3b007de90 msgr2=0x7fa3b007c340 secure :-1 s=STATE_CONNECTION_ESTABLISHED l=1).mark_down
2024-04-16T05:25:58.222 INFO:teuthology.orchestra.run.smithi086.stdout:/usr/bin/ceph: stderr
2024-04-16T05:25:57.425+0000 7fa3b7eb7700 1 --2- 172.21.15.86:0/2213413693 >> [v2:172.21.15.86:3300/0,v1:172.21.15.86:6789/0] conn(0x7fa3b007de90 0x7fa3b007c340 secure :-1 s=READY pgs=70 cs=0 l=1 rev1=1 crypto rx=0x7fa3ac0098a0 tx=0x7fa3ac009bb0 comp rx=0 tx=0).stop
2024-04-16T05:25:58.222 INFO:teuthology.orchestra.run.smithi086.stdout:/usr/bin/ceph: stderr
2024-04-16T05:25:57.425+0000 7fa3b7eb7700 1 -- 172.21.15.86:0/2213413693 shutdown_connections
2024-04-16T05:25:58.222 INFO:teuthology.orchestra.run.smithi086.stdout:/usr/bin/ceph: stderr
2024-04-16T05:25:57.425+0000 7fa3b7eb7700 1 --2- 172.21.15.86:0/2213413693 >> [v2:172.21.15.86:3300/0,v1:172.21.15.86:6789/0] conn(0x7fa3b007de90 0x7fa3b007c340 unknown :-1 s=CLOSED pgs=70 cs=0 l=1 rev1=1 crypto rx=0 tx=0 comp rx=0 tx=0).stop
2024-04-16T05:25:58.222 INFO:teuthology.orchestra.run.smithi086.stdout:/usr/bin/ceph: stderr
2024-04-16T05:25:57.425+0000 7fa3b7eb7700 1 -- 172.21.15.86:0/2213413693 >> 172.21.15.86:0/2213413693 conn(0x7fa3b0103dd0 msgr2=0x7fa3b01061f0 unknown :-1 s=STATE_NONE l=0).mark_down
2024-04-16T05:25:58.222 INFO:teuthology.orchestra.run.smithi086.stdout:/usr/bin/ceph: stderr
2024-04-16T05:25:57.425+0000 7fa3b7eb7700 1 -- 172.21.15.86:0/2213413693 shutdown_connections
2024-04-16T05:25:58.223 INFO:teuthology.orchestra.run.smithi086.stdout:/usr/bin/ceph: stderr
2024-04-16T05:25:57.425+0000 7fa3b7eb7700 1 -- 172.21.15.86:0/2213413693 wait complete.
2024-04-16T05:25:58.223 INFO:teuthology.orchestra.run.smithi086.stdout:/usr/bin/ceph: stderr
2024-04-16T05:25:57.425+0000 7fa3b7eb7700 1 Processor -- start
2024-04-16T05:25:58.223 INFO:teuthology.orchestra.run.smithi086.stdout:/usr/bin/ceph: stderr
2024-04-16T05:25:57.425+0000 7fa3b7eb7700 1 -- start start
2024-04-16T05:25:58.223 INFO:teuthology.orchestra.run.smithi086.stdout:/usr/bin/ceph: stderr
2024-04-16T05:25:57.426+0000 7fa3b7eb7700 1 --2- >> [v2:172.21.15.86:3300/0,v1:172.21.15.86:6789/0] conn(0x7fa3b007de90 0x7fa3b019e7a0 unknown :-1 s=NONE pgs=0 cs=0 l=1 rev1=0 crypto rx=0 tx=0 comp rx=0 tx=0).connect
2024-04-16T05:25:58.223 INFO:teuthology.orchestra.run.smithi086.stdout:/usr/bin/ceph: stderr
2024-04-16T05:25:57.426+0000 7fa3b7eb7700 1 -- --> [v2:172.21.15.86:3300/0,v1:172.21.15.86:6789/0] -- mon_getmap magic: 0 -- 0x7fa3b010ed10 con 0x7fa3b007de90
2024-04-16T05:25:58.223 INFO:teuthology.orchestra.run.smithi086.stdout:/usr/bin/ceph: stderr
2024-04-16T05:25:57.426+0000 7fa3b5c53700 1 --2- >> [v2:172.21.15.86:3300/0,v1:172.21.15.86:6789/0] conn(0x7fa3b007de90 0x7fa3b019e7a0 unknown :-1 s=BANNER_CONNECTING pgs=0 cs=0 l=1 rev1=0 crypto rx=0 tx=0 comp rx=0 tx=0)._handle_peer_banner_payload supported=3 required=0
2024-04-16T05:25:58.223 INFO:teuthology.orchestra.run.smithi086.stdout:/usr/bin/ceph: stderr
2024-04-16T05:25:57.426+0000 7fa3b5c53700 1 --2- >> [v2:172.21.15.86:3300/0,v1:172.21.15.86:6789/0] conn(0x7fa3b007de90 0x7fa3b019e7a0 unknown :-1 s=HELLO_CONNECTING pgs=0 cs=0 l=1 rev1=1 crypto rx=0 tx=0 comp rx=0 tx=0).handle_hello peer v2:172.21.15.86:3300/0 says I am v2:172.21.15.86:54216/0 (socket says 172.21.15.86:54216)
