2024-04-16T05:25:26.703+0000 7f67539c8700 1 Processor -- start
2024-04-16T05:25:27.483 INFO:teuthology.orchestra.run.smithi086.stdout:/usr/bin/ceph: stderr
2024-04-16T05:25:26.703+0000 7f67539c8700 1 -- start start
2024-04-16T05:25:27.483 INFO:teuthology.orchestra.run.smithi086.stdout:/usr/bin/ceph: stderr
2024-04-16T05:25:26.703+0000 7f67539c8700 1 --2- >> [v2:172.21.15.86:3300/0,v1:172.21.15.86:6789/0] conn(0x7f674c1086c0 0x7f674c19c640 unknown :-1 s=NONE pgs=0 cs=0 l=1 rev1=0 crypto rx=0 tx=0 comp rx=0 tx=0).connect
2024-04-16T05:25:27.483 INFO:teuthology.orchestra.run.smithi086.stdout:/usr/bin/ceph: stderr
2024-04-16T05:25:26.703+0000 7f67539c8700 1 -- --> [v2:172.21.15.86:3300/0,v1:172.21.15.86:6789/0] -- mon_getmap magic: 0 -- 0x7f674c10cbd0 con 0x7f674c1086c0
2024-04-16T05:25:27.483 INFO:teuthology.orchestra.run.smithi086.stdout:/usr/bin/ceph: stderr
2024-04-16T05:25:26.703+0000 7f6751764700 1 --2- >> [v2:172.21.15.86:3300/0,v1:172.21.15.86:6789/0] conn(0x7f674c1086c0 0x7f674c19c640 unknown :-1 s=BANNER_CONNECTING pgs=0 cs=0 l=1 rev1=0 crypto rx=0 tx=0 comp rx=0 tx=0)._handle_peer_banner_payload supported=3 required=0
2024-04-16T05:25:27.483 INFO:teuthology.orchestra.run.smithi086.stdout:/usr/bin/ceph: stderr
2024-04-16T05:25:26.703+0000 7f6751764700 1 --2- >> [v2:172.21.15.86:3300/0,v1:172.21.15.86:6789/0] conn(0x7f674c1086c0 0x7f674c19c640 unknown :-1 s=HELLO_CONNECTING pgs=0 cs=0 l=1 rev1=1 crypto rx=0 tx=0 comp rx=0 tx=0).handle_hello peer v2:172.21.15.86:3300/0 says I am v2:172.21.15.86:48802/0 (socket says 172.21.15.86:48802)
2024-04-16T05:25:27.483 INFO:teuthology.orchestra.run.smithi086.stdout:/usr/bin/ceph: stderr
2024-04-16T05:25:26.703+0000 7f6751764700 1 -- 172.21.15.86:0/695861565 learned_addr learned my addr 172.21.15.86:0/695861565 (peer_addr_for_me v2:172.21.15.86:0/0)
2024-04-16T05:25:27.483 INFO:teuthology.orchestra.run.smithi086.stdout:/usr/bin/ceph: stderr
2024-04-16T05:25:26.704+0000 7f6751764700 1 -- 172.21.15.86:0/695861565 --> [v2:172.21.15.86:3300/0,v1:172.21.15.86:6789/0] -- mon_subscribe({config=0+,monmap=0+}) -- 0x7f674c19cb80 con 0x7f674c1086c0
2024-04-16T05:25:27.483 INFO:teuthology.orchestra.run.smithi086.stdout:/usr/bin/ceph: stderr
2024-04-16T05:25:26.704+0000 7f6751764700 1 --2- 172.21.15.86:0/695861565 >> [v2:172.21.15.86:3300/0,v1:172.21.15.86:6789/0] conn(0x7f674c1086c0 0x7f674c19c640 secure :-1 s=READY pgs=34 cs=0 l=1 rev1=1 crypto rx=0x7f6748000c00 tx=0x7f6748011c10 comp rx=0 tx=0).ready entity=mon.0 client_cookie=0 server_cookie=0 in_seq=0 out_seq=0
2024-04-16T05:25:27.483 INFO:teuthology.orchestra.run.smithi086.stdout:/usr/bin/ceph: stderr
2024-04-16T05:25:26.704+0000 7f67427fc700 1 -- 172.21.15.86:0/695861565 <== mon.0 v2:172.21.15.86:3300/0 1 ==== mon_map magic: 0 ==== 205+0+0 (secure 0 0 0) 0x7f6748003b20 con 0x7f674c1086c0
2024-04-16T05:25:27.483 INFO:teuthology.orchestra.run.smithi086.stdout:/usr/bin/ceph: stderr
2024-04-16T05:25:26.704+0000 7f67427fc700 1 -- 172.21.15.86:0/695861565 <== mon.0 v2:172.21.15.86:3300/0 2 ==== config(27 keys) ==== 1109+0+0 (secure 0 0 0) 0x7f6748003cc0 con 0x7f674c1086c0
2024-04-16T05:25:27.483 INFO:teuthology.orchestra.run.smithi086.stdout:/usr/bin/ceph: stderr
2024-04-16T05:25:26.704+0000 7f67427fc700 1 -- 172.21.15.86:0/695861565 <== mon.0 v2:172.21.15.86:3300/0 3 ==== mon_map magic: 0 ==== 205+0+0 (secure 0 0 0) 0x7f6748024910 con 0x7f674c1086c0
2024-04-16T05:25:27.483 INFO:teuthology.orchestra.run.smithi086.stdout:/usr/bin/ceph: stderr
2024-04-16T05:25:26.704+0000 7f67539c8700 1 -- 172.21.15.86:0/695861565 --> [v2:172.21.15.86:3300/0,v1:172.21.15.86:6789/0] -- mon_subscribe({mgrmap=0+}) -- 0x7f674c19ce10 con 0x7f674c1086c0
2024-04-16T05:25:27.483 INFO:teuthology.orchestra.run.smithi086.stdout:/usr/bin/ceph: stderr
2024-04-16T05:25:26.704+0000 7f67539c8700 1 -- 172.21.15.86:0/695861565 --> [v2:172.21.15.86:3300/0,v1:172.21.15.86:6789/0] -- mon_subscribe({osdmap=0}) -- 0x7f674c19fb00 con 0x7f674c1086c0
2024-04-16T05:25:27.484 INFO:teuthology.orchestra.run.smithi086.stdout:/usr/bin/ceph: stderr
2024-04-16T05:25:26.705+0000 7f67427fc700 1 -- 172.21.15.86:0/695861565 <== mon.0 v2:172.21.15.86:3300/0 4 ==== mgrmap(e 7) ==== 46452+0+0 (secure 0 0 0) 0x7f6748022020 con 0x7f674c1086c0
2024-04-16T05:25:27.484 INFO:teuthology.orchestra.run.smithi086.stdout:/usr/bin/ceph: stderr
2024-04-16T05:25:26.705+0000 7f67539c8700 1 -- 172.21.15.86:0/695861565 --> [v2:172.21.15.86:3300/0,v1:172.21.15.86:6789/0] -- mon_command({"prefix": "get_command_descriptions"} v 0) -- 0x7f674c064150 con 0x7f674c1086c0
2024-04-16T05:25:27.484 INFO:teuthology.orchestra.run.smithi086.stdout:/usr/bin/ceph: stderr
2024-04-16T05:25:26.705+0000 7f67427fc700 1 --2- 172.21.15.86:0/695861565 >> [v2:172.21.15.86:6800/1420225001,v1:172.21.15.86:6801/1420225001] conn(0x7f6738039550 0x7f673803ba10 unknown :-1 s=NONE pgs=0 cs=0 l=1 rev1=0 crypto rx=0 tx=0 comp rx=0 tx=0).connect
2024-04-16T05:25:27.484 INFO:teuthology.orchestra.run.smithi086.stdout:/usr/bin/ceph: stderr
2024-04-16T05:25:26.705+0000 7f67427fc700 1 -- 172.21.15.86:0/695861565 <== mon.0 v2:172.21.15.86:3300/0 5 ==== osd_map(2..2 src has 1..2) ==== 940+0+0 (secure 0 0 0) 0x7f6748011e00 con 0x7f674c1086c0
2024-04-16T05:25:27.484 INFO:teuthology.orchestra.run.smithi086.stdout:/usr/bin/ceph: stderr
2024-04-16T05:25:26.705+0000 7f6750f63700 1 --2- 172.21.15.86:0/695861565 >> [v2:172.21.15.86:6800/1420225001,v1:172.21.15.86:6801/1420225001] conn(0x7f6738039550 0x7f673803ba10 unknown :-1 s=BANNER_CONNECTING pgs=0 cs=0 l=1 rev1=0 crypto rx=0 tx=0 comp rx=0 tx=0)._handle_peer_banner_payload supported=3 required=0
2024-04-16T05:25:27.484 INFO:teuthology.orchestra.run.smithi086.stdout:/usr/bin/ceph: stderr
2024-04-16T05:25:26.706+0000 7f6750f63700 1 --2- 172.21.15.86:0/695861565 >> [v2:172.21.15.86:6800/1420225001,v1:172.21.15.86:6801/1420225001] conn(0x7f6738039550 0x7f673803ba10 secure :-1 s=READY pgs=7 cs=0 l=1 rev1=1 crypto rx=0x7f673c006fd0 tx=0x7f673c006e40 comp rx=0 tx=0).ready entity=mgr.14116 client_cookie=0 server_cookie=0 in_seq=0 out_seq=0
2024-04-16T05:25:27.484 INFO:teuthology.orchestra.run.smithi086.stdout:/usr/bin/ceph: stderr
2024-04-16T05:25:26.711+0000 7f67427fc700 1 -- 172.21.15.86:0/695861565 <== mon.0 v2:172.21.15.86:3300/0 6 ==== mon_command_ack([{"prefix": "get_command_descriptions"}]=0 v0) ==== 72+0+188370 (secure 0 0 0) 0x7f674801ad80 con 0x7f674c1086c0
2024-04-16T05:25:27.484 INFO:teuthology.orchestra.run.smithi086.stdout:/usr/bin/ceph: stderr
2024-04-16T05:25:26.712+0000 7f67427fc700 1 -- 172.21.15.86:0/695861565 <== mon.0 v2:172.21.15.86:3300/0 7 ==== mgrmap(e 8) ==== 46558+0+0 (secure 0 0 0) 0x7f674801a950 con 0x7f674c1086c0
2024-04-16T05:25:27.484 INFO:teuthology.orchestra.run.smithi086.stdout:/usr/bin/ceph: stderr
2024-04-16T05:25:26.922+0000 7f67539c8700 1 -- 172.21.15.86:0/695861565 --> [v2:172.21.15.86:6800/1420225001,v1:172.21.15.86:6801/1420225001] -- mgr_command(tid 0: {"prefix": "orch set backend", "module_name": "cephadm", "target": ["mon-mgr", ""]}) -- 0x7f674c104f80 con 0x7f6738039550
2024-04-16T05:25:27.484 INFO:teuthology.orchestra.run.smithi086.stdout:/usr/bin/ceph: stderr
2024-04-16T05:25:26.928+0000 7f67427fc700 1 -- 172.21.15.86:0/695861565 <== mgr.14116 v2:172.21.15.86:6800/1420225001 1 ==== mgr_command_reply(tid 0: 0 ) ==== 8+0+0 (secure 0 0 0) 0x7f674c104f80 con 0x7f6738039550
2024-04-16T05:25:27.484 INFO:teuthology.orchestra.run.smithi086.stdout:/usr/bin/ceph: stderr
2024-04-16T05:25:26.930+0000 7f67539c8700 1 -- 172.21.15.86:0/695861565 >> [v2:172.21.15.86:6800/1420225001,v1:172.21.15.86:6801/1420225001] conn(0x7f6738039550 msgr2=0x7f673803ba10 secure :-1 s=STATE_CONNECTION_ESTABLISHED l=1).mark_down
2024-04-16T05:25:27.484 INFO:teuthology.orchestra.run.smithi086.stdout:/usr/bin/ceph: stderr
2024-04-16T05:25:26.930+0000 7f67539c8700 1 --2- 172.21.15.86:0/695861565 >> [v2:172.21.15.86:6800/1420225001,v1:172.21.15.86:6801/1420225001] conn(0x7f6738039550 0x7f673803ba10 secure :-1 s=READY pgs=7 cs=0 l=1 rev1=1 crypto rx=0x7f673c006fd0 tx=0x7f673c006e40 comp rx=0 tx=0).stop
2024-04-16T05:25:27.484 INFO:teuthology.orchestra.run.smithi086.stdout:/usr/bin/ceph: stderr
2024-04-16T05:25:26.930+0000 7f67539c8700 1 -- 172.21.15.86:0/695861565 >> [v2:172.21.15.86:3300/0,v1:172.21.15.86:6789/0] conn(0x7f674c1086c0 msgr2=0x7f674c19c640 secure :-1 s=STATE_CONNECTION_ESTABLISHED l=1).mark_down
2024-04-16T05:25:27.485 INFO:teuthology.orchestra.run.smithi086.stdout:/usr/bin/ceph: stderr
2024-04-16T05:25:26.930+0000 7f67539c8700 1 --2- 172.21.15.86:0/695861565 >> [v2:172.21.15.86:3300/0,v1:172.21.15.86:6789/0] conn(0x7f674c1086c0 0x7f674c19c640 secure :-1 s=READY pgs=34 cs=0 l=1 rev1=1 crypto rx=0x7f6748000c00 tx=0x7f6748011c10 comp rx=0 tx=0).stop
2024-04-16T05:25:27.485 INFO:teuthology.orchestra.run.smithi086.stdout:/usr/bin/ceph: stderr
2024-04-16T05:25:26.931+0000 7f67539c8700 1 -- 172.21.15.86:0/695861565 shutdown_connections
2024-04-16T05:25:27.485 INFO:teuthology.orchestra.run.smithi086.stdout:/usr/bin/ceph: stderr
2024-04-16T05:25:26.931+0000 7f67539c8700 1 --2- 172.21.15.86:0/695861565 >> [v2:172.21.15.86:6800/1420225001,v1:172.21.15.86:6801/1420225001] conn(0x7f6738039550 0x7f673803ba10 unknown :-1 s=CLOSED pgs=7 cs=0 l=1 rev1=1 crypto rx=0 tx=0 comp rx=0 tx=0).stop
2024-04-16T05:25:27.485 INFO:teuthology.orchestra.run.smithi086.stdout:/usr/bin/ceph: stderr
2024-04-16T05:25:26.931+0000 7f67539c8700 1 --2- 172.21.15.86:0/695861565 >> [v2:172.21.15.86:3300/0,v1:172.21.15.86:6789/0] conn(0x7f674c1086c0 0x7f674c19c640 unknown :-1 s=CLOSED pgs=34 cs=0 l=1 rev1=1 crypto rx=0 tx=0 comp rx=0 tx=0).stop
2024-04-16T05:25:27.485 INFO:teuthology.orchestra.run.smithi086.stdout:/usr/bin/ceph: stderr
2024-04-16T05:25:26.931+0000 7f67539c8700 1 -- 172.21.15.86:0/695861565 >> 172.21.15.86:0/695861565 conn(0x7f674c103ce0 msgr2=0x7f674c104870 unknown :-1 s=STATE_NONE l=0).mark_down
2024-04-16T05:25:27.485 INFO:teuthology.orchestra.run.smithi086.stdout:/usr/bin/ceph: stderr
2024-04-16T05:25:26.931+0000 7f67539c8700 1 -- 172.21.15.86:0/695861565 shutdown_connections
2024-04-16T05:25:27.485 INFO:teuthology.orchestra.run.smithi086.stdout:/usr/bin/ceph: stderr
2024-04-16T05:25:26.931+0000 7f67539c8700 1 -- 172.21.15.86:0/695861565 wait complete.
2024-04-16T05:25:27.808 INFO:journalctl@ceph.mon.a.smithi086.stdout:Apr 16 05:25:27 smithi086 ceph-mon[32028]: mgrmap e8: x(active, since 2s)
2024-04-16T05:25:27.809 INFO:journalctl@ceph.mon.a.smithi086.stdout:Apr 16 05:25:27 smithi086 ceph-mon[32028]: from='mgr.14116 172.21.15.86:0/1140244079' entity='mgr.x'
2024-04-16T05:25:27.809 INFO:journalctl@ceph.mon.a.smithi086.stdout:Apr 16 05:25:27 smithi086 ceph-mon[32028]: from='mgr.14116 172.21.15.86:0/1140244079' entity='mgr.x' cmd=[{"prefix": "config dump", "format": "json"}]: dispatch
2024-04-16T05:25:28.653 INFO:teuthology.orchestra.run.smithi086.stdout:/usr/bin/ceph: stdout value unchanged
2024-04-16T05:25:28.653 INFO:teuthology.orchestra.run.smithi086.stdout:/usr/bin/ceph: stderr
2024-04-16T05:25:27.916+0000 7f6b9a32e700 1 Processor -- start
2024-04-16T05:25:28.653 INFO:teuthology.orchestra.run.smithi086.stdout:/usr/bin/ceph: stderr
2024-04-16T05:25:27.916+0000 7f6b9a32e700 1 -- start start
2024-04-16T05:25:28.653 INFO:teuthology.orchestra.run.smithi086.stdout:/usr/bin/ceph: stderr
2024-04-16T05:25:27.916+0000 7f6b9a32e700 1 --2- >> [v2:172.21.15.86:3300/0,v1:172.21.15.86:6789/0] conn(0x7f6b941091d0 0x7f6b9410b5c0 unknown :-1 s=NONE pgs=0 cs=0 l=0 rev1=0 crypto rx=0 tx=0 comp rx=0 tx=0).connect
2024-04-16T05:25:28.653 INFO:teuthology.orchestra.run.smithi086.stdout:/usr/bin/ceph: stderr
2024-04-16T05:25:27.916+0000 7f6b9a32e700 1 -- --> [v2:172.21.15.86:3300/0,v1:172.21.15.86:6789/0] -- mon_getmap magic: 0 -- 0x7f6b9407be10 con 0x7f6b941091d0
2024-04-16T05:25:28.653 INFO:teuthology.orchestra.run.smithi086.stdout:/usr/bin/ceph: stderr
2024-04-16T05:25:27.916+0000 7f6b93fff700 1 --2- >> [v2:172.21.15.86:3300/0,v1:172.21.15.86:6789/0] conn(0x7f6b941091d0 0x7f6b9410b5c0 unknown :-1 s=BANNER_CONNECTING pgs=0 cs=0 l=0 rev1=0 crypto rx=0 tx=0 comp rx=0 tx=0)._handle_peer_banner_payload supported=3 required=0
2024-04-16T05:25:28.653 INFO:teuthology.orchestra.run.smithi086.stdout:/usr/bin/ceph: stderr
2024-04-16T05:25:27.916+0000 7f6b93fff700 1 --2- >> [v2:172.21.15.86:3300/0,v1:172.21.15.86:6789/0] conn(0x7f6b941091d0 0x7f6b9410b5c0 unknown :-1 s=HELLO_CONNECTING pgs=0 cs=0 l=0 rev1=1 crypto rx=0 tx=0 comp rx=0 tx=0).handle_hello peer v2:172.21.15.86:3300/0 says I am v2:172.21.15.86:48816/0 (socket says 172.21.15.86:48816)
2024-04-16T05:25:28.653 INFO:teuthology.orchestra.run.smithi086.stdout:/usr/bin/ceph: stderr
2024-04-16T05:25:27.916+0000 7f6b93fff700 1 -- 172.21.15.86:0/2594117457 learned_addr learned my addr 172.21.15.86:0/2594117457 (peer_addr_for_me v2:172.21.15.86:0/0)
2024-04-16T05:25:28.654 INFO:teuthology.orchestra.run.smithi086.stdout:/usr/bin/ceph: stderr
2024-04-16T05:25:27.916+0000 7f6b93fff700 1 -- 172.21.15.86:0/2594117457 --> [v2:172.21.15.86:3300/0,v1:172.21.15.86:6789/0] -- mon_subscribe({config=0+,monmap=0+}) -- 0x7f6b9410bb00 con 0x7f6b941091d0
2024-04-16T05:25:28.654 INFO:teuthology.orchestra.run.smithi086.stdout:/usr/bin/ceph: stderr
2024-04-16T05:25:27.916+0000 7f6b93fff700 1 --2- 172.21.15.86:0/2594117457 >> [v2:172.21.15.86:3300/0,v1:172.21.15.86:6789/0] conn(0x7f6b941091d0 0x7f6b9410b5c0 secure :-1 s=READY pgs=35 cs=0 l=1 rev1=1 crypto rx=0x7f6b840098a0 tx=0x7f6b84009bb0 comp rx=0 tx=0).ready entity=mon.0 client_cookie=f5ba7c54758afc1e server_cookie=0 in_seq=0 out_seq=0
2024-04-16T05:25:28.654 INFO:teuthology.orchestra.run.smithi086.stdout:/usr/bin/ceph: stderr
2024-04-16T05:25:27.917+0000 7f6b92ffd700 1 -- 172.21.15.86:0/2594117457 <== mon.0 v2:172.21.15.86:3300/0 1 ==== mon_map magic: 0 ==== 205+0+0 (secure 0 0 0) 0x7f6b84004160 con 0x7f6b941091d0
2024-04-16T05:25:28.654 INFO:teuthology.orchestra.run.smithi086.stdout:/usr/bin/ceph: stderr
2024-04-16T05:25:27.917+0000 7f6b92ffd700 1 -- 172.21.15.86:0/2594117457 <== mon.0 v2:172.21.15.86:3300/0 2 ==== config(27 keys) ==== 1109+0+0 (secure 0 0 0) 0x7f6b84004300 con 0x7f6b941091d0
2024-04-16T05:25:28.654 INFO:teuthology.orchestra.run.smithi086.stdout:/usr/bin/ceph: stderr
2024-04-16T05:25:27.917+0000 7f6b92ffd700 1 -- 172.21.15.86:0/2594117457 <== mon.0 v2:172.21.15.86:3300/0 3 ==== mon_map magic: 0 ==== 205+0+0 (secure 0 0 0) 0x7f6b84011b50 con 0x7f6b941091d0
2024-04-16T05:25:28.654 INFO:teuthology.orchestra.run.smithi086.stdout:/usr/bin/ceph: stderr
2024-04-16T05:25:27.917+0000 7f6b9a32e700 1 -- 172.21.15.86:0/2594117457 >> [v2:172.21.15.86:3300/0,v1:172.21.15.86:6789/0] conn(0x7f6b941091d0 msgr2=0x7f6b9410b5c0 secure :-1 s=STATE_CONNECTION_ESTABLISHED l=1).mark_down
2024-04-16T05:25:28.654 INFO:teuthology.orchestra.run.smithi086.stdout:/usr/bin/ceph: stderr
2024-04-16T05:25:27.917+0000 7f6b9a32e700 1 --2- 172.21.15.86:0/2594117457 >> [v2:172.21.15.86:3300/0,v1:172.21.15.86:6789/0] conn(0x7f6b941091d0 0x7f6b9410b5c0 secure :-1 s=READY pgs=35 cs=0 l=1 rev1=1 crypto rx=0x7f6b840098a0 tx=0x7f6b84009bb0 comp rx=0 tx=0).stop
2024-04-16T05:25:28.654 INFO:teuthology.orchestra.run.smithi086.stdout:/usr/bin/ceph: stderr
2024-04-16T05:25:27.917+0000 7f6b9a32e700 1 -- 172.21.15.86:0/2594117457 shutdown_connections
2024-04-16T05:25:28.654 INFO:teuthology.orchestra.run.smithi086.stdout:/usr/bin/ceph: stderr
2024-04-16T05:25:27.917+0000 7f6b9a32e700 1 --2- 172.21.15.86:0/2594117457 >> [v2:172.21.15.86:3300/0,v1:172.21.15.86:6789/0] conn(0x7f6b941091d0 0x7f6b9410b5c0 unknown :-1 s=CLOSED pgs=35 cs=0 l=1 rev1=1 crypto rx=0 tx=0 comp rx=0 tx=0).stop
2024-04-16T05:25:28.654 INFO:teuthology.orchestra.run.smithi086.stdout:/usr/bin/ceph: stderr
2024-04-16T05:25:27.917+0000 7f6b9a32e700 1 -- 172.21.15.86:0/2594117457 >> 172.21.15.86:0/2594117457 conn(0x7f6b94102c40 msgr2=0x7f6b94105060 unknown :-1 s=STATE_NONE l=0).mark_down
2024-04-16T05:25:28.654 INFO:teuthology.orchestra.run.smithi086.stdout:/usr/bin/ceph: stderr
2024-04-16T05:25:27.917+0000 7f6b9a32e700 1 -- 172.21.15.86:0/2594117457 shutdown_connections
2024-04-16T05:25:28.655 INFO:teuthology.orchestra.run.smithi086.stdout:/usr/bin/ceph: stderr
2024-04-16T05:25:27.917+0000 7f6b9a32e700 1 -- 172.21.15.86:0/2594117457 wait complete.
2024-04-16T05:25:28.655 INFO:teuthology.orchestra.run.smithi086.stdout:/usr/bin/ceph: stderr
2024-04-16T05:25:27.918+0000 7f6b9a32e700 1 Processor -- start
2024-04-16T05:25:28.655 INFO:teuthology.orchestra.run.smithi086.stdout:/usr/bin/ceph: stderr
2024-04-16T05:25:27.918+0000 7f6b9a32e700 1 -- start start
2024-04-16T05:25:28.655 INFO:teuthology.orchestra.run.smithi086.stdout:/usr/bin/ceph: stderr
2024-04-16T05:25:27.918+0000 7f6b9a32e700 1 --2- >> [v2:172.21.15.86:3300/0,v1:172.21.15.86:6789/0] conn(0x7f6b941091d0 0x7f6b9419c670 unknown :-1 s=NONE pgs=0 cs=0 l=1 rev1=0 crypto rx=0 tx=0 comp rx=0 tx=0).connect
2024-04-16T05:25:28.655 INFO:teuthology.orchestra.run.smithi086.stdout:/usr/bin/ceph: stderr
2024-04-16T05:25:27.918+0000 7f6b9a32e700 1 -- --> [v2:172.21.15.86:3300/0,v1:172.21.15.86:6789/0] -- mon_getmap magic: 0 -- 0x7f6b9410ca70 con 0x7f6b941091d0
2024-04-16T05:25:28.655 INFO:teuthology.orchestra.run.smithi086.stdout:/usr/bin/ceph: stderr
2024-04-16T05:25:27.918+0000 7f6b93fff700 1 --2- >> [v2:172.21.15.86:3300/0,v1:172.21.15.86:6789/0] conn(0x7f6b941091d0 0x7f6b9419c670 unknown :-1 s=BANNER_CONNECTING pgs=0 cs=0 l=1 rev1=0 crypto rx=0 tx=0 comp rx=0 tx=0)._handle_peer_banner_payload supported=3 required=0
2024-04-16T05:25:28.655 INFO:teuthology.orchestra.run.smithi086.stdout:/usr/bin/ceph: stderr
2024-04-16T05:25:27.918+0000 7f6b93fff700 1 --2- >> [v2:172.21.15.86:3300/0,v1:172.21.15.86:6789/0] conn(0x7f6b941091d0 0x7f6b9419c670 unknown :-1 s=HELLO_CONNECTING pgs=0 cs=0 l=1 rev1=1 crypto rx=0 tx=0 comp rx=0 tx=0).handle_hello peer v2:172.21.15.86:3300/0 says I am v2:172.21.15.86:48824/0 (socket says 172.21.15.86:48824)
2024-04-16T05:25:28.655 INFO:teuthology.orchestra.run.smithi086.stdout:/usr/bin/ceph: stderr
2024-04-16T05:25:27.918+0000 7f6b93fff700 1 -- 172.21.15.86:0/3380494509 learned_addr learned my addr 172.21.15.86:0/3380494509 (peer_addr_for_me v2:172.21.15.86:0/0)
2024-04-16T05:25:28.655 INFO:teuthology.orchestra.run.smithi086.stdout:/usr/bin/ceph: stderr
2024-04-16T05:25:27.919+0000 7f6b93fff700 1 -- 172.21.15.86:0/3380494509 --> [v2:172.21.15.86:3300/0,v1:172.21.15.86:6789/0] -- mon_subscribe({config=0+,monmap=0+}) -- 0x7f6b9419cbb0 con 0x7f6b941091d0
2024-04-16T05:25:28.655 INFO:teuthology.orchestra.run.smithi086.stdout:/usr/bin/ceph: stderr
2024-04-16T05:25:27.919+0000 7f6b93fff700 1 --2- 172.21.15.86:0/3380494509 >> [v2:172.21.15.86:3300/0,v1:172.21.15.86:6789/0] conn(0x7f6b941091d0 0x7f6b9419c670 secure :-1 s=READY pgs=36 cs=0 l=1 rev1=1 crypto rx=0x7f6b84009fb0 tx=0x7f6b84011bf0 comp rx=0 tx=0).ready entity=mon.0 client_cookie=0 server_cookie=0 in_seq=0 out_seq=0
2024-04-16T05:25:28.655 INFO:teuthology.orchestra.run.smithi086.stdout:/usr/bin/ceph: stderr
2024-04-16T05:25:27.919+0000 7f6b917fa700 1 -- 172.21.15.86:0/3380494509 <== mon.0 v2:172.21.15.86:3300/0 1 ==== mon_map magic: 0 ==== 205+0+0 (secure 0 0 0) 0x7f6b840038b0 con 0x7f6b941091d0
2024-04-16T05:25:28.655 INFO:teuthology.orchestra.run.smithi086.stdout:/usr/bin/ceph: stderr
2024-04-16T05:25:27.919+0000 7f6b9a32e700 1 -- 172.21.15.86:0/3380494509 --> [v2:172.21.15.86:3300/0,v1:172.21.15.86:6789/0] -- mon_subscribe({mgrmap=0+}) -- 0x7f6b9419ce40 con 0x7f6b941091d0
2024-04-16T05:25:28.656 INFO:teuthology.orchestra.run.smithi086.stdout:/usr/bin/ceph: stderr
2024-04-16T05:25:27.919+0000 7f6b917fa700 1 -- 172.21.15.86:0/3380494509 <== mon.0 v2:172.21.15.86:3300/0 2 ==== config(27 keys) ==== 1109+0+0 (secure 0 0 0) 0x7f6b84011e50 con 0x7f6b941091d0
2024-04-16T05:25:28.656 INFO:teuthology.orchestra.run.smithi086.stdout:/usr/bin/ceph: stderr
2024-04-16T05:25:27.919+0000 7f6b917fa700 1 -- 172.21.15.86:0/3380494509 <== mon.0 v2:172.21.15.86:3300/0 3 ==== mon_map magic: 0 ==== 205+0+0 (secure 0 0 0) 0x7f6b84019420 con 0x7f6b941091d0
2024-04-16T05:25:28.656 INFO:teuthology.orchestra.run.smithi086.stdout:/usr/bin/ceph: stderr
2024-04-16T05:25:27.919+0000 7f6b9a32e700 1 -- 172.21.15.86:0/3380494509 --> [v2:172.21.15.86:3300/0,v1:172.21.15.86:6789/0] -- mon_subscribe({osdmap=0}) -- 0x7f6b9419fb30 con 0x7f6b941091d0
2024-04-16T05:25:28.656 INFO:teuthology.orchestra.run.smithi086.stdout:/usr/bin/ceph: stderr
2024-04-16T05:25:27.920+0000 7f6b917fa700 1 -- 172.21.15.86:0/3380494509 <== mon.0 v2:172.21.15.86:3300/0 4 ==== mgrmap(e 8) ==== 46558+0+0 (secure 0 0 0) 0x7f6b84019720 con 0x7f6b941091d0
2024-04-16T05:25:28.656 INFO:teuthology.orchestra.run.smithi086.stdout:/usr/bin/ceph: stderr
2024-04-16T05:25:27.920+0000 7f6b9a32e700 1 -- 172.21.15.86:0/3380494509 --> [v2:172.21.15.86:3300/0,v1:172.21.15.86:6789/0] -- mon_command({"prefix": "get_command_descriptions"} v 0) -- 0x7f6b94064150 con 0x7f6b941091d0
2024-04-16T05:25:28.656 INFO:teuthology.orchestra.run.smithi086.stdout:/usr/bin/ceph: stderr
2024-04-16T05:25:27.920+0000 7f6b917fa700 1 --2- 172.21.15.86:0/3380494509 >> [v2:172.21.15.86:6800/1420225001,v1:172.21.15.86:6801/1420225001] conn(0x7f6b7c039560 0x7f6b7c03ba20 unknown :-1 s=NONE pgs=0 cs=0 l=1 rev1=0 crypto rx=0 tx=0 comp rx=0 tx=0).connect
2024-04-16T05:25:28.656 INFO:teuthology.orchestra.run.smithi086.stdout:/usr/bin/ceph: stderr
2024-04-16T05:25:27.920+0000 7f6b917fa700 1 -- 172.21.15.86:0/3380494509 <== mon.0 v2:172.21.15.86:3300/0 5 ==== osd_map(2..2 src has 1..2) ==== 940+0+0 (secure 0 0 0) 0x7f6b8404d9d0 con 0x7f6b941091d0
2024-04-16T05:25:28.656 INFO:teuthology.orchestra.run.smithi086.stdout:/usr/bin/ceph: stderr
2024-04-16T05:25:27.920+0000 7f6b937fe700 1 --2- 172.21.15.86:0/3380494509 >> [v2:172.21.15.86:6800/1420225001,v1:172.21.15.86:6801/1420225001] conn(0x7f6b7c039560 0x7f6b7c03ba20 unknown :-1 s=BANNER_CONNECTING pgs=0 cs=0 l=1 rev1=0 crypto rx=0 tx=0 comp rx=0 tx=0)._handle_peer_banner_payload supported=3 required=0
2024-04-16T05:25:28.656 INFO:teuthology.orchestra.run.smithi086.stdout:/usr/bin/ceph: stderr
2024-04-16T05:25:27.921+0000 7f6b937fe700 1 --2- 172.21.15.86:0/3380494509 >> [v2:172.21.15.86:6800/1420225001,v1:172.21.15.86:6801/1420225001] conn(0x7f6b7c039560 0x7f6b7c03ba20 secure :-1 s=READY pgs=8 cs=0 l=1 rev1=1 crypto rx=0x7f6b88006fd0 tx=0x7f6b88006e40 comp rx=0 tx=0).ready entity=mgr.14116 client_cookie=0 server_cookie=0 in_seq=0 out_seq=0
2024-04-16T05:25:28.656 INFO:teuthology.orchestra.run.smithi086.stdout:/usr/bin/ceph: stderr
2024-04-16T05:25:27.925+0000 7f6b917fa700 1 -- 172.21.15.86:0/3380494509 <== mon.0 v2:172.21.15.86:3300/0 6 ==== mon_command_ack([{"prefix": "get_command_descriptions"}]=0 v0) ==== 72+0+188370 (secure 0 0 0) 0x7f6b8400bc70 con 0x7f6b941091d0
2024-04-16T05:25:28.656 INFO:teuthology.orchestra.run.smithi086.stdout:/usr/bin/ceph: stderr
2024-04-16T05:25:28.126+0000 7f6b9a32e700 1 -- 172.21.15.86:0/3380494509 --> [v2:172.21.15.86:6800/1420225001,v1:172.21.15.86:6801/1420225001] -- mgr_command(tid 0: {"prefix": "cephadm set-user", "user": "root", "target": ["mon-mgr", ""]}) -- 0x7f6b94103e80 con 0x7f6b7c039560
2024-04-16T05:25:28.656 INFO:teuthology.orchestra.run.smithi086.stdout:/usr/bin/ceph: stderr
2024-04-16T05:25:28.127+0000 7f6b917fa700 1 -- 172.21.15.86:0/3380494509 <== mgr.14116 v2:172.21.15.86:6800/1420225001 1 ==== mgr_command_reply(tid 0: 0 ) ==== 8+0+16 (secure 0 0 0) 0x7f6b94103e80 con 0x7f6b7c039560
2024-04-16T05:25:28.656 INFO:teuthology.orchestra.run.smithi086.stdout:/usr/bin/ceph: stderr
2024-04-16T05:25:28.129+0000 7f6b9a32e700 1 -- 172.21.15.86:0/3380494509 >> [v2:172.21.15.86:6800/1420225001,v1:172.21.15.86:6801/1420225001] conn(0x7f6b7c039560 msgr2=0x7f6b7c03ba20 secure :-1 s=STATE_CONNECTION_ESTABLISHED l=1).mark_down
2024-04-16T05:25:28.657 INFO:teuthology.orchestra.run.smithi086.stdout:/usr/bin/ceph: stderr
2024-04-16T05:25:28.129+0000 7f6b9a32e700 1 --2- 172.21.15.86:0/3380494509 >> [v2:172.21.15.86:6800/1420225001,v1:172.21.15.86:6801/1420225001] conn(0x7f6b7c039560 0x7f6b7c03ba20 secure :-1 s=READY pgs=8 cs=0 l=1 rev1=1 crypto rx=0x7f6b88006fd0 tx=0x7f6b88006e40 comp rx=0 tx=0).stop
2024-04-16T05:25:28.657 INFO:teuthology.orchestra.run.smithi086.stdout:/usr/bin/ceph: stderr
2024-04-16T05:25:28.129+0000 7f6b9a32e700 1 -- 172.21.15.86:0/3380494509 >> [v2:172.21.15.86:3300/0,v1:172.21.15.86:6789/0] conn(0x7f6b941091d0 msgr2=0x7f6b9419c670 secure :-1 s=STATE_CONNECTION_ESTABLISHED l=1).mark_down
2024-04-16T05:25:28.657 INFO:teuthology.orchestra.run.smithi086.stdout:/usr/bin/ceph: stderr
2024-04-16T05:25:28.129+0000 7f6b9a32e700 1 --2- 172.21.15.86:0/3380494509 >> [v2:172.21.15.86:3300/0,v1:172.21.15.86:6789/0] conn(0x7f6b941091d0 0x7f6b9419c670 secure :-1 s=READY pgs=36 cs=0 l=1 rev1=1 crypto rx=0x7f6b84009fb0 tx=0x7f6b84011bf0 comp rx=0 tx=0).stop
2024-04-16T05:25:28.657 INFO:teuthology.orchestra.run.smithi086.stdout:/usr/bin/ceph: stderr
2024-04-16T05:25:28.129+0000 7f6b9a32e700 1 -- 172.21.15.86:0/3380494509 shutdown_connections
2024-04-16T05:25:28.657 INFO:teuthology.orchestra.run.smithi086.stdout:/usr/bin/ceph: stderr
2024-04-16T05:25:28.129+0000 7f6b9a32e700 1 --2- 172.21.15.86:0/3380494509 >> [v2:172.21.15.86:6800/1420225001,v1:172.21.15.86:6801/1420225001] conn(0x7f6b7c039560 0x7f6b7c03ba20 unknown :-1 s=CLOSED pgs=8 cs=0 l=1 rev1=1 crypto rx=0 tx=0 comp rx=0 tx=0).stop
2024-04-16T05:25:28.657 INFO:teuthology.orchestra.run.smithi086.stdout:/usr/bin/ceph: stderr
2024-04-16T05:25:28.129+0000 7f6b9a32e700 1 --2- 172.21.15.86:0/3380494509 >> [v2:172.21.15.86:3300/0,v1:172.21.15.86:6789/0] conn(0x7f6b941091d0 0x7f6b9419c670 unknown :-1 s=CLOSED pgs=36 cs=0 l=1 rev1=1 crypto rx=0 tx=0 comp rx=0 tx=0).stop
2024-04-16T05:25:28.657 INFO:teuthology.orchestra.run.smithi086.stdout:/usr/bin/ceph: stderr
2024-04-16T05:25:28.129+0000 7f6b9a32e700 1 -- 172.21.15.86:0/3380494509 >> 172.21.15.86:0/3380494509 conn(0x7f6b94102c40 msgr2=0x7f6b94103770 unknown :-1 s=STATE_NONE l=0).mark_down
2024-04-16T05:25:28.657 INFO:teuthology.orchestra.run.smithi086.stdout:/usr/bin/ceph: stderr
2024-04-16T05:25:28.130+0000 7f6b9a32e700 1 -- 172.21.15.86:0/3380494509 shutdown_connections
2024-04-16T05:25:28.657 INFO:teuthology.orchestra.run.smithi086.stdout:/usr/bin/ceph: stderr
2024-04-16T05:25:28.130+0000 7f6b9a32e700 1 -- 172.21.15.86:0/3380494509 wait complete.
2024-04-16T05:25:28.657 INFO:teuthology.orchestra.run.smithi086.stdout:Generating ssh key...
2024-04-16T05:25:28.967 INFO:journalctl@ceph.mon.a.smithi086.stdout:Apr 16 05:25:28 smithi086 ceph-mon[32028]: from='client.14128 -' entity='client.admin' cmd=[{"prefix": "orch set backend", "module_name": "cephadm", "target": ["mon-mgr", ""]}]: dispatch
2024-04-16T05:25:29.967 INFO:journalctl@ceph.mon.a.smithi086.stdout:Apr 16 05:25:29 smithi086 ceph-mon[32028]: from='client.14130 -' entity='client.admin' cmd=[{"prefix": "cephadm set-user", "user": "root", "target": ["mon-mgr", ""]}]: dispatch
2024-04-16T05:25:29.967 INFO:journalctl@ceph.mon.a.smithi086.stdout:Apr 16 05:25:29 smithi086 ceph-mon[32028]: from='mgr.14116 172.21.15.86:0/1140244079' entity='mgr.x'
2024-04-16T05:25:29.968 INFO:journalctl@ceph.mon.a.smithi086.stdout:Apr 16 05:25:29 smithi086 ceph-mon[32028]: from='mgr.14116 172.21.15.86:0/1140244079' entity='mgr.x'
2024-04-16T05:25:29.968 INFO:journalctl@ceph.mgr.x.smithi086.stdout:Apr 16 05:25:29 smithi086 ceph-6a4a23f8-fbb1-11ee-bc8f-c7b262605968-mgr-x[32258]: Generating public/private rsa key pair.
2024-04-16T05:25:29.968 INFO:journalctl@ceph.mgr.x.smithi086.stdout:Apr 16 05:25:29 smithi086 ceph-6a4a23f8-fbb1-11ee-bc8f-c7b262605968-mgr-x[32258]: Your identification has been saved in /tmp/tmp9d8e_qy8/key.
2024-04-16T05:25:29.968 INFO:journalctl@ceph.mgr.x.smithi086.stdout:Apr 16 05:25:29 smithi086 ceph-6a4a23f8-fbb1-11ee-bc8f-c7b262605968-mgr-x[32258]: Your public key has been saved in /tmp/tmp9d8e_qy8/key.pub.
2024-04-16T05:25:29.968 INFO:journalctl@ceph.mgr.x.smithi086.stdout:Apr 16 05:25:29 smithi086 ceph-6a4a23f8-fbb1-11ee-bc8f-c7b262605968-mgr-x[32258]: The key fingerprint is:
2024-04-16T05:25:29.968 INFO:journalctl@ceph.mgr.x.smithi086.stdout:Apr 16 05:25:29 smithi086 ceph-6a4a23f8-fbb1-11ee-bc8f-c7b262605968-mgr-x[32258]: SHA256:iVtsGXD17sGQ8xZG3E9we2ce671apzwFVc/EyXh/VHM ceph-6a4a23f8-fbb1-11ee-bc8f-c7b262605968
2024-04-16T05:25:29.968 INFO:journalctl@ceph.mgr.x.smithi086.stdout:Apr 16 05:25:29 smithi086 ceph-6a4a23f8-fbb1-11ee-bc8f-c7b262605968-mgr-x[32258]: The key's randomart image is:
2024-04-16T05:25:29.968 INFO:journalctl@ceph.mgr.x.smithi086.stdout:Apr 16 05:25:29 smithi086 ceph-6a4a23f8-fbb1-11ee-bc8f-c7b262605968-mgr-x[32258]: +---[RSA 3072]----+
2024-04-16T05:25:29.969 INFO:journalctl@ceph.mgr.x.smithi086.stdout:Apr 16 05:25:29 smithi086 ceph-6a4a23f8-fbb1-11ee-bc8f-c7b262605968-mgr-x[32258]: | . ......++E|
2024-04-16T05:25:29.969 INFO:journalctl@ceph.mgr.x.smithi086.stdout:Apr 16 05:25:29 smithi086 ceph-6a4a23f8-fbb1-11ee-bc8f-c7b262605968-mgr-x[32258]: | o +...BX|
2024-04-16T05:25:29.969 INFO:journalctl@ceph.mgr.x.smithi086.stdout:Apr 16 05:25:29 smithi086 ceph-6a4a23f8-fbb1-11ee-bc8f-c7b262605968-mgr-x[32258]: | . + + .BB|
2024-04-16T05:25:29.969 INFO:journalctl@ceph.mgr.x.smithi086.stdout:Apr 16 05:25:29 smithi086 ceph-6a4a23f8-fbb1-11ee-bc8f-c7b262605968-mgr-x[32258]: | o + B ..oO|
2024-04-16T05:25:29.969 INFO:journalctl@ceph.mgr.x.smithi086.stdout:Apr 16 05:25:29 smithi086 ceph-6a4a23f8-fbb1-11ee-bc8f-c7b262605968-mgr-x[32258]: | . S * oo|
2024-04-16T05:25:29.969 INFO:journalctl@ceph.mgr.x.smithi086.stdout:Apr 16 05:25:29 smithi086 ceph-6a4a23f8-fbb1-11ee-bc8f-c7b262605968-mgr-x[32258]: | + o .. o|
2024-04-16T05:25:29.969 INFO:journalctl@ceph.mgr.x.smithi086.stdout:Apr 16 05:25:29 smithi086 ceph-6a4a23f8-fbb1-11ee-bc8f-c7b262605968-mgr-x[32258]: | . . +o|
2024-04-16T05:25:29.969 INFO:journalctl@ceph.mgr.x.smithi086.stdout:Apr 16 05:25:29 smithi086 ceph-6a4a23f8-fbb1-11ee-bc8f-c7b262605968-mgr-x[32258]: | .o.o|
2024-04-16T05:25:29.969 INFO:journalctl@ceph.mgr.x.smithi086.stdout:Apr 16 05:25:29 smithi086 ceph-6a4a23f8-fbb1-11ee-bc8f-c7b262605968-mgr-x[32258]: | .+o |
2024-04-16T05:25:29.969 INFO:journalctl@ceph.mgr.x.smithi086.stdout:Apr 16 05:25:29 smithi086 ceph-6a4a23f8-fbb1-11ee-bc8f-c7b262605968-mgr-x[32258]: +----[SHA256]-----+
2024-04-16T05:25:30.268 INFO:teuthology.orchestra.run.smithi086.stdout:/usr/bin/ceph: stderr
2024-04-16T05:25:29.076+0000 7f3ae5e20700 1 Processor -- start
2024-04-16T05:25:30.269 INFO:teuthology.orchestra.run.smithi086.stdout:/usr/bin/ceph: stderr
2024-04-16T05:25:29.076+0000 7f3ae5e20700 1 -- start start
2024-04-16T05:25:30.269 INFO:teuthology.orchestra.run.smithi086.stdout:/usr/bin/ceph: stderr
2024-04-16T05:25:29.076+0000 7f3ae5e20700 1 --2- >> [v2:172.21.15.86:3300/0,v1:172.21.15.86:6789/0] conn(0x7f3ae0107580 0x7f3ae01079a0 unknown :-1 s=NONE pgs=0 cs=0 l=0 rev1=0 crypto rx=0 tx=0 comp rx=0 tx=0).connect
2024-04-16T05:25:30.269 INFO:teuthology.orchestra.run.smithi086.stdout:/usr/bin/ceph: stderr
2024-04-16T05:25:29.076+0000 7f3ae5e20700 1 -- --> [v2:172.21.15.86:3300/0,v1:172.21.15.86:6789/0] -- mon_getmap magic: 0 -- 0x7f3ae0107f70 con 0x7f3ae0107580
2024-04-16T05:25:30.269 INFO:teuthology.orchestra.run.smithi086.stdout:/usr/bin/ceph: stderr
2024-04-16T05:25:29.076+0000 7f3adf7fe700 1 --2- >> [v2:172.21.15.86:3300/0,v1:172.21.15.86:6789/0] conn(0x7f3ae0107580 0x7f3ae01079a0 unknown :-1 s=BANNER_CONNECTING pgs=0 cs=0 l=0 rev1=0 crypto rx=0 tx=0 comp rx=0 tx=0)._handle_peer_banner_payload supported=3 required=0
2024-04-16T05:25:30.269 INFO:teuthology.orchestra.run.smithi086.stdout:/usr/bin/ceph: stderr
2024-04-16T05:25:29.076+0000 7f3adf7fe700 1 --2- >> [v2:172.21.15.86:3300/0,v1:172.21.15.86:6789/0] conn(0x7f3ae0107580 0x7f3ae01079a0 unknown :-1 s=HELLO_CONNECTING pgs=0 cs=0 l=0 rev1=1 crypto rx=0 tx=0 comp rx=0 tx=0).handle_hello peer v2:172.21.15.86:3300/0 says I am v2:172.21.15.86:48828/0 (socket says 172.21.15.86:48828)
2024-04-16T05:25:30.269 INFO:teuthology.orchestra.run.smithi086.stdout:/usr/bin/ceph: stderr
2024-04-16T05:25:29.076+0000 7f3adf7fe700 1 -- 172.21.15.86:0/3772444723 learned_addr learned my addr 172.21.15.86:0/3772444723 (peer_addr_for_me v2:172.21.15.86:0/0)
2024-04-16T05:25:30.269 INFO:teuthology.orchestra.run.smithi086.stdout:/usr/bin/ceph: stderr
2024-04-16T05:25:29.076+0000 7f3adf7fe700 1 -- 172.21.15.86:0/3772444723 --> [v2:172.21.15.86:3300/0,v1:172.21.15.86:6789/0] -- mon_subscribe({config=0+,monmap=0+}) -- 0x7f3ae0108780 con 0x7f3ae0107580
2024-04-16T05:25:30.269 INFO:teuthology.orchestra.run.smithi086.stdout:/usr/bin/ceph: stderr
2024-04-16T05:25:29.076+0000 7f3adf7fe700 1 --2- 172.21.15.86:0/3772444723 >> [v2:172.21.15.86:3300/0,v1:172.21.15.86:6789/0] conn(0x7f3ae0107580 0x7f3ae01079a0 secure :-1 s=READY pgs=37 cs=0 l=1 rev1=1 crypto rx=0x7f3ad00098a0 tx=0x7f3ad0009bb0 comp rx=0 tx=0).ready entity=mon.0 client_cookie=ed2eff0a1c1b9c51 server_cookie=0 in_seq=0 out_seq=0
2024-04-16T05:25:30.269 INFO:teuthology.orchestra.run.smithi086.stdout:/usr/bin/ceph: stderr
2024-04-16T05:25:29.077+0000 7f3adeffd700 1 -- 172.21.15.86:0/3772444723 <== mon.0 v2:172.21.15.86:3300/0 1 ==== mon_map magic: 0 ==== 205+0+0 (secure 0 0 0) 0x7f3ad0004160 con 0x7f3ae0107580
2024-04-16T05:25:30.269 INFO:teuthology.orchestra.run.smithi086.stdout:/usr/bin/ceph: stderr
2024-04-16T05:25:29.077+0000 7f3adeffd700 1 -- 172.21.15.86:0/3772444723 <== mon.0 v2:172.21.15.86:3300/0 2 ==== config(27 keys) ==== 1109+0+0 (secure 0 0 0) 0x7f3ad0004300 con 0x7f3ae0107580
2024-04-16T05:25:30.269 INFO:teuthology.orchestra.run.smithi086.stdout:/usr/bin/ceph: stderr
2024-04-16T05:25:29.077+0000 7f3adeffd700 1 -- 172.21.15.86:0/3772444723 <== mon.0 v2:172.21.15.86:3300/0 3 ==== mon_map magic: 0 ==== 205+0+0 (secure 0 0 0) 0x7f3ad0011b50 con 0x7f3ae0107580
2024-04-16T05:25:30.269 INFO:teuthology.orchestra.run.smithi086.stdout:/usr/bin/ceph: stderr
2024-04-16T05:25:29.077+0000 7f3ae5e20700 1 -- 172.21.15.86:0/3772444723 >> [v2:172.21.15.86:3300/0,v1:172.21.15.86:6789/0] conn(0x7f3ae0107580 msgr2=0x7f3ae01079a0 secure :-1 s=STATE_CONNECTION_ESTABLISHED l=1).mark_down
2024-04-16T05:25:30.269 INFO:teuthology.orchestra.run.smithi086.stdout:/usr/bin/ceph: stderr
2024-04-16T05:25:29.077+0000 7f3ae5e20700 1 --2- 172.21.15.86:0/3772444723 >> [v2:172.21.15.86:3300/0,v1:172.21.15.86:6789/0] conn(0x7f3ae0107580 0x7f3ae01079a0 secure :-1 s=READY pgs=37 cs=0 l=1 rev1=1 crypto rx=0x7f3ad00098a0 tx=0x7f3ad0009bb0 comp rx=0 tx=0).stop
2024-04-16T05:25:30.269 INFO:teuthology.orchestra.run.smithi086.stdout:/usr/bin/ceph: stderr
2024-04-16T05:25:29.077+0000 7f3ae5e20700 1 -- 172.21.15.86:0/3772444723 shutdown_connections
2024-04-16T05:25:30.270 INFO:teuthology.orchestra.run.smithi086.stdout:/usr/bin/ceph: stderr
2024-04-16T05:25:29.077+0000 7f3ae5e20700 1 --2- 172.21.15.86:0/3772444723 >> [v2:172.21.15.86:3300/0,v1:172.21.15.86:6789/0] conn(0x7f3ae0107580 0x7f3ae01079a0 unknown :-1 s=CLOSED pgs=37 cs=0 l=1 rev1=1 crypto rx=0 tx=0 comp rx=0 tx=0).stop
2024-04-16T05:25:30.270 INFO:teuthology.orchestra.run.smithi086.stdout:/usr/bin/ceph: stderr
2024-04-16T05:25:29.077+0000 7f3ae5e20700 1 -- 172.21.15.86:0/3772444723 >> 172.21.15.86:0/3772444723 conn(0x7f3ae0102b80 msgr2=0x7f3ae0104fa0 unknown :-1 s=STATE_NONE l=0).mark_down
2024-04-16T05:25:30.270 INFO:teuthology.orchestra.run.smithi086.stdout:/usr/bin/ceph: stderr
2024-04-16T05:25:29.077+0000 7f3ae5e20700 1 -- 172.21.15.86:0/3772444723 shutdown_connections
2024-04-16T05:25:30.270 INFO:teuthology.orchestra.run.smithi086.stdout:/usr/bin/ceph: stderr
2024-04-16T05:25:29.077+0000 7f3ae5e20700 1 -- 172.21.15.86:0/3772444723 wait complete.
2024-04-16T05:25:30.270 INFO:teuthology.orchestra.run.smithi086.stdout:/usr/bin/ceph: stderr
2024-04-16T05:25:29.078+0000 7f3ae5e20700 1 Processor -- start
2024-04-16T05:25:30.270 INFO:teuthology.orchestra.run.smithi086.stdout:/usr/bin/ceph: stderr
2024-04-16T05:25:29.078+0000 7f3ae5e20700 1 -- start start
2024-04-16T05:25:30.270 INFO:teuthology.orchestra.run.smithi086.stdout:/usr/bin/ceph: stderr
2024-04-16T05:25:29.078+0000 7f3ae5e20700 1 --2- >> [v2:172.21.15.86:3300/0,v1:172.21.15.86:6789/0] conn(0x7f3ae0107580 0x7f3ae019a4b0 unknown :-1 s=NONE pgs=0 cs=0 l=1 rev1=0 crypto rx=0 tx=0 comp rx=0 tx=0).connect
2024-04-16T05:25:30.270 INFO:teuthology.orchestra.run.smithi086.stdout:/usr/bin/ceph: stderr
2024-04-16T05:25:29.078+0000 7f3ae5e20700 1 -- --> [v2:172.21.15.86:3300/0,v1:172.21.15.86:6789/0] -- mon_getmap magic: 0 -- 0x7f3ae007aff0 con 0x7f3ae0107580
2024-04-16T05:25:30.270 INFO:teuthology.orchestra.run.smithi086.stdout:/usr/bin/ceph: stderr
2024-04-16T05:25:29.078+0000 7f3adf7fe700 1 --2- >> [v2:172.21.15.86:3300/0,v1:172.21.15.86:6789/0] conn(0x7f3ae0107580 0x7f3ae019a4b0 unknown :-1 s=BANNER_CONNECTING pgs=0 cs=0 l=1 rev1=0 crypto rx=0 tx=0 comp rx=0 tx=0)._handle_peer_banner_payload supported=3 required=0
2024-04-16T05:25:30.270 INFO:teuthology.orchestra.run.smithi086.stdout:/usr/bin/ceph: stderr
2024-04-16T05:25:29.078+0000 7f3adf7fe700 1 --2- >> [v2:172.21.15.86:3300/0,v1:172.21.15.86:6789/0] conn(0x7f3ae0107580 0x7f3ae019a4b0 unknown :-1 s=HELLO_CONNECTING pgs=0 cs=0 l=1 rev1=1 crypto rx=0 tx=0 comp rx=0 tx=0).handle_hello peer v2:172.21.15.86:3300/0 says I am v2:172.21.15.86:48836/0 (socket says 172.21.15.86:48836)
2024-04-16T05:25:30.270 INFO:teuthology.orchestra.run.smithi086.stdout:/usr/bin/ceph: stderr
2024-04-16T05:25:29.078+0000 7f3adf7fe700 1 -- 172.21.15.86:0/2402071946 learned_addr learned my addr 172.21.15.86:0/2402071946 (peer_addr_for_me v2:172.21.15.86:0/0)
2024-04-16T05:25:30.270 INFO:teuthology.orchestra.run.smithi086.stdout:/usr/bin/ceph: stderr
2024-04-16T05:25:29.078+0000 7f3adf7fe700 1 -- 172.21.15.86:0/2402071946 --> [v2:172.21.15.86:3300/0,v1:172.21.15.86:6789/0] -- mon_subscribe({config=0+,monmap=0+}) -- 0x7f3ae019a9f0 con 0x7f3ae0107580
2024-04-16T05:25:30.271 INFO:teuthology.orchestra.run.smithi086.stdout:/usr/bin/ceph: stderr
2024-04-16T05:25:29.079+0000 7f3adf7fe700 1 --2- 172.21.15.86:0/2402071946 >> [v2:172.21.15.86:3300/0,v1:172.21.15.86:6789/0] conn(0x7f3ae0107580 0x7f3ae019a4b0 secure :-1 s=READY pgs=38 cs=0 l=1 rev1=1 crypto rx=0x7f3ad0009fb0 tx=0x7f3ad0011bf0 comp rx=0 tx=0).ready entity=mon.0 client_cookie=0 server_cookie=0 in_seq=0 out_seq=0
2024-04-16T05:25:30.271 INFO:teuthology.orchestra.run.smithi086.stdout:/usr/bin/ceph: stderr
2024-04-16T05:25:29.079+0000 7f3add7fa700 1 -- 172.21.15.86:0/2402071946 <== mon.0 v2:172.21.15.86:3300/0 1 ==== mon_map magic: 0 ==== 205+0+0 (secure 0 0 0) 0x7f3ad00038b0 con 0x7f3ae0107580
2024-04-16T05:25:30.271 INFO:teuthology.orchestra.run.smithi086.stdout:/usr/bin/ceph: stderr
2024-04-16T05:25:29.079+0000 7f3add7fa700 1 -- 172.21.15.86:0/2402071946 <== mon.0 v2:172.21.15.86:3300/0 2 ==== config(27 keys) ==== 1109+0+0 (secure 0 0 0) 0x7f3ad0011e50 con 0x7f3ae0107580
2024-04-16T05:25:30.271 INFO:teuthology.orchestra.run.smithi086.stdout:/usr/bin/ceph: stderr
2024-04-16T05:25:29.079+0000 7f3ae5e20700 1 -- 172.21.15.86:0/2402071946 --> [v2:172.21.15.86:3300/0,v1:172.21.15.86:6789/0] -- mon_subscribe({mgrmap=0+}) -- 0x7f3ae019ac80 con 0x7f3ae0107580
2024-04-16T05:25:30.271 INFO:teuthology.orchestra.run.smithi086.stdout:/usr/bin/ceph: stderr
2024-04-16T05:25:29.079+0000 7f3add7fa700 1 -- 172.21.15.86:0/2402071946 <== mon.0 v2:172.21.15.86:3300/0 3 ==== mon_map magic: 0 ==== 205+0+0 (secure 0 0 0) 0x7f3ad0019550 con 0x7f3ae0107580
2024-04-16T05:25:30.271 INFO:teuthology.orchestra.run.smithi086.stdout:/usr/bin/ceph: stderr
2024-04-16T05:25:29.079+0000 7f3ae5e20700 1 -- 172.21.15.86:0/2402071946 --> [v2:172.21.15.86:3300/0,v1:172.21.15.86:6789/0] -- mon_subscribe({osdmap=0}) -- 0x7f3ae019d970 con 0x7f3ae0107580
2024-04-16T05:25:30.271 INFO:teuthology.orchestra.run.smithi086.stdout:/usr/bin/ceph: stderr
2024-04-16T05:25:29.080+0000 7f3add7fa700 1 -- 172.21.15.86:0/2402071946 <== mon.0 v2:172.21.15.86:3300/0 4 ==== mgrmap(e 8) ==== 46558+0+0 (secure 0 0 0) 0x7f3ad0019850 con 0x7f3ae0107580
2024-04-16T05:25:30.271 INFO:teuthology.orchestra.run.smithi086.stdout:/usr/bin/ceph: stderr
2024-04-16T05:25:29.080+0000 7f3ae5e20700 1 -- 172.21.15.86:0/2402071946 --> [v2:172.21.15.86:3300/0,v1:172.21.15.86:6789/0] -- mon_command({"prefix": "get_command_descriptions"} v 0) -- 0x7f3ae0064150 con 0x7f3ae0107580
2024-04-16T05:25:30.271 INFO:teuthology.orchestra.run.smithi086.stdout:/usr/bin/ceph: stderr
2024-04-16T05:25:29.080+0000 7f3add7fa700 1 --2- 172.21.15.86:0/2402071946 >> [v2:172.21.15.86:6800/1420225001,v1:172.21.15.86:6801/1420225001] conn(0x7f3acc03b770 0x7f3acc03dc30 unknown :-1 s=NONE pgs=0 cs=0 l=1 rev1=0 crypto rx=0 tx=0 comp rx=0 tx=0).connect
2024-04-16T05:25:30.271 INFO:teuthology.orchestra.run.smithi086.stdout:/usr/bin/ceph: stderr
2024-04-16T05:25:29.080+0000 7f3add7fa700 1 -- 172.21.15.86:0/2402071946 <== mon.0 v2:172.21.15.86:3300/0 5 ==== osd_map(2..2 src has 1..2) ==== 940+0+0 (secure 0 0 0) 0x7f3ad004dae0 con 0x7f3ae0107580
2024-04-16T05:25:30.271 INFO:teuthology.orchestra.run.smithi086.stdout:/usr/bin/ceph: stderr
2024-04-16T05:25:29.080+0000 7f3ad7fff700 1 --2- 172.21.15.86:0/2402071946 >> [v2:172.21.15.86:6800/1420225001,v1:172.21.15.86:6801/1420225001] conn(0x7f3acc03b770 0x7f3acc03dc30 unknown :-1 s=BANNER_CONNECTING pgs=0 cs=0 l=1 rev1=0 crypto rx=0 tx=0 comp rx=0 tx=0)._handle_peer_banner_payload supported=3 required=0
2024-04-16T05:25:30.271 INFO:teuthology.orchestra.run.smithi086.stdout:/usr/bin/ceph: stderr
2024-04-16T05:25:29.080+0000 7f3ad7fff700 1 --2- 172.21.15.86:0/2402071946 >> [v2:172.21.15.86:6800/1420225001,v1:172.21.15.86:6801/1420225001] conn(0x7f3acc03b770 0x7f3acc03dc30 secure :-1 s=READY pgs=9 cs=0 l=1 rev1=1 crypto rx=0x7f3ac8006fd0 tx=0x7f3ac8006e40 comp rx=0 tx=0).ready entity=mgr.14116 client_cookie=0 server_cookie=0 in_seq=0 out_seq=0
2024-04-16T05:25:30.271 INFO:teuthology.orchestra.run.smithi086.stdout:/usr/bin/ceph: stderr
2024-04-16T05:25:29.085+0000 7f3add7fa700 1 -- 172.21.15.86:0/2402071946 <== mon.0 v2:172.21.15.86:3300/0 6 ==== mon_command_ack([{"prefix": "get_command_descriptions"}]=0 v0) ==== 72+0+188370 (secure 0 0 0) 0x7f3ad0018dc0 con 0x7f3ae0107580
2024-04-16T05:25:30.271 INFO:teuthology.orchestra.run.smithi086.stdout:/usr/bin/ceph: stderr
2024-04-16T05:25:29.284+0000 7f3ae5e20700 1 -- 172.21.15.86:0/2402071946 --> [v2:172.21.15.86:6800/1420225001,v1:172.21.15.86:6801/1420225001] -- mgr_command(tid 0: {"prefix": "cephadm generate-key", "target": ["mon-mgr", ""]}) -- 0x7f3ae0062f30 con 0x7f3acc03b770
2024-04-16T05:25:30.272 INFO:teuthology.orchestra.run.smithi086.stdout:/usr/bin/ceph: stderr
2024-04-16T05:25:29.628+0000 7f3add7fa700 1 -- 172.21.15.86:0/2402071946 <== mgr.14116 v2:172.21.15.86:6800/1420225001 1 ==== mgr_command_reply(tid 0: 0 ) ==== 8+0+0 (secure 0 0 0) 0x7f3ae0062f30 con 0x7f3acc03b770
2024-04-16T05:25:30.272 INFO:teuthology.orchestra.run.smithi086.stdout:/usr/bin/ceph: stderr
2024-04-16T05:25:29.630+0000 7f3ae5e20700 1 -- 172.21.15.86:0/2402071946 >> [v2:172.21.15.86:6800/1420225001,v1:172.21.15.86:6801/1420225001] conn(0x7f3acc03b770 msgr2=0x7f3acc03dc30 secure :-1 s=STATE_CONNECTION_ESTABLISHED l=1).mark_down
2024-04-16T05:25:30.272 INFO:teuthology.orchestra.run.smithi086.stdout:/usr/bin/ceph: stderr
2024-04-16T05:25:29.630+0000 7f3ae5e20700 1 --2- 172.21.15.86:0/2402071946 >> [v2:172.21.15.86:6800/1420225001,v1:172.21.15.86:6801/1420225001] conn(0x7f3acc03b770 0x7f3acc03dc30 secure :-1 s=READY pgs=9 cs=0 l=1 rev1=1 crypto rx=0x7f3ac8006fd0 tx=0x7f3ac8006e40 comp rx=0 tx=0).stop
2024-04-16T05:25:30.272 INFO:teuthology.orchestra.run.smithi086.stdout:/usr/bin/ceph: stderr
2024-04-16T05:25:29.630+0000 7f3ae5e20700 1 -- 172.21.15.86:0/2402071946 >> [v2:172.21.15.86:3300/0,v1:172.21.15.86:6789/0] conn(0x7f3ae0107580 msgr2=0x7f3ae019a4b0 secure :-1 s=STATE_CONNECTION_ESTABLISHED l=1).mark_down
2024-04-16T05:25:30.272 INFO:teuthology.orchestra.run.smithi086.stdout:/usr/bin/ceph: stderr
2024-04-16T05:25:29.630+0000 7f3ae5e20700 1 --2- 172.21.15.86:0/2402071946 >> [v2:172.21.15.86:3300/0,v1:172.21.15.86:6789/0] conn(0x7f3ae0107580 0x7f3ae019a4b0 secure :-1 s=READY pgs=38 cs=0 l=1 rev1=1 crypto rx=0x7f3ad0009fb0 tx=0x7f3ad0011bf0 comp rx=0 tx=0).stop
2024-04-16T05:25:30.272 INFO:teuthology.orchestra.run.smithi086.stdout:/usr/bin/ceph: stderr
2024-04-16T05:25:29.630+0000 7f3ae5e20700 1 -- 172.21.15.86:0/2402071946 shutdown_connections
2024-04-16T05:25:30.272 INFO:teuthology.orchestra.run.smithi086.stdout:/usr/bin/ceph: stderr
2024-04-16T05:25:29.630+0000 7f3ae5e20700 1 --2- 172.21.15.86:0/2402071946 >> [v2:172.21.15.86:6800/1420225001,v1:172.21.15.86:6801/1420225001] conn(0x7f3acc03b770 0x7f3acc03dc30 unknown :-1 s=CLOSED pgs=9 cs=0 l=1 rev1=1 crypto rx=0 tx=0 comp rx=0 tx=0).stop
2024-04-16T05:25:30.272 INFO:teuthology.orchestra.run.smithi086.stdout:/usr/bin/ceph: stderr
2024-04-16T05:25:29.630+0000 7f3ae5e20700 1 --2- 172.21.15.86:0/2402071946 >> [v2:172.21.15.86:3300/0,v1:172.21.15.86:6789/0] conn(0x7f3ae0107580 0x7f3ae019a4b0 unknown :-1 s=CLOSED pgs=38 cs=0 l=1 rev1=1 crypto rx=0 tx=0 comp rx=0 tx=0).stop
2024-04-16T05:25:30.272 INFO:teuthology.orchestra.run.smithi086.stdout:/usr/bin/ceph: stderr
2024-04-16T05:25:29.630+0000 7f3ae5e20700 1 -- 172.21.15.86:0/2402071946 >> 172.21.15.86:0/2402071946 conn(0x7f3ae0102b80 msgr2=0x7f3ae0190b00 unknown :-1 s=STATE_NONE l=0).mark_down
2024-04-16T05:25:30.272 INFO:teuthology.orchestra.run.smithi086.stdout:/usr/bin/ceph: stderr
2024-04-16T05:25:29.630+0000 7f3ae5e20700 1 -- 172.21.15.86:0/2402071946 shutdown_connections
2024-04-16T05:25:30.272 INFO:teuthology.orchestra.run.smithi086.stdout:/usr/bin/ceph: stderr
2024-04-16T05:25:29.630+0000 7f3ae5e20700 1 -- 172.21.15.86:0/2402071946 wait complete.
2024-04-16T05:25:30.895 INFO:journalctl@ceph.mon.a.smithi086.stdout:Apr 16 05:25:30 smithi086 ceph-mon[32028]: from='client.14132 -' entity='client.admin' cmd=[{"prefix": "cephadm generate-key", "target": ["mon-mgr", ""]}]: dispatch
2024-04-16T05:25:30.895 INFO:journalctl@ceph.mon.a.smithi086.stdout:Apr 16 05:25:30 smithi086 ceph-mon[32028]: Generating ssh key...
2024-04-16T05:25:31.558 INFO:teuthology.orchestra.run.smithi086.stdout:/usr/bin/ceph: stdout ssh-rsa AAAAB3NzaC1yc2EAAAADAQABAAABgQDOOITO0oATfHLwKhPKtob4+MLIWNV7p2616NsdGtWk6lwh6dpw0zzat/knIeArU/sZ0my/9yl0xtmPjI9CETax+KDuW4FPUtsxTieI8Y6vOjRUGN7PNQqAyTPakyUUw7qijuGD31AqL6zzfr1k9rmeS3FRPMy+7H0Z+vTB7Lj7sfNSVRh0YbSMewXdtSSPPBq57SVjLI90ZkCb4q3ttuhcKuhafHpJKN33in+liohPQ8ns6MJbTBJen+PwECO401MkTi7sSmo8K3tiTOSImETpRDZYTYgUgowmNVIq+Chp4h50FRhDGjC5y98HLHde1HKEXODe6wUUvl3+0ibu1NG8GXlZKymsAxrF7MisIWwZXby1pHw8PaC7BtBUL5sEcz3l3IMFF8bG11VlfY7ug0xH9wzh6r23uweExnLXzBSyS+4M6Ts7wTL9T/TDP0YIawHeWZYy0fZbifV+8bZlqvvgVrR1LHD+xK7Tn0pj4z4jV0Sf6UPRnP+HxEtE0+VlzXc= ceph-6a4a23f8-fbb1-11ee-bc8f-c7b262605968
2024-04-16T05:25:31.558 INFO:teuthology.orchestra.run.smithi086.stdout:/usr/bin/ceph: stderr
2024-04-16T05:25:30.689+0000 7fd1781d6700 1 Processor -- start
2024-04-16T05:25:31.558 INFO:teuthology.orchestra.run.smithi086.stdout:/usr/bin/ceph: stderr
2024-04-16T05:25:30.689+0000 7fd1781d6700 1 -- start start
2024-04-16T05:25:31.559 INFO:teuthology.orchestra.run.smithi086.stdout:/usr/bin/ceph: stderr
2024-04-16T05:25:30.689+0000 7fd1781d6700 1 --2- >> [v2:172.21.15.86:3300/0,v1:172.21.15.86:6789/0] conn(0x7fd170106980 0x7fd170106da0 unknown :-1 s=NONE pgs=0 cs=0 l=0 rev1=0 crypto rx=0 tx=0 comp rx=0 tx=0).connect
2024-04-16T05:25:31.559 INFO:teuthology.orchestra.run.smithi086.stdout:/usr/bin/ceph: stderr
2024-04-16T05:25:30.689+0000 7fd1781d6700 1 -- --> [v2:172.21.15.86:3300/0,v1:172.21.15.86:6789/0] -- mon_getmap magic: 0 -- 0x7fd170107370 con 0x7fd170106980
2024-04-16T05:25:31.559 INFO:teuthology.orchestra.run.smithi086.stdout:/usr/bin/ceph: stderr
2024-04-16T05:25:30.689+0000 7fd175f72700 1 --2- >> [v2:172.21.15.86:3300/0,v1:172.21.15.86:6789/0] conn(0x7fd170106980 0x7fd170106da0 unknown :-1 s=BANNER_CONNECTING pgs=0 cs=0 l=0 rev1=0 crypto rx=0 tx=0 comp rx=0 tx=0)._handle_peer_banner_payload supported=3 required=0
2024-04-16T05:25:31.559 INFO:teuthology.orchestra.run.smithi086.stdout:/usr/bin/ceph: stderr
2024-04-16T05:25:30.689+0000 7fd175f72700 1 --2- >> [v2:172.21.15.86:3300/0,v1:172.21.15.86:6789/0] conn(0x7fd170106980 0x7fd170106da0 unknown :-1 s=HELLO_CONNECTING pgs=0 cs=0 l=0 rev1=1 crypto rx=0 tx=0 comp rx=0 tx=0).handle_hello peer v2:172.21.15.86:3300/0 says I am v2:172.21.15.86:44672/0 (socket says 172.21.15.86:44672)
2024-04-16T05:25:31.559 INFO:teuthology.orchestra.run.smithi086.stdout:/usr/bin/ceph: stderr
2024-04-16T05:25:30.689+0000 7fd175f72700 1 -- 172.21.15.86:0/3718279062 learned_addr learned my addr 172.21.15.86:0/3718279062 (peer_addr_for_me v2:172.21.15.86:0/0)
2024-04-16T05:25:31.559 INFO:teuthology.orchestra.run.smithi086.stdout:/usr/bin/ceph: stderr
2024-04-16T05:25:30.689+0000 7fd175f72700 1 -- 172.21.15.86:0/3718279062 --> [v2:172.21.15.86:3300/0,v1:172.21.15.86:6789/0] -- mon_subscribe({config=0+,monmap=0+}) -- 0x7fd1701074f0 con 0x7fd170106980
2024-04-16T05:25:31.559 INFO:teuthology.orchestra.run.smithi086.stdout:/usr/bin/ceph: stderr
2024-04-16T05:25:30.690+0000 7fd175f72700 1 --2- 172.21.15.86:0/3718279062 >> [v2:172.21.15.86:3300/0,v1:172.21.15.86:6789/0] conn(0x7fd170106980 0x7fd170106da0 secure :-1 s=READY pgs=39 cs=0 l=1 rev1=1 crypto rx=0x7fd16c0098a0 tx=0x7fd16c009bb0 comp rx=0 tx=0).ready entity=mon.0 client_cookie=339ccad7271f5f63 server_cookie=0 in_seq=0 out_seq=0
2024-04-16T05:25:31.559 INFO:teuthology.orchestra.run.smithi086.stdout:/usr/bin/ceph: stderr
2024-04-16T05:25:30.690+0000 7fd174f70700 1 -- 172.21.15.86:0/3718279062 <== mon.0 v2:172.21.15.86:3300/0 1 ==== mon_map magic: 0 ==== 205+0+0 (secure 0 0 0) 0x7fd16c004160 con 0x7fd170106980
2024-04-16T05:25:31.559 INFO:teuthology.orchestra.run.smithi086.stdout:/usr/bin/ceph: stderr
2024-04-16T05:25:30.690+0000 7fd174f70700 1 -- 172.21.15.86:0/3718279062 <== mon.0 v2:172.21.15.86:3300/0 2 ==== config(27 keys) ==== 1109+0+0 (secure 0 0 0) 0x7fd16c004300 con 0x7fd170106980
