2024-04-16T05:25:58.223 INFO:teuthology.orchestra.run.smithi086.stdout:/usr/bin/ceph: stderr
2024-04-16T05:25:57.426+0000 7fa3b5c53700 1 -- 172.21.15.86:0/2826267862 learned_addr learned my addr 172.21.15.86:0/2826267862 (peer_addr_for_me v2:172.21.15.86:0/0)
2024-04-16T05:25:58.223 INFO:teuthology.orchestra.run.smithi086.stdout:/usr/bin/ceph: stderr
2024-04-16T05:25:57.426+0000 7fa3b5c53700 1 -- 172.21.15.86:0/2826267862 --> [v2:172.21.15.86:3300/0,v1:172.21.15.86:6789/0] -- mon_subscribe({config=0+,monmap=0+}) -- 0x7fa3b019ece0 con 0x7fa3b007de90
2024-04-16T05:25:58.223 INFO:teuthology.orchestra.run.smithi086.stdout:/usr/bin/ceph: stderr
2024-04-16T05:25:57.426+0000 7fa3b5c53700 1 --2- 172.21.15.86:0/2826267862 >> [v2:172.21.15.86:3300/0,v1:172.21.15.86:6789/0] conn(0x7fa3b007de90 0x7fa3b019e7a0 secure :-1 s=READY pgs=71 cs=0 l=1 rev1=1 crypto rx=0x7fa3ac0117e0 tx=0x7fa3ac011ba0 comp rx=0 tx=0).ready entity=mon.0 client_cookie=0 server_cookie=0 in_seq=0 out_seq=0
2024-04-16T05:25:58.223 INFO:teuthology.orchestra.run.smithi086.stdout:/usr/bin/ceph: stderr
2024-04-16T05:25:57.426+0000 7fa3a6ffd700 1 -- 172.21.15.86:0/2826267862 <== mon.0 v2:172.21.15.86:3300/0 1 ==== mon_map magic: 0 ==== 205+0+0 (secure 0 0 0) 0x7fa3ac003ba0 con 0x7fa3b007de90
2024-04-16T05:25:58.223 INFO:teuthology.orchestra.run.smithi086.stdout:/usr/bin/ceph: stderr
2024-04-16T05:25:57.426+0000 7fa3a6ffd700 1 -- 172.21.15.86:0/2826267862 <== mon.0 v2:172.21.15.86:3300/0 2 ==== config(27 keys) ==== 1140+0+0 (secure 0 0 0) 0x7fa3ac01a910 con 0x7fa3b007de90
2024-04-16T05:25:58.223 INFO:teuthology.orchestra.run.smithi086.stdout:/usr/bin/ceph: stderr
2024-04-16T05:25:57.426+0000 7fa3b7eb7700 1 -- 172.21.15.86:0/2826267862 --> [v2:172.21.15.86:3300/0,v1:172.21.15.86:6789/0] -- mon_subscribe({mgrmap=0+}) -- 0x7fa3b019ef70 con 0x7fa3b007de90
2024-04-16T05:25:58.223 INFO:teuthology.orchestra.run.smithi086.stdout:/usr/bin/ceph: stderr
2024-04-16T05:25:57.426+0000 7fa3a6ffd700 1 -- 172.21.15.86:0/2826267862 <== mon.0 v2:172.21.15.86:3300/0 3 ==== mon_map magic: 0 ==== 205+0+0 (secure 0 0 0) 0x7fa3ac0248f0 con 0x7fa3b007de90
2024-04-16T05:25:58.223 INFO:teuthology.orchestra.run.smithi086.stdout:/usr/bin/ceph: stderr
2024-04-16T05:25:57.426+0000 7fa3b7eb7700 1 -- 172.21.15.86:0/2826267862 --> [v2:172.21.15.86:3300/0,v1:172.21.15.86:6789/0] -- mon_subscribe({osdmap=0}) -- 0x7fa3b019f3d0 con 0x7fa3b007de90
2024-04-16T05:25:58.224 INFO:teuthology.orchestra.run.smithi086.stdout:/usr/bin/ceph: stderr
2024-04-16T05:25:57.427+0000 7fa3a6ffd700 1 -- 172.21.15.86:0/2826267862 <== mon.0 v2:172.21.15.86:3300/0 4 ==== mgrmap(e 12) ==== 46571+0+0 (secure 0 0 0) 0x7fa3ac022020 con 0x7fa3b007de90
2024-04-16T05:25:58.224 INFO:teuthology.orchestra.run.smithi086.stdout:/usr/bin/ceph: stderr
2024-04-16T05:25:57.427+0000 7fa3b7eb7700 1 -- 172.21.15.86:0/2826267862 --> [v2:172.21.15.86:3300/0,v1:172.21.15.86:6789/0] -- mon_command({"prefix": "get_command_descriptions"} v 0) -- 0x7fa3b0064150 con 0x7fa3b007de90
2024-04-16T05:25:58.224 INFO:teuthology.orchestra.run.smithi086.stdout:/usr/bin/ceph: stderr
2024-04-16T05:25:57.427+0000 7fa3a6ffd700 1 --2- 172.21.15.86:0/2826267862 >> [v2:172.21.15.86:6800/3194681946,v1:172.21.15.86:6801/3194681946] conn(0x7fa39c039660 0x7fa39c03bb20 unknown :-1 s=NONE pgs=0 cs=0 l=1 rev1=0 crypto rx=0 tx=0 comp rx=0 tx=0).connect
2024-04-16T05:25:58.224 INFO:teuthology.orchestra.run.smithi086.stdout:/usr/bin/ceph: stderr
2024-04-16T05:25:57.427+0000 7fa3a6ffd700 1 -- 172.21.15.86:0/2826267862 <== mon.0 v2:172.21.15.86:3300/0 5 ==== osd_map(3..3 src has 1..3) ==== 1155+0+0 (secure 0 0 0) 0x7fa3ac04dd70 con 0x7fa3b007de90
2024-04-16T05:25:58.224 INFO:teuthology.orchestra.run.smithi086.stdout:/usr/bin/ceph: stderr
2024-04-16T05:25:57.428+0000 7fa3b5452700 1 --2- 172.21.15.86:0/2826267862 >> [v2:172.21.15.86:6800/3194681946,v1:172.21.15.86:6801/3194681946] conn(0x7fa39c039660 0x7fa39c03bb20 unknown :-1 s=BANNER_CONNECTING pgs=0 cs=0 l=1 rev1=0 crypto rx=0 tx=0 comp rx=0 tx=0)._handle_peer_banner_payload supported=3 required=0
2024-04-16T05:25:58.224 INFO:teuthology.orchestra.run.smithi086.stdout:/usr/bin/ceph: stderr
2024-04-16T05:25:57.428+0000 7fa3b5452700 1 --2- 172.21.15.86:0/2826267862 >> [v2:172.21.15.86:6800/3194681946,v1:172.21.15.86:6801/3194681946] conn(0x7fa39c039660 0x7fa39c03bb20 secure :-1 s=READY pgs=9 cs=0 l=1 rev1=1 crypto rx=0x7fa3a0006fd0 tx=0x7fa3a0006e40 comp rx=0 tx=0).ready entity=mgr.14148 client_cookie=0 server_cookie=0 in_seq=0 out_seq=0
2024-04-16T05:25:58.224 INFO:teuthology.orchestra.run.smithi086.stdout:/usr/bin/ceph: stderr
2024-04-16T05:25:57.433+0000 7fa3a6ffd700 1 -- 172.21.15.86:0/2826267862 <== mon.0 v2:172.21.15.86:3300/0 6 ==== mon_command_ack([{"prefix": "get_command_descriptions"}]=0 v0) ==== 72+0+188370 (secure 0 0 0) 0x7fa3ac052070 con 0x7fa3b007de90
2024-04-16T05:25:58.224 INFO:teuthology.orchestra.run.smithi086.stdout:/usr/bin/ceph: stderr
2024-04-16T05:25:57.462+0000 7fa3a6ffd700 1 -- 172.21.15.86:0/2826267862 <== mon.0 v2:172.21.15.86:3300/0 7 ==== mgrmap(e 13) ==== 46614+0+0 (secure 0 0 0) 0x7fa3ac02dc40 con 0x7fa3b007de90
2024-04-16T05:25:58.224 INFO:teuthology.orchestra.run.smithi086.stdout:/usr/bin/ceph: stderr
2024-04-16T05:25:57.630+0000 7fa3b7eb7700 1 -- 172.21.15.86:0/2826267862 --> [v2:172.21.15.86:3300/0,v1:172.21.15.86:6789/0] -- mon_command({"prefix": "config get", "who": "mgr", "key": "mgr/dashboard/ssl_server_port"} v 0) -- 0x7fa3b01a1da0 con 0x7fa3b007de90
2024-04-16T05:25:58.224 INFO:teuthology.orchestra.run.smithi086.stdout:/usr/bin/ceph: stderr
2024-04-16T05:25:57.631+0000 7fa3a6ffd700 1 -- 172.21.15.86:0/2826267862 <== mon.0 v2:172.21.15.86:3300/0 8 ==== mon_command_ack([{"prefix": "config get", "who": "mgr", "key": "mgr/dashboard/ssl_server_port"}]=0 v8) ==== 112+0+5 (secure 0 0 0) 0x7fa3ac00b3e0 con 0x7fa3b007de90
2024-04-16T05:25:58.224 INFO:teuthology.orchestra.run.smithi086.stdout:/usr/bin/ceph: stderr
2024-04-16T05:25:57.633+0000 7fa3b7eb7700 1 -- 172.21.15.86:0/2826267862 >> [v2:172.21.15.86:6800/3194681946,v1:172.21.15.86:6801/3194681946] conn(0x7fa39c039660 msgr2=0x7fa39c03bb20 secure :-1 s=STATE_CONNECTION_ESTABLISHED l=1).mark_down
2024-04-16T05:25:58.224 INFO:teuthology.orchestra.run.smithi086.stdout:/usr/bin/ceph: stderr
2024-04-16T05:25:57.633+0000 7fa3b7eb7700 1 --2- 172.21.15.86:0/2826267862 >> [v2:172.21.15.86:6800/3194681946,v1:172.21.15.86:6801/3194681946] conn(0x7fa39c039660 0x7fa39c03bb20 secure :-1 s=READY pgs=9 cs=0 l=1 rev1=1 crypto rx=0x7fa3a0006fd0 tx=0x7fa3a0006e40 comp rx=0 tx=0).stop
2024-04-16T05:25:58.224 INFO:teuthology.orchestra.run.smithi086.stdout:/usr/bin/ceph: stderr
2024-04-16T05:25:57.633+0000 7fa3b7eb7700 1 -- 172.21.15.86:0/2826267862 >> [v2:172.21.15.86:3300/0,v1:172.21.15.86:6789/0] conn(0x7fa3b007de90 msgr2=0x7fa3b019e7a0 secure :-1 s=STATE_CONNECTION_ESTABLISHED l=1).mark_down
2024-04-16T05:25:58.224 INFO:teuthology.orchestra.run.smithi086.stdout:/usr/bin/ceph: stderr
2024-04-16T05:25:57.633+0000 7fa3b7eb7700 1 --2- 172.21.15.86:0/2826267862 >> [v2:172.21.15.86:3300/0,v1:172.21.15.86:6789/0] conn(0x7fa3b007de90 0x7fa3b019e7a0 secure :-1 s=READY pgs=71 cs=0 l=1 rev1=1 crypto rx=0x7fa3ac0117e0 tx=0x7fa3ac011ba0 comp rx=0 tx=0).stop
2024-04-16T05:25:58.225 INFO:teuthology.orchestra.run.smithi086.stdout:/usr/bin/ceph: stderr
2024-04-16T05:25:57.633+0000 7fa3b7eb7700 1 -- 172.21.15.86:0/2826267862 shutdown_connections
2024-04-16T05:25:58.225 INFO:teuthology.orchestra.run.smithi086.stdout:/usr/bin/ceph: stderr
2024-04-16T05:25:57.633+0000 7fa3b7eb7700 1 --2- 172.21.15.86:0/2826267862 >> [v2:172.21.15.86:6800/3194681946,v1:172.21.15.86:6801/3194681946] conn(0x7fa39c039660 0x7fa39c03bb20 unknown :-1 s=CLOSED pgs=9 cs=0 l=1 rev1=1 crypto rx=0 tx=0 comp rx=0 tx=0).stop
2024-04-16T05:25:58.225 INFO:teuthology.orchestra.run.smithi086.stdout:/usr/bin/ceph: stderr
2024-04-16T05:25:57.633+0000 7fa3b7eb7700 1 --2- 172.21.15.86:0/2826267862 >> [v2:172.21.15.86:3300/0,v1:172.21.15.86:6789/0] conn(0x7fa3b007de90 0x7fa3b019e7a0 unknown :-1 s=CLOSED pgs=71 cs=0 l=1 rev1=1 crypto rx=0 tx=0 comp rx=0 tx=0).stop
2024-04-16T05:25:58.225 INFO:teuthology.orchestra.run.smithi086.stdout:/usr/bin/ceph: stderr
2024-04-16T05:25:57.633+0000 7fa3b7eb7700 1 -- 172.21.15.86:0/2826267862 >> 172.21.15.86:0/2826267862 conn(0x7fa3b0103dd0 msgr2=0x7fa3b0104890 unknown :-1 s=STATE_NONE l=0).mark_down
2024-04-16T05:25:58.225 INFO:teuthology.orchestra.run.smithi086.stdout:/usr/bin/ceph: stderr
2024-04-16T05:25:57.633+0000 7fa3b7eb7700 1 -- 172.21.15.86:0/2826267862 shutdown_connections
2024-04-16T05:25:58.225 INFO:teuthology.orchestra.run.smithi086.stdout:/usr/bin/ceph: stderr
2024-04-16T05:25:57.633+0000 7fa3b7eb7700 1 -- 172.21.15.86:0/2826267862 wait complete.
2024-04-16T05:25:58.229 INFO:teuthology.orchestra.run.smithi086.stdout:Non-zero exit code 1 from systemctl is-enabled firewalld.service
2024-04-16T05:25:58.229 INFO:teuthology.orchestra.run.smithi086.stdout:systemctl: stdout disabled
2024-04-16T05:25:58.237 INFO:teuthology.orchestra.run.smithi086.stdout:Non-zero exit code 3 from systemctl is-active firewalld.service
2024-04-16T05:25:58.238 INFO:teuthology.orchestra.run.smithi086.stdout:systemctl: stdout inactive
2024-04-16T05:25:58.238 INFO:teuthology.orchestra.run.smithi086.stdout:firewalld.service is not enabled
2024-04-16T05:25:58.238 INFO:teuthology.orchestra.run.smithi086.stdout:Not possible to open ports <[8443]>. firewalld.service is not available
2024-04-16T05:25:58.240 INFO:teuthology.orchestra.run.smithi086.stdout:Ceph Dashboard is now available at:
2024-04-16T05:25:58.240 INFO:teuthology.orchestra.run.smithi086.stdout:
2024-04-16T05:25:58.240 INFO:teuthology.orchestra.run.smithi086.stdout: URL: https://smithi086.front.sepia.ceph.com:8443/
2024-04-16T05:25:58.240 INFO:teuthology.orchestra.run.smithi086.stdout: User: admin
2024-04-16T05:25:58.240 INFO:teuthology.orchestra.run.smithi086.stdout: Password: oapeyoo2yw
2024-04-16T05:25:58.240 INFO:teuthology.orchestra.run.smithi086.stdout:
2024-04-16T05:25:58.240 INFO:teuthology.orchestra.run.smithi086.stdout:Saving cluster configuration to /var/lib/ceph/6a4a23f8-fbb1-11ee-bc8f-c7b262605968/config directory
2024-04-16T05:25:58.241 INFO:teuthology.orchestra.run.smithi086.stdout:Enabling autotune for osd_memory_target
2024-04-16T05:25:58.624 INFO:journalctl@ceph.mon.a.smithi086.stdout:Apr 16 05:25:58 smithi086 ceph-mon[32028]: mgrmap e13: x(active, since 6s)
2024-04-16T05:25:58.624 INFO:journalctl@ceph.mon.a.smithi086.stdout:Apr 16 05:25:58 smithi086 ceph-mon[32028]: from='client.? 172.21.15.86:0/2826267862' entity='client.admin' cmd=[{"prefix": "config get", "who": "mgr", "key": "mgr/dashboard/ssl_server_port"}]: dispatch
2024-04-16T05:25:59.493 INFO:teuthology.orchestra.run.smithi086.stdout:/usr/bin/ceph: stderr
2024-04-16T05:25:58.662+0000 7fc6ad100700 1 Processor -- start
2024-04-16T05:25:59.494 INFO:teuthology.orchestra.run.smithi086.stdout:/usr/bin/ceph: stderr
2024-04-16T05:25:58.662+0000 7fc6ad100700 1 -- start start
2024-04-16T05:25:59.494 INFO:teuthology.orchestra.run.smithi086.stdout:/usr/bin/ceph: stderr
2024-04-16T05:25:58.662+0000 7fc6ad100700 1 --2- >> [v2:172.21.15.86:3300/0,v1:172.21.15.86:6789/0] conn(0x7fc6a81075a0 0x7fc6a81079c0 unknown :-1 s=NONE pgs=0 cs=0 l=0 rev1=0 crypto rx=0 tx=0 comp rx=0 tx=0).connect
2024-04-16T05:25:59.494 INFO:teuthology.orchestra.run.smithi086.stdout:/usr/bin/ceph: stderr
2024-04-16T05:25:58.662+0000 7fc6ad100700 1 -- --> [v2:172.21.15.86:3300/0,v1:172.21.15.86:6789/0] -- mon_getmap magic: 0 -- 0x7fc6a8107f90 con 0x7fc6a81075a0
2024-04-16T05:25:59.494 INFO:teuthology.orchestra.run.smithi086.stdout:/usr/bin/ceph: stderr
2024-04-16T05:25:58.662+0000 7fc6a6d9d700 1 --2- >> [v2:172.21.15.86:3300/0,v1:172.21.15.86:6789/0] conn(0x7fc6a81075a0 0x7fc6a81079c0 unknown :-1 s=BANNER_CONNECTING pgs=0 cs=0 l=0 rev1=0 crypto rx=0 tx=0 comp rx=0 tx=0)._handle_peer_banner_payload supported=3 required=0
2024-04-16T05:25:59.494 INFO:teuthology.orchestra.run.smithi086.stdout:/usr/bin/ceph: stderr
2024-04-16T05:25:58.662+0000 7fc6a6d9d700 1 --2- >> [v2:172.21.15.86:3300/0,v1:172.21.15.86:6789/0] conn(0x7fc6a81075a0 0x7fc6a81079c0 unknown :-1 s=HELLO_CONNECTING pgs=0 cs=0 l=0 rev1=1 crypto rx=0 tx=0 comp rx=0 tx=0).handle_hello peer v2:172.21.15.86:3300/0 says I am v2:172.21.15.86:54226/0 (socket says 172.21.15.86:54226)
2024-04-16T05:25:59.494 INFO:teuthology.orchestra.run.smithi086.stdout:/usr/bin/ceph: stderr
2024-04-16T05:25:58.662+0000 7fc6a6d9d700 1 -- 172.21.15.86:0/246202623 learned_addr learned my addr 172.21.15.86:0/246202623 (peer_addr_for_me v2:172.21.15.86:0/0)
2024-04-16T05:25:59.494 INFO:teuthology.orchestra.run.smithi086.stdout:/usr/bin/ceph: stderr
2024-04-16T05:25:58.662+0000 7fc6a6d9d700 1 -- 172.21.15.86:0/246202623 --> [v2:172.21.15.86:3300/0,v1:172.21.15.86:6789/0] -- mon_subscribe({config=0+,monmap=0+}) -- 0x7fc6a81087a0 con 0x7fc6a81075a0
2024-04-16T05:25:59.494 INFO:teuthology.orchestra.run.smithi086.stdout:/usr/bin/ceph: stderr
2024-04-16T05:25:58.663+0000 7fc6a6d9d700 1 --2- 172.21.15.86:0/246202623 >> [v2:172.21.15.86:3300/0,v1:172.21.15.86:6789/0] conn(0x7fc6a81075a0 0x7fc6a81079c0 secure :-1 s=READY pgs=72 cs=0 l=1 rev1=1 crypto rx=0x7fc6980098a0 tx=0x7fc698009bb0 comp rx=0 tx=0).ready entity=mon.0 client_cookie=2c0161eeed844c86 server_cookie=0 in_seq=0 out_seq=0
2024-04-16T05:25:59.494 INFO:teuthology.orchestra.run.smithi086.stdout:/usr/bin/ceph: stderr
2024-04-16T05:25:58.663+0000 7fc6a5d9b700 1 -- 172.21.15.86:0/246202623 <== mon.0 v2:172.21.15.86:3300/0 1 ==== mon_map magic: 0 ==== 205+0+0 (secure 0 0 0) 0x7fc698004160 con 0x7fc6a81075a0
2024-04-16T05:25:59.494 INFO:teuthology.orchestra.run.smithi086.stdout:/usr/bin/ceph: stderr
2024-04-16T05:25:58.663+0000 7fc6a5d9b700 1 -- 172.21.15.86:0/246202623 <== mon.0 v2:172.21.15.86:3300/0 2 ==== config(27 keys) ==== 1140+0+0 (secure 0 0 0) 0x7fc698004300 con 0x7fc6a81075a0
2024-04-16T05:25:59.494 INFO:teuthology.orchestra.run.smithi086.stdout:/usr/bin/ceph: stderr
2024-04-16T05:25:58.663+0000 7fc6a5d9b700 1 -- 172.21.15.86:0/246202623 <== mon.0 v2:172.21.15.86:3300/0 3 ==== mon_map magic: 0 ==== 205+0+0 (secure 0 0 0) 0x7fc698011b20 con 0x7fc6a81075a0
2024-04-16T05:25:59.494 INFO:teuthology.orchestra.run.smithi086.stdout:/usr/bin/ceph: stderr
2024-04-16T05:25:58.664+0000 7fc6ad100700 1 -- 172.21.15.86:0/246202623 >> [v2:172.21.15.86:3300/0,v1:172.21.15.86:6789/0] conn(0x7fc6a81075a0 msgr2=0x7fc6a81079c0 secure :-1 s=STATE_CONNECTION_ESTABLISHED l=1).mark_down
2024-04-16T05:25:59.495 INFO:teuthology.orchestra.run.smithi086.stdout:/usr/bin/ceph: stderr
2024-04-16T05:25:58.664+0000 7fc6ad100700 1 --2- 172.21.15.86:0/246202623 >> [v2:172.21.15.86:3300/0,v1:172.21.15.86:6789/0] conn(0x7fc6a81075a0 0x7fc6a81079c0 secure :-1 s=READY pgs=72 cs=0 l=1 rev1=1 crypto rx=0x7fc6980098a0 tx=0x7fc698009bb0 comp rx=0 tx=0).stop
2024-04-16T05:25:59.495 INFO:teuthology.orchestra.run.smithi086.stdout:/usr/bin/ceph: stderr
2024-04-16T05:25:58.664+0000 7fc6ad100700 1 -- 172.21.15.86:0/246202623 shutdown_connections
2024-04-16T05:25:59.495 INFO:teuthology.orchestra.run.smithi086.stdout:/usr/bin/ceph: stderr
2024-04-16T05:25:58.664+0000 7fc6ad100700 1 --2- 172.21.15.86:0/246202623 >> [v2:172.21.15.86:3300/0,v1:172.21.15.86:6789/0] conn(0x7fc6a81075a0 0x7fc6a81079c0 unknown :-1 s=CLOSED pgs=72 cs=0 l=1 rev1=1 crypto rx=0 tx=0 comp rx=0 tx=0).stop
2024-04-16T05:25:59.495 INFO:teuthology.orchestra.run.smithi086.stdout:/usr/bin/ceph: stderr
2024-04-16T05:25:58.664+0000 7fc6ad100700 1 -- 172.21.15.86:0/246202623 >> 172.21.15.86:0/246202623 conn(0x7fc6a8102c40 msgr2=0x7fc6a8105060 unknown :-1 s=STATE_NONE l=0).mark_down
2024-04-16T05:25:59.495 INFO:teuthology.orchestra.run.smithi086.stdout:/usr/bin/ceph: stderr
2024-04-16T05:25:58.664+0000 7fc6ad100700 1 -- 172.21.15.86:0/246202623 shutdown_connections
2024-04-16T05:25:59.495 INFO:teuthology.orchestra.run.smithi086.stdout:/usr/bin/ceph: stderr
2024-04-16T05:25:58.664+0000 7fc6ad100700 1 -- 172.21.15.86:0/246202623 wait complete.
2024-04-16T05:25:59.495 INFO:teuthology.orchestra.run.smithi086.stdout:/usr/bin/ceph: stderr
2024-04-16T05:25:58.664+0000 7fc6ad100700 1 Processor -- start
2024-04-16T05:25:59.495 INFO:teuthology.orchestra.run.smithi086.stdout:/usr/bin/ceph: stderr
2024-04-16T05:25:58.665+0000 7fc6ad100700 1 -- start start
2024-04-16T05:25:59.495 INFO:teuthology.orchestra.run.smithi086.stdout:/usr/bin/ceph: stderr
2024-04-16T05:25:58.665+0000 7fc6ad100700 1 --2- >> [v2:172.21.15.86:3300/0,v1:172.21.15.86:6789/0] conn(0x7fc6a81075a0 0x7fc6a807ba70 unknown :-1 s=NONE pgs=0 cs=0 l=1 rev1=0 crypto rx=0 tx=0 comp rx=0 tx=0).connect
2024-04-16T05:25:59.495 INFO:teuthology.orchestra.run.smithi086.stdout:/usr/bin/ceph: stderr
2024-04-16T05:25:58.665+0000 7fc6ad100700 1 -- --> [v2:172.21.15.86:3300/0,v1:172.21.15.86:6789/0] -- mon_getmap magic: 0 -- 0x7fc6a810bb50 con 0x7fc6a81075a0
2024-04-16T05:25:59.495 INFO:teuthology.orchestra.run.smithi086.stdout:/usr/bin/ceph: stderr
2024-04-16T05:25:58.665+0000 7fc6a6d9d700 1 --2- >> [v2:172.21.15.86:3300/0,v1:172.21.15.86:6789/0] conn(0x7fc6a81075a0 0x7fc6a807ba70 unknown :-1 s=BANNER_CONNECTING pgs=0 cs=0 l=1 rev1=0 crypto rx=0 tx=0 comp rx=0 tx=0)._handle_peer_banner_payload supported=3 required=0
2024-04-16T05:25:59.495 INFO:teuthology.orchestra.run.smithi086.stdout:/usr/bin/ceph: stderr
2024-04-16T05:25:58.665+0000 7fc6a6d9d700 1 --2- >> [v2:172.21.15.86:3300/0,v1:172.21.15.86:6789/0] conn(0x7fc6a81075a0 0x7fc6a807ba70 unknown :-1 s=HELLO_CONNECTING pgs=0 cs=0 l=1 rev1=1 crypto rx=0 tx=0 comp rx=0 tx=0).handle_hello peer v2:172.21.15.86:3300/0 says I am v2:172.21.15.86:54232/0 (socket says 172.21.15.86:54232)
2024-04-16T05:25:59.495 INFO:teuthology.orchestra.run.smithi086.stdout:/usr/bin/ceph: stderr
2024-04-16T05:25:58.665+0000 7fc6a6d9d700 1 -- 172.21.15.86:0/1644900870 learned_addr learned my addr 172.21.15.86:0/1644900870 (peer_addr_for_me v2:172.21.15.86:0/0)
2024-04-16T05:25:59.495 INFO:teuthology.orchestra.run.smithi086.stdout:/usr/bin/ceph: stderr
2024-04-16T05:25:58.665+0000 7fc6a6d9d700 1 -- 172.21.15.86:0/1644900870 --> [v2:172.21.15.86:3300/0,v1:172.21.15.86:6789/0] -- mon_subscribe({config=0+,monmap=0+}) -- 0x7fc6a819f3c0 con 0x7fc6a81075a0
2024-04-16T05:25:59.496 INFO:teuthology.orchestra.run.smithi086.stdout:/usr/bin/ceph: stderr
2024-04-16T05:25:58.665+0000 7fc6a6d9d700 1 --2- 172.21.15.86:0/1644900870 >> [v2:172.21.15.86:3300/0,v1:172.21.15.86:6789/0] conn(0x7fc6a81075a0 0x7fc6a807ba70 secure :-1 s=READY pgs=73 cs=0 l=1 rev1=1 crypto rx=0x7fc6980116a0 tx=0x7fc698011ba0 comp rx=0 tx=0).ready entity=mon.0 client_cookie=0 server_cookie=0 in_seq=0 out_seq=0
2024-04-16T05:25:59.496 INFO:teuthology.orchestra.run.smithi086.stdout:/usr/bin/ceph: stderr
2024-04-16T05:25:58.666+0000 7fc68ffff700 1 -- 172.21.15.86:0/1644900870 <== mon.0 v2:172.21.15.86:3300/0 1 ==== mon_map magic: 0 ==== 205+0+0 (secure 0 0 0) 0x7fc698003a40 con 0x7fc6a81075a0
2024-04-16T05:25:59.496 INFO:teuthology.orchestra.run.smithi086.stdout:/usr/bin/ceph: stderr
2024-04-16T05:25:58.666+0000 7fc68ffff700 1 -- 172.21.15.86:0/1644900870 <== mon.0 v2:172.21.15.86:3300/0 2 ==== config(27 keys) ==== 1140+0+0 (secure 0 0 0) 0x7fc698003be0 con 0x7fc6a81075a0
2024-04-16T05:25:59.496 INFO:teuthology.orchestra.run.smithi086.stdout:/usr/bin/ceph: stderr
2024-04-16T05:25:58.666+0000 7fc6ad100700 1 -- 172.21.15.86:0/1644900870 --> [v2:172.21.15.86:3300/0,v1:172.21.15.86:6789/0] -- mon_subscribe({mgrmap=0+}) -- 0x7fc6a819f590 con 0x7fc6a81075a0
2024-04-16T05:25:59.496 INFO:teuthology.orchestra.run.smithi086.stdout:/usr/bin/ceph: stderr
2024-04-16T05:25:58.666+0000 7fc68ffff700 1 -- 172.21.15.86:0/1644900870 <== mon.0 v2:172.21.15.86:3300/0 3 ==== mon_map magic: 0 ==== 205+0+0 (secure 0 0 0) 0x7fc69801a720 con 0x7fc6a81075a0
2024-04-16T05:25:59.496 INFO:teuthology.orchestra.run.smithi086.stdout:/usr/bin/ceph: stderr
2024-04-16T05:25:58.666+0000 7fc6ad100700 1 -- 172.21.15.86:0/1644900870 --> [v2:172.21.15.86:3300/0,v1:172.21.15.86:6789/0] -- mon_subscribe({osdmap=0}) -- 0x7fc6a819f930 con 0x7fc6a81075a0
2024-04-16T05:25:59.496 INFO:teuthology.orchestra.run.smithi086.stdout:/usr/bin/ceph: stderr
2024-04-16T05:25:58.667+0000 7fc68ffff700 1 -- 172.21.15.86:0/1644900870 <== mon.0 v2:172.21.15.86:3300/0 4 ==== mgrmap(e 13) ==== 46614+0+0 (secure 0 0 0) 0x7fc69801aa20 con 0x7fc6a81075a0
2024-04-16T05:25:59.496 INFO:teuthology.orchestra.run.smithi086.stdout:/usr/bin/ceph: stderr
2024-04-16T05:25:58.667+0000 7fc6ad100700 1 -- 172.21.15.86:0/1644900870 --> [v2:172.21.15.86:3300/0,v1:172.21.15.86:6789/0] -- mon_command({"prefix": "get_command_descriptions"} v 0) -- 0x7fc6a8064150 con 0x7fc6a81075a0
2024-04-16T05:25:59.496 INFO:teuthology.orchestra.run.smithi086.stdout:/usr/bin/ceph: stderr
2024-04-16T05:25:58.667+0000 7fc68ffff700 1 --2- 172.21.15.86:0/1644900870 >> [v2:172.21.15.86:6800/3194681946,v1:172.21.15.86:6801/3194681946] conn(0x7fc690039650 0x7fc69003bb10 unknown :-1 s=NONE pgs=0 cs=0 l=1 rev1=0 crypto rx=0 tx=0 comp rx=0 tx=0).connect
2024-04-16T05:25:59.496 INFO:teuthology.orchestra.run.smithi086.stdout:/usr/bin/ceph: stderr
2024-04-16T05:25:58.667+0000 7fc68ffff700 1 -- 172.21.15.86:0/1644900870 <== mon.0 v2:172.21.15.86:3300/0 5 ==== osd_map(3..3 src has 1..3) ==== 1155+0+0 (secure 0 0 0) 0x7fc69804df20 con 0x7fc6a81075a0
2024-04-16T05:25:59.496 INFO:teuthology.orchestra.run.smithi086.stdout:/usr/bin/ceph: stderr
2024-04-16T05:25:58.667+0000 7fc6a659c700 1 --2- 172.21.15.86:0/1644900870 >> [v2:172.21.15.86:6800/3194681946,v1:172.21.15.86:6801/3194681946] conn(0x7fc690039650 0x7fc69003bb10 unknown :-1 s=BANNER_CONNECTING pgs=0 cs=0 l=1 rev1=0 crypto rx=0 tx=0 comp rx=0 tx=0)._handle_peer_banner_payload supported=3 required=0
2024-04-16T05:25:59.496 INFO:teuthology.orchestra.run.smithi086.stdout:/usr/bin/ceph: stderr
2024-04-16T05:25:58.668+0000 7fc6a659c700 1 --2- 172.21.15.86:0/1644900870 >> [v2:172.21.15.86:6800/3194681946,v1:172.21.15.86:6801/3194681946] conn(0x7fc690039650 0x7fc69003bb10 secure :-1 s=READY pgs=10 cs=0 l=1 rev1=1 crypto rx=0x7fc69c006fd0 tx=0x7fc69c006e40 comp rx=0 tx=0).ready entity=mgr.14148 client_cookie=0 server_cookie=0 in_seq=0 out_seq=0
2024-04-16T05:25:59.496 INFO:teuthology.orchestra.run.smithi086.stdout:/usr/bin/ceph: stderr
2024-04-16T05:25:58.672+0000 7fc68ffff700 1 -- 172.21.15.86:0/1644900870 <== mon.0 v2:172.21.15.86:3300/0 6 ==== mon_command_ack([{"prefix": "get_command_descriptions"}]=0 v0) ==== 72+0+188370 (secure 0 0 0) 0x7fc698011e20 con 0x7fc6a81075a0
2024-04-16T05:25:59.496 INFO:teuthology.orchestra.run.smithi086.stdout:/usr/bin/ceph: stderr
2024-04-16T05:25:58.868+0000 7fc6ad100700 1 -- 172.21.15.86:0/1644900870 --> [v2:172.21.15.86:3300/0,v1:172.21.15.86:6789/0] -- mon_command([{prefix=config set, name=osd_memory_target_autotune}] v 0) -- 0x7fc6a819fc00 con 0x7fc6a81075a0
2024-04-16T05:25:59.497 INFO:teuthology.orchestra.run.smithi086.stdout:/usr/bin/ceph: stderr
2024-04-16T05:25:58.869+0000 7fc68ffff700 1 -- 172.21.15.86:0/1644900870 <== mon.0 v2:172.21.15.86:3300/0 7 ==== mon_command_ack([{prefix=config set, name=osd_memory_target_autotune}]=0 v8)=0 v8) ==== 127+0+0 (secure 0 0 0) 0x7fc69800bc40 con 0x7fc6a81075a0
2024-04-16T05:25:59.497 INFO:teuthology.orchestra.run.smithi086.stdout:/usr/bin/ceph: stderr
2024-04-16T05:25:58.871+0000 7fc6ad100700 1 -- 172.21.15.86:0/1644900870 >> [v2:172.21.15.86:6800/3194681946,v1:172.21.15.86:6801/3194681946] conn(0x7fc690039650 msgr2=0x7fc69003bb10 secure :-1 s=STATE_CONNECTION_ESTABLISHED l=1).mark_down
2024-04-16T05:25:59.497 INFO:teuthology.orchestra.run.smithi086.stdout:/usr/bin/ceph: stderr
2024-04-16T05:25:58.871+0000 7fc6ad100700 1 --2- 172.21.15.86:0/1644900870 >> [v2:172.21.15.86:6800/3194681946,v1:172.21.15.86:6801/3194681946] conn(0x7fc690039650 0x7fc69003bb10 secure :-1 s=READY pgs=10 cs=0 l=1 rev1=1 crypto rx=0x7fc69c006fd0 tx=0x7fc69c006e40 comp rx=0 tx=0).stop
2024-04-16T05:25:59.497 INFO:teuthology.orchestra.run.smithi086.stdout:/usr/bin/ceph: stderr
2024-04-16T05:25:58.871+0000 7fc6ad100700 1 -- 172.21.15.86:0/1644900870 >> [v2:172.21.15.86:3300/0,v1:172.21.15.86:6789/0] conn(0x7fc6a81075a0 msgr2=0x7fc6a807ba70 secure :-1 s=STATE_CONNECTION_ESTABLISHED l=1).mark_down
2024-04-16T05:25:59.497 INFO:teuthology.orchestra.run.smithi086.stdout:/usr/bin/ceph: stderr
2024-04-16T05:25:58.871+0000 7fc6ad100700 1 --2- 172.21.15.86:0/1644900870 >> [v2:172.21.15.86:3300/0,v1:172.21.15.86:6789/0] conn(0x7fc6a81075a0 0x7fc6a807ba70 secure :-1 s=READY pgs=73 cs=0 l=1 rev1=1 crypto rx=0x7fc6980116a0 tx=0x7fc698011ba0 comp rx=0 tx=0).stop
2024-04-16T05:25:59.497 INFO:teuthology.orchestra.run.smithi086.stdout:/usr/bin/ceph: stderr
2024-04-16T05:25:58.871+0000 7fc6ad100700 1 -- 172.21.15.86:0/1644900870 shutdown_connections
2024-04-16T05:25:59.497 INFO:teuthology.orchestra.run.smithi086.stdout:/usr/bin/ceph: stderr
2024-04-16T05:25:58.871+0000 7fc6ad100700 1 --2- 172.21.15.86:0/1644900870 >> [v2:172.21.15.86:6800/3194681946,v1:172.21.15.86:6801/3194681946] conn(0x7fc690039650 0x7fc69003bb10 unknown :-1 s=CLOSED pgs=10 cs=0 l=1 rev1=1 crypto rx=0 tx=0 comp rx=0 tx=0).stop
2024-04-16T05:25:59.497 INFO:teuthology.orchestra.run.smithi086.stdout:/usr/bin/ceph: stderr
2024-04-16T05:25:58.871+0000 7fc6ad100700 1 --2- 172.21.15.86:0/1644900870 >> [v2:172.21.15.86:3300/0,v1:172.21.15.86:6789/0] conn(0x7fc6a81075a0 0x7fc6a807ba70 unknown :-1 s=CLOSED pgs=73 cs=0 l=1 rev1=1 crypto rx=0 tx=0 comp rx=0 tx=0).stop
2024-04-16T05:25:59.497 INFO:teuthology.orchestra.run.smithi086.stdout:/usr/bin/ceph: stderr
2024-04-16T05:25:58.871+0000 7fc6ad100700 1 -- 172.21.15.86:0/1644900870 >> 172.21.15.86:0/1644900870 conn(0x7fc6a8102c40 msgr2=0x7fc6a81037a0 unknown :-1 s=STATE_NONE l=0).mark_down
2024-04-16T05:25:59.497 INFO:teuthology.orchestra.run.smithi086.stdout:/usr/bin/ceph: stderr
2024-04-16T05:25:58.871+0000 7fc6ad100700 1 -- 172.21.15.86:0/1644900870 shutdown_connections
2024-04-16T05:25:59.497 INFO:teuthology.orchestra.run.smithi086.stdout:/usr/bin/ceph: stderr
2024-04-16T05:25:58.871+0000 7fc6ad100700 1 -- 172.21.15.86:0/1644900870 wait complete.
2024-04-16T05:26:00.834 INFO:teuthology.orchestra.run.smithi086.stdout:/usr/bin/ceph: stderr
2024-04-16T05:25:59.915+0000 7f15885bb700 1 Processor -- start
2024-04-16T05:26:00.834 INFO:teuthology.orchestra.run.smithi086.stdout:/usr/bin/ceph: stderr
2024-04-16T05:25:59.915+0000 7f15885bb700 1 -- start start
2024-04-16T05:26:00.834 INFO:teuthology.orchestra.run.smithi086.stdout:/usr/bin/ceph: stderr
2024-04-16T05:25:59.916+0000 7f15885bb700 1 --2- >> [v2:172.21.15.86:3300/0,v1:172.21.15.86:6789/0] conn(0x7f1580109150 0x7f158010b540 unknown :-1 s=NONE pgs=0 cs=0 l=0 rev1=0 crypto rx=0 tx=0 comp rx=0 tx=0).connect
2024-04-16T05:26:00.834 INFO:teuthology.orchestra.run.smithi086.stdout:/usr/bin/ceph: stderr
2024-04-16T05:25:59.916+0000 7f15885bb700 1 -- --> [v2:172.21.15.86:3300/0,v1:172.21.15.86:6789/0] -- mon_getmap magic: 0 -- 0x7f158007be70 con 0x7f1580109150
2024-04-16T05:26:00.834 INFO:teuthology.orchestra.run.smithi086.stdout:/usr/bin/ceph: stderr
2024-04-16T05:25:59.916+0000 7f1586357700 1 --2- >> [v2:172.21.15.86:3300/0,v1:172.21.15.86:6789/0] conn(0x7f1580109150 0x7f158010b540 unknown :-1 s=BANNER_CONNECTING pgs=0 cs=0 l=0 rev1=0 crypto rx=0 tx=0 comp rx=0 tx=0)._handle_peer_banner_payload supported=3 required=0
2024-04-16T05:26:00.834 INFO:teuthology.orchestra.run.smithi086.stdout:/usr/bin/ceph: stderr
2024-04-16T05:25:59.916+0000 7f1586357700 1 --2- >> [v2:172.21.15.86:3300/0,v1:172.21.15.86:6789/0] conn(0x7f1580109150 0x7f158010b540 unknown :-1 s=HELLO_CONNECTING pgs=0 cs=0 l=0 rev1=1 crypto rx=0 tx=0 comp rx=0 tx=0).handle_hello peer v2:172.21.15.86:3300/0 says I am v2:172.21.15.86:54240/0 (socket says 172.21.15.86:54240)
2024-04-16T05:26:00.835 INFO:teuthology.orchestra.run.smithi086.stdout:/usr/bin/ceph: stderr
2024-04-16T05:25:59.916+0000 7f1586357700 1 -- 172.21.15.86:0/1411627765 learned_addr learned my addr 172.21.15.86:0/1411627765 (peer_addr_for_me v2:172.21.15.86:0/0)
2024-04-16T05:26:00.835 INFO:teuthology.orchestra.run.smithi086.stdout:/usr/bin/ceph: stderr
2024-04-16T05:25:59.916+0000 7f1586357700 1 -- 172.21.15.86:0/1411627765 --> [v2:172.21.15.86:3300/0,v1:172.21.15.86:6789/0] -- mon_subscribe({config=0+,monmap=0+}) -- 0x7f158010ba80 con 0x7f1580109150
2024-04-16T05:26:00.835 INFO:teuthology.orchestra.run.smithi086.stdout:/usr/bin/ceph: stderr
2024-04-16T05:25:59.916+0000 7f1586357700 1 --2- 172.21.15.86:0/1411627765 >> [v2:172.21.15.86:3300/0,v1:172.21.15.86:6789/0] conn(0x7f1580109150 0x7f158010b540 secure :-1 s=READY pgs=74 cs=0 l=1 rev1=1 crypto rx=0x7f15740098a0 tx=0x7f1574009bb0 comp rx=0 tx=0).ready entity=mon.0 client_cookie=34059212e35cab27 server_cookie=0 in_seq=0 out_seq=0
2024-04-16T05:26:00.835 INFO:teuthology.orchestra.run.smithi086.stdout:/usr/bin/ceph: stderr
2024-04-16T05:25:59.916+0000 7f1585355700 1 -- 172.21.15.86:0/1411627765 <== mon.0 v2:172.21.15.86:3300/0 1 ==== mon_map magic: 0 ==== 205+0+0 (secure 0 0 0) 0x7f1574004160 con 0x7f1580109150
2024-04-16T05:26:00.835 INFO:teuthology.orchestra.run.smithi086.stdout:/usr/bin/ceph: stderr
2024-04-16T05:25:59.916+0000 7f1585355700 1 -- 172.21.15.86:0/1411627765 <== mon.0 v2:172.21.15.86:3300/0 2 ==== config(27 keys) ==== 1140+0+0 (secure 0 0 0) 0x7f1574004300 con 0x7f1580109150
2024-04-16T05:26:00.835 INFO:teuthology.orchestra.run.smithi086.stdout:/usr/bin/ceph: stderr
2024-04-16T05:25:59.916+0000 7f1585355700 1 -- 172.21.15.86:0/1411627765 <== mon.0 v2:172.21.15.86:3300/0 3 ==== mon_map magic: 0 ==== 205+0+0 (secure 0 0 0) 0x7f1574011b20 con 0x7f1580109150
2024-04-16T05:26:00.835 INFO:teuthology.orchestra.run.smithi086.stdout:/usr/bin/ceph: stderr
2024-04-16T05:25:59.917+0000 7f15885bb700 1 -- 172.21.15.86:0/1411627765 >> [v2:172.21.15.86:3300/0,v1:172.21.15.86:6789/0] conn(0x7f1580109150 msgr2=0x7f158010b540 secure :-1 s=STATE_CONNECTION_ESTABLISHED l=1).mark_down
2024-04-16T05:26:00.835 INFO:teuthology.orchestra.run.smithi086.stdout:/usr/bin/ceph: stderr
2024-04-16T05:25:59.917+0000 7f15885bb700 1 --2- 172.21.15.86:0/1411627765 >> [v2:172.21.15.86:3300/0,v1:172.21.15.86:6789/0] conn(0x7f1580109150 0x7f158010b540 secure :-1 s=READY pgs=74 cs=0 l=1 rev1=1 crypto rx=0x7f15740098a0 tx=0x7f1574009bb0 comp rx=0 tx=0).stop
2024-04-16T05:26:00.835 INFO:teuthology.orchestra.run.smithi086.stdout:/usr/bin/ceph: stderr
2024-04-16T05:25:59.917+0000 7f15885bb700 1 -- 172.21.15.86:0/1411627765 shutdown_connections
2024-04-16T05:26:00.835 INFO:teuthology.orchestra.run.smithi086.stdout:/usr/bin/ceph: stderr
2024-04-16T05:25:59.917+0000 7f15885bb700 1 --2- 172.21.15.86:0/1411627765 >> [v2:172.21.15.86:3300/0,v1:172.21.15.86:6789/0] conn(0x7f1580109150 0x7f158010b540 unknown :-1 s=CLOSED pgs=74 cs=0 l=1 rev1=1 crypto rx=0 tx=0 comp rx=0 tx=0).stop
2024-04-16T05:26:00.835 INFO:teuthology.orchestra.run.smithi086.stdout:/usr/bin/ceph: stderr
2024-04-16T05:25:59.917+0000 7f15885bb700 1 -- 172.21.15.86:0/1411627765 >> 172.21.15.86:0/1411627765 conn(0x7f1580102b80 msgr2=0x7f1580104fa0 unknown :-1 s=STATE_NONE l=0).mark_down
2024-04-16T05:26:00.835 INFO:teuthology.orchestra.run.smithi086.stdout:/usr/bin/ceph: stderr
2024-04-16T05:25:59.917+0000 7f15885bb700 1 -- 172.21.15.86:0/1411627765 shutdown_connections
2024-04-16T05:26:00.835 INFO:teuthology.orchestra.run.smithi086.stdout:/usr/bin/ceph: stderr
2024-04-16T05:25:59.917+0000 7f15885bb700 1 -- 172.21.15.86:0/1411627765 wait complete.
2024-04-16T05:26:00.835 INFO:teuthology.orchestra.run.smithi086.stdout:/usr/bin/ceph: stderr
2024-04-16T05:25:59.918+0000 7f15885bb700 1 Processor -- start
2024-04-16T05:26:00.836 INFO:teuthology.orchestra.run.smithi086.stdout:/usr/bin/ceph: stderr
2024-04-16T05:25:59.918+0000 7f15885bb700 1 -- start start
2024-04-16T05:26:00.836 INFO:teuthology.orchestra.run.smithi086.stdout:/usr/bin/ceph: stderr
2024-04-16T05:25:59.918+0000 7f15885bb700 1 --2- >> [v2:172.21.15.86:3300/0,v1:172.21.15.86:6789/0] conn(0x7f1580109150 0x7f158019c620 unknown :-1 s=NONE pgs=0 cs=0 l=1 rev1=0 crypto rx=0 tx=0 comp rx=0 tx=0).connect
2024-04-16T05:26:00.836 INFO:teuthology.orchestra.run.smithi086.stdout:/usr/bin/ceph: stderr
2024-04-16T05:25:59.918+0000 7f15885bb700 1 -- --> [v2:172.21.15.86:3300/0,v1:172.21.15.86:6789/0] -- mon_getmap magic: 0 -- 0x7f158010ca90 con 0x7f1580109150
2024-04-16T05:26:00.836 INFO:teuthology.orchestra.run.smithi086.stdout:/usr/bin/ceph: stderr
2024-04-16T05:25:59.918+0000 7f1586357700 1 --2- >> [v2:172.21.15.86:3300/0,v1:172.21.15.86:6789/0] conn(0x7f1580109150 0x7f158019c620 unknown :-1 s=BANNER_CONNECTING pgs=0 cs=0 l=1 rev1=0 crypto rx=0 tx=0 comp rx=0 tx=0)._handle_peer_banner_payload supported=3 required=0
2024-04-16T05:26:00.836 INFO:teuthology.orchestra.run.smithi086.stdout:/usr/bin/ceph: stderr
2024-04-16T05:25:59.918+0000 7f1586357700 1 --2- >> [v2:172.21.15.86:3300/0,v1:172.21.15.86:6789/0] conn(0x7f1580109150 0x7f158019c620 unknown :-1 s=HELLO_CONNECTING pgs=0 cs=0 l=1 rev1=1 crypto rx=0 tx=0 comp rx=0 tx=0).handle_hello peer v2:172.21.15.86:3300/0 says I am v2:172.21.15.86:54248/0 (socket says 172.21.15.86:54248)
2024-04-16T05:26:00.836 INFO:teuthology.orchestra.run.smithi086.stdout:/usr/bin/ceph: stderr
2024-04-16T05:25:59.918+0000 7f1586357700 1 -- 172.21.15.86:0/889601634 learned_addr learned my addr 172.21.15.86:0/889601634 (peer_addr_for_me v2:172.21.15.86:0/0)
2024-04-16T05:26:00.836 INFO:teuthology.orchestra.run.smithi086.stdout:/usr/bin/ceph: stderr
2024-04-16T05:25:59.918+0000 7f1586357700 1 -- 172.21.15.86:0/889601634 --> [v2:172.21.15.86:3300/0,v1:172.21.15.86:6789/0] -- mon_subscribe({config=0+,monmap=0+}) -- 0x7f158019cb60 con 0x7f1580109150
2024-04-16T05:26:00.836 INFO:teuthology.orchestra.run.smithi086.stdout:/usr/bin/ceph: stderr
2024-04-16T05:25:59.918+0000 7f1586357700 1 --2- 172.21.15.86:0/889601634 >> [v2:172.21.15.86:3300/0,v1:172.21.15.86:6789/0] conn(0x7f1580109150 0x7f158019c620 secure :-1 s=READY pgs=75 cs=0 l=1 rev1=1 crypto rx=0x7f15740116a0 tx=0x7f1574011ba0 comp rx=0 tx=0).ready entity=mon.0 client_cookie=0 server_cookie=0 in_seq=0 out_seq=0
2024-04-16T05:26:00.836 INFO:teuthology.orchestra.run.smithi086.stdout:/usr/bin/ceph: stderr
2024-04-16T05:25:59.918+0000 7f15737fe700 1 -- 172.21.15.86:0/889601634 <== mon.0 v2:172.21.15.86:3300/0 1 ==== mon_map magic: 0 ==== 205+0+0 (secure 0 0 0) 0x7f1574003a40 con 0x7f1580109150
2024-04-16T05:26:00.836 INFO:teuthology.orchestra.run.smithi086.stdout:/usr/bin/ceph: stderr
2024-04-16T05:25:59.918+0000 7f15737fe700 1 -- 172.21.15.86:0/889601634 <== mon.0 v2:172.21.15.86:3300/0 2 ==== config(27 keys) ==== 1140+0+0 (secure 0 0 0) 0x7f1574003be0 con 0x7f1580109150
2024-04-16T05:26:00.836 INFO:teuthology.orchestra.run.smithi086.stdout:/usr/bin/ceph: stderr
2024-04-16T05:25:59.918+0000 7f15737fe700 1 -- 172.21.15.86:0/889601634 <== mon.0 v2:172.21.15.86:3300/0 3 ==== mon_map magic: 0 ==== 205+0+0 (secure 0 0 0) 0x7f157401a750 con 0x7f1580109150
2024-04-16T05:26:00.836 INFO:teuthology.orchestra.run.smithi086.stdout:/usr/bin/ceph: stderr
2024-04-16T05:25:59.918+0000 7f15885bb700 1 -- 172.21.15.86:0/889601634 --> [v2:172.21.15.86:3300/0,v1:172.21.15.86:6789/0] -- mon_subscribe({mgrmap=0+}) -- 0x7f158019cdf0 con 0x7f1580109150
2024-04-16T05:26:00.836 INFO:teuthology.orchestra.run.smithi086.stdout:/usr/bin/ceph: stderr
2024-04-16T05:25:59.919+0000 7f15885bb700 1 -- 172.21.15.86:0/889601634 --> [v2:172.21.15.86:3300/0,v1:172.21.15.86:6789/0] -- mon_subscribe({osdmap=0}) -- 0x7f158019d250 con 0x7f1580109150
2024-04-16T05:26:00.836 INFO:teuthology.orchestra.run.smithi086.stdout:/usr/bin/ceph: stderr
2024-04-16T05:25:59.919+0000 7f15737fe700 1 -- 172.21.15.86:0/889601634 <== mon.0 v2:172.21.15.86:3300/0 4 ==== mgrmap(e 13) ==== 46614+0+0 (secure 0 0 0) 0x7f1574024aa0 con 0x7f1580109150
2024-04-16T05:26:00.837 INFO:teuthology.orchestra.run.smithi086.stdout:/usr/bin/ceph: stderr
2024-04-16T05:25:59.919+0000 7f15885bb700 1 -- 172.21.15.86:0/889601634 --> [v2:172.21.15.86:3300/0,v1:172.21.15.86:6789/0] -- mon_command({"prefix": "get_command_descriptions"} v 0) -- 0x7f1580064150 con 0x7f1580109150
2024-04-16T05:26:00.837 INFO:teuthology.orchestra.run.smithi086.stdout:/usr/bin/ceph: stderr
2024-04-16T05:25:59.920+0000 7f15737fe700 1 --2- 172.21.15.86:0/889601634 >> [v2:172.21.15.86:6800/3194681946,v1:172.21.15.86:6801/3194681946] conn(0x7f156c039650 0x7f156c03bb10 unknown :-1 s=NONE pgs=0 cs=0 l=1 rev1=0 crypto rx=0 tx=0 comp rx=0 tx=0).connect
2024-04-16T05:26:00.837 INFO:teuthology.orchestra.run.smithi086.stdout:/usr/bin/ceph: stderr
2024-04-16T05:25:59.920+0000 7f15737fe700 1 -- 172.21.15.86:0/889601634 <== mon.0 v2:172.21.15.86:3300/0 5 ==== osd_map(3..3 src has 1..3) ==== 1155+0+0 (secure 0 0 0) 0x7f157404dfc0 con 0x7f1580109150
2024-04-16T05:26:00.837 INFO:teuthology.orchestra.run.smithi086.stdout:/usr/bin/ceph: stderr
2024-04-16T05:25:59.920+0000 7f1585b56700 1 --2- 172.21.15.86:0/889601634 >> [v2:172.21.15.86:6800/3194681946,v1:172.21.15.86:6801/3194681946] conn(0x7f156c039650 0x7f156c03bb10 unknown :-1 s=BANNER_CONNECTING pgs=0 cs=0 l=1 rev1=0 crypto rx=0 tx=0 comp rx=0 tx=0)._handle_peer_banner_payload supported=3 required=0
2024-04-16T05:26:00.837 INFO:teuthology.orchestra.run.smithi086.stdout:/usr/bin/ceph: stderr
2024-04-16T05:25:59.920+0000 7f1585b56700 1 --2- 172.21.15.86:0/889601634 >> [v2:172.21.15.86:6800/3194681946,v1:172.21.15.86:6801/3194681946] conn(0x7f156c039650 0x7f156c03bb10 secure :-1 s=READY pgs=11 cs=0 l=1 rev1=1 crypto rx=0x7f157c006fd0 tx=0x7f157c006e40 comp rx=0 tx=0).ready entity=mgr.14148 client_cookie=0 server_cookie=0 in_seq=0 out_seq=0
2024-04-16T05:26:00.837 INFO:teuthology.orchestra.run.smithi086.stdout:/usr/bin/ceph: stderr
2024-04-16T05:25:59.925+0000 7f15737fe700 1 -- 172.21.15.86:0/889601634 <== mon.0 v2:172.21.15.86:3300/0 6 ==== mon_command_ack([{"prefix": "get_command_descriptions"}]=0 v0) ==== 72+0+188370 (secure 0 0 0) 0x7f1574011e20 con 0x7f1580109150
2024-04-16T05:26:00.837 INFO:teuthology.orchestra.run.smithi086.stdout:/usr/bin/ceph: stderr
2024-04-16T05:26:00.233+0000 7f15885bb700 1 -- 172.21.15.86:0/889601634 --> [v2:172.21.15.86:3300/0,v1:172.21.15.86:6789/0] -- mon_command([{prefix=config-key set, key=mgr/dashboard/cluster/status}] v 0) -- 0x7f158019fc20 con 0x7f1580109150
2024-04-16T05:26:00.837 INFO:teuthology.orchestra.run.smithi086.stdout:/usr/bin/ceph: stderr
2024-04-16T05:26:00.236+0000 7f15737fe700 1 -- 172.21.15.86:0/889601634 <== mon.0 v2:172.21.15.86:3300/0 7 ==== mon_command_ack([{prefix=config-key set, key=mgr/dashboard/cluster/status}]=0 set mgr/dashboard/cluster/status v27)=0 set mgr/dashboard/cluster/status v27) ==== 153+0+0 (secure 0 0 0) 0x7f1574029de0 con 0x7f1580109150
2024-04-16T05:26:00.837 INFO:teuthology.orchestra.run.smithi086.stdout:/usr/bin/ceph: stderr
2024-04-16T05:26:00.238+0000 7f15885bb700 1 -- 172.21.15.86:0/889601634 >> [v2:172.21.15.86:6800/3194681946,v1:172.21.15.86:6801/3194681946] conn(0x7f156c039650 msgr2=0x7f156c03bb10 secure :-1 s=STATE_CONNECTION_ESTABLISHED l=1).mark_down
2024-04-16T05:26:00.837 INFO:teuthology.orchestra.run.smithi086.stdout:/usr/bin/ceph: stderr
2024-04-16T05:26:00.238+0000 7f15885bb700 1 --2- 172.21.15.86:0/889601634 >> [v2:172.21.15.86:6800/3194681946,v1:172.21.15.86:6801/3194681946] conn(0x7f156c039650 0x7f156c03bb10 secure :-1 s=READY pgs=11 cs=0 l=1 rev1=1 crypto rx=0x7f157c006fd0 tx=0x7f157c006e40 comp rx=0 tx=0).stop
2024-04-16T05:26:00.837 INFO:teuthology.orchestra.run.smithi086.stdout:/usr/bin/ceph: stderr
2024-04-16T05:26:00.238+0000 7f15885bb700 1 -- 172.21.15.86:0/889601634 >> [v2:172.21.15.86:3300/0,v1:172.21.15.86:6789/0] conn(0x7f1580109150 msgr2=0x7f158019c620 secure :-1 s=STATE_CONNECTION_ESTABLISHED l=1).mark_down
2024-04-16T05:26:00.837 INFO:teuthology.orchestra.run.smithi086.stdout:/usr/bin/ceph: stderr
2024-04-16T05:26:00.238+0000 7f15885bb700 1 --2- 172.21.15.86:0/889601634 >> [v2:172.21.15.86:3300/0,v1:172.21.15.86:6789/0] conn(0x7f1580109150 0x7f158019c620 secure :-1 s=READY pgs=75 cs=0 l=1 rev1=1 crypto rx=0x7f15740116a0 tx=0x7f1574011ba0 comp rx=0 tx=0).stop
2024-04-16T05:26:00.837 INFO:teuthology.orchestra.run.smithi086.stdout:/usr/bin/ceph: stderr
2024-04-16T05:26:00.238+0000 7f15885bb700 1 -- 172.21.15.86:0/889601634 shutdown_connections
2024-04-16T05:26:00.837 INFO:teuthology.orchestra.run.smithi086.stdout:/usr/bin/ceph: stderr
2024-04-16T05:26:00.238+0000 7f15885bb700 1 --2- 172.21.15.86:0/889601634 >> [v2:172.21.15.86:6800/3194681946,v1:172.21.15.86:6801/3194681946] conn(0x7f156c039650 0x7f156c03bb10 unknown :-1 s=CLOSED pgs=11 cs=0 l=1 rev1=1 crypto rx=0 tx=0 comp rx=0 tx=0).stop
2024-04-16T05:26:00.838 INFO:teuthology.orchestra.run.smithi086.stdout:/usr/bin/ceph: stderr
2024-04-16T05:26:00.238+0000 7f15885bb700 1 --2- 172.21.15.86:0/889601634 >> [v2:172.21.15.86:3300/0,v1:172.21.15.86:6789/0] conn(0x7f1580109150 0x7f158019c620 unknown :-1 s=CLOSED pgs=75 cs=0 l=1 rev1=1 crypto rx=0 tx=0 comp rx=0 tx=0).stop
2024-04-16T05:26:00.838 INFO:teuthology.orchestra.run.smithi086.stdout:/usr/bin/ceph: stderr
2024-04-16T05:26:00.238+0000 7f15885bb700 1 -- 172.21.15.86:0/889601634 >> 172.21.15.86:0/889601634 conn(0x7f1580102b80 msgr2=0x7f15801036a0 unknown :-1 s=STATE_NONE l=0).mark_down
2024-04-16T05:26:00.838 INFO:teuthology.orchestra.run.smithi086.stdout:/usr/bin/ceph: stderr
2024-04-16T05:26:00.238+0000 7f15885bb700 1 -- 172.21.15.86:0/889601634 shutdown_connections
2024-04-16T05:26:00.838 INFO:teuthology.orchestra.run.smithi086.stdout:/usr/bin/ceph: stderr
2024-04-16T05:26:00.238+0000 7f15885bb700 1 -- 172.21.15.86:0/889601634 wait complete.
2024-04-16T05:26:00.838 INFO:teuthology.orchestra.run.smithi086.stdout:/usr/bin/ceph: stderr set mgr/dashboard/cluster/status
2024-04-16T05:26:00.838 INFO:teuthology.orchestra.run.smithi086.stdout:You can access the Ceph CLI as following in case of multi-cluster or non-default config:
2024-04-16T05:26:00.838 INFO:teuthology.orchestra.run.smithi086.stdout:
2024-04-16T05:26:00.838 INFO:teuthology.orchestra.run.smithi086.stdout: sudo /home/ubuntu/cephtest/cephadm shell --fsid 6a4a23f8-fbb1-11ee-bc8f-c7b262605968 -c /etc/ceph/ceph.conf -k /etc/ceph/ceph.client.admin.keyring
2024-04-16T05:26:00.838 INFO:teuthology.orchestra.run.smithi086.stdout:
2024-04-16T05:26:00.838 INFO:teuthology.orchestra.run.smithi086.stdout:Or, if you are only running a single cluster on this host:
2024-04-16T05:26:00.838 INFO:teuthology.orchestra.run.smithi086.stdout:
2024-04-16T05:26:00.838 INFO:teuthology.orchestra.run.smithi086.stdout: sudo /home/ubuntu/cephtest/cephadm shell
2024-04-16T05:26:00.838 INFO:teuthology.orchestra.run.smithi086.stdout:
2024-04-16T05:26:00.838 INFO:teuthology.orchestra.run.smithi086.stdout:Please consider enabling telemetry to help improve Ceph:
2024-04-16T05:26:00.839 INFO:teuthology.orchestra.run.smithi086.stdout:
2024-04-16T05:26:00.839 INFO:teuthology.orchestra.run.smithi086.stdout: ceph telemetry on
2024-04-16T05:26:00.839 INFO:teuthology.orchestra.run.smithi086.stdout:
2024-04-16T05:26:00.839 INFO:teuthology.orchestra.run.smithi086.stdout:For more information see:
2024-04-16T05:26:00.839 INFO:teuthology.orchestra.run.smithi086.stdout:
2024-04-16T05:26:00.839 INFO:teuthology.orchestra.run.smithi086.stdout: https://docs.ceph.com/en/latest/mgr/telemetry/
2024-04-16T05:26:00.839 INFO:teuthology.orchestra.run.smithi086.stdout:
2024-04-16T05:26:00.839 INFO:teuthology.orchestra.run.smithi086.stdout:Bootstrap complete.
2024-04-16T05:26:00.878 INFO:tasks.cephadm:Fetching config...
2024-04-16T05:26:00.879 DEBUG:teuthology.orchestra.run.smithi086:> set -ex
2024-04-16T05:26:00.879 DEBUG:teuthology.orchestra.run.smithi086:> dd if=/etc/ceph/ceph.conf of=/dev/stdout
2024-04-16T05:26:00.896 INFO:tasks.cephadm:Fetching client.admin keyring...
2024-04-16T05:26:00.896 DEBUG:teuthology.orchestra.run.smithi086:> set -ex
2024-04-16T05:26:00.896 DEBUG:teuthology.orchestra.run.smithi086:> dd if=/etc/ceph/ceph.client.admin.keyring of=/dev/stdout
2024-04-16T05:26:00.952 INFO:tasks.cephadm:Fetching mon keyring...
2024-04-16T05:26:00.952 DEBUG:teuthology.orchestra.run.smithi086:> set -ex
2024-04-16T05:26:00.952 DEBUG:teuthology.orchestra.run.smithi086:> sudo dd if=/var/lib/ceph/6a4a23f8-fbb1-11ee-bc8f-c7b262605968/mon.a/keyring of=/dev/stdout
2024-04-16T05:26:01.022 INFO:tasks.cephadm:Fetching pub ssh key...
2024-04-16T05:26:01.022 DEBUG:teuthology.orchestra.run.smithi086:> set -ex
2024-04-16T05:26:01.022 DEBUG:teuthology.orchestra.run.smithi086:> dd if=/home/ubuntu/cephtest/ceph.pub of=/dev/stdout
2024-04-16T05:26:01.077 INFO:tasks.cephadm:Installing pub ssh key for root users...
2024-04-16T05:26:01.078 DEBUG:teuthology.orchestra.run.smithi086:> sudo install -d -m 0700 /root/.ssh && echo 'ssh-rsa AAAAB3NzaC1yc2EAAAADAQABAAABgQDOOITO0oATfHLwKhPKtob4+MLIWNV7p2616NsdGtWk6lwh6dpw0zzat/knIeArU/sZ0my/9yl0xtmPjI9CETax+KDuW4FPUtsxTieI8Y6vOjRUGN7PNQqAyTPakyUUw7qijuGD31AqL6zzfr1k9rmeS3FRPMy+7H0Z+vTB7Lj7sfNSVRh0YbSMewXdtSSPPBq57SVjLI90ZkCb4q3ttuhcKuhafHpJKN33in+liohPQ8ns6MJbTBJen+PwECO401MkTi7sSmo8K3tiTOSImETpRDZYTYgUgowmNVIq+Chp4h50FRhDGjC5y98HLHde1HKEXODe6wUUvl3+0ibu1NG8GXlZKymsAxrF7MisIWwZXby1pHw8PaC7BtBUL5sEcz3l3IMFF8bG11VlfY7ug0xH9wzh6r23uweExnLXzBSyS+4M6Ts7wTL9T/TDP0YIawHeWZYy0fZbifV+8bZlqvvgVrR1LHD+xK7Tn0pj4z4jV0Sf6UPRnP+HxEtE0+VlzXc= ceph-6a4a23f8-fbb1-11ee-bc8f-c7b262605968' | sudo tee -a /root/.ssh/authorized_keys && sudo chmod 0600 /root/.ssh/authorized_keys
2024-04-16T05:26:01.161 INFO:teuthology.orchestra.run.smithi086.stdout:ssh-rsa AAAAB3NzaC1yc2EAAAADAQABAAABgQDOOITO0oATfHLwKhPKtob4+MLIWNV7p2616NsdGtWk6lwh6dpw0zzat/knIeArU/sZ0my/9yl0xtmPjI9CETax+KDuW4FPUtsxTieI8Y6vOjRUGN7PNQqAyTPakyUUw7qijuGD31AqL6zzfr1k9rmeS3FRPMy+7H0Z+vTB7Lj7sfNSVRh0YbSMewXdtSSPPBq57SVjLI90ZkCb4q3ttuhcKuhafHpJKN33in+liohPQ8ns6MJbTBJen+PwECO401MkTi7sSmo8K3tiTOSImETpRDZYTYgUgowmNVIq+Chp4h50FRhDGjC5y98HLHde1HKEXODe6wUUvl3+0ibu1NG8GXlZKymsAxrF7MisIWwZXby1pHw8PaC7BtBUL5sEcz3l3IMFF8bG11VlfY7ug0xH9wzh6r23uweExnLXzBSyS+4M6Ts7wTL9T/TDP0YIawHeWZYy0fZbifV+8bZlqvvgVrR1LHD+xK7Tn0pj4z4jV0Sf6UPRnP+HxEtE0+VlzXc= ceph-6a4a23f8-fbb1-11ee-bc8f-c7b262605968
2024-04-16T05:26:01.177 DEBUG:teuthology.orchestra.run.smithi194:> sudo install -d -m 0700 /root/.ssh && echo 'ssh-rsa AAAAB3NzaC1yc2EAAAADAQABAAABgQDOOITO0oATfHLwKhPKtob4+MLIWNV7p2616NsdGtWk6lwh6dpw0zzat/knIeArU/sZ0my/9yl0xtmPjI9CETax+KDuW4FPUtsxTieI8Y6vOjRUGN7PNQqAyTPakyUUw7qijuGD31AqL6zzfr1k9rmeS3FRPMy+7H0Z+vTB7Lj7sfNSVRh0YbSMewXdtSSPPBq57SVjLI90ZkCb4q3ttuhcKuhafHpJKN33in+liohPQ8ns6MJbTBJen+PwECO401MkTi7sSmo8K3tiTOSImETpRDZYTYgUgowmNVIq+Chp4h50FRhDGjC5y98HLHde1HKEXODe6wUUvl3+0ibu1NG8GXlZKymsAxrF7MisIWwZXby1pHw8PaC7BtBUL5sEcz3l3IMFF8bG11VlfY7ug0xH9wzh6r23uweExnLXzBSyS+4M6Ts7wTL9T/TDP0YIawHeWZYy0fZbifV+8bZlqvvgVrR1LHD+xK7Tn0pj4z4jV0Sf6UPRnP+HxEtE0+VlzXc= ceph-6a4a23f8-fbb1-11ee-bc8f-c7b262605968' | sudo tee -a /root/.ssh/authorized_keys && sudo chmod 0600 /root/.ssh/authorized_keys
2024-04-16T05:26:01.225 INFO:teuthology.orchestra.run.smithi194.stdout:ssh-rsa AAAAB3NzaC1yc2EAAAADAQABAAABgQDOOITO0oATfHLwKhPKtob4+MLIWNV7p2616NsdGtWk6lwh6dpw0zzat/knIeArU/sZ0my/9yl0xtmPjI9CETax+KDuW4FPUtsxTieI8Y6vOjRUGN7PNQqAyTPakyUUw7qijuGD31AqL6zzfr1k9rmeS3FRPMy+7H0Z+vTB7Lj7sfNSVRh0YbSMewXdtSSPPBq57SVjLI90ZkCb4q3ttuhcKuhafHpJKN33in+liohPQ8ns6MJbTBJen+PwECO401MkTi7sSmo8K3tiTOSImETpRDZYTYgUgowmNVIq+Chp4h50FRhDGjC5y98HLHde1HKEXODe6wUUvl3+0ibu1NG8GXlZKymsAxrF7MisIWwZXby1pHw8PaC7BtBUL5sEcz3l3IMFF8bG11VlfY7ug0xH9wzh6r23uweExnLXzBSyS+4M6Ts7wTL9T/TDP0YIawHeWZYy0fZbifV+8bZlqvvgVrR1LHD+xK7Tn0pj4z4jV0Sf6UPRnP+HxEtE0+VlzXc= ceph-6a4a23f8-fbb1-11ee-bc8f-c7b262605968
2024-04-16T05:26:01.240 DEBUG:teuthology.orchestra.run.smithi196:> sudo install -d -m 0700 /root/.ssh && echo 'ssh-rsa AAAAB3NzaC1yc2EAAAADAQABAAABgQDOOITO0oATfHLwKhPKtob4+MLIWNV7p2616NsdGtWk6lwh6dpw0zzat/knIeArU/sZ0my/9yl0xtmPjI9CETax+KDuW4FPUtsxTieI8Y6vOjRUGN7PNQqAyTPakyUUw7qijuGD31AqL6zzfr1k9rmeS3FRPMy+7H0Z+vTB7Lj7sfNSVRh0YbSMewXdtSSPPBq57SVjLI90ZkCb4q3ttuhcKuhafHpJKN33in+liohPQ8ns6MJbTBJen+PwECO401MkTi7sSmo8K3tiTOSImETpRDZYTYgUgowmNVIq+Chp4h50FRhDGjC5y98HLHde1HKEXODe6wUUvl3+0ibu1NG8GXlZKymsAxrF7MisIWwZXby1pHw8PaC7BtBUL5sEcz3l3IMFF8bG11VlfY7ug0xH9wzh6r23uweExnLXzBSyS+4M6Ts7wTL9T/TDP0YIawHeWZYy0fZbifV+8bZlqvvgVrR1LHD+xK7Tn0pj4z4jV0Sf6UPRnP+HxEtE0+VlzXc= ceph-6a4a23f8-fbb1-11ee-bc8f-c7b262605968' | sudo tee -a /root/.ssh/authorized_keys && sudo chmod 0600 /root/.ssh/authorized_keys
2024-04-16T05:26:01.287 INFO:teuthology.orchestra.run.smithi196.stdout:ssh-rsa AAAAB3NzaC1yc2EAAAADAQABAAABgQDOOITO0oATfHLwKhPKtob4+MLIWNV7p2616NsdGtWk6lwh6dpw0zzat/knIeArU/sZ0my/9yl0xtmPjI9CETax+KDuW4FPUtsxTieI8Y6vOjRUGN7PNQqAyTPakyUUw7qijuGD31AqL6zzfr1k9rmeS3FRPMy+7H0Z+vTB7Lj7sfNSVRh0YbSMewXdtSSPPBq57SVjLI90ZkCb4q3ttuhcKuhafHpJKN33in+liohPQ8ns6MJbTBJen+PwECO401MkTi7sSmo8K3tiTOSImETpRDZYTYgUgowmNVIq+Chp4h50FRhDGjC5y98HLHde1HKEXODe6wUUvl3+0ibu1NG8GXlZKymsAxrF7MisIWwZXby1pHw8PaC7BtBUL5sEcz3l3IMFF8bG11VlfY7ug0xH9wzh6r23uweExnLXzBSyS+4M6Ts7wTL9T/TDP0YIawHeWZYy0fZbifV+8bZlqvvgVrR1LHD+xK7Tn0pj4z4jV0Sf6UPRnP+HxEtE0+VlzXc= ceph-6a4a23f8-fbb1-11ee-bc8f-c7b262605968
2024-04-16T05:26:01.302 DEBUG:teuthology.orchestra.run.smithi086:> sudo /home/ubuntu/cephtest/cephadm --image quay-quay-quay.apps.os.sepia.ceph.com/ceph-ci/ceph:a87fcff6340baeedd43af126e793f3241b6400ea shell -c /etc/ceph/ceph.conf -k /etc/ceph/ceph.client.admin.keyring --fsid 6a4a23f8-fbb1-11ee-bc8f-c7b262605968 -- ceph config set mgr mgr/cephadm/allow_ptrace true
2024-04-16T05:26:01.467 INFO:journalctl@ceph.mon.a.smithi086.stdout:Apr 16 05:26:01 smithi086 ceph-mon[32028]: from='client.? 172.21.15.86:0/889601634' entity='client.admin'
2024-04-16T05:26:01.545 INFO:teuthology.orchestra.run.smithi086.stderr:Inferring config /var/lib/ceph/6a4a23f8-fbb1-11ee-bc8f-c7b262605968/mon.a/config
