2024-04-16T13:29:58.177 INFO:journalctl@ceph.mgr.x.smithi076.stdout:Apr 16 13:29:57 smithi076 ceph-1dee8a28-fbf5-11ee-bc90-c7b262605968-mgr-x[31911]:
2024-04-16T13:29:57.819+0000 7f7b5a858200 -1 mgr[py] Module test_orchestrator has missing NOTIFY_TYPES member
2024-04-16T13:29:58.177 INFO:journalctl@ceph.mgr.x.smithi076.stdout:Apr 16 13:29:58 smithi076 ceph-1dee8a28-fbf5-11ee-bc90-c7b262605968-mgr-x[31911]:
2024-04-16T13:29:58.063+0000 7f7b5a858200 -1 mgr[py] Module crash has missing NOTIFY_TYPES member
2024-04-16T13:29:58.727 INFO:journalctl@ceph.mgr.x.smithi076.stdout:Apr 16 13:29:58 smithi076 ceph-1dee8a28-fbf5-11ee-bc90-c7b262605968-mgr-x[31911]:
2024-04-16T13:29:58.440+0000 7f7b5a858200 -1 mgr[py] Module orchestrator has missing NOTIFY_TYPES member
2024-04-16T13:29:59.069 INFO:journalctl@ceph.mgr.x.smithi076.stdout:Apr 16 13:29:58 smithi076 ceph-1dee8a28-fbf5-11ee-bc90-c7b262605968-mgr-x[31911]:
2024-04-16T13:29:58.757+0000 7f7b5a858200 -1 mgr[py] Module osd_support has missing NOTIFY_TYPES member
2024-04-16T13:29:59.477 INFO:journalctl@ceph.mgr.x.smithi076.stdout:Apr 16 13:29:59 smithi076 ceph-1dee8a28-fbf5-11ee-bc90-c7b262605968-mgr-x[31911]:
2024-04-16T13:29:59.068+0000 7f7b5a858200 -1 mgr[py] Module volumes has missing NOTIFY_TYPES member
2024-04-16T13:30:00.449 INFO:journalctl@ceph.mgr.x.smithi076.stdout:Apr 16 13:30:00 smithi076 ceph-1dee8a28-fbf5-11ee-bc90-c7b262605968-mgr-x[31911]:
2024-04-16T13:30:00.106+0000 7f7b5a858200 -1 mgr[py] Module telemetry has missing NOTIFY_TYPES member
2024-04-16T13:30:01.227 INFO:journalctl@ceph.mgr.x.smithi076.stdout:Apr 16 13:30:00 smithi076 ceph-1dee8a28-fbf5-11ee-bc90-c7b262605968-mgr-x[31911]:
2024-04-16T13:30:00.831+0000 7f7b5a858200 -1 mgr[py] Module prometheus has missing NOTIFY_TYPES member
2024-04-16T13:30:01.227 INFO:journalctl@ceph.mgr.x.smithi076.stdout:Apr 16 13:30:00 smithi076 ceph-1dee8a28-fbf5-11ee-bc90-c7b262605968-mgr-x[31911]:
2024-04-16T13:30:00.969+0000 7f7b5a858200 -1 mgr[py] Module status has missing NOTIFY_TYPES member
2024-04-16T13:30:01.633 INFO:journalctl@ceph.mgr.x.smithi076.stdout:Apr 16 13:30:01 smithi076 ceph-1dee8a28-fbf5-11ee-bc90-c7b262605968-mgr-x[31911]:
2024-04-16T13:30:01.264+0000 7f7b5a858200 -1 mgr[py] Module nfs has missing NOTIFY_TYPES member
2024-04-16T13:30:01.633 INFO:journalctl@ceph.mon.a.smithi076.stdout:Apr 16 13:30:01 smithi076 ceph-mon[31678]: Active manager daemon x restarted
2024-04-16T13:30:01.633 INFO:journalctl@ceph.mon.a.smithi076.stdout:Apr 16 13:30:01 smithi076 ceph-mon[31678]: Activating manager daemon x
2024-04-16T13:30:01.633 INFO:journalctl@ceph.mon.a.smithi076.stdout:Apr 16 13:30:01 smithi076 ceph-mon[31678]: osdmap e3: 0 total, 0 up, 0 in
2024-04-16T13:30:01.633 INFO:journalctl@ceph.mon.a.smithi076.stdout:Apr 16 13:30:01 smithi076 ceph-mon[31678]: mgrmap e10: x(active, starting, since 0.00442277s)
2024-04-16T13:30:01.634 INFO:journalctl@ceph.mon.a.smithi076.stdout:Apr 16 13:30:01 smithi076 ceph-mon[31678]: from='mgr.14152 172.21.15.76:0/2829778608' entity='mgr.x' cmd=[{"prefix": "mon metadata", "id": "a"}]: dispatch
2024-04-16T13:30:01.634 INFO:journalctl@ceph.mon.a.smithi076.stdout:Apr 16 13:30:01 smithi076 ceph-mon[31678]: from='mgr.14152 172.21.15.76:0/2829778608' entity='mgr.x' cmd=[{"prefix": "mgr metadata", "who": "x", "id": "x"}]: dispatch
2024-04-16T13:30:01.634 INFO:journalctl@ceph.mon.a.smithi076.stdout:Apr 16 13:30:01 smithi076 ceph-mon[31678]: from='mgr.14152 172.21.15.76:0/2829778608' entity='mgr.x' cmd=[{"prefix": "mds metadata"}]: dispatch
2024-04-16T13:30:01.634 INFO:journalctl@ceph.mon.a.smithi076.stdout:Apr 16 13:30:01 smithi076 ceph-mon[31678]: from='mgr.14152 172.21.15.76:0/2829778608' entity='mgr.x' cmd=[{"prefix": "osd metadata"}]: dispatch
2024-04-16T13:30:01.634 INFO:journalctl@ceph.mon.a.smithi076.stdout:Apr 16 13:30:01 smithi076 ceph-mon[31678]: from='mgr.14152 172.21.15.76:0/2829778608' entity='mgr.x' cmd=[{"prefix": "mon metadata"}]: dispatch
2024-04-16T13:30:01.634 INFO:journalctl@ceph.mon.a.smithi076.stdout:Apr 16 13:30:01 smithi076 ceph-mon[31678]: Manager daemon x is now available
2024-04-16T13:30:02.597 INFO:journalctl@ceph.mon.a.smithi076.stdout:Apr 16 13:30:02 smithi076 ceph-mon[31678]: from='mgr.14152 172.21.15.76:0/2829778608' entity='mgr.x' cmd=[{"prefix": "config dump", "format": "json"}]: dispatch
2024-04-16T13:30:02.598 INFO:journalctl@ceph.mon.a.smithi076.stdout:Apr 16 13:30:02 smithi076 ceph-mon[31678]: from='mgr.14152 172.21.15.76:0/2829778608' entity='mgr.x' cmd=[{"prefix":"config rm","who":"mgr","name":"mgr/rbd_support/x/mirror_snapshot_schedule"}]: dispatch
2024-04-16T13:30:02.598 INFO:journalctl@ceph.mon.a.smithi076.stdout:Apr 16 13:30:02 smithi076 ceph-mon[31678]: from='mgr.14152 172.21.15.76:0/2829778608' entity='mgr.x' cmd=[{"prefix":"config rm","who":"mgr","name":"mgr/rbd_support/x/trash_purge_schedule"}]: dispatch
2024-04-16T13:30:02.598 INFO:journalctl@ceph.mon.a.smithi076.stdout:Apr 16 13:30:02 smithi076 ceph-mon[31678]: mgrmap e11: x(active, since 1.00947s)
2024-04-16T13:30:03.153 INFO:teuthology.orchestra.run.smithi076.stdout:/usr/bin/ceph: stdout {
2024-04-16T13:30:03.154 INFO:teuthology.orchestra.run.smithi076.stdout:/usr/bin/ceph: stdout "mgrmap_epoch": 11,
2024-04-16T13:30:03.154 INFO:teuthology.orchestra.run.smithi076.stdout:/usr/bin/ceph: stdout "initialized": true
2024-04-16T13:30:03.154 INFO:teuthology.orchestra.run.smithi076.stdout:/usr/bin/ceph: stdout }
2024-04-16T13:30:03.154 INFO:teuthology.orchestra.run.smithi076.stdout:/usr/bin/ceph: stderr
2024-04-16T13:29:55.163+0000 7f181e000700 1 Processor -- start
2024-04-16T13:30:03.154 INFO:teuthology.orchestra.run.smithi076.stdout:/usr/bin/ceph: stderr
2024-04-16T13:29:55.163+0000 7f181e000700 1 -- start start
2024-04-16T13:30:03.154 INFO:teuthology.orchestra.run.smithi076.stdout:/usr/bin/ceph: stderr
2024-04-16T13:29:55.164+0000 7f181e000700 1 --2- >> [v2:172.21.15.76:3300/0,v1:172.21.15.76:6789/0] conn(0x7f181807de50 0x7f181807c300 unknown :-1 s=NONE pgs=0 cs=0 l=0 rev1=0 crypto rx=0 tx=0 comp rx=0 tx=0).connect
2024-04-16T13:30:03.154 INFO:teuthology.orchestra.run.smithi076.stdout:/usr/bin/ceph: stderr
2024-04-16T13:29:55.164+0000 7f181e000700 1 -- --> [v2:172.21.15.76:3300/0,v1:172.21.15.76:6789/0] -- mon_getmap magic: 0 -- 0x7f181807c840 con 0x7f181807de50
2024-04-16T13:30:03.154 INFO:teuthology.orchestra.run.smithi076.stdout:/usr/bin/ceph: stderr
2024-04-16T13:29:55.164+0000 7f1817400700 1 --2- >> [v2:172.21.15.76:3300/0,v1:172.21.15.76:6789/0] conn(0x7f181807de50 0x7f181807c300 unknown :-1 s=BANNER_CONNECTING pgs=0 cs=0 l=0 rev1=0 crypto rx=0 tx=0 comp rx=0 tx=0)._handle_peer_banner_payload supported=3 required=0
2024-04-16T13:30:03.154 INFO:teuthology.orchestra.run.smithi076.stdout:/usr/bin/ceph: stderr
2024-04-16T13:29:55.164+0000 7f1817400700 1 --2- >> [v2:172.21.15.76:3300/0,v1:172.21.15.76:6789/0] conn(0x7f181807de50 0x7f181807c300 unknown :-1 s=HELLO_CONNECTING pgs=0 cs=0 l=0 rev1=1 crypto rx=0 tx=0 comp rx=0 tx=0).handle_hello peer v2:172.21.15.76:3300/0 says I am v2:172.21.15.76:45254/0 (socket says 172.21.15.76:45254)
2024-04-16T13:30:03.154 INFO:teuthology.orchestra.run.smithi076.stdout:/usr/bin/ceph: stderr
2024-04-16T13:29:55.164+0000 7f1817400700 1 -- 172.21.15.76:0/321287488 learned_addr learned my addr 172.21.15.76:0/321287488 (peer_addr_for_me v2:172.21.15.76:0/0)
2024-04-16T13:30:03.154 INFO:teuthology.orchestra.run.smithi076.stdout:/usr/bin/ceph: stderr
2024-04-16T13:29:55.165+0000 7f1817400700 1 -- 172.21.15.76:0/321287488 --> [v2:172.21.15.76:3300/0,v1:172.21.15.76:6789/0] -- mon_subscribe({config=0+,monmap=0+}) -- 0x7f181807c9c0 con 0x7f181807de50
2024-04-16T13:30:03.154 INFO:teuthology.orchestra.run.smithi076.stdout:/usr/bin/ceph: stderr
2024-04-16T13:29:55.165+0000 7f1817400700 1 --2- 172.21.15.76:0/321287488 >> [v2:172.21.15.76:3300/0,v1:172.21.15.76:6789/0] conn(0x7f181807de50 0x7f181807c300 secure :-1 s=READY pgs=61 cs=0 l=1 rev1=1 crypto rx=0x7f18080098a0 tx=0x7f1808009bb0 comp rx=0 tx=0).ready entity=mon.0 client_cookie=21fd93e415fb1212 server_cookie=0 in_seq=0 out_seq=0
2024-04-16T13:30:03.155 INFO:teuthology.orchestra.run.smithi076.stdout:/usr/bin/ceph: stderr
2024-04-16T13:29:55.165+0000 7f1816000700 1 -- 172.21.15.76:0/321287488 <== mon.0 v2:172.21.15.76:3300/0 1 ==== mon_map magic: 0 ==== 205+0+0 (secure 0 0 0) 0x7f1808004160 con 0x7f181807de50
2024-04-16T13:30:03.155 INFO:teuthology.orchestra.run.smithi076.stdout:/usr/bin/ceph: stderr
2024-04-16T13:29:55.165+0000 7f1816000700 1 -- 172.21.15.76:0/321287488 <== mon.0 v2:172.21.15.76:3300/0 2 ==== config(27 keys) ==== 1140+0+0 (secure 0 0 0) 0x7f1808004300 con 0x7f181807de50
2024-04-16T13:30:03.155 INFO:teuthology.orchestra.run.smithi076.stdout:/usr/bin/ceph: stderr
2024-04-16T13:29:55.165+0000 7f1816000700 1 -- 172.21.15.76:0/321287488 <== mon.0 v2:172.21.15.76:3300/0 3 ==== mon_map magic: 0 ==== 205+0+0 (secure 0 0 0) 0x7f1808011b20 con 0x7f181807de50
2024-04-16T13:30:03.155 INFO:teuthology.orchestra.run.smithi076.stdout:/usr/bin/ceph: stderr
2024-04-16T13:29:55.166+0000 7f181e000700 1 -- 172.21.15.76:0/321287488 >> [v2:172.21.15.76:3300/0,v1:172.21.15.76:6789/0] conn(0x7f181807de50 msgr2=0x7f181807c300 secure :-1 s=STATE_CONNECTION_ESTABLISHED l=1).mark_down
2024-04-16T13:30:03.155 INFO:teuthology.orchestra.run.smithi076.stdout:/usr/bin/ceph: stderr
2024-04-16T13:29:55.166+0000 7f181e000700 1 --2- 172.21.15.76:0/321287488 >> [v2:172.21.15.76:3300/0,v1:172.21.15.76:6789/0] conn(0x7f181807de50 0x7f181807c300 secure :-1 s=READY pgs=61 cs=0 l=1 rev1=1 crypto rx=0x7f18080098a0 tx=0x7f1808009bb0 comp rx=0 tx=0).stop
2024-04-16T13:30:03.155 INFO:teuthology.orchestra.run.smithi076.stdout:/usr/bin/ceph: stderr
2024-04-16T13:29:55.166+0000 7f181e000700 1 -- 172.21.15.76:0/321287488 shutdown_connections
2024-04-16T13:30:03.155 INFO:teuthology.orchestra.run.smithi076.stdout:/usr/bin/ceph: stderr
2024-04-16T13:29:55.166+0000 7f181e000700 1 --2- 172.21.15.76:0/321287488 >> [v2:172.21.15.76:3300/0,v1:172.21.15.76:6789/0] conn(0x7f181807de50 0x7f181807c300 unknown :-1 s=CLOSED pgs=61 cs=0 l=1 rev1=1 crypto rx=0 tx=0 comp rx=0 tx=0).stop
2024-04-16T13:30:03.155 INFO:teuthology.orchestra.run.smithi076.stdout:/usr/bin/ceph: stderr
2024-04-16T13:29:55.166+0000 7f181e000700 1 -- 172.21.15.76:0/321287488 >> 172.21.15.76:0/321287488 conn(0x7f1818103c80 msgr2=0x7f18181060a0 unknown :-1 s=STATE_NONE l=0).mark_down
2024-04-16T13:30:03.155 INFO:teuthology.orchestra.run.smithi076.stdout:/usr/bin/ceph: stderr
2024-04-16T13:29:55.166+0000 7f181e000700 1 -- 172.21.15.76:0/321287488 shutdown_connections
2024-04-16T13:30:03.155 INFO:teuthology.orchestra.run.smithi076.stdout:/usr/bin/ceph: stderr
2024-04-16T13:29:55.166+0000 7f181e000700 1 -- 172.21.15.76:0/321287488 wait complete.
2024-04-16T13:30:03.155 INFO:teuthology.orchestra.run.smithi076.stdout:/usr/bin/ceph: stderr
2024-04-16T13:29:55.167+0000 7f181e000700 1 Processor -- start
2024-04-16T13:30:03.155 INFO:teuthology.orchestra.run.smithi076.stdout:/usr/bin/ceph: stderr
2024-04-16T13:29:55.167+0000 7f181e000700 1 -- start start
2024-04-16T13:30:03.155 INFO:teuthology.orchestra.run.smithi076.stdout:/usr/bin/ceph: stderr
2024-04-16T13:29:55.168+0000 7f181e000700 1 --2- >> [v2:172.21.15.76:3300/0,v1:172.21.15.76:6789/0] conn(0x7f181807de50 0x7f181819e7a0 unknown :-1 s=NONE pgs=0 cs=0 l=1 rev1=0 crypto rx=0 tx=0 comp rx=0 tx=0).connect
2024-04-16T13:30:03.155 INFO:teuthology.orchestra.run.smithi076.stdout:/usr/bin/ceph: stderr
2024-04-16T13:29:55.168+0000 7f181e000700 1 -- --> [v2:172.21.15.76:3300/0,v1:172.21.15.76:6789/0] -- mon_getmap magic: 0 -- 0x7f181810ec20 con 0x7f181807de50
2024-04-16T13:30:03.155 INFO:teuthology.orchestra.run.smithi076.stdout:/usr/bin/ceph: stderr
2024-04-16T13:29:55.168+0000 7f1817400700 1 --2- >> [v2:172.21.15.76:3300/0,v1:172.21.15.76:6789/0] conn(0x7f181807de50 0x7f181819e7a0 unknown :-1 s=BANNER_CONNECTING pgs=0 cs=0 l=1 rev1=0 crypto rx=0 tx=0 comp rx=0 tx=0)._handle_peer_banner_payload supported=3 required=0
2024-04-16T13:30:03.155 INFO:teuthology.orchestra.run.smithi076.stdout:/usr/bin/ceph: stderr
2024-04-16T13:29:55.168+0000 7f1817400700 1 --2- >> [v2:172.21.15.76:3300/0,v1:172.21.15.76:6789/0] conn(0x7f181807de50 0x7f181819e7a0 unknown :-1 s=HELLO_CONNECTING pgs=0 cs=0 l=1 rev1=1 crypto rx=0 tx=0 comp rx=0 tx=0).handle_hello peer v2:172.21.15.76:3300/0 says I am v2:172.21.15.76:45260/0 (socket says 172.21.15.76:45260)
2024-04-16T13:30:03.156 INFO:teuthology.orchestra.run.smithi076.stdout:/usr/bin/ceph: stderr
2024-04-16T13:29:55.168+0000 7f1817400700 1 -- 172.21.15.76:0/2955500637 learned_addr learned my addr 172.21.15.76:0/2955500637 (peer_addr_for_me v2:172.21.15.76:0/0)
2024-04-16T13:30:03.156 INFO:teuthology.orchestra.run.smithi076.stdout:/usr/bin/ceph: stderr
2024-04-16T13:29:55.168+0000 7f1817400700 1 -- 172.21.15.76:0/2955500637 --> [v2:172.21.15.76:3300/0,v1:172.21.15.76:6789/0] -- mon_subscribe({config=0+,monmap=0+}) -- 0x7f181819ece0 con 0x7f181807de50
2024-04-16T13:30:03.156 INFO:teuthology.orchestra.run.smithi076.stdout:/usr/bin/ceph: stderr
2024-04-16T13:29:55.169+0000 7f1817400700 1 --2- 172.21.15.76:0/2955500637 >> [v2:172.21.15.76:3300/0,v1:172.21.15.76:6789/0] conn(0x7f181807de50 0x7f181819e7a0 secure :-1 s=READY pgs=62 cs=0 l=1 rev1=1 crypto rx=0x7f18080117e0 tx=0x7f1808011ce0 comp rx=0 tx=0).ready entity=mon.0 client_cookie=0 server_cookie=0 in_seq=0 out_seq=0
2024-04-16T13:30:03.156 INFO:teuthology.orchestra.run.smithi076.stdout:/usr/bin/ceph: stderr
2024-04-16T13:29:55.169+0000 7f180fe00700 1 -- 172.21.15.76:0/2955500637 <== mon.0 v2:172.21.15.76:3300/0 1 ==== mon_map magic: 0 ==== 205+0+0 (secure 0 0 0) 0x7f1808003c90 con 0x7f181807de50
2024-04-16T13:30:03.156 INFO:teuthology.orchestra.run.smithi076.stdout:/usr/bin/ceph: stderr
2024-04-16T13:29:55.169+0000 7f180fe00700 1 -- 172.21.15.76:0/2955500637 <== mon.0 v2:172.21.15.76:3300/0 2 ==== config(27 keys) ==== 1140+0+0 (secure 0 0 0) 0x7f180801a910 con 0x7f181807de50
2024-04-16T13:30:03.156 INFO:teuthology.orchestra.run.smithi076.stdout:/usr/bin/ceph: stderr
2024-04-16T13:29:55.169+0000 7f181e000700 1 -- 172.21.15.76:0/2955500637 --> [v2:172.21.15.76:3300/0,v1:172.21.15.76:6789/0] -- mon_subscribe({mgrmap=0+}) -- 0x7f181819ef70 con 0x7f181807de50
2024-04-16T13:30:03.156 INFO:teuthology.orchestra.run.smithi076.stdout:/usr/bin/ceph: stderr
2024-04-16T13:29:55.169+0000 7f180fe00700 1 -- 172.21.15.76:0/2955500637 <== mon.0 v2:172.21.15.76:3300/0 3 ==== mon_map magic: 0 ==== 205+0+0 (secure 0 0 0) 0x7f1808024a10 con 0x7f181807de50
2024-04-16T13:30:03.156 INFO:teuthology.orchestra.run.smithi076.stdout:/usr/bin/ceph: stderr
2024-04-16T13:29:55.169+0000 7f181e000700 1 -- 172.21.15.76:0/2955500637 --> [v2:172.21.15.76:3300/0,v1:172.21.15.76:6789/0] -- mon_subscribe({osdmap=0}) -- 0x7f181819f3d0 con 0x7f181807de50
2024-04-16T13:30:03.156 INFO:teuthology.orchestra.run.smithi076.stdout:/usr/bin/ceph: stderr
2024-04-16T13:29:55.170+0000 7f180fe00700 1 -- 172.21.15.76:0/2955500637 <== mon.0 v2:172.21.15.76:3300/0 4 ==== mgrmap(e 9) ==== 46571+0+0 (secure 0 0 0) 0x7f1808022020 con 0x7f181807de50
2024-04-16T13:30:03.156 INFO:teuthology.orchestra.run.smithi076.stdout:/usr/bin/ceph: stderr
2024-04-16T13:29:55.171+0000 7f180fe00700 1 --2- 172.21.15.76:0/2955500637 >> [v2:172.21.15.76:6800/4182336607,v1:172.21.15.76:6801/4182336607] conn(0x7f17fc0395b0 0x7f17fc03ba70 unknown :-1 s=NONE pgs=0 cs=0 l=1 rev1=0 crypto rx=0 tx=0 comp rx=0 tx=0).connect
2024-04-16T13:30:03.156 INFO:teuthology.orchestra.run.smithi076.stdout:/usr/bin/ceph: stderr
2024-04-16T13:29:55.171+0000 7f180fe00700 1 -- 172.21.15.76:0/2955500637 --> [v2:172.21.15.76:6800/4182336607,v1:172.21.15.76:6801/4182336607] -- command(tid 0: {"prefix": "get_command_descriptions"}) -- 0x7f17fc03c180 con 0x7f17fc0395b0
2024-04-16T13:30:03.156 INFO:teuthology.orchestra.run.smithi076.stdout:/usr/bin/ceph: stderr
2024-04-16T13:29:55.171+0000 7f180fe00700 1 -- 172.21.15.76:0/2955500637 <== mon.0 v2:172.21.15.76:3300/0 5 ==== osd_map(2..2 src has 1..2) ==== 940+0+0 (secure 0 0 0) 0x7f180804dc20 con 0x7f181807de50
2024-04-16T13:30:03.156 INFO:teuthology.orchestra.run.smithi076.stdout:/usr/bin/ceph: stderr
2024-04-16T13:29:55.171+0000 7f1816a00700 1 -- 172.21.15.76:0/2955500637 >> [v2:172.21.15.76:6800/4182336607,v1:172.21.15.76:6801/4182336607] conn(0x7f17fc0395b0 msgr2=0x7f17fc03ba70 unknown :-1 s=STATE_CONNECTING_RE l=1).process reconnect failed to v2:172.21.15.76:6800/4182336607
2024-04-16T13:30:03.157 INFO:teuthology.orchestra.run.smithi076.stdout:/usr/bin/ceph: stderr
2024-04-16T13:29:55.171+0000 7f1816a00700 1 --2- 172.21.15.76:0/2955500637 >> [v2:172.21.15.76:6800/4182336607,v1:172.21.15.76:6801/4182336607] conn(0x7f17fc0395b0 0x7f17fc03ba70 unknown :-1 s=START_CONNECT pgs=0 cs=0 l=1 rev1=0 crypto rx=0 tx=0 comp rx=0 tx=0)._fault waiting 0.200000
2024-04-16T13:30:03.157 INFO:teuthology.orchestra.run.smithi076.stdout:/usr/bin/ceph: stderr
2024-04-16T13:29:55.372+0000 7f1816a00700 1 -- 172.21.15.76:0/2955500637 >> [v2:172.21.15.76:6800/4182336607,v1:172.21.15.76:6801/4182336607] conn(0x7f17fc0395b0 msgr2=0x7f17fc03ba70 unknown :-1 s=STATE_CONNECTING_RE l=1).process reconnect failed to v2:172.21.15.76:6800/4182336607
2024-04-16T13:30:03.157 INFO:teuthology.orchestra.run.smithi076.stdout:/usr/bin/ceph: stderr
2024-04-16T13:29:55.372+0000 7f1816a00700 1 --2- 172.21.15.76:0/2955500637 >> [v2:172.21.15.76:6800/4182336607,v1:172.21.15.76:6801/4182336607] conn(0x7f17fc0395b0 0x7f17fc03ba70 unknown :-1 s=START_CONNECT pgs=0 cs=0 l=1 rev1=0 crypto rx=0 tx=0 comp rx=0 tx=0)._fault waiting 0.400000
2024-04-16T13:30:03.157 INFO:teuthology.orchestra.run.smithi076.stdout:/usr/bin/ceph: stderr
2024-04-16T13:29:55.773+0000 7f1816a00700 1 -- 172.21.15.76:0/2955500637 >> [v2:172.21.15.76:6800/4182336607,v1:172.21.15.76:6801/4182336607] conn(0x7f17fc0395b0 msgr2=0x7f17fc03ba70 unknown :-1 s=STATE_CONNECTING_RE l=1).process reconnect failed to v2:172.21.15.76:6800/4182336607
2024-04-16T13:30:03.157 INFO:teuthology.orchestra.run.smithi076.stdout:/usr/bin/ceph: stderr
2024-04-16T13:29:55.773+0000 7f1816a00700 1 --2- 172.21.15.76:0/2955500637 >> [v2:172.21.15.76:6800/4182336607,v1:172.21.15.76:6801/4182336607] conn(0x7f17fc0395b0 0x7f17fc03ba70 unknown :-1 s=START_CONNECT pgs=0 cs=0 l=1 rev1=0 crypto rx=0 tx=0 comp rx=0 tx=0)._fault waiting 0.800000
2024-04-16T13:30:03.157 INFO:teuthology.orchestra.run.smithi076.stdout:/usr/bin/ceph: stderr
2024-04-16T13:29:56.574+0000 7f1816a00700 1 -- 172.21.15.76:0/2955500637 >> [v2:172.21.15.76:6800/4182336607,v1:172.21.15.76:6801/4182336607] conn(0x7f17fc0395b0 msgr2=0x7f17fc03ba70 unknown :-1 s=STATE_CONNECTING_RE l=1).process reconnect failed to v2:172.21.15.76:6800/4182336607
2024-04-16T13:30:03.157 INFO:teuthology.orchestra.run.smithi076.stdout:/usr/bin/ceph: stderr
2024-04-16T13:29:56.574+0000 7f1816a00700 1 --2- 172.21.15.76:0/2955500637 >> [v2:172.21.15.76:6800/4182336607,v1:172.21.15.76:6801/4182336607] conn(0x7f17fc0395b0 0x7f17fc03ba70 unknown :-1 s=START_CONNECT pgs=0 cs=0 l=1 rev1=0 crypto rx=0 tx=0 comp rx=0 tx=0)._fault waiting 1.600000
2024-04-16T13:30:03.157 INFO:teuthology.orchestra.run.smithi076.stdout:/usr/bin/ceph: stderr
2024-04-16T13:29:58.176+0000 7f1816a00700 1 -- 172.21.15.76:0/2955500637 >> [v2:172.21.15.76:6800/4182336607,v1:172.21.15.76:6801/4182336607] conn(0x7f17fc0395b0 msgr2=0x7f17fc03ba70 unknown :-1 s=STATE_CONNECTING_RE l=1).process reconnect failed to v2:172.21.15.76:6800/4182336607
2024-04-16T13:30:03.157 INFO:teuthology.orchestra.run.smithi076.stdout:/usr/bin/ceph: stderr
2024-04-16T13:29:58.176+0000 7f1816a00700 1 --2- 172.21.15.76:0/2955500637 >> [v2:172.21.15.76:6800/4182336607,v1:172.21.15.76:6801/4182336607] conn(0x7f17fc0395b0 0x7f17fc03ba70 unknown :-1 s=START_CONNECT pgs=0 cs=0 l=1 rev1=0 crypto rx=0 tx=0 comp rx=0 tx=0)._fault waiting 3.200000
2024-04-16T13:30:03.157 INFO:teuthology.orchestra.run.smithi076.stdout:/usr/bin/ceph: stderr
2024-04-16T13:30:01.273+0000 7f180fe00700 1 -- 172.21.15.76:0/2955500637 <== mon.0 v2:172.21.15.76:3300/0 6 ==== mgrmap(e 10) ==== 46338+0+0 (secure 0 0 0) 0x7f1808024d10 con 0x7f181807de50
2024-04-16T13:30:03.157 INFO:teuthology.orchestra.run.smithi076.stdout:/usr/bin/ceph: stderr
2024-04-16T13:30:01.273+0000 7f180fe00700 1 -- 172.21.15.76:0/2955500637 >> [v2:172.21.15.76:6800/4182336607,v1:172.21.15.76:6801/4182336607] conn(0x7f17fc0395b0 msgr2=0x7f17fc03ba70 unknown :-1 s=STATE_CONNECTING l=1).mark_down
2024-04-16T13:30:03.157 INFO:teuthology.orchestra.run.smithi076.stdout:/usr/bin/ceph: stderr
2024-04-16T13:30:01.273+0000 7f180fe00700 1 --2- 172.21.15.76:0/2955500637 >> [v2:172.21.15.76:6800/4182336607,v1:172.21.15.76:6801/4182336607] conn(0x7f17fc0395b0 0x7f17fc03ba70 unknown :-1 s=START_CONNECT pgs=0 cs=0 l=1 rev1=0 crypto rx=0 tx=0 comp rx=0 tx=0).stop
2024-04-16T13:30:03.157 INFO:teuthology.orchestra.run.smithi076.stdout:/usr/bin/ceph: stderr
2024-04-16T13:30:02.275+0000 7f180fe00700 1 -- 172.21.15.76:0/2955500637 <== mon.0 v2:172.21.15.76:3300/0 7 ==== mgrmap(e 11) ==== 46465+0+0 (secure 0 0 0) 0x7f180804f800 con 0x7f181807de50
2024-04-16T13:30:03.157 INFO:teuthology.orchestra.run.smithi076.stdout:/usr/bin/ceph: stderr
2024-04-16T13:30:02.275+0000 7f180fe00700 1 --2- 172.21.15.76:0/2955500637 >> [v2:172.21.15.76:6800/1398801081,v1:172.21.15.76:6801/1398801081] conn(0x7f17fc03cfe0 0x7f17fc03f3d0 unknown :-1 s=NONE pgs=0 cs=0 l=1 rev1=0 crypto rx=0 tx=0 comp rx=0 tx=0).connect
2024-04-16T13:30:03.158 INFO:teuthology.orchestra.run.smithi076.stdout:/usr/bin/ceph: stderr
2024-04-16T13:30:02.275+0000 7f180fe00700 1 -- 172.21.15.76:0/2955500637 --> [v2:172.21.15.76:6800/1398801081,v1:172.21.15.76:6801/1398801081] -- command(tid 0: {"prefix": "get_command_descriptions"}) -- 0x7f17fc03c180 con 0x7f17fc03cfe0
2024-04-16T13:30:03.158 INFO:teuthology.orchestra.run.smithi076.stdout:/usr/bin/ceph: stderr
2024-04-16T13:30:02.277+0000 7f1816a00700 1 --2- 172.21.15.76:0/2955500637 >> [v2:172.21.15.76:6800/1398801081,v1:172.21.15.76:6801/1398801081] conn(0x7f17fc03cfe0 0x7f17fc03f3d0 unknown :-1 s=BANNER_CONNECTING pgs=0 cs=0 l=1 rev1=0 crypto rx=0 tx=0 comp rx=0 tx=0)._handle_peer_banner_payload supported=3 required=0
2024-04-16T13:30:03.158 INFO:teuthology.orchestra.run.smithi076.stdout:/usr/bin/ceph: stderr
2024-04-16T13:30:02.279+0000 7f1816a00700 1 --2- 172.21.15.76:0/2955500637 >> [v2:172.21.15.76:6800/1398801081,v1:172.21.15.76:6801/1398801081] conn(0x7f17fc03cfe0 0x7f17fc03f3d0 secure :-1 s=READY pgs=4 cs=0 l=1 rev1=1 crypto rx=0x7f1804003a10 tx=0x7f18040092b0 comp rx=0 tx=0).ready entity=mgr.14152 client_cookie=0 server_cookie=0 in_seq=0 out_seq=0
2024-04-16T13:30:03.158 INFO:teuthology.orchestra.run.smithi076.stdout:/usr/bin/ceph: stderr
2024-04-16T13:30:02.280+0000 7f180fe00700 1 -- 172.21.15.76:0/2955500637 <== mgr.14152 v2:172.21.15.76:6800/1398801081 1 ==== command_reply(tid 0: 0 ) ==== 8+0+7774 (secure 0 0 0) 0x7f17fc03c180 con 0x7f17fc03cfe0
2024-04-16T13:30:03.158 INFO:teuthology.orchestra.run.smithi076.stdout:/usr/bin/ceph: stderr
2024-04-16T13:30:02.288+0000 7f180d600700 1 -- 172.21.15.76:0/2955500637 --> [v2:172.21.15.76:6800/1398801081,v1:172.21.15.76:6801/1398801081] -- command(tid 1: {"prefix": "mgr_status"}) -- 0x7f17f0002600 con 0x7f17fc03cfe0
2024-04-16T13:30:03.158 INFO:teuthology.orchestra.run.smithi076.stdout:/usr/bin/ceph: stderr
2024-04-16T13:30:02.288+0000 7f180fe00700 1 -- 172.21.15.76:0/2955500637 <== mgr.14152 v2:172.21.15.76:6800/1398801081 2 ==== command_reply(tid 1: 0 ) ==== 8+0+52 (secure 0 0 0) 0x7f17f0002600 con 0x7f17fc03cfe0
2024-04-16T13:30:03.158 INFO:teuthology.orchestra.run.smithi076.stdout:/usr/bin/ceph: stderr
2024-04-16T13:30:02.288+0000 7f180d600700 1 -- 172.21.15.76:0/2955500637 >> [v2:172.21.15.76:6800/1398801081,v1:172.21.15.76:6801/1398801081] conn(0x7f17fc03cfe0 msgr2=0x7f17fc03f3d0 secure :-1 s=STATE_CONNECTION_ESTABLISHED l=1).mark_down
2024-04-16T13:30:03.158 INFO:teuthology.orchestra.run.smithi076.stdout:/usr/bin/ceph: stderr
2024-04-16T13:30:02.288+0000 7f180d600700 1 --2- 172.21.15.76:0/2955500637 >> [v2:172.21.15.76:6800/1398801081,v1:172.21.15.76:6801/1398801081] conn(0x7f17fc03cfe0 0x7f17fc03f3d0 secure :-1 s=READY pgs=4 cs=0 l=1 rev1=1 crypto rx=0x7f1804003a10 tx=0x7f18040092b0 comp rx=0 tx=0).stop
2024-04-16T13:30:03.158 INFO:teuthology.orchestra.run.smithi076.stdout:/usr/bin/ceph: stderr
2024-04-16T13:30:02.288+0000 7f180d600700 1 -- 172.21.15.76:0/2955500637 >> [v2:172.21.15.76:3300/0,v1:172.21.15.76:6789/0] conn(0x7f181807de50 msgr2=0x7f181819e7a0 secure :-1 s=STATE_CONNECTION_ESTABLISHED l=1).mark_down
2024-04-16T13:30:03.158 INFO:teuthology.orchestra.run.smithi076.stdout:/usr/bin/ceph: stderr
2024-04-16T13:30:02.288+0000 7f180d600700 1 --2- 172.21.15.76:0/2955500637 >> [v2:172.21.15.76:3300/0,v1:172.21.15.76:6789/0] conn(0x7f181807de50 0x7f181819e7a0 secure :-1 s=READY pgs=62 cs=0 l=1 rev1=1 crypto rx=0x7f18080117e0 tx=0x7f1808011ce0 comp rx=0 tx=0).stop
2024-04-16T13:30:03.158 INFO:teuthology.orchestra.run.smithi076.stdout:/usr/bin/ceph: stderr
2024-04-16T13:30:02.289+0000 7f180d600700 1 -- 172.21.15.76:0/2955500637 shutdown_connections
2024-04-16T13:30:03.158 INFO:teuthology.orchestra.run.smithi076.stdout:/usr/bin/ceph: stderr
2024-04-16T13:30:02.289+0000 7f180d600700 1 --2- 172.21.15.76:0/2955500637 >> [v2:172.21.15.76:6800/1398801081,v1:172.21.15.76:6801/1398801081] conn(0x7f17fc03cfe0 0x7f17fc03f3d0 unknown :-1 s=CLOSED pgs=4 cs=0 l=1 rev1=1 crypto rx=0 tx=0 comp rx=0 tx=0).stop
2024-04-16T13:30:03.158 INFO:teuthology.orchestra.run.smithi076.stdout:/usr/bin/ceph: stderr
2024-04-16T13:30:02.289+0000 7f180d600700 1 --2- 172.21.15.76:0/2955500637 >> [v2:172.21.15.76:3300/0,v1:172.21.15.76:6789/0] conn(0x7f181807de50 0x7f181819e7a0 unknown :-1 s=CLOSED pgs=62 cs=0 l=1 rev1=1 crypto rx=0 tx=0 comp rx=0 tx=0).stop
2024-04-16T13:30:03.158 INFO:teuthology.orchestra.run.smithi076.stdout:/usr/bin/ceph: stderr
2024-04-16T13:30:02.289+0000 7f180d600700 1 --2- 172.21.15.76:0/2955500637 >> [v2:172.21.15.76:6800/4182336607,v1:172.21.15.76:6801/4182336607] conn(0x7f17fc0395b0 0x7f17fc03ba70 unknown :-1 s=CLOSED pgs=0 cs=0 l=1 rev1=0 crypto rx=0 tx=0 comp rx=0 tx=0).stop
2024-04-16T13:30:03.159 INFO:teuthology.orchestra.run.smithi076.stdout:/usr/bin/ceph: stderr
2024-04-16T13:30:02.289+0000 7f180d600700 1 -- 172.21.15.76:0/2955500637 >> 172.21.15.76:0/2955500637 conn(0x7f1818103c80 msgr2=0x7f1818104790 unknown :-1 s=STATE_NONE l=0).mark_down
2024-04-16T13:30:03.159 INFO:teuthology.orchestra.run.smithi076.stdout:/usr/bin/ceph: stderr
2024-04-16T13:30:02.289+0000 7f180d600700 1 -- 172.21.15.76:0/2955500637 shutdown_connections
2024-04-16T13:30:03.159 INFO:teuthology.orchestra.run.smithi076.stdout:/usr/bin/ceph: stderr
2024-04-16T13:30:02.289+0000 7f180d600700 1 -- 172.21.15.76:0/2955500637 wait complete.
2024-04-16T13:30:03.159 INFO:teuthology.orchestra.run.smithi076.stdout:mgr epoch 9 is available
2024-04-16T13:30:03.159 INFO:teuthology.orchestra.run.smithi076.stdout:Generating a dashboard self-signed certificate...
2024-04-16T13:30:03.708 INFO:journalctl@ceph.mon.a.smithi076.stdout:Apr 16 13:30:03 smithi076 ceph-mon[31678]: [16/Apr/2024:13:30:01] ENGINE Bus STARTING
2024-04-16T13:30:03.708 INFO:journalctl@ceph.mon.a.smithi076.stdout:Apr 16 13:30:03 smithi076 ceph-mon[31678]: [16/Apr/2024:13:30:01] ENGINE Serving on https://172.21.15.76:7150
2024-04-16T13:30:03.708 INFO:journalctl@ceph.mon.a.smithi076.stdout:Apr 16 13:30:03 smithi076 ceph-mon[31678]: [16/Apr/2024:13:30:01] ENGINE Serving on http://172.21.15.76:8765
2024-04-16T13:30:03.708 INFO:journalctl@ceph.mon.a.smithi076.stdout:Apr 16 13:30:03 smithi076 ceph-mon[31678]: [16/Apr/2024:13:30:01] ENGINE Bus STARTED
2024-04-16T13:30:03.709 INFO:journalctl@ceph.mon.a.smithi076.stdout:Apr 16 13:30:03 smithi076 ceph-mon[31678]: from='client.14156 -' entity='client.admin' cmd=[{"prefix": "get_command_descriptions"}]: dispatch
2024-04-16T13:30:03.709 INFO:journalctl@ceph.mon.a.smithi076.stdout:Apr 16 13:30:03 smithi076 ceph-mon[31678]: from='client.14156 -' entity='client.admin' cmd=[{"prefix": "mgr_status"}]: dispatch
2024-04-16T13:30:04.726 INFO:journalctl@ceph.mon.a.smithi076.stdout:Apr 16 13:30:04 smithi076 ceph-mon[31678]: mgrmap e12: x(active, since 2s)
2024-04-16T13:30:04.727 INFO:journalctl@ceph.mon.a.smithi076.stdout:Apr 16 13:30:04 smithi076 ceph-mon[31678]: from='mgr.14152 172.21.15.76:0/2829778608' entity='mgr.x'
2024-04-16T13:30:05.136 INFO:teuthology.orchestra.run.smithi076.stdout:/usr/bin/ceph: stdout Self-signed certificate created
2024-04-16T13:30:05.138 INFO:teuthology.orchestra.run.smithi076.stdout:/usr/bin/ceph: stderr
2024-04-16T13:30:04.141+0000 7f5ca8400700 1 Processor -- start
2024-04-16T13:30:05.138 INFO:teuthology.orchestra.run.smithi076.stdout:/usr/bin/ceph: stderr
2024-04-16T13:30:04.141+0000 7f5ca8400700 1 -- start start
2024-04-16T13:30:05.138 INFO:teuthology.orchestra.run.smithi076.stdout:/usr/bin/ceph: stderr
2024-04-16T13:30:04.142+0000 7f5ca8400700 1 --2- >> [v2:172.21.15.76:3300/0,v1:172.21.15.76:6789/0] conn(0x7f5ca0107580 0x7f5ca01079a0 unknown :-1 s=NONE pgs=0 cs=0 l=0 rev1=0 crypto rx=0 tx=0 comp rx=0 tx=0).connect
2024-04-16T13:30:05.138 INFO:teuthology.orchestra.run.smithi076.stdout:/usr/bin/ceph: stderr
2024-04-16T13:30:04.142+0000 7f5ca8400700 1 -- --> [v2:172.21.15.76:3300/0,v1:172.21.15.76:6789/0] -- mon_getmap magic: 0 -- 0x7f5ca0107f70 con 0x7f5ca0107580
2024-04-16T13:30:05.138 INFO:teuthology.orchestra.run.smithi076.stdout:/usr/bin/ceph: stderr
2024-04-16T13:30:04.142+0000 7f5ca5a00700 1 --2- >> [v2:172.21.15.76:3300/0,v1:172.21.15.76:6789/0] conn(0x7f5ca0107580 0x7f5ca01079a0 unknown :-1 s=BANNER_CONNECTING pgs=0 cs=0 l=0 rev1=0 crypto rx=0 tx=0 comp rx=0 tx=0)._handle_peer_banner_payload supported=3 required=0
2024-04-16T13:30:05.138 INFO:teuthology.orchestra.run.smithi076.stdout:/usr/bin/ceph: stderr
2024-04-16T13:30:04.142+0000 7f5ca5a00700 1 --2- >> [v2:172.21.15.76:3300/0,v1:172.21.15.76:6789/0] conn(0x7f5ca0107580 0x7f5ca01079a0 unknown :-1 s=HELLO_CONNECTING pgs=0 cs=0 l=0 rev1=1 crypto rx=0 tx=0 comp rx=0 tx=0).handle_hello peer v2:172.21.15.76:3300/0 says I am v2:172.21.15.76:41428/0 (socket says 172.21.15.76:41428)
2024-04-16T13:30:05.139 INFO:teuthology.orchestra.run.smithi076.stdout:/usr/bin/ceph: stderr
2024-04-16T13:30:04.142+0000 7f5ca5a00700 1 -- 172.21.15.76:0/929215042 learned_addr learned my addr 172.21.15.76:0/929215042 (peer_addr_for_me v2:172.21.15.76:0/0)
2024-04-16T13:30:05.139 INFO:teuthology.orchestra.run.smithi076.stdout:/usr/bin/ceph: stderr
2024-04-16T13:30:04.143+0000 7f5ca5a00700 1 -- 172.21.15.76:0/929215042 --> [v2:172.21.15.76:3300/0,v1:172.21.15.76:6789/0] -- mon_subscribe({config=0+,monmap=0+}) -- 0x7f5ca0108780 con 0x7f5ca0107580
2024-04-16T13:30:05.139 INFO:teuthology.orchestra.run.smithi076.stdout:/usr/bin/ceph: stderr
2024-04-16T13:30:04.143+0000 7f5ca5a00700 1 --2- 172.21.15.76:0/929215042 >> [v2:172.21.15.76:3300/0,v1:172.21.15.76:6789/0] conn(0x7f5ca0107580 0x7f5ca01079a0 secure :-1 s=READY pgs=70 cs=0 l=1 rev1=1 crypto rx=0x7f5c9400bb40 tx=0x7f5c9400be50 comp rx=0 tx=0).ready entity=mon.0 client_cookie=216d649fa41d5a31 server_cookie=0 in_seq=0 out_seq=0
2024-04-16T13:30:05.144 INFO:teuthology.orchestra.run.smithi076.stdout:/usr/bin/ceph: stderr
2024-04-16T13:30:04.143+0000 7f5c9fe00700 1 -- 172.21.15.76:0/929215042 <== mon.0 v2:172.21.15.76:3300/0 1 ==== mon_map magic: 0 ==== 205+0+0 (secure 0 0 0) 0x7f5c9400dbe0 con 0x7f5ca0107580
2024-04-16T13:30:05.144 INFO:teuthology.orchestra.run.smithi076.stdout:/usr/bin/ceph: stderr
2024-04-16T13:30:04.144+0000 7f5c9fe00700 1 -- 172.21.15.76:0/929215042 <== mon.0 v2:172.21.15.76:3300/0 2 ==== config(27 keys) ==== 1140+0+0 (secure 0 0 0) 0x7f5c94004510 con 0x7f5ca0107580
2024-04-16T13:30:05.144 INFO:teuthology.orchestra.run.smithi076.stdout:/usr/bin/ceph: stderr
2024-04-16T13:30:04.144+0000 7f5c9fe00700 1 -- 172.21.15.76:0/929215042 <== mon.0 v2:172.21.15.76:3300/0 3 ==== mon_map magic: 0 ==== 205+0+0 (secure 0 0 0) 0x7f5c94010470 con 0x7f5ca0107580
2024-04-16T13:30:05.144 INFO:teuthology.orchestra.run.smithi076.stdout:/usr/bin/ceph: stderr
2024-04-16T13:30:04.144+0000 7f5ca8400700 1 -- 172.21.15.76:0/929215042 >> [v2:172.21.15.76:3300/0,v1:172.21.15.76:6789/0] conn(0x7f5ca0107580 msgr2=0x7f5ca01079a0 secure :-1 s=STATE_CONNECTION_ESTABLISHED l=1).mark_down
2024-04-16T13:30:05.144 INFO:teuthology.orchestra.run.smithi076.stdout:/usr/bin/ceph: stderr
2024-04-16T13:30:04.144+0000 7f5ca8400700 1 --2- 172.21.15.76:0/929215042 >> [v2:172.21.15.76:3300/0,v1:172.21.15.76:6789/0] conn(0x7f5ca0107580 0x7f5ca01079a0 secure :-1 s=READY pgs=70 cs=0 l=1 rev1=1 crypto rx=0x7f5c9400bb40 tx=0x7f5c9400be50 comp rx=0 tx=0).stop
2024-04-16T13:30:05.144 INFO:teuthology.orchestra.run.smithi076.stdout:/usr/bin/ceph: stderr
2024-04-16T13:30:04.144+0000 7f5ca8400700 1 -- 172.21.15.76:0/929215042 shutdown_connections
2024-04-16T13:30:05.144 INFO:teuthology.orchestra.run.smithi076.stdout:/usr/bin/ceph: stderr
2024-04-16T13:30:04.144+0000 7f5ca8400700 1 --2- 172.21.15.76:0/929215042 >> [v2:172.21.15.76:3300/0,v1:172.21.15.76:6789/0] conn(0x7f5ca0107580 0x7f5ca01079a0 unknown :-1 s=CLOSED pgs=70 cs=0 l=1 rev1=1 crypto rx=0 tx=0 comp rx=0 tx=0).stop
2024-04-16T13:30:05.144 INFO:teuthology.orchestra.run.smithi076.stdout:/usr/bin/ceph: stderr
2024-04-16T13:30:04.144+0000 7f5ca8400700 1 -- 172.21.15.76:0/929215042 >> 172.21.15.76:0/929215042 conn(0x7f5ca0102b80 msgr2=0x7f5ca0104fa0 unknown :-1 s=STATE_NONE l=0).mark_down
2024-04-16T13:30:05.144 INFO:teuthology.orchestra.run.smithi076.stdout:/usr/bin/ceph: stderr
2024-04-16T13:30:04.145+0000 7f5ca8400700 1 -- 172.21.15.76:0/929215042 shutdown_connections
2024-04-16T13:30:05.145 INFO:teuthology.orchestra.run.smithi076.stdout:/usr/bin/ceph: stderr
2024-04-16T13:30:04.145+0000 7f5ca8400700 1 -- 172.21.15.76:0/929215042 wait complete.
2024-04-16T13:30:05.145 INFO:teuthology.orchestra.run.smithi076.stdout:/usr/bin/ceph: stderr
2024-04-16T13:30:04.146+0000 7f5ca8400700 1 Processor -- start
2024-04-16T13:30:05.145 INFO:teuthology.orchestra.run.smithi076.stdout:/usr/bin/ceph: stderr
2024-04-16T13:30:04.146+0000 7f5ca8400700 1 -- start start
2024-04-16T13:30:05.145 INFO:teuthology.orchestra.run.smithi076.stdout:/usr/bin/ceph: stderr
2024-04-16T13:30:04.146+0000 7f5ca8400700 1 --2- >> [v2:172.21.15.76:3300/0,v1:172.21.15.76:6789/0] conn(0x7f5ca0107580 0x7f5ca019e910 unknown :-1 s=NONE pgs=0 cs=0 l=1 rev1=0 crypto rx=0 tx=0 comp rx=0 tx=0).connect
2024-04-16T13:30:05.145 INFO:teuthology.orchestra.run.smithi076.stdout:/usr/bin/ceph: stderr
2024-04-16T13:30:04.146+0000 7f5ca8400700 1 -- --> [v2:172.21.15.76:3300/0,v1:172.21.15.76:6789/0] -- mon_getmap magic: 0 -- 0x7f5ca007aff0 con 0x7f5ca0107580
2024-04-16T13:30:05.145 INFO:teuthology.orchestra.run.smithi076.stdout:/usr/bin/ceph: stderr
2024-04-16T13:30:04.146+0000 7f5ca5a00700 1 --2- >> [v2:172.21.15.76:3300/0,v1:172.21.15.76:6789/0] conn(0x7f5ca0107580 0x7f5ca019e910 unknown :-1 s=BANNER_CONNECTING pgs=0 cs=0 l=1 rev1=0 crypto rx=0 tx=0 comp rx=0 tx=0)._handle_peer_banner_payload supported=3 required=0
2024-04-16T13:30:05.145 INFO:teuthology.orchestra.run.smithi076.stdout:/usr/bin/ceph: stderr
2024-04-16T13:30:04.146+0000 7f5ca5a00700 1 --2- >> [v2:172.21.15.76:3300/0,v1:172.21.15.76:6789/0] conn(0x7f5ca0107580 0x7f5ca019e910 unknown :-1 s=HELLO_CONNECTING pgs=0 cs=0 l=1 rev1=1 crypto rx=0 tx=0 comp rx=0 tx=0).handle_hello peer v2:172.21.15.76:3300/0 says I am v2:172.21.15.76:41438/0 (socket says 172.21.15.76:41438)
2024-04-16T13:30:05.145 INFO:teuthology.orchestra.run.smithi076.stdout:/usr/bin/ceph: stderr
2024-04-16T13:30:04.146+0000 7f5ca5a00700 1 -- 172.21.15.76:0/1953445786 learned_addr learned my addr 172.21.15.76:0/1953445786 (peer_addr_for_me v2:172.21.15.76:0/0)
2024-04-16T13:30:05.145 INFO:teuthology.orchestra.run.smithi076.stdout:/usr/bin/ceph: stderr
2024-04-16T13:30:04.147+0000 7f5ca5a00700 1 -- 172.21.15.76:0/1953445786 --> [v2:172.21.15.76:3300/0,v1:172.21.15.76:6789/0] -- mon_subscribe({config=0+,monmap=0+}) -- 0x7f5ca019ee50 con 0x7f5ca0107580
2024-04-16T13:30:05.145 INFO:teuthology.orchestra.run.smithi076.stdout:/usr/bin/ceph: stderr
2024-04-16T13:30:04.147+0000 7f5ca5a00700 1 --2- 172.21.15.76:0/1953445786 >> [v2:172.21.15.76:3300/0,v1:172.21.15.76:6789/0] conn(0x7f5ca0107580 0x7f5ca019e910 secure :-1 s=READY pgs=71 cs=0 l=1 rev1=1 crypto rx=0x7f5c940046e0 tx=0x7f5c940040b0 comp rx=0 tx=0).ready entity=mon.0 client_cookie=0 server_cookie=0 in_seq=0 out_seq=0
2024-04-16T13:30:05.145 INFO:teuthology.orchestra.run.smithi076.stdout:/usr/bin/ceph: stderr
2024-04-16T13:30:04.147+0000 7f5c9e000700 1 -- 172.21.15.76:0/1953445786 <== mon.0 v2:172.21.15.76:3300/0 1 ==== mon_map magic: 0 ==== 205+0+0 (secure 0 0 0) 0x7f5c9400de20 con 0x7f5ca0107580
2024-04-16T13:30:05.145 INFO:teuthology.orchestra.run.smithi076.stdout:/usr/bin/ceph: stderr
2024-04-16T13:30:04.147+0000 7f5c9e000700 1 -- 172.21.15.76:0/1953445786 <== mon.0 v2:172.21.15.76:3300/0 2 ==== config(27 keys) ==== 1140+0+0 (secure 0 0 0) 0x7f5c9401d070 con 0x7f5ca0107580
2024-04-16T13:30:05.145 INFO:teuthology.orchestra.run.smithi076.stdout:/usr/bin/ceph: stderr
2024-04-16T13:30:04.147+0000 7f5ca8400700 1 -- 172.21.15.76:0/1953445786 --> [v2:172.21.15.76:3300/0,v1:172.21.15.76:6789/0] -- mon_subscribe({mgrmap=0+}) -- 0x7f5ca019f0e0 con 0x7f5ca0107580
2024-04-16T13:30:05.145 INFO:teuthology.orchestra.run.smithi076.stdout:/usr/bin/ceph: stderr
2024-04-16T13:30:04.147+0000 7f5c9e000700 1 -- 172.21.15.76:0/1953445786 <== mon.0 v2:172.21.15.76:3300/0 3 ==== mon_map magic: 0 ==== 205+0+0 (secure 0 0 0) 0x7f5c94021af0 con 0x7f5ca0107580
2024-04-16T13:30:05.145 INFO:teuthology.orchestra.run.smithi076.stdout:/usr/bin/ceph: stderr
2024-04-16T13:30:04.147+0000 7f5ca8400700 1 -- 172.21.15.76:0/1953445786 --> [v2:172.21.15.76:3300/0,v1:172.21.15.76:6789/0] -- mon_subscribe({osdmap=0}) -- 0x7f5ca01a1dd0 con 0x7f5ca0107580
2024-04-16T13:30:05.146 INFO:teuthology.orchestra.run.smithi076.stdout:/usr/bin/ceph: stderr
2024-04-16T13:30:04.148+0000 7f5c9e000700 1 -- 172.21.15.76:0/1953445786 <== mon.0 v2:172.21.15.76:3300/0 4 ==== mgrmap(e 12) ==== 46571+0+0 (secure 0 0 0) 0x7f5c9401f030 con 0x7f5ca0107580
2024-04-16T13:30:05.146 INFO:teuthology.orchestra.run.smithi076.stdout:/usr/bin/ceph: stderr
2024-04-16T13:30:04.149+0000 7f5c9e000700 1 --2- 172.21.15.76:0/1953445786 >> [v2:172.21.15.76:6800/1398801081,v1:172.21.15.76:6801/1398801081] conn(0x7f5c880397f0 0x7f5c8803bcb0 unknown :-1 s=NONE pgs=0 cs=0 l=1 rev1=0 crypto rx=0 tx=0 comp rx=0 tx=0).connect
2024-04-16T13:30:05.146 INFO:teuthology.orchestra.run.smithi076.stdout:/usr/bin/ceph: stderr
2024-04-16T13:30:04.149+0000 7f5ca8400700 1 -- 172.21.15.76:0/1953445786 --> [v2:172.21.15.76:3300/0,v1:172.21.15.76:6789/0] -- mon_command({"prefix": "get_command_descriptions"} v 0) -- 0x7f5ca0064150 con 0x7f5ca0107580
2024-04-16T13:30:05.146 INFO:teuthology.orchestra.run.smithi076.stdout:/usr/bin/ceph: stderr
2024-04-16T13:30:04.149+0000 7f5c9e000700 1 -- 172.21.15.76:0/1953445786 <== mon.0 v2:172.21.15.76:3300/0 5 ==== osd_map(3..3 src has 1..3) ==== 1155+0+0 (secure 0 0 0) 0x7f5c9404d940 con 0x7f5ca0107580
2024-04-16T13:30:05.146 INFO:teuthology.orchestra.run.smithi076.stdout:/usr/bin/ceph: stderr
2024-04-16T13:30:04.149+0000 7f5ca5000700 1 --2- 172.21.15.76:0/1953445786 >> [v2:172.21.15.76:6800/1398801081,v1:172.21.15.76:6801/1398801081] conn(0x7f5c880397f0 0x7f5c8803bcb0 unknown :-1 s=BANNER_CONNECTING pgs=0 cs=0 l=1 rev1=0 crypto rx=0 tx=0 comp rx=0 tx=0)._handle_peer_banner_payload supported=3 required=0
2024-04-16T13:30:05.146 INFO:teuthology.orchestra.run.smithi076.stdout:/usr/bin/ceph: stderr
2024-04-16T13:30:04.150+0000 7f5ca5000700 1 --2- 172.21.15.76:0/1953445786 >> [v2:172.21.15.76:6800/1398801081,v1:172.21.15.76:6801/1398801081] conn(0x7f5c880397f0 0x7f5c8803bcb0 secure :-1 s=READY pgs=7 cs=0 l=1 rev1=1 crypto rx=0x7f5c8c006fd0 tx=0x7f5c8c006e40 comp rx=0 tx=0).ready entity=mgr.14152 client_cookie=0 server_cookie=0 in_seq=0 out_seq=0
2024-04-16T13:30:05.146 INFO:teuthology.orchestra.run.smithi076.stdout:/usr/bin/ceph: stderr
2024-04-16T13:30:04.155+0000 7f5c9e000700 1 -- 172.21.15.76:0/1953445786 <== mon.0 v2:172.21.15.76:3300/0 6 ==== mon_command_ack([{"prefix": "get_command_descriptions"}]=0 v0) ==== 72+0+188370 (secure 0 0 0) 0x7f5c94015070 con 0x7f5ca0107580
2024-04-16T13:30:05.146 INFO:teuthology.orchestra.run.smithi076.stdout:/usr/bin/ceph: stderr
2024-04-16T13:30:04.390+0000 7f5ca8400700 1 -- 172.21.15.76:0/1953445786 --> [v2:172.21.15.76:6800/1398801081,v1:172.21.15.76:6801/1398801081] -- mgr_command(tid 0: {"prefix": "dashboard create-self-signed-cert", "target": ["mon-mgr", ""]}) -- 0x7f5ca002e2a0 con 0x7f5c880397f0
2024-04-16T13:30:05.146 INFO:teuthology.orchestra.run.smithi076.stdout:/usr/bin/ceph: stderr
2024-04-16T13:30:04.490+0000 7f5c9e000700 1 -- 172.21.15.76:0/1953445786 <== mgr.14152 v2:172.21.15.76:6800/1398801081 1 ==== mgr_command_reply(tid 0: 0 ) ==== 8+0+32 (secure 0 0 0) 0x7f5ca002e2a0 con 0x7f5c880397f0
2024-04-16T13:30:05.146 INFO:teuthology.orchestra.run.smithi076.stdout:/usr/bin/ceph: stderr
2024-04-16T13:30:04.493+0000 7f5ca8400700 1 -- 172.21.15.76:0/1953445786 >> [v2:172.21.15.76:6800/1398801081,v1:172.21.15.76:6801/1398801081] conn(0x7f5c880397f0 msgr2=0x7f5c8803bcb0 secure :-1 s=STATE_CONNECTION_ESTABLISHED l=1).mark_down
2024-04-16T13:30:05.146 INFO:teuthology.orchestra.run.smithi076.stdout:/usr/bin/ceph: stderr
2024-04-16T13:30:04.493+0000 7f5ca8400700 1 --2- 172.21.15.76:0/1953445786 >> [v2:172.21.15.76:6800/1398801081,v1:172.21.15.76:6801/1398801081] conn(0x7f5c880397f0 0x7f5c8803bcb0 secure :-1 s=READY pgs=7 cs=0 l=1 rev1=1 crypto rx=0x7f5c8c006fd0 tx=0x7f5c8c006e40 comp rx=0 tx=0).stop
2024-04-16T13:30:05.146 INFO:teuthology.orchestra.run.smithi076.stdout:/usr/bin/ceph: stderr
2024-04-16T13:30:04.493+0000 7f5ca8400700 1 -- 172.21.15.76:0/1953445786 >> [v2:172.21.15.76:3300/0,v1:172.21.15.76:6789/0] conn(0x7f5ca0107580 msgr2=0x7f5ca019e910 secure :-1 s=STATE_CONNECTION_ESTABLISHED l=1).mark_down
2024-04-16T13:30:05.146 INFO:teuthology.orchestra.run.smithi076.stdout:/usr/bin/ceph: stderr
2024-04-16T13:30:04.493+0000 7f5ca8400700 1 --2- 172.21.15.76:0/1953445786 >> [v2:172.21.15.76:3300/0,v1:172.21.15.76:6789/0] conn(0x7f5ca0107580 0x7f5ca019e910 secure :-1 s=READY pgs=71 cs=0 l=1 rev1=1 crypto rx=0x7f5c940046e0 tx=0x7f5c940040b0 comp rx=0 tx=0).stop
2024-04-16T13:30:05.147 INFO:teuthology.orchestra.run.smithi076.stdout:/usr/bin/ceph: stderr
2024-04-16T13:30:04.493+0000 7f5ca8400700 1 -- 172.21.15.76:0/1953445786 shutdown_connections
2024-04-16T13:30:05.147 INFO:teuthology.orchestra.run.smithi076.stdout:/usr/bin/ceph: stderr
2024-04-16T13:30:04.493+0000 7f5ca8400700 1 --2- 172.21.15.76:0/1953445786 >> [v2:172.21.15.76:6800/1398801081,v1:172.21.15.76:6801/1398801081] conn(0x7f5c880397f0 0x7f5c8803bcb0 unknown :-1 s=CLOSED pgs=7 cs=0 l=1 rev1=1 crypto rx=0 tx=0 comp rx=0 tx=0).stop
2024-04-16T13:30:05.147 INFO:teuthology.orchestra.run.smithi076.stdout:/usr/bin/ceph: stderr
2024-04-16T13:30:04.493+0000 7f5ca8400700 1 --2- 172.21.15.76:0/1953445786 >> [v2:172.21.15.76:3300/0,v1:172.21.15.76:6789/0] conn(0x7f5ca0107580 0x7f5ca019e910 unknown :-1 s=CLOSED pgs=71 cs=0 l=1 rev1=1 crypto rx=0 tx=0 comp rx=0 tx=0).stop
2024-04-16T13:30:05.147 INFO:teuthology.orchestra.run.smithi076.stdout:/usr/bin/ceph: stderr
2024-04-16T13:30:04.493+0000 7f5ca8400700 1 -- 172.21.15.76:0/1953445786 >> 172.21.15.76:0/1953445786 conn(0x7f5ca0102b80 msgr2=0x7f5ca0192f20 unknown :-1 s=STATE_NONE l=0).mark_down
2024-04-16T13:30:05.147 INFO:teuthology.orchestra.run.smithi076.stdout:/usr/bin/ceph: stderr
2024-04-16T13:30:04.493+0000 7f5ca8400700 1 -- 172.21.15.76:0/1953445786 shutdown_connections
2024-04-16T13:30:05.147 INFO:teuthology.orchestra.run.smithi076.stdout:/usr/bin/ceph: stderr
2024-04-16T13:30:04.493+0000 7f5ca8400700 1 -- 172.21.15.76:0/1953445786 wait complete.
2024-04-16T13:30:05.147 INFO:teuthology.orchestra.run.smithi076.stdout:Creating initial admin user...
2024-04-16T13:30:05.477 INFO:journalctl@ceph.mon.a.smithi076.stdout:Apr 16 13:30:05 smithi076 ceph-mon[31678]: from='client.14164 -' entity='client.admin' cmd=[{"prefix": "dashboard create-self-signed-cert", "target": ["mon-mgr", ""]}]: dispatch
2024-04-16T13:30:05.477 INFO:journalctl@ceph.mon.a.smithi076.stdout:Apr 16 13:30:05 smithi076 ceph-mon[31678]: from='mgr.14152 172.21.15.76:0/2829778608' entity='mgr.x'
2024-04-16T13:30:05.477 INFO:journalctl@ceph.mon.a.smithi076.stdout:Apr 16 13:30:05 smithi076 ceph-mon[31678]: from='mgr.14152 172.21.15.76:0/2829778608' entity='mgr.x'
2024-04-16T13:30:07.082 INFO:journalctl@ceph.mon.a.smithi076.stdout:Apr 16 13:30:06 smithi076 ceph-mon[31678]: from='mgr.14152 172.21.15.76:0/2829778608' entity='mgr.x'
2024-04-16T13:30:07.083 INFO:journalctl@ceph.mon.a.smithi076.stdout:Apr 16 13:30:06 smithi076 ceph-mon[31678]: from='client.14166 -' entity='client.admin' cmd=[{"prefix": "dashboard ac-user-create", "username": "admin", "rolename": "administrator", "force_password": true, "pwd_update_required": true, "target": ["mon-mgr", ""]}]: dispatch
2024-04-16T13:30:07.083 INFO:journalctl@ceph.mon.a.smithi076.stdout:Apr 16 13:30:06 smithi076 ceph-mon[31678]: from='mgr.14152 172.21.15.76:0/2829778608' entity='mgr.x'
2024-04-16T13:30:07.096 INFO:teuthology.orchestra.run.smithi076.stdout:/usr/bin/ceph: stdout {"username": "admin", "password": "$2b$12$bvg6uTY6jO1vHxqyyZqr6.bWum7qXfAY9kz6zlYzmIHzDDgmBUQeu", "roles": ["administrator"], "name": null, "email": null, "lastUpdate": 1713274206, "enabled": true, "pwdExpirationDate": null, "pwdUpdateRequired": true}
2024-04-16T13:30:07.097 INFO:teuthology.orchestra.run.smithi076.stdout:/usr/bin/ceph: stderr
2024-04-16T13:30:05.908+0000 7f436ee00700 1 Processor -- start
2024-04-16T13:30:07.097 INFO:teuthology.orchestra.run.smithi076.stdout:/usr/bin/ceph: stderr
2024-04-16T13:30:05.908+0000 7f436ee00700 1 -- start start
2024-04-16T13:30:07.097 INFO:teuthology.orchestra.run.smithi076.stdout:/usr/bin/ceph: stderr
2024-04-16T13:30:05.908+0000 7f436ee00700 1 --2- >> [v2:172.21.15.76:3300/0,v1:172.21.15.76:6789/0] conn(0x7f436810a8c0 0x7f436810ace0 unknown :-1 s=NONE pgs=0 cs=0 l=0 rev1=0 crypto rx=0 tx=0 comp rx=0 tx=0).connect
2024-04-16T13:30:07.097 INFO:teuthology.orchestra.run.smithi076.stdout:/usr/bin/ceph: stderr
2024-04-16T13:30:05.908+0000 7f436ee00700 1 -- --> [v2:172.21.15.76:3300/0,v1:172.21.15.76:6789/0] -- mon_getmap magic: 0 -- 0x7f436810b2b0 con 0x7f436810a8c0
2024-04-16T13:30:07.097 INFO:teuthology.orchestra.run.smithi076.stdout:/usr/bin/ceph: stderr
2024-04-16T13:30:05.909+0000 7f4367e00700 1 --2- >> [v2:172.21.15.76:3300/0,v1:172.21.15.76:6789/0] conn(0x7f436810a8c0 0x7f436810ace0 unknown :-1 s=BANNER_CONNECTING pgs=0 cs=0 l=0 rev1=0 crypto rx=0 tx=0 comp rx=0 tx=0)._handle_peer_banner_payload supported=3 required=0
2024-04-16T13:30:07.097 INFO:teuthology.orchestra.run.smithi076.stdout:/usr/bin/ceph: stderr
2024-04-16T13:30:05.909+0000 7f4367e00700 1 --2- >> [v2:172.21.15.76:3300/0,v1:172.21.15.76:6789/0] conn(0x7f436810a8c0 0x7f436810ace0 unknown :-1 s=HELLO_CONNECTING pgs=0 cs=0 l=0 rev1=1 crypto rx=0 tx=0 comp rx=0 tx=0).handle_hello peer v2:172.21.15.76:3300/0 says I am v2:172.21.15.76:33788/0 (socket says 172.21.15.76:33788)
2024-04-16T13:30:07.097 INFO:teuthology.orchestra.run.smithi076.stdout:/usr/bin/ceph: stderr
2024-04-16T13:30:05.909+0000 7f4367e00700 1 -- 172.21.15.76:0/3370688749 learned_addr learned my addr 172.21.15.76:0/3370688749 (peer_addr_for_me v2:172.21.15.76:0/0)
2024-04-16T13:30:07.097 INFO:teuthology.orchestra.run.smithi076.stdout:/usr/bin/ceph: stderr
2024-04-16T13:30:05.909+0000 7f4367e00700 1 -- 172.21.15.76:0/3370688749 --> [v2:172.21.15.76:3300/0,v1:172.21.15.76:6789/0] -- mon_subscribe({config=0+,monmap=0+}) -- 0x7f436810ba70 con 0x7f436810a8c0
2024-04-16T13:30:07.097 INFO:teuthology.orchestra.run.smithi076.stdout:/usr/bin/ceph: stderr
2024-04-16T13:30:05.910+0000 7f4367e00700 1 --2- 172.21.15.76:0/3370688749 >> [v2:172.21.15.76:3300/0,v1:172.21.15.76:6789/0] conn(0x7f436810a8c0 0x7f436810ace0 secure :-1 s=READY pgs=72 cs=0 l=1 rev1=1 crypto rx=0x7f43580098a0 tx=0x7f4358009bb0 comp rx=0 tx=0).ready entity=mon.0 client_cookie=bf09577780784030 server_cookie=0 in_seq=0 out_seq=0
2024-04-16T13:30:07.097 INFO:teuthology.orchestra.run.smithi076.stdout:/usr/bin/ceph: stderr
2024-04-16T13:30:05.910+0000 7f4366a00700 1 -- 172.21.15.76:0/3370688749 <== mon.0 v2:172.21.15.76:3300/0 1 ==== mon_map magic: 0 ==== 205+0+0 (secure 0 0 0) 0x7f4358004160 con 0x7f436810a8c0
2024-04-16T13:30:07.097 INFO:teuthology.orchestra.run.smithi076.stdout:/usr/bin/ceph: stderr
2024-04-16T13:30:05.910+0000 7f4366a00700 1 -- 172.21.15.76:0/3370688749 <== mon.0 v2:172.21.15.76:3300/0 2 ==== config(27 keys) ==== 1140+0+0 (secure 0 0 0) 0x7f4358004300 con 0x7f436810a8c0
2024-04-16T13:30:07.097 INFO:teuthology.orchestra.run.smithi076.stdout:/usr/bin/ceph: stderr
2024-04-16T13:30:05.910+0000 7f4366a00700 1 -- 172.21.15.76:0/3370688749 <== mon.0 v2:172.21.15.76:3300/0 3 ==== mon_map magic: 0 ==== 205+0+0 (secure 0 0 0) 0x7f4358011b20 con 0x7f436810a8c0
2024-04-16T13:30:07.097 INFO:teuthology.orchestra.run.smithi076.stdout:/usr/bin/ceph: stderr
2024-04-16T13:30:05.911+0000 7f436ee00700 1 -- 172.21.15.76:0/3370688749 >> [v2:172.21.15.76:3300/0,v1:172.21.15.76:6789/0] conn(0x7f436810a8c0 msgr2=0x7f436810ace0 secure :-1 s=STATE_CONNECTION_ESTABLISHED l=1).mark_down
2024-04-16T13:30:07.098 INFO:teuthology.orchestra.run.smithi076.stdout:/usr/bin/ceph: stderr
2024-04-16T13:30:05.911+0000 7f436ee00700 1 --2- 172.21.15.76:0/3370688749 >> [v2:172.21.15.76:3300/0,v1:172.21.15.76:6789/0] conn(0x7f436810a8c0 0x7f436810ace0 secure :-1 s=READY pgs=72 cs=0 l=1 rev1=1 crypto rx=0x7f43580098a0 tx=0x7f4358009bb0 comp rx=0 tx=0).stop
2024-04-16T13:30:07.098 INFO:teuthology.orchestra.run.smithi076.stdout:/usr/bin/ceph: stderr
