2024-04-16T13:29:33.505+0000 7f3e17400700 1 -- 172.21.15.76:0/2933703704 learned_addr learned my addr 172.21.15.76:0/2933703704 (peer_addr_for_me v2:172.21.15.76:0/0)
2024-04-16T13:29:34.812 INFO:teuthology.orchestra.run.smithi076.stdout:/usr/bin/ceph: stderr
2024-04-16T13:29:33.506+0000 7f3e17400700 1 -- 172.21.15.76:0/2933703704 --> [v2:172.21.15.76:3300/0,v1:172.21.15.76:6789/0] -- mon_subscribe({config=0+,monmap=0+}) -- 0x7f3e18109000 con 0x7f3e18108520
2024-04-16T13:29:34.812 INFO:teuthology.orchestra.run.smithi076.stdout:/usr/bin/ceph: stderr
2024-04-16T13:29:33.506+0000 7f3e17400700 1 --2- 172.21.15.76:0/2933703704 >> [v2:172.21.15.76:3300/0,v1:172.21.15.76:6789/0] conn(0x7f3e18108520 0x7f3e18108940 secure :-1 s=READY pgs=41 cs=0 l=1 rev1=1 crypto rx=0x7f3e080098a0 tx=0x7f3e08009bb0 comp rx=0 tx=0).ready entity=mon.0 client_cookie=a4ba12fa5582206c server_cookie=0 in_seq=0 out_seq=0
2024-04-16T13:29:34.812 INFO:teuthology.orchestra.run.smithi076.stdout:/usr/bin/ceph: stderr
2024-04-16T13:29:33.506+0000 7f3e16000700 1 -- 172.21.15.76:0/2933703704 <== mon.0 v2:172.21.15.76:3300/0 1 ==== mon_map magic: 0 ==== 205+0+0 (secure 0 0 0) 0x7f3e08004160 con 0x7f3e18108520
2024-04-16T13:29:34.812 INFO:teuthology.orchestra.run.smithi076.stdout:/usr/bin/ceph: stderr
2024-04-16T13:29:33.506+0000 7f3e16000700 1 -- 172.21.15.76:0/2933703704 <== mon.0 v2:172.21.15.76:3300/0 2 ==== config(27 keys) ==== 1109+0+0 (secure 0 0 0) 0x7f3e08004300 con 0x7f3e18108520
2024-04-16T13:29:34.812 INFO:teuthology.orchestra.run.smithi076.stdout:/usr/bin/ceph: stderr
2024-04-16T13:29:33.506+0000 7f3e16000700 1 -- 172.21.15.76:0/2933703704 <== mon.0 v2:172.21.15.76:3300/0 3 ==== mon_map magic: 0 ==== 205+0+0 (secure 0 0 0) 0x7f3e08011b50 con 0x7f3e18108520
2024-04-16T13:29:34.812 INFO:teuthology.orchestra.run.smithi076.stdout:/usr/bin/ceph: stderr
2024-04-16T13:29:33.507+0000 7f3e1cc00700 1 -- 172.21.15.76:0/2933703704 >> [v2:172.21.15.76:3300/0,v1:172.21.15.76:6789/0] conn(0x7f3e18108520 msgr2=0x7f3e18108940 secure :-1 s=STATE_CONNECTION_ESTABLISHED l=1).mark_down
2024-04-16T13:29:34.812 INFO:teuthology.orchestra.run.smithi076.stdout:/usr/bin/ceph: stderr
2024-04-16T13:29:33.507+0000 7f3e1cc00700 1 --2- 172.21.15.76:0/2933703704 >> [v2:172.21.15.76:3300/0,v1:172.21.15.76:6789/0] conn(0x7f3e18108520 0x7f3e18108940 secure :-1 s=READY pgs=41 cs=0 l=1 rev1=1 crypto rx=0x7f3e080098a0 tx=0x7f3e08009bb0 comp rx=0 tx=0).stop
2024-04-16T13:29:34.812 INFO:teuthology.orchestra.run.smithi076.stdout:/usr/bin/ceph: stderr
2024-04-16T13:29:33.507+0000 7f3e1cc00700 1 -- 172.21.15.76:0/2933703704 shutdown_connections
2024-04-16T13:29:34.812 INFO:teuthology.orchestra.run.smithi076.stdout:/usr/bin/ceph: stderr
2024-04-16T13:29:33.507+0000 7f3e1cc00700 1 --2- 172.21.15.76:0/2933703704 >> [v2:172.21.15.76:3300/0,v1:172.21.15.76:6789/0] conn(0x7f3e18108520 0x7f3e18108940 unknown :-1 s=CLOSED pgs=41 cs=0 l=1 rev1=1 crypto rx=0 tx=0 comp rx=0 tx=0).stop
2024-04-16T13:29:34.812 INFO:teuthology.orchestra.run.smithi076.stdout:/usr/bin/ceph: stderr
2024-04-16T13:29:33.507+0000 7f3e1cc00700 1 -- 172.21.15.76:0/2933703704 >> 172.21.15.76:0/2933703704 conn(0x7f3e18103ba0 msgr2=0x7f3e18105fc0 unknown :-1 s=STATE_NONE l=0).mark_down
2024-04-16T13:29:34.812 INFO:teuthology.orchestra.run.smithi076.stdout:/usr/bin/ceph: stderr
2024-04-16T13:29:33.507+0000 7f3e1cc00700 1 -- 172.21.15.76:0/2933703704 shutdown_connections
2024-04-16T13:29:34.813 INFO:teuthology.orchestra.run.smithi076.stdout:/usr/bin/ceph: stderr
2024-04-16T13:29:33.507+0000 7f3e1cc00700 1 -- 172.21.15.76:0/2933703704 wait complete.
2024-04-16T13:29:34.813 INFO:teuthology.orchestra.run.smithi076.stdout:/usr/bin/ceph: stderr
2024-04-16T13:29:33.508+0000 7f3e1cc00700 1 Processor -- start
2024-04-16T13:29:34.813 INFO:teuthology.orchestra.run.smithi076.stdout:/usr/bin/ceph: stderr
2024-04-16T13:29:33.508+0000 7f3e1cc00700 1 -- start start
2024-04-16T13:29:34.813 INFO:teuthology.orchestra.run.smithi076.stdout:/usr/bin/ceph: stderr
2024-04-16T13:29:33.509+0000 7f3e1cc00700 1 --2- >> [v2:172.21.15.76:3300/0,v1:172.21.15.76:6789/0] conn(0x7f3e18108520 0x7f3e1819e610 unknown :-1 s=NONE pgs=0 cs=0 l=1 rev1=0 crypto rx=0 tx=0 comp rx=0 tx=0).connect
2024-04-16T13:29:34.816 INFO:teuthology.orchestra.run.smithi076.stdout:/usr/bin/ceph: stderr
2024-04-16T13:29:33.509+0000 7f3e1cc00700 1 -- --> [v2:172.21.15.76:3300/0,v1:172.21.15.76:6789/0] -- mon_getmap magic: 0 -- 0x7f3e1810a510 con 0x7f3e18108520
2024-04-16T13:29:34.816 INFO:teuthology.orchestra.run.smithi076.stdout:/usr/bin/ceph: stderr
2024-04-16T13:29:33.509+0000 7f3e17400700 1 --2- >> [v2:172.21.15.76:3300/0,v1:172.21.15.76:6789/0] conn(0x7f3e18108520 0x7f3e1819e610 unknown :-1 s=BANNER_CONNECTING pgs=0 cs=0 l=1 rev1=0 crypto rx=0 tx=0 comp rx=0 tx=0)._handle_peer_banner_payload supported=3 required=0
2024-04-16T13:29:34.816 INFO:teuthology.orchestra.run.smithi076.stdout:/usr/bin/ceph: stderr
2024-04-16T13:29:33.509+0000 7f3e17400700 1 --2- >> [v2:172.21.15.76:3300/0,v1:172.21.15.76:6789/0] conn(0x7f3e18108520 0x7f3e1819e610 unknown :-1 s=HELLO_CONNECTING pgs=0 cs=0 l=1 rev1=1 crypto rx=0 tx=0 comp rx=0 tx=0).handle_hello peer v2:172.21.15.76:3300/0 says I am v2:172.21.15.76:34630/0 (socket says 172.21.15.76:34630)
2024-04-16T13:29:34.816 INFO:teuthology.orchestra.run.smithi076.stdout:/usr/bin/ceph: stderr
2024-04-16T13:29:33.509+0000 7f3e17400700 1 -- 172.21.15.76:0/2617495724 learned_addr learned my addr 172.21.15.76:0/2617495724 (peer_addr_for_me v2:172.21.15.76:0/0)
2024-04-16T13:29:34.816 INFO:teuthology.orchestra.run.smithi076.stdout:/usr/bin/ceph: stderr
2024-04-16T13:29:33.509+0000 7f3e17400700 1 -- 172.21.15.76:0/2617495724 --> [v2:172.21.15.76:3300/0,v1:172.21.15.76:6789/0] -- mon_subscribe({config=0+,monmap=0+}) -- 0x7f3e1819eb50 con 0x7f3e18108520
2024-04-16T13:29:34.817 INFO:teuthology.orchestra.run.smithi076.stdout:/usr/bin/ceph: stderr
2024-04-16T13:29:33.510+0000 7f3e17400700 1 --2- 172.21.15.76:0/2617495724 >> [v2:172.21.15.76:3300/0,v1:172.21.15.76:6789/0] conn(0x7f3e18108520 0x7f3e1819e610 secure :-1 s=READY pgs=42 cs=0 l=1 rev1=1 crypto rx=0x7f3e08011670 tx=0x7f3e08011b60 comp rx=0 tx=0).ready entity=mon.0 client_cookie=0 server_cookie=0 in_seq=0 out_seq=0
2024-04-16T13:29:34.817 INFO:teuthology.orchestra.run.smithi076.stdout:/usr/bin/ceph: stderr
2024-04-16T13:29:33.510+0000 7f3e0fe00700 1 -- 172.21.15.76:0/2617495724 <== mon.0 v2:172.21.15.76:3300/0 1 ==== mon_map magic: 0 ==== 205+0+0 (secure 0 0 0) 0x7f3e080039c0 con 0x7f3e18108520
2024-04-16T13:29:34.817 INFO:teuthology.orchestra.run.smithi076.stdout:/usr/bin/ceph: stderr
2024-04-16T13:29:33.510+0000 7f3e0fe00700 1 -- 172.21.15.76:0/2617495724 <== mon.0 v2:172.21.15.76:3300/0 2 ==== config(27 keys) ==== 1109+0+0 (secure 0 0 0) 0x7f3e08011e50 con 0x7f3e18108520
2024-04-16T13:29:34.817 INFO:teuthology.orchestra.run.smithi076.stdout:/usr/bin/ceph: stderr
2024-04-16T13:29:33.510+0000 7f3e0fe00700 1 -- 172.21.15.76:0/2617495724 <== mon.0 v2:172.21.15.76:3300/0 3 ==== mon_map magic: 0 ==== 205+0+0 (secure 0 0 0) 0x7f3e0801a5c0 con 0x7f3e18108520
2024-04-16T13:29:34.817 INFO:teuthology.orchestra.run.smithi076.stdout:/usr/bin/ceph: stderr
2024-04-16T13:29:33.510+0000 7f3e1cc00700 1 -- 172.21.15.76:0/2617495724 --> [v2:172.21.15.76:3300/0,v1:172.21.15.76:6789/0] -- mon_subscribe({mgrmap=0+}) -- 0x7f3e1819ede0 con 0x7f3e18108520
2024-04-16T13:29:34.817 INFO:teuthology.orchestra.run.smithi076.stdout:/usr/bin/ceph: stderr
2024-04-16T13:29:33.510+0000 7f3e1cc00700 1 -- 172.21.15.76:0/2617495724 --> [v2:172.21.15.76:3300/0,v1:172.21.15.76:6789/0] -- mon_subscribe({osdmap=0}) -- 0x7f3e181a1ad0 con 0x7f3e18108520
2024-04-16T13:29:34.817 INFO:teuthology.orchestra.run.smithi076.stdout:/usr/bin/ceph: stderr
2024-04-16T13:29:33.511+0000 7f3e0fe00700 1 -- 172.21.15.76:0/2617495724 <== mon.0 v2:172.21.15.76:3300/0 4 ==== mgrmap(e 8) ==== 46558+0+0 (secure 0 0 0) 0x7f3e08024430 con 0x7f3e18108520
2024-04-16T13:29:34.817 INFO:teuthology.orchestra.run.smithi076.stdout:/usr/bin/ceph: stderr
2024-04-16T13:29:33.511+0000 7f3e1cc00700 1 -- 172.21.15.76:0/2617495724 --> [v2:172.21.15.76:3300/0,v1:172.21.15.76:6789/0] -- mon_command({"prefix": "get_command_descriptions"} v 0) -- 0x7f3e18064150 con 0x7f3e18108520
2024-04-16T13:29:34.817 INFO:teuthology.orchestra.run.smithi076.stdout:/usr/bin/ceph: stderr
2024-04-16T13:29:33.512+0000 7f3e0fe00700 1 --2- 172.21.15.76:0/2617495724 >> [v2:172.21.15.76:6800/4182336607,v1:172.21.15.76:6801/4182336607] conn(0x7f3dfc0395b0 0x7f3dfc03ba70 unknown :-1 s=NONE pgs=0 cs=0 l=1 rev1=0 crypto rx=0 tx=0 comp rx=0 tx=0).connect
2024-04-16T13:29:34.817 INFO:teuthology.orchestra.run.smithi076.stdout:/usr/bin/ceph: stderr
2024-04-16T13:29:33.512+0000 7f3e0fe00700 1 -- 172.21.15.76:0/2617495724 <== mon.0 v2:172.21.15.76:3300/0 5 ==== osd_map(2..2 src has 1..2) ==== 940+0+0 (secure 0 0 0) 0x7f3e0804daa0 con 0x7f3e18108520
2024-04-16T13:29:34.817 INFO:teuthology.orchestra.run.smithi076.stdout:/usr/bin/ceph: stderr
2024-04-16T13:29:33.512+0000 7f3e16a00700 1 --2- 172.21.15.76:0/2617495724 >> [v2:172.21.15.76:6800/4182336607,v1:172.21.15.76:6801/4182336607] conn(0x7f3dfc0395b0 0x7f3dfc03ba70 unknown :-1 s=BANNER_CONNECTING pgs=0 cs=0 l=1 rev1=0 crypto rx=0 tx=0 comp rx=0 tx=0)._handle_peer_banner_payload supported=3 required=0
2024-04-16T13:29:34.817 INFO:teuthology.orchestra.run.smithi076.stdout:/usr/bin/ceph: stderr
2024-04-16T13:29:33.513+0000 7f3e16a00700 1 --2- 172.21.15.76:0/2617495724 >> [v2:172.21.15.76:6800/4182336607,v1:172.21.15.76:6801/4182336607] conn(0x7f3dfc0395b0 0x7f3dfc03ba70 secure :-1 s=READY pgs=9 cs=0 l=1 rev1=1 crypto rx=0x7f3e04006fd0 tx=0x7f3e04006e40 comp rx=0 tx=0).ready entity=mgr.14120 client_cookie=0 server_cookie=0 in_seq=0 out_seq=0
2024-04-16T13:29:34.817 INFO:teuthology.orchestra.run.smithi076.stdout:/usr/bin/ceph: stderr
2024-04-16T13:29:33.518+0000 7f3e0fe00700 1 -- 172.21.15.76:0/2617495724 <== mon.0 v2:172.21.15.76:3300/0 6 ==== mon_command_ack([{"prefix": "get_command_descriptions"}]=0 v0) ==== 72+0+188370 (secure 0 0 0) 0x7f3e0802d3f0 con 0x7f3e18108520
2024-04-16T13:29:34.817 INFO:teuthology.orchestra.run.smithi076.stdout:/usr/bin/ceph: stderr
2024-04-16T13:29:33.747+0000 7f3e1cc00700 1 -- 172.21.15.76:0/2617495724 --> [v2:172.21.15.76:6800/4182336607,v1:172.21.15.76:6801/4182336607] -- mgr_command(tid 0: {"prefix": "cephadm generate-key", "target": ["mon-mgr", ""]}) -- 0x7f3e18104d50 con 0x7f3dfc0395b0
2024-04-16T13:29:34.817 INFO:teuthology.orchestra.run.smithi076.stdout:/usr/bin/ceph: stderr
2024-04-16T13:29:33.960+0000 7f3e0fe00700 1 -- 172.21.15.76:0/2617495724 <== mgr.14120 v2:172.21.15.76:6800/4182336607 1 ==== mgr_command_reply(tid 0: 0 ) ==== 8+0+0 (secure 0 0 0) 0x7f3e18104d50 con 0x7f3dfc0395b0
2024-04-16T13:29:34.817 INFO:teuthology.orchestra.run.smithi076.stdout:/usr/bin/ceph: stderr
2024-04-16T13:29:33.963+0000 7f3e1cc00700 1 -- 172.21.15.76:0/2617495724 >> [v2:172.21.15.76:6800/4182336607,v1:172.21.15.76:6801/4182336607] conn(0x7f3dfc0395b0 msgr2=0x7f3dfc03ba70 secure :-1 s=STATE_CONNECTION_ESTABLISHED l=1).mark_down
2024-04-16T13:29:34.818 INFO:teuthology.orchestra.run.smithi076.stdout:/usr/bin/ceph: stderr
2024-04-16T13:29:33.963+0000 7f3e1cc00700 1 --2- 172.21.15.76:0/2617495724 >> [v2:172.21.15.76:6800/4182336607,v1:172.21.15.76:6801/4182336607] conn(0x7f3dfc0395b0 0x7f3dfc03ba70 secure :-1 s=READY pgs=9 cs=0 l=1 rev1=1 crypto rx=0x7f3e04006fd0 tx=0x7f3e04006e40 comp rx=0 tx=0).stop
2024-04-16T13:29:34.818 INFO:teuthology.orchestra.run.smithi076.stdout:/usr/bin/ceph: stderr
2024-04-16T13:29:33.963+0000 7f3e1cc00700 1 -- 172.21.15.76:0/2617495724 >> [v2:172.21.15.76:3300/0,v1:172.21.15.76:6789/0] conn(0x7f3e18108520 msgr2=0x7f3e1819e610 secure :-1 s=STATE_CONNECTION_ESTABLISHED l=1).mark_down
2024-04-16T13:29:34.818 INFO:teuthology.orchestra.run.smithi076.stdout:/usr/bin/ceph: stderr
2024-04-16T13:29:33.963+0000 7f3e1cc00700 1 --2- 172.21.15.76:0/2617495724 >> [v2:172.21.15.76:3300/0,v1:172.21.15.76:6789/0] conn(0x7f3e18108520 0x7f3e1819e610 secure :-1 s=READY pgs=42 cs=0 l=1 rev1=1 crypto rx=0x7f3e08011670 tx=0x7f3e08011b60 comp rx=0 tx=0).stop
2024-04-16T13:29:34.818 INFO:teuthology.orchestra.run.smithi076.stdout:/usr/bin/ceph: stderr
2024-04-16T13:29:33.963+0000 7f3e1cc00700 1 -- 172.21.15.76:0/2617495724 shutdown_connections
2024-04-16T13:29:34.818 INFO:teuthology.orchestra.run.smithi076.stdout:/usr/bin/ceph: stderr
2024-04-16T13:29:33.963+0000 7f3e1cc00700 1 --2- 172.21.15.76:0/2617495724 >> [v2:172.21.15.76:6800/4182336607,v1:172.21.15.76:6801/4182336607] conn(0x7f3dfc0395b0 0x7f3dfc03ba70 unknown :-1 s=CLOSED pgs=9 cs=0 l=1 rev1=1 crypto rx=0 tx=0 comp rx=0 tx=0).stop
2024-04-16T13:29:34.818 INFO:teuthology.orchestra.run.smithi076.stdout:/usr/bin/ceph: stderr
2024-04-16T13:29:33.963+0000 7f3e1cc00700 1 --2- 172.21.15.76:0/2617495724 >> [v2:172.21.15.76:3300/0,v1:172.21.15.76:6789/0] conn(0x7f3e18108520 0x7f3e1819e610 unknown :-1 s=CLOSED pgs=42 cs=0 l=1 rev1=1 crypto rx=0 tx=0 comp rx=0 tx=0).stop
2024-04-16T13:29:34.818 INFO:teuthology.orchestra.run.smithi076.stdout:/usr/bin/ceph: stderr
2024-04-16T13:29:33.963+0000 7f3e1cc00700 1 -- 172.21.15.76:0/2617495724 >> 172.21.15.76:0/2617495724 conn(0x7f3e18103ba0 msgr2=0x7f3e18104640 unknown :-1 s=STATE_NONE l=0).mark_down
2024-04-16T13:29:34.818 INFO:teuthology.orchestra.run.smithi076.stdout:/usr/bin/ceph: stderr
2024-04-16T13:29:33.963+0000 7f3e1cc00700 1 -- 172.21.15.76:0/2617495724 shutdown_connections
2024-04-16T13:29:34.818 INFO:teuthology.orchestra.run.smithi076.stdout:/usr/bin/ceph: stderr
2024-04-16T13:29:33.963+0000 7f3e1cc00700 1 -- 172.21.15.76:0/2617495724 wait complete.
2024-04-16T13:29:35.102 INFO:journalctl@ceph.mon.a.smithi076.stdout:Apr 16 13:29:34 smithi076 ceph-mon[31678]: from='client.14136 -' entity='client.admin' cmd=[{"prefix": "cephadm generate-key", "target": ["mon-mgr", ""]}]: dispatch
2024-04-16T13:29:35.102 INFO:journalctl@ceph.mon.a.smithi076.stdout:Apr 16 13:29:34 smithi076 ceph-mon[31678]: Generating ssh key...
2024-04-16T13:29:35.102 INFO:journalctl@ceph.mon.a.smithi076.stdout:Apr 16 13:29:34 smithi076 ceph-mon[31678]: from='mgr.14120 172.21.15.76:0/4270354583' entity='mgr.x'
2024-04-16T13:29:35.102 INFO:journalctl@ceph.mon.a.smithi076.stdout:Apr 16 13:29:34 smithi076 ceph-mon[31678]: from='mgr.14120 172.21.15.76:0/4270354583' entity='mgr.x'
2024-04-16T13:29:36.329 INFO:teuthology.orchestra.run.smithi076.stdout:/usr/bin/ceph: stdout ssh-rsa AAAAB3NzaC1yc2EAAAADAQABAAABgQDZzENQDxfw4YoWZeJ4STFButgw1XjFEtKlw+qwe30f7rdyCMuMYcQyarOXwVENYjxbybp5czslhAKd4sBsxygPD2tS8UDq1NRfdT6CG9kZxd9LFSoFQjz+lIjpNQQrmNGOGDuykk0eVhLp0fkH1bQ/XFdwatfaNenDYesWD316roT2W+7qbuH35BOMMrq5gKmv+63N6Vvz4BVcvmuPkvYv8bY4LlXvT8inJgpnCQrsm8dTbZ7TKrYetfy2ppe72uZw3bf+NmmGeVpYrSLb5ffIoeymwxfvpOByyLwEXm7Hmch3L8/hFKgkDu8JWuXxbLJB+Nc7uAyq4GD8drU5RyrX/fxQHfp2lRs0N1FYuiV9aqtFTCmm42v7n9KyQW4GjnCJ3UIvUp0B7Hf8Ss1Er6JlDdrVqg930RfntzpP4iKGBitY3M1RLCR3dAufziSVtHRYY2eemfRU/wxQxMZ1rSrCIqxwpRpDxdFTC2zjNT0vXTXvbmihMcN5DAAW9MuS3BU= ceph-1dee8a28-fbf5-11ee-bc90-c7b262605968
2024-04-16T13:29:36.330 INFO:teuthology.orchestra.run.smithi076.stdout:/usr/bin/ceph: stderr
2024-04-16T13:29:35.405+0000 7f2dd4a00700 1 Processor -- start
2024-04-16T13:29:36.331 INFO:teuthology.orchestra.run.smithi076.stdout:/usr/bin/ceph: stderr
2024-04-16T13:29:35.406+0000 7f2dd4a00700 1 -- start start
2024-04-16T13:29:36.331 INFO:teuthology.orchestra.run.smithi076.stdout:/usr/bin/ceph: stderr
2024-04-16T13:29:35.406+0000 7f2dd4a00700 1 --2- >> [v2:172.21.15.76:3300/0,v1:172.21.15.76:6789/0] conn(0x7f2dd010f030 0x7f2dd010f450 unknown :-1 s=NONE pgs=0 cs=0 l=0 rev1=0 crypto rx=0 tx=0 comp rx=0 tx=0).connect
2024-04-16T13:29:36.331 INFO:teuthology.orchestra.run.smithi076.stdout:/usr/bin/ceph: stderr
2024-04-16T13:29:35.406+0000 7f2dd4a00700 1 -- --> [v2:172.21.15.76:3300/0,v1:172.21.15.76:6789/0] -- mon_getmap magic: 0 -- 0x7f2dd010f990 con 0x7f2dd010f030
2024-04-16T13:29:36.331 INFO:teuthology.orchestra.run.smithi076.stdout:/usr/bin/ceph: stderr
2024-04-16T13:29:35.407+0000 7f2dcde00700 1 --2- >> [v2:172.21.15.76:3300/0,v1:172.21.15.76:6789/0] conn(0x7f2dd010f030 0x7f2dd010f450 unknown :-1 s=BANNER_CONNECTING pgs=0 cs=0 l=0 rev1=0 crypto rx=0 tx=0 comp rx=0 tx=0)._handle_peer_banner_payload supported=3 required=0
2024-04-16T13:29:36.331 INFO:teuthology.orchestra.run.smithi076.stdout:/usr/bin/ceph: stderr
2024-04-16T13:29:35.407+0000 7f2dcde00700 1 --2- >> [v2:172.21.15.76:3300/0,v1:172.21.15.76:6789/0] conn(0x7f2dd010f030 0x7f2dd010f450 unknown :-1 s=HELLO_CONNECTING pgs=0 cs=0 l=0 rev1=1 crypto rx=0 tx=0 comp rx=0 tx=0).handle_hello peer v2:172.21.15.76:3300/0 says I am v2:172.21.15.76:34644/0 (socket says 172.21.15.76:34644)
2024-04-16T13:29:36.336 INFO:teuthology.orchestra.run.smithi076.stdout:/usr/bin/ceph: stderr
2024-04-16T13:29:35.407+0000 7f2dcde00700 1 -- 172.21.15.76:0/4159420613 learned_addr learned my addr 172.21.15.76:0/4159420613 (peer_addr_for_me v2:172.21.15.76:0/0)
2024-04-16T13:29:36.336 INFO:teuthology.orchestra.run.smithi076.stdout:/usr/bin/ceph: stderr
2024-04-16T13:29:35.407+0000 7f2dcde00700 1 -- 172.21.15.76:0/4159420613 --> [v2:172.21.15.76:3300/0,v1:172.21.15.76:6789/0] -- mon_subscribe({config=0+,monmap=0+}) -- 0x7f2dd010fb10 con 0x7f2dd010f030
2024-04-16T13:29:36.336 INFO:teuthology.orchestra.run.smithi076.stdout:/usr/bin/ceph: stderr
2024-04-16T13:29:35.407+0000 7f2dcde00700 1 --2- 172.21.15.76:0/4159420613 >> [v2:172.21.15.76:3300/0,v1:172.21.15.76:6789/0] conn(0x7f2dd010f030 0x7f2dd010f450 secure :-1 s=READY pgs=43 cs=0 l=1 rev1=1 crypto rx=0x7f2dc00098a0 tx=0x7f2dc0009bb0 comp rx=0 tx=0).ready entity=mon.0 client_cookie=953cdac6478d3581 server_cookie=0 in_seq=0 out_seq=0
2024-04-16T13:29:36.336 INFO:teuthology.orchestra.run.smithi076.stdout:/usr/bin/ceph: stderr
2024-04-16T13:29:35.408+0000 7f2dcd400700 1 -- 172.21.15.76:0/4159420613 <== mon.0 v2:172.21.15.76:3300/0 1 ==== mon_map magic: 0 ==== 205+0+0 (secure 0 0 0) 0x7f2dc0004160 con 0x7f2dd010f030
2024-04-16T13:29:36.336 INFO:teuthology.orchestra.run.smithi076.stdout:/usr/bin/ceph: stderr
2024-04-16T13:29:35.408+0000 7f2dcd400700 1 -- 172.21.15.76:0/4159420613 <== mon.0 v2:172.21.15.76:3300/0 2 ==== config(27 keys) ==== 1109+0+0 (secure 0 0 0) 0x7f2dc0004300 con 0x7f2dd010f030
2024-04-16T13:29:36.336 INFO:teuthology.orchestra.run.smithi076.stdout:/usr/bin/ceph: stderr
2024-04-16T13:29:35.408+0000 7f2dcd400700 1 -- 172.21.15.76:0/4159420613 <== mon.0 v2:172.21.15.76:3300/0 3 ==== mon_map magic: 0 ==== 205+0+0 (secure 0 0 0) 0x7f2dc0011b50 con 0x7f2dd010f030
2024-04-16T13:29:36.337 INFO:teuthology.orchestra.run.smithi076.stdout:/usr/bin/ceph: stderr
2024-04-16T13:29:35.408+0000 7f2dd4a00700 1 -- 172.21.15.76:0/4159420613 >> [v2:172.21.15.76:3300/0,v1:172.21.15.76:6789/0] conn(0x7f2dd010f030 msgr2=0x7f2dd010f450 secure :-1 s=STATE_CONNECTION_ESTABLISHED l=1).mark_down
2024-04-16T13:29:36.337 INFO:teuthology.orchestra.run.smithi076.stdout:/usr/bin/ceph: stderr
2024-04-16T13:29:35.408+0000 7f2dd4a00700 1 --2- 172.21.15.76:0/4159420613 >> [v2:172.21.15.76:3300/0,v1:172.21.15.76:6789/0] conn(0x7f2dd010f030 0x7f2dd010f450 secure :-1 s=READY pgs=43 cs=0 l=1 rev1=1 crypto rx=0x7f2dc00098a0 tx=0x7f2dc0009bb0 comp rx=0 tx=0).stop
2024-04-16T13:29:36.337 INFO:teuthology.orchestra.run.smithi076.stdout:/usr/bin/ceph: stderr
2024-04-16T13:29:35.408+0000 7f2dd4a00700 1 -- 172.21.15.76:0/4159420613 shutdown_connections
2024-04-16T13:29:36.337 INFO:teuthology.orchestra.run.smithi076.stdout:/usr/bin/ceph: stderr
2024-04-16T13:29:35.408+0000 7f2dd4a00700 1 --2- 172.21.15.76:0/4159420613 >> [v2:172.21.15.76:3300/0,v1:172.21.15.76:6789/0] conn(0x7f2dd010f030 0x7f2dd010f450 unknown :-1 s=CLOSED pgs=43 cs=0 l=1 rev1=1 crypto rx=0 tx=0 comp rx=0 tx=0).stop
2024-04-16T13:29:36.337 INFO:teuthology.orchestra.run.smithi076.stdout:/usr/bin/ceph: stderr
2024-04-16T13:29:35.408+0000 7f2dd4a00700 1 -- 172.21.15.76:0/4159420613 >> 172.21.15.76:0/4159420613 conn(0x7f2dd007de30 msgr2=0x7f2dd0080250 unknown :-1 s=STATE_NONE l=0).mark_down
2024-04-16T13:29:36.337 INFO:teuthology.orchestra.run.smithi076.stdout:/usr/bin/ceph: stderr
2024-04-16T13:29:35.408+0000 7f2dd4a00700 1 -- 172.21.15.76:0/4159420613 shutdown_connections
2024-04-16T13:29:36.337 INFO:teuthology.orchestra.run.smithi076.stdout:/usr/bin/ceph: stderr
2024-04-16T13:29:35.408+0000 7f2dd4a00700 1 -- 172.21.15.76:0/4159420613 wait complete.
2024-04-16T13:29:36.337 INFO:teuthology.orchestra.run.smithi076.stdout:/usr/bin/ceph: stderr
2024-04-16T13:29:35.409+0000 7f2dd4a00700 1 Processor -- start
2024-04-16T13:29:36.337 INFO:teuthology.orchestra.run.smithi076.stdout:/usr/bin/ceph: stderr
2024-04-16T13:29:35.410+0000 7f2dd4a00700 1 -- start start
2024-04-16T13:29:36.337 INFO:teuthology.orchestra.run.smithi076.stdout:/usr/bin/ceph: stderr
2024-04-16T13:29:35.410+0000 7f2dd4a00700 1 --2- >> [v2:172.21.15.76:3300/0,v1:172.21.15.76:6789/0] conn(0x7f2dd010f030 0x7f2dd01a2ba0 unknown :-1 s=NONE pgs=0 cs=0 l=1 rev1=0 crypto rx=0 tx=0 comp rx=0 tx=0).connect
2024-04-16T13:29:36.337 INFO:teuthology.orchestra.run.smithi076.stdout:/usr/bin/ceph: stderr
2024-04-16T13:29:35.410+0000 7f2dd4a00700 1 -- --> [v2:172.21.15.76:3300/0,v1:172.21.15.76:6789/0] -- mon_getmap magic: 0 -- 0x7f2dd01130c0 con 0x7f2dd010f030
2024-04-16T13:29:36.337 INFO:teuthology.orchestra.run.smithi076.stdout:/usr/bin/ceph: stderr
2024-04-16T13:29:35.410+0000 7f2dcde00700 1 --2- >> [v2:172.21.15.76:3300/0,v1:172.21.15.76:6789/0] conn(0x7f2dd010f030 0x7f2dd01a2ba0 unknown :-1 s=BANNER_CONNECTING pgs=0 cs=0 l=1 rev1=0 crypto rx=0 tx=0 comp rx=0 tx=0)._handle_peer_banner_payload supported=3 required=0
2024-04-16T13:29:36.337 INFO:teuthology.orchestra.run.smithi076.stdout:/usr/bin/ceph: stderr
2024-04-16T13:29:35.410+0000 7f2dcde00700 1 --2- >> [v2:172.21.15.76:3300/0,v1:172.21.15.76:6789/0] conn(0x7f2dd010f030 0x7f2dd01a2ba0 unknown :-1 s=HELLO_CONNECTING pgs=0 cs=0 l=1 rev1=1 crypto rx=0 tx=0 comp rx=0 tx=0).handle_hello peer v2:172.21.15.76:3300/0 says I am v2:172.21.15.76:34650/0 (socket says 172.21.15.76:34650)
2024-04-16T13:29:36.337 INFO:teuthology.orchestra.run.smithi076.stdout:/usr/bin/ceph: stderr
2024-04-16T13:29:35.410+0000 7f2dcde00700 1 -- 172.21.15.76:0/207120037 learned_addr learned my addr 172.21.15.76:0/207120037 (peer_addr_for_me v2:172.21.15.76:0/0)
2024-04-16T13:29:36.338 INFO:teuthology.orchestra.run.smithi076.stdout:/usr/bin/ceph: stderr
2024-04-16T13:29:35.411+0000 7f2dcde00700 1 -- 172.21.15.76:0/207120037 --> [v2:172.21.15.76:3300/0,v1:172.21.15.76:6789/0] -- mon_subscribe({config=0+,monmap=0+}) -- 0x7f2dd01a30e0 con 0x7f2dd010f030
2024-04-16T13:29:36.338 INFO:teuthology.orchestra.run.smithi076.stdout:/usr/bin/ceph: stderr
2024-04-16T13:29:35.411+0000 7f2dcde00700 1 --2- 172.21.15.76:0/207120037 >> [v2:172.21.15.76:3300/0,v1:172.21.15.76:6789/0] conn(0x7f2dd010f030 0x7f2dd01a2ba0 secure :-1 s=READY pgs=44 cs=0 l=1 rev1=1 crypto rx=0x7f2dc0011b60 tx=0x7f2dc0011c40 comp rx=0 tx=0).ready entity=mon.0 client_cookie=0 server_cookie=0 in_seq=0 out_seq=0
2024-04-16T13:29:36.338 INFO:teuthology.orchestra.run.smithi076.stdout:/usr/bin/ceph: stderr
2024-04-16T13:29:35.411+0000 7f2dc6a00700 1 -- 172.21.15.76:0/207120037 <== mon.0 v2:172.21.15.76:3300/0 1 ==== mon_map magic: 0 ==== 205+0+0 (secure 0 0 0) 0x7f2dc0003b20 con 0x7f2dd010f030
2024-04-16T13:29:36.338 INFO:teuthology.orchestra.run.smithi076.stdout:/usr/bin/ceph: stderr
2024-04-16T13:29:35.411+0000 7f2dc6a00700 1 -- 172.21.15.76:0/207120037 <== mon.0 v2:172.21.15.76:3300/0 2 ==== config(27 keys) ==== 1109+0+0 (secure 0 0 0) 0x7f2dc0003cc0 con 0x7f2dd010f030
2024-04-16T13:29:36.338 INFO:teuthology.orchestra.run.smithi076.stdout:/usr/bin/ceph: stderr
2024-04-16T13:29:35.411+0000 7f2dc6a00700 1 -- 172.21.15.76:0/207120037 <== mon.0 v2:172.21.15.76:3300/0 3 ==== mon_map magic: 0 ==== 205+0+0 (secure 0 0 0) 0x7f2dc0024840 con 0x7f2dd010f030
2024-04-16T13:29:36.338 INFO:teuthology.orchestra.run.smithi076.stdout:/usr/bin/ceph: stderr
2024-04-16T13:29:35.411+0000 7f2dd4a00700 1 -- 172.21.15.76:0/207120037 --> [v2:172.21.15.76:3300/0,v1:172.21.15.76:6789/0] -- mon_subscribe({mgrmap=0+}) -- 0x7f2dd01a3370 con 0x7f2dd010f030
2024-04-16T13:29:36.338 INFO:teuthology.orchestra.run.smithi076.stdout:/usr/bin/ceph: stderr
2024-04-16T13:29:35.411+0000 7f2dd4a00700 1 -- 172.21.15.76:0/207120037 --> [v2:172.21.15.76:3300/0,v1:172.21.15.76:6789/0] -- mon_subscribe({osdmap=0}) -- 0x7f2dd01a6060 con 0x7f2dd010f030
2024-04-16T13:29:36.338 INFO:teuthology.orchestra.run.smithi076.stdout:/usr/bin/ceph: stderr
2024-04-16T13:29:35.412+0000 7f2dc6a00700 1 -- 172.21.15.76:0/207120037 <== mon.0 v2:172.21.15.76:3300/0 4 ==== mgrmap(e 8) ==== 46558+0+0 (secure 0 0 0) 0x7f2dc0022020 con 0x7f2dd010f030
2024-04-16T13:29:36.338 INFO:teuthology.orchestra.run.smithi076.stdout:/usr/bin/ceph: stderr
2024-04-16T13:29:35.412+0000 7f2dd4a00700 1 -- 172.21.15.76:0/207120037 --> [v2:172.21.15.76:3300/0,v1:172.21.15.76:6789/0] -- mon_command({"prefix": "get_command_descriptions"} v 0) -- 0x7f2dd0113240 con 0x7f2dd010f030
2024-04-16T13:29:36.338 INFO:teuthology.orchestra.run.smithi076.stdout:/usr/bin/ceph: stderr
2024-04-16T13:29:35.413+0000 7f2dc6a00700 1 --2- 172.21.15.76:0/207120037 >> [v2:172.21.15.76:6800/4182336607,v1:172.21.15.76:6801/4182336607] conn(0x7f2db4039600 0x7f2db403bac0 unknown :-1 s=NONE pgs=0 cs=0 l=1 rev1=0 crypto rx=0 tx=0 comp rx=0 tx=0).connect
2024-04-16T13:29:36.338 INFO:teuthology.orchestra.run.smithi076.stdout:/usr/bin/ceph: stderr
2024-04-16T13:29:35.413+0000 7f2dc6a00700 1 -- 172.21.15.76:0/207120037 <== mon.0 v2:172.21.15.76:3300/0 5 ==== osd_map(2..2 src has 1..2) ==== 940+0+0 (secure 0 0 0) 0x7f2dc0011e00 con 0x7f2dd010f030
2024-04-16T13:29:36.338 INFO:teuthology.orchestra.run.smithi076.stdout:/usr/bin/ceph: stderr
2024-04-16T13:29:35.413+0000 7f2dc7e00700 1 --2- 172.21.15.76:0/207120037 >> [v2:172.21.15.76:6800/4182336607,v1:172.21.15.76:6801/4182336607] conn(0x7f2db4039600 0x7f2db403bac0 unknown :-1 s=BANNER_CONNECTING pgs=0 cs=0 l=1 rev1=0 crypto rx=0 tx=0 comp rx=0 tx=0)._handle_peer_banner_payload supported=3 required=0
2024-04-16T13:29:36.338 INFO:teuthology.orchestra.run.smithi076.stdout:/usr/bin/ceph: stderr
2024-04-16T13:29:35.414+0000 7f2dc7e00700 1 --2- 172.21.15.76:0/207120037 >> [v2:172.21.15.76:6800/4182336607,v1:172.21.15.76:6801/4182336607] conn(0x7f2db4039600 0x7f2db403bac0 secure :-1 s=READY pgs=10 cs=0 l=1 rev1=1 crypto rx=0x7f2db8006fd0 tx=0x7f2db8006e40 comp rx=0 tx=0).ready entity=mgr.14120 client_cookie=0 server_cookie=0 in_seq=0 out_seq=0
2024-04-16T13:29:36.338 INFO:teuthology.orchestra.run.smithi076.stdout:/usr/bin/ceph: stderr
2024-04-16T13:29:35.418+0000 7f2dc6a00700 1 -- 172.21.15.76:0/207120037 <== mon.0 v2:172.21.15.76:3300/0 6 ==== mon_command_ack([{"prefix": "get_command_descriptions"}]=0 v0) ==== 72+0+188370 (secure 0 0 0) 0x7f2dc001a950 con 0x7f2dd010f030
2024-04-16T13:29:36.339 INFO:teuthology.orchestra.run.smithi076.stdout:/usr/bin/ceph: stderr
2024-04-16T13:29:35.647+0000 7f2dd4a00700 1 -- 172.21.15.76:0/207120037 --> [v2:172.21.15.76:6800/4182336607,v1:172.21.15.76:6801/4182336607] -- mgr_command(tid 0: {"prefix": "cephadm get-pub-key", "target": ["mon-mgr", ""]}) -- 0x7f2dd007f090 con 0x7f2db4039600
2024-04-16T13:29:36.339 INFO:teuthology.orchestra.run.smithi076.stdout:/usr/bin/ceph: stderr
2024-04-16T13:29:35.648+0000 7f2dc6a00700 1 -- 172.21.15.76:0/207120037 <== mgr.14120 v2:172.21.15.76:6800/4182336607 1 ==== mgr_command_reply(tid 0: 0 ) ==== 8+0+595 (secure 0 0 0) 0x7f2dd007f090 con 0x7f2db4039600
2024-04-16T13:29:36.339 INFO:teuthology.orchestra.run.smithi076.stdout:/usr/bin/ceph: stderr
2024-04-16T13:29:35.651+0000 7f2dd4a00700 1 -- 172.21.15.76:0/207120037 >> [v2:172.21.15.76:6800/4182336607,v1:172.21.15.76:6801/4182336607] conn(0x7f2db4039600 msgr2=0x7f2db403bac0 secure :-1 s=STATE_CONNECTION_ESTABLISHED l=1).mark_down
2024-04-16T13:29:36.339 INFO:teuthology.orchestra.run.smithi076.stdout:/usr/bin/ceph: stderr
2024-04-16T13:29:35.651+0000 7f2dd4a00700 1 --2- 172.21.15.76:0/207120037 >> [v2:172.21.15.76:6800/4182336607,v1:172.21.15.76:6801/4182336607] conn(0x7f2db4039600 0x7f2db403bac0 secure :-1 s=READY pgs=10 cs=0 l=1 rev1=1 crypto rx=0x7f2db8006fd0 tx=0x7f2db8006e40 comp rx=0 tx=0).stop
2024-04-16T13:29:36.339 INFO:teuthology.orchestra.run.smithi076.stdout:/usr/bin/ceph: stderr
2024-04-16T13:29:35.651+0000 7f2dd4a00700 1 -- 172.21.15.76:0/207120037 >> [v2:172.21.15.76:3300/0,v1:172.21.15.76:6789/0] conn(0x7f2dd010f030 msgr2=0x7f2dd01a2ba0 secure :-1 s=STATE_CONNECTION_ESTABLISHED l=1).mark_down
2024-04-16T13:29:36.339 INFO:teuthology.orchestra.run.smithi076.stdout:/usr/bin/ceph: stderr
2024-04-16T13:29:35.651+0000 7f2dd4a00700 1 --2- 172.21.15.76:0/207120037 >> [v2:172.21.15.76:3300/0,v1:172.21.15.76:6789/0] conn(0x7f2dd010f030 0x7f2dd01a2ba0 secure :-1 s=READY pgs=44 cs=0 l=1 rev1=1 crypto rx=0x7f2dc0011b60 tx=0x7f2dc0011c40 comp rx=0 tx=0).stop
2024-04-16T13:29:36.339 INFO:teuthology.orchestra.run.smithi076.stdout:/usr/bin/ceph: stderr
2024-04-16T13:29:35.651+0000 7f2dd4a00700 1 -- 172.21.15.76:0/207120037 shutdown_connections
2024-04-16T13:29:36.339 INFO:teuthology.orchestra.run.smithi076.stdout:/usr/bin/ceph: stderr
2024-04-16T13:29:35.651+0000 7f2dd4a00700 1 --2- 172.21.15.76:0/207120037 >> [v2:172.21.15.76:6800/4182336607,v1:172.21.15.76:6801/4182336607] conn(0x7f2db4039600 0x7f2db403bac0 unknown :-1 s=CLOSED pgs=10 cs=0 l=1 rev1=1 crypto rx=0 tx=0 comp rx=0 tx=0).stop
2024-04-16T13:29:36.339 INFO:teuthology.orchestra.run.smithi076.stdout:/usr/bin/ceph: stderr
2024-04-16T13:29:35.651+0000 7f2dd4a00700 1 --2- 172.21.15.76:0/207120037 >> [v2:172.21.15.76:3300/0,v1:172.21.15.76:6789/0] conn(0x7f2dd010f030 0x7f2dd01a2ba0 unknown :-1 s=CLOSED pgs=44 cs=0 l=1 rev1=1 crypto rx=0 tx=0 comp rx=0 tx=0).stop
2024-04-16T13:29:36.339 INFO:teuthology.orchestra.run.smithi076.stdout:/usr/bin/ceph: stderr
2024-04-16T13:29:35.651+0000 7f2dd4a00700 1 -- 172.21.15.76:0/207120037 >> 172.21.15.76:0/207120037 conn(0x7f2dd007de30 msgr2=0x7f2dd007e980 unknown :-1 s=STATE_NONE l=0).mark_down
2024-04-16T13:29:36.339 INFO:teuthology.orchestra.run.smithi076.stdout:/usr/bin/ceph: stderr
2024-04-16T13:29:35.651+0000 7f2dd4a00700 1 -- 172.21.15.76:0/207120037 shutdown_connections
2024-04-16T13:29:36.339 INFO:teuthology.orchestra.run.smithi076.stdout:/usr/bin/ceph: stderr
2024-04-16T13:29:35.651+0000 7f2dd4a00700 1 -- 172.21.15.76:0/207120037 wait complete.
2024-04-16T13:29:36.339 INFO:teuthology.orchestra.run.smithi076.stdout:Wrote public SSH key to /home/ubuntu/cephtest/ceph.pub
2024-04-16T13:29:36.339 INFO:teuthology.orchestra.run.smithi076.stdout:Adding key to root@localhost authorized_keys...
2024-04-16T13:29:36.340 INFO:teuthology.orchestra.run.smithi076.stdout:Adding host smithi076...
2024-04-16T13:29:36.663 INFO:journalctl@ceph.mon.a.smithi076.stdout:Apr 16 13:29:36 smithi076 ceph-mon[31678]: from='client.14138 -' entity='client.admin' cmd=[{"prefix": "cephadm get-pub-key", "target": ["mon-mgr", ""]}]: dispatch
2024-04-16T13:29:37.497 INFO:journalctl@ceph.mon.a.smithi076.stdout:Apr 16 13:29:37 smithi076 ceph-mon[31678]: from='client.14140 -' entity='client.admin' cmd=[{"prefix": "orch host add", "hostname": "smithi076", "addr": "172.21.15.76", "target": ["mon-mgr", ""]}]: dispatch
2024-04-16T13:29:39.598 INFO:journalctl@ceph.mon.a.smithi076.stdout:Apr 16 13:29:39 smithi076 ceph-mon[31678]: Deploying cephadm binary to smithi076
2024-04-16T13:29:44.241 INFO:teuthology.orchestra.run.smithi076.stdout:/usr/bin/ceph: stdout Added host 'smithi076' with addr '172.21.15.76'
2024-04-16T13:29:44.241 INFO:teuthology.orchestra.run.smithi076.stdout:/usr/bin/ceph: stderr
2024-04-16T13:29:36.947+0000 7f5e94800700 1 Processor -- start
2024-04-16T13:29:44.241 INFO:teuthology.orchestra.run.smithi076.stdout:/usr/bin/ceph: stderr
2024-04-16T13:29:36.948+0000 7f5e94800700 1 -- start start
2024-04-16T13:29:44.241 INFO:teuthology.orchestra.run.smithi076.stdout:/usr/bin/ceph: stderr
2024-04-16T13:29:36.948+0000 7f5e94800700 1 --2- >> [v2:172.21.15.76:3300/0,v1:172.21.15.76:6789/0] conn(0x7f5e8c10f030 0x7f5e8c10f450 unknown :-1 s=NONE pgs=0 cs=0 l=0 rev1=0 crypto rx=0 tx=0 comp rx=0 tx=0).connect
2024-04-16T13:29:44.241 INFO:teuthology.orchestra.run.smithi076.stdout:/usr/bin/ceph: stderr
2024-04-16T13:29:36.948+0000 7f5e94800700 1 -- --> [v2:172.21.15.76:3300/0,v1:172.21.15.76:6789/0] -- mon_getmap magic: 0 -- 0x7f5e8c10f990 con 0x7f5e8c10f030
2024-04-16T13:29:44.241 INFO:teuthology.orchestra.run.smithi076.stdout:/usr/bin/ceph: stderr
2024-04-16T13:29:36.948+0000 7f5e91e00700 1 --2- >> [v2:172.21.15.76:3300/0,v1:172.21.15.76:6789/0] conn(0x7f5e8c10f030 0x7f5e8c10f450 unknown :-1 s=BANNER_CONNECTING pgs=0 cs=0 l=0 rev1=0 crypto rx=0 tx=0 comp rx=0 tx=0)._handle_peer_banner_payload supported=3 required=0
2024-04-16T13:29:44.241 INFO:teuthology.orchestra.run.smithi076.stdout:/usr/bin/ceph: stderr
2024-04-16T13:29:36.949+0000 7f5e91e00700 1 --2- >> [v2:172.21.15.76:3300/0,v1:172.21.15.76:6789/0] conn(0x7f5e8c10f030 0x7f5e8c10f450 unknown :-1 s=HELLO_CONNECTING pgs=0 cs=0 l=0 rev1=1 crypto rx=0 tx=0 comp rx=0 tx=0).handle_hello peer v2:172.21.15.76:3300/0 says I am v2:172.21.15.76:38570/0 (socket says 172.21.15.76:38570)
2024-04-16T13:29:44.241 INFO:teuthology.orchestra.run.smithi076.stdout:/usr/bin/ceph: stderr
2024-04-16T13:29:36.949+0000 7f5e91e00700 1 -- 172.21.15.76:0/2565612439 learned_addr learned my addr 172.21.15.76:0/2565612439 (peer_addr_for_me v2:172.21.15.76:0/0)
2024-04-16T13:29:44.241 INFO:teuthology.orchestra.run.smithi076.stdout:/usr/bin/ceph: stderr
2024-04-16T13:29:36.949+0000 7f5e91e00700 1 -- 172.21.15.76:0/2565612439 --> [v2:172.21.15.76:3300/0,v1:172.21.15.76:6789/0] -- mon_subscribe({config=0+,monmap=0+}) -- 0x7f5e8c10fb10 con 0x7f5e8c10f030
2024-04-16T13:29:44.241 INFO:teuthology.orchestra.run.smithi076.stdout:/usr/bin/ceph: stderr
2024-04-16T13:29:36.949+0000 7f5e91e00700 1 --2- 172.21.15.76:0/2565612439 >> [v2:172.21.15.76:3300/0,v1:172.21.15.76:6789/0] conn(0x7f5e8c10f030 0x7f5e8c10f450 secure :-1 s=READY pgs=45 cs=0 l=1 rev1=1 crypto rx=0x7f5e800098a0 tx=0x7f5e80009bb0 comp rx=0 tx=0).ready entity=mon.0 client_cookie=44697ec6c25f85a6 server_cookie=0 in_seq=0 out_seq=0
2024-04-16T13:29:44.241 INFO:teuthology.orchestra.run.smithi076.stdout:/usr/bin/ceph: stderr
2024-04-16T13:29:36.949+0000 7f5e90a00700 1 -- 172.21.15.76:0/2565612439 <== mon.0 v2:172.21.15.76:3300/0 1 ==== mon_map magic: 0 ==== 205+0+0 (secure 0 0 0) 0x7f5e80004160 con 0x7f5e8c10f030
2024-04-16T13:29:44.242 INFO:teuthology.orchestra.run.smithi076.stdout:/usr/bin/ceph: stderr
2024-04-16T13:29:36.950+0000 7f5e90a00700 1 -- 172.21.15.76:0/2565612439 <== mon.0 v2:172.21.15.76:3300/0 2 ==== config(27 keys) ==== 1109+0+0 (secure 0 0 0) 0x7f5e80004300 con 0x7f5e8c10f030
2024-04-16T13:29:44.242 INFO:teuthology.orchestra.run.smithi076.stdout:/usr/bin/ceph: stderr
2024-04-16T13:29:36.950+0000 7f5e90a00700 1 -- 172.21.15.76:0/2565612439 <== mon.0 v2:172.21.15.76:3300/0 3 ==== mon_map magic: 0 ==== 205+0+0 (secure 0 0 0) 0x7f5e80011b50 con 0x7f5e8c10f030
2024-04-16T13:29:44.242 INFO:teuthology.orchestra.run.smithi076.stdout:/usr/bin/ceph: stderr
2024-04-16T13:29:36.950+0000 7f5e94800700 1 -- 172.21.15.76:0/2565612439 >> [v2:172.21.15.76:3300/0,v1:172.21.15.76:6789/0] conn(0x7f5e8c10f030 msgr2=0x7f5e8c10f450 secure :-1 s=STATE_CONNECTION_ESTABLISHED l=1).mark_down
2024-04-16T13:29:44.242 INFO:teuthology.orchestra.run.smithi076.stdout:/usr/bin/ceph: stderr
2024-04-16T13:29:36.950+0000 7f5e94800700 1 --2- 172.21.15.76:0/2565612439 >> [v2:172.21.15.76:3300/0,v1:172.21.15.76:6789/0] conn(0x7f5e8c10f030 0x7f5e8c10f450 secure :-1 s=READY pgs=45 cs=0 l=1 rev1=1 crypto rx=0x7f5e800098a0 tx=0x7f5e80009bb0 comp rx=0 tx=0).stop
2024-04-16T13:29:44.242 INFO:teuthology.orchestra.run.smithi076.stdout:/usr/bin/ceph: stderr
2024-04-16T13:29:36.950+0000 7f5e94800700 1 -- 172.21.15.76:0/2565612439 shutdown_connections
2024-04-16T13:29:44.242 INFO:teuthology.orchestra.run.smithi076.stdout:/usr/bin/ceph: stderr
2024-04-16T13:29:36.950+0000 7f5e94800700 1 --2- 172.21.15.76:0/2565612439 >> [v2:172.21.15.76:3300/0,v1:172.21.15.76:6789/0] conn(0x7f5e8c10f030 0x7f5e8c10f450 unknown :-1 s=CLOSED pgs=45 cs=0 l=1 rev1=1 crypto rx=0 tx=0 comp rx=0 tx=0).stop
2024-04-16T13:29:44.242 INFO:teuthology.orchestra.run.smithi076.stdout:/usr/bin/ceph: stderr
2024-04-16T13:29:36.950+0000 7f5e94800700 1 -- 172.21.15.76:0/2565612439 >> 172.21.15.76:0/2565612439 conn(0x7f5e8c07de30 msgr2=0x7f5e8c080250 unknown :-1 s=STATE_NONE l=0).mark_down
2024-04-16T13:29:44.242 INFO:teuthology.orchestra.run.smithi076.stdout:/usr/bin/ceph: stderr
2024-04-16T13:29:36.950+0000 7f5e94800700 1 -- 172.21.15.76:0/2565612439 shutdown_connections
2024-04-16T13:29:44.242 INFO:teuthology.orchestra.run.smithi076.stdout:/usr/bin/ceph: stderr
2024-04-16T13:29:36.950+0000 7f5e94800700 1 -- 172.21.15.76:0/2565612439 wait complete.
2024-04-16T13:29:44.242 INFO:teuthology.orchestra.run.smithi076.stdout:/usr/bin/ceph: stderr
2024-04-16T13:29:36.951+0000 7f5e94800700 1 Processor -- start
2024-04-16T13:29:44.242 INFO:teuthology.orchestra.run.smithi076.stdout:/usr/bin/ceph: stderr
2024-04-16T13:29:36.952+0000 7f5e94800700 1 -- start start
2024-04-16T13:29:44.242 INFO:teuthology.orchestra.run.smithi076.stdout:/usr/bin/ceph: stderr
2024-04-16T13:29:36.952+0000 7f5e94800700 1 --2- >> [v2:172.21.15.76:3300/0,v1:172.21.15.76:6789/0] conn(0x7f5e8c10f030 0x7f5e8c1a2ba0 unknown :-1 s=NONE pgs=0 cs=0 l=1 rev1=0 crypto rx=0 tx=0 comp rx=0 tx=0).connect
2024-04-16T13:29:44.242 INFO:teuthology.orchestra.run.smithi076.stdout:/usr/bin/ceph: stderr
2024-04-16T13:29:36.952+0000 7f5e94800700 1 -- --> [v2:172.21.15.76:3300/0,v1:172.21.15.76:6789/0] -- mon_getmap magic: 0 -- 0x7f5e8c1130c0 con 0x7f5e8c10f030
2024-04-16T13:29:44.242 INFO:teuthology.orchestra.run.smithi076.stdout:/usr/bin/ceph: stderr
2024-04-16T13:29:36.952+0000 7f5e91e00700 1 --2- >> [v2:172.21.15.76:3300/0,v1:172.21.15.76:6789/0] conn(0x7f5e8c10f030 0x7f5e8c1a2ba0 unknown :-1 s=BANNER_CONNECTING pgs=0 cs=0 l=1 rev1=0 crypto rx=0 tx=0 comp rx=0 tx=0)._handle_peer_banner_payload supported=3 required=0
2024-04-16T13:29:44.242 INFO:teuthology.orchestra.run.smithi076.stdout:/usr/bin/ceph: stderr
2024-04-16T13:29:36.952+0000 7f5e91e00700 1 --2- >> [v2:172.21.15.76:3300/0,v1:172.21.15.76:6789/0] conn(0x7f5e8c10f030 0x7f5e8c1a2ba0 unknown :-1 s=HELLO_CONNECTING pgs=0 cs=0 l=1 rev1=1 crypto rx=0 tx=0 comp rx=0 tx=0).handle_hello peer v2:172.21.15.76:3300/0 says I am v2:172.21.15.76:38574/0 (socket says 172.21.15.76:38574)
2024-04-16T13:29:44.243 INFO:teuthology.orchestra.run.smithi076.stdout:/usr/bin/ceph: stderr
2024-04-16T13:29:36.952+0000 7f5e91e00700 1 -- 172.21.15.76:0/711598925 learned_addr learned my addr 172.21.15.76:0/711598925 (peer_addr_for_me v2:172.21.15.76:0/0)
2024-04-16T13:29:44.243 INFO:teuthology.orchestra.run.smithi076.stdout:/usr/bin/ceph: stderr
2024-04-16T13:29:36.953+0000 7f5e91e00700 1 -- 172.21.15.76:0/711598925 --> [v2:172.21.15.76:3300/0,v1:172.21.15.76:6789/0] -- mon_subscribe({config=0+,monmap=0+}) -- 0x7f5e8c1a30e0 con 0x7f5e8c10f030
2024-04-16T13:29:44.243 INFO:teuthology.orchestra.run.smithi076.stdout:/usr/bin/ceph: stderr
2024-04-16T13:29:36.953+0000 7f5e91e00700 1 --2- 172.21.15.76:0/711598925 >> [v2:172.21.15.76:3300/0,v1:172.21.15.76:6789/0] conn(0x7f5e8c10f030 0x7f5e8c1a2ba0 secure :-1 s=READY pgs=46 cs=0 l=1 rev1=1 crypto rx=0x7f5e80011b60 tx=0x7f5e80011c40 comp rx=0 tx=0).ready entity=mon.0 client_cookie=0 server_cookie=0 in_seq=0 out_seq=0
2024-04-16T13:29:44.243 INFO:teuthology.orchestra.run.smithi076.stdout:/usr/bin/ceph: stderr
2024-04-16T13:29:36.953+0000 7f5e86a00700 1 -- 172.21.15.76:0/711598925 <== mon.0 v2:172.21.15.76:3300/0 1 ==== mon_map magic: 0 ==== 205+0+0 (secure 0 0 0) 0x7f5e80003b20 con 0x7f5e8c10f030
2024-04-16T13:29:44.243 INFO:teuthology.orchestra.run.smithi076.stdout:/usr/bin/ceph: stderr
2024-04-16T13:29:36.953+0000 7f5e86a00700 1 -- 172.21.15.76:0/711598925 <== mon.0 v2:172.21.15.76:3300/0 2 ==== config(27 keys) ==== 1109+0+0 (secure 0 0 0) 0x7f5e80003cc0 con 0x7f5e8c10f030
2024-04-16T13:29:44.243 INFO:teuthology.orchestra.run.smithi076.stdout:/usr/bin/ceph: stderr
2024-04-16T13:29:36.953+0000 7f5e94800700 1 -- 172.21.15.76:0/711598925 --> [v2:172.21.15.76:3300/0,v1:172.21.15.76:6789/0] -- mon_subscribe({mgrmap=0+}) -- 0x7f5e8c1a3370 con 0x7f5e8c10f030
2024-04-16T13:29:44.243 INFO:teuthology.orchestra.run.smithi076.stdout:/usr/bin/ceph: stderr
2024-04-16T13:29:36.953+0000 7f5e86a00700 1 -- 172.21.15.76:0/711598925 <== mon.0 v2:172.21.15.76:3300/0 3 ==== mon_map magic: 0 ==== 205+0+0 (secure 0 0 0) 0x7f5e80024840 con 0x7f5e8c10f030
2024-04-16T13:29:44.243 INFO:teuthology.orchestra.run.smithi076.stdout:/usr/bin/ceph: stderr
2024-04-16T13:29:36.953+0000 7f5e94800700 1 -- 172.21.15.76:0/711598925 --> [v2:172.21.15.76:3300/0,v1:172.21.15.76:6789/0] -- mon_subscribe({osdmap=0}) -- 0x7f5e8c1a6060 con 0x7f5e8c10f030
2024-04-16T13:29:44.243 INFO:teuthology.orchestra.run.smithi076.stdout:/usr/bin/ceph: stderr
2024-04-16T13:29:36.954+0000 7f5e86a00700 1 -- 172.21.15.76:0/711598925 <== mon.0 v2:172.21.15.76:3300/0 4 ==== mgrmap(e 8) ==== 46558+0+0 (secure 0 0 0) 0x7f5e80022020 con 0x7f5e8c10f030
2024-04-16T13:29:44.243 INFO:teuthology.orchestra.run.smithi076.stdout:/usr/bin/ceph: stderr
2024-04-16T13:29:36.954+0000 7f5e94800700 1 -- 172.21.15.76:0/711598925 --> [v2:172.21.15.76:3300/0,v1:172.21.15.76:6789/0] -- mon_command({"prefix": "get_command_descriptions"} v 0) -- 0x7f5e8c113240 con 0x7f5e8c10f030
2024-04-16T13:29:44.243 INFO:teuthology.orchestra.run.smithi076.stdout:/usr/bin/ceph: stderr
2024-04-16T13:29:36.955+0000 7f5e86a00700 1 --2- 172.21.15.76:0/711598925 >> [v2:172.21.15.76:6800/4182336607,v1:172.21.15.76:6801/4182336607] conn(0x7f5e74039600 0x7f5e7403bac0 unknown :-1 s=NONE pgs=0 cs=0 l=1 rev1=0 crypto rx=0 tx=0 comp rx=0 tx=0).connect
2024-04-16T13:29:44.243 INFO:teuthology.orchestra.run.smithi076.stdout:/usr/bin/ceph: stderr
2024-04-16T13:29:36.955+0000 7f5e86a00700 1 -- 172.21.15.76:0/711598925 <== mon.0 v2:172.21.15.76:3300/0 5 ==== osd_map(2..2 src has 1..2) ==== 940+0+0 (secure 0 0 0) 0x7f5e80011e00 con 0x7f5e8c10f030
2024-04-16T13:29:44.243 INFO:teuthology.orchestra.run.smithi076.stdout:/usr/bin/ceph: stderr
2024-04-16T13:29:36.955+0000 7f5e91400700 1 --2- 172.21.15.76:0/711598925 >> [v2:172.21.15.76:6800/4182336607,v1:172.21.15.76:6801/4182336607] conn(0x7f5e74039600 0x7f5e7403bac0 unknown :-1 s=BANNER_CONNECTING pgs=0 cs=0 l=1 rev1=0 crypto rx=0 tx=0 comp rx=0 tx=0)._handle_peer_banner_payload supported=3 required=0
2024-04-16T13:29:44.243 INFO:teuthology.orchestra.run.smithi076.stdout:/usr/bin/ceph: stderr
2024-04-16T13:29:36.956+0000 7f5e91400700 1 --2- 172.21.15.76:0/711598925 >> [v2:172.21.15.76:6800/4182336607,v1:172.21.15.76:6801/4182336607] conn(0x7f5e74039600 0x7f5e7403bac0 secure :-1 s=READY pgs=11 cs=0 l=1 rev1=1 crypto rx=0x7f5e7c006fd0 tx=0x7f5e7c006e40 comp rx=0 tx=0).ready entity=mgr.14120 client_cookie=0 server_cookie=0 in_seq=0 out_seq=0
2024-04-16T13:29:44.244 INFO:teuthology.orchestra.run.smithi076.stdout:/usr/bin/ceph: stderr
2024-04-16T13:29:36.961+0000 7f5e86a00700 1 -- 172.21.15.76:0/711598925 <== mon.0 v2:172.21.15.76:3300/0 6 ==== mon_command_ack([{"prefix": "get_command_descriptions"}]=0 v0) ==== 72+0+188370 (secure 0 0 0) 0x7f5e8004d220 con 0x7f5e8c10f030
2024-04-16T13:29:44.244 INFO:teuthology.orchestra.run.smithi076.stdout:/usr/bin/ceph: stderr
2024-04-16T13:29:37.189+0000 7f5e94800700 1 -- 172.21.15.76:0/711598925 --> [v2:172.21.15.76:6800/4182336607,v1:172.21.15.76:6801/4182336607] -- mgr_command(tid 0: {"prefix": "orch host add", "hostname": "smithi076", "addr": "172.21.15.76", "target": ["mon-mgr", ""]}) -- 0x7f5e8c07f090 con 0x7f5e74039600
2024-04-16T13:29:44.244 INFO:teuthology.orchestra.run.smithi076.stdout:/usr/bin/ceph: stderr
2024-04-16T13:29:43.553+0000 7f5e86a00700 1 -- 172.21.15.76:0/711598925 <== mgr.14120 v2:172.21.15.76:6800/4182336607 1 ==== mgr_command_reply(tid 0: 0 ) ==== 8+0+48 (secure 0 0 0) 0x7f5e8c07f090 con 0x7f5e74039600
2024-04-16T13:29:44.244 INFO:teuthology.orchestra.run.smithi076.stdout:/usr/bin/ceph: stderr
2024-04-16T13:29:43.557+0000 7f5e94800700 1 -- 172.21.15.76:0/711598925 >> [v2:172.21.15.76:6800/4182336607,v1:172.21.15.76:6801/4182336607] conn(0x7f5e74039600 msgr2=0x7f5e7403bac0 secure :-1 s=STATE_CONNECTION_ESTABLISHED l=1).mark_down
2024-04-16T13:29:44.244 INFO:teuthology.orchestra.run.smithi076.stdout:/usr/bin/ceph: stderr
2024-04-16T13:29:43.557+0000 7f5e94800700 1 --2- 172.21.15.76:0/711598925 >> [v2:172.21.15.76:6800/4182336607,v1:172.21.15.76:6801/4182336607] conn(0x7f5e74039600 0x7f5e7403bac0 secure :-1 s=READY pgs=11 cs=0 l=1 rev1=1 crypto rx=0x7f5e7c006fd0 tx=0x7f5e7c006e40 comp rx=0 tx=0).stop
2024-04-16T13:29:44.244 INFO:teuthology.orchestra.run.smithi076.stdout:/usr/bin/ceph: stderr
2024-04-16T13:29:43.557+0000 7f5e94800700 1 -- 172.21.15.76:0/711598925 >> [v2:172.21.15.76:3300/0,v1:172.21.15.76:6789/0] conn(0x7f5e8c10f030 msgr2=0x7f5e8c1a2ba0 secure :-1 s=STATE_CONNECTION_ESTABLISHED l=1).mark_down
2024-04-16T13:29:44.244 INFO:teuthology.orchestra.run.smithi076.stdout:/usr/bin/ceph: stderr
2024-04-16T13:29:43.557+0000 7f5e94800700 1 --2- 172.21.15.76:0/711598925 >> [v2:172.21.15.76:3300/0,v1:172.21.15.76:6789/0] conn(0x7f5e8c10f030 0x7f5e8c1a2ba0 secure :-1 s=READY pgs=46 cs=0 l=1 rev1=1 crypto rx=0x7f5e80011b60 tx=0x7f5e80011c40 comp rx=0 tx=0).stop
2024-04-16T13:29:44.244 INFO:teuthology.orchestra.run.smithi076.stdout:/usr/bin/ceph: stderr
2024-04-16T13:29:43.558+0000 7f5e94800700 1 -- 172.21.15.76:0/711598925 shutdown_connections
2024-04-16T13:29:44.244 INFO:teuthology.orchestra.run.smithi076.stdout:/usr/bin/ceph: stderr
2024-04-16T13:29:43.558+0000 7f5e94800700 1 --2- 172.21.15.76:0/711598925 >> [v2:172.21.15.76:6800/4182336607,v1:172.21.15.76:6801/4182336607] conn(0x7f5e74039600 0x7f5e7403bac0 unknown :-1 s=CLOSED pgs=11 cs=0 l=1 rev1=1 crypto rx=0 tx=0 comp rx=0 tx=0).stop
2024-04-16T13:29:44.244 INFO:teuthology.orchestra.run.smithi076.stdout:/usr/bin/ceph: stderr
2024-04-16T13:29:43.558+0000 7f5e94800700 1 --2- 172.21.15.76:0/711598925 >> [v2:172.21.15.76:3300/0,v1:172.21.15.76:6789/0] conn(0x7f5e8c10f030 0x7f5e8c1a2ba0 unknown :-1 s=CLOSED pgs=46 cs=0 l=1 rev1=1 crypto rx=0 tx=0 comp rx=0 tx=0).stop
2024-04-16T13:29:44.244 INFO:teuthology.orchestra.run.smithi076.stdout:/usr/bin/ceph: stderr
2024-04-16T13:29:43.558+0000 7f5e94800700 1 -- 172.21.15.76:0/711598925 >> 172.21.15.76:0/711598925 conn(0x7f5e8c07de30 msgr2=0x7f5e8c07e980 unknown :-1 s=STATE_NONE l=0).mark_down
2024-04-16T13:29:44.244 INFO:teuthology.orchestra.run.smithi076.stdout:/usr/bin/ceph: stderr
2024-04-16T13:29:43.558+0000 7f5e94800700 1 -- 172.21.15.76:0/711598925 shutdown_connections
2024-04-16T13:29:44.244 INFO:teuthology.orchestra.run.smithi076.stdout:/usr/bin/ceph: stderr
2024-04-16T13:29:43.558+0000 7f5e94800700 1 -- 172.21.15.76:0/711598925 wait complete.
2024-04-16T13:29:44.244 INFO:teuthology.orchestra.run.smithi076.stdout:Deploying unmanaged mon service...
2024-04-16T13:29:44.797 INFO:journalctl@ceph.mon.a.smithi076.stdout:Apr 16 13:29:44 smithi076 ceph-mon[31678]: from='mgr.14120 172.21.15.76:0/4270354583' entity='mgr.x'
2024-04-16T13:29:44.797 INFO:journalctl@ceph.mon.a.smithi076.stdout:Apr 16 13:29:44 smithi076 ceph-mon[31678]: Added host smithi076
2024-04-16T13:29:44.797 INFO:journalctl@ceph.mon.a.smithi076.stdout:Apr 16 13:29:44 smithi076 ceph-mon[31678]: from='mgr.14120 172.21.15.76:0/4270354583' entity='mgr.x' cmd=[{"prefix": "config dump", "format": "json"}]: dispatch
2024-04-16T13:29:46.101 INFO:teuthology.orchestra.run.smithi076.stdout:/usr/bin/ceph: stdout Scheduled mon update...
2024-04-16T13:29:46.102 INFO:teuthology.orchestra.run.smithi076.stdout:/usr/bin/ceph: stderr
2024-04-16T13:29:44.840+0000 7f26ca200700 1 Processor -- start
2024-04-16T13:29:46.102 INFO:teuthology.orchestra.run.smithi076.stdout:/usr/bin/ceph: stderr
2024-04-16T13:29:44.840+0000 7f26ca200700 1 -- start start
2024-04-16T13:29:46.102 INFO:teuthology.orchestra.run.smithi076.stdout:/usr/bin/ceph: stderr
2024-04-16T13:29:44.840+0000 7f26ca200700 1 --2- >> [v2:172.21.15.76:3300/0,v1:172.21.15.76:6789/0] conn(0x7f26c4107580 0x7f26c41079a0 unknown :-1 s=NONE pgs=0 cs=0 l=0 rev1=0 crypto rx=0 tx=0 comp rx=0 tx=0).connect
2024-04-16T13:29:46.102 INFO:teuthology.orchestra.run.smithi076.stdout:/usr/bin/ceph: stderr
2024-04-16T13:29:44.840+0000 7f26ca200700 1 -- --> [v2:172.21.15.76:3300/0,v1:172.21.15.76:6789/0] -- mon_getmap magic: 0 -- 0x7f26c4107f70 con 0x7f26c4107580
2024-04-16T13:29:46.102 INFO:teuthology.orchestra.run.smithi076.stdout:/usr/bin/ceph: stderr
2024-04-16T13:29:44.841+0000 7f26c3400700 1 --2- >> [v2:172.21.15.76:3300/0,v1:172.21.15.76:6789/0] conn(0x7f26c4107580 0x7f26c41079a0 unknown :-1 s=BANNER_CONNECTING pgs=0 cs=0 l=0 rev1=0 crypto rx=0 tx=0 comp rx=0 tx=0)._handle_peer_banner_payload supported=3 required=0
2024-04-16T13:29:46.102 INFO:teuthology.orchestra.run.smithi076.stdout:/usr/bin/ceph: stderr
2024-04-16T13:29:44.841+0000 7f26c3400700 1 --2- >> [v2:172.21.15.76:3300/0,v1:172.21.15.76:6789/0] conn(0x7f26c4107580 0x7f26c41079a0 unknown :-1 s=HELLO_CONNECTING pgs=0 cs=0 l=0 rev1=1 crypto rx=0 tx=0 comp rx=0 tx=0).handle_hello peer v2:172.21.15.76:3300/0 says I am v2:172.21.15.76:38576/0 (socket says 172.21.15.76:38576)
2024-04-16T13:29:46.102 INFO:teuthology.orchestra.run.smithi076.stdout:/usr/bin/ceph: stderr
2024-04-16T13:29:44.841+0000 7f26c3400700 1 -- 172.21.15.76:0/4248109718 learned_addr learned my addr 172.21.15.76:0/4248109718 (peer_addr_for_me v2:172.21.15.76:0/0)
2024-04-16T13:29:46.102 INFO:teuthology.orchestra.run.smithi076.stdout:/usr/bin/ceph: stderr
2024-04-16T13:29:44.842+0000 7f26c3400700 1 -- 172.21.15.76:0/4248109718 --> [v2:172.21.15.76:3300/0,v1:172.21.15.76:6789/0] -- mon_subscribe({config=0+,monmap=0+}) -- 0x7f26c4108780 con 0x7f26c4107580
