2024-04-16T16:54:27.448+0000 7f603e000700 1 -- 172.21.15.45:0/2646982671 --> [v2:172.21.15.45:3300/0,v1:172.21.15.45:6789/0] -- mon_command({"prefix": "status", "format": "json-pretty"} v 0) -- 0x7f603819fbe0 con 0x7f60381085d0
2024-04-16T16:54:28.182 INFO:teuthology.orchestra.run.smithi045.stdout:/usr/bin/ceph: stderr
2024-04-16T16:54:27.449+0000 7f602fe00700 1 -- 172.21.15.45:0/2646982671 <== mon.0 v2:172.21.15.45:3300/0 7 ==== mon_command_ack([{"prefix": "status", "format": "json-pretty"}]=0 v0) ==== 79+0+1240 (secure 0 0 0) 0x7f6028032030 con 0x7f60381085d0
2024-04-16T16:54:28.182 INFO:teuthology.orchestra.run.smithi045.stdout:/usr/bin/ceph: stderr
2024-04-16T16:54:27.450+0000 7f603e000700 1 -- 172.21.15.45:0/2646982671 >> [v2:172.21.15.45:3300/0,v1:172.21.15.45:6789/0] conn(0x7f60381085d0 msgr2=0x7f603819c550 secure :-1 s=STATE_CONNECTION_ESTABLISHED l=1).mark_down
2024-04-16T16:54:28.182 INFO:teuthology.orchestra.run.smithi045.stdout:/usr/bin/ceph: stderr
2024-04-16T16:54:27.450+0000 7f603e000700 1 --2- 172.21.15.45:0/2646982671 >> [v2:172.21.15.45:3300/0,v1:172.21.15.45:6789/0] conn(0x7f60381085d0 0x7f603819c550 secure :-1 s=READY pgs=10 cs=0 l=1 rev1=1 crypto rx=0x7f6028000c00 tx=0x7f6028011c10 comp rx=0 tx=0).stop
2024-04-16T16:54:28.182 INFO:teuthology.orchestra.run.smithi045.stdout:/usr/bin/ceph: stderr
2024-04-16T16:54:27.450+0000 7f603e000700 1 -- 172.21.15.45:0/2646982671 shutdown_connections
2024-04-16T16:54:28.182 INFO:teuthology.orchestra.run.smithi045.stdout:/usr/bin/ceph: stderr
2024-04-16T16:54:27.450+0000 7f603e000700 1 --2- 172.21.15.45:0/2646982671 >> [v2:172.21.15.45:3300/0,v1:172.21.15.45:6789/0] conn(0x7f60381085d0 0x7f603819c550 unknown :-1 s=CLOSED pgs=10 cs=0 l=1 rev1=1 crypto rx=0 tx=0 comp rx=0 tx=0).stop
2024-04-16T16:54:28.182 INFO:teuthology.orchestra.run.smithi045.stdout:/usr/bin/ceph: stderr
2024-04-16T16:54:27.450+0000 7f603e000700 1 -- 172.21.15.45:0/2646982671 >> 172.21.15.45:0/2646982671 conn(0x7f6038103b90 msgr2=0x7f6038104720 unknown :-1 s=STATE_NONE l=0).mark_down
2024-04-16T16:54:28.182 INFO:teuthology.orchestra.run.smithi045.stdout:/usr/bin/ceph: stderr
2024-04-16T16:54:27.450+0000 7f603e000700 1 -- 172.21.15.45:0/2646982671 shutdown_connections
2024-04-16T16:54:28.182 INFO:teuthology.orchestra.run.smithi045.stdout:/usr/bin/ceph: stderr
2024-04-16T16:54:27.450+0000 7f603e000700 1 -- 172.21.15.45:0/2646982671 wait complete.
2024-04-16T16:54:28.182 INFO:teuthology.orchestra.run.smithi045.stdout:mgr not available, waiting (3/15)...
2024-04-16T16:54:28.978 INFO:journalctl@ceph.mgr.x.smithi045.stdout:Apr 16 16:54:28 smithi045 ceph-b1fecd38-fc11-11ee-bc90-c7b262605968-mgr-x[31905]:
2024-04-16T16:54:28.579+0000 7fd7c2a0d200 -1 mgr[py] Module prometheus has missing NOTIFY_TYPES member
2024-04-16T16:54:28.978 INFO:journalctl@ceph.mgr.x.smithi045.stdout:Apr 16 16:54:28 smithi045 ceph-b1fecd38-fc11-11ee-bc90-c7b262605968-mgr-x[31905]:
2024-04-16T16:54:28.713+0000 7fd7c2a0d200 -1 mgr[py] Module status has missing NOTIFY_TYPES member
2024-04-16T16:54:29.478 INFO:journalctl@ceph.mgr.x.smithi045.stdout:Apr 16 16:54:29 smithi045 ceph-b1fecd38-fc11-11ee-bc90-c7b262605968-mgr-x[31905]:
2024-04-16T16:54:29.007+0000 7fd7c2a0d200 -1 mgr[py] Module nfs has missing NOTIFY_TYPES member
2024-04-16T16:54:29.479 INFO:journalctl@ceph.mon.a.smithi045.stdout:Apr 16 16:54:29 smithi045 ceph-mon[31676]: Activating manager daemon x
2024-04-16T16:54:29.479 INFO:journalctl@ceph.mon.a.smithi045.stdout:Apr 16 16:54:29 smithi045 ceph-mon[31676]: mgrmap e2: x(active, starting, since 0.00993408s)
2024-04-16T16:54:29.479 INFO:journalctl@ceph.mon.a.smithi045.stdout:Apr 16 16:54:29 smithi045 ceph-mon[31676]: from='mgr.14100 172.21.15.45:0/1813451034' entity='mgr.x' cmd=[{"prefix": "mds metadata"}]: dispatch
2024-04-16T16:54:29.479 INFO:journalctl@ceph.mon.a.smithi045.stdout:Apr 16 16:54:29 smithi045 ceph-mon[31676]: from='mgr.14100 172.21.15.45:0/1813451034' entity='mgr.x' cmd=[{"prefix": "osd metadata"}]: dispatch
2024-04-16T16:54:29.479 INFO:journalctl@ceph.mon.a.smithi045.stdout:Apr 16 16:54:29 smithi045 ceph-mon[31676]: from='mgr.14100 172.21.15.45:0/1813451034' entity='mgr.x' cmd=[{"prefix": "mon metadata"}]: dispatch
2024-04-16T16:54:29.479 INFO:journalctl@ceph.mon.a.smithi045.stdout:Apr 16 16:54:29 smithi045 ceph-mon[31676]: from='mgr.14100 172.21.15.45:0/1813451034' entity='mgr.x' cmd=[{"prefix": "mds metadata"}]: dispatch
2024-04-16T16:54:29.479 INFO:journalctl@ceph.mon.a.smithi045.stdout:Apr 16 16:54:29 smithi045 ceph-mon[31676]: from='mgr.14100 172.21.15.45:0/1813451034' entity='mgr.x' cmd=[{"prefix": "osd metadata"}]: dispatch
2024-04-16T16:54:29.479 INFO:journalctl@ceph.mon.a.smithi045.stdout:Apr 16 16:54:29 smithi045 ceph-mon[31676]: from='mgr.14100 172.21.15.45:0/1813451034' entity='mgr.x' cmd=[{"prefix": "mon metadata"}]: dispatch
2024-04-16T16:54:29.480 INFO:journalctl@ceph.mon.a.smithi045.stdout:Apr 16 16:54:29 smithi045 ceph-mon[31676]: from='mgr.14100 172.21.15.45:0/1813451034' entity='mgr.x' cmd=[{"prefix": "mon metadata", "id": "a"}]: dispatch
2024-04-16T16:54:29.480 INFO:journalctl@ceph.mon.a.smithi045.stdout:Apr 16 16:54:29 smithi045 ceph-mon[31676]: from='mgr.14100 172.21.15.45:0/1813451034' entity='mgr.x' cmd=[{"prefix": "mgr metadata", "who": "x", "id": "x"}]: dispatch
2024-04-16T16:54:29.480 INFO:journalctl@ceph.mon.a.smithi045.stdout:Apr 16 16:54:29 smithi045 ceph-mon[31676]: Manager daemon x is now available
2024-04-16T16:54:29.480 INFO:journalctl@ceph.mon.a.smithi045.stdout:Apr 16 16:54:29 smithi045 ceph-mon[31676]: from='mgr.14100 172.21.15.45:0/1813451034' entity='mgr.x' cmd=[{"prefix":"config rm","who":"mgr","name":"mgr/rbd_support/x/mirror_snapshot_schedule"}]: dispatch
2024-04-16T16:54:29.480 INFO:journalctl@ceph.mon.a.smithi045.stdout:Apr 16 16:54:29 smithi045 ceph-mon[31676]: from='mgr.14100 172.21.15.45:0/1813451034' entity='mgr.x' cmd=[{"prefix":"config rm","who":"mgr","name":"mgr/rbd_support/x/trash_purge_schedule"}]: dispatch
2024-04-16T16:54:30.333 INFO:journalctl@ceph.mon.a.smithi045.stdout:Apr 16 16:54:30 smithi045 ceph-mon[31676]: from='mgr.14100 172.21.15.45:0/1813451034' entity='mgr.x'
2024-04-16T16:54:30.334 INFO:journalctl@ceph.mon.a.smithi045.stdout:Apr 16 16:54:30 smithi045 ceph-mon[31676]: from='mgr.14100 172.21.15.45:0/1813451034' entity='mgr.x'
2024-04-16T16:54:30.334 INFO:journalctl@ceph.mon.a.smithi045.stdout:Apr 16 16:54:30 smithi045 ceph-mon[31676]: from='mgr.14100 172.21.15.45:0/1813451034' entity='mgr.x'
2024-04-16T16:54:30.334 INFO:journalctl@ceph.mon.a.smithi045.stdout:Apr 16 16:54:30 smithi045 ceph-mon[31676]: mgrmap e3: x(active, since 1.01894s)
2024-04-16T16:54:31.771 INFO:teuthology.orchestra.run.smithi045.stdout:/usr/bin/ceph: stdout
2024-04-16T16:54:31.771 INFO:teuthology.orchestra.run.smithi045.stdout:/usr/bin/ceph: stdout {
2024-04-16T16:54:31.771 INFO:teuthology.orchestra.run.smithi045.stdout:/usr/bin/ceph: stdout "fsid": "b1fecd38-fc11-11ee-bc90-c7b262605968",
2024-04-16T16:54:31.771 INFO:teuthology.orchestra.run.smithi045.stdout:/usr/bin/ceph: stdout "health": {
2024-04-16T16:54:31.773 INFO:teuthology.orchestra.run.smithi045.stdout:/usr/bin/ceph: stdout "status": "HEALTH_OK",
2024-04-16T16:54:31.773 INFO:teuthology.orchestra.run.smithi045.stdout:/usr/bin/ceph: stdout "checks": {},
2024-04-16T16:54:31.773 INFO:teuthology.orchestra.run.smithi045.stdout:/usr/bin/ceph: stdout "mutes": []
2024-04-16T16:54:31.773 INFO:teuthology.orchestra.run.smithi045.stdout:/usr/bin/ceph: stdout },
2024-04-16T16:54:31.773 INFO:teuthology.orchestra.run.smithi045.stdout:/usr/bin/ceph: stdout "election_epoch": 5,
2024-04-16T16:54:31.773 INFO:teuthology.orchestra.run.smithi045.stdout:/usr/bin/ceph: stdout "quorum": [
2024-04-16T16:54:31.773 INFO:teuthology.orchestra.run.smithi045.stdout:/usr/bin/ceph: stdout 0
2024-04-16T16:54:31.773 INFO:teuthology.orchestra.run.smithi045.stdout:/usr/bin/ceph: stdout ],
2024-04-16T16:54:31.773 INFO:teuthology.orchestra.run.smithi045.stdout:/usr/bin/ceph: stdout "quorum_names": [
2024-04-16T16:54:31.773 INFO:teuthology.orchestra.run.smithi045.stdout:/usr/bin/ceph: stdout "a"
2024-04-16T16:54:31.774 INFO:teuthology.orchestra.run.smithi045.stdout:/usr/bin/ceph: stdout ],
2024-04-16T16:54:31.774 INFO:teuthology.orchestra.run.smithi045.stdout:/usr/bin/ceph: stdout "quorum_age": 17,
2024-04-16T16:54:31.774 INFO:teuthology.orchestra.run.smithi045.stdout:/usr/bin/ceph: stdout "monmap": {
2024-04-16T16:54:31.775 INFO:teuthology.orchestra.run.smithi045.stdout:/usr/bin/ceph: stdout "epoch": 1,
2024-04-16T16:54:31.775 INFO:teuthology.orchestra.run.smithi045.stdout:/usr/bin/ceph: stdout "min_mon_release_name": "squid",
2024-04-16T16:54:31.775 INFO:teuthology.orchestra.run.smithi045.stdout:/usr/bin/ceph: stdout "num_mons": 1
2024-04-16T16:54:31.775 INFO:teuthology.orchestra.run.smithi045.stdout:/usr/bin/ceph: stdout },
2024-04-16T16:54:31.775 INFO:teuthology.orchestra.run.smithi045.stdout:/usr/bin/ceph: stdout "osdmap": {
2024-04-16T16:54:31.775 INFO:teuthology.orchestra.run.smithi045.stdout:/usr/bin/ceph: stdout "epoch": 1,
2024-04-16T16:54:31.776 INFO:teuthology.orchestra.run.smithi045.stdout:/usr/bin/ceph: stdout "num_osds": 0,
2024-04-16T16:54:31.776 INFO:teuthology.orchestra.run.smithi045.stdout:/usr/bin/ceph: stdout "num_up_osds": 0,
2024-04-16T16:54:31.776 INFO:teuthology.orchestra.run.smithi045.stdout:/usr/bin/ceph: stdout "osd_up_since": 0,
2024-04-16T16:54:31.776 INFO:teuthology.orchestra.run.smithi045.stdout:/usr/bin/ceph: stdout "num_in_osds": 0,
2024-04-16T16:54:31.780 INFO:teuthology.orchestra.run.smithi045.stdout:/usr/bin/ceph: stdout "osd_in_since": 0,
2024-04-16T16:54:31.780 INFO:teuthology.orchestra.run.smithi045.stdout:/usr/bin/ceph: stdout "num_remapped_pgs": 0
2024-04-16T16:54:31.780 INFO:teuthology.orchestra.run.smithi045.stdout:/usr/bin/ceph: stdout },
2024-04-16T16:54:31.780 INFO:teuthology.orchestra.run.smithi045.stdout:/usr/bin/ceph: stdout "pgmap": {
2024-04-16T16:54:31.780 INFO:teuthology.orchestra.run.smithi045.stdout:/usr/bin/ceph: stdout "pgs_by_state": [],
2024-04-16T16:54:31.780 INFO:teuthology.orchestra.run.smithi045.stdout:/usr/bin/ceph: stdout "num_pgs": 0,
2024-04-16T16:54:31.781 INFO:teuthology.orchestra.run.smithi045.stdout:/usr/bin/ceph: stdout "num_pools": 0,
2024-04-16T16:54:31.781 INFO:teuthology.orchestra.run.smithi045.stdout:/usr/bin/ceph: stdout "num_objects": 0,
2024-04-16T16:54:31.781 INFO:teuthology.orchestra.run.smithi045.stdout:/usr/bin/ceph: stdout "data_bytes": 0,
2024-04-16T16:54:31.781 INFO:teuthology.orchestra.run.smithi045.stdout:/usr/bin/ceph: stdout "bytes_used": 0,
2024-04-16T16:54:31.781 INFO:teuthology.orchestra.run.smithi045.stdout:/usr/bin/ceph: stdout "bytes_avail": 0,
2024-04-16T16:54:31.781 INFO:teuthology.orchestra.run.smithi045.stdout:/usr/bin/ceph: stdout "bytes_total": 0
2024-04-16T16:54:31.781 INFO:teuthology.orchestra.run.smithi045.stdout:/usr/bin/ceph: stdout },
2024-04-16T16:54:31.781 INFO:teuthology.orchestra.run.smithi045.stdout:/usr/bin/ceph: stdout "fsmap": {
2024-04-16T16:54:31.781 INFO:teuthology.orchestra.run.smithi045.stdout:/usr/bin/ceph: stdout "epoch": 1,
2024-04-16T16:54:31.781 INFO:teuthology.orchestra.run.smithi045.stdout:/usr/bin/ceph: stdout "by_rank": [],
2024-04-16T16:54:31.781 INFO:teuthology.orchestra.run.smithi045.stdout:/usr/bin/ceph: stdout "up:standby": 0
2024-04-16T16:54:31.781 INFO:teuthology.orchestra.run.smithi045.stdout:/usr/bin/ceph: stdout },
2024-04-16T16:54:31.782 INFO:teuthology.orchestra.run.smithi045.stdout:/usr/bin/ceph: stdout "mgrmap": {
2024-04-16T16:54:31.782 INFO:teuthology.orchestra.run.smithi045.stdout:/usr/bin/ceph: stdout "available": true,
2024-04-16T16:54:31.782 INFO:teuthology.orchestra.run.smithi045.stdout:/usr/bin/ceph: stdout "num_standbys": 0,
2024-04-16T16:54:31.782 INFO:teuthology.orchestra.run.smithi045.stdout:/usr/bin/ceph: stdout "modules": [
2024-04-16T16:54:31.782 INFO:teuthology.orchestra.run.smithi045.stdout:/usr/bin/ceph: stdout "iostat",
2024-04-16T16:54:31.782 INFO:teuthology.orchestra.run.smithi045.stdout:/usr/bin/ceph: stdout "nfs",
2024-04-16T16:54:31.782 INFO:teuthology.orchestra.run.smithi045.stdout:/usr/bin/ceph: stdout "restful"
2024-04-16T16:54:31.782 INFO:teuthology.orchestra.run.smithi045.stdout:/usr/bin/ceph: stdout ],
2024-04-16T16:54:31.782 INFO:teuthology.orchestra.run.smithi045.stdout:/usr/bin/ceph: stdout "services": {}
2024-04-16T16:54:31.782 INFO:teuthology.orchestra.run.smithi045.stdout:/usr/bin/ceph: stdout },
2024-04-16T16:54:31.782 INFO:teuthology.orchestra.run.smithi045.stdout:/usr/bin/ceph: stdout "servicemap": {
2024-04-16T16:54:31.783 INFO:teuthology.orchestra.run.smithi045.stdout:/usr/bin/ceph: stdout "epoch": 1,
2024-04-16T16:54:31.783 INFO:teuthology.orchestra.run.smithi045.stdout:/usr/bin/ceph: stdout "modified": "2024-04-16T16:54:02.386471+0000",
2024-04-16T16:54:31.783 INFO:teuthology.orchestra.run.smithi045.stdout:/usr/bin/ceph: stdout "services": {}
2024-04-16T16:54:31.783 INFO:teuthology.orchestra.run.smithi045.stdout:/usr/bin/ceph: stdout },
2024-04-16T16:54:31.783 INFO:teuthology.orchestra.run.smithi045.stdout:/usr/bin/ceph: stdout "progress_events": {}
2024-04-16T16:54:31.783 INFO:teuthology.orchestra.run.smithi045.stdout:/usr/bin/ceph: stdout }
2024-04-16T16:54:31.783 INFO:teuthology.orchestra.run.smithi045.stdout:/usr/bin/ceph: stderr
2024-04-16T16:54:30.766+0000 7f217c200700 1 Processor -- start
2024-04-16T16:54:31.783 INFO:teuthology.orchestra.run.smithi045.stdout:/usr/bin/ceph: stderr
2024-04-16T16:54:30.767+0000 7f217c200700 1 -- start start
2024-04-16T16:54:31.783 INFO:teuthology.orchestra.run.smithi045.stdout:/usr/bin/ceph: stderr
2024-04-16T16:54:30.767+0000 7f217c200700 1 --2- >> [v2:172.21.15.45:3300/0,v1:172.21.15.45:6789/0] conn(0x7f217407de30 0x7f217407c2e0 unknown :-1 s=NONE pgs=0 cs=0 l=0 rev1=0 crypto rx=0 tx=0 comp rx=0 tx=0).connect
2024-04-16T16:54:31.783 INFO:teuthology.orchestra.run.smithi045.stdout:/usr/bin/ceph: stderr
2024-04-16T16:54:30.767+0000 7f217c200700 1 -- --> [v2:172.21.15.45:3300/0,v1:172.21.15.45:6789/0] -- mon_getmap magic: 0 -- 0x7f217407c820 con 0x7f217407de30
2024-04-16T16:54:31.783 INFO:teuthology.orchestra.run.smithi045.stdout:/usr/bin/ceph: stderr
2024-04-16T16:54:30.768+0000 7f2179800700 1 --2- >> [v2:172.21.15.45:3300/0,v1:172.21.15.45:6789/0] conn(0x7f217407de30 0x7f217407c2e0 unknown :-1 s=BANNER_CONNECTING pgs=0 cs=0 l=0 rev1=0 crypto rx=0 tx=0 comp rx=0 tx=0)._handle_peer_banner_payload supported=3 required=0
2024-04-16T16:54:31.783 INFO:teuthology.orchestra.run.smithi045.stdout:/usr/bin/ceph: stderr
2024-04-16T16:54:30.768+0000 7f2179800700 1 --2- >> [v2:172.21.15.45:3300/0,v1:172.21.15.45:6789/0] conn(0x7f217407de30 0x7f217407c2e0 unknown :-1 s=HELLO_CONNECTING pgs=0 cs=0 l=0 rev1=1 crypto rx=0 tx=0 comp rx=0 tx=0).handle_hello peer v2:172.21.15.45:3300/0 says I am v2:172.21.15.45:49264/0 (socket says 172.21.15.45:49264)
2024-04-16T16:54:31.788 INFO:teuthology.orchestra.run.smithi045.stdout:/usr/bin/ceph: stderr
2024-04-16T16:54:30.768+0000 7f2179800700 1 -- 172.21.15.45:0/1686984932 learned_addr learned my addr 172.21.15.45:0/1686984932 (peer_addr_for_me v2:172.21.15.45:0/0)
2024-04-16T16:54:31.788 INFO:teuthology.orchestra.run.smithi045.stdout:/usr/bin/ceph: stderr
2024-04-16T16:54:30.768+0000 7f2179800700 1 -- 172.21.15.45:0/1686984932 --> [v2:172.21.15.45:3300/0,v1:172.21.15.45:6789/0] -- mon_subscribe({config=0+,monmap=0+}) -- 0x7f217407c9a0 con 0x7f217407de30
2024-04-16T16:54:31.788 INFO:teuthology.orchestra.run.smithi045.stdout:/usr/bin/ceph: stderr
2024-04-16T16:54:30.769+0000 7f2179800700 1 --2- 172.21.15.45:0/1686984932 >> [v2:172.21.15.45:3300/0,v1:172.21.15.45:6789/0] conn(0x7f217407de30 0x7f217407c2e0 secure :-1 s=READY pgs=18 cs=0 l=1 rev1=1 crypto rx=0x7f21680098a0 tx=0x7f2168009bb0 comp rx=0 tx=0).ready entity=mon.0 client_cookie=3206f5a385b66260 server_cookie=0 in_seq=0 out_seq=0
2024-04-16T16:54:31.789 INFO:teuthology.orchestra.run.smithi045.stdout:/usr/bin/ceph: stderr
2024-04-16T16:54:30.769+0000 7f2173e00700 1 -- 172.21.15.45:0/1686984932 <== mon.0 v2:172.21.15.45:3300/0 1 ==== mon_map magic: 0 ==== 205+0+0 (secure 0 0 0) 0x7f2168004160 con 0x7f217407de30
2024-04-16T16:54:31.789 INFO:teuthology.orchestra.run.smithi045.stdout:/usr/bin/ceph: stderr
2024-04-16T16:54:30.769+0000 7f2173e00700 1 -- 172.21.15.45:0/1686984932 <== mon.0 v2:172.21.15.45:3300/0 2 ==== config(27 keys) ==== 1109+0+0 (secure 0 0 0) 0x7f2168004300 con 0x7f217407de30
2024-04-16T16:54:31.789 INFO:teuthology.orchestra.run.smithi045.stdout:/usr/bin/ceph: stderr
2024-04-16T16:54:30.769+0000 7f2173e00700 1 -- 172.21.15.45:0/1686984932 <== mon.0 v2:172.21.15.45:3300/0 3 ==== mon_map magic: 0 ==== 205+0+0 (secure 0 0 0) 0x7f2168011b50 con 0x7f217407de30
2024-04-16T16:54:31.789 INFO:teuthology.orchestra.run.smithi045.stdout:/usr/bin/ceph: stderr
2024-04-16T16:54:30.770+0000 7f217c200700 1 -- 172.21.15.45:0/1686984932 >> [v2:172.21.15.45:3300/0,v1:172.21.15.45:6789/0] conn(0x7f217407de30 msgr2=0x7f217407c2e0 secure :-1 s=STATE_CONNECTION_ESTABLISHED l=1).mark_down
2024-04-16T16:54:31.789 INFO:teuthology.orchestra.run.smithi045.stdout:/usr/bin/ceph: stderr
2024-04-16T16:54:30.770+0000 7f217c200700 1 --2- 172.21.15.45:0/1686984932 >> [v2:172.21.15.45:3300/0,v1:172.21.15.45:6789/0] conn(0x7f217407de30 0x7f217407c2e0 secure :-1 s=READY pgs=18 cs=0 l=1 rev1=1 crypto rx=0x7f21680098a0 tx=0x7f2168009bb0 comp rx=0 tx=0).stop
2024-04-16T16:54:31.789 INFO:teuthology.orchestra.run.smithi045.stdout:/usr/bin/ceph: stderr
2024-04-16T16:54:30.770+0000 7f217c200700 1 -- 172.21.15.45:0/1686984932 shutdown_connections
2024-04-16T16:54:31.789 INFO:teuthology.orchestra.run.smithi045.stdout:/usr/bin/ceph: stderr
2024-04-16T16:54:30.770+0000 7f217c200700 1 --2- 172.21.15.45:0/1686984932 >> [v2:172.21.15.45:3300/0,v1:172.21.15.45:6789/0] conn(0x7f217407de30 0x7f217407c2e0 unknown :-1 s=CLOSED pgs=18 cs=0 l=1 rev1=1 crypto rx=0 tx=0 comp rx=0 tx=0).stop
2024-04-16T16:54:31.789 INFO:teuthology.orchestra.run.smithi045.stdout:/usr/bin/ceph: stderr
2024-04-16T16:54:30.770+0000 7f217c200700 1 -- 172.21.15.45:0/1686984932 >> 172.21.15.45:0/1686984932 conn(0x7f2174103b90 msgr2=0x7f2174105fb0 unknown :-1 s=STATE_NONE l=0).mark_down
2024-04-16T16:54:31.789 INFO:teuthology.orchestra.run.smithi045.stdout:/usr/bin/ceph: stderr
2024-04-16T16:54:30.770+0000 7f217c200700 1 -- 172.21.15.45:0/1686984932 shutdown_connections
2024-04-16T16:54:31.789 INFO:teuthology.orchestra.run.smithi045.stdout:/usr/bin/ceph: stderr
2024-04-16T16:54:30.770+0000 7f217c200700 1 -- 172.21.15.45:0/1686984932 wait complete.
2024-04-16T16:54:31.789 INFO:teuthology.orchestra.run.smithi045.stdout:/usr/bin/ceph: stderr
2024-04-16T16:54:30.771+0000 7f217c200700 1 Processor -- start
2024-04-16T16:54:31.789 INFO:teuthology.orchestra.run.smithi045.stdout:/usr/bin/ceph: stderr
2024-04-16T16:54:30.771+0000 7f217c200700 1 -- start start
2024-04-16T16:54:31.790 INFO:teuthology.orchestra.run.smithi045.stdout:/usr/bin/ceph: stderr
2024-04-16T16:54:30.771+0000 7f217c200700 1 --2- >> [v2:172.21.15.45:3300/0,v1:172.21.15.45:6789/0] conn(0x7f217407de30 0x7f217419e730 unknown :-1 s=NONE pgs=0 cs=0 l=1 rev1=0 crypto rx=0 tx=0 comp rx=0 tx=0).connect
2024-04-16T16:54:31.790 INFO:teuthology.orchestra.run.smithi045.stdout:/usr/bin/ceph: stderr
2024-04-16T16:54:30.771+0000 7f217c200700 1 -- --> [v2:172.21.15.45:3300/0,v1:172.21.15.45:6789/0] -- mon_getmap magic: 0 -- 0x7f217410eba0 con 0x7f217407de30
2024-04-16T16:54:31.790 INFO:teuthology.orchestra.run.smithi045.stdout:/usr/bin/ceph: stderr
2024-04-16T16:54:30.772+0000 7f2179800700 1 --2- >> [v2:172.21.15.45:3300/0,v1:172.21.15.45:6789/0] conn(0x7f217407de30 0x7f217419e730 unknown :-1 s=BANNER_CONNECTING pgs=0 cs=0 l=1 rev1=0 crypto rx=0 tx=0 comp rx=0 tx=0)._handle_peer_banner_payload supported=3 required=0
2024-04-16T16:54:31.790 INFO:teuthology.orchestra.run.smithi045.stdout:/usr/bin/ceph: stderr
2024-04-16T16:54:30.772+0000 7f2179800700 1 --2- >> [v2:172.21.15.45:3300/0,v1:172.21.15.45:6789/0] conn(0x7f217407de30 0x7f217419e730 unknown :-1 s=HELLO_CONNECTING pgs=0 cs=0 l=1 rev1=1 crypto rx=0 tx=0 comp rx=0 tx=0).handle_hello peer v2:172.21.15.45:3300/0 says I am v2:172.21.15.45:49280/0 (socket says 172.21.15.45:49280)
2024-04-16T16:54:31.790 INFO:teuthology.orchestra.run.smithi045.stdout:/usr/bin/ceph: stderr
2024-04-16T16:54:30.772+0000 7f2179800700 1 -- 172.21.15.45:0/3373300771 learned_addr learned my addr 172.21.15.45:0/3373300771 (peer_addr_for_me v2:172.21.15.45:0/0)
2024-04-16T16:54:31.790 INFO:teuthology.orchestra.run.smithi045.stdout:/usr/bin/ceph: stderr
2024-04-16T16:54:30.772+0000 7f2179800700 1 -- 172.21.15.45:0/3373300771 --> [v2:172.21.15.45:3300/0,v1:172.21.15.45:6789/0] -- mon_subscribe({config=0+,monmap=0+}) -- 0x7f217419ec70 con 0x7f217407de30
2024-04-16T16:54:31.790 INFO:teuthology.orchestra.run.smithi045.stdout:/usr/bin/ceph: stderr
2024-04-16T16:54:30.772+0000 7f2179800700 1 --2- 172.21.15.45:0/3373300771 >> [v2:172.21.15.45:3300/0,v1:172.21.15.45:6789/0] conn(0x7f217407de30 0x7f217419e730 secure :-1 s=READY pgs=19 cs=0 l=1 rev1=1 crypto rx=0x7f2168011670 tx=0x7f2168011b60 comp rx=0 tx=0).ready entity=mon.0 client_cookie=0 server_cookie=0 in_seq=0 out_seq=0
2024-04-16T16:54:31.790 INFO:teuthology.orchestra.run.smithi045.stdout:/usr/bin/ceph: stderr
2024-04-16T16:54:30.773+0000 7f2172000700 1 -- 172.21.15.45:0/3373300771 <== mon.0 v2:172.21.15.45:3300/0 1 ==== mon_map magic: 0 ==== 205+0+0 (secure 0 0 0) 0x7f21680039c0 con 0x7f217407de30
2024-04-16T16:54:31.790 INFO:teuthology.orchestra.run.smithi045.stdout:/usr/bin/ceph: stderr
2024-04-16T16:54:30.773+0000 7f2172000700 1 -- 172.21.15.45:0/3373300771 <== mon.0 v2:172.21.15.45:3300/0 2 ==== config(27 keys) ==== 1109+0+0 (secure 0 0 0) 0x7f2168011e50 con 0x7f217407de30
2024-04-16T16:54:31.790 INFO:teuthology.orchestra.run.smithi045.stdout:/usr/bin/ceph: stderr
2024-04-16T16:54:30.773+0000 7f217c200700 1 -- 172.21.15.45:0/3373300771 --> [v2:172.21.15.45:3300/0,v1:172.21.15.45:6789/0] -- mon_subscribe({mgrmap=0+}) -- 0x7f217419ef00 con 0x7f217407de30
2024-04-16T16:54:31.790 INFO:teuthology.orchestra.run.smithi045.stdout:/usr/bin/ceph: stderr
2024-04-16T16:54:30.773+0000 7f2172000700 1 -- 172.21.15.45:0/3373300771 <== mon.0 v2:172.21.15.45:3300/0 3 ==== mon_map magic: 0 ==== 205+0+0 (secure 0 0 0) 0x7f216801a5c0 con 0x7f217407de30
2024-04-16T16:54:31.790 INFO:teuthology.orchestra.run.smithi045.stdout:/usr/bin/ceph: stderr
2024-04-16T16:54:30.773+0000 7f217c200700 1 -- 172.21.15.45:0/3373300771 --> [v2:172.21.15.45:3300/0,v1:172.21.15.45:6789/0] -- mon_subscribe({osdmap=0}) -- 0x7f21741a1bf0 con 0x7f217407de30
2024-04-16T16:54:31.790 INFO:teuthology.orchestra.run.smithi045.stdout:/usr/bin/ceph: stderr
2024-04-16T16:54:30.774+0000 7f2172000700 1 -- 172.21.15.45:0/3373300771 <== mon.0 v2:172.21.15.45:3300/0 4 ==== mgrmap(e 3) ==== 46441+0+0 (secure 0 0 0) 0x7f2168024430 con 0x7f217407de30
2024-04-16T16:54:31.790 INFO:teuthology.orchestra.run.smithi045.stdout:/usr/bin/ceph: stderr
2024-04-16T16:54:30.774+0000 7f217c200700 1 -- 172.21.15.45:0/3373300771 --> [v2:172.21.15.45:3300/0,v1:172.21.15.45:6789/0] -- mon_command({"prefix": "get_command_descriptions"} v 0) -- 0x7f2174064150 con 0x7f217407de30
2024-04-16T16:54:31.791 INFO:teuthology.orchestra.run.smithi045.stdout:/usr/bin/ceph: stderr
2024-04-16T16:54:30.775+0000 7f2172000700 1 --2- 172.21.15.45:0/3373300771 >> [v2:172.21.15.45:6800/2553659622,v1:172.21.15.45:6801/2553659622] conn(0x7f215c039450 0x7f215c03b910 unknown :-1 s=NONE pgs=0 cs=0 l=1 rev1=0 crypto rx=0 tx=0 comp rx=0 tx=0).connect
2024-04-16T16:54:31.791 INFO:teuthology.orchestra.run.smithi045.stdout:/usr/bin/ceph: stderr
2024-04-16T16:54:30.775+0000 7f2172000700 1 -- 172.21.15.45:0/3373300771 <== mon.0 v2:172.21.15.45:3300/0 5 ==== osd_map(1..1 src has 1..1) ==== 725+0+0 (secure 0 0 0) 0x7f216804d780 con 0x7f217407de30
2024-04-16T16:54:31.791 INFO:teuthology.orchestra.run.smithi045.stdout:/usr/bin/ceph: stderr
2024-04-16T16:54:30.775+0000 7f2178e00700 1 --2- 172.21.15.45:0/3373300771 >> [v2:172.21.15.45:6800/2553659622,v1:172.21.15.45:6801/2553659622] conn(0x7f215c039450 0x7f215c03b910 unknown :-1 s=BANNER_CONNECTING pgs=0 cs=0 l=1 rev1=0 crypto rx=0 tx=0 comp rx=0 tx=0)._handle_peer_banner_payload supported=3 required=0
2024-04-16T16:54:31.791 INFO:teuthology.orchestra.run.smithi045.stdout:/usr/bin/ceph: stderr
2024-04-16T16:54:30.776+0000 7f2178e00700 1 --2- 172.21.15.45:0/3373300771 >> [v2:172.21.15.45:6800/2553659622,v1:172.21.15.45:6801/2553659622] conn(0x7f215c039450 0x7f215c03b910 secure :-1 s=READY pgs=6 cs=0 l=1 rev1=1 crypto rx=0x7f2160006fd0 tx=0x7f2160006e40 comp rx=0 tx=0).ready entity=mgr.14100 client_cookie=0 server_cookie=0 in_seq=0 out_seq=0
2024-04-16T16:54:31.791 INFO:teuthology.orchestra.run.smithi045.stdout:/usr/bin/ceph: stderr
2024-04-16T16:54:30.782+0000 7f2172000700 1 -- 172.21.15.45:0/3373300771 <== mon.0 v2:172.21.15.45:3300/0 6 ==== mon_command_ack([{"prefix": "get_command_descriptions"}]=0 v0) ==== 72+0+188370 (secure 0 0 0) 0x7f216802d3f0 con 0x7f217407de30
2024-04-16T16:54:31.791 INFO:teuthology.orchestra.run.smithi045.stdout:/usr/bin/ceph: stderr
2024-04-16T16:54:31.070+0000 7f2172000700 1 -- 172.21.15.45:0/3373300771 <== mon.0 v2:172.21.15.45:3300/0 7 ==== mgrmap(e 4) ==== 46547+0+0 (secure 0 0 0) 0x7f2168024720 con 0x7f217407de30
2024-04-16T16:54:31.791 INFO:teuthology.orchestra.run.smithi045.stdout:/usr/bin/ceph: stderr
2024-04-16T16:54:31.102+0000 7f217c200700 1 -- 172.21.15.45:0/3373300771 --> [v2:172.21.15.45:3300/0,v1:172.21.15.45:6789/0] -- mon_command({"prefix": "status", "format": "json-pretty"} v 0) -- 0x7f21741a1dc0 con 0x7f217407de30
2024-04-16T16:54:31.791 INFO:teuthology.orchestra.run.smithi045.stdout:/usr/bin/ceph: stderr
2024-04-16T16:54:31.103+0000 7f2172000700 1 -- 172.21.15.45:0/3373300771 <== mon.0 v2:172.21.15.45:3300/0 8 ==== mon_command_ack([{"prefix": "status", "format": "json-pretty"}]=0 v0) ==== 79+0+1239 (secure 0 0 0) 0x7f2168020e70 con 0x7f217407de30
2024-04-16T16:54:31.791 INFO:teuthology.orchestra.run.smithi045.stdout:/usr/bin/ceph: stderr
2024-04-16T16:54:31.106+0000 7f217c200700 1 -- 172.21.15.45:0/3373300771 >> [v2:172.21.15.45:6800/2553659622,v1:172.21.15.45:6801/2553659622] conn(0x7f215c039450 msgr2=0x7f215c03b910 secure :-1 s=STATE_CONNECTION_ESTABLISHED l=1).mark_down
2024-04-16T16:54:31.791 INFO:teuthology.orchestra.run.smithi045.stdout:/usr/bin/ceph: stderr
2024-04-16T16:54:31.106+0000 7f217c200700 1 --2- 172.21.15.45:0/3373300771 >> [v2:172.21.15.45:6800/2553659622,v1:172.21.15.45:6801/2553659622] conn(0x7f215c039450 0x7f215c03b910 secure :-1 s=READY pgs=6 cs=0 l=1 rev1=1 crypto rx=0x7f2160006fd0 tx=0x7f2160006e40 comp rx=0 tx=0).stop
2024-04-16T16:54:31.791 INFO:teuthology.orchestra.run.smithi045.stdout:/usr/bin/ceph: stderr
2024-04-16T16:54:31.106+0000 7f217c200700 1 -- 172.21.15.45:0/3373300771 >> [v2:172.21.15.45:3300/0,v1:172.21.15.45:6789/0] conn(0x7f217407de30 msgr2=0x7f217419e730 secure :-1 s=STATE_CONNECTION_ESTABLISHED l=1).mark_down
2024-04-16T16:54:31.791 INFO:teuthology.orchestra.run.smithi045.stdout:/usr/bin/ceph: stderr
2024-04-16T16:54:31.106+0000 7f217c200700 1 --2- 172.21.15.45:0/3373300771 >> [v2:172.21.15.45:3300/0,v1:172.21.15.45:6789/0] conn(0x7f217407de30 0x7f217419e730 secure :-1 s=READY pgs=19 cs=0 l=1 rev1=1 crypto rx=0x7f2168011670 tx=0x7f2168011b60 comp rx=0 tx=0).stop
2024-04-16T16:54:31.791 INFO:teuthology.orchestra.run.smithi045.stdout:/usr/bin/ceph: stderr
2024-04-16T16:54:31.106+0000 7f217c200700 1 -- 172.21.15.45:0/3373300771 shutdown_connections
2024-04-16T16:54:31.791 INFO:teuthology.orchestra.run.smithi045.stdout:/usr/bin/ceph: stderr
2024-04-16T16:54:31.106+0000 7f217c200700 1 --2- 172.21.15.45:0/3373300771 >> [v2:172.21.15.45:6800/2553659622,v1:172.21.15.45:6801/2553659622] conn(0x7f215c039450 0x7f215c03b910 unknown :-1 s=CLOSED pgs=6 cs=0 l=1 rev1=1 crypto rx=0 tx=0 comp rx=0 tx=0).stop
2024-04-16T16:54:31.791 INFO:teuthology.orchestra.run.smithi045.stdout:/usr/bin/ceph: stderr
2024-04-16T16:54:31.106+0000 7f217c200700 1 --2- 172.21.15.45:0/3373300771 >> [v2:172.21.15.45:3300/0,v1:172.21.15.45:6789/0] conn(0x7f217407de30 0x7f217419e730 unknown :-1 s=CLOSED pgs=19 cs=0 l=1 rev1=1 crypto rx=0 tx=0 comp rx=0 tx=0).stop
2024-04-16T16:54:31.792 INFO:teuthology.orchestra.run.smithi045.stdout:/usr/bin/ceph: stderr
2024-04-16T16:54:31.106+0000 7f217c200700 1 -- 172.21.15.45:0/3373300771 >> 172.21.15.45:0/3373300771 conn(0x7f2174103b90 msgr2=0x7f2174104720 unknown :-1 s=STATE_NONE l=0).mark_down
2024-04-16T16:54:31.792 INFO:teuthology.orchestra.run.smithi045.stdout:/usr/bin/ceph: stderr
2024-04-16T16:54:31.106+0000 7f217c200700 1 -- 172.21.15.45:0/3373300771 shutdown_connections
2024-04-16T16:54:31.792 INFO:teuthology.orchestra.run.smithi045.stdout:/usr/bin/ceph: stderr
2024-04-16T16:54:31.106+0000 7f217c200700 1 -- 172.21.15.45:0/3373300771 wait complete.
2024-04-16T16:54:31.792 INFO:teuthology.orchestra.run.smithi045.stdout:mgr is available
2024-04-16T16:54:32.341 INFO:journalctl@ceph.mon.a.smithi045.stdout:Apr 16 16:54:32 smithi045 ceph-mon[31676]: mgrmap e4: x(active, since 2s)
2024-04-16T16:54:32.341 INFO:journalctl@ceph.mon.a.smithi045.stdout:Apr 16 16:54:32 smithi045 ceph-mon[31676]: from='client.? 172.21.15.45:0/3373300771' entity='client.admin' cmd=[{"prefix": "status", "format": "json-pretty"}]: dispatch
2024-04-16T16:54:33.427 INFO:journalctl@ceph.mon.a.smithi045.stdout:Apr 16 16:54:33 smithi045 ceph-mon[31676]: from='client.? 172.21.15.45:0/1115639751' entity='client.admin' cmd=[{"prefix": "config assimilate-conf"}]: dispatch
2024-04-16T16:54:33.446 INFO:teuthology.orchestra.run.smithi045.stdout:/usr/bin/ceph: stdout
2024-04-16T16:54:33.446 INFO:teuthology.orchestra.run.smithi045.stdout:/usr/bin/ceph: stdout [global]
2024-04-16T16:54:33.446 INFO:teuthology.orchestra.run.smithi045.stdout:/usr/bin/ceph: stdout fsid = b1fecd38-fc11-11ee-bc90-c7b262605968
2024-04-16T16:54:33.446 INFO:teuthology.orchestra.run.smithi045.stdout:/usr/bin/ceph: stdout mon_osd_allow_pg_remap = true
2024-04-16T16:54:33.446 INFO:teuthology.orchestra.run.smithi045.stdout:/usr/bin/ceph: stdout mon_osd_allow_primary_affinity = true
2024-04-16T16:54:33.447 INFO:teuthology.orchestra.run.smithi045.stdout:/usr/bin/ceph: stdout mon_warn_on_no_sortbitwise = false
2024-04-16T16:54:33.447 INFO:teuthology.orchestra.run.smithi045.stdout:/usr/bin/ceph: stdout osd_crush_chooseleaf_type = 0
2024-04-16T16:54:33.447 INFO:teuthology.orchestra.run.smithi045.stdout:/usr/bin/ceph: stdout
2024-04-16T16:54:33.447 INFO:teuthology.orchestra.run.smithi045.stdout:/usr/bin/ceph: stdout [mgr]
2024-04-16T16:54:33.447 INFO:teuthology.orchestra.run.smithi045.stdout:/usr/bin/ceph: stdout mgr/telemetry/nag = false
2024-04-16T16:54:33.447 INFO:teuthology.orchestra.run.smithi045.stdout:/usr/bin/ceph: stdout
2024-04-16T16:54:33.447 INFO:teuthology.orchestra.run.smithi045.stdout:/usr/bin/ceph: stdout [osd]
2024-04-16T16:54:33.447 INFO:teuthology.orchestra.run.smithi045.stdout:/usr/bin/ceph: stdout mon_osd_backfillfull_ratio = 0.85
2024-04-16T16:54:33.447 INFO:teuthology.orchestra.run.smithi045.stdout:/usr/bin/ceph: stdout mon_osd_full_ratio = 0.9
2024-04-16T16:54:33.447 INFO:teuthology.orchestra.run.smithi045.stdout:/usr/bin/ceph: stdout mon_osd_nearfull_ratio = 0.8
2024-04-16T16:54:33.447 INFO:teuthology.orchestra.run.smithi045.stdout:/usr/bin/ceph: stdout osd_map_max_advance = 10
2024-04-16T16:54:33.447 INFO:teuthology.orchestra.run.smithi045.stdout:/usr/bin/ceph: stdout osd_sloppy_crc = true
2024-04-16T16:54:33.447 INFO:teuthology.orchestra.run.smithi045.stdout:/usr/bin/ceph: stderr
2024-04-16T16:54:32.426+0000 7fbc93200700 1 Processor -- start
2024-04-16T16:54:33.447 INFO:teuthology.orchestra.run.smithi045.stdout:/usr/bin/ceph: stderr
2024-04-16T16:54:32.426+0000 7fbc93200700 1 -- start start
2024-04-16T16:54:33.447 INFO:teuthology.orchestra.run.smithi045.stdout:/usr/bin/ceph: stderr
2024-04-16T16:54:32.426+0000 7fbc93200700 1 --2- >> [v2:172.21.15.45:3300/0,v1:172.21.15.45:6789/0] conn(0x7fbc8c10f060 0x7fbc8c10f480 unknown :-1 s=NONE pgs=0 cs=0 l=0 rev1=0 crypto rx=0 tx=0 comp rx=0 tx=0).connect
2024-04-16T16:54:33.448 INFO:teuthology.orchestra.run.smithi045.stdout:/usr/bin/ceph: stderr
2024-04-16T16:54:32.426+0000 7fbc93200700 1 -- --> [v2:172.21.15.45:3300/0,v1:172.21.15.45:6789/0] -- mon_getmap magic: 0 -- 0x7fbc8c10fa50 con 0x7fbc8c10f060
2024-04-16T16:54:33.448 INFO:teuthology.orchestra.run.smithi045.stdout:/usr/bin/ceph: stderr
2024-04-16T16:54:32.427+0000 7fbc8be00700 1 --2- >> [v2:172.21.15.45:3300/0,v1:172.21.15.45:6789/0] conn(0x7fbc8c10f060 0x7fbc8c10f480 unknown :-1 s=BANNER_CONNECTING pgs=0 cs=0 l=0 rev1=0 crypto rx=0 tx=0 comp rx=0 tx=0)._handle_peer_banner_payload supported=3 required=0
2024-04-16T16:54:33.448 INFO:teuthology.orchestra.run.smithi045.stdout:/usr/bin/ceph: stderr
2024-04-16T16:54:32.427+0000 7fbc8be00700 1 --2- >> [v2:172.21.15.45:3300/0,v1:172.21.15.45:6789/0] conn(0x7fbc8c10f060 0x7fbc8c10f480 unknown :-1 s=HELLO_CONNECTING pgs=0 cs=0 l=0 rev1=1 crypto rx=0 tx=0 comp rx=0 tx=0).handle_hello peer v2:172.21.15.45:3300/0 says I am v2:172.21.15.45:49282/0 (socket says 172.21.15.45:49282)
2024-04-16T16:54:33.448 INFO:teuthology.orchestra.run.smithi045.stdout:/usr/bin/ceph: stderr
2024-04-16T16:54:32.427+0000 7fbc8be00700 1 -- 172.21.15.45:0/1346461276 learned_addr learned my addr 172.21.15.45:0/1346461276 (peer_addr_for_me v2:172.21.15.45:0/0)
2024-04-16T16:54:33.448 INFO:teuthology.orchestra.run.smithi045.stdout:/usr/bin/ceph: stderr
2024-04-16T16:54:32.427+0000 7fbc8be00700 1 -- 172.21.15.45:0/1346461276 --> [v2:172.21.15.45:3300/0,v1:172.21.15.45:6789/0] -- mon_subscribe({config=0+,monmap=0+}) -- 0x7fbc8c10fde0 con 0x7fbc8c10f060
2024-04-16T16:54:33.448 INFO:teuthology.orchestra.run.smithi045.stdout:/usr/bin/ceph: stderr
2024-04-16T16:54:32.428+0000 7fbc8be00700 1 --2- 172.21.15.45:0/1346461276 >> [v2:172.21.15.45:3300/0,v1:172.21.15.45:6789/0] conn(0x7fbc8c10f060 0x7fbc8c10f480 secure :-1 s=READY pgs=20 cs=0 l=1 rev1=1 crypto rx=0x7fbc7c0098a0 tx=0x7fbc7c009bb0 comp rx=0 tx=0).ready entity=mon.0 client_cookie=cf11cbeb7681d977 server_cookie=0 in_seq=0 out_seq=0
2024-04-16T16:54:33.448 INFO:teuthology.orchestra.run.smithi045.stdout:/usr/bin/ceph: stderr
2024-04-16T16:54:32.428+0000 7fbc8aa00700 1 -- 172.21.15.45:0/1346461276 <== mon.0 v2:172.21.15.45:3300/0 1 ==== mon_map magic: 0 ==== 205+0+0 (secure 0 0 0) 0x7fbc7c004160 con 0x7fbc8c10f060
2024-04-16T16:54:33.448 INFO:teuthology.orchestra.run.smithi045.stdout:/usr/bin/ceph: stderr
2024-04-16T16:54:32.428+0000 7fbc8aa00700 1 -- 172.21.15.45:0/1346461276 <== mon.0 v2:172.21.15.45:3300/0 2 ==== config(27 keys) ==== 1109+0+0 (secure 0 0 0) 0x7fbc7c004300 con 0x7fbc8c10f060
2024-04-16T16:54:33.448 INFO:teuthology.orchestra.run.smithi045.stdout:/usr/bin/ceph: stderr
2024-04-16T16:54:32.428+0000 7fbc8aa00700 1 -- 172.21.15.45:0/1346461276 <== mon.0 v2:172.21.15.45:3300/0 3 ==== mon_map magic: 0 ==== 205+0+0 (secure 0 0 0) 0x7fbc7c011b50 con 0x7fbc8c10f060
2024-04-16T16:54:33.448 INFO:teuthology.orchestra.run.smithi045.stdout:/usr/bin/ceph: stderr
2024-04-16T16:54:32.429+0000 7fbc93200700 1 -- 172.21.15.45:0/1346461276 >> [v2:172.21.15.45:3300/0,v1:172.21.15.45:6789/0] conn(0x7fbc8c10f060 msgr2=0x7fbc8c10f480 secure :-1 s=STATE_CONNECTION_ESTABLISHED l=1).mark_down
2024-04-16T16:54:33.448 INFO:teuthology.orchestra.run.smithi045.stdout:/usr/bin/ceph: stderr
2024-04-16T16:54:32.429+0000 7fbc93200700 1 --2- 172.21.15.45:0/1346461276 >> [v2:172.21.15.45:3300/0,v1:172.21.15.45:6789/0] conn(0x7fbc8c10f060 0x7fbc8c10f480 secure :-1 s=READY pgs=20 cs=0 l=1 rev1=1 crypto rx=0x7fbc7c0098a0 tx=0x7fbc7c009bb0 comp rx=0 tx=0).stop
2024-04-16T16:54:33.448 INFO:teuthology.orchestra.run.smithi045.stdout:/usr/bin/ceph: stderr
2024-04-16T16:54:32.429+0000 7fbc93200700 1 -- 172.21.15.45:0/1346461276 shutdown_connections
2024-04-16T16:54:33.448 INFO:teuthology.orchestra.run.smithi045.stdout:/usr/bin/ceph: stderr
2024-04-16T16:54:32.429+0000 7fbc93200700 1 --2- 172.21.15.45:0/1346461276 >> [v2:172.21.15.45:3300/0,v1:172.21.15.45:6789/0] conn(0x7fbc8c10f060 0x7fbc8c10f480 unknown :-1 s=CLOSED pgs=20 cs=0 l=1 rev1=1 crypto rx=0 tx=0 comp rx=0 tx=0).stop
2024-04-16T16:54:33.448 INFO:teuthology.orchestra.run.smithi045.stdout:/usr/bin/ceph: stderr
2024-04-16T16:54:32.429+0000 7fbc93200700 1 -- 172.21.15.45:0/1346461276 >> 172.21.15.45:0/1346461276 conn(0x7fbc8c07de10 msgr2=0x7fbc8c080270 unknown :-1 s=STATE_NONE l=0).mark_down
2024-04-16T16:54:33.448 INFO:teuthology.orchestra.run.smithi045.stdout:/usr/bin/ceph: stderr
2024-04-16T16:54:32.429+0000 7fbc93200700 1 -- 172.21.15.45:0/1346461276 shutdown_connections
2024-04-16T16:54:33.449 INFO:teuthology.orchestra.run.smithi045.stdout:/usr/bin/ceph: stderr
2024-04-16T16:54:32.429+0000 7fbc93200700 1 -- 172.21.15.45:0/1346461276 wait complete.
2024-04-16T16:54:33.449 INFO:teuthology.orchestra.run.smithi045.stdout:/usr/bin/ceph: stderr
2024-04-16T16:54:32.430+0000 7fbc93200700 1 Processor -- start
2024-04-16T16:54:33.449 INFO:teuthology.orchestra.run.smithi045.stdout:/usr/bin/ceph: stderr
2024-04-16T16:54:32.430+0000 7fbc93200700 1 -- start start
2024-04-16T16:54:33.449 INFO:teuthology.orchestra.run.smithi045.stdout:/usr/bin/ceph: stderr
2024-04-16T16:54:32.431+0000 7fbc93200700 1 --2- >> [v2:172.21.15.45:3300/0,v1:172.21.15.45:6789/0] conn(0x7fbc8c10f060 0x7fbc8c1a2b70 unknown :-1 s=NONE pgs=0 cs=0 l=1 rev1=0 crypto rx=0 tx=0 comp rx=0 tx=0).connect
2024-04-16T16:54:33.449 INFO:teuthology.orchestra.run.smithi045.stdout:/usr/bin/ceph: stderr
2024-04-16T16:54:32.431+0000 7fbc93200700 1 -- --> [v2:172.21.15.45:3300/0,v1:172.21.15.45:6789/0] -- mon_getmap magic: 0 -- 0x7fbc8c113190 con 0x7fbc8c10f060
2024-04-16T16:54:33.449 INFO:teuthology.orchestra.run.smithi045.stdout:/usr/bin/ceph: stderr
2024-04-16T16:54:32.431+0000 7fbc8be00700 1 --2- >> [v2:172.21.15.45:3300/0,v1:172.21.15.45:6789/0] conn(0x7fbc8c10f060 0x7fbc8c1a2b70 unknown :-1 s=BANNER_CONNECTING pgs=0 cs=0 l=1 rev1=0 crypto rx=0 tx=0 comp rx=0 tx=0)._handle_peer_banner_payload supported=3 required=0
2024-04-16T16:54:33.449 INFO:teuthology.orchestra.run.smithi045.stdout:/usr/bin/ceph: stderr
2024-04-16T16:54:32.431+0000 7fbc8be00700 1 --2- >> [v2:172.21.15.45:3300/0,v1:172.21.15.45:6789/0] conn(0x7fbc8c10f060 0x7fbc8c1a2b70 unknown :-1 s=HELLO_CONNECTING pgs=0 cs=0 l=1 rev1=1 crypto rx=0 tx=0 comp rx=0 tx=0).handle_hello peer v2:172.21.15.45:3300/0 says I am v2:172.21.15.45:49290/0 (socket says 172.21.15.45:49290)
2024-04-16T16:54:33.449 INFO:teuthology.orchestra.run.smithi045.stdout:/usr/bin/ceph: stderr
2024-04-16T16:54:32.431+0000 7fbc8be00700 1 -- 172.21.15.45:0/1115639751 learned_addr learned my addr 172.21.15.45:0/1115639751 (peer_addr_for_me v2:172.21.15.45:0/0)
2024-04-16T16:54:33.449 INFO:teuthology.orchestra.run.smithi045.stdout:/usr/bin/ceph: stderr
2024-04-16T16:54:32.432+0000 7fbc8be00700 1 -- 172.21.15.45:0/1115639751 --> [v2:172.21.15.45:3300/0,v1:172.21.15.45:6789/0] -- mon_subscribe({config=0+,monmap=0+}) -- 0x7fbc8c1a30b0 con 0x7fbc8c10f060
2024-04-16T16:54:33.449 INFO:teuthology.orchestra.run.smithi045.stdout:/usr/bin/ceph: stderr
2024-04-16T16:54:32.432+0000 7fbc8be00700 1 --2- 172.21.15.45:0/1115639751 >> [v2:172.21.15.45:3300/0,v1:172.21.15.45:6789/0] conn(0x7fbc8c10f060 0x7fbc8c1a2b70 secure :-1 s=READY pgs=21 cs=0 l=1 rev1=1 crypto rx=0x7fbc7c011850 tx=0x7fbc7c011c10 comp rx=0 tx=0).ready entity=mon.0 client_cookie=0 server_cookie=0 in_seq=0 out_seq=0
2024-04-16T16:54:33.449 INFO:teuthology.orchestra.run.smithi045.stdout:/usr/bin/ceph: stderr
2024-04-16T16:54:32.432+0000 7fbc88c00700 1 -- 172.21.15.45:0/1115639751 <== mon.0 v2:172.21.15.45:3300/0 1 ==== mon_map magic: 0 ==== 205+0+0 (secure 0 0 0) 0x7fbc7c003af0 con 0x7fbc8c10f060
2024-04-16T16:54:33.449 INFO:teuthology.orchestra.run.smithi045.stdout:/usr/bin/ceph: stderr
2024-04-16T16:54:32.432+0000 7fbc88c00700 1 -- 172.21.15.45:0/1115639751 <== mon.0 v2:172.21.15.45:3300/0 2 ==== config(27 keys) ==== 1109+0+0 (secure 0 0 0) 0x7fbc7c020070 con 0x7fbc8c10f060
2024-04-16T16:54:33.449 INFO:teuthology.orchestra.run.smithi045.stdout:/usr/bin/ceph: stderr
2024-04-16T16:54:32.432+0000 7fbc93200700 1 -- 172.21.15.45:0/1115639751 --> [v2:172.21.15.45:3300/0,v1:172.21.15.45:6789/0] -- mon_subscribe({mgrmap=0+}) -- 0x7fbc8c1a3340 con 0x7fbc8c10f060
2024-04-16T16:54:33.449 INFO:teuthology.orchestra.run.smithi045.stdout:/usr/bin/ceph: stderr
2024-04-16T16:54:32.432+0000 7fbc88c00700 1 -- 172.21.15.45:0/1115639751 <== mon.0 v2:172.21.15.45:3300/0 3 ==== mon_map magic: 0 ==== 205+0+0 (secure 0 0 0) 0x7fbc7c0195a0 con 0x7fbc8c10f060
2024-04-16T16:54:33.449 INFO:teuthology.orchestra.run.smithi045.stdout:/usr/bin/ceph: stderr
2024-04-16T16:54:32.432+0000 7fbc93200700 1 -- 172.21.15.45:0/1115639751 --> [v2:172.21.15.45:3300/0,v1:172.21.15.45:6789/0] -- mon_subscribe({osdmap=0}) -- 0x7fbc8c1a6030 con 0x7fbc8c10f060
2024-04-16T16:54:33.449 INFO:teuthology.orchestra.run.smithi045.stdout:/usr/bin/ceph: stderr
2024-04-16T16:54:32.433+0000 7fbc88c00700 1 -- 172.21.15.45:0/1115639751 <== mon.0 v2:172.21.15.45:3300/0 4 ==== mgrmap(e 4) ==== 46547+0+0 (secure 0 0 0) 0x7fbc7c019850 con 0x7fbc8c10f060
2024-04-16T16:54:33.450 INFO:teuthology.orchestra.run.smithi045.stdout:/usr/bin/ceph: stderr
2024-04-16T16:54:32.434+0000 7fbc93200700 1 -- 172.21.15.45:0/1115639751 --> [v2:172.21.15.45:3300/0,v1:172.21.15.45:6789/0] -- mon_command({"prefix": "get_command_descriptions"} v 0) -- 0x7fbc8c064150 con 0x7fbc8c10f060
2024-04-16T16:54:33.450 INFO:teuthology.orchestra.run.smithi045.stdout:/usr/bin/ceph: stderr
2024-04-16T16:54:32.434+0000 7fbc88c00700 1 --2- 172.21.15.45:0/1115639751 >> [v2:172.21.15.45:6800/2553659622,v1:172.21.15.45:6801/2553659622] conn(0x7fbc700395b0 0x7fbc7003ba70 unknown :-1 s=NONE pgs=0 cs=0 l=1 rev1=0 crypto rx=0 tx=0 comp rx=0 tx=0).connect
2024-04-16T16:54:33.450 INFO:teuthology.orchestra.run.smithi045.stdout:/usr/bin/ceph: stderr
2024-04-16T16:54:32.434+0000 7fbc88c00700 1 -- 172.21.15.45:0/1115639751 <== mon.0 v2:172.21.15.45:3300/0 5 ==== osd_map(1..1 src has 1..1) ==== 725+0+0 (secure 0 0 0) 0x7fbc7c011e00 con 0x7fbc8c10f060
2024-04-16T16:54:33.450 INFO:teuthology.orchestra.run.smithi045.stdout:/usr/bin/ceph: stderr
2024-04-16T16:54:32.434+0000 7fbc8b400700 1 --2- 172.21.15.45:0/1115639751 >> [v2:172.21.15.45:6800/2553659622,v1:172.21.15.45:6801/2553659622] conn(0x7fbc700395b0 0x7fbc7003ba70 unknown :-1 s=BANNER_CONNECTING pgs=0 cs=0 l=1 rev1=0 crypto rx=0 tx=0 comp rx=0 tx=0)._handle_peer_banner_payload supported=3 required=0
2024-04-16T16:54:33.450 INFO:teuthology.orchestra.run.smithi045.stdout:/usr/bin/ceph: stderr
2024-04-16T16:54:32.435+0000 7fbc8b400700 1 --2- 172.21.15.45:0/1115639751 >> [v2:172.21.15.45:6800/2553659622,v1:172.21.15.45:6801/2553659622] conn(0x7fbc700395b0 0x7fbc7003ba70 secure :-1 s=READY pgs=7 cs=0 l=1 rev1=1 crypto rx=0x7fbc78006fd0 tx=0x7fbc78006e40 comp rx=0 tx=0).ready entity=mgr.14100 client_cookie=0 server_cookie=0 in_seq=0 out_seq=0
2024-04-16T16:54:33.450 INFO:teuthology.orchestra.run.smithi045.stdout:/usr/bin/ceph: stderr
2024-04-16T16:54:32.440+0000 7fbc88c00700 1 -- 172.21.15.45:0/1115639751 <== mon.0 v2:172.21.15.45:3300/0 6 ==== mon_command_ack([{"prefix": "get_command_descriptions"}]=0 v0) ==== 72+0+188370 (secure 0 0 0) 0x7fbc7c00e260 con 0x7fbc8c10f060
2024-04-16T16:54:33.450 INFO:teuthology.orchestra.run.smithi045.stdout:/usr/bin/ceph: stderr
2024-04-16T16:54:32.667+0000 7fbc93200700 1 -- 172.21.15.45:0/1115639751 --> [v2:172.21.15.45:3300/0,v1:172.21.15.45:6789/0] -- mon_command({"prefix": "config assimilate-conf"} v 0) -- 0x7fbc8c1a6200 con 0x7fbc8c10f060
2024-04-16T16:54:33.450 INFO:teuthology.orchestra.run.smithi045.stdout:/usr/bin/ceph: stderr
2024-04-16T16:54:32.668+0000 7fbc88c00700 1 -- 172.21.15.45:0/1115639751 <== mon.0 v2:172.21.15.45:3300/0 7 ==== mon_command_ack([{"prefix": "config assimilate-conf"}]=0 v3) ==== 70+0+373 (secure 0 0 0) 0x7fbc7c003c90 con 0x7fbc8c10f060
2024-04-16T16:54:33.450 INFO:teuthology.orchestra.run.smithi045.stdout:/usr/bin/ceph: stderr
2024-04-16T16:54:32.672+0000 7fbc93200700 1 -- 172.21.15.45:0/1115639751 >> [v2:172.21.15.45:6800/2553659622,v1:172.21.15.45:6801/2553659622] conn(0x7fbc700395b0 msgr2=0x7fbc7003ba70 secure :-1 s=STATE_CONNECTION_ESTABLISHED l=1).mark_down
2024-04-16T16:54:33.450 INFO:teuthology.orchestra.run.smithi045.stdout:/usr/bin/ceph: stderr
2024-04-16T16:54:32.672+0000 7fbc93200700 1 --2- 172.21.15.45:0/1115639751 >> [v2:172.21.15.45:6800/2553659622,v1:172.21.15.45:6801/2553659622] conn(0x7fbc700395b0 0x7fbc7003ba70 secure :-1 s=READY pgs=7 cs=0 l=1 rev1=1 crypto rx=0x7fbc78006fd0 tx=0x7fbc78006e40 comp rx=0 tx=0).stop
2024-04-16T16:54:33.450 INFO:teuthology.orchestra.run.smithi045.stdout:/usr/bin/ceph: stderr
2024-04-16T16:54:32.672+0000 7fbc93200700 1 -- 172.21.15.45:0/1115639751 >> [v2:172.21.15.45:3300/0,v1:172.21.15.45:6789/0] conn(0x7fbc8c10f060 msgr2=0x7fbc8c1a2b70 secure :-1 s=STATE_CONNECTION_ESTABLISHED l=1).mark_down
2024-04-16T16:54:33.450 INFO:teuthology.orchestra.run.smithi045.stdout:/usr/bin/ceph: stderr
2024-04-16T16:54:32.672+0000 7fbc93200700 1 --2- 172.21.15.45:0/1115639751 >> [v2:172.21.15.45:3300/0,v1:172.21.15.45:6789/0] conn(0x7fbc8c10f060 0x7fbc8c1a2b70 secure :-1 s=READY pgs=21 cs=0 l=1 rev1=1 crypto rx=0x7fbc7c011850 tx=0x7fbc7c011c10 comp rx=0 tx=0).stop
2024-04-16T16:54:33.450 INFO:teuthology.orchestra.run.smithi045.stdout:/usr/bin/ceph: stderr
2024-04-16T16:54:32.672+0000 7fbc93200700 1 -- 172.21.15.45:0/1115639751 shutdown_connections
2024-04-16T16:54:33.451 INFO:teuthology.orchestra.run.smithi045.stdout:/usr/bin/ceph: stderr
2024-04-16T16:54:32.672+0000 7fbc93200700 1 --2- 172.21.15.45:0/1115639751 >> [v2:172.21.15.45:6800/2553659622,v1:172.21.15.45:6801/2553659622] conn(0x7fbc700395b0 0x7fbc7003ba70 unknown :-1 s=CLOSED pgs=7 cs=0 l=1 rev1=1 crypto rx=0 tx=0 comp rx=0 tx=0).stop
2024-04-16T16:54:33.451 INFO:teuthology.orchestra.run.smithi045.stdout:/usr/bin/ceph: stderr
2024-04-16T16:54:32.672+0000 7fbc93200700 1 --2- 172.21.15.45:0/1115639751 >> [v2:172.21.15.45:3300/0,v1:172.21.15.45:6789/0] conn(0x7fbc8c10f060 0x7fbc8c1a2b70 unknown :-1 s=CLOSED pgs=21 cs=0 l=1 rev1=1 crypto rx=0 tx=0 comp rx=0 tx=0).stop
2024-04-16T16:54:33.451 INFO:teuthology.orchestra.run.smithi045.stdout:/usr/bin/ceph: stderr
2024-04-16T16:54:32.672+0000 7fbc93200700 1 -- 172.21.15.45:0/1115639751 >> 172.21.15.45:0/1115639751 conn(0x7fbc8c07de10 msgr2=0x7fbc8c07fa20 unknown :-1 s=STATE_NONE l=0).mark_down
2024-04-16T16:54:33.451 INFO:teuthology.orchestra.run.smithi045.stdout:/usr/bin/ceph: stderr
2024-04-16T16:54:32.673+0000 7fbc93200700 1 -- 172.21.15.45:0/1115639751 shutdown_connections
2024-04-16T16:54:33.451 INFO:teuthology.orchestra.run.smithi045.stdout:/usr/bin/ceph: stderr
2024-04-16T16:54:32.673+0000 7fbc93200700 1 -- 172.21.15.45:0/1115639751 wait complete.
2024-04-16T16:54:33.451 INFO:teuthology.orchestra.run.smithi045.stdout:Enabling cephadm module...
2024-04-16T16:54:34.728 INFO:journalctl@ceph.mon.a.smithi045.stdout:Apr 16 16:54:34 smithi045 ceph-mon[31676]: from='client.? 172.21.15.45:0/2071149514' entity='client.admin' cmd=[{"prefix": "mgr module enable", "module": "cephadm"}]: dispatch
2024-04-16T16:54:34.728 INFO:journalctl@ceph.mgr.x.smithi045.stdout:Apr 16 16:54:34 smithi045 ceph-b1fecd38-fc11-11ee-bc90-c7b262605968-mgr-x[31905]: ignoring --setuser ceph since I am not root
2024-04-16T16:54:34.728 INFO:journalctl@ceph.mgr.x.smithi045.stdout:Apr 16 16:54:34 smithi045 ceph-b1fecd38-fc11-11ee-bc90-c7b262605968-mgr-x[31905]: ignoring --setgroup ceph since I am not root
2024-04-16T16:54:35.167 INFO:teuthology.orchestra.run.smithi045.stdout:/usr/bin/ceph: stderr
2024-04-16T16:54:34.078+0000 7fafd3400700 1 Processor -- start
2024-04-16T16:54:35.167 INFO:teuthology.orchestra.run.smithi045.stdout:/usr/bin/ceph: stderr
2024-04-16T16:54:34.078+0000 7fafd3400700 1 -- start start
2024-04-16T16:54:35.167 INFO:teuthology.orchestra.run.smithi045.stdout:/usr/bin/ceph: stderr
2024-04-16T16:54:34.079+0000 7fafd3400700 1 --2- >> [v2:172.21.15.45:3300/0,v1:172.21.15.45:6789/0] conn(0x7fafcc106ed0 0x7fafcc1072f0 unknown :-1 s=NONE pgs=0 cs=0 l=0 rev1=0 crypto rx=0 tx=0 comp rx=0 tx=0).connect
2024-04-16T16:54:35.167 INFO:teuthology.orchestra.run.smithi045.stdout:/usr/bin/ceph: stderr
2024-04-16T16:54:34.079+0000 7fafd3400700 1 -- --> [v2:172.21.15.45:3300/0,v1:172.21.15.45:6789/0] -- mon_getmap magic: 0 -- 0x7fafcc07be10 con 0x7fafcc106ed0
2024-04-16T16:54:35.167 INFO:teuthology.orchestra.run.smithi045.stdout:/usr/bin/ceph: stderr
2024-04-16T16:54:34.079+0000 7fafd0a00700 1 --2- >> [v2:172.21.15.45:3300/0,v1:172.21.15.45:6789/0] conn(0x7fafcc106ed0 0x7fafcc1072f0 unknown :-1 s=BANNER_CONNECTING pgs=0 cs=0 l=0 rev1=0 crypto rx=0 tx=0 comp rx=0 tx=0)._handle_peer_banner_payload supported=3 required=0
2024-04-16T16:54:35.168 INFO:teuthology.orchestra.run.smithi045.stdout:/usr/bin/ceph: stderr
2024-04-16T16:54:34.079+0000 7fafd0a00700 1 --2- >> [v2:172.21.15.45:3300/0,v1:172.21.15.45:6789/0] conn(0x7fafcc106ed0 0x7fafcc1072f0 unknown :-1 s=HELLO_CONNECTING pgs=0 cs=0 l=0 rev1=1 crypto rx=0 tx=0 comp rx=0 tx=0).handle_hello peer v2:172.21.15.45:3300/0 says I am v2:172.21.15.45:49294/0 (socket says 172.21.15.45:49294)
2024-04-16T16:54:35.168 INFO:teuthology.orchestra.run.smithi045.stdout:/usr/bin/ceph: stderr
2024-04-16T16:54:34.079+0000 7fafd0a00700 1 -- 172.21.15.45:0/725725253 learned_addr learned my addr 172.21.15.45:0/725725253 (peer_addr_for_me v2:172.21.15.45:0/0)
2024-04-16T16:54:35.168 INFO:teuthology.orchestra.run.smithi045.stdout:/usr/bin/ceph: stderr
2024-04-16T16:54:34.080+0000 7fafd0a00700 1 -- 172.21.15.45:0/725725253 --> [v2:172.21.15.45:3300/0,v1:172.21.15.45:6789/0] -- mon_subscribe({config=0+,monmap=0+}) -- 0x7fafcc107830 con 0x7fafcc106ed0
