2024-04-30T23:03:23.974+0000 7f3f0f7fe700 1 -- 172.21.15.100:0/1519364797 <== mon.0 v2:172.21.15.100:3300/0 4 ==== mgrmap(e 5) ==== 46558+0+0 (secure 0 0 0) 0x7f3f0801a880 con 0x7f3f18107b60
2024-04-30T23:03:30.136 INFO:teuthology.orchestra.run.smithi100.stdout:/usr/bin/ceph: stderr
2024-04-30T23:03:23.974+0000 7f3f0f7fe700 1 --2- 172.21.15.100:0/1519364797 >> [v2:172.21.15.100:6800/2011872270,v1:172.21.15.100:6801/2011872270] conn(0x7f3f04039560 0x7f3f0403ba70 unknown :-1 s=NONE pgs=0 cs=0 l=1 rev1=0 crypto rx=0 tx=0 comp rx=0 tx=0).connect
2024-04-30T23:03:30.136 INFO:teuthology.orchestra.run.smithi100.stdout:/usr/bin/ceph: stderr
2024-04-30T23:03:23.974+0000 7f3f0d7fa700 1 -- 172.21.15.100:0/1519364797 --> [v2:172.21.15.100:6800/2011872270,v1:172.21.15.100:6801/2011872270] -- command(tid 0: {"prefix": "get_command_descriptions"}) -- 0x7f3f18064d30 con 0x7f3f04039560
2024-04-30T23:03:30.136 INFO:teuthology.orchestra.run.smithi100.stdout:/usr/bin/ceph: stderr
2024-04-30T23:03:23.974+0000 7f3f0f7fe700 1 -- 172.21.15.100:0/1519364797 <== mon.0 v2:172.21.15.100:3300/0 5 ==== osd_map(1..1 src has 1..1) ==== 725+0+0 (secure 0 0 0) 0x7f3f0804e4e0 con 0x7f3f18107b60
2024-04-30T23:03:30.136 INFO:teuthology.orchestra.run.smithi100.stdout:/usr/bin/ceph: stderr
2024-04-30T23:03:23.974+0000 7f3f1db94700 1 -- 172.21.15.100:0/1519364797 >> [v2:172.21.15.100:6800/2011872270,v1:172.21.15.100:6801/2011872270] conn(0x7f3f04039560 msgr2=0x7f3f0403ba70 unknown :-1 s=STATE_CONNECTING_RE l=1).process reconnect failed to v2:172.21.15.100:6800/2011872270
2024-04-30T23:03:30.136 INFO:teuthology.orchestra.run.smithi100.stdout:/usr/bin/ceph: stderr
2024-04-30T23:03:23.974+0000 7f3f1db94700 1 --2- 172.21.15.100:0/1519364797 >> [v2:172.21.15.100:6800/2011872270,v1:172.21.15.100:6801/2011872270] conn(0x7f3f04039560 0x7f3f0403ba70 unknown :-1 s=START_CONNECT pgs=0 cs=0 l=1 rev1=0 crypto rx=0 tx=0 comp rx=0 tx=0)._fault waiting 0.200000
2024-04-30T23:03:30.136 INFO:teuthology.orchestra.run.smithi100.stdout:/usr/bin/ceph: stderr
2024-04-30T23:03:24.175+0000 7f3f1db94700 1 -- 172.21.15.100:0/1519364797 >> [v2:172.21.15.100:6800/2011872270,v1:172.21.15.100:6801/2011872270] conn(0x7f3f04039560 msgr2=0x7f3f0403ba70 unknown :-1 s=STATE_CONNECTING_RE l=1).process reconnect failed to v2:172.21.15.100:6800/2011872270
2024-04-30T23:03:30.136 INFO:teuthology.orchestra.run.smithi100.stdout:/usr/bin/ceph: stderr
2024-04-30T23:03:24.175+0000 7f3f1db94700 1 --2- 172.21.15.100:0/1519364797 >> [v2:172.21.15.100:6800/2011872270,v1:172.21.15.100:6801/2011872270] conn(0x7f3f04039560 0x7f3f0403ba70 unknown :-1 s=START_CONNECT pgs=0 cs=0 l=1 rev1=0 crypto rx=0 tx=0 comp rx=0 tx=0)._fault waiting 0.400000
2024-04-30T23:03:30.136 INFO:teuthology.orchestra.run.smithi100.stdout:/usr/bin/ceph: stderr
2024-04-30T23:03:24.576+0000 7f3f1db94700 1 -- 172.21.15.100:0/1519364797 >> [v2:172.21.15.100:6800/2011872270,v1:172.21.15.100:6801/2011872270] conn(0x7f3f04039560 msgr2=0x7f3f0403ba70 unknown :-1 s=STATE_CONNECTING_RE l=1).process reconnect failed to v2:172.21.15.100:6800/2011872270
2024-04-30T23:03:30.136 INFO:teuthology.orchestra.run.smithi100.stdout:/usr/bin/ceph: stderr
2024-04-30T23:03:24.576+0000 7f3f1db94700 1 --2- 172.21.15.100:0/1519364797 >> [v2:172.21.15.100:6800/2011872270,v1:172.21.15.100:6801/2011872270] conn(0x7f3f04039560 0x7f3f0403ba70 unknown :-1 s=START_CONNECT pgs=0 cs=0 l=1 rev1=0 crypto rx=0 tx=0 comp rx=0 tx=0)._fault waiting 0.800000
2024-04-30T23:03:30.136 INFO:teuthology.orchestra.run.smithi100.stdout:/usr/bin/ceph: stderr
2024-04-30T23:03:25.377+0000 7f3f1db94700 1 -- 172.21.15.100:0/1519364797 >> [v2:172.21.15.100:6800/2011872270,v1:172.21.15.100:6801/2011872270] conn(0x7f3f04039560 msgr2=0x7f3f0403ba70 unknown :-1 s=STATE_CONNECTING_RE l=1).process reconnect failed to v2:172.21.15.100:6800/2011872270
2024-04-30T23:03:30.136 INFO:teuthology.orchestra.run.smithi100.stdout:/usr/bin/ceph: stderr
2024-04-30T23:03:25.377+0000 7f3f1db94700 1 --2- 172.21.15.100:0/1519364797 >> [v2:172.21.15.100:6800/2011872270,v1:172.21.15.100:6801/2011872270] conn(0x7f3f04039560 0x7f3f0403ba70 unknown :-1 s=START_CONNECT pgs=0 cs=0 l=1 rev1=0 crypto rx=0 tx=0 comp rx=0 tx=0)._fault waiting 1.600000
2024-04-30T23:03:30.136 INFO:teuthology.orchestra.run.smithi100.stdout:/usr/bin/ceph: stderr
2024-04-30T23:03:26.978+0000 7f3f1db94700 1 -- 172.21.15.100:0/1519364797 >> [v2:172.21.15.100:6800/2011872270,v1:172.21.15.100:6801/2011872270] conn(0x7f3f04039560 msgr2=0x7f3f0403ba70 unknown :-1 s=STATE_CONNECTING_RE l=1).process reconnect failed to v2:172.21.15.100:6800/2011872270
2024-04-30T23:03:30.137 INFO:teuthology.orchestra.run.smithi100.stdout:/usr/bin/ceph: stderr
2024-04-30T23:03:26.978+0000 7f3f1db94700 1 --2- 172.21.15.100:0/1519364797 >> [v2:172.21.15.100:6800/2011872270,v1:172.21.15.100:6801/2011872270] conn(0x7f3f04039560 0x7f3f0403ba70 unknown :-1 s=START_CONNECT pgs=0 cs=0 l=1 rev1=0 crypto rx=0 tx=0 comp rx=0 tx=0)._fault waiting 3.200000
2024-04-30T23:03:30.137 INFO:teuthology.orchestra.run.smithi100.stdout:/usr/bin/ceph: stderr
2024-04-30T23:03:28.526+0000 7f3f0f7fe700 1 -- 172.21.15.100:0/1519364797 <== mon.0 v2:172.21.15.100:3300/0 6 ==== mgrmap(e 6) ==== 46325+0+0 (secure 0 0 0) 0x7f3f0802d910 con 0x7f3f18107b60
2024-04-30T23:03:30.137 INFO:teuthology.orchestra.run.smithi100.stdout:/usr/bin/ceph: stderr
2024-04-30T23:03:28.526+0000 7f3f0f7fe700 1 -- 172.21.15.100:0/1519364797 >> [v2:172.21.15.100:6800/2011872270,v1:172.21.15.100:6801/2011872270] conn(0x7f3f04039560 msgr2=0x7f3f0403ba70 unknown :-1 s=STATE_CONNECTING l=1).mark_down
2024-04-30T23:03:30.137 INFO:teuthology.orchestra.run.smithi100.stdout:/usr/bin/ceph: stderr
2024-04-30T23:03:28.526+0000 7f3f0f7fe700 1 --2- 172.21.15.100:0/1519364797 >> [v2:172.21.15.100:6800/2011872270,v1:172.21.15.100:6801/2011872270] conn(0x7f3f04039560 0x7f3f0403ba70 unknown :-1 s=START_CONNECT pgs=0 cs=0 l=1 rev1=0 crypto rx=0 tx=0 comp rx=0 tx=0).stop
2024-04-30T23:03:30.137 INFO:teuthology.orchestra.run.smithi100.stdout:/usr/bin/ceph: stderr
2024-04-30T23:03:29.527+0000 7f3f0f7fe700 1 -- 172.21.15.100:0/1519364797 <== mon.0 v2:172.21.15.100:3300/0 7 ==== mgrmap(e 7) ==== 46452+0+0 (secure 0 0 0) 0x7f3f08024980 con 0x7f3f18107b60
2024-04-30T23:03:30.137 INFO:teuthology.orchestra.run.smithi100.stdout:/usr/bin/ceph: stderr
2024-04-30T23:03:29.527+0000 7f3f0f7fe700 1 --2- 172.21.15.100:0/1519364797 >> [v2:172.21.15.100:6800/642565197,v1:172.21.15.100:6801/642565197] conn(0x7f3f0403ccb0 0x7f3f0403f0d0 unknown :-1 s=NONE pgs=0 cs=0 l=1 rev1=0 crypto rx=0 tx=0 comp rx=0 tx=0).connect
2024-04-30T23:03:30.137 INFO:teuthology.orchestra.run.smithi100.stdout:/usr/bin/ceph: stderr
2024-04-30T23:03:29.527+0000 7f3f0f7fe700 1 -- 172.21.15.100:0/1519364797 --> [v2:172.21.15.100:6800/642565197,v1:172.21.15.100:6801/642565197] -- command(tid 0: {"prefix": "get_command_descriptions"}) -- 0x7f3f18064d30 con 0x7f3f0403ccb0
2024-04-30T23:03:30.137 INFO:teuthology.orchestra.run.smithi100.stdout:/usr/bin/ceph: stderr
2024-04-30T23:03:29.527+0000 7f3f1db94700 1 --2- 172.21.15.100:0/1519364797 >> [v2:172.21.15.100:6800/642565197,v1:172.21.15.100:6801/642565197] conn(0x7f3f0403ccb0 0x7f3f0403f0d0 unknown :-1 s=BANNER_CONNECTING pgs=0 cs=0 l=1 rev1=0 crypto rx=0 tx=0 comp rx=0 tx=0)._handle_peer_banner_payload supported=3 required=0
2024-04-30T23:03:30.138 INFO:teuthology.orchestra.run.smithi100.stdout:/usr/bin/ceph: stderr
2024-04-30T23:03:29.528+0000 7f3f1db94700 1 --2- 172.21.15.100:0/1519364797 >> [v2:172.21.15.100:6800/642565197,v1:172.21.15.100:6801/642565197] conn(0x7f3f0403ccb0 0x7f3f0403f0d0 secure :-1 s=READY pgs=1 cs=0 l=1 rev1=1 crypto rx=0x7f3f14003a10 tx=0x7f3f14009290 comp rx=0 tx=0).ready entity=mgr.14120 client_cookie=0 server_cookie=0 in_seq=0 out_seq=0
2024-04-30T23:03:30.138 INFO:teuthology.orchestra.run.smithi100.stdout:/usr/bin/ceph: stderr
2024-04-30T23:03:29.529+0000 7f3f0f7fe700 1 -- 172.21.15.100:0/1519364797 <== mgr.14120 v2:172.21.15.100:6800/642565197 1 ==== command_reply(tid 0: 0 ) ==== 8+0+9564 (secure 0 0 0) 0x7f3f18064d30 con 0x7f3f0403ccb0
2024-04-30T23:03:30.138 INFO:teuthology.orchestra.run.smithi100.stdout:/usr/bin/ceph: stderr
2024-04-30T23:03:29.537+0000 7f3f0d7fa700 1 -- 172.21.15.100:0/1519364797 --> [v2:172.21.15.100:6800/642565197,v1:172.21.15.100:6801/642565197] -- command(tid 1: {"prefix": "mgr_status"}) -- 0x7f3f1810df10 con 0x7f3f0403ccb0
2024-04-30T23:03:30.138 INFO:teuthology.orchestra.run.smithi100.stdout:/usr/bin/ceph: stderr
2024-04-30T23:03:29.537+0000 7f3f0f7fe700 1 -- 172.21.15.100:0/1519364797 <== mgr.14120 v2:172.21.15.100:6800/642565197 2 ==== command_reply(tid 1: 0 ) ==== 8+0+51 (secure 0 0 0) 0x7f3f1810df10 con 0x7f3f0403ccb0
2024-04-30T23:03:30.138 INFO:teuthology.orchestra.run.smithi100.stdout:/usr/bin/ceph: stderr
2024-04-30T23:03:29.537+0000 7f3f0d7fa700 1 -- 172.21.15.100:0/1519364797 >> [v2:172.21.15.100:6800/642565197,v1:172.21.15.100:6801/642565197] conn(0x7f3f0403ccb0 msgr2=0x7f3f0403f0d0 secure :-1 s=STATE_CONNECTION_ESTABLISHED l=1).mark_down
2024-04-30T23:03:30.138 INFO:teuthology.orchestra.run.smithi100.stdout:/usr/bin/ceph: stderr
2024-04-30T23:03:29.537+0000 7f3f0d7fa700 1 --2- 172.21.15.100:0/1519364797 >> [v2:172.21.15.100:6800/642565197,v1:172.21.15.100:6801/642565197] conn(0x7f3f0403ccb0 0x7f3f0403f0d0 secure :-1 s=READY pgs=1 cs=0 l=1 rev1=1 crypto rx=0x7f3f14003a10 tx=0x7f3f14009290 comp rx=0 tx=0).stop
2024-04-30T23:03:30.138 INFO:teuthology.orchestra.run.smithi100.stdout:/usr/bin/ceph: stderr
2024-04-30T23:03:29.537+0000 7f3f0d7fa700 1 -- 172.21.15.100:0/1519364797 >> [v2:172.21.15.100:3300/0,v1:172.21.15.100:6789/0] conn(0x7f3f18107b60 msgr2=0x7f3f1810a2e0 secure :-1 s=STATE_CONNECTION_ESTABLISHED l=1).mark_down
2024-04-30T23:03:30.138 INFO:teuthology.orchestra.run.smithi100.stdout:/usr/bin/ceph: stderr
2024-04-30T23:03:29.537+0000 7f3f0d7fa700 1 --2- 172.21.15.100:0/1519364797 >> [v2:172.21.15.100:3300/0,v1:172.21.15.100:6789/0] conn(0x7f3f18107b60 0x7f3f1810a2e0 secure :-1 s=READY pgs=29 cs=0 l=1 rev1=1 crypto rx=0x7f3f08009fb0 tx=0x7f3f08011890 comp rx=0 tx=0).stop
2024-04-30T23:03:30.138 INFO:teuthology.orchestra.run.smithi100.stdout:/usr/bin/ceph: stderr
2024-04-30T23:03:29.537+0000 7f3f0d7fa700 1 -- 172.21.15.100:0/1519364797 shutdown_connections
2024-04-30T23:03:30.138 INFO:teuthology.orchestra.run.smithi100.stdout:/usr/bin/ceph: stderr
2024-04-30T23:03:29.537+0000 7f3f0d7fa700 1 --2- 172.21.15.100:0/1519364797 >> [v2:172.21.15.100:3300/0,v1:172.21.15.100:6789/0] conn(0x7f3f18107b60 0x7f3f1810a2e0 unknown :-1 s=CLOSED pgs=29 cs=0 l=1 rev1=1 crypto rx=0 tx=0 comp rx=0 tx=0).stop
2024-04-30T23:03:30.138 INFO:teuthology.orchestra.run.smithi100.stdout:/usr/bin/ceph: stderr
2024-04-30T23:03:29.537+0000 7f3f0d7fa700 1 --2- 172.21.15.100:0/1519364797 >> [v2:172.21.15.100:6800/642565197,v1:172.21.15.100:6801/642565197] conn(0x7f3f0403ccb0 0x7f3f0403f0d0 unknown :-1 s=CLOSED pgs=1 cs=0 l=1 rev1=1 crypto rx=0 tx=0 comp rx=0 tx=0).stop
2024-04-30T23:03:30.138 INFO:teuthology.orchestra.run.smithi100.stdout:/usr/bin/ceph: stderr
2024-04-30T23:03:29.537+0000 7f3f0d7fa700 1 --2- 172.21.15.100:0/1519364797 >> [v2:172.21.15.100:6800/2011872270,v1:172.21.15.100:6801/2011872270] conn(0x7f3f04039560 0x7f3f0403ba70 unknown :-1 s=CLOSED pgs=0 cs=0 l=1 rev1=0 crypto rx=0 tx=0 comp rx=0 tx=0).stop
2024-04-30T23:03:30.139 INFO:teuthology.orchestra.run.smithi100.stdout:/usr/bin/ceph: stderr
2024-04-30T23:03:29.537+0000 7f3f0d7fa700 1 -- 172.21.15.100:0/1519364797 >> 172.21.15.100:0/1519364797 conn(0x7f3f18103570 msgr2=0x7f3f18103ee0 unknown :-1 s=STATE_NONE l=0).mark_down
2024-04-30T23:03:30.139 INFO:teuthology.orchestra.run.smithi100.stdout:/usr/bin/ceph: stderr
2024-04-30T23:03:29.537+0000 7f3f0d7fa700 1 -- 172.21.15.100:0/1519364797 shutdown_connections
2024-04-30T23:03:30.139 INFO:teuthology.orchestra.run.smithi100.stdout:/usr/bin/ceph: stderr
2024-04-30T23:03:29.538+0000 7f3f0d7fa700 1 -- 172.21.15.100:0/1519364797 wait complete.
2024-04-30T23:03:30.139 INFO:teuthology.orchestra.run.smithi100.stdout:mgr epoch 5 is available
2024-04-30T23:03:30.139 INFO:teuthology.orchestra.run.smithi100.stdout:Setting orchestrator backend to cephadm...
2024-04-30T23:03:30.777 INFO:journalctl@ceph.mon.a.smithi100.stdout:Apr 30 23:03:30 smithi100 ceph-mon[29745]: [30/Apr/2024:23:03:29] ENGINE Bus STARTING
2024-04-30T23:03:30.777 INFO:journalctl@ceph.mon.a.smithi100.stdout:Apr 30 23:03:30 smithi100 ceph-mon[29745]: [30/Apr/2024:23:03:29] ENGINE Serving on https://172.21.15.100:7150
2024-04-30T23:03:30.777 INFO:journalctl@ceph.mon.a.smithi100.stdout:Apr 30 23:03:30 smithi100 ceph-mon[29745]: from='client.14124 -' entity='client.admin' cmd=[{"prefix": "get_command_descriptions"}]: dispatch
2024-04-30T23:03:30.777 INFO:journalctl@ceph.mon.a.smithi100.stdout:Apr 30 23:03:30 smithi100 ceph-mon[29745]: from='client.14124 -' entity='client.admin' cmd=[{"prefix": "mgr_status"}]: dispatch
2024-04-30T23:03:30.777 INFO:journalctl@ceph.mon.a.smithi100.stdout:Apr 30 23:03:30 smithi100 ceph-mon[29745]: [30/Apr/2024:23:03:29] ENGINE Serving on http://172.21.15.100:8765
2024-04-30T23:03:30.777 INFO:journalctl@ceph.mon.a.smithi100.stdout:Apr 30 23:03:30 smithi100 ceph-mon[29745]: [30/Apr/2024:23:03:29] ENGINE Bus STARTED
2024-04-30T23:03:30.778 INFO:journalctl@ceph.mon.a.smithi100.stdout:Apr 30 23:03:30 smithi100 ceph-mon[29745]: from='mgr.14120 172.21.15.100:0/1580315381' entity='mgr.x' cmd=[{"prefix": "config dump", "format": "json"}]: dispatch
2024-04-30T23:03:31.360 INFO:teuthology.orchestra.run.smithi100.stdout:/usr/bin/ceph: stderr
2024-04-30T23:03:30.555+0000 7f0413d0b700 1 Processor -- start
2024-04-30T23:03:31.361 INFO:teuthology.orchestra.run.smithi100.stdout:/usr/bin/ceph: stderr
2024-04-30T23:03:30.555+0000 7f0413d0b700 1 -- start start
2024-04-30T23:03:31.361 INFO:teuthology.orchestra.run.smithi100.stdout:/usr/bin/ceph: stderr
2024-04-30T23:03:30.556+0000 7f0413d0b700 1 --2- >> [v2:172.21.15.100:3300/0,v1:172.21.15.100:6789/0] conn(0x7f040c10a3d0 0x7f040c10c7f0 unknown :-1 s=NONE pgs=0 cs=0 l=0 rev1=0 crypto rx=0 tx=0 comp rx=0 tx=0).connect
2024-04-30T23:03:31.361 INFO:teuthology.orchestra.run.smithi100.stdout:/usr/bin/ceph: stderr
2024-04-30T23:03:30.556+0000 7f0413d0b700 1 -- --> [v2:172.21.15.100:3300/0,v1:172.21.15.100:6789/0] -- mon_getmap magic: 0 -- 0x7f040c07cd60 con 0x7f040c10a3d0
2024-04-30T23:03:31.361 INFO:teuthology.orchestra.run.smithi100.stdout:/usr/bin/ceph: stderr
2024-04-30T23:03:30.556+0000 7f0411aa7700 1 --2- >> [v2:172.21.15.100:3300/0,v1:172.21.15.100:6789/0] conn(0x7f040c10a3d0 0x7f040c10c7f0 unknown :-1 s=BANNER_CONNECTING pgs=0 cs=0 l=0 rev1=0 crypto rx=0 tx=0 comp rx=0 tx=0)._handle_peer_banner_payload supported=3 required=0
2024-04-30T23:03:31.361 INFO:teuthology.orchestra.run.smithi100.stdout:/usr/bin/ceph: stderr
2024-04-30T23:03:30.556+0000 7f0411aa7700 1 --2- >> [v2:172.21.15.100:3300/0,v1:172.21.15.100:6789/0] conn(0x7f040c10a3d0 0x7f040c10c7f0 unknown :-1 s=HELLO_CONNECTING pgs=0 cs=0 l=0 rev1=1 crypto rx=0 tx=0 comp rx=0 tx=0).handle_hello peer v2:172.21.15.100:3300/0 says I am v2:172.21.15.100:39092/0 (socket says 172.21.15.100:39092)
2024-04-30T23:03:31.361 INFO:teuthology.orchestra.run.smithi100.stdout:/usr/bin/ceph: stderr
2024-04-30T23:03:30.556+0000 7f0411aa7700 1 -- 172.21.15.100:0/4207542484 learned_addr learned my addr 172.21.15.100:0/4207542484 (peer_addr_for_me v2:172.21.15.100:0/0)
2024-04-30T23:03:31.361 INFO:teuthology.orchestra.run.smithi100.stdout:/usr/bin/ceph: stderr
2024-04-30T23:03:30.556+0000 7f0411aa7700 1 -- 172.21.15.100:0/4207542484 --> [v2:172.21.15.100:3300/0,v1:172.21.15.100:6789/0] -- mon_subscribe({config=0+,monmap=0+}) -- 0x7f040c10cd30 con 0x7f040c10a3d0
2024-04-30T23:03:31.361 INFO:teuthology.orchestra.run.smithi100.stdout:/usr/bin/ceph: stderr
2024-04-30T23:03:30.556+0000 7f0411aa7700 1 --2- 172.21.15.100:0/4207542484 >> [v2:172.21.15.100:3300/0,v1:172.21.15.100:6789/0] conn(0x7f040c10a3d0 0x7f040c10c7f0 secure :-1 s=READY pgs=37 cs=0 l=1 rev1=1 crypto rx=0x7f0408009e80 tx=0x7f040800b330 comp rx=0 tx=0).ready entity=mon.0 client_cookie=3b0eada7951bea71 server_cookie=0 in_seq=0 out_seq=0
2024-04-30T23:03:31.361 INFO:teuthology.orchestra.run.smithi100.stdout:/usr/bin/ceph: stderr
2024-04-30T23:03:30.556+0000 7f0410aa5700 1 -- 172.21.15.100:0/4207542484 <== mon.0 v2:172.21.15.100:3300/0 1 ==== mon_map magic: 0 ==== 205+0+0 (secure 0 0 0) 0x7f0408017070 con 0x7f040c10a3d0
2024-04-30T23:03:31.361 INFO:teuthology.orchestra.run.smithi100.stdout:/usr/bin/ceph: stderr
2024-04-30T23:03:30.557+0000 7f0410aa5700 1 -- 172.21.15.100:0/4207542484 <== mon.0 v2:172.21.15.100:3300/0 2 ==== config(26 keys) ==== 1070+0+0 (secure 0 0 0) 0x7f040800b8c0 con 0x7f040c10a3d0
2024-04-30T23:03:31.361 INFO:teuthology.orchestra.run.smithi100.stdout:/usr/bin/ceph: stderr
2024-04-30T23:03:30.557+0000 7f0410aa5700 1 -- 172.21.15.100:0/4207542484 <== mon.0 v2:172.21.15.100:3300/0 3 ==== mon_map magic: 0 ==== 205+0+0 (secure 0 0 0) 0x7f0408004490 con 0x7f040c10a3d0
2024-04-30T23:03:31.361 INFO:teuthology.orchestra.run.smithi100.stdout:/usr/bin/ceph: stderr
2024-04-30T23:03:30.557+0000 7f0413d0b700 1 -- 172.21.15.100:0/4207542484 >> [v2:172.21.15.100:3300/0,v1:172.21.15.100:6789/0] conn(0x7f040c10a3d0 msgr2=0x7f040c10c7f0 secure :-1 s=STATE_CONNECTION_ESTABLISHED l=1).mark_down
2024-04-30T23:03:31.362 INFO:teuthology.orchestra.run.smithi100.stdout:/usr/bin/ceph: stderr
2024-04-30T23:03:30.557+0000 7f0413d0b700 1 --2- 172.21.15.100:0/4207542484 >> [v2:172.21.15.100:3300/0,v1:172.21.15.100:6789/0] conn(0x7f040c10a3d0 0x7f040c10c7f0 secure :-1 s=READY pgs=37 cs=0 l=1 rev1=1 crypto rx=0x7f0408009e80 tx=0x7f040800b330 comp rx=0 tx=0).stop
2024-04-30T23:03:31.362 INFO:teuthology.orchestra.run.smithi100.stdout:/usr/bin/ceph: stderr
2024-04-30T23:03:30.557+0000 7f0413d0b700 1 -- 172.21.15.100:0/4207542484 shutdown_connections
2024-04-30T23:03:31.362 INFO:teuthology.orchestra.run.smithi100.stdout:/usr/bin/ceph: stderr
2024-04-30T23:03:30.557+0000 7f0413d0b700 1 --2- 172.21.15.100:0/4207542484 >> [v2:172.21.15.100:3300/0,v1:172.21.15.100:6789/0] conn(0x7f040c10a3d0 0x7f040c10c7f0 unknown :-1 s=CLOSED pgs=37 cs=0 l=1 rev1=1 crypto rx=0 tx=0 comp rx=0 tx=0).stop
2024-04-30T23:03:31.362 INFO:teuthology.orchestra.run.smithi100.stdout:/usr/bin/ceph: stderr
2024-04-30T23:03:30.557+0000 7f0413d0b700 1 -- 172.21.15.100:0/4207542484 >> 172.21.15.100:0/4207542484 conn(0x7f040c103e10 msgr2=0x7f040c106260 unknown :-1 s=STATE_NONE l=0).mark_down
2024-04-30T23:03:31.362 INFO:teuthology.orchestra.run.smithi100.stdout:/usr/bin/ceph: stderr
2024-04-30T23:03:30.557+0000 7f0413d0b700 1 -- 172.21.15.100:0/4207542484 shutdown_connections
2024-04-30T23:03:31.362 INFO:teuthology.orchestra.run.smithi100.stdout:/usr/bin/ceph: stderr
2024-04-30T23:03:30.557+0000 7f0413d0b700 1 -- 172.21.15.100:0/4207542484 wait complete.
2024-04-30T23:03:31.362 INFO:teuthology.orchestra.run.smithi100.stdout:/usr/bin/ceph: stderr
2024-04-30T23:03:30.558+0000 7f0413d0b700 1 Processor -- start
2024-04-30T23:03:31.362 INFO:teuthology.orchestra.run.smithi100.stdout:/usr/bin/ceph: stderr
2024-04-30T23:03:30.558+0000 7f0413d0b700 1 -- start start
2024-04-30T23:03:31.362 INFO:teuthology.orchestra.run.smithi100.stdout:/usr/bin/ceph: stderr
2024-04-30T23:03:30.558+0000 7f0413d0b700 1 --2- >> [v2:172.21.15.100:3300/0,v1:172.21.15.100:6789/0] conn(0x7f040c19dcd0 0x7f040c19e0e0 unknown :-1 s=NONE pgs=0 cs=0 l=1 rev1=0 crypto rx=0 tx=0 comp rx=0 tx=0).connect
2024-04-30T23:03:31.362 INFO:teuthology.orchestra.run.smithi100.stdout:/usr/bin/ceph: stderr
2024-04-30T23:03:30.558+0000 7f0413d0b700 1 -- --> [v2:172.21.15.100:3300/0,v1:172.21.15.100:6789/0] -- mon_getmap magic: 0 -- 0x7f040c10dc90 con 0x7f040c19dcd0
2024-04-30T23:03:31.362 INFO:teuthology.orchestra.run.smithi100.stdout:/usr/bin/ceph: stderr
2024-04-30T23:03:30.558+0000 7f0411aa7700 1 --2- >> [v2:172.21.15.100:3300/0,v1:172.21.15.100:6789/0] conn(0x7f040c19dcd0 0x7f040c19e0e0 unknown :-1 s=BANNER_CONNECTING pgs=0 cs=0 l=1 rev1=0 crypto rx=0 tx=0 comp rx=0 tx=0)._handle_peer_banner_payload supported=3 required=0
2024-04-30T23:03:31.362 INFO:teuthology.orchestra.run.smithi100.stdout:/usr/bin/ceph: stderr
2024-04-30T23:03:30.558+0000 7f0411aa7700 1 --2- >> [v2:172.21.15.100:3300/0,v1:172.21.15.100:6789/0] conn(0x7f040c19dcd0 0x7f040c19e0e0 unknown :-1 s=HELLO_CONNECTING pgs=0 cs=0 l=1 rev1=1 crypto rx=0 tx=0 comp rx=0 tx=0).handle_hello peer v2:172.21.15.100:3300/0 says I am v2:172.21.15.100:39108/0 (socket says 172.21.15.100:39108)
2024-04-30T23:03:31.363 INFO:teuthology.orchestra.run.smithi100.stdout:/usr/bin/ceph: stderr
2024-04-30T23:03:30.558+0000 7f0411aa7700 1 -- 172.21.15.100:0/4073163391 learned_addr learned my addr 172.21.15.100:0/4073163391 (peer_addr_for_me v2:172.21.15.100:0/0)
2024-04-30T23:03:31.363 INFO:teuthology.orchestra.run.smithi100.stdout:/usr/bin/ceph: stderr
2024-04-30T23:03:30.559+0000 7f0411aa7700 1 -- 172.21.15.100:0/4073163391 --> [v2:172.21.15.100:3300/0,v1:172.21.15.100:6789/0] -- mon_subscribe({config=0+,monmap=0+}) -- 0x7f040c19e660 con 0x7f040c19dcd0
2024-04-30T23:03:31.363 INFO:teuthology.orchestra.run.smithi100.stdout:/usr/bin/ceph: stderr
2024-04-30T23:03:30.559+0000 7f0411aa7700 1 --2- 172.21.15.100:0/4073163391 >> [v2:172.21.15.100:3300/0,v1:172.21.15.100:6789/0] conn(0x7f040c19dcd0 0x7f040c19e0e0 secure :-1 s=READY pgs=38 cs=0 l=1 rev1=1 crypto rx=0x7f0408009e50 tx=0x7f040800bd50 comp rx=0 tx=0).ready entity=mon.0 client_cookie=0 server_cookie=0 in_seq=0 out_seq=0
2024-04-30T23:03:31.363 INFO:teuthology.orchestra.run.smithi100.stdout:/usr/bin/ceph: stderr
2024-04-30T23:03:30.559+0000 7f0402ffd700 1 -- 172.21.15.100:0/4073163391 <== mon.0 v2:172.21.15.100:3300/0 1 ==== mon_map magic: 0 ==== 205+0+0 (secure 0 0 0) 0x7f0408021020 con 0x7f040c19dcd0
2024-04-30T23:03:31.363 INFO:teuthology.orchestra.run.smithi100.stdout:/usr/bin/ceph: stderr
2024-04-30T23:03:30.559+0000 7f0413d0b700 1 -- 172.21.15.100:0/4073163391 --> [v2:172.21.15.100:3300/0,v1:172.21.15.100:6789/0] -- mon_subscribe({mgrmap=0+}) -- 0x7f040c19e8f0 con 0x7f040c19dcd0
2024-04-30T23:03:31.363 INFO:teuthology.orchestra.run.smithi100.stdout:/usr/bin/ceph: stderr
2024-04-30T23:03:30.559+0000 7f0402ffd700 1 -- 172.21.15.100:0/4073163391 <== mon.0 v2:172.21.15.100:3300/0 2 ==== config(26 keys) ==== 1070+0+0 (secure 0 0 0) 0x7f040801d470 con 0x7f040c19dcd0
2024-04-30T23:03:31.363 INFO:teuthology.orchestra.run.smithi100.stdout:/usr/bin/ceph: stderr
2024-04-30T23:03:30.559+0000 7f0402ffd700 1 -- 172.21.15.100:0/4073163391 <== mon.0 v2:172.21.15.100:3300/0 3 ==== mon_map magic: 0 ==== 205+0+0 (secure 0 0 0) 0x7f0408017040 con 0x7f040c19dcd0
2024-04-30T23:03:31.363 INFO:teuthology.orchestra.run.smithi100.stdout:/usr/bin/ceph: stderr
2024-04-30T23:03:30.559+0000 7f0413d0b700 1 -- 172.21.15.100:0/4073163391 --> [v2:172.21.15.100:3300/0,v1:172.21.15.100:6789/0] -- mon_subscribe({osdmap=0}) -- 0x7f040c1a1490 con 0x7f040c19dcd0
2024-04-30T23:03:31.363 INFO:teuthology.orchestra.run.smithi100.stdout:/usr/bin/ceph: stderr
2024-04-30T23:03:30.560+0000 7f0402ffd700 1 -- 172.21.15.100:0/4073163391 <== mon.0 v2:172.21.15.100:3300/0 4 ==== mgrmap(e 7) ==== 46452+0+0 (secure 0 0 0) 0x7f0408024020 con 0x7f040c19dcd0
2024-04-30T23:03:31.363 INFO:teuthology.orchestra.run.smithi100.stdout:/usr/bin/ceph: stderr
2024-04-30T23:03:30.560+0000 7f0413d0b700 1 -- 172.21.15.100:0/4073163391 --> [v2:172.21.15.100:3300/0,v1:172.21.15.100:6789/0] -- mon_command({"prefix": "get_command_descriptions"} v 0) -- 0x7f040c064d30 con 0x7f040c19dcd0
2024-04-30T23:03:31.363 INFO:teuthology.orchestra.run.smithi100.stdout:/usr/bin/ceph: stderr
2024-04-30T23:03:30.560+0000 7f0402ffd700 1 --2- 172.21.15.100:0/4073163391 >> [v2:172.21.15.100:6800/642565197,v1:172.21.15.100:6801/642565197] conn(0x7f03f8039450 0x7f03f803b960 unknown :-1 s=NONE pgs=0 cs=0 l=1 rev1=0 crypto rx=0 tx=0 comp rx=0 tx=0).connect
2024-04-30T23:03:31.363 INFO:teuthology.orchestra.run.smithi100.stdout:/usr/bin/ceph: stderr
2024-04-30T23:03:30.560+0000 7f0402ffd700 1 -- 172.21.15.100:0/4073163391 <== mon.0 v2:172.21.15.100:3300/0 5 ==== osd_map(2..2 src has 1..2) ==== 940+0+0 (secure 0 0 0) 0x7f040800f050 con 0x7f040c19dcd0
2024-04-30T23:03:31.363 INFO:teuthology.orchestra.run.smithi100.stdout:/usr/bin/ceph: stderr
2024-04-30T23:03:30.560+0000 7f04112a6700 1 --2- 172.21.15.100:0/4073163391 >> [v2:172.21.15.100:6800/642565197,v1:172.21.15.100:6801/642565197] conn(0x7f03f8039450 0x7f03f803b960 unknown :-1 s=BANNER_CONNECTING pgs=0 cs=0 l=1 rev1=0 crypto rx=0 tx=0 comp rx=0 tx=0)._handle_peer_banner_payload supported=3 required=0
2024-04-30T23:03:31.364 INFO:teuthology.orchestra.run.smithi100.stdout:/usr/bin/ceph: stderr
2024-04-30T23:03:30.561+0000 7f04112a6700 1 --2- 172.21.15.100:0/4073163391 >> [v2:172.21.15.100:6800/642565197,v1:172.21.15.100:6801/642565197] conn(0x7f03f8039450 0x7f03f803b960 secure :-1 s=READY pgs=7 cs=0 l=1 rev1=1 crypto rx=0x7f03fc006fd0 tx=0x7f03fc006e40 comp rx=0 tx=0).ready entity=mgr.14120 client_cookie=0 server_cookie=0 in_seq=0 out_seq=0
2024-04-30T23:03:31.364 INFO:teuthology.orchestra.run.smithi100.stdout:/usr/bin/ceph: stderr
2024-04-30T23:03:30.566+0000 7f0402ffd700 1 -- 172.21.15.100:0/4073163391 <== mon.0 v2:172.21.15.100:3300/0 6 ==== mon_command_ack([{"prefix": "get_command_descriptions"}]=0 v0) ==== 72+0+188370 (secure 0 0 0) 0x7f040802b020 con 0x7f040c19dcd0
2024-04-30T23:03:31.364 INFO:teuthology.orchestra.run.smithi100.stdout:/usr/bin/ceph: stderr
2024-04-30T23:03:30.584+0000 7f0402ffd700 1 -- 172.21.15.100:0/4073163391 <== mon.0 v2:172.21.15.100:3300/0 7 ==== mgrmap(e 8) ==== 46558+0+0 (secure 0 0 0) 0x7f0408012ae0 con 0x7f040c19dcd0
2024-04-30T23:03:31.364 INFO:teuthology.orchestra.run.smithi100.stdout:/usr/bin/ceph: stderr
2024-04-30T23:03:30.781+0000 7f0413d0b700 1 -- 172.21.15.100:0/4073163391 --> [v2:172.21.15.100:6800/642565197,v1:172.21.15.100:6801/642565197] -- mgr_command(tid 0: {"prefix": "orch set backend", "module_name": "cephadm", "target": ["mon-mgr", ""]}) -- 0x7f040c02e9b0 con 0x7f03f8039450
2024-04-30T23:03:31.364 INFO:teuthology.orchestra.run.smithi100.stdout:/usr/bin/ceph: stderr
2024-04-30T23:03:30.787+0000 7f0402ffd700 1 -- 172.21.15.100:0/4073163391 <== mgr.14120 v2:172.21.15.100:6800/642565197 1 ==== mgr_command_reply(tid 0: 0 ) ==== 8+0+0 (secure 0 0 0) 0x7f03fc00a040 con 0x7f03f8039450
2024-04-30T23:03:31.364 INFO:teuthology.orchestra.run.smithi100.stdout:/usr/bin/ceph: stderr
2024-04-30T23:03:30.789+0000 7f0413d0b700 1 -- 172.21.15.100:0/4073163391 >> [v2:172.21.15.100:6800/642565197,v1:172.21.15.100:6801/642565197] conn(0x7f03f8039450 msgr2=0x7f03f803b960 secure :-1 s=STATE_CONNECTION_ESTABLISHED l=1).mark_down
2024-04-30T23:03:31.364 INFO:teuthology.orchestra.run.smithi100.stdout:/usr/bin/ceph: stderr
2024-04-30T23:03:30.789+0000 7f0413d0b700 1 --2- 172.21.15.100:0/4073163391 >> [v2:172.21.15.100:6800/642565197,v1:172.21.15.100:6801/642565197] conn(0x7f03f8039450 0x7f03f803b960 secure :-1 s=READY pgs=7 cs=0 l=1 rev1=1 crypto rx=0x7f03fc006fd0 tx=0x7f03fc006e40 comp rx=0 tx=0).stop
2024-04-30T23:03:31.364 INFO:teuthology.orchestra.run.smithi100.stdout:/usr/bin/ceph: stderr
2024-04-30T23:03:30.789+0000 7f0413d0b700 1 -- 172.21.15.100:0/4073163391 >> [v2:172.21.15.100:3300/0,v1:172.21.15.100:6789/0] conn(0x7f040c19dcd0 msgr2=0x7f040c19e0e0 secure :-1 s=STATE_CONNECTION_ESTABLISHED l=1).mark_down
2024-04-30T23:03:31.364 INFO:teuthology.orchestra.run.smithi100.stdout:/usr/bin/ceph: stderr
2024-04-30T23:03:30.789+0000 7f0413d0b700 1 --2- 172.21.15.100:0/4073163391 >> [v2:172.21.15.100:3300/0,v1:172.21.15.100:6789/0] conn(0x7f040c19dcd0 0x7f040c19e0e0 secure :-1 s=READY pgs=38 cs=0 l=1 rev1=1 crypto rx=0x7f0408009e50 tx=0x7f040800bd50 comp rx=0 tx=0).stop
2024-04-30T23:03:31.364 INFO:teuthology.orchestra.run.smithi100.stdout:/usr/bin/ceph: stderr
2024-04-30T23:03:30.789+0000 7f0413d0b700 1 -- 172.21.15.100:0/4073163391 shutdown_connections
2024-04-30T23:03:31.364 INFO:teuthology.orchestra.run.smithi100.stdout:/usr/bin/ceph: stderr
2024-04-30T23:03:30.789+0000 7f0413d0b700 1 --2- 172.21.15.100:0/4073163391 >> [v2:172.21.15.100:6800/642565197,v1:172.21.15.100:6801/642565197] conn(0x7f03f8039450 0x7f03f803b960 unknown :-1 s=CLOSED pgs=7 cs=0 l=1 rev1=1 crypto rx=0 tx=0 comp rx=0 tx=0).stop
2024-04-30T23:03:31.364 INFO:teuthology.orchestra.run.smithi100.stdout:/usr/bin/ceph: stderr
2024-04-30T23:03:30.789+0000 7f0413d0b700 1 --2- 172.21.15.100:0/4073163391 >> [v2:172.21.15.100:3300/0,v1:172.21.15.100:6789/0] conn(0x7f040c19dcd0 0x7f040c19e0e0 unknown :-1 s=CLOSED pgs=38 cs=0 l=1 rev1=1 crypto rx=0 tx=0 comp rx=0 tx=0).stop
2024-04-30T23:03:31.364 INFO:teuthology.orchestra.run.smithi100.stdout:/usr/bin/ceph: stderr
2024-04-30T23:03:30.789+0000 7f0413d0b700 1 -- 172.21.15.100:0/4073163391 >> 172.21.15.100:0/4073163391 conn(0x7f040c103e10 msgr2=0x7f040c1048b0 unknown :-1 s=STATE_NONE l=0).mark_down
2024-04-30T23:03:31.364 INFO:teuthology.orchestra.run.smithi100.stdout:/usr/bin/ceph: stderr
2024-04-30T23:03:30.789+0000 7f0413d0b700 1 -- 172.21.15.100:0/4073163391 shutdown_connections
2024-04-30T23:03:31.364 INFO:teuthology.orchestra.run.smithi100.stdout:/usr/bin/ceph: stderr
2024-04-30T23:03:30.789+0000 7f0413d0b700 1 -- 172.21.15.100:0/4073163391 wait complete.
2024-04-30T23:03:31.671 INFO:journalctl@ceph.mon.a.smithi100.stdout:Apr 30 23:03:31 smithi100 ceph-mon[29745]: mgrmap e8: x(active, since 2s)
2024-04-30T23:03:31.671 INFO:journalctl@ceph.mon.a.smithi100.stdout:Apr 30 23:03:31 smithi100 ceph-mon[29745]: from='mgr.14120 172.21.15.100:0/1580315381' entity='mgr.x'
2024-04-30T23:03:31.671 INFO:journalctl@ceph.mon.a.smithi100.stdout:Apr 30 23:03:31 smithi100 ceph-mon[29745]: from='mgr.14120 172.21.15.100:0/1580315381' entity='mgr.x' cmd=[{"prefix": "config dump", "format": "json"}]: dispatch
2024-04-30T23:03:32.566 INFO:teuthology.orchestra.run.smithi100.stdout:/usr/bin/ceph: stdout value unchanged
2024-04-30T23:03:32.566 INFO:teuthology.orchestra.run.smithi100.stdout:/usr/bin/ceph: stderr
2024-04-30T23:03:31.798+0000 7fd85a306700 1 Processor -- start
2024-04-30T23:03:32.566 INFO:teuthology.orchestra.run.smithi100.stdout:/usr/bin/ceph: stderr
2024-04-30T23:03:31.798+0000 7fd85a306700 1 -- start start
2024-04-30T23:03:32.566 INFO:teuthology.orchestra.run.smithi100.stdout:/usr/bin/ceph: stderr
2024-04-30T23:03:31.798+0000 7fd85a306700 1 --2- >> [v2:172.21.15.100:3300/0,v1:172.21.15.100:6789/0] conn(0x7fd85410a450 0x7fd85410c870 unknown :-1 s=NONE pgs=0 cs=0 l=0 rev1=0 crypto rx=0 tx=0 comp rx=0 tx=0).connect
2024-04-30T23:03:32.566 INFO:teuthology.orchestra.run.smithi100.stdout:/usr/bin/ceph: stderr
2024-04-30T23:03:31.798+0000 7fd85a306700 1 -- --> [v2:172.21.15.100:3300/0,v1:172.21.15.100:6789/0] -- mon_getmap magic: 0 -- 0x7fd85407d5b0 con 0x7fd85410a450
2024-04-30T23:03:32.566 INFO:teuthology.orchestra.run.smithi100.stdout:/usr/bin/ceph: stderr
2024-04-30T23:03:31.799+0000 7fd853fff700 1 --2- >> [v2:172.21.15.100:3300/0,v1:172.21.15.100:6789/0] conn(0x7fd85410a450 0x7fd85410c870 unknown :-1 s=BANNER_CONNECTING pgs=0 cs=0 l=0 rev1=0 crypto rx=0 tx=0 comp rx=0 tx=0)._handle_peer_banner_payload supported=3 required=0
2024-04-30T23:03:32.567 INFO:teuthology.orchestra.run.smithi100.stdout:/usr/bin/ceph: stderr
2024-04-30T23:03:31.799+0000 7fd853fff700 1 --2- >> [v2:172.21.15.100:3300/0,v1:172.21.15.100:6789/0] conn(0x7fd85410a450 0x7fd85410c870 unknown :-1 s=HELLO_CONNECTING pgs=0 cs=0 l=0 rev1=1 crypto rx=0 tx=0 comp rx=0 tx=0).handle_hello peer v2:172.21.15.100:3300/0 says I am v2:172.21.15.100:39112/0 (socket says 172.21.15.100:39112)
2024-04-30T23:03:32.567 INFO:teuthology.orchestra.run.smithi100.stdout:/usr/bin/ceph: stderr
2024-04-30T23:03:31.799+0000 7fd853fff700 1 -- 172.21.15.100:0/3607650476 learned_addr learned my addr 172.21.15.100:0/3607650476 (peer_addr_for_me v2:172.21.15.100:0/0)
2024-04-30T23:03:32.567 INFO:teuthology.orchestra.run.smithi100.stdout:/usr/bin/ceph: stderr
2024-04-30T23:03:31.799+0000 7fd853fff700 1 -- 172.21.15.100:0/3607650476 --> [v2:172.21.15.100:3300/0,v1:172.21.15.100:6789/0] -- mon_subscribe({config=0+,monmap=0+}) -- 0x7fd85410cdb0 con 0x7fd85410a450
2024-04-30T23:03:32.567 INFO:teuthology.orchestra.run.smithi100.stdout:/usr/bin/ceph: stderr
2024-04-30T23:03:31.799+0000 7fd853fff700 1 --2- 172.21.15.100:0/3607650476 >> [v2:172.21.15.100:3300/0,v1:172.21.15.100:6789/0] conn(0x7fd85410a450 0x7fd85410c870 secure :-1 s=READY pgs=39 cs=0 l=1 rev1=1 crypto rx=0x7fd8440098a0 tx=0x7fd844009bb0 comp rx=0 tx=0).ready entity=mon.0 client_cookie=f803fb59bac9c84 server_cookie=0 in_seq=0 out_seq=0
2024-04-30T23:03:32.567 INFO:teuthology.orchestra.run.smithi100.stdout:/usr/bin/ceph: stderr
2024-04-30T23:03:31.799+0000 7fd852ffd700 1 -- 172.21.15.100:0/3607650476 <== mon.0 v2:172.21.15.100:3300/0 1 ==== mon_map magic: 0 ==== 205+0+0 (secure 0 0 0) 0x7fd844004160 con 0x7fd85410a450
2024-04-30T23:03:32.567 INFO:teuthology.orchestra.run.smithi100.stdout:/usr/bin/ceph: stderr
2024-04-30T23:03:31.799+0000 7fd852ffd700 1 -- 172.21.15.100:0/3607650476 <== mon.0 v2:172.21.15.100:3300/0 2 ==== config(26 keys) ==== 1070+0+0 (secure 0 0 0) 0x7fd844004300 con 0x7fd85410a450
2024-04-30T23:03:32.567 INFO:teuthology.orchestra.run.smithi100.stdout:/usr/bin/ceph: stderr
2024-04-30T23:03:31.799+0000 7fd852ffd700 1 -- 172.21.15.100:0/3607650476 <== mon.0 v2:172.21.15.100:3300/0 3 ==== mon_map magic: 0 ==== 205+0+0 (secure 0 0 0) 0x7fd844011af0 con 0x7fd85410a450
2024-04-30T23:03:32.567 INFO:teuthology.orchestra.run.smithi100.stdout:/usr/bin/ceph: stderr
2024-04-30T23:03:31.800+0000 7fd85a306700 1 -- 172.21.15.100:0/3607650476 >> [v2:172.21.15.100:3300/0,v1:172.21.15.100:6789/0] conn(0x7fd85410a450 msgr2=0x7fd85410c870 secure :-1 s=STATE_CONNECTION_ESTABLISHED l=1).mark_down
2024-04-30T23:03:32.567 INFO:teuthology.orchestra.run.smithi100.stdout:/usr/bin/ceph: stderr
2024-04-30T23:03:31.800+0000 7fd85a306700 1 --2- 172.21.15.100:0/3607650476 >> [v2:172.21.15.100:3300/0,v1:172.21.15.100:6789/0] conn(0x7fd85410a450 0x7fd85410c870 secure :-1 s=READY pgs=39 cs=0 l=1 rev1=1 crypto rx=0x7fd8440098a0 tx=0x7fd844009bb0 comp rx=0 tx=0).stop
2024-04-30T23:03:32.567 INFO:teuthology.orchestra.run.smithi100.stdout:/usr/bin/ceph: stderr
2024-04-30T23:03:31.800+0000 7fd85a306700 1 -- 172.21.15.100:0/3607650476 shutdown_connections
2024-04-30T23:03:32.567 INFO:teuthology.orchestra.run.smithi100.stdout:/usr/bin/ceph: stderr
2024-04-30T23:03:31.800+0000 7fd85a306700 1 --2- 172.21.15.100:0/3607650476 >> [v2:172.21.15.100:3300/0,v1:172.21.15.100:6789/0] conn(0x7fd85410a450 0x7fd85410c870 unknown :-1 s=CLOSED pgs=39 cs=0 l=1 rev1=1 crypto rx=0 tx=0 comp rx=0 tx=0).stop
2024-04-30T23:03:32.567 INFO:teuthology.orchestra.run.smithi100.stdout:/usr/bin/ceph: stderr
2024-04-30T23:03:31.800+0000 7fd85a306700 1 -- 172.21.15.100:0/3607650476 >> 172.21.15.100:0/3607650476 conn(0x7fd854103df0 msgr2=0x7fd8541062a0 unknown :-1 s=STATE_NONE l=0).mark_down
2024-04-30T23:03:32.567 INFO:teuthology.orchestra.run.smithi100.stdout:/usr/bin/ceph: stderr
2024-04-30T23:03:31.800+0000 7fd85a306700 1 -- 172.21.15.100:0/3607650476 shutdown_connections
2024-04-30T23:03:32.568 INFO:teuthology.orchestra.run.smithi100.stdout:/usr/bin/ceph: stderr
2024-04-30T23:03:31.800+0000 7fd85a306700 1 -- 172.21.15.100:0/3607650476 wait complete.
2024-04-30T23:03:32.568 INFO:teuthology.orchestra.run.smithi100.stdout:/usr/bin/ceph: stderr
2024-04-30T23:03:31.801+0000 7fd85a306700 1 Processor -- start
2024-04-30T23:03:32.568 INFO:teuthology.orchestra.run.smithi100.stdout:/usr/bin/ceph: stderr
2024-04-30T23:03:31.801+0000 7fd85a306700 1 -- start start
2024-04-30T23:03:32.568 INFO:teuthology.orchestra.run.smithi100.stdout:/usr/bin/ceph: stderr
2024-04-30T23:03:31.801+0000 7fd85a306700 1 --2- >> [v2:172.21.15.100:3300/0,v1:172.21.15.100:6789/0] conn(0x7fd85410a450 0x7fd85419dc90 unknown :-1 s=NONE pgs=0 cs=0 l=1 rev1=0 crypto rx=0 tx=0 comp rx=0 tx=0).connect
2024-04-30T23:03:32.568 INFO:teuthology.orchestra.run.smithi100.stdout:/usr/bin/ceph: stderr
2024-04-30T23:03:31.801+0000 7fd85a306700 1 -- --> [v2:172.21.15.100:3300/0,v1:172.21.15.100:6789/0] -- mon_getmap magic: 0 -- 0x7fd85410dcb0 con 0x7fd85410a450
2024-04-30T23:03:32.568 INFO:teuthology.orchestra.run.smithi100.stdout:/usr/bin/ceph: stderr
2024-04-30T23:03:31.802+0000 7fd853fff700 1 --2- >> [v2:172.21.15.100:3300/0,v1:172.21.15.100:6789/0] conn(0x7fd85410a450 0x7fd85419dc90 unknown :-1 s=BANNER_CONNECTING pgs=0 cs=0 l=1 rev1=0 crypto rx=0 tx=0 comp rx=0 tx=0)._handle_peer_banner_payload supported=3 required=0
2024-04-30T23:03:32.568 INFO:teuthology.orchestra.run.smithi100.stdout:/usr/bin/ceph: stderr
2024-04-30T23:03:31.802+0000 7fd853fff700 1 --2- >> [v2:172.21.15.100:3300/0,v1:172.21.15.100:6789/0] conn(0x7fd85410a450 0x7fd85419dc90 unknown :-1 s=HELLO_CONNECTING pgs=0 cs=0 l=1 rev1=1 crypto rx=0 tx=0 comp rx=0 tx=0).handle_hello peer v2:172.21.15.100:3300/0 says I am v2:172.21.15.100:39128/0 (socket says 172.21.15.100:39128)
2024-04-30T23:03:32.568 INFO:teuthology.orchestra.run.smithi100.stdout:/usr/bin/ceph: stderr
2024-04-30T23:03:31.802+0000 7fd853fff700 1 -- 172.21.15.100:0/515830757 learned_addr learned my addr 172.21.15.100:0/515830757 (peer_addr_for_me v2:172.21.15.100:0/0)
2024-04-30T23:03:32.568 INFO:teuthology.orchestra.run.smithi100.stdout:/usr/bin/ceph: stderr
2024-04-30T23:03:31.802+0000 7fd853fff700 1 -- 172.21.15.100:0/515830757 --> [v2:172.21.15.100:3300/0,v1:172.21.15.100:6789/0] -- mon_subscribe({config=0+,monmap=0+}) -- 0x7fd85419e1d0 con 0x7fd85410a450
2024-04-30T23:03:32.568 INFO:teuthology.orchestra.run.smithi100.stdout:/usr/bin/ceph: stderr
2024-04-30T23:03:31.802+0000 7fd853fff700 1 --2- 172.21.15.100:0/515830757 >> [v2:172.21.15.100:3300/0,v1:172.21.15.100:6789/0] conn(0x7fd85410a450 0x7fd85419dc90 secure :-1 s=READY pgs=40 cs=0 l=1 rev1=1 crypto rx=0x7fd844009fb0 tx=0x7fd844011940 comp rx=0 tx=0).ready entity=mon.0 client_cookie=0 server_cookie=0 in_seq=0 out_seq=0
2024-04-30T23:03:32.568 INFO:teuthology.orchestra.run.smithi100.stdout:/usr/bin/ceph: stderr
2024-04-30T23:03:31.802+0000 7fd8517fa700 1 -- 172.21.15.100:0/515830757 <== mon.0 v2:172.21.15.100:3300/0 1 ==== mon_map magic: 0 ==== 205+0+0 (secure 0 0 0) 0x7fd8440036a0 con 0x7fd85410a450
2024-04-30T23:03:32.568 INFO:teuthology.orchestra.run.smithi100.stdout:/usr/bin/ceph: stderr
2024-04-30T23:03:31.802+0000 7fd85a306700 1 -- 172.21.15.100:0/515830757 --> [v2:172.21.15.100:3300/0,v1:172.21.15.100:6789/0] -- mon_subscribe({mgrmap=0+}) -- 0x7fd85419e460 con 0x7fd85410a450
2024-04-30T23:03:32.568 INFO:teuthology.orchestra.run.smithi100.stdout:/usr/bin/ceph: stderr
2024-04-30T23:03:31.802+0000 7fd8517fa700 1 -- 172.21.15.100:0/515830757 <== mon.0 v2:172.21.15.100:3300/0 2 ==== config(26 keys) ==== 1070+0+0 (secure 0 0 0) 0x7fd84401a430 con 0x7fd85410a450
2024-04-30T23:03:32.568 INFO:teuthology.orchestra.run.smithi100.stdout:/usr/bin/ceph: stderr
2024-04-30T23:03:31.802+0000 7fd8517fa700 1 -- 172.21.15.100:0/515830757 <== mon.0 v2:172.21.15.100:3300/0 3 ==== mon_map magic: 0 ==== 205+0+0 (secure 0 0 0) 0x7fd844019550 con 0x7fd85410a450
2024-04-30T23:03:32.569 INFO:teuthology.orchestra.run.smithi100.stdout:/usr/bin/ceph: stderr
2024-04-30T23:03:31.802+0000 7fd85a306700 1 -- 172.21.15.100:0/515830757 --> [v2:172.21.15.100:3300/0,v1:172.21.15.100:6789/0] -- mon_subscribe({osdmap=0}) -- 0x7fd8541a1070 con 0x7fd85410a450
2024-04-30T23:03:32.569 INFO:teuthology.orchestra.run.smithi100.stdout:/usr/bin/ceph: stderr
2024-04-30T23:03:31.803+0000 7fd8517fa700 1 -- 172.21.15.100:0/515830757 <== mon.0 v2:172.21.15.100:3300/0 4 ==== mgrmap(e 8) ==== 46558+0+0 (secure 0 0 0) 0x7fd844019800 con 0x7fd85410a450
2024-04-30T23:03:32.569 INFO:teuthology.orchestra.run.smithi100.stdout:/usr/bin/ceph: stderr
2024-04-30T23:03:31.803+0000 7fd85a306700 1 -- 172.21.15.100:0/515830757 --> [v2:172.21.15.100:3300/0,v1:172.21.15.100:6789/0] -- mon_command({"prefix": "get_command_descriptions"} v 0) -- 0x7fd854064d30 con 0x7fd85410a450
2024-04-30T23:03:32.569 INFO:teuthology.orchestra.run.smithi100.stdout:/usr/bin/ceph: stderr
2024-04-30T23:03:31.803+0000 7fd8517fa700 1 --2- 172.21.15.100:0/515830757 >> [v2:172.21.15.100:6800/642565197,v1:172.21.15.100:6801/642565197] conn(0x7fd83c0395b0 0x7fd83c03bac0 unknown :-1 s=NONE pgs=0 cs=0 l=1 rev1=0 crypto rx=0 tx=0 comp rx=0 tx=0).connect
2024-04-30T23:03:32.569 INFO:teuthology.orchestra.run.smithi100.stdout:/usr/bin/ceph: stderr
2024-04-30T23:03:31.803+0000 7fd8517fa700 1 -- 172.21.15.100:0/515830757 <== mon.0 v2:172.21.15.100:3300/0 5 ==== osd_map(2..2 src has 1..2) ==== 940+0+0 (secure 0 0 0) 0x7fd84404d900 con 0x7fd85410a450
2024-04-30T23:03:32.569 INFO:teuthology.orchestra.run.smithi100.stdout:/usr/bin/ceph: stderr
2024-04-30T23:03:31.803+0000 7fd8537fe700 1 --2- 172.21.15.100:0/515830757 >> [v2:172.21.15.100:6800/642565197,v1:172.21.15.100:6801/642565197] conn(0x7fd83c0395b0 0x7fd83c03bac0 unknown :-1 s=BANNER_CONNECTING pgs=0 cs=0 l=1 rev1=0 crypto rx=0 tx=0 comp rx=0 tx=0)._handle_peer_banner_payload supported=3 required=0
2024-04-30T23:03:32.569 INFO:teuthology.orchestra.run.smithi100.stdout:/usr/bin/ceph: stderr
2024-04-30T23:03:31.804+0000 7fd8537fe700 1 --2- 172.21.15.100:0/515830757 >> [v2:172.21.15.100:6800/642565197,v1:172.21.15.100:6801/642565197] conn(0x7fd83c0395b0 0x7fd83c03bac0 secure :-1 s=READY pgs=8 cs=0 l=1 rev1=1 crypto rx=0x7fd848006fd0 tx=0x7fd848006e40 comp rx=0 tx=0).ready entity=mgr.14120 client_cookie=0 server_cookie=0 in_seq=0 out_seq=0
2024-04-30T23:03:32.569 INFO:teuthology.orchestra.run.smithi100.stdout:/usr/bin/ceph: stderr
2024-04-30T23:03:31.809+0000 7fd8517fa700 1 -- 172.21.15.100:0/515830757 <== mon.0 v2:172.21.15.100:3300/0 6 ==== mon_command_ack([{"prefix": "get_command_descriptions"}]=0 v0) ==== 72+0+188370 (secure 0 0 0) 0x7fd844020240 con 0x7fd85410a450
2024-04-30T23:03:32.569 INFO:teuthology.orchestra.run.smithi100.stdout:/usr/bin/ceph: stderr
2024-04-30T23:03:32.004+0000 7fd85a306700 1 -- 172.21.15.100:0/515830757 --> [v2:172.21.15.100:6800/642565197,v1:172.21.15.100:6801/642565197] -- mgr_command(tid 0: {"prefix": "cephadm set-user", "user": "root", "target": ["mon-mgr", ""]}) -- 0x7fd854104df0 con 0x7fd83c0395b0
2024-04-30T23:03:32.569 INFO:teuthology.orchestra.run.smithi100.stdout:/usr/bin/ceph: stderr
2024-04-30T23:03:32.005+0000 7fd8517fa700 1 -- 172.21.15.100:0/515830757 <== mgr.14120 v2:172.21.15.100:6800/642565197 1 ==== mgr_command_reply(tid 0: 0 ) ==== 8+0+16 (secure 0 0 0) 0x7fd854104df0 con 0x7fd83c0395b0
2024-04-30T23:03:32.569 INFO:teuthology.orchestra.run.smithi100.stdout:/usr/bin/ceph: stderr
2024-04-30T23:03:32.007+0000 7fd85a306700 1 -- 172.21.15.100:0/515830757 >> [v2:172.21.15.100:6800/642565197,v1:172.21.15.100:6801/642565197] conn(0x7fd83c0395b0 msgr2=0x7fd83c03bac0 secure :-1 s=STATE_CONNECTION_ESTABLISHED l=1).mark_down
2024-04-30T23:03:32.569 INFO:teuthology.orchestra.run.smithi100.stdout:/usr/bin/ceph: stderr
2024-04-30T23:03:32.007+0000 7fd85a306700 1 --2- 172.21.15.100:0/515830757 >> [v2:172.21.15.100:6800/642565197,v1:172.21.15.100:6801/642565197] conn(0x7fd83c0395b0 0x7fd83c03bac0 secure :-1 s=READY pgs=8 cs=0 l=1 rev1=1 crypto rx=0x7fd848006fd0 tx=0x7fd848006e40 comp rx=0 tx=0).stop
2024-04-30T23:03:32.569 INFO:teuthology.orchestra.run.smithi100.stdout:/usr/bin/ceph: stderr
2024-04-30T23:03:32.007+0000 7fd85a306700 1 -- 172.21.15.100:0/515830757 >> [v2:172.21.15.100:3300/0,v1:172.21.15.100:6789/0] conn(0x7fd85410a450 msgr2=0x7fd85419dc90 secure :-1 s=STATE_CONNECTION_ESTABLISHED l=1).mark_down
2024-04-30T23:03:32.569 INFO:teuthology.orchestra.run.smithi100.stdout:/usr/bin/ceph: stderr
2024-04-30T23:03:32.007+0000 7fd85a306700 1 --2- 172.21.15.100:0/515830757 >> [v2:172.21.15.100:3300/0,v1:172.21.15.100:6789/0] conn(0x7fd85410a450 0x7fd85419dc90 secure :-1 s=READY pgs=40 cs=0 l=1 rev1=1 crypto rx=0x7fd844009fb0 tx=0x7fd844011940 comp rx=0 tx=0).stop
2024-04-30T23:03:32.570 INFO:teuthology.orchestra.run.smithi100.stdout:/usr/bin/ceph: stderr
2024-04-30T23:03:32.007+0000 7fd85a306700 1 -- 172.21.15.100:0/515830757 shutdown_connections
2024-04-30T23:03:32.570 INFO:teuthology.orchestra.run.smithi100.stdout:/usr/bin/ceph: stderr
2024-04-30T23:03:32.007+0000 7fd85a306700 1 --2- 172.21.15.100:0/515830757 >> [v2:172.21.15.100:6800/642565197,v1:172.21.15.100:6801/642565197] conn(0x7fd83c0395b0 0x7fd83c03bac0 unknown :-1 s=CLOSED pgs=8 cs=0 l=1 rev1=1 crypto rx=0 tx=0 comp rx=0 tx=0).stop
2024-04-30T23:03:32.570 INFO:teuthology.orchestra.run.smithi100.stdout:/usr/bin/ceph: stderr
2024-04-30T23:03:32.007+0000 7fd85a306700 1 --2- 172.21.15.100:0/515830757 >> [v2:172.21.15.100:3300/0,v1:172.21.15.100:6789/0] conn(0x7fd85410a450 0x7fd85419dc90 unknown :-1 s=CLOSED pgs=40 cs=0 l=1 rev1=1 crypto rx=0 tx=0 comp rx=0 tx=0).stop
2024-04-30T23:03:32.570 INFO:teuthology.orchestra.run.smithi100.stdout:/usr/bin/ceph: stderr
2024-04-30T23:03:32.007+0000 7fd85a306700 1 -- 172.21.15.100:0/515830757 >> 172.21.15.100:0/515830757 conn(0x7fd854103df0 msgr2=0x7fd8541046e0 unknown :-1 s=STATE_NONE l=0).mark_down
2024-04-30T23:03:32.570 INFO:teuthology.orchestra.run.smithi100.stdout:/usr/bin/ceph: stderr
2024-04-30T23:03:32.007+0000 7fd85a306700 1 -- 172.21.15.100:0/515830757 shutdown_connections
2024-04-30T23:03:32.570 INFO:teuthology.orchestra.run.smithi100.stdout:/usr/bin/ceph: stderr
2024-04-30T23:03:32.007+0000 7fd85a306700 1 -- 172.21.15.100:0/515830757 wait complete.
2024-04-30T23:03:32.570 INFO:teuthology.orchestra.run.smithi100.stdout:Generating ssh key...
2024-04-30T23:03:32.817 INFO:journalctl@ceph.mon.a.smithi100.stdout:Apr 30 23:03:32 smithi100 ceph-mon[29745]: from='client.14132 -' entity='client.admin' cmd=[{"prefix": "orch set backend", "module_name": "cephadm", "target": ["mon-mgr", ""]}]: dispatch
2024-04-30T23:03:33.797 INFO:journalctl@ceph.mon.a.smithi100.stdout:Apr 30 23:03:33 smithi100 ceph-mon[29745]: from='client.14134 -' entity='client.admin' cmd=[{"prefix": "cephadm set-user", "user": "root", "target": ["mon-mgr", ""]}]: dispatch
2024-04-30T23:03:33.797 INFO:journalctl@ceph.mon.a.smithi100.stdout:Apr 30 23:03:33 smithi100 ceph-mon[29745]: from='mgr.14120 172.21.15.100:0/1580315381' entity='mgr.x'
2024-04-30T23:03:33.798 INFO:journalctl@ceph.mon.a.smithi100.stdout:Apr 30 23:03:33 smithi100 ceph-mon[29745]: from='mgr.14120 172.21.15.100:0/1580315381' entity='mgr.x'
2024-04-30T23:03:33.798 INFO:journalctl@ceph.mgr.x.smithi100.stdout:Apr 30 23:03:33 smithi100 ceph-a34a4a58-0745-11ef-bc93-c7b262605968-mgr-x[29980]: Generating public/private rsa key pair.
2024-04-30T23:03:33.798 INFO:journalctl@ceph.mgr.x.smithi100.stdout:Apr 30 23:03:33 smithi100 ceph-a34a4a58-0745-11ef-bc93-c7b262605968-mgr-x[29980]: Your identification has been saved in /tmp/tmp84f4j1w2/key.
2024-04-30T23:03:33.798 INFO:journalctl@ceph.mgr.x.smithi100.stdout:Apr 30 23:03:33 smithi100 ceph-a34a4a58-0745-11ef-bc93-c7b262605968-mgr-x[29980]: Your public key has been saved in /tmp/tmp84f4j1w2/key.pub.
2024-04-30T23:03:33.798 INFO:journalctl@ceph.mgr.x.smithi100.stdout:Apr 30 23:03:33 smithi100 ceph-a34a4a58-0745-11ef-bc93-c7b262605968-mgr-x[29980]: The key fingerprint is:
2024-04-30T23:03:33.798 INFO:journalctl@ceph.mgr.x.smithi100.stdout:Apr 30 23:03:33 smithi100 ceph-a34a4a58-0745-11ef-bc93-c7b262605968-mgr-x[29980]: SHA256:yRVNQ1jmhjtsmya7K+ZY3bELmejFUCTMi+qtdLlyjM8 ceph-a34a4a58-0745-11ef-bc93-c7b262605968
2024-04-30T23:03:33.798 INFO:journalctl@ceph.mgr.x.smithi100.stdout:Apr 30 23:03:33 smithi100 ceph-a34a4a58-0745-11ef-bc93-c7b262605968-mgr-x[29980]: The key's randomart image is:
2024-04-30T23:03:33.798 INFO:journalctl@ceph.mgr.x.smithi100.stdout:Apr 30 23:03:33 smithi100 ceph-a34a4a58-0745-11ef-bc93-c7b262605968-mgr-x[29980]: +---[RSA 3072]----+
2024-04-30T23:03:33.799 INFO:journalctl@ceph.mgr.x.smithi100.stdout:Apr 30 23:03:33 smithi100 ceph-a34a4a58-0745-11ef-bc93-c7b262605968-mgr-x[29980]: | o. . .** |
2024-04-30T23:03:33.799 INFO:journalctl@ceph.mgr.x.smithi100.stdout:Apr 30 23:03:33 smithi100 ceph-a34a4a58-0745-11ef-bc93-c7b262605968-mgr-x[29980]: | oo .=.. |
2024-04-30T23:03:33.799 INFO:journalctl@ceph.mgr.x.smithi100.stdout:Apr 30 23:03:33 smithi100 ceph-a34a4a58-0745-11ef-bc93-c7b262605968-mgr-x[29980]: | . .. o o |
2024-04-30T23:03:33.799 INFO:journalctl@ceph.mgr.x.smithi100.stdout:Apr 30 23:03:33 smithi100 ceph-a34a4a58-0745-11ef-bc93-c7b262605968-mgr-x[29980]: | . .o + o |
2024-04-30T23:03:33.799 INFO:journalctl@ceph.mgr.x.smithi100.stdout:Apr 30 23:03:33 smithi100 ceph-a34a4a58-0745-11ef-bc93-c7b262605968-mgr-x[29980]: | . . S * |
2024-04-30T23:03:33.799 INFO:journalctl@ceph.mgr.x.smithi100.stdout:Apr 30 23:03:33 smithi100 ceph-a34a4a58-0745-11ef-bc93-c7b262605968-mgr-x[29980]: | . . = = * |
2024-04-30T23:03:33.799 INFO:journalctl@ceph.mgr.x.smithi100.stdout:Apr 30 23:03:33 smithi100 ceph-a34a4a58-0745-11ef-bc93-c7b262605968-mgr-x[29980]: | ..+o o O * |
2024-04-30T23:03:33.799 INFO:journalctl@ceph.mgr.x.smithi100.stdout:Apr 30 23:03:33 smithi100 ceph-a34a4a58-0745-11ef-bc93-c7b262605968-mgr-x[29980]: | .+o+=o. = . |
2024-04-30T23:03:33.799 INFO:journalctl@ceph.mgr.x.smithi100.stdout:Apr 30 23:03:33 smithi100 ceph-a34a4a58-0745-11ef-bc93-c7b262605968-mgr-x[29980]: | .=Eoo.+o. |
2024-04-30T23:03:33.799 INFO:journalctl@ceph.mgr.x.smithi100.stdout:Apr 30 23:03:33 smithi100 ceph-a34a4a58-0745-11ef-bc93-c7b262605968-mgr-x[29980]: +----[SHA256]-----+
2024-04-30T23:03:34.064 INFO:teuthology.orchestra.run.smithi100.stdout:/usr/bin/ceph: stderr
2024-04-30T23:03:33.008+0000 7f7776c0e700 1 Processor -- start
2024-04-30T23:03:34.064 INFO:teuthology.orchestra.run.smithi100.stdout:/usr/bin/ceph: stderr
2024-04-30T23:03:33.008+0000 7f7776c0e700 1 -- start start
2024-04-30T23:03:34.064 INFO:teuthology.orchestra.run.smithi100.stdout:/usr/bin/ceph: stderr
