2022-02-02T13:31:27.510 INFO:teuthology.orchestra.run.smithi045.stderr:/usr/bin/ceph:
2022-02-02T13:31:27.502+0000 7f4338d65700 1 -- --> [v2:172.21.15.45:3300/0,v1:172.21.15.45:6789/0] -- mon_getmap magic: 0 v1 -- 0x7f433410ae90 con 0x7f43340f9ea0
2022-02-02T13:31:27.511 INFO:teuthology.orchestra.run.smithi045.stderr:/usr/bin/ceph:
2022-02-02T13:31:27.502+0000 7f433259c700 1 --2- >> [v2:172.21.15.45:3300/0,v1:172.21.15.45:6789/0] conn(0x7f43340f9ea0 0x7f433410a9a0 unknown :-1 s=BANNER_CONNECTING pgs=0 cs=0 l=1 rev1=0 rx=0 tx=0)._handle_peer_banner_payload supported=1 required=0
2022-02-02T13:31:27.511 INFO:teuthology.orchestra.run.smithi045.stderr:/usr/bin/ceph:
2022-02-02T13:31:27.502+0000 7f433259c700 1 --2- >> [v2:172.21.15.45:3300/0,v1:172.21.15.45:6789/0] conn(0x7f43340f9ea0 0x7f433410a9a0 unknown :-1 s=HELLO_CONNECTING pgs=0 cs=0 l=1 rev1=1 rx=0 tx=0).handle_hello peer v2:172.21.15.45:3300/0 says I am v2:172.21.15.45:50050/0 (socket says 172.21.15.45:50050)
2022-02-02T13:31:27.511 INFO:teuthology.orchestra.run.smithi045.stderr:/usr/bin/ceph:
2022-02-02T13:31:27.502+0000 7f433259c700 1 -- 172.21.15.45:0/216648000 learned_addr learned my addr 172.21.15.45:0/216648000 (peer_addr_for_me v2:172.21.15.45:0/0)
2022-02-02T13:31:27.511 INFO:teuthology.orchestra.run.smithi045.stderr:/usr/bin/ceph:
2022-02-02T13:31:27.503+0000 7f433259c700 1 -- 172.21.15.45:0/216648000 --> [v2:172.21.15.45:3300/0,v1:172.21.15.45:6789/0] -- mon_subscribe({config=0+,monmap=0+}) v3 -- 0x7f432400b200 con 0x7f43340f9ea0
2022-02-02T13:31:27.512 INFO:teuthology.orchestra.run.smithi045.stderr:/usr/bin/ceph:
2022-02-02T13:31:27.503+0000 7f433259c700 1 --2- 172.21.15.45:0/216648000 >> [v2:172.21.15.45:3300/0,v1:172.21.15.45:6789/0] conn(0x7f43340f9ea0 0x7f433410a9a0 secure :-1 s=READY pgs=52 cs=0 l=1 rev1=1 rx=0x7f4324006800 tx=0x7f4324006ee0).ready entity=mon.0 client_cookie=0 server_cookie=0 in_seq=0 out_seq=0
2022-02-02T13:31:27.512 INFO:teuthology.orchestra.run.smithi045.stderr:/usr/bin/ceph:
2022-02-02T13:31:27.503+0000 7f4322ffd700 1 -- 172.21.15.45:0/216648000 <== mon.0 v2:172.21.15.45:3300/0 1 ==== mon_map magic: 0 v1 ==== 229+0+0 (secure 0 0 0) 0x7f432400dec0 con 0x7f43340f9ea0
2022-02-02T13:31:27.512 INFO:teuthology.orchestra.run.smithi045.stderr:/usr/bin/ceph:
2022-02-02T13:31:27.503+0000 7f4338d65700 1 -- 172.21.15.45:0/216648000 --> [v2:172.21.15.45:3300/0,v1:172.21.15.45:6789/0] -- mon_subscribe({mgrmap=0+}) v3 -- 0x7f433410b090 con 0x7f43340f9ea0
2022-02-02T13:31:27.512 INFO:teuthology.orchestra.run.smithi045.stderr:/usr/bin/ceph:
2022-02-02T13:31:27.503+0000 7f4322ffd700 1 -- 172.21.15.45:0/216648000 <== mon.0 v2:172.21.15.45:3300/0 2 ==== config(25 keys) v1 ==== 1047+0+0 (secure 0 0 0) 0x7f432401b8a0 con 0x7f43340f9ea0
2022-02-02T13:31:27.512 INFO:teuthology.orchestra.run.smithi045.stderr:/usr/bin/ceph:
2022-02-02T13:31:27.503+0000 7f4322ffd700 1 -- 172.21.15.45:0/216648000 <== mon.0 v2:172.21.15.45:3300/0 3 ==== mon_map magic: 0 v1 ==== 229+0+0 (secure 0 0 0) 0x7f432401a7b0 con 0x7f43340f9ea0
2022-02-02T13:31:27.513 INFO:teuthology.orchestra.run.smithi045.stderr:/usr/bin/ceph:
2022-02-02T13:31:27.503+0000 7f4338d65700 1 -- 172.21.15.45:0/216648000 --> [v2:172.21.15.45:3300/0,v1:172.21.15.45:6789/0] -- mon_subscribe({osdmap=0}) v3 -- 0x7f433410b520 con 0x7f43340f9ea0
2022-02-02T13:31:27.513 INFO:teuthology.orchestra.run.smithi045.stderr:/usr/bin/ceph:
2022-02-02T13:31:27.504+0000 7f4338d65700 1 -- 172.21.15.45:0/216648000 --> [v2:172.21.15.45:3300/0,v1:172.21.15.45:6789/0] -- mon_command({"prefix": "get_command_descriptions"} v 0) v1 -- 0x7f4334045ad0 con 0x7f43340f9ea0
2022-02-02T13:31:27.513 INFO:teuthology.orchestra.run.smithi045.stderr:/usr/bin/ceph:
2022-02-02T13:31:27.505+0000 7f4322ffd700 1 -- 172.21.15.45:0/216648000 <== mon.0 v2:172.21.15.45:3300/0 4 ==== mgrmap(e 9) v1 ==== 36134+0+0 (secure 0 0 0) 0x7f432402b070 con 0x7f43340f9ea0
2022-02-02T13:31:27.513 INFO:teuthology.orchestra.run.smithi045.stderr:/usr/bin/ceph:
2022-02-02T13:31:27.505+0000 7f4322ffd700 1 --2- 172.21.15.45:0/216648000 >> [v2:172.21.15.45:6800/4005013445,v1:172.21.15.45:6801/4005013445] conn(0x7f431802fe00 0x7f43180322c0 unknown :-1 s=NONE pgs=0 cs=0 l=1 rev1=0 rx=0 tx=0).connect
2022-02-02T13:31:27.514 INFO:teuthology.orchestra.run.smithi045.stderr:/usr/bin/ceph:
2022-02-02T13:31:27.505+0000 7f4322ffd700 1 -- 172.21.15.45:0/216648000 <== mon.0 v2:172.21.15.45:3300/0 5 ==== osd_map(2..2 src has 1..2) v4 ==== 893+0+0 (secure 0 0 0) 0x7f4324041a90 con 0x7f43340f9ea0
2022-02-02T13:31:27.514 INFO:teuthology.orchestra.run.smithi045.stderr:/usr/bin/ceph:
2022-02-02T13:31:27.505+0000 7f4331d9b700 1 -- 172.21.15.45:0/216648000 >> [v2:172.21.15.45:6800/4005013445,v1:172.21.15.45:6801/4005013445] conn(0x7f431802fe00 msgr2=0x7f43180322c0 unknown :-1 s=STATE_CONNECTING_RE l=1).process reconnect failed to v2:172.21.15.45:6800/4005013445
2022-02-02T13:31:27.514 INFO:teuthology.orchestra.run.smithi045.stderr:/usr/bin/ceph:
2022-02-02T13:31:27.505+0000 7f4331d9b700 1 --2- 172.21.15.45:0/216648000 >> [v2:172.21.15.45:6800/4005013445,v1:172.21.15.45:6801/4005013445] conn(0x7f431802fe00 0x7f43180322c0 unknown :-1 s=START_CONNECT pgs=0 cs=0 l=1 rev1=0 rx=0 tx=0)._fault waiting 0.200000
2022-02-02T13:31:27.515 INFO:teuthology.orchestra.run.smithi045.stderr:/usr/bin/ceph:
2022-02-02T13:31:27.509+0000 7f4322ffd700 1 -- 172.21.15.45:0/216648000 <== mon.0 v2:172.21.15.45:3300/0 6 ==== mon_command_ack([{"prefix": "get_command_descriptions"}]=0 v0) v1 ==== 72+0+152212 (secure 0 0 0) 0x7f432401bdf0 con 0x7f43340f9ea0
2022-02-02T13:31:27.708 INFO:teuthology.orchestra.run.smithi045.stderr:/usr/bin/ceph:
2022-02-02T13:31:27.706+0000 7f4331d9b700 1 -- 172.21.15.45:0/216648000 >> [v2:172.21.15.45:6800/4005013445,v1:172.21.15.45:6801/4005013445] conn(0x7f431802fe00 msgr2=0x7f43180322c0 unknown :-1 s=STATE_CONNECTING_RE l=1).process reconnect failed to v2:172.21.15.45:6800/4005013445
2022-02-02T13:31:27.709 INFO:teuthology.orchestra.run.smithi045.stderr:/usr/bin/ceph:
2022-02-02T13:31:27.706+0000 7f4331d9b700 1 --2- 172.21.15.45:0/216648000 >> [v2:172.21.15.45:6800/4005013445,v1:172.21.15.45:6801/4005013445] conn(0x7f431802fe00 0x7f43180322c0 unknown :-1 s=START_CONNECT pgs=0 cs=0 l=1 rev1=0 rx=0 tx=0)._fault waiting 0.400000
2022-02-02T13:31:27.810 INFO:journalctl@ceph.mon.smithi045.smithi045.stdout:Feb 02 13:31:27 smithi045 conmon[32010]: audit
2022-02-02T13:31:26.657025+0000 mon.smithi045 (mon.0) 64 : audit
2022-02-02T13:31:27.811 INFO:journalctl@ceph.mon.smithi045.smithi045.stdout:Feb 02 13:31:27 smithi045 conmon[32010]: [INF] from='client.? 172.21.15.45:0/3121818779' entity='client.admin' cmd='[{"prefix": "mgr module enable", "module": "prometheus"}]': finished
2022-02-02T13:31:27.811 INFO:journalctl@ceph.mon.smithi045.smithi045.stdout:Feb 02 13:31:27 smithi045 conmon[32010]: cluster
2022-02-02T13:31:26.657120+0000 mon.smithi045 (mon.0) 65 : cluster [DBG] mgrmap e9: smithi045.aarcsl(active, since 14s)
2022-02-02T13:31:27.850 INFO:teuthology.orchestra.run.smithi045.stderr:/usr/bin/ceph:
2022-02-02T13:31:27.849+0000 7f4338d65700 1 -- 172.21.15.45:0/216648000 --> [v2:172.21.15.45:6800/4005013445,v1:172.21.15.45:6801/4005013445] -- mgr_command(tid 0: {"prefix": "orch apply", "service_type": "prometheus", "target": ["mon-mgr", ""]}) v1 -- 0x7f433410be40 con 0x7f431802fe00
2022-02-02T13:31:28.108 INFO:teuthology.orchestra.run.smithi045.stderr:/usr/bin/ceph:
2022-02-02T13:31:28.107+0000 7f4331d9b700 1 -- 172.21.15.45:0/216648000 >> [v2:172.21.15.45:6800/4005013445,v1:172.21.15.45:6801/4005013445] conn(0x7f431802fe00 msgr2=0x7f43180322c0 unknown :-1 s=STATE_CONNECTING_RE l=1).process reconnect failed to v2:172.21.15.45:6800/4005013445
2022-02-02T13:31:28.108 INFO:teuthology.orchestra.run.smithi045.stderr:/usr/bin/ceph:
2022-02-02T13:31:28.107+0000 7f4331d9b700 1 --2- 172.21.15.45:0/216648000 >> [v2:172.21.15.45:6800/4005013445,v1:172.21.15.45:6801/4005013445] conn(0x7f431802fe00 0x7f43180322c0 unknown :-1 s=START_CONNECT pgs=0 cs=0 l=1 rev1=0 rx=0 tx=0)._fault waiting 0.800000
2022-02-02T13:31:28.909 INFO:teuthology.orchestra.run.smithi045.stderr:/usr/bin/ceph:
2022-02-02T13:31:28.908+0000 7f4331d9b700 1 -- 172.21.15.45:0/216648000 >> [v2:172.21.15.45:6800/4005013445,v1:172.21.15.45:6801/4005013445] conn(0x7f431802fe00 msgr2=0x7f43180322c0 unknown :-1 s=STATE_CONNECTING_RE l=1).process reconnect failed to v2:172.21.15.45:6800/4005013445
2022-02-02T13:31:28.910 INFO:teuthology.orchestra.run.smithi045.stderr:/usr/bin/ceph:
2022-02-02T13:31:28.908+0000 7f4331d9b700 1 --2- 172.21.15.45:0/216648000 >> [v2:172.21.15.45:6800/4005013445,v1:172.21.15.45:6801/4005013445] conn(0x7f431802fe00 0x7f43180322c0 unknown :-1 s=START_CONNECT pgs=0 cs=0 l=1 rev1=0 rx=0 tx=0)._fault waiting 1.600000
2022-02-02T13:31:30.511 INFO:teuthology.orchestra.run.smithi045.stderr:/usr/bin/ceph:
2022-02-02T13:31:30.509+0000 7f4331d9b700 1 -- 172.21.15.45:0/216648000 >> [v2:172.21.15.45:6800/4005013445,v1:172.21.15.45:6801/4005013445] conn(0x7f431802fe00 msgr2=0x7f43180322c0 unknown :-1 s=STATE_CONNECTING_RE l=1).process reconnect failed to v2:172.21.15.45:6800/4005013445
2022-02-02T13:31:30.512 INFO:teuthology.orchestra.run.smithi045.stderr:/usr/bin/ceph:
2022-02-02T13:31:30.509+0000 7f4331d9b700 1 --2- 172.21.15.45:0/216648000 >> [v2:172.21.15.45:6800/4005013445,v1:172.21.15.45:6801/4005013445] conn(0x7f431802fe00 0x7f43180322c0 unknown :-1 s=START_CONNECT pgs=0 cs=0 l=1 rev1=0 rx=0 tx=0)._fault waiting 3.200000
2022-02-02T13:31:32.879 INFO:teuthology.orchestra.run.smithi045.stderr:/usr/bin/ceph:
2022-02-02T13:31:32.876+0000 7f4322ffd700 1 -- 172.21.15.45:0/216648000 <== mon.0 v2:172.21.15.45:3300/0 7 ==== mgrmap(e 10) v1 ==== 35984+0+0 (secure 0 0 0) 0x7f432400f070 con 0x7f43340f9ea0
2022-02-02T13:31:32.879 INFO:teuthology.orchestra.run.smithi045.stderr:/usr/bin/ceph:
2022-02-02T13:31:32.877+0000 7f4322ffd700 1 -- 172.21.15.45:0/216648000 >> [v2:172.21.15.45:6800/4005013445,v1:172.21.15.45:6801/4005013445] conn(0x7f431802fe00 msgr2=0x7f43180322c0 unknown :-1 s=STATE_CONNECTING l=1).mark_down
2022-02-02T13:31:32.879 INFO:teuthology.orchestra.run.smithi045.stderr:/usr/bin/ceph:
2022-02-02T13:31:32.877+0000 7f4322ffd700 1 --2- 172.21.15.45:0/216648000 >> [v2:172.21.15.45:6800/4005013445,v1:172.21.15.45:6801/4005013445] conn(0x7f431802fe00 0x7f43180322c0 unknown :-1 s=START_CONNECT pgs=0 cs=0 l=1 rev1=0 rx=0 tx=0).stop
2022-02-02T13:31:33.880 INFO:journalctl@ceph.mon.smithi045.smithi045.stdout:Feb 02 13:31:33 smithi045 conmon[32010]: cluster
2022-02-02T13:31:32.611585+0000 mon.smithi045 (mon.0
2022-02-02T13:31:33.881 INFO:journalctl@ceph.mon.smithi045.smithi045.stdout:Feb 02 13:31:33 smithi045 conmon[32010]: ) 66 : cluster [INF] Active manager daemon smithi045.aarcsl restarted
2022-02-02T13:31:33.881 INFO:journalctl@ceph.mon.smithi045.smithi045.stdout:Feb 02 13:31:33 smithi045 conmon[32010]: cluster
2022-02-02T13:31:32.612008+0000 mon.smithi045 (mon.0) 67 : cluster [INF] Activating manager daemon smithi045.aarcsl
2022-02-02T13:31:33.881 INFO:journalctl@ceph.mon.smithi045.smithi045.stdout:Feb 02 13:31:33 smithi045 conmon[32010]: cluster
2022-02-02T13:31:32.613972+0000 mon.smithi045 (mon.0) 68 : cluster [DBG] osdmap e3: 0 total, 0 up, 0 in
2022-02-02T13:31:33.881 INFO:journalctl@ceph.mon.smithi045.smithi045.stdout:Feb 02 13:31:33 smithi045 conmon[32010]: cluster 2022-
2022-02-02T13:31:33.882 INFO:journalctl@ceph.mon.smithi045.smithi045.stdout:Feb 02 13:31:33 smithi045 conmon[32010]: 02-02T13:31:32.879853+0000 mon.smithi045 (mon.0) 69 :
2022-02-02T13:31:33.882 INFO:journalctl@ceph.mon.smithi045.smithi045.stdout:Feb 02 13:31:33 smithi045 conmon[32010]: cluster [DBG] mgrmap e10: smithi045.aarcsl(active, starting, since 0.267927s)
2022-02-02T13:31:33.882 INFO:journalctl@ceph.mon.smithi045.smithi045.stdout:Feb 02 13:31:33 smithi045 conmon[32010]: audit 2022-
2022-02-02T13:31:33.882 INFO:journalctl@ceph.mon.smithi045.smithi045.stdout:Feb 02 13:31:33 smithi045 conmon[32010]: 02-02T13:31:32.880998
2022-02-02T13:31:33.882 INFO:journalctl@ceph.mon.smithi045.smithi045.stdout:Feb 02 13:31:33 smithi045 conmon[32010]: +0000 mon.smithi045 (mon.0) 70
2022-02-02T13:31:33.883 INFO:journalctl@ceph.mon.smithi045.smithi045.stdout:Feb 02 13:31:33 smithi045 conmon[32010]: : audit [DBG] from='mgr.14144 172.21.15.45:0/2157049775' entity='mgr.smithi045.aarcsl' cmd=[{"prefix": "mon metadata", "id": "smithi045"}]: dispatch
2022-02-02T13:31:33.883 INFO:journalctl@ceph.mon.smithi045.smithi045.stdout:Feb 02 13:31:33 smithi045 conmon[32010]: audit 2022-
2022-02-02T13:31:33.883 INFO:journalctl@ceph.mon.smithi045.smithi045.stdout:Feb 02 13:31:33 smithi045 conmon[32010]: 02-02T13:31:32.
2022-02-02T13:31:33.883 INFO:journalctl@ceph.mon.smithi045.smithi045.stdout:Feb 02 13:31:33 smithi045 conmon[32010]: 881895+0000 mon.smithi045 (mon.0)
2022-02-02T13:31:33.884 INFO:journalctl@ceph.mon.smithi045.smithi045.stdout:Feb 02 13:31:33 smithi045 conmon[32010]: 71 : audit [DBG] from='mgr.14144 172.21.15.45:0/2157049775' entity='mgr.smithi045.aarcsl' cmd=[{"prefix": "mgr metadata", "who": "smithi045.aarcsl", "id": "smithi045.aarcsl"}]: dispatch
2022-02-02T13:31:33.884 INFO:journalctl@ceph.mon.smithi045.smithi045.stdout:Feb 02 13:31:33 smithi045 conmon[32010]: audit 2022
2022-02-02T13:31:33.884 INFO:journalctl@ceph.mon.smithi045.smithi045.stdout:Feb 02 13:31:33 smithi045 conmon[32010]: -02-02T13:31:32
2022-02-02T13:31:33.884 INFO:journalctl@ceph.mon.smithi045.smithi045.stdout:Feb 02 13:31:33 smithi045 conmon[32010]: .882712+0000 mon.smithi045 (mon.
2022-02-02T13:31:33.884 INFO:journalctl@ceph.mon.smithi045.smithi045.stdout:Feb 02 13:31:33 smithi045 conmon[32010]: 0) 72 : audit [DBG] from='mgr.14144 172.21.15.45:0/2157049775' entity='mgr.smithi045.aarcsl' cmd=[{"prefix": "mds metadata"}]: dispatch
2022-02-02T13:31:33.885 INFO:journalctl@ceph.mon.smithi045.smithi045.stdout:Feb 02 13:31:33 smithi045 conmon[32010]:
2022-02-02T13:31:33.885 INFO:journalctl@ceph.mon.smithi045.smithi045.stdout:Feb 02 13:31:33 smithi045 conmon[32010]: audit 2022
2022-02-02T13:31:33.885 INFO:journalctl@ceph.mon.smithi045.smithi045.stdout:Feb 02 13:31:33 smithi045 conmon[32010]: -02-02T13:31:
2022-02-02T13:31:33.886 INFO:journalctl@ceph.mon.smithi045.smithi045.stdout:Feb 02 13:31:33 smithi045 conmon[32010]: 32.882948+0000 mon.smithi045 (mon.
2022-02-02T13:31:33.886 INFO:journalctl@ceph.mon.smithi045.smithi045.stdout:Feb 02 13:31:33 smithi045 conmon[32010]: 0) 73 : audit [DBG] from='mgr.14144 172.21.15.45:0/2157049775' entity='mgr.smithi045.aarcsl' cmd=[{"prefix": "osd metadata"}]: dispatch
2022-02-02T13:31:33.886 INFO:journalctl@ceph.mon.smithi045.smithi045.stdout:Feb 02 13:31:33 smithi045 conmon[32010]: audit 2022-
2022-02-02T13:31:33.886 INFO:journalctl@ceph.mon.smithi045.smithi045.stdout:Feb 02 13:31:33 smithi045 conmon[32010]: 02-02T13:31:32.
2022-02-02T13:31:33.886 INFO:journalctl@ceph.mon.smithi045.smithi045.stdout:Feb 02 13:31:33 smithi045 conmon[32010]: 883151+0000 mon.smithi045 (mon.0)
2022-02-02T13:31:33.887 INFO:journalctl@ceph.mon.smithi045.smithi045.stdout:Feb 02 13:31:33 smithi045 conmon[32010]: 74 : audit [DBG] from='mgr.14144 172.21.15.45:0/2157049775' entity='mgr.smithi045.aarcsl' cmd=[{"prefix": "mon metadata"}]: dispatch
2022-02-02T13:31:33.887 INFO:journalctl@ceph.mon.smithi045.smithi045.stdout:Feb 02 13:31:33 smithi045 conmon[32010]: cluster 2022
2022-02-02T13:31:33.887 INFO:journalctl@ceph.mon.smithi045.smithi045.stdout:Feb 02 13:31:33 smithi045 conmon[32010]: -02-02T13:31:32
2022-02-02T13:31:33.887 INFO:journalctl@ceph.mon.smithi045.smithi045.stdout:Feb 02 13:31:33 smithi045 conmon[32010]: .897594+0000 mon.smithi045 (mon.
2022-02-02T13:31:33.888 INFO:journalctl@ceph.mon.smithi045.smithi045.stdout:Feb 02 13:31:33 smithi045 conmon[32010]: 0) 75 : cluster [INF] Manager daemon smithi045.aarcsl is now available
2022-02-02T13:31:33.888 INFO:journalctl@ceph.mon.smithi045.smithi045.stdout:Feb 02 13:31:33 smithi045 conmon[32010]:
2022-02-02T13:31:33.888 INFO:journalctl@ceph.mon.smithi045.smithi045.stdout:Feb 02 13:31:33 smithi045 conmon[32010]: audit
2022-02-02T13:31:33.888 INFO:journalctl@ceph.mon.smithi045.smithi045.stdout:Feb 02 13:31:33 smithi045 conmon[32010]: 2022-02-02T13:31:
2022-02-02T13:31:33.888 INFO:journalctl@ceph.mon.smithi045.smithi045.stdout:Feb 02 13:31:33 smithi045 conmon[32010]: 33.035347+0000 mon.smithi045 (mon.
2022-02-02T13:31:33.889 INFO:journalctl@ceph.mon.smithi045.smithi045.stdout:Feb 02 13:31:33 smithi045 conmon[32010]: 0) 76 : audit [DBG] from='mgr.14144 172.21.15.45:0/2157049775' entity='mgr.smithi045.aarcsl' cmd=[{"prefix": "config dump", "format": "json"}]: dispatch
2022-02-02T13:31:33.889 INFO:journalctl@ceph.mon.smithi045.smithi045.stdout:Feb 02 13:31:33 smithi045 conmon[32010]:
2022-02-02T13:31:33.889 INFO:journalctl@ceph.mon.smithi045.smithi045.stdout:Feb 02 13:31:33 smithi045 conmon[32010]: audit 2022-02-02
2022-02-02T13:31:33.889 INFO:journalctl@ceph.mon.smithi045.smithi045.stdout:Feb 02 13:31:33 smithi045 conmon[32010]: T13:31:33.037051+0000
2022-02-02T13:31:33.889 INFO:journalctl@ceph.mon.smithi045.smithi045.stdout:Feb 02 13:31:33 smithi045 conmon[32010]: mon.smithi045 (mon.0) 77 :
2022-02-02T13:31:33.890 INFO:journalctl@ceph.mon.smithi045.smithi045.stdout:Feb 02 13:31:33 smithi045 conmon[32010]: audit [DBG] from='mgr.14144 172.21.15.45:0/2157049775' entity='mgr.smithi045.aarcsl' cmd=[{"prefix": "config dump", "format": "json"}]: dispatch
2022-02-02T13:31:33.890 INFO:journalctl@ceph.mon.smithi045.smithi045.stdout:Feb 02 13:31:33 smithi045 conmon[32010]: audit
2022-02-02T13:31:33.890 INFO:journalctl@ceph.mon.smithi045.smithi045.stdout:Feb 02 13:31:33 smithi045 conmon[32010]: 2022-02-02T13:31:
2022-02-02T13:31:33.890 INFO:journalctl@ceph.mon.smithi045.smithi045.stdout:Feb 02 13:31:33 smithi045 conmon[32010]: 33.056655+0000 mon.smithi045 (mon.
2022-02-02T13:31:33.891 INFO:journalctl@ceph.mon.smithi045.smithi045.stdout:Feb 02 13:31:33 smithi045 conmon[32010]: 0) 78 : audit [INF] from='mgr.14144 172.21.15.45:0/2157049775' entity='mgr.smithi045.aarcsl' cmd=[{"prefix":"config rm","who":"mgr","name":"mgr/rbd_support/smithi045.aarcsl/mirror_snapshot_schedule"}]: dispatch
2022-02-02T13:31:33.891 INFO:journalctl@ceph.mon.smithi045.smithi045.stdout:Feb 02 13:31:33 smithi045 conmon[32010]:
2022-02-02T13:31:33.891 INFO:journalctl@ceph.mon.smithi045.smithi045.stdout:Feb 02 13:31:33 smithi045 conmon[32010]: audit 2022-02-
2022-02-02T13:31:33.891 INFO:journalctl@ceph.mon.smithi045.smithi045.stdout:Feb 02 13:31:33 smithi045 conmon[32010]: 02T13:31:33.064744+0000
2022-02-02T13:31:33.892 INFO:journalctl@ceph.mon.smithi045.smithi045.stdout:Feb 02 13:31:33 smithi045 conmon[32010]: mon.smithi045 (mon.0) 79
2022-02-02T13:31:33.892 INFO:journalctl@ceph.mon.smithi045.smithi045.stdout:Feb 02 13:31:33 smithi045 conmon[32010]: : audit [INF] from='mgr.14144 172.21.15.45:0/2157049775' entity='mgr.smithi045.aarcsl' cmd=[{"prefix":"config rm","who":"mgr","name":"mgr/rbd_support/smithi045.aarcsl/trash_purge_schedule"}]: dispatch
2022-02-02T13:31:33.894 INFO:teuthology.orchestra.run.smithi045.stderr:/usr/bin/ceph:
2022-02-02T13:31:33.877+0000 7f4322ffd700 1 -- 172.21.15.45:0/216648000 <== mon.0 v2:172.21.15.45:3300/0 8 ==== mgrmap(e 11) v1 ==== 36054+0+0 (secure 0 0 0) 0x7f4324024ce0 con 0x7f43340f9ea0
2022-02-02T13:31:33.894 INFO:teuthology.orchestra.run.smithi045.stderr:/usr/bin/ceph:
2022-02-02T13:31:33.878+0000 7f4322ffd700 1 --2- 172.21.15.45:0/216648000 >> [v2:172.21.15.45:6800/82175146,v1:172.21.15.45:6801/82175146] conn(0x7f4318033bb0 0x7f4318035fa0 unknown :-1 s=NONE pgs=0 cs=0 l=1 rev1=0 rx=0 tx=0).connect
2022-02-02T13:31:33.894 INFO:teuthology.orchestra.run.smithi045.stderr:/usr/bin/ceph:
2022-02-02T13:31:33.878+0000 7f4322ffd700 1 -- 172.21.15.45:0/216648000 --> [v2:172.21.15.45:6800/82175146,v1:172.21.15.45:6801/82175146] -- mgr_command(tid 0: {"prefix": "orch apply", "service_type": "prometheus", "target": ["mon-mgr", ""]}) v1 -- 0x7f433410be40 con 0x7f4318033bb0
2022-02-02T13:31:33.895 INFO:teuthology.orchestra.run.smithi045.stderr:/usr/bin/ceph:
2022-02-02T13:31:33.878+0000 7f4331d9b700 1 --2- 172.21.15.45:0/216648000 >> [v2:172.21.15.45:6800/82175146,v1:172.21.15.45:6801/82175146] conn(0x7f4318033bb0 0x7f4318035fa0 unknown :-1 s=BANNER_CONNECTING pgs=0 cs=0 l=1 rev1=0 rx=0 tx=0)._handle_peer_banner_payload supported=1 required=0
2022-02-02T13:31:33.895 INFO:teuthology.orchestra.run.smithi045.stderr:/usr/bin/ceph:
2022-02-02T13:31:33.879+0000 7f4331d9b700 1 --2- 172.21.15.45:0/216648000 >> [v2:172.21.15.45:6800/82175146,v1:172.21.15.45:6801/82175146] conn(0x7f4318033bb0 0x7f4318035fa0 secure :-1 s=READY pgs=4 cs=0 l=1 rev1=1 rx=0x7f4328006fd0 tx=0x7f4328006d30).ready entity=mgr.14144 client_cookie=0 server_cookie=0 in_seq=0 out_seq=0
2022-02-02T13:31:33.895 INFO:teuthology.orchestra.run.smithi045.stderr:/usr/bin/ceph:
2022-02-02T13:31:33.884+0000 7f4322ffd700 1 -- 172.21.15.45:0/216648000 <== mgr.14144 v2:172.21.15.45:6800/82175146 1 ==== mgr_command_reply(tid 0: 0 ) v1 ==== 8+0+31 (secure 0 0 0) 0x7f433410be40 con 0x7f4318033bb0
2022-02-02T13:31:33.895 INFO:teuthology.orchestra.run.smithi045.stderr:/usr/bin/ceph: Scheduled prometheus update...
2022-02-02T13:31:33.896 INFO:teuthology.orchestra.run.smithi045.stderr:/usr/bin/ceph:
2022-02-02T13:31:33.886+0000 7f4338d65700 1 -- 172.21.15.45:0/216648000 >> [v2:172.21.15.45:6800/82175146,v1:172.21.15.45:6801/82175146] conn(0x7f4318033bb0 msgr2=0x7f4318035fa0 secure :-1 s=STATE_CONNECTION_ESTABLISHED l=1).mark_down
2022-02-02T13:31:33.896 INFO:teuthology.orchestra.run.smithi045.stderr:/usr/bin/ceph:
2022-02-02T13:31:33.886+0000 7f4338d65700 1 --2- 172.21.15.45:0/216648000 >> [v2:172.21.15.45:6800/82175146,v1:172.21.15.45:6801/82175146] conn(0x7f4318033bb0 0x7f4318035fa0 secure :-1 s=READY pgs=4 cs=0 l=1 rev1=1 rx=0x7f4328006fd0 tx=0x7f4328006d30).stop
2022-02-02T13:31:33.896 INFO:teuthology.orchestra.run.smithi045.stderr:/usr/bin/ceph:
2022-02-02T13:31:33.886+0000 7f4338d65700 1 -- 172.21.15.45:0/216648000 >> [v2:172.21.15.45:3300/0,v1:172.21.15.45:6789/0] conn(0x7f43340f9ea0 msgr2=0x7f433410a9a0 secure :-1 s=STATE_CONNECTION_ESTABLISHED l=1).mark_down
2022-02-02T13:31:33.896 INFO:teuthology.orchestra.run.smithi045.stderr:/usr/bin/ceph:
2022-02-02T13:31:33.886+0000 7f4338d65700 1 --2- 172.21.15.45:0/216648000 >> [v2:172.21.15.45:3300/0,v1:172.21.15.45:6789/0] conn(0x7f43340f9ea0 0x7f433410a9a0 secure :-1 s=READY pgs=52 cs=0 l=1 rev1=1 rx=0x7f4324006800 tx=0x7f4324006ee0).stop
2022-02-02T13:31:33.897 INFO:teuthology.orchestra.run.smithi045.stderr:/usr/bin/ceph:
2022-02-02T13:31:33.886+0000 7f4338d65700 1 -- 172.21.15.45:0/216648000 shutdown_connections
2022-02-02T13:31:33.897 INFO:teuthology.orchestra.run.smithi045.stderr:/usr/bin/ceph:
2022-02-02T13:31:33.886+0000 7f4338d65700 1 --2- 172.21.15.45:0/216648000 >> [v2:172.21.15.45:6800/82175146,v1:172.21.15.45:6801/82175146] conn(0x7f4318033bb0 0x7f4318035fa0 unknown :-1 s=CLOSED pgs=4 cs=0 l=1 rev1=1 rx=0 tx=0).stop
2022-02-02T13:31:33.897 INFO:teuthology.orchestra.run.smithi045.stderr:/usr/bin/ceph:
2022-02-02T13:31:33.886+0000 7f4338d65700 1 --2- 172.21.15.45:0/216648000 >> [v2:172.21.15.45:3300/0,v1:172.21.15.45:6789/0] conn(0x7f43340f9ea0 0x7f433410a9a0 unknown :-1 s=CLOSED pgs=52 cs=0 l=1 rev1=1 rx=0 tx=0).stop
2022-02-02T13:31:33.897 INFO:teuthology.orchestra.run.smithi045.stderr:/usr/bin/ceph:
2022-02-02T13:31:33.886+0000 7f4338d65700 1 --2- 172.21.15.45:0/216648000 >> [v2:172.21.15.45:6800/4005013445,v1:172.21.15.45:6801/4005013445] conn(0x7f431802fe00 0x7f43180322c0 unknown :-1 s=CLOSED pgs=0 cs=0 l=1 rev1=0 rx=0 tx=0).stop
2022-02-02T13:31:33.898 INFO:teuthology.orchestra.run.smithi045.stderr:/usr/bin/ceph:
2022-02-02T13:31:33.886+0000 7f4338d65700 1 -- 172.21.15.45:0/216648000 >> 172.21.15.45:0/216648000 conn(0x7f43340f59d0 msgr2=0x7f43340f73d0 unknown :-1 s=STATE_NONE l=0).mark_down
2022-02-02T13:31:33.898 INFO:teuthology.orchestra.run.smithi045.stderr:/usr/bin/ceph:
2022-02-02T13:31:33.887+0000 7f4338d65700 1 -- 172.21.15.45:0/216648000 shutdown_connections
2022-02-02T13:31:33.898 INFO:teuthology.orchestra.run.smithi045.stderr:/usr/bin/ceph:
2022-02-02T13:31:33.887+0000 7f4338d65700 1 -- 172.21.15.45:0/216648000 wait complete.
2022-02-02T13:31:34.366 INFO:teuthology.orchestra.run.smithi045.stderr:Deploying grafana service with default placement...
2022-02-02T13:31:34.366 INFO:teuthology.orchestra.run.smithi045.stderr:Running command: /bin/podman run --rm --ipc=host --no-hosts --net=host --entrypoint /usr/bin/ceph --init -e CONTAINER_IMAGE=docker.io/ceph/ceph:v16.2.4 -e NODE_NAME=smithi045 -e CEPH_USE_RANDOM_NONCE=1 -v /var/log/ceph/42d4eafa-842c-11ec-8c35-001a4aab830c:/var/log/ceph:z -v /tmp/ceph-tmpqes3qimc:/etc/ceph/ceph.client.admin.keyring:z -v /tmp/ceph-tmpbbdg3pzu:/etc/ceph/ceph.conf:z docker.io/ceph/ceph:v16.2.4 orch apply grafana
2022-02-02T13:31:34.909 INFO:teuthology.orchestra.run.smithi045.stderr:/usr/bin/ceph:
2022-02-02T13:31:34.906+0000 7f53391e7700 1 Processor -- start
2022-02-02T13:31:34.910 INFO:teuthology.orchestra.run.smithi045.stderr:/usr/bin/ceph:
2022-02-02T13:31:34.906+0000 7f53391e7700 1 -- start start
2022-02-02T13:31:34.911 INFO:teuthology.orchestra.run.smithi045.stderr:/usr/bin/ceph:
2022-02-02T13:31:34.906+0000 7f53391e7700 1 --2- >> [v2:172.21.15.45:3300/0,v1:172.21.15.45:6789/0] conn(0x7f53340faab0 0x7f53340faed0 unknown :-1 s=NONE pgs=0 cs=0 l=0 rev1=0 rx=0 tx=0).connect
2022-02-02T13:31:34.911 INFO:teuthology.orchestra.run.smithi045.stderr:/usr/bin/ceph:
2022-02-02T13:31:34.906+0000 7f53391e7700 1 -- --> [v2:172.21.15.45:3300/0,v1:172.21.15.45:6789/0] -- mon_getmap magic: 0 v1 -- 0x7f53340fb3c0 con 0x7f53340faab0
2022-02-02T13:31:34.911 INFO:teuthology.orchestra.run.smithi045.stderr:/usr/bin/ceph:
2022-02-02T13:31:34.907+0000 7f5332d9d700 1 --2- >> [v2:172.21.15.45:3300/0,v1:172.21.15.45:6789/0] conn(0x7f53340faab0 0x7f53340faed0 unknown :-1 s=BANNER_CONNECTING pgs=0 cs=0 l=0 rev1=0 rx=0 tx=0)._handle_peer_banner_payload supported=1 required=0
2022-02-02T13:31:34.911 INFO:teuthology.orchestra.run.smithi045.stderr:/usr/bin/ceph:
2022-02-02T13:31:34.907+0000 7f5332d9d700 1 --2- >> [v2:172.21.15.45:3300/0,v1:172.21.15.45:6789/0] conn(0x7f53340faab0 0x7f53340faed0 unknown :-1 s=HELLO_CONNECTING pgs=0 cs=0 l=0 rev1=1 rx=0 tx=0).handle_hello peer v2:172.21.15.45:3300/0 says I am v2:172.21.15.45:50096/0 (socket says 172.21.15.45:50096)
2022-02-02T13:31:34.913 INFO:teuthology.orchestra.run.smithi045.stderr:/usr/bin/ceph:
2022-02-02T13:31:34.907+0000 7f5332d9d700 1 -- 172.21.15.45:0/2990202023 learned_addr learned my addr 172.21.15.45:0/2990202023 (peer_addr_for_me v2:172.21.15.45:0/0)
2022-02-02T13:31:34.914 INFO:teuthology.orchestra.run.smithi045.stderr:/usr/bin/ceph:
2022-02-02T13:31:34.907+0000 7f5332d9d700 1 -- 172.21.15.45:0/2990202023 --> [v2:172.21.15.45:3300/0,v1:172.21.15.45:6789/0] -- mon_subscribe({config=0+,monmap=0+}) v3 -- 0x7f53340fb500 con 0x7f53340faab0
2022-02-02T13:31:34.914 INFO:teuthology.orchestra.run.smithi045.stderr:/usr/bin/ceph:
2022-02-02T13:31:34.907+0000 7f5332d9d700 1 --2- 172.21.15.45:0/2990202023 >> [v2:172.21.15.45:3300/0,v1:172.21.15.45:6789/0] conn(0x7f53340faab0 0x7f53340faed0 secure :-1 s=READY pgs=58 cs=0 l=1 rev1=1 rx=0x7f532400b5f0 tx=0x7f5324006ee0).ready entity=mon.0 client_cookie=678010007336940e server_cookie=0 in_seq=0 out_seq=0
2022-02-02T13:31:34.914 INFO:teuthology.orchestra.run.smithi045.stderr:/usr/bin/ceph:
2022-02-02T13:31:34.907+0000 7f5331d9b700 1 -- 172.21.15.45:0/2990202023 <== mon.0 v2:172.21.15.45:3300/0 1 ==== mon_map magic: 0 v1 ==== 229+0+0 (secure 0 0 0) 0x7f532400d600 con 0x7f53340faab0
2022-02-02T13:31:34.914 INFO:teuthology.orchestra.run.smithi045.stderr:/usr/bin/ceph:
2022-02-02T13:31:34.907+0000 7f5331d9b700 1 -- 172.21.15.45:0/2990202023 <== mon.0 v2:172.21.15.45:3300/0 2 ==== config(25 keys) v1 ==== 1047+0+0 (secure 0 0 0) 0x7f532400dbf0 con 0x7f53340faab0
2022-02-02T13:31:34.915 INFO:teuthology.orchestra.run.smithi045.stderr:/usr/bin/ceph:
2022-02-02T13:31:34.907+0000 7f5331d9b700 1 -- 172.21.15.45:0/2990202023 <== mon.0 v2:172.21.15.45:3300/0 3 ==== mon_map magic: 0 v1 ==== 229+0+0 (secure 0 0 0) 0x7f5324011bf0 con 0x7f53340faab0
2022-02-02T13:31:34.915 INFO:teuthology.orchestra.run.smithi045.stderr:/usr/bin/ceph:
2022-02-02T13:31:34.908+0000 7f53391e7700 1 -- 172.21.15.45:0/2990202023 >> [v2:172.21.15.45:3300/0,v1:172.21.15.45:6789/0] conn(0x7f53340faab0 msgr2=0x7f53340faed0 secure :-1 s=STATE_CONNECTION_ESTABLISHED l=1).mark_down
2022-02-02T13:31:34.915 INFO:teuthology.orchestra.run.smithi045.stderr:/usr/bin/ceph:
2022-02-02T13:31:34.908+0000 7f53391e7700 1 --2- 172.21.15.45:0/2990202023 >> [v2:172.21.15.45:3300/0,v1:172.21.15.45:6789/0] conn(0x7f53340faab0 0x7f53340faed0 secure :-1 s=READY pgs=58 cs=0 l=1 rev1=1 rx=0x7f532400b5f0 tx=0x7f5324006ee0).stop
2022-02-02T13:31:34.915 INFO:teuthology.orchestra.run.smithi045.stderr:/usr/bin/ceph:
2022-02-02T13:31:34.908+0000 7f53391e7700 1 -- 172.21.15.45:0/2990202023 shutdown_connections
2022-02-02T13:31:34.916 INFO:teuthology.orchestra.run.smithi045.stderr:/usr/bin/ceph:
2022-02-02T13:31:34.908+0000 7f53391e7700 1 --2- 172.21.15.45:0/2990202023 >> [v2:172.21.15.45:3300/0,v1:172.21.15.45:6789/0] conn(0x7f53340faab0 0x7f53340faed0 unknown :-1 s=CLOSED pgs=58 cs=0 l=1 rev1=1 rx=0 tx=0).stop
2022-02-02T13:31:34.916 INFO:teuthology.orchestra.run.smithi045.stderr:/usr/bin/ceph:
2022-02-02T13:31:34.908+0000 7f53391e7700 1 -- 172.21.15.45:0/2990202023 >> 172.21.15.45:0/2990202023 conn(0x7f53340f62f0 msgr2=0x7f53340f8710 unknown :-1 s=STATE_NONE l=0).mark_down
2022-02-02T13:31:34.916 INFO:teuthology.orchestra.run.smithi045.stderr:/usr/bin/ceph:
2022-02-02T13:31:34.908+0000 7f53391e7700 1 -- 172.21.15.45:0/2990202023 shutdown_connections
2022-02-02T13:31:34.916 INFO:teuthology.orchestra.run.smithi045.stderr:/usr/bin/ceph:
2022-02-02T13:31:34.908+0000 7f53391e7700 1 -- 172.21.15.45:0/2990202023 wait complete.
2022-02-02T13:31:34.916 INFO:teuthology.orchestra.run.smithi045.stderr:/usr/bin/ceph:
2022-02-02T13:31:34.909+0000 7f53391e7700 1 Processor -- start
2022-02-02T13:31:34.917 INFO:teuthology.orchestra.run.smithi045.stderr:/usr/bin/ceph:
2022-02-02T13:31:34.909+0000 7f53391e7700 1 -- start start
2022-02-02T13:31:34.917 INFO:teuthology.orchestra.run.smithi045.stderr:/usr/bin/ceph:
2022-02-02T13:31:34.909+0000 7f53391e7700 1 --2- >> [v2:172.21.15.45:3300/0,v1:172.21.15.45:6789/0] conn(0x7f53340faab0 0x7f5334100dd0 unknown :-1 s=NONE pgs=0 cs=0 l=1 rev1=0 rx=0 tx=0).connect
2022-02-02T13:31:34.917 INFO:teuthology.orchestra.run.smithi045.stderr:/usr/bin/ceph:
2022-02-02T13:31:34.909+0000 7f53391e7700 1 -- --> [v2:172.21.15.45:3300/0,v1:172.21.15.45:6789/0] -- mon_getmap magic: 0 v1 -- 0x7f53340ff250 con 0x7f53340faab0
2022-02-02T13:31:34.917 INFO:teuthology.orchestra.run.smithi045.stderr:/usr/bin/ceph:
2022-02-02T13:31:34.909+0000 7f5332d9d700 1 --2- >> [v2:172.21.15.45:3300/0,v1:172.21.15.45:6789/0] conn(0x7f53340faab0 0x7f5334100dd0 unknown :-1 s=BANNER_CONNECTING pgs=0 cs=0 l=1 rev1=0 rx=0 tx=0)._handle_peer_banner_payload supported=1 required=0
2022-02-02T13:31:34.918 INFO:teuthology.orchestra.run.smithi045.stderr:/usr/bin/ceph:
2022-02-02T13:31:34.909+0000 7f5332d9d700 1 --2- >> [v2:172.21.15.45:3300/0,v1:172.21.15.45:6789/0] conn(0x7f53340faab0 0x7f5334100dd0 unknown :-1 s=HELLO_CONNECTING pgs=0 cs=0 l=1 rev1=1 rx=0 tx=0).handle_hello peer v2:172.21.15.45:3300/0 says I am v2:172.21.15.45:50098/0 (socket says 172.21.15.45:50098)
2022-02-02T13:31:34.918 INFO:teuthology.orchestra.run.smithi045.stderr:/usr/bin/ceph:
2022-02-02T13:31:34.909+0000 7f5332d9d700 1 -- 172.21.15.45:0/228666489 learned_addr learned my addr 172.21.15.45:0/228666489 (peer_addr_for_me v2:172.21.15.45:0/0)
2022-02-02T13:31:34.918 INFO:teuthology.orchestra.run.smithi045.stderr:/usr/bin/ceph:
2022-02-02T13:31:34.910+0000 7f5332d9d700 1 -- 172.21.15.45:0/228666489 --> [v2:172.21.15.45:3300/0,v1:172.21.15.45:6789/0] -- mon_subscribe({config=0+,monmap=0+}) v3 -- 0x7f532400b200 con 0x7f53340faab0
2022-02-02T13:31:34.918 INFO:teuthology.orchestra.run.smithi045.stderr:/usr/bin/ceph:
2022-02-02T13:31:34.910+0000 7f5332d9d700 1 --2- 172.21.15.45:0/228666489 >> [v2:172.21.15.45:3300/0,v1:172.21.15.45:6789/0] conn(0x7f53340faab0 0x7f5334100dd0 secure :-1 s=READY pgs=59 cs=0 l=1 rev1=1 rx=0x7f5324011e30 tx=0x7f5324006ee0).ready entity=mon.0 client_cookie=0 server_cookie=0 in_seq=0 out_seq=0
2022-02-02T13:31:34.918 INFO:teuthology.orchestra.run.smithi045.stderr:/usr/bin/ceph:
2022-02-02T13:31:34.910+0000 7f531b7fe700 1 -- 172.21.15.45:0/228666489 <== mon.0 v2:172.21.15.45:3300/0 1 ==== mon_map magic: 0 v1 ==== 229+0+0 (secure 0 0 0) 0x7f532401b410 con 0x7f53340faab0
2022-02-02T13:31:34.919 INFO:teuthology.orchestra.run.smithi045.stderr:/usr/bin/ceph:
2022-02-02T13:31:34.910+0000 7f531b7fe700 1 -- 172.21.15.45:0/228666489 <== mon.0 v2:172.21.15.45:3300/0 2 ==== config(25 keys) v1 ==== 1047+0+0 (secure 0 0 0) 0x7f532401ba00 con 0x7f53340faab0
2022-02-02T13:31:34.919 INFO:teuthology.orchestra.run.smithi045.stderr:/usr/bin/ceph:
2022-02-02T13:31:34.910+0000 7f531b7fe700 1 -- 172.21.15.45:0/228666489 <== mon.0 v2:172.21.15.45:3300/0 3 ==== mon_map magic: 0 v1 ==== 229+0+0 (secure 0 0 0) 0x7f532401a750 con 0x7f53340faab0
2022-02-02T13:31:34.919 INFO:teuthology.orchestra.run.smithi045.stderr:/usr/bin/ceph:
2022-02-02T13:31:34.910+0000 7f53391e7700 1 -- 172.21.15.45:0/228666489 --> [v2:172.21.15.45:3300/0,v1:172.21.15.45:6789/0] -- mon_subscribe({mgrmap=0+}) v3 -- 0x7f53340ff3f0 con 0x7f53340faab0
2022-02-02T13:31:34.920 INFO:teuthology.orchestra.run.smithi045.stderr:/usr/bin/ceph:
2022-02-02T13:31:34.910+0000 7f53391e7700 1 -- 172.21.15.45:0/228666489 --> [v2:172.21.15.45:3300/0,v1:172.21.15.45:6789/0] -- mon_subscribe({osdmap=0}) v3 -- 0x7f53340ff880 con 0x7f53340faab0
2022-02-02T13:31:34.920 INFO:teuthology.orchestra.run.smithi045.stderr:/usr/bin/ceph:
2022-02-02T13:31:34.911+0000 7f531b7fe700 1 -- 172.21.15.45:0/228666489 <== mon.0 v2:172.21.15.45:3300/0 4 ==== mgrmap(e 12) v1 ==== 36195+0+0 (secure 0 0 0) 0x7f532402b070 con 0x7f53340faab0
2022-02-02T13:31:34.920 INFO:teuthology.orchestra.run.smithi045.stderr:/usr/bin/ceph:
2022-02-02T13:31:34.911+0000 7f531b7fe700 1 --2- 172.21.15.45:0/228666489 >> [v2:172.21.15.45:6800/82175146,v1:172.21.15.45:6801/82175146] conn(0x7f532002fe60 0x7f5320032320 unknown :-1 s=NONE pgs=0 cs=0 l=1 rev1=0 rx=0 tx=0).connect
2022-02-02T13:31:34.920 INFO:teuthology.orchestra.run.smithi045.stderr:/usr/bin/ceph:
2022-02-02T13:31:34.911+0000 7f531b7fe700 1 -- 172.21.15.45:0/228666489 <== mon.0 v2:172.21.15.45:3300/0 5 ==== osd_map(3..3 src has 1..3) v4 ==== 1065+0+0 (secure 0 0 0) 0x7f532401bb70 con 0x7f53340faab0
2022-02-02T13:31:34.920 INFO:teuthology.orchestra.run.smithi045.stderr:/usr/bin/ceph:
2022-02-02T13:31:34.912+0000 7f533259c700 1 --2- 172.21.15.45:0/228666489 >> [v2:172.21.15.45:6800/82175146,v1:172.21.15.45:6801/82175146] conn(0x7f532002fe60 0x7f5320032320 unknown :-1 s=BANNER_CONNECTING pgs=0 cs=0 l=1 rev1=0 rx=0 tx=0)._handle_peer_banner_payload supported=1 required=0
2022-02-02T13:31:34.921 INFO:teuthology.orchestra.run.smithi045.stderr:/usr/bin/ceph:
2022-02-02T13:31:34.912+0000 7f533259c700 1 --2- 172.21.15.45:0/228666489 >> [v2:172.21.15.45:6800/82175146,v1:172.21.15.45:6801/82175146] conn(0x7f532002fe60 0x7f5320032320 secure :-1 s=READY pgs=6 cs=0 l=1 rev1=1 rx=0x7f53280096a0 tx=0x7f5328006b40).ready entity=mgr.14144 client_cookie=0 server_cookie=0 in_seq=0 out_seq=0
2022-02-02T13:31:34.921 INFO:teuthology.orchestra.run.smithi045.stderr:/usr/bin/ceph:
2022-02-02T13:31:34.912+0000 7f53391e7700 1 -- 172.21.15.45:0/228666489 --> [v2:172.21.15.45:3300/0,v1:172.21.15.45:6789/0] -- mon_command({"prefix": "get_command_descriptions"} v 0) v1 -- 0x7f5334059100 con 0x7f53340faab0
2022-02-02T13:31:34.921 INFO:teuthology.orchestra.run.smithi045.stderr:/usr/bin/ceph:
2022-02-02T13:31:34.919+0000 7f531b7fe700 1 -- 172.21.15.45:0/228666489 <== mon.0 v2:172.21.15.45:3300/0 6 ==== mon_command_ack([{"prefix": "get_command_descriptions"}]=0 v0) v1 ==== 72+0+152212 (secure 0 0 0) 0x7f5324016030 con 0x7f53340faab0
2022-02-02T13:31:35.171 INFO:journalctl@ceph.mon.smithi045.smithi045.stdout:Feb 02 13:31:34 smithi045 conmon[32010]: cluster
2022-02-02T13:31:33.881803+0000 mon.smithi045 (mon.0) 80 : cluster [DBG] mgrmap e11: smithi045.aarcsl(active, since 1.26988s)
2022-02-02T13:31:35.171 INFO:journalctl@ceph.mon.smithi045.smithi045.stdout:Feb 02 13:31:34 smithi045 conmon[32010]: cephadm
2022-02-02T13:31:33.883666+0000 mgr.smithi045.aarcsl (mgr.14144) 2 : cephadm [INF] Saving service prometheus spec with placement count:1
2022-02-02T13:31:35.172 INFO:journalctl@ceph.mon.smithi045.smithi045.stdout:Feb 02 13:31:34 smithi045 conmon[32010]: audit
2022-02-02T13:31:33.885947+0000 mon.smithi045 (mon.0) 81 : audit [INF] from='mgr.14144 172.21.15.45:0/2157049775' entity='mgr.smithi045.aarcsl'
2022-02-02T13:31:35.172 INFO:journalctl@ceph.mon.smithi045.smithi045.stdout:Feb 02 13:31:34 smithi045 conmon[32010]: audit
2022-02-02T13:31:34.740274+0000 mon.smithi045 (mon.0) 82 : audit [INF] from='mgr.14144 172.21.15.45:0/2157049775' entity='mgr.smithi045.aarcsl'
2022-02-02T13:31:35.270 INFO:teuthology.orchestra.run.smithi045.stderr:/usr/bin/ceph:
2022-02-02T13:31:35.269+0000 7f53391e7700 1 -- 172.21.15.45:0/228666489 --> [v2:172.21.15.45:6800/82175146,v1:172.21.15.45:6801/82175146] -- mgr_command(tid 0: {"prefix": "orch apply", "service_type": "grafana", "target": ["mon-mgr", ""]}) v1 -- 0x7f5334104990 con 0x7f532002fe60
2022-02-02T13:31:35.274 INFO:teuthology.orchestra.run.smithi045.stderr:/usr/bin/ceph:
2022-02-02T13:31:35.273+0000 7f531b7fe700 1 -- 172.21.15.45:0/228666489 <== mgr.14144 v2:172.21.15.45:6800/82175146 1 ==== mgr_command_reply(tid 0: 0 ) v1 ==== 8+0+28 (secure 0 0 0) 0x7f5334104990 con 0x7f532002fe60
2022-02-02T13:31:35.274 INFO:teuthology.orchestra.run.smithi045.stderr:/usr/bin/ceph: Scheduled grafana update...
2022-02-02T13:31:35.276 INFO:teuthology.orchestra.run.smithi045.stderr:/usr/bin/ceph:
2022-02-02T13:31:35.275+0000 7f53391e7700 1 -- 172.21.15.45:0/228666489 >> [v2:172.21.15.45:6800/82175146,v1:172.21.15.45:6801/82175146] conn(0x7f532002fe60 msgr2=0x7f5320032320 secure :-1 s=STATE_CONNECTION_ESTABLISHED l=1).mark_down
2022-02-02T13:31:35.276 INFO:teuthology.orchestra.run.smithi045.stderr:/usr/bin/ceph:
2022-02-02T13:31:35.275+0000 7f53391e7700 1 --2- 172.21.15.45:0/228666489 >> [v2:172.21.15.45:6800/82175146,v1:172.21.15.45:6801/82175146] conn(0x7f532002fe60 0x7f5320032320 secure :-1 s=READY pgs=6 cs=0 l=1 rev1=1 rx=0x7f53280096a0 tx=0x7f5328006b40).stop
2022-02-02T13:31:35.277 INFO:teuthology.orchestra.run.smithi045.stderr:/usr/bin/ceph:
2022-02-02T13:31:35.275+0000 7f53391e7700 1 -- 172.21.15.45:0/228666489 >> [v2:172.21.15.45:3300/0,v1:172.21.15.45:6789/0] conn(0x7f53340faab0 msgr2=0x7f5334100dd0 secure :-1 s=STATE_CONNECTION_ESTABLISHED l=1).mark_down
2022-02-02T13:31:35.278 INFO:teuthology.orchestra.run.smithi045.stderr:/usr/bin/ceph:
2022-02-02T13:31:35.275+0000 7f53391e7700 1 --2- 172.21.15.45:0/228666489 >> [v2:172.21.15.45:3300/0,v1:172.21.15.45:6789/0] conn(0x7f53340faab0 0x7f5334100dd0 secure :-1 s=READY pgs=59 cs=0 l=1 rev1=1 rx=0x7f5324011e30 tx=0x7f5324006ee0).stop
2022-02-02T13:31:35.278 INFO:teuthology.orchestra.run.smithi045.stderr:/usr/bin/ceph:
2022-02-02T13:31:35.275+0000 7f53391e7700 1 -- 172.21.15.45:0/228666489 shutdown_connections
2022-02-02T13:31:35.278 INFO:teuthology.orchestra.run.smithi045.stderr:/usr/bin/ceph:
2022-02-02T13:31:35.275+0000 7f53391e7700 1 --2- 172.21.15.45:0/228666489 >> [v2:172.21.15.45:6800/82175146,v1:172.21.15.45:6801/82175146] conn(0x7f532002fe60 0x7f5320032320 unknown :-1 s=CLOSED pgs=6 cs=0 l=1 rev1=1 rx=0 tx=0).stop
2022-02-02T13:31:35.278 INFO:teuthology.orchestra.run.smithi045.stderr:/usr/bin/ceph:
2022-02-02T13:31:35.275+0000 7f53391e7700 1 --2- 172.21.15.45:0/228666489 >> [v2:172.21.15.45:3300/0,v1:172.21.15.45:6789/0] conn(0x7f53340faab0 0x7f5334100dd0 unknown :-1 s=CLOSED pgs=59 cs=0 l=1 rev1=1 rx=0 tx=0).stop
2022-02-02T13:31:35.279 INFO:teuthology.orchestra.run.smithi045.stderr:/usr/bin/ceph:
2022-02-02T13:31:35.275+0000 7f53391e7700 1 -- 172.21.15.45:0/228666489 >> 172.21.15.45:0/228666489 conn(0x7f53340f62f0 msgr2=0x7f533406f820 unknown :-1 s=STATE_NONE l=0).mark_down
2022-02-02T13:31:35.279 INFO:teuthology.orchestra.run.smithi045.stderr:/usr/bin/ceph:
2022-02-02T13:31:35.275+0000 7f53391e7700 1 -- 172.21.15.45:0/228666489 shutdown_connections
2022-02-02T13:31:35.279 INFO:teuthology.orchestra.run.smithi045.stderr:/usr/bin/ceph:
2022-02-02T13:31:35.275+0000 7f53391e7700 1 -- 172.21.15.45:0/228666489 wait complete.
2022-02-02T13:31:35.853 INFO:teuthology.orchestra.run.smithi045.stderr:Deploying node-exporter service with default placement...
2022-02-02T13:31:35.853 INFO:teuthology.orchestra.run.smithi045.stderr:Running command: /bin/podman run --rm --ipc=host --no-hosts --net=host --entrypoint /usr/bin/ceph --init -e CONTAINER_IMAGE=docker.io/ceph/ceph:v16.2.4 -e NODE_NAME=smithi045 -e CEPH_USE_RANDOM_NONCE=1 -v /var/log/ceph/42d4eafa-842c-11ec-8c35-001a4aab830c:/var/log/ceph:z -v /tmp/ceph-tmpqes3qimc:/etc/ceph/ceph.client.admin.keyring:z -v /tmp/ceph-tmpbbdg3pzu:/etc/ceph/ceph.conf:z docker.io/ceph/ceph:v16.2.4 orch apply node-exporter
2022-02-02T13:31:36.125 INFO:journalctl@ceph.mon.smithi045.smithi045.stdout:Feb 02 13:31:35 smithi045 conmon[32010]: cluster
2022-02-02T13:31:34.887304+0000 mon.smithi045 (
2022-02-02T13:31:36.125 INFO:journalctl@ceph.mon.smithi045.smithi045.stdout:Feb 02 13:31:35 smithi045 conmon[32010]: mon.0) 83 : cluster [DBG] mgrmap e12: smithi045.aarcsl(active, since 2s)
2022-02-02T13:31:36.125 INFO:journalctl@ceph.mon.smithi045.smithi045.stdout:Feb 02 13:31:35 smithi045 conmon[32010]: audit
2022-02-02T13:31:35.271553+0000 mgr.smithi045.aarcsl (mgr.14144) 3 : audit [DBG] from='client.14152 -' entity='client.admin' cmd=[{"prefix": "orch apply", "service_type": "grafana", "target": ["mon-mgr", ""]}]: dispatch
2022-02-02T13:31:36.126 INFO:journalctl@ceph.mon.smithi045.smithi045.stdout:Feb 02 13:31:35 smithi045 conmon[32010]: cephadm
2022-02-02T13:31:35.272155+0000 mgr.smithi045.aarcsl (mgr.14144) 4 : cephadm [INF] Saving service grafana spec with placement count:1
2022-02-02T13:31:36.126 INFO:journalctl@ceph.mon.smithi045.smithi045.stdout:Feb 02 13:31:35 smithi045 conmon[32010]: audit
2022-02-02T13:31:35.274518+0000 mon.smithi045 (mon.0) 84 : audit [INF] from='mgr.14144 172.21.15.45:0/2157049775' entity='mgr.smithi045.aarcsl'
2022-02-02T13:31:36.427 INFO:teuthology.orchestra.run.smithi045.stderr:/usr/bin/ceph:
2022-02-02T13:31:36.392+0000 7f817ae0e700 1 Processor -- start
2022-02-02T13:31:36.428 INFO:teuthology.orchestra.run.smithi045.stderr:/usr/bin/ceph:
2022-02-02T13:31:36.392+0000 7f817ae0e700 1 -- start start
2022-02-02T13:31:36.428 INFO:teuthology.orchestra.run.smithi045.stderr:/usr/bin/ceph:
2022-02-02T13:31:36.392+0000 7f817ae0e700 1 --2- >> [v2:172.21.15.45:3300/0,v1:172.21.15.45:6789/0] conn(0x7f81740fd240 0x7f81740fd660 unknown :-1 s=NONE pgs=0 cs=0 l=0 rev1=0 rx=0 tx=0).connect
2022-02-02T13:31:36.429 INFO:teuthology.orchestra.run.smithi045.stderr:/usr/bin/ceph:
2022-02-02T13:31:36.392+0000 7f817ae0e700 1 -- --> [v2:172.21.15.45:3300/0,v1:172.21.15.45:6789/0] -- mon_getmap magic: 0 v1 -- 0x7f81740fdb50 con 0x7f81740fd240
2022-02-02T13:31:36.429 INFO:teuthology.orchestra.run.smithi045.stderr:/usr/bin/ceph:
2022-02-02T13:31:36.392+0000 7f8178baa700 1 --2- >> [v2:172.21.15.45:3300/0,v1:172.21.15.45:6789/0] conn(0x7f81740fd240 0x7f81740fd660 unknown :-1 s=BANNER_CONNECTING pgs=0 cs=0 l=0 rev1=0 rx=0 tx=0)._handle_peer_banner_payload supported=1 required=0
2022-02-02T13:31:36.429 INFO:teuthology.orchestra.run.smithi045.stderr:/usr/bin/ceph:
2022-02-02T13:31:36.393+0000 7f8178baa700 1 --2- >> [v2:172.21.15.45:3300/0,v1:172.21.15.45:6789/0] conn(0x7f81740fd240 0x7f81740fd660 unknown :-1 s=HELLO_CONNECTING pgs=0 cs=0 l=0 rev1=1 rx=0 tx=0).handle_hello peer v2:172.21.15.45:3300/0 says I am v2:172.21.15.45:50102/0 (socket says 172.21.15.45:50102)
2022-02-02T13:31:36.429 INFO:teuthology.orchestra.run.smithi045.stderr:/usr/bin/ceph:
2022-02-02T13:31:36.393+0000 7f8178baa700 1 -- 172.21.15.45:0/1934624460 learned_addr learned my addr 172.21.15.45:0/1934624460 (peer_addr_for_me v2:172.21.15.45:0/0)
2022-02-02T13:31:36.430 INFO:teuthology.orchestra.run.smithi045.stderr:/usr/bin/ceph:
2022-02-02T13:31:36.393+0000 7f8178baa700 1 -- 172.21.15.45:0/1934624460 --> [v2:172.21.15.45:3300/0,v1:172.21.15.45:6789/0] -- mon_subscribe({config=0+,monmap=0+}) v3 -- 0x7f81740fdc90 con 0x7f81740fd240
2022-02-02T13:31:36.430 INFO:teuthology.orchestra.run.smithi045.stderr:/usr/bin/ceph:
2022-02-02T13:31:36.393+0000 7f8178baa700 1 --2- 172.21.15.45:0/1934624460 >> [v2:172.21.15.45:3300/0,v1:172.21.15.45:6789/0] conn(0x7f81740fd240 0x7f81740fd660 secure :-1 s=READY pgs=60 cs=0 l=1 rev1=1 rx=0x7f816800b5f0 tx=0x7f8168006ee0).ready entity=mon.0 client_cookie=fa7b297e6dd98d22 server_cookie=0 in_seq=0 out_seq=0
2022-02-02T13:31:36.430 INFO:teuthology.orchestra.run.smithi045.stderr:/usr/bin/ceph:
2022-02-02T13:31:36.393+0000 7f81737fe700 1 -- 172.21.15.45:0/1934624460 <== mon.0 v2:172.21.15.45:3300/0 1 ==== mon_map magic: 0 v1 ==== 229+0+0 (secure 0 0 0) 0x7f816800d600 con 0x7f81740fd240
2022-02-02T13:31:36.431 INFO:teuthology.orchestra.run.smithi045.stderr:/usr/bin/ceph:
2022-02-02T13:31:36.393+0000 7f81737fe700 1 -- 172.21.15.45:0/1934624460 <== mon.0 v2:172.21.15.45:3300/0 2 ==== config(25 keys) v1 ==== 1047+0+0 (secure 0 0 0) 0x7f816800dbf0 con 0x7f81740fd240
2022-02-02T13:31:36.431 INFO:teuthology.orchestra.run.smithi045.stderr:/usr/bin/ceph:
2022-02-02T13:31:36.393+0000 7f81737fe700 1 -- 172.21.15.45:0/1934624460 <== mon.0 v2:172.21.15.45:3300/0 3 ==== mon_map magic: 0 v1 ==== 229+0+0 (secure 0 0 0) 0x7f8168011bf0 con 0x7f81740fd240
2022-02-02T13:31:36.431 INFO:teuthology.orchestra.run.smithi045.stderr:/usr/bin/ceph:
2022-02-02T13:31:36.394+0000 7f817ae0e700 1 -- 172.21.15.45:0/1934624460 >> [v2:172.21.15.45:3300/0,v1:172.21.15.45:6789/0] conn(0x7f81740fd240 msgr2=0x7f81740fd660 secure :-1 s=STATE_CONNECTION_ESTABLISHED l=1).mark_down
2022-02-02T13:31:36.431 INFO:teuthology.orchestra.run.smithi045.stderr:/usr/bin/ceph:
2022-02-02T13:31:36.394+0000 7f817ae0e700 1 --2- 172.21.15.45:0/1934624460 >> [v2:172.21.15.45:3300/0,v1:172.21.15.45:6789/0] conn(0x7f81740fd240 0x7f81740fd660 secure :-1 s=READY pgs=60 cs=0 l=1 rev1=1 rx=0x7f816800b5f0 tx=0x7f8168006ee0).stop
2022-02-02T13:31:36.432 INFO:teuthology.orchestra.run.smithi045.stderr:/usr/bin/ceph:
2022-02-02T13:31:36.394+0000 7f817ae0e700 1 -- 172.21.15.45:0/1934624460 shutdown_connections
2022-02-02T13:31:36.432 INFO:teuthology.orchestra.run.smithi045.stderr:/usr/bin/ceph:
2022-02-02T13:31:36.394+0000 7f817ae0e700 1 --2- 172.21.15.45:0/1934624460 >> [v2:172.21.15.45:3300/0,v1:172.21.15.45:6789/0] conn(0x7f81740fd240 0x7f81740fd660 unknown :-1 s=CLOSED pgs=60 cs=0 l=1 rev1=1 rx=0 tx=0).stop
2022-02-02T13:31:36.432 INFO:teuthology.orchestra.run.smithi045.stderr:/usr/bin/ceph:
2022-02-02T13:31:36.394+0000 7f817ae0e700 1 -- 172.21.15.45:0/1934624460 >> 172.21.15.45:0/1934624460 conn(0x7f81740f5a60 msgr2=0x7f81740f7e80 unknown :-1 s=STATE_NONE l=0).mark_down
2022-02-02T13:31:36.432 INFO:teuthology.orchestra.run.smithi045.stderr:/usr/bin/ceph:
2022-02-02T13:31:36.394+0000 7f817ae0e700 1 -- 172.21.15.45:0/1934624460 shutdown_connections
2022-02-02T13:31:36.433 INFO:teuthology.orchestra.run.smithi045.stderr:/usr/bin/ceph:
2022-02-02T13:31:36.394+0000 7f817ae0e700 1 -- 172.21.15.45:0/1934624460 wait complete.
2022-02-02T13:31:36.433 INFO:teuthology.orchestra.run.smithi045.stderr:/usr/bin/ceph:
2022-02-02T13:31:36.395+0000 7f817ae0e700 1 Processor -- start
2022-02-02T13:31:36.433 INFO:teuthology.orchestra.run.smithi045.stderr:/usr/bin/ceph:
2022-02-02T13:31:36.395+0000 7f817ae0e700 1 -- start start
2022-02-02T13:31:36.433 INFO:teuthology.orchestra.run.smithi045.stderr:/usr/bin/ceph:
2022-02-02T13:31:36.395+0000 7f817ae0e700 1 --2- >> [v2:172.21.15.45:3300/0,v1:172.21.15.45:6789/0] conn(0x7f81740fd240 0x7f81740fcb10 unknown :-1 s=NONE pgs=0 cs=0 l=1 rev1=0 rx=0 tx=0).connect
2022-02-02T13:31:36.433 INFO:teuthology.orchestra.run.smithi045.stderr:/usr/bin/ceph:
2022-02-02T13:31:36.395+0000 7f817ae0e700 1 -- --> [v2:172.21.15.45:3300/0,v1:172.21.15.45:6789/0] -- mon_getmap magic: 0 v1 -- 0x7f81740faf90 con 0x7f81740fd240
2022-02-02T13:31:36.434 INFO:teuthology.orchestra.run.smithi045.stderr:/usr/bin/ceph:
2022-02-02T13:31:36.395+0000 7f8178baa700 1 --2- >> [v2:172.21.15.45:3300/0,v1:172.21.15.45:6789/0] conn(0x7f81740fd240 0x7f81740fcb10 unknown :-1 s=BANNER_CONNECTING pgs=0 cs=0 l=1 rev1=0 rx=0 tx=0)._handle_peer_banner_payload supported=1 required=0
2022-02-02T13:31:36.434 INFO:teuthology.orchestra.run.smithi045.stderr:/usr/bin/ceph:
2022-02-02T13:31:36.395+0000 7f8178baa700 1 --2- >> [v2:172.21.15.45:3300/0,v1:172.21.15.45:6789/0] conn(0x7f81740fd240 0x7f81740fcb10 unknown :-1 s=HELLO_CONNECTING pgs=0 cs=0 l=1 rev1=1 rx=0 tx=0).handle_hello peer v2:172.21.15.45:3300/0 says I am v2:172.21.15.45:50104/0 (socket says 172.21.15.45:50104)
2022-02-02T13:31:36.434 INFO:teuthology.orchestra.run.smithi045.stderr:/usr/bin/ceph:
2022-02-02T13:31:36.395+0000 7f8178baa700 1 -- 172.21.15.45:0/4109170300 learned_addr learned my addr 172.21.15.45:0/4109170300 (peer_addr_for_me v2:172.21.15.45:0/0)
2022-02-02T13:31:36.435 INFO:teuthology.orchestra.run.smithi045.stderr:/usr/bin/ceph:
2022-02-02T13:31:36.395+0000 7f8178baa700 1 -- 172.21.15.45:0/4109170300 --> [v2:172.21.15.45:3300/0,v1:172.21.15.45:6789/0] -- mon_subscribe({config=0+,monmap=0+}) v3 -- 0x7f816800b200 con 0x7f81740fd240
2022-02-02T13:31:36.435 INFO:teuthology.orchestra.run.smithi045.stderr:/usr/bin/ceph:
