2022-02-02T13:31:39.843 INFO:teuthology.orchestra.run.smithi045.stderr:/usr/bin/ceph:
2022-02-02T13:31:39.833+0000 7f2731ffb700 1 --2- 172.21.15.45:0/1679450524 >> [v2:172.21.15.45:6800/82175146,v1:172.21.15.45:6801/82175146] conn(0x7f272002fe60 0x7f2720032320 unknown :-1 s=NONE pgs=0 cs=0 l=1 rev1=0 rx=0 tx=0).connect
2022-02-02T13:31:39.843 INFO:teuthology.orchestra.run.smithi045.stderr:/usr/bin/ceph:
2022-02-02T13:31:39.833+0000 7f2731ffb700 1 -- 172.21.15.45:0/1679450524 <== mon.0 v2:172.21.15.45:3300/0 5 ==== osd_map(3..3 src has 1..3) v4 ==== 1065+0+0 (secure 0 0 0) 0x7f2724042b70 con 0x7f273406fbe0
2022-02-02T13:31:39.843 INFO:teuthology.orchestra.run.smithi045.stderr:/usr/bin/ceph:
2022-02-02T13:31:39.834+0000 7f2738f89700 1 --2- 172.21.15.45:0/1679450524 >> [v2:172.21.15.45:6800/82175146,v1:172.21.15.45:6801/82175146] conn(0x7f272002fe60 0x7f2720032320 unknown :-1 s=BANNER_CONNECTING pgs=0 cs=0 l=1 rev1=0 rx=0 tx=0)._handle_peer_banner_payload supported=1 required=0
2022-02-02T13:31:39.844 INFO:teuthology.orchestra.run.smithi045.stderr:/usr/bin/ceph:
2022-02-02T13:31:39.834+0000 7f273b9ee700 1 -- 172.21.15.45:0/1679450524 --> [v2:172.21.15.45:3300/0,v1:172.21.15.45:6789/0] -- mon_command({"prefix": "get_command_descriptions"} v 0) v1 -- 0x7f2734045ad0 con 0x7f273406fbe0
2022-02-02T13:31:39.844 INFO:teuthology.orchestra.run.smithi045.stderr:/usr/bin/ceph:
2022-02-02T13:31:39.834+0000 7f2738f89700 1 --2- 172.21.15.45:0/1679450524 >> [v2:172.21.15.45:6800/82175146,v1:172.21.15.45:6801/82175146] conn(0x7f272002fe60 0x7f2720032320 secure :-1 s=READY pgs=10 cs=0 l=1 rev1=1 rx=0x7f27280096a0 tx=0x7f2728006b40).ready entity=mgr.14144 client_cookie=0 server_cookie=0 in_seq=0 out_seq=0
2022-02-02T13:31:39.845 INFO:teuthology.orchestra.run.smithi045.stderr:/usr/bin/ceph:
2022-02-02T13:31:39.838+0000 7f2731ffb700 1 -- 172.21.15.45:0/1679450524 <== mon.0 v2:172.21.15.45:3300/0 6 ==== mon_command_ack([{"prefix": "get_command_descriptions"}]=0 v0) v1 ==== 72+0+152212 (secure 0 0 0) 0x7f272401e080 con 0x7f273406fbe0
2022-02-02T13:31:40.125 INFO:journalctl@ceph.mon.smithi045.smithi045.stdout:Feb 02 13:31:39 smithi045 conmon[32010]: audit
2022-02-02T13:31:38.996486+0000 mon.smithi045 (mon.0) 87 : audit [INF] from='client.? 172.21.15.45:0/2987252121' entity='client.admin'
2022-02-02T13:31:40.125 INFO:teuthology.orchestra.run.smithi045.stderr:/usr/bin/ceph:
2022-02-02T13:31:40.123+0000 7f273b9ee700 1 -- 172.21.15.45:0/1679450524 --> [v2:172.21.15.45:3300/0,v1:172.21.15.45:6789/0] -- mon_command([{prefix=config set, name=mgr/dashboard/ssl_server_port}] v 0) v1 -- 0x7f27340008d0 con 0x7f273406fbe0
2022-02-02T13:31:40.127 INFO:teuthology.orchestra.run.smithi045.stderr:/usr/bin/ceph:
2022-02-02T13:31:40.126+0000 7f2731ffb700 1 -- 172.21.15.45:0/1679450524 <== mon.0 v2:172.21.15.45:3300/0 7 ==== mon_command_ack([{prefix=config set, name=mgr/dashboard/ssl_server_port}]=0 v10)=0 v10) v1 ==== 130+0+0 (secure 0 0 0) 0x7f2724018ba0 con 0x7f273406fbe0
2022-02-02T13:31:40.130 INFO:teuthology.orchestra.run.smithi045.stderr:/usr/bin/ceph:
2022-02-02T13:31:40.129+0000 7f273b9ee700 1 -- 172.21.15.45:0/1679450524 >> [v2:172.21.15.45:6800/82175146,v1:172.21.15.45:6801/82175146] conn(0x7f272002fe60 msgr2=0x7f2720032320 secure :-1 s=STATE_CONNECTION_ESTABLISHED l=1).mark_down
2022-02-02T13:31:40.131 INFO:teuthology.orchestra.run.smithi045.stderr:/usr/bin/ceph:
2022-02-02T13:31:40.129+0000 7f273b9ee700 1 --2- 172.21.15.45:0/1679450524 >> [v2:172.21.15.45:6800/82175146,v1:172.21.15.45:6801/82175146] conn(0x7f272002fe60 0x7f2720032320 secure :-1 s=READY pgs=10 cs=0 l=1 rev1=1 rx=0x7f27280096a0 tx=0x7f2728006b40).stop
2022-02-02T13:31:40.131 INFO:teuthology.orchestra.run.smithi045.stderr:/usr/bin/ceph:
2022-02-02T13:31:40.129+0000 7f273b9ee700 1 -- 172.21.15.45:0/1679450524 >> [v2:172.21.15.45:3300/0,v1:172.21.15.45:6789/0] conn(0x7f273406fbe0 msgr2=0x7f273410cbd0 secure :-1 s=STATE_CONNECTION_ESTABLISHED l=1).mark_down
2022-02-02T13:31:40.131 INFO:teuthology.orchestra.run.smithi045.stderr:/usr/bin/ceph:
2022-02-02T13:31:40.129+0000 7f273b9ee700 1 --2- 172.21.15.45:0/1679450524 >> [v2:172.21.15.45:3300/0,v1:172.21.15.45:6789/0] conn(0x7f273406fbe0 0x7f273410cbd0 secure :-1 s=READY pgs=67 cs=0 l=1 rev1=1 rx=0x7f2724006b80 tx=0x7f27240092d0).stop
2022-02-02T13:31:40.132 INFO:teuthology.orchestra.run.smithi045.stderr:/usr/bin/ceph:
2022-02-02T13:31:40.129+0000 7f273b9ee700 1 -- 172.21.15.45:0/1679450524 shutdown_connections
2022-02-02T13:31:40.132 INFO:teuthology.orchestra.run.smithi045.stderr:/usr/bin/ceph:
2022-02-02T13:31:40.129+0000 7f273b9ee700 1 --2- 172.21.15.45:0/1679450524 >> [v2:172.21.15.45:6800/82175146,v1:172.21.15.45:6801/82175146] conn(0x7f272002fe60 0x7f2720032320 unknown :-1 s=CLOSED pgs=10 cs=0 l=1 rev1=1 rx=0 tx=0).stop
2022-02-02T13:31:40.132 INFO:teuthology.orchestra.run.smithi045.stderr:/usr/bin/ceph:
2022-02-02T13:31:40.129+0000 7f273b9ee700 1 --2- 172.21.15.45:0/1679450524 >> [v2:172.21.15.45:3300/0,v1:172.21.15.45:6789/0] conn(0x7f273406fbe0 0x7f273410cbd0 unknown :-1 s=CLOSED pgs=67 cs=0 l=1 rev1=1 rx=0 tx=0).stop
2022-02-02T13:31:40.133 INFO:teuthology.orchestra.run.smithi045.stderr:/usr/bin/ceph:
2022-02-02T13:31:40.129+0000 7f273b9ee700 1 -- 172.21.15.45:0/1679450524 >> 172.21.15.45:0/1679450524 conn(0x7f27340f62a0 msgr2=0x7f27340f7d90 unknown :-1 s=STATE_NONE l=0).mark_down
2022-02-02T13:31:40.133 INFO:teuthology.orchestra.run.smithi045.stderr:/usr/bin/ceph:
2022-02-02T13:31:40.130+0000 7f273b9ee700 1 -- 172.21.15.45:0/1679450524 shutdown_connections
2022-02-02T13:31:40.134 INFO:teuthology.orchestra.run.smithi045.stderr:/usr/bin/ceph:
2022-02-02T13:31:40.130+0000 7f273b9ee700 1 -- 172.21.15.45:0/1679450524 wait complete.
2022-02-02T13:31:40.690 INFO:teuthology.orchestra.run.smithi045.stderr:Enabling the dashboard module...
2022-02-02T13:31:40.691 INFO:teuthology.orchestra.run.smithi045.stderr:Running command: /bin/podman run --rm --ipc=host --no-hosts --net=host --entrypoint /usr/bin/ceph --init -e CONTAINER_IMAGE=docker.io/ceph/ceph:v16.2.4 -e NODE_NAME=smithi045 -e CEPH_USE_RANDOM_NONCE=1 -v /var/log/ceph/42d4eafa-842c-11ec-8c35-001a4aab830c:/var/log/ceph:z -v /tmp/ceph-tmpqes3qimc:/etc/ceph/ceph.client.admin.keyring:z -v /tmp/ceph-tmpbbdg3pzu:/etc/ceph/ceph.conf:z docker.io/ceph/ceph:v16.2.4 mgr module enable dashboard
2022-02-02T13:31:41.160 INFO:teuthology.orchestra.run.smithi045.stderr:/usr/bin/ceph:
2022-02-02T13:31:41.117+0000 7f44cfbf5700 1 Processor -- start
2022-02-02T13:31:41.161 INFO:teuthology.orchestra.run.smithi045.stderr:/usr/bin/ceph:
2022-02-02T13:31:41.117+0000 7f44cfbf5700 1 -- start start
2022-02-02T13:31:41.161 INFO:teuthology.orchestra.run.smithi045.stderr:/usr/bin/ceph:
2022-02-02T13:31:41.117+0000 7f44cfbf5700 1 --2- >> [v2:172.21.15.45:3300/0,v1:172.21.15.45:6789/0] conn(0x7f44c80fd250 0x7f44c80fd670 unknown :-1 s=NONE pgs=0 cs=0 l=0 rev1=0 rx=0 tx=0).connect
2022-02-02T13:31:41.161 INFO:teuthology.orchestra.run.smithi045.stderr:/usr/bin/ceph:
2022-02-02T13:31:41.117+0000 7f44cfbf5700 1 -- --> [v2:172.21.15.45:3300/0,v1:172.21.15.45:6789/0] -- mon_getmap magic: 0 v1 -- 0x7f44c80fdbf0 con 0x7f44c80fd250
2022-02-02T13:31:41.161 INFO:teuthology.orchestra.run.smithi045.stderr:/usr/bin/ceph:
2022-02-02T13:31:41.118+0000 7f44cd991700 1 --2- >> [v2:172.21.15.45:3300/0,v1:172.21.15.45:6789/0] conn(0x7f44c80fd250 0x7f44c80fd670 unknown :-1 s=BANNER_CONNECTING pgs=0 cs=0 l=0 rev1=0 rx=0 tx=0)._handle_peer_banner_payload supported=1 required=0
2022-02-02T13:31:41.162 INFO:teuthology.orchestra.run.smithi045.stderr:/usr/bin/ceph:
2022-02-02T13:31:41.118+0000 7f44cd991700 1 --2- >> [v2:172.21.15.45:3300/0,v1:172.21.15.45:6789/0] conn(0x7f44c80fd250 0x7f44c80fd670 unknown :-1 s=HELLO_CONNECTING pgs=0 cs=0 l=0 rev1=1 rx=0 tx=0).handle_hello peer v2:172.21.15.45:3300/0 says I am v2:172.21.15.45:50126/0 (socket says 172.21.15.45:50126)
2022-02-02T13:31:41.162 INFO:teuthology.orchestra.run.smithi045.stderr:/usr/bin/ceph:
2022-02-02T13:31:41.118+0000 7f44cd991700 1 -- 172.21.15.45:0/351408509 learned_addr learned my addr 172.21.15.45:0/351408509 (peer_addr_for_me v2:172.21.15.45:0/0)
2022-02-02T13:31:41.162 INFO:teuthology.orchestra.run.smithi045.stderr:/usr/bin/ceph:
2022-02-02T13:31:41.118+0000 7f44cd991700 1 -- 172.21.15.45:0/351408509 --> [v2:172.21.15.45:3300/0,v1:172.21.15.45:6789/0] -- mon_subscribe({config=0+,monmap=0+}) v3 -- 0x7f44c80fdd30 con 0x7f44c80fd250
2022-02-02T13:31:41.163 INFO:teuthology.orchestra.run.smithi045.stderr:/usr/bin/ceph:
2022-02-02T13:31:41.118+0000 7f44cd991700 1 --2- 172.21.15.45:0/351408509 >> [v2:172.21.15.45:3300/0,v1:172.21.15.45:6789/0] conn(0x7f44c80fd250 0x7f44c80fd670 secure :-1 s=READY pgs=68 cs=0 l=1 rev1=1 rx=0x7f44b800b5f0 tx=0x7f44b8006ee0).ready entity=mon.0 client_cookie=423c568a85bb2e13 server_cookie=0 in_seq=0 out_seq=0
2022-02-02T13:31:41.163 INFO:teuthology.orchestra.run.smithi045.stderr:/usr/bin/ceph:
2022-02-02T13:31:41.118+0000 7f44cc98f700 1 -- 172.21.15.45:0/351408509 <== mon.0 v2:172.21.15.45:3300/0 1 ==== mon_map magic: 0 v1 ==== 229+0+0 (secure 0 0 0) 0x7f44b800d600 con 0x7f44c80fd250
2022-02-02T13:31:41.163 INFO:teuthology.orchestra.run.smithi045.stderr:/usr/bin/ceph:
2022-02-02T13:31:41.118+0000 7f44cc98f700 1 -- 172.21.15.45:0/351408509 <== mon.0 v2:172.21.15.45:3300/0 2 ==== config(25 keys) v1 ==== 1047+0+0 (secure 0 0 0) 0x7f44b800dbf0 con 0x7f44c80fd250
2022-02-02T13:31:41.163 INFO:teuthology.orchestra.run.smithi045.stderr:/usr/bin/ceph:
2022-02-02T13:31:41.118+0000 7f44cc98f700 1 -- 172.21.15.45:0/351408509 <== mon.0 v2:172.21.15.45:3300/0 3 ==== mon_map magic: 0 v1 ==== 229+0+0 (secure 0 0 0) 0x7f44b8011bf0 con 0x7f44c80fd250
2022-02-02T13:31:41.164 INFO:teuthology.orchestra.run.smithi045.stderr:/usr/bin/ceph:
2022-02-02T13:31:41.119+0000 7f44cfbf5700 1 -- 172.21.15.45:0/351408509 >> [v2:172.21.15.45:3300/0,v1:172.21.15.45:6789/0] conn(0x7f44c80fd250 msgr2=0x7f44c80fd670 secure :-1 s=STATE_CONNECTION_ESTABLISHED l=1).mark_down
2022-02-02T13:31:41.164 INFO:teuthology.orchestra.run.smithi045.stderr:/usr/bin/ceph:
2022-02-02T13:31:41.119+0000 7f44cfbf5700 1 --2- 172.21.15.45:0/351408509 >> [v2:172.21.15.45:3300/0,v1:172.21.15.45:6789/0] conn(0x7f44c80fd250 0x7f44c80fd670 secure :-1 s=READY pgs=68 cs=0 l=1 rev1=1 rx=0x7f44b800b5f0 tx=0x7f44b8006ee0).stop
2022-02-02T13:31:41.164 INFO:teuthology.orchestra.run.smithi045.stderr:/usr/bin/ceph:
2022-02-02T13:31:41.119+0000 7f44cfbf5700 1 -- 172.21.15.45:0/351408509 shutdown_connections
2022-02-02T13:31:41.165 INFO:teuthology.orchestra.run.smithi045.stderr:/usr/bin/ceph:
2022-02-02T13:31:41.119+0000 7f44cfbf5700 1 --2- 172.21.15.45:0/351408509 >> [v2:172.21.15.45:3300/0,v1:172.21.15.45:6789/0] conn(0x7f44c80fd250 0x7f44c80fd670 unknown :-1 s=CLOSED pgs=68 cs=0 l=1 rev1=1 rx=0 tx=0).stop
2022-02-02T13:31:41.165 INFO:teuthology.orchestra.run.smithi045.stderr:/usr/bin/ceph:
2022-02-02T13:31:41.119+0000 7f44cfbf5700 1 -- 172.21.15.45:0/351408509 >> 172.21.15.45:0/351408509 conn(0x7f44c80f59f0 msgr2=0x7f44c80f7e10 unknown :-1 s=STATE_NONE l=0).mark_down
2022-02-02T13:31:41.165 INFO:teuthology.orchestra.run.smithi045.stderr:/usr/bin/ceph:
2022-02-02T13:31:41.119+0000 7f44cfbf5700 1 -- 172.21.15.45:0/351408509 shutdown_connections
2022-02-02T13:31:41.165 INFO:teuthology.orchestra.run.smithi045.stderr:/usr/bin/ceph:
2022-02-02T13:31:41.119+0000 7f44cfbf5700 1 -- 172.21.15.45:0/351408509 wait complete.
2022-02-02T13:31:41.166 INFO:teuthology.orchestra.run.smithi045.stderr:/usr/bin/ceph:
2022-02-02T13:31:41.119+0000 7f44cfbf5700 1 Processor -- start
2022-02-02T13:31:41.166 INFO:teuthology.orchestra.run.smithi045.stderr:/usr/bin/ceph:
2022-02-02T13:31:41.119+0000 7f44cfbf5700 1 -- start start
2022-02-02T13:31:41.167 INFO:teuthology.orchestra.run.smithi045.stderr:/usr/bin/ceph:
2022-02-02T13:31:41.120+0000 7f44cfbf5700 1 --2- >> [v2:172.21.15.45:3300/0,v1:172.21.15.45:6789/0] conn(0x7f44c80fd250 0x7f44c80fcb20 unknown :-1 s=NONE pgs=0 cs=0 l=1 rev1=0 rx=0 tx=0).connect
2022-02-02T13:31:41.167 INFO:teuthology.orchestra.run.smithi045.stderr:/usr/bin/ceph:
2022-02-02T13:31:41.120+0000 7f44cfbf5700 1 -- --> [v2:172.21.15.45:3300/0,v1:172.21.15.45:6789/0] -- mon_getmap magic: 0 v1 -- 0x7f44c80fafa0 con 0x7f44c80fd250
2022-02-02T13:31:41.167 INFO:teuthology.orchestra.run.smithi045.stderr:/usr/bin/ceph:
2022-02-02T13:31:41.120+0000 7f44cd991700 1 --2- >> [v2:172.21.15.45:3300/0,v1:172.21.15.45:6789/0] conn(0x7f44c80fd250 0x7f44c80fcb20 unknown :-1 s=BANNER_CONNECTING pgs=0 cs=0 l=1 rev1=0 rx=0 tx=0)._handle_peer_banner_payload supported=1 required=0
2022-02-02T13:31:41.167 INFO:teuthology.orchestra.run.smithi045.stderr:/usr/bin/ceph:
2022-02-02T13:31:41.120+0000 7f44cd991700 1 --2- >> [v2:172.21.15.45:3300/0,v1:172.21.15.45:6789/0] conn(0x7f44c80fd250 0x7f44c80fcb20 unknown :-1 s=HELLO_CONNECTING pgs=0 cs=0 l=1 rev1=1 rx=0 tx=0).handle_hello peer v2:172.21.15.45:3300/0 says I am v2:172.21.15.45:50128/0 (socket says 172.21.15.45:50128)
2022-02-02T13:31:41.168 INFO:teuthology.orchestra.run.smithi045.stderr:/usr/bin/ceph:
2022-02-02T13:31:41.120+0000 7f44cd991700 1 -- 172.21.15.45:0/4004140747 learned_addr learned my addr 172.21.15.45:0/4004140747 (peer_addr_for_me v2:172.21.15.45:0/0)
2022-02-02T13:31:41.168 INFO:teuthology.orchestra.run.smithi045.stderr:/usr/bin/ceph:
2022-02-02T13:31:41.120+0000 7f44cd991700 1 -- 172.21.15.45:0/4004140747 --> [v2:172.21.15.45:3300/0,v1:172.21.15.45:6789/0] -- mon_subscribe({config=0+,monmap=0+}) v3 -- 0x7f44b800b200 con 0x7f44c80fd250
2022-02-02T13:31:41.168 INFO:teuthology.orchestra.run.smithi045.stderr:/usr/bin/ceph:
2022-02-02T13:31:41.120+0000 7f44cd991700 1 --2- 172.21.15.45:0/4004140747 >> [v2:172.21.15.45:3300/0,v1:172.21.15.45:6789/0] conn(0x7f44c80fd250 0x7f44c80fcb20 secure :-1 s=READY pgs=69 cs=0 l=1 rev1=1 rx=0x7f44b8006800 tx=0x7f44b8006ee0).ready entity=mon.0 client_cookie=0 server_cookie=0 in_seq=0 out_seq=0
2022-02-02T13:31:41.168 INFO:teuthology.orchestra.run.smithi045.stderr:/usr/bin/ceph:
2022-02-02T13:31:41.120+0000 7f44b67fc700 1 -- 172.21.15.45:0/4004140747 <== mon.0 v2:172.21.15.45:3300/0 1 ==== mon_map magic: 0 v1 ==== 229+0+0 (secure 0 0 0) 0x7f44b800dec0 con 0x7f44c80fd250
2022-02-02T13:31:41.168 INFO:teuthology.orchestra.run.smithi045.stderr:/usr/bin/ceph:
2022-02-02T13:31:41.120+0000 7f44b67fc700 1 -- 172.21.15.45:0/4004140747 <== mon.0 v2:172.21.15.45:3300/0 2 ==== config(25 keys) v1 ==== 1047+0+0 (secure 0 0 0) 0x7f44b801b8a0 con 0x7f44c80fd250
2022-02-02T13:31:41.169 INFO:teuthology.orchestra.run.smithi045.stderr:/usr/bin/ceph:
2022-02-02T13:31:41.120+0000 7f44cfbf5700 1 -- 172.21.15.45:0/4004140747 --> [v2:172.21.15.45:3300/0,v1:172.21.15.45:6789/0] -- mon_subscribe({mgrmap=0+}) v3 -- 0x7f44c80fb140 con 0x7f44c80fd250
2022-02-02T13:31:41.169 INFO:teuthology.orchestra.run.smithi045.stderr:/usr/bin/ceph:
2022-02-02T13:31:41.120+0000 7f44b67fc700 1 -- 172.21.15.45:0/4004140747 <== mon.0 v2:172.21.15.45:3300/0 3 ==== mon_map magic: 0 v1 ==== 229+0+0 (secure 0 0 0) 0x7f44b801a7b0 con 0x7f44c80fd250
2022-02-02T13:31:41.169 INFO:teuthology.orchestra.run.smithi045.stderr:/usr/bin/ceph:
2022-02-02T13:31:41.120+0000 7f44cfbf5700 1 -- 172.21.15.45:0/4004140747 --> [v2:172.21.15.45:3300/0,v1:172.21.15.45:6789/0] -- mon_subscribe({osdmap=0}) v3 -- 0x7f44c80fb5d0 con 0x7f44c80fd250
2022-02-02T13:31:41.169 INFO:teuthology.orchestra.run.smithi045.stderr:/usr/bin/ceph:
2022-02-02T13:31:41.121+0000 7f44b67fc700 1 -- 172.21.15.45:0/4004140747 <== mon.0 v2:172.21.15.45:3300/0 4 ==== mgrmap(e 12) v1 ==== 36195+0+0 (secure 0 0 0) 0x7f44b802b070 con 0x7f44c80fd250
2022-02-02T13:31:41.170 INFO:teuthology.orchestra.run.smithi045.stderr:/usr/bin/ceph:
2022-02-02T13:31:41.121+0000 7f44b67fc700 1 --2- 172.21.15.45:0/4004140747 >> [v2:172.21.15.45:6800/82175146,v1:172.21.15.45:6801/82175146] conn(0x7f44b002fe60 0x7f44b0032320 unknown :-1 s=NONE pgs=0 cs=0 l=1 rev1=0 rx=0 tx=0).connect
2022-02-02T13:31:41.170 INFO:teuthology.orchestra.run.smithi045.stderr:/usr/bin/ceph:
2022-02-02T13:31:41.122+0000 7f44b67fc700 1 -- 172.21.15.45:0/4004140747 <== mon.0 v2:172.21.15.45:3300/0 5 ==== osd_map(3..3 src has 1..3) v4 ==== 1065+0+0 (secure 0 0 0) 0x7f44b8041720 con 0x7f44c80fd250
2022-02-02T13:31:41.170 INFO:teuthology.orchestra.run.smithi045.stderr:/usr/bin/ceph:
2022-02-02T13:31:41.121+0000 7f44cfbf5700 1 -- 172.21.15.45:0/4004140747 --> [v2:172.21.15.45:3300/0,v1:172.21.15.45:6789/0] -- mon_command({"prefix": "get_command_descriptions"} v 0) v1 -- 0x7f44c8045ad0 con 0x7f44c80fd250
2022-02-02T13:31:41.170 INFO:teuthology.orchestra.run.smithi045.stderr:/usr/bin/ceph:
2022-02-02T13:31:41.122+0000 7f44cd190700 1 --2- 172.21.15.45:0/4004140747 >> [v2:172.21.15.45:6800/82175146,v1:172.21.15.45:6801/82175146] conn(0x7f44b002fe60 0x7f44b0032320 unknown :-1 s=BANNER_CONNECTING pgs=0 cs=0 l=1 rev1=0 rx=0 tx=0)._handle_peer_banner_payload supported=1 required=0
2022-02-02T13:31:41.171 INFO:teuthology.orchestra.run.smithi045.stderr:/usr/bin/ceph:
2022-02-02T13:31:41.122+0000 7f44cd190700 1 --2- 172.21.15.45:0/4004140747 >> [v2:172.21.15.45:6800/82175146,v1:172.21.15.45:6801/82175146] conn(0x7f44b002fe60 0x7f44b0032320 secure :-1 s=READY pgs=11 cs=0 l=1 rev1=1 rx=0x7f44c40096a0 tx=0x7f44c4006b40).ready entity=mgr.14144 client_cookie=0 server_cookie=0 in_seq=0 out_seq=0
2022-02-02T13:31:41.171 INFO:teuthology.orchestra.run.smithi045.stderr:/usr/bin/ceph:
2022-02-02T13:31:41.126+0000 7f44b67fc700 1 -- 172.21.15.45:0/4004140747 <== mon.0 v2:172.21.15.45:3300/0 6 ==== mon_command_ack([{"prefix": "get_command_descriptions"}]=0 v0) v1 ==== 72+0+152212 (secure 0 0 0) 0x7f44b801f080 con 0x7f44c80fd250
2022-02-02T13:31:41.488 INFO:journalctl@ceph.mon.smithi045.smithi045.stdout:Feb 02 13:31:41 smithi045 conmon[32010]: audit
2022-02-02T13:31:40.128394
2022-02-02T13:31:41.488 INFO:journalctl@ceph.mon.smithi045.smithi045.stdout:Feb 02 13:31:41 smithi045 conmon[32010]: +0000 mon.smithi045 (mon.0) 88 : audit [INF] from='client.? 172.21.15.45:0/1679450524' entity='client.admin'
2022-02-02T13:31:41.489 INFO:teuthology.orchestra.run.smithi045.stderr:/usr/bin/ceph:
2022-02-02T13:31:41.484+0000 7f44cfbf5700 1 -- 172.21.15.45:0/4004140747 --> [v2:172.21.15.45:3300/0,v1:172.21.15.45:6789/0] -- mon_command({"prefix": "mgr module enable", "module": "dashboard"} v 0) v1 -- 0x7f44c80fa6d0 con 0x7f44c80fd250
2022-02-02T13:31:42.132 INFO:teuthology.orchestra.run.smithi045.stderr:/usr/bin/ceph:
2022-02-02T13:31:42.130+0000 7f44b67fc700 1 -- 172.21.15.45:0/4004140747 <== mon.0 v2:172.21.15.45:3300/0 7 ==== mgrmap(e 13) v1 ==== 36208+0+0 (secure 0 0 0) 0x7f44b800f070 con 0x7f44c80fd250
2022-02-02T13:31:42.132 INFO:teuthology.orchestra.run.smithi045.stderr:/usr/bin/ceph:
2022-02-02T13:31:42.131+0000 7f44b67fc700 1 -- 172.21.15.45:0/4004140747 <== mon.0 v2:172.21.15.45:3300/0 8 ==== mon_command_ack([{"prefix": "mgr module enable", "module": "dashboard"}]=0 v13) v1 ==== 88+0+0 (secure 0 0 0) 0x7f44b8040ab0 con 0x7f44c80fd250
2022-02-02T13:31:42.138 INFO:teuthology.orchestra.run.smithi045.stderr:/usr/bin/ceph:
2022-02-02T13:31:42.135+0000 7f44cfbf5700 1 -- 172.21.15.45:0/4004140747 >> [v2:172.21.15.45:6800/82175146,v1:172.21.15.45:6801/82175146] conn(0x7f44b002fe60 msgr2=0x7f44b0032320 secure :-1 s=STATE_CONNECTION_ESTABLISHED l=1).mark_down
2022-02-02T13:31:42.138 INFO:teuthology.orchestra.run.smithi045.stderr:/usr/bin/ceph:
2022-02-02T13:31:42.135+0000 7f44cfbf5700 1 --2- 172.21.15.45:0/4004140747 >> [v2:172.21.15.45:6800/82175146,v1:172.21.15.45:6801/82175146] conn(0x7f44b002fe60 0x7f44b0032320 secure :-1 s=READY pgs=11 cs=0 l=1 rev1=1 rx=0x7f44c40096a0 tx=0x7f44c4006b40).stop
2022-02-02T13:31:42.139 INFO:teuthology.orchestra.run.smithi045.stderr:/usr/bin/ceph:
2022-02-02T13:31:42.135+0000 7f44cfbf5700 1 -- 172.21.15.45:0/4004140747 >> [v2:172.21.15.45:3300/0,v1:172.21.15.45:6789/0] conn(0x7f44c80fd250 msgr2=0x7f44c80fcb20 secure :-1 s=STATE_CONNECTION_ESTABLISHED l=1).mark_down
2022-02-02T13:31:42.140 INFO:teuthology.orchestra.run.smithi045.stderr:/usr/bin/ceph:
2022-02-02T13:31:42.135+0000 7f44cfbf5700 1 --2- 172.21.15.45:0/4004140747 >> [v2:172.21.15.45:3300/0,v1:172.21.15.45:6789/0] conn(0x7f44c80fd250 0x7f44c80fcb20 secure :-1 s=READY pgs=69 cs=0 l=1 rev1=1 rx=0x7f44b8006800 tx=0x7f44b8006ee0).stop
2022-02-02T13:31:42.140 INFO:teuthology.orchestra.run.smithi045.stderr:/usr/bin/ceph:
2022-02-02T13:31:42.135+0000 7f44cfbf5700 1 -- 172.21.15.45:0/4004140747 shutdown_connections
2022-02-02T13:31:42.141 INFO:teuthology.orchestra.run.smithi045.stderr:/usr/bin/ceph:
2022-02-02T13:31:42.135+0000 7f44cfbf5700 1 --2- 172.21.15.45:0/4004140747 >> [v2:172.21.15.45:6800/82175146,v1:172.21.15.45:6801/82175146] conn(0x7f44b002fe60 0x7f44b0032320 unknown :-1 s=CLOSED pgs=11 cs=0 l=1 rev1=1 rx=0 tx=0).stop
2022-02-02T13:31:42.141 INFO:teuthology.orchestra.run.smithi045.stderr:/usr/bin/ceph:
2022-02-02T13:31:42.135+0000 7f44cfbf5700 1 --2- 172.21.15.45:0/4004140747 >> [v2:172.21.15.45:3300/0,v1:172.21.15.45:6789/0] conn(0x7f44c80fd250 0x7f44c80fcb20 unknown :-1 s=CLOSED pgs=69 cs=0 l=1 rev1=1 rx=0 tx=0).stop
2022-02-02T13:31:42.141 INFO:teuthology.orchestra.run.smithi045.stderr:/usr/bin/ceph:
2022-02-02T13:31:42.135+0000 7f44cfbf5700 1 -- 172.21.15.45:0/4004140747 >> 172.21.15.45:0/4004140747 conn(0x7f44c80f59f0 msgr2=0x7f44c80ff240 unknown :-1 s=STATE_NONE l=0).mark_down
2022-02-02T13:31:42.142 INFO:teuthology.orchestra.run.smithi045.stderr:/usr/bin/ceph:
2022-02-02T13:31:42.135+0000 7f44cfbf5700 1 -- 172.21.15.45:0/4004140747 shutdown_connections
2022-02-02T13:31:42.142 INFO:teuthology.orchestra.run.smithi045.stderr:/usr/bin/ceph:
2022-02-02T13:31:42.135+0000 7f44cfbf5700 1 -- 172.21.15.45:0/4004140747 wait complete.
2022-02-02T13:31:42.480 INFO:journalctl@ceph.mon.smithi045.smithi045.stdout:Feb 02 13:31:42 smithi045 conmon[32010]: audit
2022-02-02T13:31:41.486656
2022-02-02T13:31:42.480 INFO:journalctl@ceph.mon.smithi045.smithi045.stdout:Feb 02 13:31:42 smithi045 conmon[32010]: +0000 mon.smithi045 (mon.0) 89 : audit [INF] from='client.? 172.21.15.45:0/4004140747' entity='client.admin' cmd=[{"prefix": "mgr module enable", "module": "dashboard"}]: dispatch
2022-02-02T13:31:42.532 INFO:teuthology.orchestra.run.smithi045.stderr:Running command: /bin/podman run --rm --ipc=host --no-hosts --net=host --entrypoint /usr/bin/ceph --init -e CONTAINER_IMAGE=docker.io/ceph/ceph:v16.2.4 -e NODE_NAME=smithi045 -e CEPH_USE_RANDOM_NONCE=1 -v /var/log/ceph/42d4eafa-842c-11ec-8c35-001a4aab830c:/var/log/ceph:z -v /tmp/ceph-tmpqes3qimc:/etc/ceph/ceph.client.admin.keyring:z -v /tmp/ceph-tmpbbdg3pzu:/etc/ceph/ceph.conf:z docker.io/ceph/ceph:v16.2.4 mgr stat
2022-02-02T13:31:43.148 INFO:teuthology.orchestra.run.smithi045.stderr:/usr/bin/ceph:
2022-02-02T13:31:43.144+0000 7fafc5052700 1 Processor -- start
2022-02-02T13:31:43.149 INFO:teuthology.orchestra.run.smithi045.stderr:/usr/bin/ceph:
2022-02-02T13:31:43.144+0000 7fafc5052700 1 -- start start
2022-02-02T13:31:43.149 INFO:teuthology.orchestra.run.smithi045.stderr:/usr/bin/ceph:
2022-02-02T13:31:43.144+0000 7fafc5052700 1 --2- >> [v2:172.21.15.45:3300/0,v1:172.21.15.45:6789/0] conn(0x7fafc006fb80 0x7fafc00fe670 unknown :-1 s=NONE pgs=0 cs=0 l=0 rev1=0 rx=0 tx=0).connect
2022-02-02T13:31:43.149 INFO:teuthology.orchestra.run.smithi045.stderr:/usr/bin/ceph:
2022-02-02T13:31:43.144+0000 7fafc5052700 1 -- --> [v2:172.21.15.45:3300/0,v1:172.21.15.45:6789/0] -- mon_getmap magic: 0 v1 -- 0x7fafc00feb60 con 0x7fafc006fb80
2022-02-02T13:31:43.149 INFO:teuthology.orchestra.run.smithi045.stderr:/usr/bin/ceph:
2022-02-02T13:31:43.145+0000 7fafbffff700 1 --2- >> [v2:172.21.15.45:3300/0,v1:172.21.15.45:6789/0] conn(0x7fafc006fb80 0x7fafc00fe670 unknown :-1 s=BANNER_CONNECTING pgs=0 cs=0 l=0 rev1=0 rx=0 tx=0)._handle_peer_banner_payload supported=1 required=0
2022-02-02T13:31:43.150 INFO:teuthology.orchestra.run.smithi045.stderr:/usr/bin/ceph:
2022-02-02T13:31:43.145+0000 7fafbffff700 1 --2- >> [v2:172.21.15.45:3300/0,v1:172.21.15.45:6789/0] conn(0x7fafc006fb80 0x7fafc00fe670 unknown :-1 s=HELLO_CONNECTING pgs=0 cs=0 l=0 rev1=1 rx=0 tx=0).handle_hello peer v2:172.21.15.45:3300/0 says I am v2:172.21.15.45:50142/0 (socket says 172.21.15.45:50142)
2022-02-02T13:31:43.150 INFO:teuthology.orchestra.run.smithi045.stderr:/usr/bin/ceph:
2022-02-02T13:31:43.145+0000 7fafbffff700 1 -- 172.21.15.45:0/725949545 learned_addr learned my addr 172.21.15.45:0/725949545 (peer_addr_for_me v2:172.21.15.45:0/0)
2022-02-02T13:31:43.150 INFO:teuthology.orchestra.run.smithi045.stderr:/usr/bin/ceph:
2022-02-02T13:31:43.145+0000 7fafbffff700 1 -- 172.21.15.45:0/725949545 --> [v2:172.21.15.45:3300/0,v1:172.21.15.45:6789/0] -- mon_subscribe({config=0+,monmap=0+}) v3 -- 0x7fafc00feca0 con 0x7fafc006fb80
2022-02-02T13:31:43.150 INFO:teuthology.orchestra.run.smithi045.stderr:/usr/bin/ceph:
2022-02-02T13:31:43.145+0000 7fafbffff700 1 --2- 172.21.15.45:0/725949545 >> [v2:172.21.15.45:3300/0,v1:172.21.15.45:6789/0] conn(0x7fafc006fb80 0x7fafc00fe670 secure :-1 s=READY pgs=72 cs=0 l=1 rev1=1 rx=0x7fafb000b5f0 tx=0x7fafb0006ee0).ready entity=mon.0 client_cookie=6b866468da3c77e4 server_cookie=0 in_seq=0 out_seq=0
2022-02-02T13:31:43.150 INFO:teuthology.orchestra.run.smithi045.stderr:/usr/bin/ceph:
2022-02-02T13:31:43.145+0000 7fafbeffd700 1 -- 172.21.15.45:0/725949545 <== mon.0 v2:172.21.15.45:3300/0 1 ==== mon_map magic: 0 v1 ==== 229+0+0 (secure 0 0 0) 0x7fafb000d600 con 0x7fafc006fb80
2022-02-02T13:31:43.151 INFO:teuthology.orchestra.run.smithi045.stderr:/usr/bin/ceph:
2022-02-02T13:31:43.145+0000 7fafbeffd700 1 -- 172.21.15.45:0/725949545 <== mon.0 v2:172.21.15.45:3300/0 2 ==== config(25 keys) v1 ==== 1047+0+0 (secure 0 0 0) 0x7fafb000dbf0 con 0x7fafc006fb80
2022-02-02T13:31:43.151 INFO:teuthology.orchestra.run.smithi045.stderr:/usr/bin/ceph:
2022-02-02T13:31:43.145+0000 7fafbeffd700 1 -- 172.21.15.45:0/725949545 <== mon.0 v2:172.21.15.45:3300/0 3 ==== mon_map magic: 0 v1 ==== 229+0+0 (secure 0 0 0) 0x7fafb0011c20 con 0x7fafc006fb80
2022-02-02T13:31:43.151 INFO:teuthology.orchestra.run.smithi045.stderr:/usr/bin/ceph:
2022-02-02T13:31:43.146+0000 7fafc5052700 1 -- 172.21.15.45:0/725949545 >> [v2:172.21.15.45:3300/0,v1:172.21.15.45:6789/0] conn(0x7fafc006fb80 msgr2=0x7fafc00fe670 secure :-1 s=STATE_CONNECTION_ESTABLISHED l=1).mark_down
2022-02-02T13:31:43.151 INFO:teuthology.orchestra.run.smithi045.stderr:/usr/bin/ceph:
2022-02-02T13:31:43.146+0000 7fafc5052700 1 --2- 172.21.15.45:0/725949545 >> [v2:172.21.15.45:3300/0,v1:172.21.15.45:6789/0] conn(0x7fafc006fb80 0x7fafc00fe670 secure :-1 s=READY pgs=72 cs=0 l=1 rev1=1 rx=0x7fafb000b5f0 tx=0x7fafb0006ee0).stop
2022-02-02T13:31:43.152 INFO:teuthology.orchestra.run.smithi045.stderr:/usr/bin/ceph:
2022-02-02T13:31:43.146+0000 7fafc5052700 1 -- 172.21.15.45:0/725949545 shutdown_connections
2022-02-02T13:31:43.152 INFO:teuthology.orchestra.run.smithi045.stderr:/usr/bin/ceph:
2022-02-02T13:31:43.146+0000 7fafc5052700 1 --2- 172.21.15.45:0/725949545 >> [v2:172.21.15.45:3300/0,v1:172.21.15.45:6789/0] conn(0x7fafc006fb80 0x7fafc00fe670 unknown :-1 s=CLOSED pgs=72 cs=0 l=1 rev1=1 rx=0 tx=0).stop
2022-02-02T13:31:43.152 INFO:teuthology.orchestra.run.smithi045.stderr:/usr/bin/ceph:
2022-02-02T13:31:43.146+0000 7fafc5052700 1 -- 172.21.15.45:0/725949545 >> 172.21.15.45:0/725949545 conn(0x7fafc00f6110 msgr2=0x7fafc00f8530 unknown :-1 s=STATE_NONE l=0).mark_down
2022-02-02T13:31:43.153 INFO:teuthology.orchestra.run.smithi045.stderr:/usr/bin/ceph:
2022-02-02T13:31:43.146+0000 7fafc5052700 1 -- 172.21.15.45:0/725949545 shutdown_connections
2022-02-02T13:31:43.153 INFO:teuthology.orchestra.run.smithi045.stderr:/usr/bin/ceph:
2022-02-02T13:31:43.146+0000 7fafc5052700 1 -- 172.21.15.45:0/725949545 wait complete.
2022-02-02T13:31:43.154 INFO:teuthology.orchestra.run.smithi045.stderr:/usr/bin/ceph:
2022-02-02T13:31:43.147+0000 7fafc5052700 1 Processor -- start
2022-02-02T13:31:43.154 INFO:teuthology.orchestra.run.smithi045.stderr:/usr/bin/ceph:
2022-02-02T13:31:43.147+0000 7fafc5052700 1 -- start start
2022-02-02T13:31:43.155 INFO:teuthology.orchestra.run.smithi045.stderr:/usr/bin/ceph:
2022-02-02T13:31:43.147+0000 7fafc5052700 1 --2- >> [v2:172.21.15.45:3300/0,v1:172.21.15.45:6789/0] conn(0x7fafc006fb80 0x7fafc00fc0f0 unknown :-1 s=NONE pgs=0 cs=0 l=1 rev1=0 rx=0 tx=0).connect
2022-02-02T13:31:43.155 INFO:teuthology.orchestra.run.smithi045.stderr:/usr/bin/ceph:
2022-02-02T13:31:43.147+0000 7fafc5052700 1 -- --> [v2:172.21.15.45:3300/0,v1:172.21.15.45:6789/0] -- mon_getmap magic: 0 v1 -- 0x7fafc00fa570 con 0x7fafc006fb80
2022-02-02T13:31:43.155 INFO:teuthology.orchestra.run.smithi045.stderr:/usr/bin/ceph:
2022-02-02T13:31:43.147+0000 7fafbffff700 1 --2- >> [v2:172.21.15.45:3300/0,v1:172.21.15.45:6789/0] conn(0x7fafc006fb80 0x7fafc00fc0f0 unknown :-1 s=BANNER_CONNECTING pgs=0 cs=0 l=1 rev1=0 rx=0 tx=0)._handle_peer_banner_payload supported=1 required=0
2022-02-02T13:31:43.155 INFO:teuthology.orchestra.run.smithi045.stderr:/usr/bin/ceph:
2022-02-02T13:31:43.147+0000 7fafbffff700 1 --2- >> [v2:172.21.15.45:3300/0,v1:172.21.15.45:6789/0] conn(0x7fafc006fb80 0x7fafc00fc0f0 unknown :-1 s=HELLO_CONNECTING pgs=0 cs=0 l=1 rev1=1 rx=0 tx=0).handle_hello peer v2:172.21.15.45:3300/0 says I am v2:172.21.15.45:50144/0 (socket says 172.21.15.45:50144)
2022-02-02T13:31:43.156 INFO:teuthology.orchestra.run.smithi045.stderr:/usr/bin/ceph:
2022-02-02T13:31:43.147+0000 7fafbffff700 1 -- 172.21.15.45:0/196403393 learned_addr learned my addr 172.21.15.45:0/196403393 (peer_addr_for_me v2:172.21.15.45:0/0)
2022-02-02T13:31:43.156 INFO:teuthology.orchestra.run.smithi045.stderr:/usr/bin/ceph:
2022-02-02T13:31:43.148+0000 7fafbffff700 1 -- 172.21.15.45:0/196403393 --> [v2:172.21.15.45:3300/0,v1:172.21.15.45:6789/0] -- mon_subscribe({config=0+,monmap=0+}) v3 -- 0x7fafb000b200 con 0x7fafc006fb80
2022-02-02T13:31:43.156 INFO:teuthology.orchestra.run.smithi045.stderr:/usr/bin/ceph:
2022-02-02T13:31:43.148+0000 7fafbffff700 1 --2- 172.21.15.45:0/196403393 >> [v2:172.21.15.45:3300/0,v1:172.21.15.45:6789/0] conn(0x7fafc006fb80 0x7fafc00fc0f0 secure :-1 s=READY pgs=73 cs=0 l=1 rev1=1 rx=0x7fafb0006800 tx=0x7fafb0006ee0).ready entity=mon.0 client_cookie=0 server_cookie=0 in_seq=0 out_seq=0
2022-02-02T13:31:43.156 INFO:teuthology.orchestra.run.smithi045.stderr:/usr/bin/ceph:
2022-02-02T13:31:43.148+0000 7fafbcff9700 1 -- 172.21.15.45:0/196403393 <== mon.0 v2:172.21.15.45:3300/0 1 ==== mon_map magic: 0 v1 ==== 229+0+0 (secure 0 0 0) 0x7fafb001b570 con 0x7fafc006fb80
2022-02-02T13:31:43.156 INFO:teuthology.orchestra.run.smithi045.stderr:/usr/bin/ceph:
2022-02-02T13:31:43.148+0000 7fafbcff9700 1 -- 172.21.15.45:0/196403393 <== mon.0 v2:172.21.15.45:3300/0 2 ==== config(25 keys) v1 ==== 1047+0+0 (secure 0 0 0) 0x7fafb001bb60 con 0x7fafc006fb80
2022-02-02T13:31:43.157 INFO:teuthology.orchestra.run.smithi045.stderr:/usr/bin/ceph:
2022-02-02T13:31:43.148+0000 7fafc5052700 1 -- 172.21.15.45:0/196403393 --> [v2:172.21.15.45:3300/0,v1:172.21.15.45:6789/0] -- mon_subscribe({mgrmap=0+}) v3 -- 0x7fafc00fa710 con 0x7fafc006fb80
2022-02-02T13:31:43.157 INFO:teuthology.orchestra.run.smithi045.stderr:/usr/bin/ceph:
2022-02-02T13:31:43.148+0000 7fafbcff9700 1 -- 172.21.15.45:0/196403393 <== mon.0 v2:172.21.15.45:3300/0 3 ==== mon_map magic: 0 v1 ==== 229+0+0 (secure 0 0 0) 0x7fafb001a860 con 0x7fafc006fb80
2022-02-02T13:31:43.157 INFO:teuthology.orchestra.run.smithi045.stderr:/usr/bin/ceph:
2022-02-02T13:31:43.148+0000 7fafc5052700 1 -- 172.21.15.45:0/196403393 --> [v2:172.21.15.45:3300/0,v1:172.21.15.45:6789/0] -- mon_subscribe({osdmap=0}) v3 -- 0x7fafc00faba0 con 0x7fafc006fb80
2022-02-02T13:31:43.157 INFO:teuthology.orchestra.run.smithi045.stderr:/usr/bin/ceph:
2022-02-02T13:31:43.149+0000 7fafbcff9700 1 -- 172.21.15.45:0/196403393 <== mon.0 v2:172.21.15.45:3300/0 4 ==== mgrmap(e 13) v1 ==== 36208+0+0 (secure 0 0 0) 0x7fafb002b070 con 0x7fafc006fb80
2022-02-02T13:31:43.158 INFO:teuthology.orchestra.run.smithi045.stderr:/usr/bin/ceph:
2022-02-02T13:31:43.149+0000 7fafbcff9700 1 --2- 172.21.15.45:0/196403393 >> [v2:172.21.15.45:6800/82175146,v1:172.21.15.45:6801/82175146] conn(0x7fafac02ff00 0x7fafac0323c0 unknown :-1 s=NONE pgs=0 cs=0 l=1 rev1=0 rx=0 tx=0).connect
2022-02-02T13:31:43.158 INFO:teuthology.orchestra.run.smithi045.stderr:/usr/bin/ceph:
2022-02-02T13:31:43.149+0000 7fafbcff9700 1 -- 172.21.15.45:0/196403393 <== mon.0 v2:172.21.15.45:3300/0 5 ==== osd_map(3..3 src has 1..3) v4 ==== 1065+0+0 (secure 0 0 0) 0x7fafb0042710 con 0x7fafc006fb80
2022-02-02T13:31:43.164 INFO:teuthology.orchestra.run.smithi045.stderr:/usr/bin/ceph:
2022-02-02T13:31:43.149+0000 7fafbf7fe700 1 -- 172.21.15.45:0/196403393 >> [v2:172.21.15.45:6800/82175146,v1:172.21.15.45:6801/82175146] conn(0x7fafac02ff00 msgr2=0x7fafac0323c0 unknown :-1 s=STATE_CONNECTING_RE l=1).process reconnect failed to v2:172.21.15.45:6800/82175146
2022-02-02T13:31:43.165 INFO:teuthology.orchestra.run.smithi045.stderr:/usr/bin/ceph:
2022-02-02T13:31:43.149+0000 7fafbf7fe700 1 --2- 172.21.15.45:0/196403393 >> [v2:172.21.15.45:6800/82175146,v1:172.21.15.45:6801/82175146] conn(0x7fafac02ff00 0x7fafac0323c0 unknown :-1 s=START_CONNECT pgs=0 cs=0 l=1 rev1=0 rx=0 tx=0)._fault waiting 0.200000
2022-02-02T13:31:43.165 INFO:teuthology.orchestra.run.smithi045.stderr:/usr/bin/ceph:
2022-02-02T13:31:43.149+0000 7fafc5052700 1 -- 172.21.15.45:0/196403393 --> [v2:172.21.15.45:3300/0,v1:172.21.15.45:6789/0] -- mon_command({"prefix": "get_command_descriptions"} v 0) v1 -- 0x7fafc0059100 con 0x7fafc006fb80
2022-02-02T13:31:43.168 INFO:teuthology.orchestra.run.smithi045.stderr:/usr/bin/ceph:
2022-02-02T13:31:43.154+0000 7fafbcff9700 1 -- 172.21.15.45:0/196403393 <== mon.0 v2:172.21.15.45:3300/0 6 ==== mon_command_ack([{"prefix": "get_command_descriptions"}]=0 v0) v1 ==== 72+0+152212 (secure 0 0 0) 0x7fafb0016080 con 0x7fafc006fb80
2022-02-02T13:31:43.351 INFO:teuthology.orchestra.run.smithi045.stderr:/usr/bin/ceph:
2022-02-02T13:31:43.350+0000 7fafbf7fe700 1 -- 172.21.15.45:0/196403393 >> [v2:172.21.15.45:6800/82175146,v1:172.21.15.45:6801/82175146] conn(0x7fafac02ff00 msgr2=0x7fafac0323c0 unknown :-1 s=STATE_CONNECTING_RE l=1).process reconnect failed to v2:172.21.15.45:6800/82175146
2022-02-02T13:31:43.354 INFO:teuthology.orchestra.run.smithi045.stderr:/usr/bin/ceph:
2022-02-02T13:31:43.350+0000 7fafbf7fe700 1 --2- 172.21.15.45:0/196403393 >> [v2:172.21.15.45:6800/82175146,v1:172.21.15.45:6801/82175146] conn(0x7fafac02ff00 0x7fafac0323c0 unknown :-1 s=START_CONNECT pgs=0 cs=0 l=1 rev1=0 rx=0 tx=0)._fault waiting 0.400000
2022-02-02T13:31:43.517 INFO:journalctl@ceph.mon.smithi045.smithi045.stdout:Feb 02 13:31:43 smithi045 conmon[32010]: audit
2022-02-02T13:31:42.133298+0000 mon.smithi045 (mon.0) 90 : audit [INF] from='client.? 172.21.15.45:0/4004140747' entity='client.admin' cmd='[{"prefix": "mgr module enable", "module": "dashboard"}]': finished
2022-02-02T13:31:43.517 INFO:journalctl@ceph.mon.smithi045.smithi045.stdout:Feb 02 13:31:43 smithi045 conmon[32010]: cluster
2022-02-02T13:31:42.133364+0000 mon.smithi045 (mon.0) 91 : cluster [DBG] mgrmap e13: smithi045.aarcsl(active, since 9s)
2022-02-02T13:31:43.519 INFO:teuthology.orchestra.run.smithi045.stderr:/usr/bin/ceph:
2022-02-02T13:31:43.516+0000 7fafc5052700 1 -- 172.21.15.45:0/196403393 --> [v2:172.21.15.45:3300/0,v1:172.21.15.45:6789/0] -- mon_command({"prefix": "mgr stat"} v 0) v1 -- 0x7fafc0104660 con 0x7fafc006fb80
2022-02-02T13:31:43.519 INFO:teuthology.orchestra.run.smithi045.stderr:/usr/bin/ceph:
2022-02-02T13:31:43.516+0000 7fafbcff9700 1 -- 172.21.15.45:0/196403393 <== mon.0 v2:172.21.15.45:3300/0 7 ==== mon_command_ack([{"prefix": "mgr stat"}]=0 v13) v1 ==== 56+0+104 (secure 0 0 0) 0x7fafb001f070 con 0x7fafc006fb80
2022-02-02T13:31:43.519 INFO:teuthology.orchestra.run.smithi045.stderr:/usr/bin/ceph: {
2022-02-02T13:31:43.519 INFO:teuthology.orchestra.run.smithi045.stderr:/usr/bin/ceph: "epoch": 13,
2022-02-02T13:31:43.520 INFO:teuthology.orchestra.run.smithi045.stderr:/usr/bin/ceph: "available": true,
2022-02-02T13:31:43.520 INFO:teuthology.orchestra.run.smithi045.stderr:/usr/bin/ceph: "active_name": "smithi045.aarcsl",
2022-02-02T13:31:43.520 INFO:teuthology.orchestra.run.smithi045.stderr:/usr/bin/ceph: "num_standby": 0
2022-02-02T13:31:43.520 INFO:teuthology.orchestra.run.smithi045.stderr:/usr/bin/ceph: }
2022-02-02T13:31:43.526 INFO:teuthology.orchestra.run.smithi045.stderr:/usr/bin/ceph:
2022-02-02T13:31:43.518+0000 7fafc5052700 1 -- 172.21.15.45:0/196403393 >> [v2:172.21.15.45:6800/82175146,v1:172.21.15.45:6801/82175146] conn(0x7fafac02ff00 msgr2=0x7fafac0323c0 unknown :-1 s=STATE_CONNECTING l=1).mark_down
2022-02-02T13:31:43.527 INFO:teuthology.orchestra.run.smithi045.stderr:/usr/bin/ceph:
2022-02-02T13:31:43.518+0000 7fafc5052700 1 --2- 172.21.15.45:0/196403393 >> [v2:172.21.15.45:6800/82175146,v1:172.21.15.45:6801/82175146] conn(0x7fafac02ff00 0x7fafac0323c0 unknown :-1 s=START_CONNECT pgs=0 cs=0 l=1 rev1=0 rx=0 tx=0).stop
2022-02-02T13:31:43.527 INFO:teuthology.orchestra.run.smithi045.stderr:/usr/bin/ceph:
2022-02-02T13:31:43.518+0000 7fafc5052700 1 -- 172.21.15.45:0/196403393 >> [v2:172.21.15.45:3300/0,v1:172.21.15.45:6789/0] conn(0x7fafc006fb80 msgr2=0x7fafc00fc0f0 secure :-1 s=STATE_CONNECTION_ESTABLISHED l=1).mark_down
2022-02-02T13:31:43.527 INFO:teuthology.orchestra.run.smithi045.stderr:/usr/bin/ceph:
2022-02-02T13:31:43.518+0000 7fafc5052700 1 --2- 172.21.15.45:0/196403393 >> [v2:172.21.15.45:3300/0,v1:172.21.15.45:6789/0] conn(0x7fafc006fb80 0x7fafc00fc0f0 secure :-1 s=READY pgs=73 cs=0 l=1 rev1=1 rx=0x7fafb0006800 tx=0x7fafb0006ee0).stop
2022-02-02T13:31:43.527 INFO:teuthology.orchestra.run.smithi045.stderr:/usr/bin/ceph:
2022-02-02T13:31:43.519+0000 7fafc5052700 1 -- 172.21.15.45:0/196403393 shutdown_connections
2022-02-02T13:31:43.528 INFO:teuthology.orchestra.run.smithi045.stderr:/usr/bin/ceph:
2022-02-02T13:31:43.519+0000 7fafc5052700 1 --2- 172.21.15.45:0/196403393 >> [v2:172.21.15.45:6800/82175146,v1:172.21.15.45:6801/82175146] conn(0x7fafac02ff00 0x7fafac0323c0 unknown :-1 s=CLOSED pgs=0 cs=0 l=1 rev1=0 rx=0 tx=0).stop
2022-02-02T13:31:43.528 INFO:teuthology.orchestra.run.smithi045.stderr:/usr/bin/ceph:
2022-02-02T13:31:43.519+0000 7fafc5052700 1 --2- 172.21.15.45:0/196403393 >> [v2:172.21.15.45:3300/0,v1:172.21.15.45:6789/0] conn(0x7fafc006fb80 0x7fafc00fc0f0 unknown :-1 s=CLOSED pgs=73 cs=0 l=1 rev1=1 rx=0 tx=0).stop
2022-02-02T13:31:43.528 INFO:teuthology.orchestra.run.smithi045.stderr:/usr/bin/ceph:
2022-02-02T13:31:43.519+0000 7fafc5052700 1 -- 172.21.15.45:0/196403393 >> 172.21.15.45:0/196403393 conn(0x7fafc00f6110 msgr2=0x7fafc00f7b60 unknown :-1 s=STATE_NONE l=0).mark_down
2022-02-02T13:31:43.528 INFO:teuthology.orchestra.run.smithi045.stderr:/usr/bin/ceph:
2022-02-02T13:31:43.519+0000 7fafc5052700 1 -- 172.21.15.45:0/196403393 shutdown_connections
2022-02-02T13:31:43.529 INFO:teuthology.orchestra.run.smithi045.stderr:/usr/bin/ceph:
2022-02-02T13:31:43.519+0000 7fafc5052700 1 -- 172.21.15.45:0/196403393 wait complete.
2022-02-02T13:31:43.870 INFO:teuthology.orchestra.run.smithi045.stderr:Waiting for the mgr to restart...
2022-02-02T13:31:43.870 INFO:teuthology.orchestra.run.smithi045.stderr:Waiting for mgr epoch 13...
2022-02-02T13:31:43.871 INFO:teuthology.orchestra.run.smithi045.stderr:Running command: /bin/podman run --rm --ipc=host --no-hosts --net=host --entrypoint /usr/bin/ceph --init -e CONTAINER_IMAGE=docker.io/ceph/ceph:v16.2.4 -e NODE_NAME=smithi045 -e CEPH_USE_RANDOM_NONCE=1 -v /var/log/ceph/42d4eafa-842c-11ec-8c35-001a4aab830c:/var/log/ceph:z -v /tmp/ceph-tmpqes3qimc:/etc/ceph/ceph.client.admin.keyring:z -v /tmp/ceph-tmpbbdg3pzu:/etc/ceph/ceph.conf:z docker.io/ceph/ceph:v16.2.4 tell mgr mgr_status
2022-02-02T13:31:44.353 INFO:journalctl@ceph.mon.smithi045.smithi045.stdout:Feb 02 13:31:44 smithi045 conmon[32010]: audit
2022-02-02T13:31:43.518223+0000 mon.smithi045 (mon.0) 92 : audit [DBG]
2022-02-02T13:31:44.354 INFO:journalctl@ceph.mon.smithi045.smithi045.stdout:Feb 02 13:31:44 smithi045 conmon[32010]: from='client.? 172.21.15.45:0/196403393' entity='client.admin' cmd=[{"prefix": "mgr stat"}]: dispatch
2022-02-02T13:31:44.355 INFO:teuthology.orchestra.run.smithi045.stderr:/usr/bin/ceph:
2022-02-02T13:31:44.352+0000 7f2ba0976700 1 Processor -- start
2022-02-02T13:31:44.356 INFO:teuthology.orchestra.run.smithi045.stderr:/usr/bin/ceph:
2022-02-02T13:31:44.352+0000 7f2ba0976700 1 -- start start
2022-02-02T13:31:44.356 INFO:teuthology.orchestra.run.smithi045.stderr:/usr/bin/ceph:
2022-02-02T13:31:44.352+0000 7f2ba0976700 1 --2- >> [v2:172.21.15.45:3300/0,v1:172.21.15.45:6789/0] conn(0x7f2b9c0fd210 0x7f2b9c0fd630 unknown :-1 s=NONE pgs=0 cs=0 l=0 rev1=0 rx=0 tx=0).connect
2022-02-02T13:31:44.356 INFO:teuthology.orchestra.run.smithi045.stderr:/usr/bin/ceph:
2022-02-02T13:31:44.352+0000 7f2ba0976700 1 -- --> [v2:172.21.15.45:3300/0,v1:172.21.15.45:6789/0] -- mon_getmap magic: 0 v1 -- 0x7f2b9c0fdbb0 con 0x7f2b9c0fd210
2022-02-02T13:31:44.356 INFO:teuthology.orchestra.run.smithi045.stderr:/usr/bin/ceph:
2022-02-02T13:31:44.353+0000 7f2b9a59c700 1 --2- >> [v2:172.21.15.45:3300/0,v1:172.21.15.45:6789/0] conn(0x7f2b9c0fd210 0x7f2b9c0fd630 unknown :-1 s=BANNER_CONNECTING pgs=0 cs=0 l=0 rev1=0 rx=0 tx=0)._handle_peer_banner_payload supported=1 required=0
2022-02-02T13:31:44.357 INFO:teuthology.orchestra.run.smithi045.stderr:/usr/bin/ceph:
2022-02-02T13:31:44.353+0000 7f2b9a59c700 1 --2- >> [v2:172.21.15.45:3300/0,v1:172.21.15.45:6789/0] conn(0x7f2b9c0fd210 0x7f2b9c0fd630 unknown :-1 s=HELLO_CONNECTING pgs=0 cs=0 l=0 rev1=1 rx=0 tx=0).handle_hello peer v2:172.21.15.45:3300/0 says I am v2:172.21.15.45:50152/0 (socket says 172.21.15.45:50152)
2022-02-02T13:31:44.357 INFO:teuthology.orchestra.run.smithi045.stderr:/usr/bin/ceph:
2022-02-02T13:31:44.353+0000 7f2b9a59c700 1 -- 172.21.15.45:0/2260098999 learned_addr learned my addr 172.21.15.45:0/2260098999 (peer_addr_for_me v2:172.21.15.45:0/0)
2022-02-02T13:31:44.357 INFO:teuthology.orchestra.run.smithi045.stderr:/usr/bin/ceph:
2022-02-02T13:31:44.353+0000 7f2b9a59c700 1 -- 172.21.15.45:0/2260098999 --> [v2:172.21.15.45:3300/0,v1:172.21.15.45:6789/0] -- mon_subscribe({config=0+,monmap=0+}) v3 -- 0x7f2b9c0fdcf0 con 0x7f2b9c0fd210
2022-02-02T13:31:44.357 INFO:teuthology.orchestra.run.smithi045.stderr:/usr/bin/ceph:
2022-02-02T13:31:44.353+0000 7f2b9a59c700 1 --2- 172.21.15.45:0/2260098999 >> [v2:172.21.15.45:3300/0,v1:172.21.15.45:6789/0] conn(0x7f2b9c0fd210 0x7f2b9c0fd630 secure :-1 s=READY pgs=74 cs=0 l=1 rev1=1 rx=0x7f2b9000b5f0 tx=0x7f2b90006ee0).ready entity=mon.0 client_cookie=3a9a0947c3474639 server_cookie=0 in_seq=0 out_seq=0
2022-02-02T13:31:44.357 INFO:teuthology.orchestra.run.smithi045.stderr:/usr/bin/ceph:
2022-02-02T13:31:44.354+0000 7f2b9959a700 1 -- 172.21.15.45:0/2260098999 <== mon.0 v2:172.21.15.45:3300/0 1 ==== mon_map magic: 0 v1 ==== 229+0+0 (secure 0 0 0) 0x7f2b9000d600 con 0x7f2b9c0fd210
2022-02-02T13:31:44.358 INFO:teuthology.orchestra.run.smithi045.stderr:/usr/bin/ceph:
2022-02-02T13:31:44.354+0000 7f2b9959a700 1 -- 172.21.15.45:0/2260098999 <== mon.0 v2:172.21.15.45:3300/0 2 ==== config(25 keys) v1 ==== 1047+0+0 (secure 0 0 0) 0x7f2b9000dbf0 con 0x7f2b9c0fd210
2022-02-02T13:31:44.358 INFO:teuthology.orchestra.run.smithi045.stderr:/usr/bin/ceph:
2022-02-02T13:31:44.354+0000 7f2b9959a700 1 -- 172.21.15.45:0/2260098999 <== mon.0 v2:172.21.15.45:3300/0 3 ==== mon_map magic: 0 v1 ==== 229+0+0 (secure 0 0 0) 0x7f2b90011bf0 con 0x7f2b9c0fd210
2022-02-02T13:31:44.360 INFO:teuthology.orchestra.run.smithi045.stderr:/usr/bin/ceph:
2022-02-02T13:31:44.354+0000 7f2ba0976700 1 -- 172.21.15.45:0/2260098999 >> [v2:172.21.15.45:3300/0,v1:172.21.15.45:6789/0] conn(0x7f2b9c0fd210 msgr2=0x7f2b9c0fd630 secure :-1 s=STATE_CONNECTION_ESTABLISHED l=1).mark_down
2022-02-02T13:31:44.360 INFO:teuthology.orchestra.run.smithi045.stderr:/usr/bin/ceph:
2022-02-02T13:31:44.354+0000 7f2ba0976700 1 --2- 172.21.15.45:0/2260098999 >> [v2:172.21.15.45:3300/0,v1:172.21.15.45:6789/0] conn(0x7f2b9c0fd210 0x7f2b9c0fd630 secure :-1 s=READY pgs=74 cs=0 l=1 rev1=1 rx=0x7f2b9000b5f0 tx=0x7f2b90006ee0).stop
2022-02-02T13:31:44.360 INFO:teuthology.orchestra.run.smithi045.stderr:/usr/bin/ceph:
2022-02-02T13:31:44.354+0000 7f2ba0976700 1 -- 172.21.15.45:0/2260098999 shutdown_connections
2022-02-02T13:31:44.361 INFO:teuthology.orchestra.run.smithi045.stderr:/usr/bin/ceph:
2022-02-02T13:31:44.354+0000 7f2ba0976700 1 --2- 172.21.15.45:0/2260098999 >> [v2:172.21.15.45:3300/0,v1:172.21.15.45:6789/0] conn(0x7f2b9c0fd210 0x7f2b9c0fd630 unknown :-1 s=CLOSED pgs=74 cs=0 l=1 rev1=1 rx=0 tx=0).stop
2022-02-02T13:31:44.361 INFO:teuthology.orchestra.run.smithi045.stderr:/usr/bin/ceph:
2022-02-02T13:31:44.354+0000 7f2ba0976700 1 -- 172.21.15.45:0/2260098999 >> 172.21.15.45:0/2260098999 conn(0x7f2b9c0f59d0 msgr2=0x7f2b9c0f7df0 unknown :-1 s=STATE_NONE l=0).mark_down
2022-02-02T13:31:44.361 INFO:teuthology.orchestra.run.smithi045.stderr:/usr/bin/ceph:
2022-02-02T13:31:44.355+0000 7f2ba0976700 1 -- 172.21.15.45:0/2260098999 shutdown_connections
2022-02-02T13:31:44.361 INFO:teuthology.orchestra.run.smithi045.stderr:/usr/bin/ceph:
2022-02-02T13:31:44.355+0000 7f2ba0976700 1 -- 172.21.15.45:0/2260098999 wait complete.
2022-02-02T13:31:44.362 INFO:teuthology.orchestra.run.smithi045.stderr:/usr/bin/ceph:
2022-02-02T13:31:44.355+0000 7f2ba0976700 1 Processor -- start
2022-02-02T13:31:44.362 INFO:teuthology.orchestra.run.smithi045.stderr:/usr/bin/ceph:
2022-02-02T13:31:44.355+0000 7f2ba0976700 1 -- start start
2022-02-02T13:31:44.362 INFO:teuthology.orchestra.run.smithi045.stderr:/usr/bin/ceph:
2022-02-02T13:31:44.356+0000 7f2ba0976700 1 --2- >> [v2:172.21.15.45:3300/0,v1:172.21.15.45:6789/0] conn(0x7f2b9c0fd210 0x7f2b9c108760 unknown :-1 s=NONE pgs=0 cs=0 l=1 rev1=0 rx=0 tx=0).connect
2022-02-02T13:31:44.362 INFO:teuthology.orchestra.run.smithi045.stderr:/usr/bin/ceph:
2022-02-02T13:31:44.356+0000 7f2ba0976700 1 -- --> [v2:172.21.15.45:3300/0,v1:172.21.15.45:6789/0] -- mon_getmap magic: 0 v1 -- 0x7f2b9c108c50 con 0x7f2b9c0fd210
2022-02-02T13:31:44.363 INFO:teuthology.orchestra.run.smithi045.stderr:/usr/bin/ceph:
2022-02-02T13:31:44.356+0000 7f2b9a59c700 1 --2- >> [v2:172.21.15.45:3300/0,v1:172.21.15.45:6789/0] conn(0x7f2b9c0fd210 0x7f2b9c108760 unknown :-1 s=BANNER_CONNECTING pgs=0 cs=0 l=1 rev1=0 rx=0 tx=0)._handle_peer_banner_payload supported=1 required=0
2022-02-02T13:31:44.363 INFO:teuthology.orchestra.run.smithi045.stderr:/usr/bin/ceph:
2022-02-02T13:31:44.356+0000 7f2b9a59c700 1 --2- >> [v2:172.21.15.45:3300/0,v1:172.21.15.45:6789/0] conn(0x7f2b9c0fd210 0x7f2b9c108760 unknown :-1 s=HELLO_CONNECTING pgs=0 cs=0 l=1 rev1=1 rx=0 tx=0).handle_hello peer v2:172.21.15.45:3300/0 says I am v2:172.21.15.45:50154/0 (socket says 172.21.15.45:50154)
2022-02-02T13:31:44.363 INFO:teuthology.orchestra.run.smithi045.stderr:/usr/bin/ceph:
2022-02-02T13:31:44.356+0000 7f2b9a59c700 1 -- 172.21.15.45:0/2143161302 learned_addr learned my addr 172.21.15.45:0/2143161302 (peer_addr_for_me v2:172.21.15.45:0/0)
2022-02-02T13:31:44.363 INFO:teuthology.orchestra.run.smithi045.stderr:/usr/bin/ceph:
2022-02-02T13:31:44.356+0000 7f2b9a59c700 1 -- 172.21.15.45:0/2143161302 --> [v2:172.21.15.45:3300/0,v1:172.21.15.45:6789/0] -- mon_subscribe({config=0+,monmap=0+}) v3 -- 0x7f2b9000b200 con 0x7f2b9c0fd210
2022-02-02T13:31:44.364 INFO:teuthology.orchestra.run.smithi045.stderr:/usr/bin/ceph:
2022-02-02T13:31:44.356+0000 7f2b9a59c700 1 --2- 172.21.15.45:0/2143161302 >> [v2:172.21.15.45:3300/0,v1:172.21.15.45:6789/0] conn(0x7f2b9c0fd210 0x7f2b9c108760 secure :-1 s=READY pgs=75 cs=0 l=1 rev1=1 rx=0x7f2b90011de0 tx=0x7f2b90006ee0).ready entity=mon.0 client_cookie=0 server_cookie=0 in_seq=0 out_seq=0
2022-02-02T13:31:44.364 INFO:teuthology.orchestra.run.smithi045.stderr:/usr/bin/ceph:
2022-02-02T13:31:44.357+0000 7f2b8affd700 1 -- 172.21.15.45:0/2143161302 <== mon.0 v2:172.21.15.45:3300/0 1 ==== mon_map magic: 0 v1 ==== 229+0+0 (secure 0 0 0) 0x7f2b9001b410 con 0x7f2b9c0fd210
2022-02-02T13:31:44.364 INFO:teuthology.orchestra.run.smithi045.stderr:/usr/bin/ceph:
2022-02-02T13:31:44.357+0000 7f2b8affd700 1 -- 172.21.15.45:0/2143161302 <== mon.0 v2:172.21.15.45:3300/0 2 ==== config(25 keys) v1 ==== 1047+0+0 (secure 0 0 0) 0x7f2b9001ba00 con 0x7f2b9c0fd210
2022-02-02T13:31:44.364 INFO:teuthology.orchestra.run.smithi045.stderr:/usr/bin/ceph:
2022-02-02T13:31:44.357+0000 7f2ba0976700 1 -- 172.21.15.45:0/2143161302 --> [v2:172.21.15.45:3300/0,v1:172.21.15.45:6789/0] -- mon_subscribe({mgrmap=0+}) v3 -- 0x7f2b9c108e50 con 0x7f2b9c0fd210
2022-02-02T13:31:44.364 INFO:teuthology.orchestra.run.smithi045.stderr:/usr/bin/ceph:
2022-02-02T13:31:44.357+0000 7f2b8affd700 1 -- 172.21.15.45:0/2143161302 <== mon.0 v2:172.21.15.45:3300/0 3 ==== mon_map magic: 0 v1 ==== 229+0+0 (secure 0 0 0) 0x7f2b9001a770 con 0x7f2b9c0fd210
2022-02-02T13:31:44.365 INFO:teuthology.orchestra.run.smithi045.stderr:/usr/bin/ceph:
2022-02-02T13:31:44.357+0000 7f2ba0976700 1 -- 172.21.15.45:0/2143161302 --> [v2:172.21.15.45:3300/0,v1:172.21.15.45:6789/0] -- mon_subscribe({osdmap=0}) v3 -- 0x7f2b9c1092e0 con 0x7f2b9c0fd210
2022-02-02T13:31:44.365 INFO:teuthology.orchestra.run.smithi045.stderr:/usr/bin/ceph:
2022-02-02T13:31:44.358+0000 7f2b8affd700 1 -- 172.21.15.45:0/2143161302 <== mon.0 v2:172.21.15.45:3300/0 4 ==== mgrmap(e 13) v1 ==== 36208+0+0 (secure 0 0 0) 0x7f2b9002b070 con 0x7f2b9c0fd210
2022-02-02T13:31:44.365 INFO:teuthology.orchestra.run.smithi045.stderr:/usr/bin/ceph:
2022-02-02T13:31:44.358+0000 7f2b8affd700 1 --2- 172.21.15.45:0/2143161302 >> [v2:172.21.15.45:6800/82175146,v1:172.21.15.45:6801/82175146] conn(0x7f2b80034350 0x7f2b80036810 unknown :-1 s=NONE pgs=0 cs=0 l=1 rev1=0 rx=0 tx=0).connect
2022-02-02T13:31:44.365 INFO:teuthology.orchestra.run.smithi045.stderr:/usr/bin/ceph:
