2022-02-02T13:31:07.188+0000 7feb837fe700 1 -- 172.21.15.45:0/201599622 <== mon.0 v2:172.21.15.45:3300/0 2 ==== config(25 keys) v1 ==== 983+0+0 (secure 0 0 0) 0x7feb8c01b9c0 con 0x7feb9c0fbfd0
2022-02-02T13:31:07.201 INFO:teuthology.orchestra.run.smithi045.stderr:/usr/bin/ceph:
2022-02-02T13:31:07.188+0000 7feb837fe700 1 -- 172.21.15.45:0/201599622 <== mon.0 v2:172.21.15.45:3300/0 3 ==== mon_map magic: 0 v1 ==== 229+0+0 (secure 0 0 0) 0x7feb8c01a6f0 con 0x7feb9c0fbfd0
2022-02-02T13:31:07.201 INFO:teuthology.orchestra.run.smithi045.stderr:/usr/bin/ceph:
2022-02-02T13:31:07.188+0000 7feba1990700 1 -- 172.21.15.45:0/201599622 --> [v2:172.21.15.45:3300/0,v1:172.21.15.45:6789/0] -- mon_subscribe({mgrmap=0+}) v3 -- 0x7feb9c10d080 con 0x7feb9c0fbfd0
2022-02-02T13:31:07.201 INFO:teuthology.orchestra.run.smithi045.stderr:/usr/bin/ceph:
2022-02-02T13:31:07.188+0000 7feba1990700 1 -- 172.21.15.45:0/201599622 --> [v2:172.21.15.45:3300/0,v1:172.21.15.45:6789/0] -- mon_subscribe({osdmap=0}) v3 -- 0x7feb9c10d510 con 0x7feb9c0fbfd0
2022-02-02T13:31:07.201 INFO:teuthology.orchestra.run.smithi045.stderr:/usr/bin/ceph:
2022-02-02T13:31:07.189+0000 7feba1990700 1 -- 172.21.15.45:0/201599622 --> [v2:172.21.15.45:3300/0,v1:172.21.15.45:6789/0] -- mon_command({"prefix": "get_command_descriptions"} v 0) v1 -- 0x7feb9c045ad0 con 0x7feb9c0fbfd0
2022-02-02T13:31:07.201 INFO:teuthology.orchestra.run.smithi045.stderr:/usr/bin/ceph:
2022-02-02T13:31:07.189+0000 7feb837fe700 1 -- 172.21.15.45:0/201599622 <== mon.0 v2:172.21.15.45:3300/0 4 ==== mgrmap(e 5) v1 ==== 36120+0+0 (secure 0 0 0) 0x7feb8c00f070 con 0x7feb9c0fbfd0
2022-02-02T13:31:07.202 INFO:teuthology.orchestra.run.smithi045.stderr:/usr/bin/ceph:
2022-02-02T13:31:07.190+0000 7feb837fe700 1 --2- 172.21.15.45:0/201599622 >> [v2:172.21.15.45:6800/4041263860,v1:172.21.15.45:6801/4041263860] conn(0x7feb8802fd50 0x7feb88032210 unknown :-1 s=NONE pgs=0 cs=0 l=1 rev1=0 rx=0 tx=0).connect
2022-02-02T13:31:07.202 INFO:teuthology.orchestra.run.smithi045.stderr:/usr/bin/ceph:
2022-02-02T13:31:07.190+0000 7feb837fe700 1 -- 172.21.15.45:0/201599622 <== mon.0 v2:172.21.15.45:3300/0 5 ==== osd_map(1..1 src has 1..1) v4 ==== 721+0+0 (secure 0 0 0) 0x7feb8c0415a0 con 0x7feb9c0fbfd0
2022-02-02T13:31:07.202 INFO:teuthology.orchestra.run.smithi045.stderr:/usr/bin/ceph:
2022-02-02T13:31:07.190+0000 7feb9a7fc700 1 -- 172.21.15.45:0/201599622 >> [v2:172.21.15.45:6800/4041263860,v1:172.21.15.45:6801/4041263860] conn(0x7feb8802fd50 msgr2=0x7feb88032210 unknown :-1 s=STATE_CONNECTING_RE l=1).process reconnect failed to v2:172.21.15.45:6800/4041263860
2022-02-02T13:31:07.202 INFO:teuthology.orchestra.run.smithi045.stderr:/usr/bin/ceph:
2022-02-02T13:31:07.190+0000 7feb9a7fc700 1 --2- 172.21.15.45:0/201599622 >> [v2:172.21.15.45:6800/4041263860,v1:172.21.15.45:6801/4041263860] conn(0x7feb8802fd50 0x7feb88032210 unknown :-1 s=START_CONNECT pgs=0 cs=0 l=1 rev1=0 rx=0 tx=0)._fault waiting 0.200000
2022-02-02T13:31:07.203 INFO:teuthology.orchestra.run.smithi045.stderr:/usr/bin/ceph:
2022-02-02T13:31:07.193+0000 7feb837fe700 1 -- 172.21.15.45:0/201599622 <== mon.0 v2:172.21.15.45:3300/0 6 ==== mon_command_ack([{"prefix": "get_command_descriptions"}]=0 v0) v1 ==== 72+0+152212 (secure 0 0 0) 0x7feb8c022d50 con 0x7feb9c0fbfd0
2022-02-02T13:31:07.391 INFO:teuthology.orchestra.run.smithi045.stderr:/usr/bin/ceph:
2022-02-02T13:31:07.391+0000 7feb9a7fc700 1 -- 172.21.15.45:0/201599622 >> [v2:172.21.15.45:6800/4041263860,v1:172.21.15.45:6801/4041263860] conn(0x7feb8802fd50 msgr2=0x7feb88032210 unknown :-1 s=STATE_CONNECTING_RE l=1).process reconnect failed to v2:172.21.15.45:6800/4041263860
2022-02-02T13:31:07.392 INFO:teuthology.orchestra.run.smithi045.stderr:/usr/bin/ceph:
2022-02-02T13:31:07.391+0000 7feb9a7fc700 1 --2- 172.21.15.45:0/201599622 >> [v2:172.21.15.45:6800/4041263860,v1:172.21.15.45:6801/4041263860] conn(0x7feb8802fd50 0x7feb88032210 unknown :-1 s=START_CONNECT pgs=0 cs=0 l=1 rev1=0 rx=0 tx=0)._fault waiting 0.400000
2022-02-02T13:31:07.586 INFO:teuthology.orchestra.run.smithi045.stderr:/usr/bin/ceph:
2022-02-02T13:31:07.585+0000 7feba1990700 1 -- 172.21.15.45:0/201599622 --> [v2:172.21.15.45:3300/0,v1:172.21.15.45:6789/0] -- mon_command({"prefix": "mgr stat"} v 0) v1 -- 0x7feb9c106890 con 0x7feb9c0fbfd0
2022-02-02T13:31:07.586 INFO:teuthology.orchestra.run.smithi045.stderr:/usr/bin/ceph:
2022-02-02T13:31:07.585+0000 7feb837fe700 1 -- 172.21.15.45:0/201599622 <== mon.0 v2:172.21.15.45:3300/0 7 ==== mon_command_ack([{"prefix": "mgr stat"}]=0 v5) v1 ==== 56+0+103 (secure 0 0 0) 0x7feb8c016020 con 0x7feb9c0fbfd0
2022-02-02T13:31:07.586 INFO:teuthology.orchestra.run.smithi045.stderr:/usr/bin/ceph: {
2022-02-02T13:31:07.587 INFO:teuthology.orchestra.run.smithi045.stderr:/usr/bin/ceph: "epoch": 5,
2022-02-02T13:31:07.587 INFO:teuthology.orchestra.run.smithi045.stderr:/usr/bin/ceph: "available": true,
2022-02-02T13:31:07.587 INFO:teuthology.orchestra.run.smithi045.stderr:/usr/bin/ceph: "active_name": "smithi045.aarcsl",
2022-02-02T13:31:07.587 INFO:teuthology.orchestra.run.smithi045.stderr:/usr/bin/ceph: "num_standby": 0
2022-02-02T13:31:07.589 INFO:teuthology.orchestra.run.smithi045.stderr:/usr/bin/ceph: }
2022-02-02T13:31:07.589 INFO:teuthology.orchestra.run.smithi045.stderr:/usr/bin/ceph:
2022-02-02T13:31:07.587+0000 7feba1990700 1 -- 172.21.15.45:0/201599622 >> [v2:172.21.15.45:6800/4041263860,v1:172.21.15.45:6801/4041263860] conn(0x7feb8802fd50 msgr2=0x7feb88032210 unknown :-1 s=STATE_CONNECTING l=1).mark_down
2022-02-02T13:31:07.589 INFO:teuthology.orchestra.run.smithi045.stderr:/usr/bin/ceph:
2022-02-02T13:31:07.587+0000 7feba1990700 1 --2- 172.21.15.45:0/201599622 >> [v2:172.21.15.45:6800/4041263860,v1:172.21.15.45:6801/4041263860] conn(0x7feb8802fd50 0x7feb88032210 unknown :-1 s=START_CONNECT pgs=0 cs=0 l=1 rev1=0 rx=0 tx=0).stop
2022-02-02T13:31:07.590 INFO:teuthology.orchestra.run.smithi045.stderr:/usr/bin/ceph:
2022-02-02T13:31:07.587+0000 7feba1990700 1 -- 172.21.15.45:0/201599622 >> [v2:172.21.15.45:3300/0,v1:172.21.15.45:6789/0] conn(0x7feb9c0fbfd0 msgr2=0x7feb9c10c990 secure :-1 s=STATE_CONNECTION_ESTABLISHED l=1).mark_down
2022-02-02T13:31:07.590 INFO:teuthology.orchestra.run.smithi045.stderr:/usr/bin/ceph:
2022-02-02T13:31:07.587+0000 7feba1990700 1 --2- 172.21.15.45:0/201599622 >> [v2:172.21.15.45:3300/0,v1:172.21.15.45:6789/0] conn(0x7feb9c0fbfd0 0x7feb9c10c990 secure :-1 s=READY pgs=23 cs=0 l=1 rev1=1 rx=0x7feb8c006cb0 tx=0x7feb8c006ee0).stop
2022-02-02T13:31:07.590 INFO:teuthology.orchestra.run.smithi045.stderr:/usr/bin/ceph:
2022-02-02T13:31:07.587+0000 7feba1990700 1 -- 172.21.15.45:0/201599622 shutdown_connections
2022-02-02T13:31:07.591 INFO:teuthology.orchestra.run.smithi045.stderr:/usr/bin/ceph:
2022-02-02T13:31:07.587+0000 7feba1990700 1 --2- 172.21.15.45:0/201599622 >> [v2:172.21.15.45:6800/4041263860,v1:172.21.15.45:6801/4041263860] conn(0x7feb8802fd50 0x7feb88032210 unknown :-1 s=CLOSED pgs=0 cs=0 l=1 rev1=0 rx=0 tx=0).stop
2022-02-02T13:31:07.591 INFO:teuthology.orchestra.run.smithi045.stderr:/usr/bin/ceph:
2022-02-02T13:31:07.587+0000 7feba1990700 1 --2- 172.21.15.45:0/201599622 >> [v2:172.21.15.45:3300/0,v1:172.21.15.45:6789/0] conn(0x7feb9c0fbfd0 0x7feb9c10c990 unknown :-1 s=CLOSED pgs=23 cs=0 l=1 rev1=1 rx=0 tx=0).stop
2022-02-02T13:31:07.591 INFO:teuthology.orchestra.run.smithi045.stderr:/usr/bin/ceph:
2022-02-02T13:31:07.587+0000 7feba1990700 1 -- 172.21.15.45:0/201599622 >> 172.21.15.45:0/201599622 conn(0x7feb9c0f5860 msgr2=0x7feb9c0f7310 unknown :-1 s=STATE_NONE l=0).mark_down
2022-02-02T13:31:07.592 INFO:teuthology.orchestra.run.smithi045.stderr:/usr/bin/ceph:
2022-02-02T13:31:07.587+0000 7feba1990700 1 -- 172.21.15.45:0/201599622 shutdown_connections
2022-02-02T13:31:07.592 INFO:teuthology.orchestra.run.smithi045.stderr:/usr/bin/ceph:
2022-02-02T13:31:07.587+0000 7feba1990700 1 -- 172.21.15.45:0/201599622 wait complete.
2022-02-02T13:31:07.967 INFO:teuthology.orchestra.run.smithi045.stderr:Waiting for the mgr to restart...
2022-02-02T13:31:07.967 INFO:teuthology.orchestra.run.smithi045.stderr:Waiting for mgr epoch 5...
2022-02-02T13:31:07.967 INFO:teuthology.orchestra.run.smithi045.stderr:Running command: /bin/podman run --rm --ipc=host --no-hosts --net=host --entrypoint /usr/bin/ceph --init -e CONTAINER_IMAGE=docker.io/ceph/ceph:v16.2.4 -e NODE_NAME=smithi045 -e CEPH_USE_RANDOM_NONCE=1 -v /var/log/ceph/42d4eafa-842c-11ec-8c35-001a4aab830c:/var/log/ceph:z -v /tmp/ceph-tmpqes3qimc:/etc/ceph/ceph.client.admin.keyring:z -v /tmp/ceph-tmpbbdg3pzu:/etc/ceph/ceph.conf:z docker.io/ceph/ceph:v16.2.4 tell mgr mgr_status
2022-02-02T13:31:08.222 INFO:journalctl@ceph.mon.smithi045.smithi045.stdout:Feb 02 13:31:08 smithi045 conmon[32010]: audit
2022-02-02T13:31:07.586138+0000 mon.smithi045 (mon.0) 29
2022-02-02T13:31:08.223 INFO:journalctl@ceph.mon.smithi045.smithi045.stdout:Feb 02 13:31:08 smithi045 conmon[32010]: : audit [DBG] from='client.? 172.21.15.45:0/201599622' entity='client.admin' cmd=[{"prefix": "mgr stat"}]: dispatch
2022-02-02T13:31:08.542 INFO:teuthology.orchestra.run.smithi045.stderr:/usr/bin/ceph:
2022-02-02T13:31:08.541+0000 7f812618f700 1 Processor -- start
2022-02-02T13:31:08.717 INFO:teuthology.orchestra.run.smithi045.stderr:/usr/bin/ceph:
2022-02-02T13:31:08.541+0000 7f812618f700 1 -- start start
2022-02-02T13:31:08.718 INFO:teuthology.orchestra.run.smithi045.stderr:/usr/bin/ceph:
2022-02-02T13:31:08.542+0000 7f812618f700 1 --2- >> [v2:172.21.15.45:3300/0,v1:172.21.15.45:6789/0] conn(0x7f8120071c20 0x7f81200701c0 unknown :-1 s=NONE pgs=0 cs=0 l=0 rev1=0 rx=0 tx=0).connect
2022-02-02T13:31:08.718 INFO:teuthology.orchestra.run.smithi045.stderr:/usr/bin/ceph:
2022-02-02T13:31:08.542+0000 7f812618f700 1 -- --> [v2:172.21.15.45:3300/0,v1:172.21.15.45:6789/0] -- mon_getmap magic: 0 v1 -- 0x7f8120072040 con 0x7f8120071c20
2022-02-02T13:31:08.724 INFO:teuthology.orchestra.run.smithi045.stderr:/usr/bin/ceph:
2022-02-02T13:31:08.542+0000 7f812518d700 1 --2- >> [v2:172.21.15.45:3300/0,v1:172.21.15.45:6789/0] conn(0x7f8120071c20 0x7f81200701c0 unknown :-1 s=BANNER_CONNECTING pgs=0 cs=0 l=0 rev1=0 rx=0 tx=0)._handle_peer_banner_payload supported=1 required=0
2022-02-02T13:31:08.724 INFO:teuthology.orchestra.run.smithi045.stderr:/usr/bin/ceph:
2022-02-02T13:31:08.542+0000 7f812518d700 1 --2- >> [v2:172.21.15.45:3300/0,v1:172.21.15.45:6789/0] conn(0x7f8120071c20 0x7f81200701c0 unknown :-1 s=HELLO_CONNECTING pgs=0 cs=0 l=0 rev1=1 rx=0 tx=0).handle_hello peer v2:172.21.15.45:3300/0 says I am v2:172.21.15.45:49930/0 (socket says 172.21.15.45:49930)
2022-02-02T13:31:08.724 INFO:teuthology.orchestra.run.smithi045.stderr:/usr/bin/ceph:
2022-02-02T13:31:08.542+0000 7f812518d700 1 -- 172.21.15.45:0/3358175026 learned_addr learned my addr 172.21.15.45:0/3358175026 (peer_addr_for_me v2:172.21.15.45:0/0)
2022-02-02T13:31:08.725 INFO:teuthology.orchestra.run.smithi045.stderr:/usr/bin/ceph:
2022-02-02T13:31:08.542+0000 7f812518d700 1 -- 172.21.15.45:0/3358175026 --> [v2:172.21.15.45:3300/0,v1:172.21.15.45:6789/0] -- mon_subscribe({config=0+,monmap=0+}) v3 -- 0x7f81200706b0 con 0x7f8120071c20
2022-02-02T13:31:08.725 INFO:teuthology.orchestra.run.smithi045.stderr:/usr/bin/ceph:
2022-02-02T13:31:08.543+0000 7f812518d700 1 --2- 172.21.15.45:0/3358175026 >> [v2:172.21.15.45:3300/0,v1:172.21.15.45:6789/0] conn(0x7f8120071c20 0x7f81200701c0 secure :-1 s=READY pgs=24 cs=0 l=1 rev1=1 rx=0x7f811c00b5f0 tx=0x7f811c006ee0).ready entity=mon.0 client_cookie=e857eb21a6bfdca5 server_cookie=0 in_seq=0 out_seq=0
2022-02-02T13:31:08.725 INFO:teuthology.orchestra.run.smithi045.stderr:/usr/bin/ceph:
2022-02-02T13:31:08.543+0000 7f810ffff700 1 -- 172.21.15.45:0/3358175026 <== mon.0 v2:172.21.15.45:3300/0 1 ==== mon_map magic: 0 v1 ==== 229+0+0 (secure 0 0 0) 0x7f811c00d600 con 0x7f8120071c20
2022-02-02T13:31:08.726 INFO:teuthology.orchestra.run.smithi045.stderr:/usr/bin/ceph:
2022-02-02T13:31:08.543+0000 7f810ffff700 1 -- 172.21.15.45:0/3358175026 <== mon.0 v2:172.21.15.45:3300/0 2 ==== config(25 keys) v1 ==== 983+0+0 (secure 0 0 0) 0x7f811c00dbb0 con 0x7f8120071c20
2022-02-02T13:31:08.726 INFO:teuthology.orchestra.run.smithi045.stderr:/usr/bin/ceph:
2022-02-02T13:31:08.543+0000 7f810ffff700 1 -- 172.21.15.45:0/3358175026 <== mon.0 v2:172.21.15.45:3300/0 3 ==== mon_map magic: 0 v1 ==== 229+0+0 (secure 0 0 0) 0x7f811c011bb0 con 0x7f8120071c20
2022-02-02T13:31:08.726 INFO:teuthology.orchestra.run.smithi045.stderr:/usr/bin/ceph:
2022-02-02T13:31:08.544+0000 7f812618f700 1 -- 172.21.15.45:0/3358175026 >> [v2:172.21.15.45:3300/0,v1:172.21.15.45:6789/0] conn(0x7f8120071c20 msgr2=0x7f81200701c0 secure :-1 s=STATE_CONNECTION_ESTABLISHED l=1).mark_down
2022-02-02T13:31:08.726 INFO:teuthology.orchestra.run.smithi045.stderr:/usr/bin/ceph:
2022-02-02T13:31:08.544+0000 7f812618f700 1 --2- 172.21.15.45:0/3358175026 >> [v2:172.21.15.45:3300/0,v1:172.21.15.45:6789/0] conn(0x7f8120071c20 0x7f81200701c0 secure :-1 s=READY pgs=24 cs=0 l=1 rev1=1 rx=0x7f811c00b5f0 tx=0x7f811c006ee0).stop
2022-02-02T13:31:08.726 INFO:teuthology.orchestra.run.smithi045.stderr:/usr/bin/ceph:
2022-02-02T13:31:08.544+0000 7f812618f700 1 -- 172.21.15.45:0/3358175026 shutdown_connections
2022-02-02T13:31:08.727 INFO:teuthology.orchestra.run.smithi045.stderr:/usr/bin/ceph:
2022-02-02T13:31:08.544+0000 7f812618f700 1 --2- 172.21.15.45:0/3358175026 >> [v2:172.21.15.45:3300/0,v1:172.21.15.45:6789/0] conn(0x7f8120071c20 0x7f81200701c0 unknown :-1 s=CLOSED pgs=24 cs=0 l=1 rev1=1 rx=0 tx=0).stop
2022-02-02T13:31:08.727 INFO:teuthology.orchestra.run.smithi045.stderr:/usr/bin/ceph:
2022-02-02T13:31:08.544+0000 7f812618f700 1 -- 172.21.15.45:0/3358175026 >> 172.21.15.45:0/3358175026 conn(0x7f81200f7270 msgr2=0x7f81200f9690 unknown :-1 s=STATE_NONE l=0).mark_down
2022-02-02T13:31:08.727 INFO:teuthology.orchestra.run.smithi045.stderr:/usr/bin/ceph:
2022-02-02T13:31:08.544+0000 7f812618f700 1 -- 172.21.15.45:0/3358175026 shutdown_connections
2022-02-02T13:31:08.728 INFO:teuthology.orchestra.run.smithi045.stderr:/usr/bin/ceph:
2022-02-02T13:31:08.544+0000 7f812618f700 1 -- 172.21.15.45:0/3358175026 wait complete.
2022-02-02T13:31:08.728 INFO:teuthology.orchestra.run.smithi045.stderr:/usr/bin/ceph:
2022-02-02T13:31:08.545+0000 7f812618f700 1 Processor -- start
2022-02-02T13:31:08.728 INFO:teuthology.orchestra.run.smithi045.stderr:/usr/bin/ceph:
2022-02-02T13:31:08.545+0000 7f812618f700 1 -- start start
2022-02-02T13:31:08.728 INFO:teuthology.orchestra.run.smithi045.stderr:/usr/bin/ceph:
2022-02-02T13:31:08.545+0000 7f812618f700 1 --2- >> [v2:172.21.15.45:3300/0,v1:172.21.15.45:6789/0] conn(0x7f8120071c20 0x7f812010c9b0 unknown :-1 s=NONE pgs=0 cs=0 l=1 rev1=0 rx=0 tx=0).connect
2022-02-02T13:31:08.729 INFO:teuthology.orchestra.run.smithi045.stderr:/usr/bin/ceph:
2022-02-02T13:31:08.545+0000 7f812618f700 1 -- --> [v2:172.21.15.45:3300/0,v1:172.21.15.45:6789/0] -- mon_getmap magic: 0 v1 -- 0x7f812010cea0 con 0x7f8120071c20
2022-02-02T13:31:08.729 INFO:teuthology.orchestra.run.smithi045.stderr:/usr/bin/ceph:
2022-02-02T13:31:08.545+0000 7f812518d700 1 --2- >> [v2:172.21.15.45:3300/0,v1:172.21.15.45:6789/0] conn(0x7f8120071c20 0x7f812010c9b0 unknown :-1 s=BANNER_CONNECTING pgs=0 cs=0 l=1 rev1=0 rx=0 tx=0)._handle_peer_banner_payload supported=1 required=0
2022-02-02T13:31:08.729 INFO:teuthology.orchestra.run.smithi045.stderr:/usr/bin/ceph:
2022-02-02T13:31:08.545+0000 7f812518d700 1 --2- >> [v2:172.21.15.45:3300/0,v1:172.21.15.45:6789/0] conn(0x7f8120071c20 0x7f812010c9b0 unknown :-1 s=HELLO_CONNECTING pgs=0 cs=0 l=1 rev1=1 rx=0 tx=0).handle_hello peer v2:172.21.15.45:3300/0 says I am v2:172.21.15.45:49932/0 (socket says 172.21.15.45:49932)
2022-02-02T13:31:08.730 INFO:teuthology.orchestra.run.smithi045.stderr:/usr/bin/ceph:
2022-02-02T13:31:08.545+0000 7f812518d700 1 -- 172.21.15.45:0/1611166430 learned_addr learned my addr 172.21.15.45:0/1611166430 (peer_addr_for_me v2:172.21.15.45:0/0)
2022-02-02T13:31:08.730 INFO:teuthology.orchestra.run.smithi045.stderr:/usr/bin/ceph:
2022-02-02T13:31:08.545+0000 7f812518d700 1 -- 172.21.15.45:0/1611166430 --> [v2:172.21.15.45:3300/0,v1:172.21.15.45:6789/0] -- mon_subscribe({config=0+,monmap=0+}) v3 -- 0x7f811c00b200 con 0x7f8120071c20
2022-02-02T13:31:08.730 INFO:teuthology.orchestra.run.smithi045.stderr:/usr/bin/ceph:
2022-02-02T13:31:08.545+0000 7f812518d700 1 --2- 172.21.15.45:0/1611166430 >> [v2:172.21.15.45:3300/0,v1:172.21.15.45:6789/0] conn(0x7f8120071c20 0x7f812010c9b0 secure :-1 s=READY pgs=25 cs=0 l=1 rev1=1 rx=0x7f811c00c010 tx=0x7f811c006ee0).ready entity=mon.0 client_cookie=0 server_cookie=0 in_seq=0 out_seq=0
2022-02-02T13:31:08.730 INFO:teuthology.orchestra.run.smithi045.stderr:/usr/bin/ceph:
2022-02-02T13:31:08.546+0000 7f810dffb700 1 -- 172.21.15.45:0/1611166430 <== mon.0 v2:172.21.15.45:3300/0 1 ==== mon_map magic: 0 v1 ==== 229+0+0 (secure 0 0 0) 0x7f811c01b410 con 0x7f8120071c20
2022-02-02T13:31:08.731 INFO:teuthology.orchestra.run.smithi045.stderr:/usr/bin/ceph:
2022-02-02T13:31:08.546+0000 7f810dffb700 1 -- 172.21.15.45:0/1611166430 <== mon.0 v2:172.21.15.45:3300/0 2 ==== config(25 keys) v1 ==== 983+0+0 (secure 0 0 0) 0x7f811c01b9c0 con 0x7f8120071c20
2022-02-02T13:31:08.731 INFO:teuthology.orchestra.run.smithi045.stderr:/usr/bin/ceph:
2022-02-02T13:31:08.546+0000 7f810dffb700 1 -- 172.21.15.45:0/1611166430 <== mon.0 v2:172.21.15.45:3300/0 3 ==== mon_map magic: 0 v1 ==== 229+0+0 (secure 0 0 0) 0x7f811c01a6f0 con 0x7f8120071c20
2022-02-02T13:31:08.731 INFO:teuthology.orchestra.run.smithi045.stderr:/usr/bin/ceph:
2022-02-02T13:31:08.546+0000 7f812618f700 1 -- 172.21.15.45:0/1611166430 --> [v2:172.21.15.45:3300/0,v1:172.21.15.45:6789/0] -- mon_subscribe({mgrmap=0+}) v3 -- 0x7f812010d0a0 con 0x7f8120071c20
2022-02-02T13:31:08.731 INFO:teuthology.orchestra.run.smithi045.stderr:/usr/bin/ceph:
2022-02-02T13:31:08.546+0000 7f812618f700 1 -- 172.21.15.45:0/1611166430 --> [v2:172.21.15.45:3300/0,v1:172.21.15.45:6789/0] -- mon_subscribe({osdmap=0}) v3 -- 0x7f812010d530 con 0x7f8120071c20
2022-02-02T13:31:08.732 INFO:teuthology.orchestra.run.smithi045.stderr:/usr/bin/ceph:
2022-02-02T13:31:08.547+0000 7f810dffb700 1 -- 172.21.15.45:0/1611166430 <== mon.0 v2:172.21.15.45:3300/0 4 ==== mgrmap(e 5) v1 ==== 36120+0+0 (secure 0 0 0) 0x7f811c00f070 con 0x7f8120071c20
2022-02-02T13:31:08.732 INFO:teuthology.orchestra.run.smithi045.stderr:/usr/bin/ceph:
2022-02-02T13:31:08.548+0000 7f810dffb700 1 --2- 172.21.15.45:0/1611166430 >> [v2:172.21.15.45:6800/4041263860,v1:172.21.15.45:6801/4041263860] conn(0x7f810802fe00 0x7f81080322c0 unknown :-1 s=NONE pgs=0 cs=0 l=1 rev1=0 rx=0 tx=0).connect
2022-02-02T13:31:08.732 INFO:teuthology.orchestra.run.smithi045.stderr:/usr/bin/ceph:
2022-02-02T13:31:08.548+0000 7f810dffb700 1 -- 172.21.15.45:0/1611166430 --> [v2:172.21.15.45:6800/4041263860,v1:172.21.15.45:6801/4041263860] -- command(tid 0: {"prefix": "get_command_descriptions"}) v1 -- 0x7f8108032980 con 0x7f810802fe00
2022-02-02T13:31:08.732 INFO:teuthology.orchestra.run.smithi045.stderr:/usr/bin/ceph:
2022-02-02T13:31:08.548+0000 7f810dffb700 1 -- 172.21.15.45:0/1611166430 <== mon.0 v2:172.21.15.45:3300/0 5 ==== osd_map(1..1 src has 1..1) v4 ==== 721+0+0 (secure 0 0 0) 0x7f811c041080 con 0x7f8120071c20
2022-02-02T13:31:08.733 INFO:teuthology.orchestra.run.smithi045.stderr:/usr/bin/ceph:
2022-02-02T13:31:08.548+0000 7f812498c700 1 -- 172.21.15.45:0/1611166430 >> [v2:172.21.15.45:6800/4041263860,v1:172.21.15.45:6801/4041263860] conn(0x7f810802fe00 msgr2=0x7f81080322c0 unknown :-1 s=STATE_CONNECTING_RE l=1).process reconnect failed to v2:172.21.15.45:6800/4041263860
2022-02-02T13:31:08.733 INFO:teuthology.orchestra.run.smithi045.stderr:/usr/bin/ceph:
2022-02-02T13:31:08.548+0000 7f812498c700 1 --2- 172.21.15.45:0/1611166430 >> [v2:172.21.15.45:6800/4041263860,v1:172.21.15.45:6801/4041263860] conn(0x7f810802fe00 0x7f81080322c0 unknown :-1 s=START_CONNECT pgs=0 cs=0 l=1 rev1=0 rx=0 tx=0)._fault waiting 0.200000
2022-02-02T13:31:08.750 INFO:teuthology.orchestra.run.smithi045.stderr:/usr/bin/ceph:
2022-02-02T13:31:08.749+0000 7f812498c700 1 -- 172.21.15.45:0/1611166430 >> [v2:172.21.15.45:6800/4041263860,v1:172.21.15.45:6801/4041263860] conn(0x7f810802fe00 msgr2=0x7f81080322c0 unknown :-1 s=STATE_CONNECTING_RE l=1).process reconnect failed to v2:172.21.15.45:6800/4041263860
2022-02-02T13:31:08.750 INFO:teuthology.orchestra.run.smithi045.stderr:/usr/bin/ceph:
2022-02-02T13:31:08.749+0000 7f812498c700 1 --2- 172.21.15.45:0/1611166430 >> [v2:172.21.15.45:6800/4041263860,v1:172.21.15.45:6801/4041263860] conn(0x7f810802fe00 0x7f81080322c0 unknown :-1 s=START_CONNECT pgs=0 cs=0 l=1 rev1=0 rx=0 tx=0)._fault waiting 0.400000
2022-02-02T13:31:09.150 INFO:teuthology.orchestra.run.smithi045.stderr:/usr/bin/ceph:
2022-02-02T13:31:09.150+0000 7f812498c700 1 -- 172.21.15.45:0/1611166430 >> [v2:172.21.15.45:6800/4041263860,v1:172.21.15.45:6801/4041263860] conn(0x7f810802fe00 msgr2=0x7f81080322c0 unknown :-1 s=STATE_CONNECTING_RE l=1).process reconnect failed to v2:172.21.15.45:6800/4041263860
2022-02-02T13:31:09.150 INFO:teuthology.orchestra.run.smithi045.stderr:/usr/bin/ceph:
2022-02-02T13:31:09.150+0000 7f812498c700 1 --2- 172.21.15.45:0/1611166430 >> [v2:172.21.15.45:6800/4041263860,v1:172.21.15.45:6801/4041263860] conn(0x7f810802fe00 0x7f81080322c0 unknown :-1 s=START_CONNECT pgs=0 cs=0 l=1 rev1=0 rx=0 tx=0)._fault waiting 0.800000
2022-02-02T13:31:09.951 INFO:teuthology.orchestra.run.smithi045.stderr:/usr/bin/ceph:
2022-02-02T13:31:09.951+0000 7f812498c700 1 -- 172.21.15.45:0/1611166430 >> [v2:172.21.15.45:6800/4041263860,v1:172.21.15.45:6801/4041263860] conn(0x7f810802fe00 msgr2=0x7f81080322c0 unknown :-1 s=STATE_CONNECTING_RE l=1).process reconnect failed to v2:172.21.15.45:6800/4041263860
2022-02-02T13:31:09.952 INFO:teuthology.orchestra.run.smithi045.stderr:/usr/bin/ceph:
2022-02-02T13:31:09.951+0000 7f812498c700 1 --2- 172.21.15.45:0/1611166430 >> [v2:172.21.15.45:6800/4041263860,v1:172.21.15.45:6801/4041263860] conn(0x7f810802fe00 0x7f81080322c0 unknown :-1 s=START_CONNECT pgs=0 cs=0 l=1 rev1=0 rx=0 tx=0)._fault waiting 1.600000
2022-02-02T13:31:11.553 INFO:teuthology.orchestra.run.smithi045.stderr:/usr/bin/ceph:
2022-02-02T13:31:11.552+0000 7f812498c700 1 -- 172.21.15.45:0/1611166430 >> [v2:172.21.15.45:6800/4041263860,v1:172.21.15.45:6801/4041263860] conn(0x7f810802fe00 msgr2=0x7f81080322c0 unknown :-1 s=STATE_CONNECTING_RE l=1).process reconnect failed to v2:172.21.15.45:6800/4041263860
2022-02-02T13:31:11.553 INFO:teuthology.orchestra.run.smithi045.stderr:/usr/bin/ceph:
2022-02-02T13:31:11.552+0000 7f812498c700 1 --2- 172.21.15.45:0/1611166430 >> [v2:172.21.15.45:6800/4041263860,v1:172.21.15.45:6801/4041263860] conn(0x7f810802fe00 0x7f81080322c0 unknown :-1 s=START_CONNECT pgs=0 cs=0 l=1 rev1=0 rx=0 tx=0)._fault waiting 3.200000
2022-02-02T13:31:12.875 INFO:teuthology.orchestra.run.smithi045.stderr:/usr/bin/ceph:
2022-02-02T13:31:12.874+0000 7f810dffb700 1 -- 172.21.15.45:0/1611166430 <== mon.0 v2:172.21.15.45:3300/0 6 ==== mgrmap(e 6) v1 ==== 35970+0+0 (secure 0 0 0) 0x7f811c01bb30 con 0x7f8120071c20
2022-02-02T13:31:12.876 INFO:teuthology.orchestra.run.smithi045.stderr:/usr/bin/ceph:
2022-02-02T13:31:12.875+0000 7f810dffb700 1 -- 172.21.15.45:0/1611166430 >> [v2:172.21.15.45:6800/4041263860,v1:172.21.15.45:6801/4041263860] conn(0x7f810802fe00 msgr2=0x7f81080322c0 unknown :-1 s=STATE_CONNECTING l=1).mark_down
2022-02-02T13:31:12.876 INFO:teuthology.orchestra.run.smithi045.stderr:/usr/bin/ceph:
2022-02-02T13:31:12.875+0000 7f810dffb700 1 --2- 172.21.15.45:0/1611166430 >> [v2:172.21.15.45:6800/4041263860,v1:172.21.15.45:6801/4041263860] conn(0x7f810802fe00 0x7f81080322c0 unknown :-1 s=START_CONNECT pgs=0 cs=0 l=1 rev1=0 rx=0 tx=0).stop
2022-02-02T13:31:13.311 INFO:journalctl@ceph.mon.smithi045.smithi045.stdout:Feb 02 13:31:12 smithi045 conmon[32010]: cluster
2022-02-02T13:31:11.961902+0000 mon.smithi045 (mon.0) 30 : cluster [INF] Active manager daemon smithi045.aarcsl restarted
2022-02-02T13:31:13.311 INFO:journalctl@ceph.mon.smithi045.smithi045.stdout:Feb 02 13:31:12 smithi045 conmon[32010]: cluster
2022-02-02T13:31:11.962269+0000 mon.smithi045 (mon.0) 31 : cluster [INF] Activating manager daemon smithi045.aarcsl
2022-02-02T13:31:13.312 INFO:journalctl@ceph.mon.smithi045.smithi045.stdout:Feb 02 13:31:12 smithi045 conmon[32010]: cluster
2022-02-02T13:31:11.963887+0000 mon.smithi045 (mon
2022-02-02T13:31:13.312 INFO:journalctl@ceph.mon.smithi045.smithi045.stdout:Feb 02 13:31:12 smithi045 conmon[32010]: .0) 32 : cluster [DBG] osdmap e2: 0 total, 0 up, 0 in
2022-02-02T13:31:13.312 INFO:journalctl@ceph.mon.smithi045.smithi045.stdout:Feb 02 13:31:12 smithi045 conmon[32010]: cluster 2022-
2022-02-02T13:31:13.312 INFO:journalctl@ceph.mon.smithi045.smithi045.stdout:Feb 02 13:31:12 smithi045 conmon[32010]: 02-02T13:31:12.876865
2022-02-02T13:31:13.312 INFO:journalctl@ceph.mon.smithi045.smithi045.stdout:Feb 02 13:31:12 smithi045 conmon[32010]: +0000 mon.smithi045 (mon.0) 33 :
2022-02-02T13:31:13.313 INFO:journalctl@ceph.mon.smithi045.smithi045.stdout:Feb 02 13:31:12 smithi045 conmon[32010]: cluster [DBG] mgrmap e6: smithi045.aarcsl(active, starting, since 0.914656s)
2022-02-02T13:31:13.313 INFO:journalctl@ceph.mon.smithi045.smithi045.stdout:Feb 02 13:31:12 smithi045 conmon[32010]: audit 2022
2022-02-02T13:31:13.313 INFO:journalctl@ceph.mon.smithi045.smithi045.stdout:Feb 02 13:31:12 smithi045 conmon[32010]: -02-02T13:31:12
2022-02-02T13:31:13.313 INFO:journalctl@ceph.mon.smithi045.smithi045.stdout:Feb 02 13:31:12 smithi045 conmon[32010]: .878320+0000 mon.smithi045 (mon.0)
2022-02-02T13:31:13.314 INFO:journalctl@ceph.mon.smithi045.smithi045.stdout:Feb 02 13:31:12 smithi045 conmon[32010]: 34 : audit [DBG] from='mgr.14116 172.21.15.45:0/1662346542' entity='mgr.smithi045.aarcsl' cmd=[{"prefix": "mon metadata", "id": "smithi045"}]: dispatch
2022-02-02T13:31:13.314 INFO:journalctl@ceph.mon.smithi045.smithi045.stdout:Feb 02 13:31:12 smithi045 conmon[32010]: audit 2022
2022-02-02T13:31:13.314 INFO:journalctl@ceph.mon.smithi045.smithi045.stdout:Feb 02 13:31:12 smithi045 conmon[32010]: -02-02T13:31:12
2022-02-02T13:31:13.314 INFO:journalctl@ceph.mon.smithi045.smithi045.stdout:Feb 02 13:31:12 smithi045 conmon[32010]: .879213+0000 mon.smithi045 (mon.
2022-02-02T13:31:13.314 INFO:journalctl@ceph.mon.smithi045.smithi045.stdout:Feb 02 13:31:12 smithi045 conmon[32010]: 0) 35 : audit [DBG] from='mgr.14116 172.21.15.45:0/1662346542' entity='mgr.smithi045.aarcsl' cmd=[{"prefix": "mgr metadata", "who": "smithi045.aarcsl", "id": "smithi045.aarcsl"}]: dispatch
2022-02-02T13:31:13.315 INFO:journalctl@ceph.mon.smithi045.smithi045.stdout:Feb 02 13:31:12 smithi045 conmon[32010]:
2022-02-02T13:31:13.315 INFO:journalctl@ceph.mon.smithi045.smithi045.stdout:Feb 02 13:31:12 smithi045 conmon[32010]: audit
2022-02-02T13:31:13.315 INFO:journalctl@ceph.mon.smithi045.smithi045.stdout:Feb 02 13:31:12 smithi045 conmon[32010]: 2022-02-02T13:31
2022-02-02T13:31:13.315 INFO:journalctl@ceph.mon.smithi045.smithi045.stdout:Feb 02 13:31:12 smithi045 conmon[32010]: :12.880262+0000 mon.smithi045 (mon
2022-02-02T13:31:13.316 INFO:journalctl@ceph.mon.smithi045.smithi045.stdout:Feb 02 13:31:12 smithi045 conmon[32010]: .0) 36 : audit [DBG]
2022-02-02T13:31:13.316 INFO:journalctl@ceph.mon.smithi045.smithi045.stdout:Feb 02 13:31:12 smithi045 conmon[32010]: from='mgr.14116 172.21.15.45:0/1662346542' entity='mgr.smithi045.aarcsl' cmd=[{"prefix": "mds metadata"}]: dispatch
2022-02-02T13:31:13.316 INFO:journalctl@ceph.mon.smithi045.smithi045.stdout:Feb 02 13:31:12 smithi045 conmon[32010]: audit 2022
2022-02-02T13:31:13.317 INFO:journalctl@ceph.mon.smithi045.smithi045.stdout:Feb 02 13:31:12 smithi045 conmon[32010]: -02-02T13:31:
2022-02-02T13:31:13.317 INFO:journalctl@ceph.mon.smithi045.smithi045.stdout:Feb 02 13:31:12 smithi045 conmon[32010]: 12.880530+0000 mon.smithi045 (mon.
2022-02-02T13:31:13.318 INFO:journalctl@ceph.mon.smithi045.smithi045.stdout:Feb 02 13:31:12 smithi045 conmon[32010]: 0) 37 : audit [DBG]
2022-02-02T13:31:13.319 INFO:journalctl@ceph.mon.smithi045.smithi045.stdout:Feb 02 13:31:12 smithi045 conmon[32010]: from='mgr.14116 172.21.15.45:0/1662346542' entity='mgr.smithi045.aarcsl' cmd=[{"prefix": "osd metadata"}]: dispatch
2022-02-02T13:31:13.319 INFO:journalctl@ceph.mon.smithi045.smithi045.stdout:Feb 02 13:31:12 smithi045 conmon[32010]: audit 2022-
2022-02-02T13:31:13.319 INFO:journalctl@ceph.mon.smithi045.smithi045.stdout:Feb 02 13:31:12 smithi045 conmon[32010]: 02-02T13:31:12
2022-02-02T13:31:13.319 INFO:journalctl@ceph.mon.smithi045.smithi045.stdout:Feb 02 13:31:12 smithi045 conmon[32010]: .880743+0000 mon.smithi045 (mon.
2022-02-02T13:31:13.320 INFO:journalctl@ceph.mon.smithi045.smithi045.stdout:Feb 02 13:31:12 smithi045 conmon[32010]: 0) 38 : audit [DBG] from='mgr.14116 172.21.15.45:0/1662346542' entity='mgr.smithi045.aarcsl' cmd=[{"prefix": "mon metadata"}]: dispatch
2022-02-02T13:31:13.320 INFO:journalctl@ceph.mon.smithi045.smithi045.stdout:Feb 02 13:31:12 smithi045 conmon[32010]:
2022-02-02T13:31:13.320 INFO:journalctl@ceph.mon.smithi045.smithi045.stdout:Feb 02 13:31:12 smithi045 conmon[32010]: cluster 2022
2022-02-02T13:31:13.320 INFO:journalctl@ceph.mon.smithi045.smithi045.stdout:Feb 02 13:31:12 smithi045 conmon[32010]: -02-02T13:31:12
2022-02-02T13:31:13.320 INFO:journalctl@ceph.mon.smithi045.smithi045.stdout:Feb 02 13:31:12 smithi045 conmon[32010]: .894813+0000 mon.smithi045 (mon.0
2022-02-02T13:31:13.321 INFO:journalctl@ceph.mon.smithi045.smithi045.stdout:Feb 02 13:31:12 smithi045 conmon[32010]: ) 39 : cluster [INF] Manager daemon smithi045.aarcsl is now available
2022-02-02T13:31:13.321 INFO:journalctl@ceph.mon.smithi045.smithi045.stdout:Feb 02 13:31:12 smithi045 conmon[32010]:
2022-02-02T13:31:13.321 INFO:journalctl@ceph.mon.smithi045.smithi045.stdout:Feb 02 13:31:12 smithi045 conmon[32010]: audit 2022-02
2022-02-02T13:31:13.321 INFO:journalctl@ceph.mon.smithi045.smithi045.stdout:Feb 02 13:31:12 smithi045 conmon[32010]: -02T13:31:12.914142
2022-02-02T13:31:13.322 INFO:journalctl@ceph.mon.smithi045.smithi045.stdout:Feb 02 13:31:12 smithi045 conmon[32010]: +0000 mon.smithi045 (mon.0) 40
2022-02-02T13:31:13.322 INFO:journalctl@ceph.mon.smithi045.smithi045.stdout:Feb 02 13:31:12 smithi045 conmon[32010]: : audit [INF] from='mgr.14116 172.21.15.45:0/1662346542' entity='mgr.smithi045.aarcsl'
2022-02-02T13:31:13.322 INFO:journalctl@ceph.mon.smithi045.smithi045.stdout:Feb 02 13:31:12 smithi045 conmon[32010]: audit 2022
2022-02-02T13:31:13.322 INFO:journalctl@ceph.mon.smithi045.smithi045.stdout:Feb 02 13:31:12 smithi045 conmon[32010]: -02-02T13:31:
2022-02-02T13:31:13.322 INFO:journalctl@ceph.mon.smithi045.smithi045.stdout:Feb 02 13:31:12 smithi045 conmon[32010]: 12.917597+0000 mon.smithi045 (mon.
2022-02-02T13:31:13.323 INFO:journalctl@ceph.mon.smithi045.smithi045.stdout:Feb 02 13:31:12 smithi045 conmon[32010]: 0) 41 : audit [INF] from='mgr.14116 172.21.15.45:0/1662346542' entity='mgr.smithi045.aarcsl'
2022-02-02T13:31:13.323 INFO:journalctl@ceph.mon.smithi045.smithi045.stdout:Feb 02 13:31:12 smithi045 conmon[32010]:
2022-02-02T13:31:13.323 INFO:journalctl@ceph.mon.smithi045.smithi045.stdout:Feb 02 13:31:12 smithi045 conmon[32010]: audit
2022-02-02T13:31:13.323 INFO:journalctl@ceph.mon.smithi045.smithi045.stdout:Feb 02 13:31:12 smithi045 conmon[32010]: 2022-02-02T13:
2022-02-02T13:31:13.323 INFO:journalctl@ceph.mon.smithi045.smithi045.stdout:Feb 02 13:31:12 smithi045 conmon[32010]: 31:12.920732+0000 mon.smithi045 (
2022-02-02T13:31:13.324 INFO:journalctl@ceph.mon.smithi045.smithi045.stdout:Feb 02 13:31:12 smithi045 conmon[32010]: mon.0) 42 : audit [INF]
2022-02-02T13:31:13.324 INFO:journalctl@ceph.mon.smithi045.smithi045.stdout:Feb 02 13:31:12 smithi045 conmon[32010]: from='mgr.14116 172.21.15.45:0/1662346542' entity='mgr.smithi045.aarcsl'
2022-02-02T13:31:13.879 INFO:teuthology.orchestra.run.smithi045.stderr:/usr/bin/ceph:
2022-02-02T13:31:13.876+0000 7f810dffb700 1 -- 172.21.15.45:0/1611166430 <== mon.0 v2:172.21.15.45:3300/0 7 ==== mgrmap(e 7) v1 ==== 36040+0+0 (secure 0 0 0) 0x7f811c042a00 con 0x7f8120071c20
2022-02-02T13:31:13.879 INFO:teuthology.orchestra.run.smithi045.stderr:/usr/bin/ceph:
2022-02-02T13:31:13.876+0000 7f810dffb700 1 --2- 172.21.15.45:0/1611166430 >> [v2:172.21.15.45:6800/4005013445,v1:172.21.15.45:6801/4005013445] conn(0x7f8108033860 0x7f8108035c50 unknown :-1 s=NONE pgs=0 cs=0 l=1 rev1=0 rx=0 tx=0).connect
2022-02-02T13:31:13.880 INFO:teuthology.orchestra.run.smithi045.stderr:/usr/bin/ceph:
2022-02-02T13:31:13.876+0000 7f810dffb700 1 -- 172.21.15.45:0/1611166430 --> [v2:172.21.15.45:6800/4005013445,v1:172.21.15.45:6801/4005013445] -- command(tid 0: {"prefix": "get_command_descriptions"}) v1 -- 0x7f8108032980 con 0x7f8108033860
2022-02-02T13:31:13.880 INFO:teuthology.orchestra.run.smithi045.stderr:/usr/bin/ceph:
2022-02-02T13:31:13.877+0000 7f812498c700 1 --2- 172.21.15.45:0/1611166430 >> [v2:172.21.15.45:6800/4005013445,v1:172.21.15.45:6801/4005013445] conn(0x7f8108033860 0x7f8108035c50 unknown :-1 s=BANNER_CONNECTING pgs=0 cs=0 l=1 rev1=0 rx=0 tx=0)._handle_peer_banner_payload supported=1 required=0
2022-02-02T13:31:13.880 INFO:teuthology.orchestra.run.smithi045.stderr:/usr/bin/ceph:
2022-02-02T13:31:13.878+0000 7f812498c700 1 --2- 172.21.15.45:0/1611166430 >> [v2:172.21.15.45:6800/4005013445,v1:172.21.15.45:6801/4005013445] conn(0x7f8108033860 0x7f8108035c50 secure :-1 s=READY pgs=1 cs=0 l=1 rev1=1 rx=0x7f8110006fd0 tx=0x7f8110006df0).ready entity=mgr.14116 client_cookie=0 server_cookie=0 in_seq=0 out_seq=0
2022-02-02T13:31:13.882 INFO:teuthology.orchestra.run.smithi045.stderr:/usr/bin/ceph:
2022-02-02T13:31:13.879+0000 7f810dffb700 1 -- 172.21.15.45:0/1611166430 <== mgr.14116 v2:172.21.15.45:6800/4005013445 1 ==== command_reply(tid 0: 0 ) v1 ==== 8+0+6438 (secure 0 0 0) 0x7f8108032980 con 0x7f8108033860
2022-02-02T13:31:13.889 INFO:teuthology.orchestra.run.smithi045.stderr:/usr/bin/ceph:
2022-02-02T13:31:13.889+0000 7f812618f700 1 -- 172.21.15.45:0/1611166430 --> [v2:172.21.15.45:6800/4005013445,v1:172.21.15.45:6801/4005013445] -- command(tid 1: {"prefix": "mgr_status"}) v1 -- 0x7f8120059100 con 0x7f8108033860
2022-02-02T13:31:13.893 INFO:teuthology.orchestra.run.smithi045.stderr:/usr/bin/ceph:
2022-02-02T13:31:13.890+0000 7f810dffb700 1 -- 172.21.15.45:0/1611166430 <== mgr.14116 v2:172.21.15.45:6800/4005013445 2 ==== command_reply(tid 1: 0 ) v1 ==== 8+0+51 (secure 0 0 0) 0x7f8120059100 con 0x7f8108033860
2022-02-02T13:31:13.893 INFO:teuthology.orchestra.run.smithi045.stderr:/usr/bin/ceph: {
2022-02-02T13:31:13.894 INFO:teuthology.orchestra.run.smithi045.stderr:/usr/bin/ceph: "mgrmap_epoch": 7,
2022-02-02T13:31:13.894 INFO:teuthology.orchestra.run.smithi045.stderr:/usr/bin/ceph: "initialized": true
2022-02-02T13:31:13.894 INFO:teuthology.orchestra.run.smithi045.stderr:/usr/bin/ceph: }
2022-02-02T13:31:13.894 INFO:teuthology.orchestra.run.smithi045.stderr:/usr/bin/ceph:
2022-02-02T13:31:13.890+0000 7f812618f700 1 -- 172.21.15.45:0/1611166430 >> [v2:172.21.15.45:6800/4005013445,v1:172.21.15.45:6801/4005013445] conn(0x7f8108033860 msgr2=0x7f8108035c50 secure :-1 s=STATE_CONNECTION_ESTABLISHED l=1).mark_down
2022-02-02T13:31:13.895 INFO:teuthology.orchestra.run.smithi045.stderr:/usr/bin/ceph:
2022-02-02T13:31:13.890+0000 7f812618f700 1 --2- 172.21.15.45:0/1611166430 >> [v2:172.21.15.45:6800/4005013445,v1:172.21.15.45:6801/4005013445] conn(0x7f8108033860 0x7f8108035c50 secure :-1 s=READY pgs=1 cs=0 l=1 rev1=1 rx=0x7f8110006fd0 tx=0x7f8110006df0).stop
2022-02-02T13:31:13.895 INFO:teuthology.orchestra.run.smithi045.stderr:/usr/bin/ceph:
2022-02-02T13:31:13.890+0000 7f812618f700 1 -- 172.21.15.45:0/1611166430 >> [v2:172.21.15.45:3300/0,v1:172.21.15.45:6789/0] conn(0x7f8120071c20 msgr2=0x7f812010c9b0 secure :-1 s=STATE_CONNECTION_ESTABLISHED l=1).mark_down
2022-02-02T13:31:13.895 INFO:teuthology.orchestra.run.smithi045.stderr:/usr/bin/ceph:
2022-02-02T13:31:13.890+0000 7f812618f700 1 --2- 172.21.15.45:0/1611166430 >> [v2:172.21.15.45:3300/0,v1:172.21.15.45:6789/0] conn(0x7f8120071c20 0x7f812010c9b0 secure :-1 s=READY pgs=25 cs=0 l=1 rev1=1 rx=0x7f811c00c010 tx=0x7f811c006ee0).stop
2022-02-02T13:31:13.895 INFO:teuthology.orchestra.run.smithi045.stderr:/usr/bin/ceph:
2022-02-02T13:31:13.890+0000 7f812618f700 1 -- 172.21.15.45:0/1611166430 shutdown_connections
2022-02-02T13:31:13.896 INFO:teuthology.orchestra.run.smithi045.stderr:/usr/bin/ceph:
2022-02-02T13:31:13.890+0000 7f812618f700 1 --2- 172.21.15.45:0/1611166430 >> [v2:172.21.15.45:6800/4005013445,v1:172.21.15.45:6801/4005013445] conn(0x7f8108033860 0x7f8108035c50 unknown :-1 s=CLOSED pgs=1 cs=0 l=1 rev1=1 rx=0 tx=0).stop
2022-02-02T13:31:13.896 INFO:teuthology.orchestra.run.smithi045.stderr:/usr/bin/ceph:
2022-02-02T13:31:13.890+0000 7f812618f700 1 --2- 172.21.15.45:0/1611166430 >> [v2:172.21.15.45:3300/0,v1:172.21.15.45:6789/0] conn(0x7f8120071c20 0x7f812010c9b0 unknown :-1 s=CLOSED pgs=25 cs=0 l=1 rev1=1 rx=0 tx=0).stop
2022-02-02T13:31:13.896 INFO:teuthology.orchestra.run.smithi045.stderr:/usr/bin/ceph:
2022-02-02T13:31:13.890+0000 7f812618f700 1 --2- 172.21.15.45:0/1611166430 >> [v2:172.21.15.45:6800/4041263860,v1:172.21.15.45:6801/4041263860] conn(0x7f810802fe00 0x7f81080322c0 unknown :-1 s=CLOSED pgs=0 cs=0 l=1 rev1=0 rx=0 tx=0).stop
2022-02-02T13:31:13.896 INFO:teuthology.orchestra.run.smithi045.stderr:/usr/bin/ceph:
2022-02-02T13:31:13.890+0000 7f812618f700 1 -- 172.21.15.45:0/1611166430 >> 172.21.15.45:0/1611166430 conn(0x7f81200f7270 msgr2=0x7f81200f8da0 unknown :-1 s=STATE_NONE l=0).mark_down
2022-02-02T13:31:13.896 INFO:teuthology.orchestra.run.smithi045.stderr:/usr/bin/ceph:
2022-02-02T13:31:13.890+0000 7f812618f700 1 -- 172.21.15.45:0/1611166430 shutdown_connections
2022-02-02T13:31:13.897 INFO:teuthology.orchestra.run.smithi045.stderr:/usr/bin/ceph:
2022-02-02T13:31:13.890+0000 7f812618f700 1 -- 172.21.15.45:0/1611166430 wait complete.
2022-02-02T13:31:14.313 INFO:journalctl@ceph.mon.smithi045.smithi045.stdout:Feb 02 13:31:14 smithi045 conmon[32010]: audit
2022-02-02T13:31:13.049285
2022-02-02T13:31:14.313 INFO:journalctl@ceph.mon.smithi045.smithi045.stdout:Feb 02 13:31:14 smithi045 conmon[32010]: +0000 mon.smithi045 (mon.0) 43 : audit [INF] from='mgr.14116 172.21.15.45:0/1662346542' entity='mgr.smithi045.aarcsl'
2022-02-02T13:31:14.314 INFO:journalctl@ceph.mon.smithi045.smithi045.stdout:Feb 02 13:31:14 smithi045 conmon[32010]: audit 2022-02-02T13
2022-02-02T13:31:14.314 INFO:journalctl@ceph.mon.smithi045.smithi045.stdout:Feb 02 13:31:14 smithi045 conmon[32010]: :31:13.050075+0000 mon.smithi045 (mon.0) 44 :
2022-02-02T13:31:14.315 INFO:journalctl@ceph.mon.smithi045.smithi045.stdout:Feb 02 13:31:14 smithi045 conmon[32010]: audit [DBG] from='mgr.14116 172.21.15.45:0/1662346542' entity='mgr.smithi045.aarcsl' cmd=[{"prefix": "config dump", "format": "json"}]: dispatch
2022-02-02T13:31:14.316 INFO:journalctl@ceph.mon.smithi045.smithi045.stdout:Feb 02 13:31:14 smithi045 conmon[32010]: audit
2022-02-02T13:31:14.316 INFO:journalctl@ceph.mon.smithi045.smithi045.stdout:Feb 02 13:31:14 smithi045 conmon[32010]: 2022-02-02T13:31
2022-02-02T13:31:14.317 INFO:journalctl@ceph.mon.smithi045.smithi045.stdout:Feb 02 13:31:14 smithi045 conmon[32010]: :13.051484+0000 mon.smithi045 (mon
2022-02-02T13:31:14.317 INFO:journalctl@ceph.mon.smithi045.smithi045.stdout:Feb 02 13:31:14 smithi045 conmon[32010]: .0) 45 : audit [DBG]
2022-02-02T13:31:14.317 INFO:journalctl@ceph.mon.smithi045.smithi045.stdout:Feb 02 13:31:14 smithi045 conmon[32010]: from='mgr.14116 172.21.15.45:0/1662346542' entity='mgr.smithi045.aarcsl' cmd=[{"prefix": "config dump", "format": "json"}]: dispatch
2022-02-02T13:31:14.318 INFO:journalctl@ceph.mon.smithi045.smithi045.stdout:Feb 02 13:31:14 smithi045 conmon[32010]: audit 2022-02
2022-02-02T13:31:14.318 INFO:journalctl@ceph.mon.smithi045.smithi045.stdout:Feb 02 13:31:14 smithi045 conmon[32010]: -02T13:31:13
2022-02-02T13:31:14.319 INFO:journalctl@ceph.mon.smithi045.smithi045.stdout:Feb 02 13:31:14 smithi045 conmon[32010]: .053123+0000 mon.smithi045 (mon.
2022-02-02T13:31:14.319 INFO:journalctl@ceph.mon.smithi045.smithi045.stdout:Feb 02 13:31:14 smithi045 conmon[32010]: 0) 46 : audit [DBG] from='mgr.14116 172.21.15.45:0/1662346542' entity='mgr.smithi045.aarcsl' cmd=[{"prefix": "config dump", "format": "json"}]: dispatch
2022-02-02T13:31:14.319 INFO:journalctl@ceph.mon.smithi045.smithi045.stdout:Feb 02 13:31:14 smithi045 conmon[32010]:
2022-02-02T13:31:14.320 INFO:journalctl@ceph.mon.smithi045.smithi045.stdout:Feb 02 13:31:14 smithi045 conmon[32010]: audit 2022-
2022-02-02T13:31:14.320 INFO:journalctl@ceph.mon.smithi045.smithi045.stdout:Feb 02 13:31:14 smithi045 conmon[32010]: 02-02T13:31:13
2022-02-02T13:31:14.321 INFO:journalctl@ceph.mon.smithi045.smithi045.stdout:Feb 02 13:31:14 smithi045 conmon[32010]: .065174+0000 mon.smithi045 (mon.
2022-02-02T13:31:14.322 INFO:journalctl@ceph.mon.smithi045.smithi045.stdout:Feb 02 13:31:14 smithi045 conmon[32010]: 0) 47 : audit [INF] from='mgr.14116 172.21.15.45:0/1662346542' entity='mgr.smithi045.aarcsl' cmd=[{"prefix":"config rm","who":"mgr","name":"mgr/rbd_support/smithi045.aarcsl/mirror_snapshot_schedule"}]: dispatch
2022-02-02T13:31:14.322 INFO:journalctl@ceph.mon.smithi045.smithi045.stdout:Feb 02 13:31:14 smithi045 conmon[32010]:
2022-02-02T13:31:14.323 INFO:journalctl@ceph.mon.smithi045.smithi045.stdout:Feb 02 13:31:14 smithi045 conmon[32010]: audit
2022-02-02T13:31:14.323 INFO:journalctl@ceph.mon.smithi045.smithi045.stdout:Feb 02 13:31:14 smithi045 conmon[32010]: 2022-02-02
2022-02-02T13:31:14.324 INFO:journalctl@ceph.mon.smithi045.smithi045.stdout:Feb 02 13:31:14 smithi045 conmon[32010]: T13:31:13.066467+0000
2022-02-02T13:31:14.324 INFO:journalctl@ceph.mon.smithi045.smithi045.stdout:Feb 02 13:31:14 smithi045 conmon[32010]: mon.smithi045 (mon.0) 48 :
2022-02-02T13:31:14.324 INFO:journalctl@ceph.mon.smithi045.smithi045.stdout:Feb 02 13:31:14 smithi045 conmon[32010]: audit [INF] from='mgr.14116 172.21.15.45:0/1662346542' entity='mgr.smithi045.aarcsl' cmd=[{"prefix":"config rm","who":"mgr","name":"mgr/rbd_support/smithi045.aarcsl/trash_purge_schedule"}]: dispatch
2022-02-02T13:31:14.325 INFO:journalctl@ceph.mon.smithi045.smithi045.stdout:Feb 02 13:31:14 smithi045 conmon[32010]: audit 2022
2022-02-02T13:31:14.326 INFO:journalctl@ceph.mon.smithi045.smithi045.stdout:Feb 02 13:31:14 smithi045 conmon[32010]: -02-02T13:31:13
2022-02-02T13:31:14.326 INFO:journalctl@ceph.mon.smithi045.smithi045.stdout:Feb 02 13:31:14 smithi045 conmon[32010]: .879515+0000 mgr.smithi045.aarcsl (mgr.14116
2022-02-02T13:31:14.327 INFO:journalctl@ceph.mon.smithi045.smithi045.stdout:Feb 02 13:31:14 smithi045 conmon[32010]: ) 1 : audit [DBG] from='client.14120 -' entity='client.admin' cmd=[{"prefix": "get_command_descriptions"}]: dispatch
2022-02-02T13:31:14.327 INFO:journalctl@ceph.mon.smithi045.smithi045.stdout:Feb 02 13:31:14 smithi045 conmon[32010]:
2022-02-02T13:31:14.328 INFO:journalctl@ceph.mon.smithi045.smithi045.stdout:Feb 02 13:31:14 smithi045 conmon[32010]: cluster 2022
2022-02-02T13:31:14.328 INFO:journalctl@ceph.mon.smithi045.smithi045.stdout:Feb 02 13:31:14 smithi045 conmon[32010]: -02-02T13:31
2022-02-02T13:31:14.328 INFO:journalctl@ceph.mon.smithi045.smithi045.stdout:Feb 02 13:31:14 smithi045 conmon[32010]: :13.879889+0000 mon.smithi045 (mon
2022-02-02T13:31:14.328 INFO:journalctl@ceph.mon.smithi045.smithi045.stdout:Feb 02 13:31:14 smithi045 conmon[32010]: .0) 49 : cluster [DBG]
2022-02-02T13:31:14.328 INFO:journalctl@ceph.mon.smithi045.smithi045.stdout:Feb 02 13:31:14 smithi045 conmon[32010]: mgrmap e7: smithi045.aarcsl(active, since 1.91769s)
2022-02-02T13:31:14.329 INFO:journalctl@ceph.mon.smithi045.smithi045.stdout:Feb 02 13:31:14 smithi045 conmon[32010]: audit
2022-02-02T13:31:14.329 INFO:journalctl@ceph.mon.smithi045.smithi045.stdout:Feb 02 13:31:14 smithi045 conmon[32010]: 2022-02-02T13
2022-02-02T13:31:14.329 INFO:journalctl@ceph.mon.smithi045.smithi045.stdout:Feb 02 13:31:14 smithi045 conmon[32010]: :31:13.890697+0000 mgr.smithi045.aarcsl
2022-02-02T13:31:14.329 INFO:journalctl@ceph.mon.smithi045.smithi045.stdout:Feb 02 13:31:14 smithi045 conmon[32010]: (mgr.14116) 2 : audit
2022-02-02T13:31:14.330 INFO:journalctl@ceph.mon.smithi045.smithi045.stdout:Feb 02 13:31:14 smithi045 conmon[32010]: [DBG] from='client.14120 -' entity='client.admin' cmd=[{"prefix": "mgr_status"}]: dispatch
2022-02-02T13:31:14.331 INFO:teuthology.orchestra.run.smithi045.stderr:mgr epoch 5 is available
2022-02-02T13:31:14.331 INFO:teuthology.orchestra.run.smithi045.stderr:Setting orchestrator backend to cephadm...
2022-02-02T13:31:14.331 INFO:teuthology.orchestra.run.smithi045.stderr:Running command: /bin/podman run --rm --ipc=host --no-hosts --net=host --entrypoint /usr/bin/ceph --init -e CONTAINER_IMAGE=docker.io/ceph/ceph:v16.2.4 -e NODE_NAME=smithi045 -e CEPH_USE_RANDOM_NONCE=1 -v /var/log/ceph/42d4eafa-842c-11ec-8c35-001a4aab830c:/var/log/ceph:z -v /tmp/ceph-tmpqes3qimc:/etc/ceph/ceph.client.admin.keyring:z -v /tmp/ceph-tmpbbdg3pzu:/etc/ceph/ceph.conf:z docker.io/ceph/ceph:v16.2.4 orch set backend cephadm
2022-02-02T13:31:14.785 INFO:teuthology.orchestra.run.smithi045.stderr:/usr/bin/ceph:
2022-02-02T13:31:14.781+0000 7f2adbb15700 1 Processor -- start
2022-02-02T13:31:14.786 INFO:teuthology.orchestra.run.smithi045.stderr:/usr/bin/ceph:
2022-02-02T13:31:14.781+0000 7f2adbb15700 1 -- start start
2022-02-02T13:31:14.786 INFO:teuthology.orchestra.run.smithi045.stderr:/usr/bin/ceph:
2022-02-02T13:31:14.781+0000 7f2adbb15700 1 --2- >> [v2:172.21.15.45:3300/0,v1:172.21.15.45:6789/0] conn(0x7f2ad40fab40 0x7f2ad40faf60 unknown :-1 s=NONE pgs=0 cs=0 l=0 rev1=0 rx=0 tx=0).connect
2022-02-02T13:31:14.786 INFO:teuthology.orchestra.run.smithi045.stderr:/usr/bin/ceph:
2022-02-02T13:31:14.781+0000 7f2adbb15700 1 -- --> [v2:172.21.15.45:3300/0,v1:172.21.15.45:6789/0] -- mon_getmap magic: 0 v1 -- 0x7f2ad40fb4e0 con 0x7f2ad40fab40
2022-02-02T13:31:14.787 INFO:teuthology.orchestra.run.smithi045.stderr:/usr/bin/ceph:
2022-02-02T13:31:14.781+0000 7f2ad98b1700 1 --2- >> [v2:172.21.15.45:3300/0,v1:172.21.15.45:6789/0] conn(0x7f2ad40fab40 0x7f2ad40faf60 unknown :-1 s=BANNER_CONNECTING pgs=0 cs=0 l=0 rev1=0 rx=0 tx=0)._handle_peer_banner_payload supported=1 required=0
2022-02-02T13:31:14.787 INFO:teuthology.orchestra.run.smithi045.stderr:/usr/bin/ceph:
2022-02-02T13:31:14.781+0000 7f2ad98b1700 1 --2- >> [v2:172.21.15.45:3300/0,v1:172.21.15.45:6789/0] conn(0x7f2ad40fab40 0x7f2ad40faf60 unknown :-1 s=HELLO_CONNECTING pgs=0 cs=0 l=0 rev1=1 rx=0 tx=0).handle_hello peer v2:172.21.15.45:3300/0 says I am v2:172.21.15.45:49974/0 (socket says 172.21.15.45:49974)
2022-02-02T13:31:14.787 INFO:teuthology.orchestra.run.smithi045.stderr:/usr/bin/ceph:
2022-02-02T13:31:14.781+0000 7f2ad98b1700 1 -- 172.21.15.45:0/1978562957 learned_addr learned my addr 172.21.15.45:0/1978562957 (peer_addr_for_me v2:172.21.15.45:0/0)
2022-02-02T13:31:14.788 INFO:teuthology.orchestra.run.smithi045.stderr:/usr/bin/ceph:
2022-02-02T13:31:14.782+0000 7f2ad98b1700 1 -- 172.21.15.45:0/1978562957 --> [v2:172.21.15.45:3300/0,v1:172.21.15.45:6789/0] -- mon_subscribe({config=0+,monmap=0+}) v3 -- 0x7f2ad40fb620 con 0x7f2ad40fab40
2022-02-02T13:31:14.788 INFO:teuthology.orchestra.run.smithi045.stderr:/usr/bin/ceph:
2022-02-02T13:31:14.782+0000 7f2ad98b1700 1 --2- 172.21.15.45:0/1978562957 >> [v2:172.21.15.45:3300/0,v1:172.21.15.45:6789/0] conn(0x7f2ad40fab40 0x7f2ad40faf60 secure :-1 s=READY pgs=31 cs=0 l=1 rev1=1 rx=0x7f2ad000b5f0 tx=0x7f2ad0006ee0).ready entity=mon.0 client_cookie=1852c1d8611e2caf server_cookie=0 in_seq=0 out_seq=0
2022-02-02T13:31:14.788 INFO:teuthology.orchestra.run.smithi045.stderr:/usr/bin/ceph:
2022-02-02T13:31:14.782+0000 7f2ad88af700 1 -- 172.21.15.45:0/1978562957 <== mon.0 v2:172.21.15.45:3300/0 1 ==== mon_map magic: 0 v1 ==== 229+0+0 (secure 0 0 0) 0x7f2ad000d600 con 0x7f2ad40fab40
2022-02-02T13:31:14.789 INFO:teuthology.orchestra.run.smithi045.stderr:/usr/bin/ceph:
2022-02-02T13:31:14.782+0000 7f2ad88af700 1 -- 172.21.15.45:0/1978562957 <== mon.0 v2:172.21.15.45:3300/0 2 ==== config(25 keys) v1 ==== 983+0+0 (secure 0 0 0) 0x7f2ad000dbb0 con 0x7f2ad40fab40
2022-02-02T13:31:14.789 INFO:teuthology.orchestra.run.smithi045.stderr:/usr/bin/ceph:
2022-02-02T13:31:14.782+0000 7f2ad88af700 1 -- 172.21.15.45:0/1978562957 <== mon.0 v2:172.21.15.45:3300/0 3 ==== mon_map magic: 0 v1 ==== 229+0+0 (secure 0 0 0) 0x7f2ad0011bb0 con 0x7f2ad40fab40
2022-02-02T13:31:14.789 INFO:teuthology.orchestra.run.smithi045.stderr:/usr/bin/ceph:
2022-02-02T13:31:14.783+0000 7f2adbb15700 1 -- 172.21.15.45:0/1978562957 >> [v2:172.21.15.45:3300/0,v1:172.21.15.45:6789/0] conn(0x7f2ad40fab40 msgr2=0x7f2ad40faf60 secure :-1 s=STATE_CONNECTION_ESTABLISHED l=1).mark_down
2022-02-02T13:31:14.789 INFO:teuthology.orchestra.run.smithi045.stderr:/usr/bin/ceph:
2022-02-02T13:31:14.783+0000 7f2adbb15700 1 --2- 172.21.15.45:0/1978562957 >> [v2:172.21.15.45:3300/0,v1:172.21.15.45:6789/0] conn(0x7f2ad40fab40 0x7f2ad40faf60 secure :-1 s=READY pgs=31 cs=0 l=1 rev1=1 rx=0x7f2ad000b5f0 tx=0x7f2ad0006ee0).stop
2022-02-02T13:31:14.789 INFO:teuthology.orchestra.run.smithi045.stderr:/usr/bin/ceph:
2022-02-02T13:31:14.783+0000 7f2adbb15700 1 -- 172.21.15.45:0/1978562957 shutdown_connections
2022-02-02T13:31:14.790 INFO:teuthology.orchestra.run.smithi045.stderr:/usr/bin/ceph:
2022-02-02T13:31:14.783+0000 7f2adbb15700 1 --2- 172.21.15.45:0/1978562957 >> [v2:172.21.15.45:3300/0,v1:172.21.15.45:6789/0] conn(0x7f2ad40fab40 0x7f2ad40faf60 unknown :-1 s=CLOSED pgs=31 cs=0 l=1 rev1=1 rx=0 tx=0).stop
2022-02-02T13:31:14.790 INFO:teuthology.orchestra.run.smithi045.stderr:/usr/bin/ceph:
2022-02-02T13:31:14.783+0000 7f2adbb15700 1 -- 172.21.15.45:0/1978562957 >> 172.21.15.45:0/1978562957 conn(0x7f2ad40f62a0 msgr2=0x7f2ad40f86c0 unknown :-1 s=STATE_NONE l=0).mark_down
