2022-02-02T13:36:51.835 INFO:journalctl@ceph.mon.smithi040.smithi040.stdout:Feb 02 13:36:51 smithi040 conmon[32378]: cluster
2022-02-02T13:36:50.465140+0000 mon.smithi040 (mon.0) 75 : cluster [DBG] osdmap e3: 0 total, 0 up, 0 in
2022-02-02T13:36:51.835 INFO:journalctl@ceph.mon.smithi040.smithi040.stdout:Feb 02 13:36:51 smithi040 conmon[32378]: cluster
2022-02-02T13:36:50.515925+0000 mon.smithi040 (mon.0) 76 : cluster [DBG] mgrmap e10: smithi040.zufqls(active, starting, since 0.0524857s)
2022-02-02T13:36:51.835 INFO:journalctl@ceph.mon.smithi040.smithi040.stdout:Feb 02 13:36:51 smithi040 conmon[32378]: audit
2022-02-02T13:36:50.516973+0000 mon.smithi040 (mon.0) 77 : audit [DBG] from='mgr.14156 172.21.15.40:0/733247814' entity='mgr.smithi040.zufqls' cmd=[{"prefix": "mon metadata", "id": "smithi040"}]: dispatch
2022-02-02T13:36:51.836 INFO:journalctl@ceph.mon.smithi040.smithi040.stdout:Feb 02 13:36:51 smithi040 conmon[32378]: audit
2022-02-02T13:36:50.517786+0000 mon.smithi040 (mon.0) 78 : audit [DBG] from='mgr.14156 172.21.15.40:0/733247814' entity='mgr.smithi040.zufqls' cmd=[{"prefix": "mgr metadata", "who": "smithi040.zufqls", "id": "smithi040.zufqls"}]: dispatch
2022-02-02T13:36:51.836 INFO:journalctl@ceph.mon.smithi040.smithi040.stdout:Feb 02 13:36:51 smithi040 conmon[32378]: audit
2022-02-02T13:36:51.836 INFO:journalctl@ceph.mon.smithi040.smithi040.stdout:Feb 02 13:36:51 smithi040 conmon[32378]:
2022-02-02T13:36:50.518559+0000 mon.smithi040 (mon.0) 79 : audit [DBG] from='mgr.14156 172.21.15.40:0/733247814' entity='mgr.smithi040.zufqls' cmd=[{"prefix": "mds metadata"}]: dispatch
2022-02-02T13:36:51.836 INFO:journalctl@ceph.mon.smithi040.smithi040.stdout:Feb 02 13:36:51 smithi040 conmon[32378]: audit
2022-02-02T13:36:50.518839+0000 mon.smithi040 (mon.0) 80 : audit [DBG] from='mgr.14156 172.21.15.40:0/733247814' entity='mgr.smithi040.zufqls' cmd=[{"prefix": "osd metadata"}]: dispatch
2022-02-02T13:36:51.837 INFO:journalctl@ceph.mon.smithi040.smithi040.stdout:Feb 02 13:36:51 smithi040 conmon[32378]: audit
2022-02-02T13:36:50.519035+0000 mon.smithi040 (mon.0) 81 : audit [DBG] from='mgr.14156 172.21.15.40:0/733247814' entity='mgr.smithi040.zufqls' cmd=[{"prefix": "mon metadata"}]: dispatch
2022-02-02T13:36:51.837 INFO:journalctl@ceph.mon.smithi040.smithi040.stdout:Feb 02 13:36:51 smithi040 conmon[32378]: cluster
2022-02-02T13:36:50.533200+0000 mon.smithi040 (mon.0) 82 : cluster [INF] Manager daemon smithi040.zufqls is now available
2022-02-02T13:36:51.837 INFO:journalctl@ceph.mon.smithi040.smithi040.stdout:Feb 02 13:36:51 smithi040 conmon[32378]: audit
2022-02-02T13:36:50.668033+0000 mon.smithi040 (mon.0) 83
2022-02-02T13:36:51.837 INFO:journalctl@ceph.mon.smithi040.smithi040.stdout:Feb 02 13:36:51 smithi040 conmon[32378]: : audit [DBG] from='mgr.14156 172.21.15.40:0/733247814' entity='mgr.smithi040.zufqls' cmd=[{"prefix": "config dump", "format": "json"}]: dispatch
2022-02-02T13:36:51.838 INFO:journalctl@ceph.mon.smithi040.smithi040.stdout:Feb 02 13:36:51 smithi040 conmon[32378]: audit
2022-02-02T13:36:50.670912
2022-02-02T13:36:51.838 INFO:journalctl@ceph.mon.smithi040.smithi040.stdout:Feb 02 13:36:51 smithi040 conmon[32378]: +0000 mon.smithi040 (mon.0) 84 : audit [DBG] from='mgr.14156 172.21.15.40:0/733247814' entity='mgr.smithi040.zufqls' cmd=[{"prefix": "config dump", "format": "json"}]: dispatch
2022-02-02T13:36:51.838 INFO:journalctl@ceph.mon.smithi040.smithi040.stdout:Feb 02 13:36:51 smithi040 conmon[32378]: audit 2022
2022-02-02T13:36:51.838 INFO:journalctl@ceph.mon.smithi040.smithi040.stdout:Feb 02 13:36:51 smithi040 conmon[32378]: -02-02T13:36:50.693113
2022-02-02T13:36:51.838 INFO:journalctl@ceph.mon.smithi040.smithi040.stdout:Feb 02 13:36:51 smithi040 conmon[32378]: +0000 mon.smithi040 (mon.0) 85 : audit
2022-02-02T13:36:51.839 INFO:journalctl@ceph.mon.smithi040.smithi040.stdout:Feb 02 13:36:51 smithi040 conmon[32378]: [INF] from='mgr.14156 172.21.15.40:0/733247814' entity='mgr.smithi040.zufqls' cmd=[{"prefix":"config rm","who":"mgr","name":"mgr/rbd_support/smithi040.zufqls/mirror_snapshot_schedule"}]: dispatch
2022-02-02T13:36:51.839 INFO:journalctl@ceph.mon.smithi040.smithi040.stdout:Feb 02 13:36:51 smithi040 conmon[32378]: audit 2022-02-02T13
2022-02-02T13:36:51.839 INFO:journalctl@ceph.mon.smithi040.smithi040.stdout:Feb 02 13:36:51 smithi040 conmon[32378]: :36:50.694925+0000 mon.smithi040 (mon.
2022-02-02T13:36:51.839 INFO:journalctl@ceph.mon.smithi040.smithi040.stdout:Feb 02 13:36:51 smithi040 conmon[32378]: 0) 86 : audit [INF] from='mgr.14156 172.21.15.40:0/733247814' entity='mgr.smithi040.zufqls' cmd=[{"prefix":"config rm","who":"mgr","name":"mgr/rbd_support/smithi040.zufqls/trash_purge_schedule"}]: dispatch
2022-02-02T13:36:51.868 INFO:teuthology.orchestra.run.smithi040.stderr:mgr epoch 9 is available
2022-02-02T13:36:51.868 INFO:teuthology.orchestra.run.smithi040.stderr:Generating a dashboard self-signed certificate...
2022-02-02T13:36:52.537 INFO:teuthology.orchestra.run.smithi040.stderr:/usr/bin/ceph:
2022-02-02T13:36:52.531+0000 7f06b375c700 1 Processor -- start
2022-02-02T13:36:52.537 INFO:teuthology.orchestra.run.smithi040.stderr:/usr/bin/ceph:
2022-02-02T13:36:52.532+0000 7f06b375c700 1 -- start start
2022-02-02T13:36:52.537 INFO:teuthology.orchestra.run.smithi040.stderr:/usr/bin/ceph:
2022-02-02T13:36:52.532+0000 7f06b375c700 1 --2- >> [v2:172.21.15.40:3300/0,v1:172.21.15.40:6789/0] conn(0x7f06ac0fd570 0x7f06ac0fd990 unknown :-1 s=NONE pgs=0 cs=0 l=0 rev1=0 rx=0 tx=0).connect
2022-02-02T13:36:52.538 INFO:teuthology.orchestra.run.smithi040.stderr:/usr/bin/ceph:
2022-02-02T13:36:52.532+0000 7f06b375c700 1 -- --> [v2:172.21.15.40:3300/0,v1:172.21.15.40:6789/0] -- mon_getmap magic: 0 v1 -- 0x7f06ac0fde80 con 0x7f06ac0fd570
2022-02-02T13:36:52.538 INFO:teuthology.orchestra.run.smithi040.stderr:/usr/bin/ceph:
2022-02-02T13:36:52.532+0000 7f06b14f8700 1 --2- >> [v2:172.21.15.40:3300/0,v1:172.21.15.40:6789/0] conn(0x7f06ac0fd570 0x7f06ac0fd990 unknown :-1 s=BANNER_CONNECTING pgs=0 cs=0 l=0 rev1=0 rx=0 tx=0)._handle_peer_banner_payload supported=1 required=0
2022-02-02T13:36:52.538 INFO:teuthology.orchestra.run.smithi040.stderr:/usr/bin/ceph:
2022-02-02T13:36:52.532+0000 7f06b14f8700 1 --2- >> [v2:172.21.15.40:3300/0,v1:172.21.15.40:6789/0] conn(0x7f06ac0fd570 0x7f06ac0fd990 unknown :-1 s=HELLO_CONNECTING pgs=0 cs=0 l=0 rev1=1 rx=0 tx=0).handle_hello peer v2:172.21.15.40:3300/0 says I am v2:172.21.15.40:47718/0 (socket says 172.21.15.40:47718)
2022-02-02T13:36:52.538 INFO:teuthology.orchestra.run.smithi040.stderr:/usr/bin/ceph:
2022-02-02T13:36:52.532+0000 7f06b14f8700 1 -- 172.21.15.40:0/1543797769 learned_addr learned my addr 172.21.15.40:0/1543797769 (peer_addr_for_me v2:172.21.15.40:0/0)
2022-02-02T13:36:52.539 INFO:teuthology.orchestra.run.smithi040.stderr:/usr/bin/ceph:
2022-02-02T13:36:52.533+0000 7f06b14f8700 1 -- 172.21.15.40:0/1543797769 --> [v2:172.21.15.40:3300/0,v1:172.21.15.40:6789/0] -- mon_subscribe({config=0+,monmap=0+}) v3 -- 0x7f06ac0fdfc0 con 0x7f06ac0fd570
2022-02-02T13:36:52.539 INFO:teuthology.orchestra.run.smithi040.stderr:/usr/bin/ceph:
2022-02-02T13:36:52.533+0000 7f06b14f8700 1 --2- 172.21.15.40:0/1543797769 >> [v2:172.21.15.40:3300/0,v1:172.21.15.40:6789/0] conn(0x7f06ac0fd570 0x7f06ac0fd990 secure :-1 s=READY pgs=72 cs=0 l=1 rev1=1 rx=0x7f06a400b5f0 tx=0x7f06a4006ee0).ready entity=mon.0 client_cookie=54827f0734baebf4 server_cookie=0 in_seq=0 out_seq=0
2022-02-02T13:36:52.539 INFO:teuthology.orchestra.run.smithi040.stderr:/usr/bin/ceph:
2022-02-02T13:36:52.533+0000 7f06abfff700 1 -- 172.21.15.40:0/1543797769 <== mon.0 v2:172.21.15.40:3300/0 1 ==== mon_map magic: 0 v1 ==== 229+0+0 (secure 0 0 0) 0x7f06a400d600 con 0x7f06ac0fd570
2022-02-02T13:36:52.539 INFO:teuthology.orchestra.run.smithi040.stderr:/usr/bin/ceph:
2022-02-02T13:36:52.533+0000 7f06abfff700 1 -- 172.21.15.40:0/1543797769 <== mon.0 v2:172.21.15.40:3300/0 2 ==== config(25 keys) v1 ==== 1054+0+0 (secure 0 0 0) 0x7f06a400dbf0 con 0x7f06ac0fd570
2022-02-02T13:36:52.539 INFO:teuthology.orchestra.run.smithi040.stderr:/usr/bin/ceph:
2022-02-02T13:36:52.533+0000 7f06abfff700 1 -- 172.21.15.40:0/1543797769 <== mon.0 v2:172.21.15.40:3300/0 3 ==== mon_map magic: 0 v1 ==== 229+0+0 (secure 0 0 0) 0x7f06a4011bf0 con 0x7f06ac0fd570
2022-02-02T13:36:52.540 INFO:teuthology.orchestra.run.smithi040.stderr:/usr/bin/ceph:
2022-02-02T13:36:52.534+0000 7f06b375c700 1 -- 172.21.15.40:0/1543797769 >> [v2:172.21.15.40:3300/0,v1:172.21.15.40:6789/0] conn(0x7f06ac0fd570 msgr2=0x7f06ac0fd990 secure :-1 s=STATE_CONNECTION_ESTABLISHED l=1).mark_down
2022-02-02T13:36:52.540 INFO:teuthology.orchestra.run.smithi040.stderr:/usr/bin/ceph:
2022-02-02T13:36:52.534+0000 7f06b375c700 1 --2- 172.21.15.40:0/1543797769 >> [v2:172.21.15.40:3300/0,v1:172.21.15.40:6789/0] conn(0x7f06ac0fd570 0x7f06ac0fd990 secure :-1 s=READY pgs=72 cs=0 l=1 rev1=1 rx=0x7f06a400b5f0 tx=0x7f06a4006ee0).stop
2022-02-02T13:36:52.540 INFO:teuthology.orchestra.run.smithi040.stderr:/usr/bin/ceph:
2022-02-02T13:36:52.534+0000 7f06b375c700 1 -- 172.21.15.40:0/1543797769 shutdown_connections
2022-02-02T13:36:52.540 INFO:teuthology.orchestra.run.smithi040.stderr:/usr/bin/ceph:
2022-02-02T13:36:52.534+0000 7f06b375c700 1 --2- 172.21.15.40:0/1543797769 >> [v2:172.21.15.40:3300/0,v1:172.21.15.40:6789/0] conn(0x7f06ac0fd570 0x7f06ac0fd990 unknown :-1 s=CLOSED pgs=72 cs=0 l=1 rev1=1 rx=0 tx=0).stop
2022-02-02T13:36:52.541 INFO:teuthology.orchestra.run.smithi040.stderr:/usr/bin/ceph:
2022-02-02T13:36:52.534+0000 7f06b375c700 1 -- 172.21.15.40:0/1543797769 >> 172.21.15.40:0/1543797769 conn(0x7f06ac0f5cd0 msgr2=0x7f06ac0f8110 unknown :-1 s=STATE_NONE l=0).mark_down
2022-02-02T13:36:52.541 INFO:teuthology.orchestra.run.smithi040.stderr:/usr/bin/ceph:
2022-02-02T13:36:52.534+0000 7f06b375c700 1 -- 172.21.15.40:0/1543797769 shutdown_connections
2022-02-02T13:36:52.541 INFO:teuthology.orchestra.run.smithi040.stderr:/usr/bin/ceph:
2022-02-02T13:36:52.534+0000 7f06b375c700 1 -- 172.21.15.40:0/1543797769 wait complete.
2022-02-02T13:36:52.541 INFO:teuthology.orchestra.run.smithi040.stderr:/usr/bin/ceph:
2022-02-02T13:36:52.534+0000 7f06b375c700 1 Processor -- start
2022-02-02T13:36:52.541 INFO:teuthology.orchestra.run.smithi040.stderr:/usr/bin/ceph:
2022-02-02T13:36:52.535+0000 7f06b375c700 1 -- start start
2022-02-02T13:36:52.542 INFO:teuthology.orchestra.run.smithi040.stderr:/usr/bin/ceph:
2022-02-02T13:36:52.535+0000 7f06b375c700 1 --2- >> [v2:172.21.15.40:3300/0,v1:172.21.15.40:6789/0] conn(0x7f06ac0fd570 0x7f06ac0fce00 unknown :-1 s=NONE pgs=0 cs=0 l=1 rev1=0 rx=0 tx=0).connect
2022-02-02T13:36:52.542 INFO:teuthology.orchestra.run.smithi040.stderr:/usr/bin/ceph:
2022-02-02T13:36:52.535+0000 7f06b375c700 1 -- --> [v2:172.21.15.40:3300/0,v1:172.21.15.40:6789/0] -- mon_getmap magic: 0 v1 -- 0x7f06ac0fb280 con 0x7f06ac0fd570
2022-02-02T13:36:52.542 INFO:teuthology.orchestra.run.smithi040.stderr:/usr/bin/ceph:
2022-02-02T13:36:52.535+0000 7f06b14f8700 1 --2- >> [v2:172.21.15.40:3300/0,v1:172.21.15.40:6789/0] conn(0x7f06ac0fd570 0x7f06ac0fce00 unknown :-1 s=BANNER_CONNECTING pgs=0 cs=0 l=1 rev1=0 rx=0 tx=0)._handle_peer_banner_payload supported=1 required=0
2022-02-02T13:36:52.542 INFO:teuthology.orchestra.run.smithi040.stderr:/usr/bin/ceph:
2022-02-02T13:36:52.535+0000 7f06b14f8700 1 --2- >> [v2:172.21.15.40:3300/0,v1:172.21.15.40:6789/0] conn(0x7f06ac0fd570 0x7f06ac0fce00 unknown :-1 s=HELLO_CONNECTING pgs=0 cs=0 l=1 rev1=1 rx=0 tx=0).handle_hello peer v2:172.21.15.40:3300/0 says I am v2:172.21.15.40:47720/0 (socket says 172.21.15.40:47720)
2022-02-02T13:36:52.543 INFO:teuthology.orchestra.run.smithi040.stderr:/usr/bin/ceph:
2022-02-02T13:36:52.535+0000 7f06b14f8700 1 -- 172.21.15.40:0/200070879 learned_addr learned my addr 172.21.15.40:0/200070879 (peer_addr_for_me v2:172.21.15.40:0/0)
2022-02-02T13:36:52.543 INFO:teuthology.orchestra.run.smithi040.stderr:/usr/bin/ceph:
2022-02-02T13:36:52.535+0000 7f06b14f8700 1 -- 172.21.15.40:0/200070879 --> [v2:172.21.15.40:3300/0,v1:172.21.15.40:6789/0] -- mon_subscribe({config=0+,monmap=0+}) v3 -- 0x7f06a400b200 con 0x7f06ac0fd570
2022-02-02T13:36:52.543 INFO:teuthology.orchestra.run.smithi040.stderr:/usr/bin/ceph:
2022-02-02T13:36:52.535+0000 7f06b14f8700 1 --2- 172.21.15.40:0/200070879 >> [v2:172.21.15.40:3300/0,v1:172.21.15.40:6789/0] conn(0x7f06ac0fd570 0x7f06ac0fce00 secure :-1 s=READY pgs=73 cs=0 l=1 rev1=1 rx=0x7f06a4011de0 tx=0x7f06a4006ee0).ready entity=mon.0 client_cookie=0 server_cookie=0 in_seq=0 out_seq=0
2022-02-02T13:36:52.543 INFO:teuthology.orchestra.run.smithi040.stderr:/usr/bin/ceph:
2022-02-02T13:36:52.535+0000 7f06a9ffb700 1 -- 172.21.15.40:0/200070879 <== mon.0 v2:172.21.15.40:3300/0 1 ==== mon_map magic: 0 v1 ==== 229+0+0 (secure 0 0 0) 0x7f06a401b410 con 0x7f06ac0fd570
2022-02-02T13:36:52.544 INFO:teuthology.orchestra.run.smithi040.stderr:/usr/bin/ceph:
2022-02-02T13:36:52.536+0000 7f06a9ffb700 1 -- 172.21.15.40:0/200070879 <== mon.0 v2:172.21.15.40:3300/0 2 ==== config(25 keys) v1 ==== 1054+0+0 (secure 0 0 0) 0x7f06a401ba00 con 0x7f06ac0fd570
2022-02-02T13:36:52.544 INFO:teuthology.orchestra.run.smithi040.stderr:/usr/bin/ceph:
2022-02-02T13:36:52.536+0000 7f06b375c700 1 -- 172.21.15.40:0/200070879 --> [v2:172.21.15.40:3300/0,v1:172.21.15.40:6789/0] -- mon_subscribe({mgrmap=0+}) v3 -- 0x7f06ac0fb420 con 0x7f06ac0fd570
2022-02-02T13:36:52.544 INFO:teuthology.orchestra.run.smithi040.stderr:/usr/bin/ceph:
2022-02-02T13:36:52.536+0000 7f06a9ffb700 1 -- 172.21.15.40:0/200070879 <== mon.0 v2:172.21.15.40:3300/0 3 ==== mon_map magic: 0 v1 ==== 229+0+0 (secure 0 0 0) 0x7f06a401a840 con 0x7f06ac0fd570
2022-02-02T13:36:52.544 INFO:teuthology.orchestra.run.smithi040.stderr:/usr/bin/ceph:
2022-02-02T13:36:52.536+0000 7f06b375c700 1 -- 172.21.15.40:0/200070879 --> [v2:172.21.15.40:3300/0,v1:172.21.15.40:6789/0] -- mon_subscribe({osdmap=0}) v3 -- 0x7f06ac0fb8b0 con 0x7f06ac0fd570
2022-02-02T13:36:52.546 INFO:teuthology.orchestra.run.smithi040.stderr:/usr/bin/ceph:
2022-02-02T13:36:52.537+0000 7f06a9ffb700 1 -- 172.21.15.40:0/200070879 <== mon.0 v2:172.21.15.40:3300/0 4 ==== mgrmap(e 11) v1 ==== 37028+0+0 (secure 0 0 0) 0x7f06a402b070 con 0x7f06ac0fd570
2022-02-02T13:36:52.546 INFO:teuthology.orchestra.run.smithi040.stderr:/usr/bin/ceph:
2022-02-02T13:36:52.537+0000 7f06a9ffb700 1 --2- 172.21.15.40:0/200070879 >> [v2:172.21.15.40:6800/2210836239,v1:172.21.15.40:6801/2210836239] conn(0x7f0698030f40 0x7f0698033400 unknown :-1 s=NONE pgs=0 cs=0 l=1 rev1=0 rx=0 tx=0).connect
2022-02-02T13:36:52.546 INFO:teuthology.orchestra.run.smithi040.stderr:/usr/bin/ceph:
2022-02-02T13:36:52.537+0000 7f06a9ffb700 1 -- 172.21.15.40:0/200070879 <== mon.0 v2:172.21.15.40:3300/0 5 ==== osd_map(3..3 src has 1..3) v4 ==== 1065+0+0 (secure 0 0 0) 0x7f06a4042ea0 con 0x7f06ac0fd570
2022-02-02T13:36:52.546 INFO:teuthology.orchestra.run.smithi040.stderr:/usr/bin/ceph:
2022-02-02T13:36:52.537+0000 7f06b0cf7700 1 --2- 172.21.15.40:0/200070879 >> [v2:172.21.15.40:6800/2210836239,v1:172.21.15.40:6801/2210836239] conn(0x7f0698030f40 0x7f0698033400 unknown :-1 s=BANNER_CONNECTING pgs=0 cs=0 l=1 rev1=0 rx=0 tx=0)._handle_peer_banner_payload supported=1 required=0
2022-02-02T13:36:52.547 INFO:teuthology.orchestra.run.smithi040.stderr:/usr/bin/ceph:
2022-02-02T13:36:52.537+0000 7f06b375c700 1 -- 172.21.15.40:0/200070879 --> [v2:172.21.15.40:3300/0,v1:172.21.15.40:6789/0] -- mon_command({"prefix": "get_command_descriptions"} v 0) v1 -- 0x7f06ac046a20 con 0x7f06ac0fd570
2022-02-02T13:36:52.547 INFO:teuthology.orchestra.run.smithi040.stderr:/usr/bin/ceph:
2022-02-02T13:36:52.537+0000 7f06b0cf7700 1 --2- 172.21.15.40:0/200070879 >> [v2:172.21.15.40:6800/2210836239,v1:172.21.15.40:6801/2210836239] conn(0x7f0698030f40 0x7f0698033400 secure :-1 s=READY pgs=6 cs=0 l=1 rev1=1 rx=0x7f06a00096a0 tx=0x7f06a0006b40).ready entity=mgr.14156 client_cookie=0 server_cookie=0 in_seq=0 out_seq=0
2022-02-02T13:36:52.547 INFO:teuthology.orchestra.run.smithi040.stderr:/usr/bin/ceph:
2022-02-02T13:36:52.542+0000 7f06a9ffb700 1 -- 172.21.15.40:0/200070879 <== mon.0 v2:172.21.15.40:3300/0 6 ==== mon_command_ack([{"prefix": "get_command_descriptions"}]=0 v0) v1 ==== 72+0+153237 (secure 0 0 0) 0x7f06a4016070 con 0x7f06ac0fd570
2022-02-02T13:36:52.554 INFO:teuthology.orchestra.run.smithi040.stderr:/usr/bin/ceph:
2022-02-02T13:36:52.554+0000 7f06a9ffb700 1 -- 172.21.15.40:0/200070879 <== mon.0 v2:172.21.15.40:3300/0 7 ==== mgrmap(e 12) v1 ==== 37108+0+0 (secure 0 0 0) 0x7f06a400f070 con 0x7f06ac0fd570
2022-02-02T13:36:52.844 INFO:journalctl@ceph.mon.smithi040.smithi040.stdout:Feb 02 13:36:52 smithi040 conmon[32378]: audit 2022-02-02T13:36
2022-02-02T13:36:52.845 INFO:journalctl@ceph.mon.smithi040.smithi040.stdout:Feb 02 13:36:52 smithi040 conmon[32378]: :51.507792+0000 mon.smithi040 (mon.0) 87 : audit [INF] from='mgr.14156 172.21.15.40:0/733247814' entity='mgr.smithi040.zufqls'
2022-02-02T13:36:52.845 INFO:journalctl@ceph.mon.smithi040.smithi040.stdout:Feb 02 13:36:52 smithi040 conmon[32378]: audit
2022-02-02T13:36:51.520082+0000 mgr.smithi040.zufqls (mgr.14156) 1 : audit [DBG] from='client.14160 -' entity='client.admin' cmd=[{"prefix": "get_command_descriptions"}]: dispatch
2022-02-02T13:36:52.845 INFO:journalctl@ceph.mon.smithi040.smithi040.stdout:Feb 02 13:36:52 smithi040 conmon[32378]: cluster
2022-02-02T13:36:51.520282+0000 mon.smithi040 (mon.0) 88 : cluster [DBG] mgrmap e11: smithi040.zufqls(active, since 1.05684s)
2022-02-02T13:36:52.845 INFO:journalctl@ceph.mon.smithi040.smithi040.stdout:Feb 02 13:36:52 smithi040 conmon[32378]: audit
2022-02-02T13:36:51.536211+0000 mgr.smithi040.zufqls (mgr.14156) 2 : audit [DBG] from='client.14160 -' entity='client.admin' cmd=[{"prefix": "mgr_status"}]: dispatch
2022-02-02T13:36:52.851 INFO:teuthology.orchestra.run.smithi040.stderr:/usr/bin/ceph:
2022-02-02T13:36:52.843+0000 7f06b375c700 1 -- 172.21.15.40:0/200070879 --> [v2:172.21.15.40:6800/2210836239,v1:172.21.15.40:6801/2210836239] -- mgr_command(tid 0: {"prefix": "dashboard create-self-signed-cert", "target": ["mon-mgr", ""]}) v1 -- 0x7f06ac0fa9b0 con 0x7f0698030f40
2022-02-02T13:36:52.904 INFO:teuthology.orchestra.run.smithi040.stderr:/usr/bin/ceph:
2022-02-02T13:36:52.903+0000 7f06a9ffb700 1 -- 172.21.15.40:0/200070879 <== mgr.14156 v2:172.21.15.40:6800/2210836239 1 ==== mgr_command_reply(tid 0: 0 ) v1 ==== 8+0+32 (secure 0 0 0) 0x7f06ac0fa9b0 con 0x7f0698030f40
2022-02-02T13:36:52.904 INFO:teuthology.orchestra.run.smithi040.stderr:/usr/bin/ceph: Self-signed certificate created
2022-02-02T13:36:52.907 INFO:teuthology.orchestra.run.smithi040.stderr:/usr/bin/ceph:
2022-02-02T13:36:52.905+0000 7f06b375c700 1 -- 172.21.15.40:0/200070879 >> [v2:172.21.15.40:6800/2210836239,v1:172.21.15.40:6801/2210836239] conn(0x7f0698030f40 msgr2=0x7f0698033400 secure :-1 s=STATE_CONNECTION_ESTABLISHED l=1).mark_down
2022-02-02T13:36:52.907 INFO:teuthology.orchestra.run.smithi040.stderr:/usr/bin/ceph:
2022-02-02T13:36:52.905+0000 7f06b375c700 1 --2- 172.21.15.40:0/200070879 >> [v2:172.21.15.40:6800/2210836239,v1:172.21.15.40:6801/2210836239] conn(0x7f0698030f40 0x7f0698033400 secure :-1 s=READY pgs=6 cs=0 l=1 rev1=1 rx=0x7f06a00096a0 tx=0x7f06a0006b40).stop
2022-02-02T13:36:52.907 INFO:teuthology.orchestra.run.smithi040.stderr:/usr/bin/ceph:
2022-02-02T13:36:52.905+0000 7f06b375c700 1 -- 172.21.15.40:0/200070879 >> [v2:172.21.15.40:3300/0,v1:172.21.15.40:6789/0] conn(0x7f06ac0fd570 msgr2=0x7f06ac0fce00 secure :-1 s=STATE_CONNECTION_ESTABLISHED l=1).mark_down
2022-02-02T13:36:52.907 INFO:teuthology.orchestra.run.smithi040.stderr:/usr/bin/ceph:
2022-02-02T13:36:52.905+0000 7f06b375c700 1 --2- 172.21.15.40:0/200070879 >> [v2:172.21.15.40:3300/0,v1:172.21.15.40:6789/0] conn(0x7f06ac0fd570 0x7f06ac0fce00 secure :-1 s=READY pgs=73 cs=0 l=1 rev1=1 rx=0x7f06a4011de0 tx=0x7f06a4006ee0).stop
2022-02-02T13:36:52.908 INFO:teuthology.orchestra.run.smithi040.stderr:/usr/bin/ceph:
2022-02-02T13:36:52.905+0000 7f06b375c700 1 -- 172.21.15.40:0/200070879 shutdown_connections
2022-02-02T13:36:52.908 INFO:teuthology.orchestra.run.smithi040.stderr:/usr/bin/ceph:
2022-02-02T13:36:52.905+0000 7f06b375c700 1 --2- 172.21.15.40:0/200070879 >> [v2:172.21.15.40:6800/2210836239,v1:172.21.15.40:6801/2210836239] conn(0x7f0698030f40 0x7f0698033400 unknown :-1 s=CLOSED pgs=6 cs=0 l=1 rev1=1 rx=0 tx=0).stop
2022-02-02T13:36:52.908 INFO:teuthology.orchestra.run.smithi040.stderr:/usr/bin/ceph:
2022-02-02T13:36:52.905+0000 7f06b375c700 1 --2- 172.21.15.40:0/200070879 >> [v2:172.21.15.40:3300/0,v1:172.21.15.40:6789/0] conn(0x7f06ac0fd570 0x7f06ac0fce00 unknown :-1 s=CLOSED pgs=73 cs=0 l=1 rev1=1 rx=0 tx=0).stop
2022-02-02T13:36:52.908 INFO:teuthology.orchestra.run.smithi040.stderr:/usr/bin/ceph:
2022-02-02T13:36:52.905+0000 7f06b375c700 1 -- 172.21.15.40:0/200070879 >> 172.21.15.40:0/200070879 conn(0x7f06ac0f5cd0 msgr2=0x7f06ac0f7630 unknown :-1 s=STATE_NONE l=0).mark_down
2022-02-02T13:36:52.909 INFO:teuthology.orchestra.run.smithi040.stderr:/usr/bin/ceph:
2022-02-02T13:36:52.905+0000 7f06b375c700 1 -- 172.21.15.40:0/200070879 shutdown_connections
2022-02-02T13:36:52.909 INFO:teuthology.orchestra.run.smithi040.stderr:/usr/bin/ceph:
2022-02-02T13:36:52.905+0000 7f06b375c700 1 -- 172.21.15.40:0/200070879 wait complete.
2022-02-02T13:36:53.211 INFO:teuthology.orchestra.run.smithi040.stderr:Creating initial admin user...
2022-02-02T13:36:53.687 INFO:teuthology.orchestra.run.smithi040.stderr:/usr/bin/ceph:
2022-02-02T13:36:53.683+0000 7fb59d2e1700 1 Processor -- start
2022-02-02T13:36:53.688 INFO:teuthology.orchestra.run.smithi040.stderr:/usr/bin/ceph:
2022-02-02T13:36:53.683+0000 7fb59d2e1700 1 -- start start
2022-02-02T13:36:53.688 INFO:teuthology.orchestra.run.smithi040.stderr:/usr/bin/ceph:
2022-02-02T13:36:53.683+0000 7fb59d2e1700 1 --2- >> [v2:172.21.15.40:3300/0,v1:172.21.15.40:6789/0] conn(0x7fb5980fc210 0x7fb5980fc630 unknown :-1 s=NONE pgs=0 cs=0 l=0 rev1=0 rx=0 tx=0).connect
2022-02-02T13:36:53.688 INFO:teuthology.orchestra.run.smithi040.stderr:/usr/bin/ceph:
2022-02-02T13:36:53.683+0000 7fb59d2e1700 1 -- --> [v2:172.21.15.40:3300/0,v1:172.21.15.40:6789/0] -- mon_getmap magic: 0 v1 -- 0x7fb5980fcb20 con 0x7fb5980fc210
2022-02-02T13:36:53.688 INFO:teuthology.orchestra.run.smithi040.stderr:/usr/bin/ceph:
2022-02-02T13:36:53.683+0000 7fb597fff700 1 --2- >> [v2:172.21.15.40:3300/0,v1:172.21.15.40:6789/0] conn(0x7fb5980fc210 0x7fb5980fc630 unknown :-1 s=BANNER_CONNECTING pgs=0 cs=0 l=0 rev1=0 rx=0 tx=0)._handle_peer_banner_payload supported=1 required=0
2022-02-02T13:36:53.689 INFO:teuthology.orchestra.run.smithi040.stderr:/usr/bin/ceph:
2022-02-02T13:36:53.683+0000 7fb597fff700 1 --2- >> [v2:172.21.15.40:3300/0,v1:172.21.15.40:6789/0] conn(0x7fb5980fc210 0x7fb5980fc630 unknown :-1 s=HELLO_CONNECTING pgs=0 cs=0 l=0 rev1=1 rx=0 tx=0).handle_hello peer v2:172.21.15.40:3300/0 says I am v2:172.21.15.40:47724/0 (socket says 172.21.15.40:47724)
2022-02-02T13:36:53.689 INFO:teuthology.orchestra.run.smithi040.stderr:/usr/bin/ceph:
2022-02-02T13:36:53.683+0000 7fb597fff700 1 -- 172.21.15.40:0/2531755002 learned_addr learned my addr 172.21.15.40:0/2531755002 (peer_addr_for_me v2:172.21.15.40:0/0)
2022-02-02T13:36:53.689 INFO:teuthology.orchestra.run.smithi040.stderr:/usr/bin/ceph:
2022-02-02T13:36:53.684+0000 7fb597fff700 1 -- 172.21.15.40:0/2531755002 --> [v2:172.21.15.40:3300/0,v1:172.21.15.40:6789/0] -- mon_subscribe({config=0+,monmap=0+}) v3 -- 0x7fb5980fcc60 con 0x7fb5980fc210
2022-02-02T13:36:53.689 INFO:teuthology.orchestra.run.smithi040.stderr:/usr/bin/ceph:
2022-02-02T13:36:53.684+0000 7fb597fff700 1 --2- 172.21.15.40:0/2531755002 >> [v2:172.21.15.40:3300/0,v1:172.21.15.40:6789/0] conn(0x7fb5980fc210 0x7fb5980fc630 secure :-1 s=READY pgs=74 cs=0 l=1 rev1=1 rx=0x7fb58800b5f0 tx=0x7fb588006ee0).ready entity=mon.0 client_cookie=3e1477ceeb3a51d0 server_cookie=0 in_seq=0 out_seq=0
2022-02-02T13:36:53.690 INFO:teuthology.orchestra.run.smithi040.stderr:/usr/bin/ceph:
2022-02-02T13:36:53.684+0000 7fb596ffd700 1 -- 172.21.15.40:0/2531755002 <== mon.0 v2:172.21.15.40:3300/0 1 ==== mon_map magic: 0 v1 ==== 229+0+0 (secure 0 0 0) 0x7fb58800d600 con 0x7fb5980fc210
2022-02-02T13:36:53.690 INFO:teuthology.orchestra.run.smithi040.stderr:/usr/bin/ceph:
2022-02-02T13:36:53.684+0000 7fb596ffd700 1 -- 172.21.15.40:0/2531755002 <== mon.0 v2:172.21.15.40:3300/0 2 ==== config(25 keys) v1 ==== 1054+0+0 (secure 0 0 0) 0x7fb58800dbf0 con 0x7fb5980fc210
2022-02-02T13:36:53.690 INFO:teuthology.orchestra.run.smithi040.stderr:/usr/bin/ceph:
2022-02-02T13:36:53.684+0000 7fb596ffd700 1 -- 172.21.15.40:0/2531755002 <== mon.0 v2:172.21.15.40:3300/0 3 ==== mon_map magic: 0 v1 ==== 229+0+0 (secure 0 0 0) 0x7fb588011bf0 con 0x7fb5980fc210
2022-02-02T13:36:53.690 INFO:teuthology.orchestra.run.smithi040.stderr:/usr/bin/ceph:
2022-02-02T13:36:53.684+0000 7fb59d2e1700 1 -- 172.21.15.40:0/2531755002 >> [v2:172.21.15.40:3300/0,v1:172.21.15.40:6789/0] conn(0x7fb5980fc210 msgr2=0x7fb5980fc630 secure :-1 s=STATE_CONNECTION_ESTABLISHED l=1).mark_down
2022-02-02T13:36:53.690 INFO:teuthology.orchestra.run.smithi040.stderr:/usr/bin/ceph:
2022-02-02T13:36:53.684+0000 7fb59d2e1700 1 --2- 172.21.15.40:0/2531755002 >> [v2:172.21.15.40:3300/0,v1:172.21.15.40:6789/0] conn(0x7fb5980fc210 0x7fb5980fc630 secure :-1 s=READY pgs=74 cs=0 l=1 rev1=1 rx=0x7fb58800b5f0 tx=0x7fb588006ee0).stop
2022-02-02T13:36:53.691 INFO:teuthology.orchestra.run.smithi040.stderr:/usr/bin/ceph:
2022-02-02T13:36:53.685+0000 7fb59d2e1700 1 -- 172.21.15.40:0/2531755002 shutdown_connections
2022-02-02T13:36:53.691 INFO:teuthology.orchestra.run.smithi040.stderr:/usr/bin/ceph:
2022-02-02T13:36:53.685+0000 7fb59d2e1700 1 --2- 172.21.15.40:0/2531755002 >> [v2:172.21.15.40:3300/0,v1:172.21.15.40:6789/0] conn(0x7fb5980fc210 0x7fb5980fc630 unknown :-1 s=CLOSED pgs=74 cs=0 l=1 rev1=1 rx=0 tx=0).stop
2022-02-02T13:36:53.691 INFO:teuthology.orchestra.run.smithi040.stderr:/usr/bin/ceph:
2022-02-02T13:36:53.685+0000 7fb59d2e1700 1 -- 172.21.15.40:0/2531755002 >> 172.21.15.40:0/2531755002 conn(0x7fb5980f6340 msgr2=0x7fb5980f8780 unknown :-1 s=STATE_NONE l=0).mark_down
2022-02-02T13:36:53.691 INFO:teuthology.orchestra.run.smithi040.stderr:/usr/bin/ceph:
2022-02-02T13:36:53.685+0000 7fb59d2e1700 1 -- 172.21.15.40:0/2531755002 shutdown_connections
2022-02-02T13:36:53.692 INFO:teuthology.orchestra.run.smithi040.stderr:/usr/bin/ceph:
2022-02-02T13:36:53.685+0000 7fb59d2e1700 1 -- 172.21.15.40:0/2531755002 wait complete.
2022-02-02T13:36:53.692 INFO:teuthology.orchestra.run.smithi040.stderr:/usr/bin/ceph:
2022-02-02T13:36:53.685+0000 7fb59d2e1700 1 Processor -- start
2022-02-02T13:36:53.692 INFO:teuthology.orchestra.run.smithi040.stderr:/usr/bin/ceph:
2022-02-02T13:36:53.685+0000 7fb59d2e1700 1 -- start start
2022-02-02T13:36:53.692 INFO:teuthology.orchestra.run.smithi040.stderr:/usr/bin/ceph:
2022-02-02T13:36:53.686+0000 7fb59d2e1700 1 --2- >> [v2:172.21.15.40:3300/0,v1:172.21.15.40:6789/0] conn(0x7fb5980fc210 0x7fb59810aa90 unknown :-1 s=NONE pgs=0 cs=0 l=1 rev1=0 rx=0 tx=0).connect
2022-02-02T13:36:53.693 INFO:teuthology.orchestra.run.smithi040.stderr:/usr/bin/ceph:
2022-02-02T13:36:53.686+0000 7fb59d2e1700 1 -- --> [v2:172.21.15.40:3300/0,v1:172.21.15.40:6789/0] -- mon_getmap magic: 0 v1 -- 0x7fb59810af80 con 0x7fb5980fc210
2022-02-02T13:36:53.693 INFO:teuthology.orchestra.run.smithi040.stderr:/usr/bin/ceph:
2022-02-02T13:36:53.686+0000 7fb597fff700 1 --2- >> [v2:172.21.15.40:3300/0,v1:172.21.15.40:6789/0] conn(0x7fb5980fc210 0x7fb59810aa90 unknown :-1 s=BANNER_CONNECTING pgs=0 cs=0 l=1 rev1=0 rx=0 tx=0)._handle_peer_banner_payload supported=1 required=0
2022-02-02T13:36:53.693 INFO:teuthology.orchestra.run.smithi040.stderr:/usr/bin/ceph:
2022-02-02T13:36:53.686+0000 7fb597fff700 1 --2- >> [v2:172.21.15.40:3300/0,v1:172.21.15.40:6789/0] conn(0x7fb5980fc210 0x7fb59810aa90 unknown :-1 s=HELLO_CONNECTING pgs=0 cs=0 l=1 rev1=1 rx=0 tx=0).handle_hello peer v2:172.21.15.40:3300/0 says I am v2:172.21.15.40:47726/0 (socket says 172.21.15.40:47726)
2022-02-02T13:36:53.693 INFO:teuthology.orchestra.run.smithi040.stderr:/usr/bin/ceph:
2022-02-02T13:36:53.686+0000 7fb597fff700 1 -- 172.21.15.40:0/772109171 learned_addr learned my addr 172.21.15.40:0/772109171 (peer_addr_for_me v2:172.21.15.40:0/0)
2022-02-02T13:36:53.694 INFO:teuthology.orchestra.run.smithi040.stderr:/usr/bin/ceph:
2022-02-02T13:36:53.686+0000 7fb597fff700 1 -- 172.21.15.40:0/772109171 --> [v2:172.21.15.40:3300/0,v1:172.21.15.40:6789/0] -- mon_subscribe({config=0+,monmap=0+}) v3 -- 0x7fb58800b200 con 0x7fb5980fc210
2022-02-02T13:36:53.694 INFO:teuthology.orchestra.run.smithi040.stderr:/usr/bin/ceph:
2022-02-02T13:36:53.686+0000 7fb597fff700 1 --2- 172.21.15.40:0/772109171 >> [v2:172.21.15.40:3300/0,v1:172.21.15.40:6789/0] conn(0x7fb5980fc210 0x7fb59810aa90 secure :-1 s=READY pgs=75 cs=0 l=1 rev1=1 rx=0x7fb588011e30 tx=0x7fb588006ee0).ready entity=mon.0 client_cookie=0 server_cookie=0 in_seq=0 out_seq=0
2022-02-02T13:36:53.694 INFO:teuthology.orchestra.run.smithi040.stderr:/usr/bin/ceph:
2022-02-02T13:36:53.686+0000 7fb594ff9700 1 -- 172.21.15.40:0/772109171 <== mon.0 v2:172.21.15.40:3300/0 1 ==== mon_map magic: 0 v1 ==== 229+0+0 (secure 0 0 0) 0x7fb58801b410 con 0x7fb5980fc210
2022-02-02T13:36:53.696 INFO:teuthology.orchestra.run.smithi040.stderr:/usr/bin/ceph:
2022-02-02T13:36:53.686+0000 7fb59d2e1700 1 -- 172.21.15.40:0/772109171 --> [v2:172.21.15.40:3300/0,v1:172.21.15.40:6789/0] -- mon_subscribe({mgrmap=0+}) v3 -- 0x7fb59810b180 con 0x7fb5980fc210
2022-02-02T13:36:53.696 INFO:teuthology.orchestra.run.smithi040.stderr:/usr/bin/ceph:
2022-02-02T13:36:53.687+0000 7fb59d2e1700 1 -- 172.21.15.40:0/772109171 --> [v2:172.21.15.40:3300/0,v1:172.21.15.40:6789/0] -- mon_subscribe({osdmap=0}) v3 -- 0x7fb59810b610 con 0x7fb5980fc210
2022-02-02T13:36:53.696 INFO:teuthology.orchestra.run.smithi040.stderr:/usr/bin/ceph:
2022-02-02T13:36:53.687+0000 7fb594ff9700 1 -- 172.21.15.40:0/772109171 <== mon.0 v2:172.21.15.40:3300/0 2 ==== config(25 keys) v1 ==== 1054+0+0 (secure 0 0 0) 0x7fb58801ba00 con 0x7fb5980fc210
2022-02-02T13:36:53.697 INFO:teuthology.orchestra.run.smithi040.stderr:/usr/bin/ceph:
2022-02-02T13:36:53.687+0000 7fb594ff9700 1 -- 172.21.15.40:0/772109171 <== mon.0 v2:172.21.15.40:3300/0 3 ==== mon_map magic: 0 v1 ==== 229+0+0 (secure 0 0 0) 0x7fb58801a7b0 con 0x7fb5980fc210
2022-02-02T13:36:53.697 INFO:teuthology.orchestra.run.smithi040.stderr:/usr/bin/ceph:
2022-02-02T13:36:53.687+0000 7fb594ff9700 1 -- 172.21.15.40:0/772109171 <== mon.0 v2:172.21.15.40:3300/0 4 ==== mgrmap(e 12) v1 ==== 37108+0+0 (secure 0 0 0) 0x7fb58802b070 con 0x7fb5980fc210
2022-02-02T13:36:53.697 INFO:teuthology.orchestra.run.smithi040.stderr:/usr/bin/ceph:
2022-02-02T13:36:53.688+0000 7fb594ff9700 1 --2- 172.21.15.40:0/772109171 >> [v2:172.21.15.40:6800/2210836239,v1:172.21.15.40:6801/2210836239] conn(0x7fb584031040 0x7fb584033500 unknown :-1 s=NONE pgs=0 cs=0 l=1 rev1=0 rx=0 tx=0).connect
2022-02-02T13:36:53.697 INFO:teuthology.orchestra.run.smithi040.stderr:/usr/bin/ceph:
2022-02-02T13:36:53.688+0000 7fb594ff9700 1 -- 172.21.15.40:0/772109171 <== mon.0 v2:172.21.15.40:3300/0 5 ==== osd_map(3..3 src has 1..3) v4 ==== 1065+0+0 (secure 0 0 0) 0x7fb588042d50 con 0x7fb5980fc210
2022-02-02T13:36:53.698 INFO:teuthology.orchestra.run.smithi040.stderr:/usr/bin/ceph:
2022-02-02T13:36:53.688+0000 7fb5977fe700 1 --2- 172.21.15.40:0/772109171 >> [v2:172.21.15.40:6800/2210836239,v1:172.21.15.40:6801/2210836239] conn(0x7fb584031040 0x7fb584033500 unknown :-1 s=BANNER_CONNECTING pgs=0 cs=0 l=1 rev1=0 rx=0 tx=0)._handle_peer_banner_payload supported=1 required=0
2022-02-02T13:36:53.698 INFO:teuthology.orchestra.run.smithi040.stderr:/usr/bin/ceph:
2022-02-02T13:36:53.688+0000 7fb59d2e1700 1 -- 172.21.15.40:0/772109171 --> [v2:172.21.15.40:3300/0,v1:172.21.15.40:6789/0] -- mon_command({"prefix": "get_command_descriptions"} v 0) v1 -- 0x7fb578004fa0 con 0x7fb5980fc210
2022-02-02T13:36:53.698 INFO:teuthology.orchestra.run.smithi040.stderr:/usr/bin/ceph:
2022-02-02T13:36:53.688+0000 7fb5977fe700 1 --2- 172.21.15.40:0/772109171 >> [v2:172.21.15.40:6800/2210836239,v1:172.21.15.40:6801/2210836239] conn(0x7fb584031040 0x7fb584033500 secure :-1 s=READY pgs=7 cs=0 l=1 rev1=1 rx=0x7fb58c0096a0 tx=0x7fb58c006b40).ready entity=mgr.14156 client_cookie=0 server_cookie=0 in_seq=0 out_seq=0
2022-02-02T13:36:53.698 INFO:teuthology.orchestra.run.smithi040.stderr:/usr/bin/ceph:
2022-02-02T13:36:53.693+0000 7fb594ff9700 1 -- 172.21.15.40:0/772109171 <== mon.0 v2:172.21.15.40:3300/0 6 ==== mon_command_ack([{"prefix": "get_command_descriptions"}]=0 v0) v1 ==== 72+0+153237 (secure 0 0 0) 0x7fb58801f030 con 0x7fb5980fc210
2022-02-02T13:36:53.851 INFO:journalctl@ceph.mon.smithi040.smithi040.stdout:Feb 02 13:36:53 smithi040 conmon[32378]: cluster
2022-02-02T13:36:52.556585+0000 mon.smithi040 (mon.0) 89 : cluster [DBG] mgrmap e12: smithi040.zufqls(active, since 2s)
2022-02-02T13:36:53.851 INFO:journalctl@ceph.mon.smithi040.smithi040.stdout:Feb 02 13:36:53 smithi040 conmon[32378]: audit
2022-02-02T13:36:52.845577+0000 mgr.smithi040.zufqls (mgr.14156) 3 : audit [DBG] from='client.14166 -' entity='client.admin' cmd=[{"prefix": "dashboard create-self-signed-cert", "target": ["mon-mgr", ""]}]: dispatch
2022-02-02T13:36:53.851 INFO:journalctl@ceph.mon.smithi040.smithi040.stdout:Feb 02 13:36:53 smithi040 conmon[32378]: audit
2022-02-02T13:36:52.902054+0000 mon.smithi040 (mon.0) 90 : audit [INF] from='mgr.14156 172.21.15.40:0/733247814' entity='mgr.smithi040.zufqls'
2022-02-02T13:36:53.852 INFO:journalctl@ceph.mon.smithi040.smithi040.stdout:Feb 02 13:36:53 smithi040 conmon[32378]: audit
2022-02-02T13:36:52.904016+0000 mon.smithi040 (mon.0) 91 : audit [INF] from='mgr.14156 172.21.15.40:0/733247814' entity='mgr.smithi040.zufqls'
2022-02-02T13:36:54.011 INFO:teuthology.orchestra.run.smithi040.stderr:/usr/bin/ceph:
2022-02-02T13:36:54.010+0000 7fb59d2e1700 1 -- 172.21.15.40:0/772109171 --> [v2:172.21.15.40:6800/2210836239,v1:172.21.15.40:6801/2210836239] -- mgr_command(tid 0: {"prefix": "dashboard ac-user-create", "username": "admin", "rolename": "administrator", "force_password": true, "pwd_update_required": true, "target": ["mon-mgr", ""]}) v1 -- 0x7fb578005bf0 con 0x7fb584031040
2022-02-02T13:36:54.258 INFO:teuthology.orchestra.run.smithi040.stderr:/usr/bin/ceph:
2022-02-02T13:36:54.257+0000 7fb594ff9700 1 -- 172.21.15.40:0/772109171 <== mgr.14156 v2:172.21.15.40:6800/2210836239 1 ==== mgr_command_reply(tid 0: 0 ) v1 ==== 8+0+252 (secure 0 0 0) 0x7fb578005bf0 con 0x7fb584031040
2022-02-02T13:36:54.258 INFO:teuthology.orchestra.run.smithi040.stderr:/usr/bin/ceph: {"username": "admin", "password": "$2b$12$UPSsNliveaTG12h35qSvLOV99iGDNJm5g9YHNtqdG1l03ODAsCAGy", "roles": ["administrator"], "name": null, "email": null, "lastUpdate": 1643809014, "enabled": true, "pwdExpirationDate": null, "pwdUpdateRequired": true}
2022-02-02T13:36:54.260 INFO:teuthology.orchestra.run.smithi040.stderr:/usr/bin/ceph:
2022-02-02T13:36:54.258+0000 7fb59d2e1700 1 -- 172.21.15.40:0/772109171 >> [v2:172.21.15.40:6800/2210836239,v1:172.21.15.40:6801/2210836239] conn(0x7fb584031040 msgr2=0x7fb584033500 secure :-1 s=STATE_CONNECTION_ESTABLISHED l=1).mark_down
2022-02-02T13:36:54.260 INFO:teuthology.orchestra.run.smithi040.stderr:/usr/bin/ceph:
2022-02-02T13:36:54.258+0000 7fb59d2e1700 1 --2- 172.21.15.40:0/772109171 >> [v2:172.21.15.40:6800/2210836239,v1:172.21.15.40:6801/2210836239] conn(0x7fb584031040 0x7fb584033500 secure :-1 s=READY pgs=7 cs=0 l=1 rev1=1 rx=0x7fb58c0096a0 tx=0x7fb58c006b40).stop
2022-02-02T13:36:54.261 INFO:teuthology.orchestra.run.smithi040.stderr:/usr/bin/ceph:
2022-02-02T13:36:54.258+0000 7fb59d2e1700 1 -- 172.21.15.40:0/772109171 >> [v2:172.21.15.40:3300/0,v1:172.21.15.40:6789/0] conn(0x7fb5980fc210 msgr2=0x7fb59810aa90 secure :-1 s=STATE_CONNECTION_ESTABLISHED l=1).mark_down
2022-02-02T13:36:54.261 INFO:teuthology.orchestra.run.smithi040.stderr:/usr/bin/ceph:
2022-02-02T13:36:54.258+0000 7fb59d2e1700 1 --2- 172.21.15.40:0/772109171 >> [v2:172.21.15.40:3300/0,v1:172.21.15.40:6789/0] conn(0x7fb5980fc210 0x7fb59810aa90 secure :-1 s=READY pgs=75 cs=0 l=1 rev1=1 rx=0x7fb588011e30 tx=0x7fb588006ee0).stop
2022-02-02T13:36:54.261 INFO:teuthology.orchestra.run.smithi040.stderr:/usr/bin/ceph:
2022-02-02T13:36:54.259+0000 7fb59d2e1700 1 -- 172.21.15.40:0/772109171 shutdown_connections
2022-02-02T13:36:54.262 INFO:teuthology.orchestra.run.smithi040.stderr:/usr/bin/ceph:
2022-02-02T13:36:54.259+0000 7fb59d2e1700 1 --2- 172.21.15.40:0/772109171 >> [v2:172.21.15.40:6800/2210836239,v1:172.21.15.40:6801/2210836239] conn(0x7fb584031040 0x7fb584033500 unknown :-1 s=CLOSED pgs=7 cs=0 l=1 rev1=1 rx=0 tx=0).stop
2022-02-02T13:36:54.262 INFO:teuthology.orchestra.run.smithi040.stderr:/usr/bin/ceph:
2022-02-02T13:36:54.259+0000 7fb59d2e1700 1 --2- 172.21.15.40:0/772109171 >> [v2:172.21.15.40:3300/0,v1:172.21.15.40:6789/0] conn(0x7fb5980fc210 0x7fb59810aa90 unknown :-1 s=CLOSED pgs=75 cs=0 l=1 rev1=1 rx=0 tx=0).stop
2022-02-02T13:36:54.262 INFO:teuthology.orchestra.run.smithi040.stderr:/usr/bin/ceph:
2022-02-02T13:36:54.259+0000 7fb59d2e1700 1 -- 172.21.15.40:0/772109171 >> 172.21.15.40:0/772109171 conn(0x7fb5980f6340 msgr2=0x7fb5980f7d80 unknown :-1 s=STATE_NONE l=0).mark_down
2022-02-02T13:36:54.262 INFO:teuthology.orchestra.run.smithi040.stderr:/usr/bin/ceph:
2022-02-02T13:36:54.259+0000 7fb59d2e1700 1 -- 172.21.15.40:0/772109171 shutdown_connections
2022-02-02T13:36:54.263 INFO:teuthology.orchestra.run.smithi040.stderr:/usr/bin/ceph:
2022-02-02T13:36:54.259+0000 7fb59d2e1700 1 -- 172.21.15.40:0/772109171 wait complete.
2022-02-02T13:36:54.550 INFO:teuthology.orchestra.run.smithi040.stderr:Fetching dashboard port number...
2022-02-02T13:36:55.005 INFO:teuthology.orchestra.run.smithi040.stderr:/usr/bin/ceph:
2022-02-02T13:36:55.000+0000 7f44a88ad700 1 Processor -- start
2022-02-02T13:36:55.006 INFO:teuthology.orchestra.run.smithi040.stderr:/usr/bin/ceph:
2022-02-02T13:36:55.000+0000 7f44a88ad700 1 -- start start
2022-02-02T13:36:55.006 INFO:teuthology.orchestra.run.smithi040.stderr:/usr/bin/ceph:
2022-02-02T13:36:55.001+0000 7f44a88ad700 1 --2- >> [v2:172.21.15.40:3300/0,v1:172.21.15.40:6789/0] conn(0x7f44a40fd360 0x7f44a40fd780 unknown :-1 s=NONE pgs=0 cs=0 l=0 rev1=0 rx=0 tx=0).connect
2022-02-02T13:36:55.007 INFO:teuthology.orchestra.run.smithi040.stderr:/usr/bin/ceph:
2022-02-02T13:36:55.001+0000 7f44a88ad700 1 -- --> [v2:172.21.15.40:3300/0,v1:172.21.15.40:6789/0] -- mon_getmap magic: 0 v1 -- 0x7f44a40fdc70 con 0x7f44a40fd360
2022-02-02T13:36:55.007 INFO:teuthology.orchestra.run.smithi040.stderr:/usr/bin/ceph:
2022-02-02T13:36:55.001+0000 7f44a37fe700 1 --2- >> [v2:172.21.15.40:3300/0,v1:172.21.15.40:6789/0] conn(0x7f44a40fd360 0x7f44a40fd780 unknown :-1 s=BANNER_CONNECTING pgs=0 cs=0 l=0 rev1=0 rx=0 tx=0)._handle_peer_banner_payload supported=1 required=0
2022-02-02T13:36:55.007 INFO:teuthology.orchestra.run.smithi040.stderr:/usr/bin/ceph:
2022-02-02T13:36:55.001+0000 7f44a37fe700 1 --2- >> [v2:172.21.15.40:3300/0,v1:172.21.15.40:6789/0] conn(0x7f44a40fd360 0x7f44a40fd780 unknown :-1 s=HELLO_CONNECTING pgs=0 cs=0 l=0 rev1=1 rx=0 tx=0).handle_hello peer v2:172.21.15.40:3300/0 says I am v2:172.21.15.40:47730/0 (socket says 172.21.15.40:47730)
2022-02-02T13:36:55.007 INFO:teuthology.orchestra.run.smithi040.stderr:/usr/bin/ceph:
2022-02-02T13:36:55.001+0000 7f44a37fe700 1 -- 172.21.15.40:0/572577043 learned_addr learned my addr 172.21.15.40:0/572577043 (peer_addr_for_me v2:172.21.15.40:0/0)
2022-02-02T13:36:55.008 INFO:teuthology.orchestra.run.smithi040.stderr:/usr/bin/ceph:
2022-02-02T13:36:55.001+0000 7f44a37fe700 1 -- 172.21.15.40:0/572577043 --> [v2:172.21.15.40:3300/0,v1:172.21.15.40:6789/0] -- mon_subscribe({config=0+,monmap=0+}) v3 -- 0x7f44a40fddb0 con 0x7f44a40fd360
2022-02-02T13:36:55.008 INFO:teuthology.orchestra.run.smithi040.stderr:/usr/bin/ceph:
2022-02-02T13:36:55.001+0000 7f44a37fe700 1 --2- 172.21.15.40:0/572577043 >> [v2:172.21.15.40:3300/0,v1:172.21.15.40:6789/0] conn(0x7f44a40fd360 0x7f44a40fd780 secure :-1 s=READY pgs=76 cs=0 l=1 rev1=1 rx=0x7f449400b5f0 tx=0x7f4494006ee0).ready entity=mon.0 client_cookie=f22334b9822bf4a1 server_cookie=0 in_seq=0 out_seq=0
2022-02-02T13:36:55.008 INFO:teuthology.orchestra.run.smithi040.stderr:/usr/bin/ceph:
2022-02-02T13:36:55.001+0000 7f44a27fc700 1 -- 172.21.15.40:0/572577043 <== mon.0 v2:172.21.15.40:3300/0 1 ==== mon_map magic: 0 v1 ==== 229+0+0 (secure 0 0 0) 0x7f449400d600 con 0x7f44a40fd360
2022-02-02T13:36:55.008 INFO:teuthology.orchestra.run.smithi040.stderr:/usr/bin/ceph:
2022-02-02T13:36:55.002+0000 7f44a27fc700 1 -- 172.21.15.40:0/572577043 <== mon.0 v2:172.21.15.40:3300/0 2 ==== config(25 keys) v1 ==== 1054+0+0 (secure 0 0 0) 0x7f449400dbf0 con 0x7f44a40fd360
2022-02-02T13:36:55.009 INFO:teuthology.orchestra.run.smithi040.stderr:/usr/bin/ceph:
2022-02-02T13:36:55.002+0000 7f44a27fc700 1 -- 172.21.15.40:0/572577043 <== mon.0 v2:172.21.15.40:3300/0 3 ==== mon_map magic: 0 v1 ==== 229+0+0 (secure 0 0 0) 0x7f4494011bf0 con 0x7f44a40fd360
2022-02-02T13:36:55.009 INFO:teuthology.orchestra.run.smithi040.stderr:/usr/bin/ceph:
2022-02-02T13:36:55.002+0000 7f44a88ad700 1 -- 172.21.15.40:0/572577043 >> [v2:172.21.15.40:3300/0,v1:172.21.15.40:6789/0] conn(0x7f44a40fd360 msgr2=0x7f44a40fd780 secure :-1 s=STATE_CONNECTION_ESTABLISHED l=1).mark_down
2022-02-02T13:36:55.009 INFO:teuthology.orchestra.run.smithi040.stderr:/usr/bin/ceph:
2022-02-02T13:36:55.002+0000 7f44a88ad700 1 --2- 172.21.15.40:0/572577043 >> [v2:172.21.15.40:3300/0,v1:172.21.15.40:6789/0] conn(0x7f44a40fd360 0x7f44a40fd780 secure :-1 s=READY pgs=76 cs=0 l=1 rev1=1 rx=0x7f449400b5f0 tx=0x7f4494006ee0).stop
2022-02-02T13:36:55.009 INFO:teuthology.orchestra.run.smithi040.stderr:/usr/bin/ceph:
2022-02-02T13:36:55.002+0000 7f44a88ad700 1 -- 172.21.15.40:0/572577043 shutdown_connections
2022-02-02T13:36:55.010 INFO:teuthology.orchestra.run.smithi040.stderr:/usr/bin/ceph:
2022-02-02T13:36:55.002+0000 7f44a88ad700 1 --2- 172.21.15.40:0/572577043 >> [v2:172.21.15.40:3300/0,v1:172.21.15.40:6789/0] conn(0x7f44a40fd360 0x7f44a40fd780 unknown :-1 s=CLOSED pgs=76 cs=0 l=1 rev1=1 rx=0 tx=0).stop
2022-02-02T13:36:55.010 INFO:teuthology.orchestra.run.smithi040.stderr:/usr/bin/ceph:
2022-02-02T13:36:55.002+0000 7f44a88ad700 1 -- 172.21.15.40:0/572577043 >> 172.21.15.40:0/572577043 conn(0x7f44a40f7470 msgr2=0x7f44a40f98d0 unknown :-1 s=STATE_NONE l=0).mark_down
2022-02-02T13:36:55.010 INFO:teuthology.orchestra.run.smithi040.stderr:/usr/bin/ceph:
2022-02-02T13:36:55.002+0000 7f44a88ad700 1 -- 172.21.15.40:0/572577043 shutdown_connections
2022-02-02T13:36:55.010 INFO:teuthology.orchestra.run.smithi040.stderr:/usr/bin/ceph:
2022-02-02T13:36:55.002+0000 7f44a88ad700 1 -- 172.21.15.40:0/572577043 wait complete.
2022-02-02T13:36:55.010 INFO:teuthology.orchestra.run.smithi040.stderr:/usr/bin/ceph:
2022-02-02T13:36:55.003+0000 7f44a88ad700 1 Processor -- start
2022-02-02T13:36:55.011 INFO:teuthology.orchestra.run.smithi040.stderr:/usr/bin/ceph:
2022-02-02T13:36:55.003+0000 7f44a88ad700 1 -- start start
2022-02-02T13:36:55.011 INFO:teuthology.orchestra.run.smithi040.stderr:/usr/bin/ceph:
2022-02-02T13:36:55.004+0000 7f44a88ad700 1 --2- >> [v2:172.21.15.40:3300/0,v1:172.21.15.40:6789/0] conn(0x7f44a40fd360 0x7f44a4071d50 unknown :-1 s=NONE pgs=0 cs=0 l=1 rev1=0 rx=0 tx=0).connect
2022-02-02T13:36:55.011 INFO:teuthology.orchestra.run.smithi040.stderr:/usr/bin/ceph:
2022-02-02T13:36:55.004+0000 7f44a88ad700 1 -- --> [v2:172.21.15.40:3300/0,v1:172.21.15.40:6789/0] -- mon_getmap magic: 0 v1 -- 0x7f44a40701d0 con 0x7f44a40fd360
2022-02-02T13:36:55.011 INFO:teuthology.orchestra.run.smithi040.stderr:/usr/bin/ceph:
2022-02-02T13:36:55.004+0000 7f44a37fe700 1 --2- >> [v2:172.21.15.40:3300/0,v1:172.21.15.40:6789/0] conn(0x7f44a40fd360 0x7f44a4071d50 unknown :-1 s=BANNER_CONNECTING pgs=0 cs=0 l=1 rev1=0 rx=0 tx=0)._handle_peer_banner_payload supported=1 required=0
2022-02-02T13:36:55.012 INFO:teuthology.orchestra.run.smithi040.stderr:/usr/bin/ceph:
2022-02-02T13:36:55.004+0000 7f44a37fe700 1 --2- >> [v2:172.21.15.40:3300/0,v1:172.21.15.40:6789/0] conn(0x7f44a40fd360 0x7f44a4071d50 unknown :-1 s=HELLO_CONNECTING pgs=0 cs=0 l=1 rev1=1 rx=0 tx=0).handle_hello peer v2:172.21.15.40:3300/0 says I am v2:172.21.15.40:47732/0 (socket says 172.21.15.40:47732)
2022-02-02T13:36:55.012 INFO:teuthology.orchestra.run.smithi040.stderr:/usr/bin/ceph:
2022-02-02T13:36:55.004+0000 7f44a37fe700 1 -- 172.21.15.40:0/648301849 learned_addr learned my addr 172.21.15.40:0/648301849 (peer_addr_for_me v2:172.21.15.40:0/0)
2022-02-02T13:36:55.012 INFO:teuthology.orchestra.run.smithi040.stderr:/usr/bin/ceph:
2022-02-02T13:36:55.004+0000 7f44a37fe700 1 -- 172.21.15.40:0/648301849 --> [v2:172.21.15.40:3300/0,v1:172.21.15.40:6789/0] -- mon_subscribe({config=0+,monmap=0+}) v3 -- 0x7f449400b200 con 0x7f44a40fd360
2022-02-02T13:36:55.012 INFO:teuthology.orchestra.run.smithi040.stderr:/usr/bin/ceph:
2022-02-02T13:36:55.004+0000 7f44a37fe700 1 --2- 172.21.15.40:0/648301849 >> [v2:172.21.15.40:3300/0,v1:172.21.15.40:6789/0] conn(0x7f44a40fd360 0x7f44a4071d50 secure :-1 s=READY pgs=77 cs=0 l=1 rev1=1 rx=0x7f4494011e30 tx=0x7f4494006ee0).ready entity=mon.0 client_cookie=0 server_cookie=0 in_seq=0 out_seq=0
2022-02-02T13:36:55.013 INFO:teuthology.orchestra.run.smithi040.stderr:/usr/bin/ceph:
2022-02-02T13:36:55.004+0000 7f449bfff700 1 -- 172.21.15.40:0/648301849 <== mon.0 v2:172.21.15.40:3300/0 1 ==== mon_map magic: 0 v1 ==== 229+0+0 (secure 0 0 0) 0x7f449401b410 con 0x7f44a40fd360
2022-02-02T13:36:55.013 INFO:teuthology.orchestra.run.smithi040.stderr:/usr/bin/ceph:
2022-02-02T13:36:55.004+0000 7f449bfff700 1 -- 172.21.15.40:0/648301849 <== mon.0 v2:172.21.15.40:3300/0 2 ==== config(25 keys) v1 ==== 1054+0+0 (secure 0 0 0) 0x7f449401ba00 con 0x7f44a40fd360
2022-02-02T13:36:55.013 INFO:teuthology.orchestra.run.smithi040.stderr:/usr/bin/ceph:
2022-02-02T13:36:55.004+0000 7f44a88ad700 1 -- 172.21.15.40:0/648301849 --> [v2:172.21.15.40:3300/0,v1:172.21.15.40:6789/0] -- mon_subscribe({mgrmap=0+}) v3 -- 0x7f44a4070370 con 0x7f44a40fd360
2022-02-02T13:36:55.013 INFO:teuthology.orchestra.run.smithi040.stderr:/usr/bin/ceph:
2022-02-02T13:36:55.004+0000 7f449bfff700 1 -- 172.21.15.40:0/648301849 <== mon.0 v2:172.21.15.40:3300/0 3 ==== mon_map magic: 0 v1 ==== 229+0+0 (secure 0 0 0) 0x7f449401a750 con 0x7f44a40fd360
2022-02-02T13:36:55.014 INFO:teuthology.orchestra.run.smithi040.stderr:/usr/bin/ceph:
2022-02-02T13:36:55.005+0000 7f44a88ad700 1 -- 172.21.15.40:0/648301849 --> [v2:172.21.15.40:3300/0,v1:172.21.15.40:6789/0] -- mon_subscribe({osdmap=0}) v3 -- 0x7f44a4070800 con 0x7f44a40fd360
2022-02-02T13:36:55.016 INFO:teuthology.orchestra.run.smithi040.stderr:/usr/bin/ceph:
2022-02-02T13:36:55.005+0000 7f449bfff700 1 -- 172.21.15.40:0/648301849 <== mon.0 v2:172.21.15.40:3300/0 4 ==== mgrmap(e 12) v1 ==== 37108+0+0 (secure 0 0 0) 0x7f449402b070 con 0x7f44a40fd360
2022-02-02T13:36:55.016 INFO:teuthology.orchestra.run.smithi040.stderr:/usr/bin/ceph:
2022-02-02T13:36:55.006+0000 7f449bfff700 1 --2- 172.21.15.40:0/648301849 >> [v2:172.21.15.40:6800/2210836239,v1:172.21.15.40:6801/2210836239] conn(0x7f4484031040 0x7f4484033500 unknown :-1 s=NONE pgs=0 cs=0 l=1 rev1=0 rx=0 tx=0).connect
2022-02-02T13:36:55.016 INFO:teuthology.orchestra.run.smithi040.stderr:/usr/bin/ceph:
2022-02-02T13:36:55.006+0000 7f449bfff700 1 -- 172.21.15.40:0/648301849 <== mon.0 v2:172.21.15.40:3300/0 5 ==== osd_map(3..3 src has 1..3) v4 ==== 1065+0+0 (secure 0 0 0) 0x7f4494042bd0 con 0x7f44a40fd360
2022-02-02T13:36:55.017 INFO:teuthology.orchestra.run.smithi040.stderr:/usr/bin/ceph:
2022-02-02T13:36:55.006+0000 7f44a88ad700 1 -- 172.21.15.40:0/648301849 --> [v2:172.21.15.40:3300/0,v1:172.21.15.40:6789/0] -- mon_command({"prefix": "get_command_descriptions"} v 0) v1 -- 0x7f44a40591e0 con 0x7f44a40fd360
2022-02-02T13:36:55.018 INFO:teuthology.orchestra.run.smithi040.stderr:/usr/bin/ceph:
2022-02-02T13:36:55.006+0000 7f44a2ffd700 1 --2- 172.21.15.40:0/648301849 >> [v2:172.21.15.40:6800/2210836239,v1:172.21.15.40:6801/2210836239] conn(0x7f4484031040 0x7f4484033500 unknown :-1 s=BANNER_CONNECTING pgs=0 cs=0 l=1 rev1=0 rx=0 tx=0)._handle_peer_banner_payload supported=1 required=0
2022-02-02T13:36:55.020 INFO:teuthology.orchestra.run.smithi040.stderr:/usr/bin/ceph:
2022-02-02T13:36:55.006+0000 7f44a2ffd700 1 --2- 172.21.15.40:0/648301849 >> [v2:172.21.15.40:6800/2210836239,v1:172.21.15.40:6801/2210836239] conn(0x7f4484031040 0x7f4484033500 secure :-1 s=READY pgs=8 cs=0 l=1 rev1=1 rx=0x7f448c0096a0 tx=0x7f448c006b40).ready entity=mgr.14156 client_cookie=0 server_cookie=0 in_seq=0 out_seq=0
2022-02-02T13:36:55.021 INFO:teuthology.orchestra.run.smithi040.stderr:/usr/bin/ceph:
2022-02-02T13:36:55.010+0000 7f449bfff700 1 -- 172.21.15.40:0/648301849 <== mon.0 v2:172.21.15.40:3300/0 6 ==== mon_command_ack([{"prefix": "get_command_descriptions"}]=0 v0) v1 ==== 72+0+153237 (secure 0 0 0) 0x7f4494016020 con 0x7f44a40fd360
2022-02-02T13:36:55.297 INFO:teuthology.orchestra.run.smithi040.stderr:/usr/bin/ceph:
2022-02-02T13:36:55.296+0000 7f44a88ad700 1 -- 172.21.15.40:0/648301849 --> [v2:172.21.15.40:3300/0,v1:172.21.15.40:6789/0] -- mon_command({"prefix": "config get", "who": "mgr", "key": "mgr/dashboard/ssl_server_port"} v 0) v1 -- 0x7f44a4045bb0 con 0x7f44a40fd360
2022-02-02T13:36:55.298 INFO:teuthology.orchestra.run.smithi040.stderr:/usr/bin/ceph:
2022-02-02T13:36:55.297+0000 7f449bfff700 1 -- 172.21.15.40:0/648301849 <== mon.0 v2:172.21.15.40:3300/0 7 ==== mon_command_ack([{"prefix": "config get", "who": "mgr", "key": "mgr/dashboard/ssl_server_port"}]=0 v10) v1 ==== 112+0+5 (secure 0 0 0) 0x7f449401b570 con 0x7f44a40fd360
2022-02-02T13:36:55.298 INFO:teuthology.orchestra.run.smithi040.stderr:/usr/bin/ceph: 8443
2022-02-02T13:36:55.300 INFO:teuthology.orchestra.run.smithi040.stderr:/usr/bin/ceph:
