2022-02-02T18:15:05.739+0000 7f7a14e58700 1 -- 172.21.15.96:0/1927887202 --> [v2:172.21.15.96:3300/0,v1:172.21.15.96:6789/0] -- mon_command({"prefix": "get_command_descriptions"} v 0) v1 -- 0x7f7a10045ad0 con 0x7f7a100faa80
2022-02-02T18:15:05.752 INFO:teuthology.orchestra.run.smithi096.stderr:/usr/bin/ceph:
2022-02-02T18:15:05.739+0000 7f7a0dd9b700 1 --2- 172.21.15.96:0/1927887202 >> [v2:172.21.15.96:6800/3765010446,v1:172.21.15.96:6801/3765010446] conn(0x7f79f402fe60 0x7f79f4032320 secure :-1 s=READY pgs=9 cs=0 l=1 rev1=1 rx=0x7f7a000096a0 tx=0x7f7a00006b40).ready entity=mgr.14142 client_cookie=0 server_cookie=0 in_seq=0 out_seq=0
2022-02-02T18:15:05.752 INFO:teuthology.orchestra.run.smithi096.stderr:/usr/bin/ceph:
2022-02-02T18:15:05.743+0000 7f79feffd700 1 -- 172.21.15.96:0/1927887202 <== mon.0 v2:172.21.15.96:3300/0 6 ==== mon_command_ack([{"prefix": "get_command_descriptions"}]=0 v0) v1 ==== 72+0+152212 (secure 0 0 0) 0x7f7a04016070 con 0x7f7a100faa80
2022-02-02T18:15:05.895 INFO:teuthology.orchestra.run.smithi096.stderr:/usr/bin/ceph:
2022-02-02T18:15:05.892+0000 7f7a14e58700 1 -- 172.21.15.96:0/1927887202 --> [v2:172.21.15.96:3300/0,v1:172.21.15.96:6789/0] -- mon_command([{prefix=config set, name=mgr/cephadm/container_init}] v 0) v1 -- 0x7f7a100008d0 con 0x7f7a100faa80
2022-02-02T18:15:05.897 INFO:teuthology.orchestra.run.smithi096.stderr:/usr/bin/ceph:
2022-02-02T18:15:05.895+0000 7f79feffd700 1 -- 172.21.15.96:0/1927887202 <== mon.0 v2:172.21.15.96:3300/0 7 ==== mon_command_ack([{prefix=config set, name=mgr/cephadm/container_init}]=0 v9)=0 v9) v1 ==== 142+0+0 (secure 0 0 0) 0x7f7a0401f030 con 0x7f7a100faa80
2022-02-02T18:15:05.900 INFO:teuthology.orchestra.run.smithi096.stderr:/usr/bin/ceph:
2022-02-02T18:15:05.896+0000 7f7a14e58700 1 -- 172.21.15.96:0/1927887202 >> [v2:172.21.15.96:6800/3765010446,v1:172.21.15.96:6801/3765010446] conn(0x7f79f402fe60 msgr2=0x7f79f4032320 secure :-1 s=STATE_CONNECTION_ESTABLISHED l=1).mark_down
2022-02-02T18:15:05.901 INFO:teuthology.orchestra.run.smithi096.stderr:/usr/bin/ceph:
2022-02-02T18:15:05.896+0000 7f7a14e58700 1 --2- 172.21.15.96:0/1927887202 >> [v2:172.21.15.96:6800/3765010446,v1:172.21.15.96:6801/3765010446] conn(0x7f79f402fe60 0x7f79f4032320 secure :-1 s=READY pgs=9 cs=0 l=1 rev1=1 rx=0x7f7a000096a0 tx=0x7f7a00006b40).stop
2022-02-02T18:15:05.901 INFO:teuthology.orchestra.run.smithi096.stderr:/usr/bin/ceph:
2022-02-02T18:15:05.896+0000 7f7a14e58700 1 -- 172.21.15.96:0/1927887202 >> [v2:172.21.15.96:3300/0,v1:172.21.15.96:6789/0] conn(0x7f7a100faa80 msgr2=0x7f7a101097c0 secure :-1 s=STATE_CONNECTION_ESTABLISHED l=1).mark_down
2022-02-02T18:15:05.901 INFO:teuthology.orchestra.run.smithi096.stderr:/usr/bin/ceph:
2022-02-02T18:15:05.896+0000 7f7a14e58700 1 --2- 172.21.15.96:0/1927887202 >> [v2:172.21.15.96:3300/0,v1:172.21.15.96:6789/0] conn(0x7f7a100faa80 0x7f7a101097c0 secure :-1 s=READY pgs=63 cs=0 l=1 rev1=1 rx=0x7f7a04011e30 tx=0x7f7a04006ee0).stop
2022-02-02T18:15:05.901 INFO:teuthology.orchestra.run.smithi096.stderr:/usr/bin/ceph:
2022-02-02T18:15:05.897+0000 7f7a14e58700 1 -- 172.21.15.96:0/1927887202 shutdown_connections
2022-02-02T18:15:05.902 INFO:teuthology.orchestra.run.smithi096.stderr:/usr/bin/ceph:
2022-02-02T18:15:05.897+0000 7f7a14e58700 1 --2- 172.21.15.96:0/1927887202 >> [v2:172.21.15.96:6800/3765010446,v1:172.21.15.96:6801/3765010446] conn(0x7f79f402fe60 0x7f79f4032320 unknown :-1 s=CLOSED pgs=9 cs=0 l=1 rev1=1 rx=0 tx=0).stop
2022-02-02T18:15:05.902 INFO:teuthology.orchestra.run.smithi096.stderr:/usr/bin/ceph:
2022-02-02T18:15:05.897+0000 7f7a14e58700 1 --2- 172.21.15.96:0/1927887202 >> [v2:172.21.15.96:3300/0,v1:172.21.15.96:6789/0] conn(0x7f7a100faa80 0x7f7a101097c0 unknown :-1 s=CLOSED pgs=63 cs=0 l=1 rev1=1 rx=0 tx=0).stop
2022-02-02T18:15:05.902 INFO:teuthology.orchestra.run.smithi096.stderr:/usr/bin/ceph:
2022-02-02T18:15:05.897+0000 7f7a14e58700 1 -- 172.21.15.96:0/1927887202 >> 172.21.15.96:0/1927887202 conn(0x7f7a100f6260 msgr2=0x7f7a100f7ca0 unknown :-1 s=STATE_NONE l=0).mark_down
2022-02-02T18:15:05.903 INFO:teuthology.orchestra.run.smithi096.stderr:/usr/bin/ceph:
2022-02-02T18:15:05.897+0000 7f7a14e58700 1 -- 172.21.15.96:0/1927887202 shutdown_connections
2022-02-02T18:15:05.903 INFO:teuthology.orchestra.run.smithi096.stderr:/usr/bin/ceph:
2022-02-02T18:15:05.897+0000 7f7a14e58700 1 -- 172.21.15.96:0/1927887202 wait complete.
2022-02-02T18:15:06.269 INFO:teuthology.orchestra.run.smithi096.stderr:Running command: /bin/podman run --rm --ipc=host --no-hosts --net=host --entrypoint /usr/bin/ceph --init -e CONTAINER_IMAGE=docker.io/ceph/ceph:v16.2.4 -e NODE_NAME=smithi096 -e CEPH_USE_RANDOM_NONCE=1 -v /var/log/ceph/e1d78c58-8453-11ec-8c35-001a4aab830c:/var/log/ceph:z -v /tmp/ceph-tmpevgulqsj:/etc/ceph/ceph.client.admin.keyring:z -v /tmp/ceph-tmp5tq2m_rc:/etc/ceph/ceph.conf:z docker.io/ceph/ceph:v16.2.4 config set mgr mgr/dashboard/ssl_server_port 8443
2022-02-02T18:15:06.699 INFO:journalctl@ceph.mon.smithi096.smithi096.stdout:Feb 02 18:15:06 smithi096 conmon[32067]: audit
2022-02-02T18:15:04.865448+0000 mgr.smithi096.shfutl (mgr.14142) 7 : audit [DBG] from='client.14154 -' entity='client.admin' cmd=[{"prefix": "orch apply", "service_type": "alertmanager", "target": ["mon-mgr", ""]}]: dispatch
2022-02-02T18:15:06.700 INFO:journalctl@ceph.mon.smithi096.smithi096.stdout:Feb 02 18:15:06 smithi096 conmon[32067]: cephadm
2022-02-02T18:15:04.866002+0000 mgr.smithi096.shfutl (mgr.14142) 8 : cephadm [INF] Saving service alertmanager spec with placement count:1
2022-02-02T18:15:06.700 INFO:journalctl@ceph.mon.smithi096.smithi096.stdout:Feb 02 18:15:06 smithi096 conmon[32067]: audit
2022-02-02T18:15:05.895679+0000 mon.smithi096 (mon.0) 85 : audit [INF] from='client.? 172.21.15.96:0/1927887202' entity='client.admin'
2022-02-02T18:15:06.704 INFO:teuthology.orchestra.run.smithi096.stderr:/usr/bin/ceph:
2022-02-02T18:15:06.696+0000 7fd806e67700 1 Processor -- start
2022-02-02T18:15:06.704 INFO:teuthology.orchestra.run.smithi096.stderr:/usr/bin/ceph:
2022-02-02T18:15:06.696+0000 7fd806e67700 1 -- start start
2022-02-02T18:15:06.704 INFO:teuthology.orchestra.run.smithi096.stderr:/usr/bin/ceph:
2022-02-02T18:15:06.696+0000 7fd806e67700 1 --2- >> [v2:172.21.15.96:3300/0,v1:172.21.15.96:6789/0] conn(0x7fd800071c60 0x7fd800070200 unknown :-1 s=NONE pgs=0 cs=0 l=0 rev1=0 rx=0 tx=0).connect
2022-02-02T18:15:06.705 INFO:teuthology.orchestra.run.smithi096.stderr:/usr/bin/ceph:
2022-02-02T18:15:06.696+0000 7fd806e67700 1 -- --> [v2:172.21.15.96:3300/0,v1:172.21.15.96:6789/0] -- mon_getmap magic: 0 v1 -- 0x7fd800072080 con 0x7fd800071c60
2022-02-02T18:15:06.705 INFO:teuthology.orchestra.run.smithi096.stderr:/usr/bin/ceph:
2022-02-02T18:15:06.696+0000 7fd804c03700 1 --2- >> [v2:172.21.15.96:3300/0,v1:172.21.15.96:6789/0] conn(0x7fd800071c60 0x7fd800070200 unknown :-1 s=BANNER_CONNECTING pgs=0 cs=0 l=0 rev1=0 rx=0 tx=0)._handle_peer_banner_payload supported=1 required=0
2022-02-02T18:15:06.705 INFO:teuthology.orchestra.run.smithi096.stderr:/usr/bin/ceph:
2022-02-02T18:15:06.696+0000 7fd804c03700 1 --2- >> [v2:172.21.15.96:3300/0,v1:172.21.15.96:6789/0] conn(0x7fd800071c60 0x7fd800070200 unknown :-1 s=HELLO_CONNECTING pgs=0 cs=0 l=0 rev1=1 rx=0 tx=0).handle_hello peer v2:172.21.15.96:3300/0 says I am v2:172.21.15.96:51432/0 (socket says 172.21.15.96:51432)
2022-02-02T18:15:06.705 INFO:teuthology.orchestra.run.smithi096.stderr:/usr/bin/ceph:
2022-02-02T18:15:06.696+0000 7fd804c03700 1 -- 172.21.15.96:0/4094184394 learned_addr learned my addr 172.21.15.96:0/4094184394 (peer_addr_for_me v2:172.21.15.96:0/0)
2022-02-02T18:15:06.706 INFO:teuthology.orchestra.run.smithi096.stderr:/usr/bin/ceph:
2022-02-02T18:15:06.697+0000 7fd804c03700 1 -- 172.21.15.96:0/4094184394 --> [v2:172.21.15.96:3300/0,v1:172.21.15.96:6789/0] -- mon_subscribe({config=0+,monmap=0+}) v3 -- 0x7fd8000706f0 con 0x7fd800071c60
2022-02-02T18:15:06.706 INFO:teuthology.orchestra.run.smithi096.stderr:/usr/bin/ceph:
2022-02-02T18:15:06.697+0000 7fd804c03700 1 --2- 172.21.15.96:0/4094184394 >> [v2:172.21.15.96:3300/0,v1:172.21.15.96:6789/0] conn(0x7fd800071c60 0x7fd800070200 secure :-1 s=READY pgs=64 cs=0 l=1 rev1=1 rx=0x7fd7f400b5f0 tx=0x7fd7f4006ee0).ready entity=mon.0 client_cookie=ef3347dbe29c2117 server_cookie=0 in_seq=0 out_seq=0
2022-02-02T18:15:06.706 INFO:teuthology.orchestra.run.smithi096.stderr:/usr/bin/ceph:
2022-02-02T18:15:06.697+0000 7fd7ff7fe700 1 -- 172.21.15.96:0/4094184394 <== mon.0 v2:172.21.15.96:3300/0 1 ==== mon_map magic: 0 v1 ==== 229+0+0 (secure 0 0 0) 0x7fd7f400d600 con 0x7fd800071c60
2022-02-02T18:15:06.706 INFO:teuthology.orchestra.run.smithi096.stderr:/usr/bin/ceph:
2022-02-02T18:15:06.697+0000 7fd7ff7fe700 1 -- 172.21.15.96:0/4094184394 <== mon.0 v2:172.21.15.96:3300/0 2 ==== config(25 keys) v1 ==== 1047+0+0 (secure 0 0 0) 0x7fd7f400dbf0 con 0x7fd800071c60
2022-02-02T18:15:06.707 INFO:teuthology.orchestra.run.smithi096.stderr:/usr/bin/ceph:
2022-02-02T18:15:06.697+0000 7fd7ff7fe700 1 -- 172.21.15.96:0/4094184394 <== mon.0 v2:172.21.15.96:3300/0 3 ==== mon_map magic: 0 v1 ==== 229+0+0 (secure 0 0 0) 0x7fd7f4011bf0 con 0x7fd800071c60
2022-02-02T18:15:06.707 INFO:teuthology.orchestra.run.smithi096.stderr:/usr/bin/ceph:
2022-02-02T18:15:06.698+0000 7fd806e67700 1 -- 172.21.15.96:0/4094184394 >> [v2:172.21.15.96:3300/0,v1:172.21.15.96:6789/0] conn(0x7fd800071c60 msgr2=0x7fd800070200 secure :-1 s=STATE_CONNECTION_ESTABLISHED l=1).mark_down
2022-02-02T18:15:06.707 INFO:teuthology.orchestra.run.smithi096.stderr:/usr/bin/ceph:
2022-02-02T18:15:06.698+0000 7fd806e67700 1 --2- 172.21.15.96:0/4094184394 >> [v2:172.21.15.96:3300/0,v1:172.21.15.96:6789/0] conn(0x7fd800071c60 0x7fd800070200 secure :-1 s=READY pgs=64 cs=0 l=1 rev1=1 rx=0x7fd7f400b5f0 tx=0x7fd7f4006ee0).stop
2022-02-02T18:15:06.707 INFO:teuthology.orchestra.run.smithi096.stderr:/usr/bin/ceph:
2022-02-02T18:15:06.698+0000 7fd806e67700 1 -- 172.21.15.96:0/4094184394 shutdown_connections
2022-02-02T18:15:06.708 INFO:teuthology.orchestra.run.smithi096.stderr:/usr/bin/ceph:
2022-02-02T18:15:06.698+0000 7fd806e67700 1 --2- 172.21.15.96:0/4094184394 >> [v2:172.21.15.96:3300/0,v1:172.21.15.96:6789/0] conn(0x7fd800071c60 0x7fd800070200 unknown :-1 s=CLOSED pgs=64 cs=0 l=1 rev1=1 rx=0 tx=0).stop
2022-02-02T18:15:06.708 INFO:teuthology.orchestra.run.smithi096.stderr:/usr/bin/ceph:
2022-02-02T18:15:06.698+0000 7fd806e67700 1 -- 172.21.15.96:0/4094184394 >> 172.21.15.96:0/4094184394 conn(0x7fd8000f73d0 msgr2=0x7fd8000f97f0 unknown :-1 s=STATE_NONE l=0).mark_down
2022-02-02T18:15:06.708 INFO:teuthology.orchestra.run.smithi096.stderr:/usr/bin/ceph:
2022-02-02T18:15:06.698+0000 7fd806e67700 1 -- 172.21.15.96:0/4094184394 shutdown_connections
2022-02-02T18:15:06.708 INFO:teuthology.orchestra.run.smithi096.stderr:/usr/bin/ceph:
2022-02-02T18:15:06.698+0000 7fd806e67700 1 -- 172.21.15.96:0/4094184394 wait complete.
2022-02-02T18:15:06.709 INFO:teuthology.orchestra.run.smithi096.stderr:/usr/bin/ceph:
2022-02-02T18:15:06.699+0000 7fd806e67700 1 Processor -- start
2022-02-02T18:15:06.709 INFO:teuthology.orchestra.run.smithi096.stderr:/usr/bin/ceph:
2022-02-02T18:15:06.699+0000 7fd806e67700 1 -- start start
2022-02-02T18:15:06.709 INFO:teuthology.orchestra.run.smithi096.stderr:/usr/bin/ceph:
2022-02-02T18:15:06.699+0000 7fd806e67700 1 --2- >> [v2:172.21.15.96:3300/0,v1:172.21.15.96:6789/0] conn(0x7fd800071c60 0x7fd80010cbb0 unknown :-1 s=NONE pgs=0 cs=0 l=1 rev1=0 rx=0 tx=0).connect
2022-02-02T18:15:06.709 INFO:teuthology.orchestra.run.smithi096.stderr:/usr/bin/ceph:
2022-02-02T18:15:06.699+0000 7fd806e67700 1 -- --> [v2:172.21.15.96:3300/0,v1:172.21.15.96:6789/0] -- mon_getmap magic: 0 v1 -- 0x7fd80010d0a0 con 0x7fd800071c60
2022-02-02T18:15:06.710 INFO:teuthology.orchestra.run.smithi096.stderr:/usr/bin/ceph:
2022-02-02T18:15:06.699+0000 7fd804c03700 1 --2- >> [v2:172.21.15.96:3300/0,v1:172.21.15.96:6789/0] conn(0x7fd800071c60 0x7fd80010cbb0 unknown :-1 s=BANNER_CONNECTING pgs=0 cs=0 l=1 rev1=0 rx=0 tx=0)._handle_peer_banner_payload supported=1 required=0
2022-02-02T18:15:06.710 INFO:teuthology.orchestra.run.smithi096.stderr:/usr/bin/ceph:
2022-02-02T18:15:06.699+0000 7fd804c03700 1 --2- >> [v2:172.21.15.96:3300/0,v1:172.21.15.96:6789/0] conn(0x7fd800071c60 0x7fd80010cbb0 unknown :-1 s=HELLO_CONNECTING pgs=0 cs=0 l=1 rev1=1 rx=0 tx=0).handle_hello peer v2:172.21.15.96:3300/0 says I am v2:172.21.15.96:51434/0 (socket says 172.21.15.96:51434)
2022-02-02T18:15:06.710 INFO:teuthology.orchestra.run.smithi096.stderr:/usr/bin/ceph:
2022-02-02T18:15:06.699+0000 7fd804c03700 1 -- 172.21.15.96:0/2548969799 learned_addr learned my addr 172.21.15.96:0/2548969799 (peer_addr_for_me v2:172.21.15.96:0/0)
2022-02-02T18:15:06.710 INFO:teuthology.orchestra.run.smithi096.stderr:/usr/bin/ceph:
2022-02-02T18:15:06.699+0000 7fd804c03700 1 -- 172.21.15.96:0/2548969799 --> [v2:172.21.15.96:3300/0,v1:172.21.15.96:6789/0] -- mon_subscribe({config=0+,monmap=0+}) v3 -- 0x7fd7f400b200 con 0x7fd800071c60
2022-02-02T18:15:06.711 INFO:teuthology.orchestra.run.smithi096.stderr:/usr/bin/ceph:
2022-02-02T18:15:06.699+0000 7fd804c03700 1 --2- 172.21.15.96:0/2548969799 >> [v2:172.21.15.96:3300/0,v1:172.21.15.96:6789/0] conn(0x7fd800071c60 0x7fd80010cbb0 secure :-1 s=READY pgs=65 cs=0 l=1 rev1=1 rx=0x7fd7f4006800 tx=0x7fd7f4006ee0).ready entity=mon.0 client_cookie=0 server_cookie=0 in_seq=0 out_seq=0
2022-02-02T18:15:06.711 INFO:teuthology.orchestra.run.smithi096.stderr:/usr/bin/ceph:
2022-02-02T18:15:06.700+0000 7fd7fd7fa700 1 -- 172.21.15.96:0/2548969799 <== mon.0 v2:172.21.15.96:3300/0 1 ==== mon_map magic: 0 v1 ==== 229+0+0 (secure 0 0 0) 0x7fd7f400dec0 con 0x7fd800071c60
2022-02-02T18:15:06.711 INFO:teuthology.orchestra.run.smithi096.stderr:/usr/bin/ceph:
2022-02-02T18:15:06.700+0000 7fd806e67700 1 -- 172.21.15.96:0/2548969799 --> [v2:172.21.15.96:3300/0,v1:172.21.15.96:6789/0] -- mon_subscribe({mgrmap=0+}) v3 -- 0x7fd80010d2a0 con 0x7fd800071c60
2022-02-02T18:15:06.711 INFO:teuthology.orchestra.run.smithi096.stderr:/usr/bin/ceph:
2022-02-02T18:15:06.700+0000 7fd7fd7fa700 1 -- 172.21.15.96:0/2548969799 <== mon.0 v2:172.21.15.96:3300/0 2 ==== config(25 keys) v1 ==== 1047+0+0 (secure 0 0 0) 0x7fd7f401b8a0 con 0x7fd800071c60
2022-02-02T18:15:06.712 INFO:teuthology.orchestra.run.smithi096.stderr:/usr/bin/ceph:
2022-02-02T18:15:06.700+0000 7fd7fd7fa700 1 -- 172.21.15.96:0/2548969799 <== mon.0 v2:172.21.15.96:3300/0 3 ==== mon_map magic: 0 v1 ==== 229+0+0 (secure 0 0 0) 0x7fd7f401a6f0 con 0x7fd800071c60
2022-02-02T18:15:06.712 INFO:teuthology.orchestra.run.smithi096.stderr:/usr/bin/ceph:
2022-02-02T18:15:06.700+0000 7fd806e67700 1 -- 172.21.15.96:0/2548969799 --> [v2:172.21.15.96:3300/0,v1:172.21.15.96:6789/0] -- mon_subscribe({osdmap=0}) v3 -- 0x7fd80010d730 con 0x7fd800071c60
2022-02-02T18:15:06.712 INFO:teuthology.orchestra.run.smithi096.stderr:/usr/bin/ceph:
2022-02-02T18:15:06.701+0000 7fd806e67700 1 -- 172.21.15.96:0/2548969799 --> [v2:172.21.15.96:3300/0,v1:172.21.15.96:6789/0] -- mon_command({"prefix": "get_command_descriptions"} v 0) v1 -- 0x7fd800045ad0 con 0x7fd800071c60
2022-02-02T18:15:06.712 INFO:teuthology.orchestra.run.smithi096.stderr:/usr/bin/ceph:
2022-02-02T18:15:06.701+0000 7fd7fd7fa700 1 -- 172.21.15.96:0/2548969799 <== mon.0 v2:172.21.15.96:3300/0 4 ==== mgrmap(e 11) v1 ==== 36195+0+0 (secure 0 0 0) 0x7fd7f402b070 con 0x7fd800071c60
2022-02-02T18:15:06.713 INFO:teuthology.orchestra.run.smithi096.stderr:/usr/bin/ceph:
2022-02-02T18:15:06.701+0000 7fd7fd7fa700 1 --2- 172.21.15.96:0/2548969799 >> [v2:172.21.15.96:6800/3765010446,v1:172.21.15.96:6801/3765010446] conn(0x7fd7e402fe60 0x7fd7e4032320 unknown :-1 s=NONE pgs=0 cs=0 l=1 rev1=0 rx=0 tx=0).connect
2022-02-02T18:15:06.714 INFO:teuthology.orchestra.run.smithi096.stderr:/usr/bin/ceph:
2022-02-02T18:15:06.701+0000 7fd7fd7fa700 1 -- 172.21.15.96:0/2548969799 <== mon.0 v2:172.21.15.96:3300/0 5 ==== osd_map(3..3 src has 1..3) v4 ==== 1065+0+0 (secure 0 0 0) 0x7fd7f40415b0 con 0x7fd800071c60
2022-02-02T18:15:06.714 INFO:teuthology.orchestra.run.smithi096.stderr:/usr/bin/ceph:
2022-02-02T18:15:06.701+0000 7fd7fffff700 1 --2- 172.21.15.96:0/2548969799 >> [v2:172.21.15.96:6800/3765010446,v1:172.21.15.96:6801/3765010446] conn(0x7fd7e402fe60 0x7fd7e4032320 unknown :-1 s=BANNER_CONNECTING pgs=0 cs=0 l=1 rev1=0 rx=0 tx=0)._handle_peer_banner_payload supported=1 required=0
2022-02-02T18:15:06.714 INFO:teuthology.orchestra.run.smithi096.stderr:/usr/bin/ceph:
2022-02-02T18:15:06.702+0000 7fd7fffff700 1 --2- 172.21.15.96:0/2548969799 >> [v2:172.21.15.96:6800/3765010446,v1:172.21.15.96:6801/3765010446] conn(0x7fd7e402fe60 0x7fd7e4032320 secure :-1 s=READY pgs=10 cs=0 l=1 rev1=1 rx=0x7fd7ec0096a0 tx=0x7fd7ec006b40).ready entity=mgr.14142 client_cookie=0 server_cookie=0 in_seq=0 out_seq=0
2022-02-02T18:15:06.714 INFO:teuthology.orchestra.run.smithi096.stderr:/usr/bin/ceph:
2022-02-02T18:15:06.705+0000 7fd7fd7fa700 1 -- 172.21.15.96:0/2548969799 <== mon.0 v2:172.21.15.96:3300/0 6 ==== mon_command_ack([{"prefix": "get_command_descriptions"}]=0 v0) v1 ==== 72+0+152212 (secure 0 0 0) 0x7fd7f402b4e0 con 0x7fd800071c60
2022-02-02T18:15:06.858 INFO:teuthology.orchestra.run.smithi096.stderr:/usr/bin/ceph:
2022-02-02T18:15:06.854+0000 7fd806e67700 1 -- 172.21.15.96:0/2548969799 --> [v2:172.21.15.96:3300/0,v1:172.21.15.96:6789/0] -- mon_command([{prefix=config set, name=mgr/dashboard/ssl_server_port}] v 0) v1 -- 0x7fd800101d70 con 0x7fd800071c60
2022-02-02T18:15:06.860 INFO:teuthology.orchestra.run.smithi096.stderr:/usr/bin/ceph:
2022-02-02T18:15:06.857+0000 7fd7fd7fa700 1 -- 172.21.15.96:0/2548969799 <== mon.0 v2:172.21.15.96:3300/0 7 ==== mon_command_ack([{prefix=config set, name=mgr/dashboard/ssl_server_port}]=0 v10)=0 v10) v1 ==== 130+0+0 (secure 0 0 0) 0x7fd7f4016020 con 0x7fd800071c60
2022-02-02T18:15:06.863 INFO:teuthology.orchestra.run.smithi096.stderr:/usr/bin/ceph:
2022-02-02T18:15:06.859+0000 7fd806e67700 1 -- 172.21.15.96:0/2548969799 >> [v2:172.21.15.96:6800/3765010446,v1:172.21.15.96:6801/3765010446] conn(0x7fd7e402fe60 msgr2=0x7fd7e4032320 secure :-1 s=STATE_CONNECTION_ESTABLISHED l=1).mark_down
2022-02-02T18:15:06.863 INFO:teuthology.orchestra.run.smithi096.stderr:/usr/bin/ceph:
2022-02-02T18:15:06.859+0000 7fd806e67700 1 --2- 172.21.15.96:0/2548969799 >> [v2:172.21.15.96:6800/3765010446,v1:172.21.15.96:6801/3765010446] conn(0x7fd7e402fe60 0x7fd7e4032320 secure :-1 s=READY pgs=10 cs=0 l=1 rev1=1 rx=0x7fd7ec0096a0 tx=0x7fd7ec006b40).stop
2022-02-02T18:15:06.863 INFO:teuthology.orchestra.run.smithi096.stderr:/usr/bin/ceph:
2022-02-02T18:15:06.859+0000 7fd806e67700 1 -- 172.21.15.96:0/2548969799 >> [v2:172.21.15.96:3300/0,v1:172.21.15.96:6789/0] conn(0x7fd800071c60 msgr2=0x7fd80010cbb0 secure :-1 s=STATE_CONNECTION_ESTABLISHED l=1).mark_down
2022-02-02T18:15:06.864 INFO:teuthology.orchestra.run.smithi096.stderr:/usr/bin/ceph:
2022-02-02T18:15:06.859+0000 7fd806e67700 1 --2- 172.21.15.96:0/2548969799 >> [v2:172.21.15.96:3300/0,v1:172.21.15.96:6789/0] conn(0x7fd800071c60 0x7fd80010cbb0 secure :-1 s=READY pgs=65 cs=0 l=1 rev1=1 rx=0x7fd7f4006800 tx=0x7fd7f4006ee0).stop
2022-02-02T18:15:06.864 INFO:teuthology.orchestra.run.smithi096.stderr:/usr/bin/ceph:
2022-02-02T18:15:06.859+0000 7fd806e67700 1 -- 172.21.15.96:0/2548969799 shutdown_connections
2022-02-02T18:15:06.864 INFO:teuthology.orchestra.run.smithi096.stderr:/usr/bin/ceph:
2022-02-02T18:15:06.859+0000 7fd806e67700 1 --2- 172.21.15.96:0/2548969799 >> [v2:172.21.15.96:6800/3765010446,v1:172.21.15.96:6801/3765010446] conn(0x7fd7e402fe60 0x7fd7e4032320 unknown :-1 s=CLOSED pgs=10 cs=0 l=1 rev1=1 rx=0 tx=0).stop
2022-02-02T18:15:06.864 INFO:teuthology.orchestra.run.smithi096.stderr:/usr/bin/ceph:
2022-02-02T18:15:06.859+0000 7fd806e67700 1 --2- 172.21.15.96:0/2548969799 >> [v2:172.21.15.96:3300/0,v1:172.21.15.96:6789/0] conn(0x7fd800071c60 0x7fd80010cbb0 unknown :-1 s=CLOSED pgs=65 cs=0 l=1 rev1=1 rx=0 tx=0).stop
2022-02-02T18:15:06.865 INFO:teuthology.orchestra.run.smithi096.stderr:/usr/bin/ceph:
2022-02-02T18:15:06.859+0000 7fd806e67700 1 -- 172.21.15.96:0/2548969799 >> 172.21.15.96:0/2548969799 conn(0x7fd8000f73d0 msgr2=0x7fd8000f8f00 unknown :-1 s=STATE_NONE l=0).mark_down
2022-02-02T18:15:06.865 INFO:teuthology.orchestra.run.smithi096.stderr:/usr/bin/ceph:
2022-02-02T18:15:06.859+0000 7fd806e67700 1 -- 172.21.15.96:0/2548969799 shutdown_connections
2022-02-02T18:15:06.865 INFO:teuthology.orchestra.run.smithi096.stderr:/usr/bin/ceph:
2022-02-02T18:15:06.859+0000 7fd806e67700 1 -- 172.21.15.96:0/2548969799 wait complete.
2022-02-02T18:15:07.305 INFO:teuthology.orchestra.run.smithi096.stderr:Enabling the dashboard module...
2022-02-02T18:15:07.305 INFO:teuthology.orchestra.run.smithi096.stderr:Running command: /bin/podman run --rm --ipc=host --no-hosts --net=host --entrypoint /usr/bin/ceph --init -e CONTAINER_IMAGE=docker.io/ceph/ceph:v16.2.4 -e NODE_NAME=smithi096 -e CEPH_USE_RANDOM_NONCE=1 -v /var/log/ceph/e1d78c58-8453-11ec-8c35-001a4aab830c:/var/log/ceph:z -v /tmp/ceph-tmpevgulqsj:/etc/ceph/ceph.client.admin.keyring:z -v /tmp/ceph-tmp5tq2m_rc:/etc/ceph/ceph.conf:z docker.io/ceph/ceph:v16.2.4 mgr module enable dashboard
2022-02-02T18:15:07.781 INFO:teuthology.orchestra.run.smithi096.stderr:/usr/bin/ceph:
2022-02-02T18:15:07.775+0000 7f73e2cd2700 1 Processor -- start
2022-02-02T18:15:07.781 INFO:teuthology.orchestra.run.smithi096.stderr:/usr/bin/ceph:
2022-02-02T18:15:07.775+0000 7f73e2cd2700 1 -- start start
2022-02-02T18:15:07.782 INFO:teuthology.orchestra.run.smithi096.stderr:/usr/bin/ceph:
2022-02-02T18:15:07.775+0000 7f73e2cd2700 1 --2- >> [v2:172.21.15.96:3300/0,v1:172.21.15.96:6789/0] conn(0x7f73dc06fc40 0x7f73dc0fe820 unknown :-1 s=NONE pgs=0 cs=0 l=0 rev1=0 rx=0 tx=0).connect
2022-02-02T18:15:07.782 INFO:teuthology.orchestra.run.smithi096.stderr:/usr/bin/ceph:
2022-02-02T18:15:07.775+0000 7f73e2cd2700 1 -- --> [v2:172.21.15.96:3300/0,v1:172.21.15.96:6789/0] -- mon_getmap magic: 0 v1 -- 0x7f73dc0feda0 con 0x7f73dc06fc40
2022-02-02T18:15:07.782 INFO:teuthology.orchestra.run.smithi096.stderr:/usr/bin/ceph:
2022-02-02T18:15:07.775+0000 7f73e0a6e700 1 --2- >> [v2:172.21.15.96:3300/0,v1:172.21.15.96:6789/0] conn(0x7f73dc06fc40 0x7f73dc0fe820 unknown :-1 s=BANNER_CONNECTING pgs=0 cs=0 l=0 rev1=0 rx=0 tx=0)._handle_peer_banner_payload supported=1 required=0
2022-02-02T18:15:07.782 INFO:teuthology.orchestra.run.smithi096.stderr:/usr/bin/ceph:
2022-02-02T18:15:07.775+0000 7f73e0a6e700 1 --2- >> [v2:172.21.15.96:3300/0,v1:172.21.15.96:6789/0] conn(0x7f73dc06fc40 0x7f73dc0fe820 unknown :-1 s=HELLO_CONNECTING pgs=0 cs=0 l=0 rev1=1 rx=0 tx=0).handle_hello peer v2:172.21.15.96:3300/0 says I am v2:172.21.15.96:51438/0 (socket says 172.21.15.96:51438)
2022-02-02T18:15:07.783 INFO:teuthology.orchestra.run.smithi096.stderr:/usr/bin/ceph:
2022-02-02T18:15:07.775+0000 7f73e0a6e700 1 -- 172.21.15.96:0/4282645710 learned_addr learned my addr 172.21.15.96:0/4282645710 (peer_addr_for_me v2:172.21.15.96:0/0)
2022-02-02T18:15:07.783 INFO:teuthology.orchestra.run.smithi096.stderr:/usr/bin/ceph:
2022-02-02T18:15:07.775+0000 7f73e0a6e700 1 -- 172.21.15.96:0/4282645710 --> [v2:172.21.15.96:3300/0,v1:172.21.15.96:6789/0] -- mon_subscribe({config=0+,monmap=0+}) v3 -- 0x7f73dc0feee0 con 0x7f73dc06fc40
2022-02-02T18:15:07.783 INFO:teuthology.orchestra.run.smithi096.stderr:/usr/bin/ceph:
2022-02-02T18:15:07.776+0000 7f73e0a6e700 1 --2- 172.21.15.96:0/4282645710 >> [v2:172.21.15.96:3300/0,v1:172.21.15.96:6789/0] conn(0x7f73dc06fc40 0x7f73dc0fe820 secure :-1 s=READY pgs=66 cs=0 l=1 rev1=1 rx=0x7f73cc00b5f0 tx=0x7f73cc006ee0).ready entity=mon.0 client_cookie=3b1113e9d0213f87 server_cookie=0 in_seq=0 out_seq=0
2022-02-02T18:15:07.783 INFO:teuthology.orchestra.run.smithi096.stderr:/usr/bin/ceph:
2022-02-02T18:15:07.776+0000 7f73db7fe700 1 -- 172.21.15.96:0/4282645710 <== mon.0 v2:172.21.15.96:3300/0 1 ==== mon_map magic: 0 v1 ==== 229+0+0 (secure 0 0 0) 0x7f73cc00d600 con 0x7f73dc06fc40
2022-02-02T18:15:07.783 INFO:teuthology.orchestra.run.smithi096.stderr:/usr/bin/ceph:
2022-02-02T18:15:07.776+0000 7f73db7fe700 1 -- 172.21.15.96:0/4282645710 <== mon.0 v2:172.21.15.96:3300/0 2 ==== config(25 keys) v1 ==== 1047+0+0 (secure 0 0 0) 0x7f73cc00dbf0 con 0x7f73dc06fc40
2022-02-02T18:15:07.784 INFO:teuthology.orchestra.run.smithi096.stderr:/usr/bin/ceph:
2022-02-02T18:15:07.776+0000 7f73db7fe700 1 -- 172.21.15.96:0/4282645710 <== mon.0 v2:172.21.15.96:3300/0 3 ==== mon_map magic: 0 v1 ==== 229+0+0 (secure 0 0 0) 0x7f73cc011bf0 con 0x7f73dc06fc40
2022-02-02T18:15:07.784 INFO:teuthology.orchestra.run.smithi096.stderr:/usr/bin/ceph:
2022-02-02T18:15:07.776+0000 7f73e2cd2700 1 -- 172.21.15.96:0/4282645710 >> [v2:172.21.15.96:3300/0,v1:172.21.15.96:6789/0] conn(0x7f73dc06fc40 msgr2=0x7f73dc0fe820 secure :-1 s=STATE_CONNECTION_ESTABLISHED l=1).mark_down
2022-02-02T18:15:07.784 INFO:teuthology.orchestra.run.smithi096.stderr:/usr/bin/ceph:
2022-02-02T18:15:07.776+0000 7f73e2cd2700 1 --2- 172.21.15.96:0/4282645710 >> [v2:172.21.15.96:3300/0,v1:172.21.15.96:6789/0] conn(0x7f73dc06fc40 0x7f73dc0fe820 secure :-1 s=READY pgs=66 cs=0 l=1 rev1=1 rx=0x7f73cc00b5f0 tx=0x7f73cc006ee0).stop
2022-02-02T18:15:07.784 INFO:teuthology.orchestra.run.smithi096.stderr:/usr/bin/ceph:
2022-02-02T18:15:07.777+0000 7f73e2cd2700 1 -- 172.21.15.96:0/4282645710 shutdown_connections
2022-02-02T18:15:07.784 INFO:teuthology.orchestra.run.smithi096.stderr:/usr/bin/ceph:
2022-02-02T18:15:07.777+0000 7f73e2cd2700 1 --2- 172.21.15.96:0/4282645710 >> [v2:172.21.15.96:3300/0,v1:172.21.15.96:6789/0] conn(0x7f73dc06fc40 0x7f73dc0fe820 unknown :-1 s=CLOSED pgs=66 cs=0 l=1 rev1=1 rx=0 tx=0).stop
2022-02-02T18:15:07.785 INFO:teuthology.orchestra.run.smithi096.stderr:/usr/bin/ceph:
2022-02-02T18:15:07.777+0000 7f73e2cd2700 1 -- 172.21.15.96:0/4282645710 >> 172.21.15.96:0/4282645710 conn(0x7f73dc0f62a0 msgr2=0x7f73dc0f86c0 unknown :-1 s=STATE_NONE l=0).mark_down
2022-02-02T18:15:07.785 INFO:teuthology.orchestra.run.smithi096.stderr:/usr/bin/ceph:
2022-02-02T18:15:07.777+0000 7f73e2cd2700 1 -- 172.21.15.96:0/4282645710 shutdown_connections
2022-02-02T18:15:07.785 INFO:teuthology.orchestra.run.smithi096.stderr:/usr/bin/ceph:
2022-02-02T18:15:07.777+0000 7f73e2cd2700 1 -- 172.21.15.96:0/4282645710 wait complete.
2022-02-02T18:15:07.785 INFO:teuthology.orchestra.run.smithi096.stderr:/usr/bin/ceph:
2022-02-02T18:15:07.777+0000 7f73e2cd2700 1 Processor -- start
2022-02-02T18:15:07.786 INFO:teuthology.orchestra.run.smithi096.stderr:/usr/bin/ceph:
2022-02-02T18:15:07.777+0000 7f73e2cd2700 1 -- start start
2022-02-02T18:15:07.786 INFO:teuthology.orchestra.run.smithi096.stderr:/usr/bin/ceph:
2022-02-02T18:15:07.778+0000 7f73e2cd2700 1 --2- >> [v2:172.21.15.96:3300/0,v1:172.21.15.96:6789/0] conn(0x7f73dc06fc40 0x7f73dc0fc2a0 unknown :-1 s=NONE pgs=0 cs=0 l=1 rev1=0 rx=0 tx=0).connect
2022-02-02T18:15:07.786 INFO:teuthology.orchestra.run.smithi096.stderr:/usr/bin/ceph:
2022-02-02T18:15:07.778+0000 7f73e2cd2700 1 -- --> [v2:172.21.15.96:3300/0,v1:172.21.15.96:6789/0] -- mon_getmap magic: 0 v1 -- 0x7f73dc0fa720 con 0x7f73dc06fc40
2022-02-02T18:15:07.786 INFO:teuthology.orchestra.run.smithi096.stderr:/usr/bin/ceph:
2022-02-02T18:15:07.778+0000 7f73e0a6e700 1 --2- >> [v2:172.21.15.96:3300/0,v1:172.21.15.96:6789/0] conn(0x7f73dc06fc40 0x7f73dc0fc2a0 unknown :-1 s=BANNER_CONNECTING pgs=0 cs=0 l=1 rev1=0 rx=0 tx=0)._handle_peer_banner_payload supported=1 required=0
2022-02-02T18:15:07.786 INFO:teuthology.orchestra.run.smithi096.stderr:/usr/bin/ceph:
2022-02-02T18:15:07.778+0000 7f73e0a6e700 1 --2- >> [v2:172.21.15.96:3300/0,v1:172.21.15.96:6789/0] conn(0x7f73dc06fc40 0x7f73dc0fc2a0 unknown :-1 s=HELLO_CONNECTING pgs=0 cs=0 l=1 rev1=1 rx=0 tx=0).handle_hello peer v2:172.21.15.96:3300/0 says I am v2:172.21.15.96:51440/0 (socket says 172.21.15.96:51440)
2022-02-02T18:15:07.787 INFO:teuthology.orchestra.run.smithi096.stderr:/usr/bin/ceph:
2022-02-02T18:15:07.778+0000 7f73e0a6e700 1 -- 172.21.15.96:0/1136675012 learned_addr learned my addr 172.21.15.96:0/1136675012 (peer_addr_for_me v2:172.21.15.96:0/0)
2022-02-02T18:15:07.787 INFO:teuthology.orchestra.run.smithi096.stderr:/usr/bin/ceph:
2022-02-02T18:15:07.778+0000 7f73e0a6e700 1 -- 172.21.15.96:0/1136675012 --> [v2:172.21.15.96:3300/0,v1:172.21.15.96:6789/0] -- mon_subscribe({config=0+,monmap=0+}) v3 -- 0x7f73cc00b200 con 0x7f73dc06fc40
2022-02-02T18:15:07.787 INFO:teuthology.orchestra.run.smithi096.stderr:/usr/bin/ceph:
2022-02-02T18:15:07.778+0000 7f73e0a6e700 1 --2- 172.21.15.96:0/1136675012 >> [v2:172.21.15.96:3300/0,v1:172.21.15.96:6789/0] conn(0x7f73dc06fc40 0x7f73dc0fc2a0 secure :-1 s=READY pgs=67 cs=0 l=1 rev1=1 rx=0x7f73cc011e30 tx=0x7f73cc006ee0).ready entity=mon.0 client_cookie=0 server_cookie=0 in_seq=0 out_seq=0
2022-02-02T18:15:07.787 INFO:teuthology.orchestra.run.smithi096.stderr:/usr/bin/ceph:
2022-02-02T18:15:07.778+0000 7f73d97fa700 1 -- 172.21.15.96:0/1136675012 <== mon.0 v2:172.21.15.96:3300/0 1 ==== mon_map magic: 0 v1 ==== 229+0+0 (secure 0 0 0) 0x7f73cc01b410 con 0x7f73dc06fc40
2022-02-02T18:15:07.789 INFO:teuthology.orchestra.run.smithi096.stderr:/usr/bin/ceph:
2022-02-02T18:15:07.778+0000 7f73d97fa700 1 -- 172.21.15.96:0/1136675012 <== mon.0 v2:172.21.15.96:3300/0 2 ==== config(25 keys) v1 ==== 1047+0+0 (secure 0 0 0) 0x7f73cc01ba00 con 0x7f73dc06fc40
2022-02-02T18:15:07.789 INFO:teuthology.orchestra.run.smithi096.stderr:/usr/bin/ceph:
2022-02-02T18:15:07.778+0000 7f73d97fa700 1 -- 172.21.15.96:0/1136675012 <== mon.0 v2:172.21.15.96:3300/0 3 ==== mon_map magic: 0 v1 ==== 229+0+0 (secure 0 0 0) 0x7f73cc01a750 con 0x7f73dc06fc40
2022-02-02T18:15:07.789 INFO:teuthology.orchestra.run.smithi096.stderr:/usr/bin/ceph:
2022-02-02T18:15:07.779+0000 7f73e2cd2700 1 -- 172.21.15.96:0/1136675012 --> [v2:172.21.15.96:3300/0,v1:172.21.15.96:6789/0] -- mon_subscribe({mgrmap=0+}) v3 -- 0x7f73dc0fa8c0 con 0x7f73dc06fc40
2022-02-02T18:15:07.789 INFO:teuthology.orchestra.run.smithi096.stderr:/usr/bin/ceph:
2022-02-02T18:15:07.779+0000 7f73e2cd2700 1 -- 172.21.15.96:0/1136675012 --> [v2:172.21.15.96:3300/0,v1:172.21.15.96:6789/0] -- mon_subscribe({osdmap=0}) v3 -- 0x7f73dc0fad50 con 0x7f73dc06fc40
2022-02-02T18:15:07.790 INFO:teuthology.orchestra.run.smithi096.stderr:/usr/bin/ceph:
2022-02-02T18:15:07.779+0000 7f73e2cd2700 1 -- 172.21.15.96:0/1136675012 --> [v2:172.21.15.96:3300/0,v1:172.21.15.96:6789/0] -- mon_command({"prefix": "get_command_descriptions"} v 0) v1 -- 0x7f73dc045ad0 con 0x7f73dc06fc40
2022-02-02T18:15:07.790 INFO:teuthology.orchestra.run.smithi096.stderr:/usr/bin/ceph:
2022-02-02T18:15:07.780+0000 7f73d97fa700 1 -- 172.21.15.96:0/1136675012 <== mon.0 v2:172.21.15.96:3300/0 4 ==== mgrmap(e 11) v1 ==== 36195+0+0 (secure 0 0 0) 0x7f73cc02b070 con 0x7f73dc06fc40
2022-02-02T18:15:07.790 INFO:teuthology.orchestra.run.smithi096.stderr:/usr/bin/ceph:
2022-02-02T18:15:07.780+0000 7f73d97fa700 1 --2- 172.21.15.96:0/1136675012 >> [v2:172.21.15.96:6800/3765010446,v1:172.21.15.96:6801/3765010446] conn(0x7f73c802feb0 0x7f73c8032370 unknown :-1 s=NONE pgs=0 cs=0 l=1 rev1=0 rx=0 tx=0).connect
2022-02-02T18:15:07.791 INFO:teuthology.orchestra.run.smithi096.stderr:/usr/bin/ceph:
2022-02-02T18:15:07.780+0000 7f73d97fa700 1 -- 172.21.15.96:0/1136675012 <== mon.0 v2:172.21.15.96:3300/0 5 ==== osd_map(3..3 src has 1..3) v4 ==== 1065+0+0 (secure 0 0 0) 0x7f73cc041a90 con 0x7f73dc06fc40
2022-02-02T18:15:07.791 INFO:teuthology.orchestra.run.smithi096.stderr:/usr/bin/ceph:
2022-02-02T18:15:07.780+0000 7f73dbfff700 1 --2- 172.21.15.96:0/1136675012 >> [v2:172.21.15.96:6800/3765010446,v1:172.21.15.96:6801/3765010446] conn(0x7f73c802feb0 0x7f73c8032370 unknown :-1 s=BANNER_CONNECTING pgs=0 cs=0 l=1 rev1=0 rx=0 tx=0)._handle_peer_banner_payload supported=1 required=0
2022-02-02T18:15:07.791 INFO:teuthology.orchestra.run.smithi096.stderr:/usr/bin/ceph:
2022-02-02T18:15:07.780+0000 7f73dbfff700 1 --2- 172.21.15.96:0/1136675012 >> [v2:172.21.15.96:6800/3765010446,v1:172.21.15.96:6801/3765010446] conn(0x7f73c802feb0 0x7f73c8032370 secure :-1 s=READY pgs=11 cs=0 l=1 rev1=1 rx=0x7f73d00096a0 tx=0x7f73d0006b40).ready entity=mgr.14142 client_cookie=0 server_cookie=0 in_seq=0 out_seq=0
2022-02-02T18:15:07.791 INFO:teuthology.orchestra.run.smithi096.stderr:/usr/bin/ceph:
2022-02-02T18:15:07.784+0000 7f73d97fa700 1 -- 172.21.15.96:0/1136675012 <== mon.0 v2:172.21.15.96:3300/0 6 ==== mon_command_ack([{"prefix": "get_command_descriptions"}]=0 v0) v1 ==== 72+0+152212 (secure 0 0 0) 0x7f73cc023d40 con 0x7f73dc06fc40
2022-02-02T18:15:07.973 INFO:teuthology.orchestra.run.smithi096.stderr:/usr/bin/ceph:
2022-02-02T18:15:07.970+0000 7f73e2cd2700 1 -- 172.21.15.96:0/1136675012 --> [v2:172.21.15.96:3300/0,v1:172.21.15.96:6789/0] -- mon_command({"prefix": "mgr module enable", "module": "dashboard"} v 0) v1 -- 0x7f73dc0ffc10 con 0x7f73dc06fc40
2022-02-02T18:15:08.057 INFO:journalctl@ceph.mon.smithi096.smithi096.stdout:Feb 02 18:15:07 smithi096 conmon[32067]: audit
2022-02-02T18:15:06.858333+0000 mon.smithi096 (mon.0) 86
2022-02-02T18:15:08.058 INFO:journalctl@ceph.mon.smithi096.smithi096.stdout:Feb 02 18:15:07 smithi096 conmon[32067]: : audit [INF] from='client.? 172.21.15.96:0/2548969799' entity='client.admin'
2022-02-02T18:15:08.866 INFO:teuthology.orchestra.run.smithi096.stderr:/usr/bin/ceph:
2022-02-02T18:15:08.862+0000 7f73d97fa700 1 -- 172.21.15.96:0/1136675012 <== mon.0 v2:172.21.15.96:3300/0 7 ==== mgrmap(e 12) v1 ==== 36208+0+0 (secure 0 0 0) 0x7f73cc00f070 con 0x7f73dc06fc40
2022-02-02T18:15:08.889 INFO:teuthology.orchestra.run.smithi096.stderr:/usr/bin/ceph:
2022-02-02T18:15:08.864+0000 7f73d97fa700 1 -- 172.21.15.96:0/1136675012 <== mon.0 v2:172.21.15.96:3300/0 8 ==== mon_command_ack([{"prefix": "mgr module enable", "module": "dashboard"}]=0 v12) v1 ==== 88+0+0 (secure 0 0 0) 0x7f73cc02c350 con 0x7f73dc06fc40
2022-02-02T18:15:08.889 INFO:teuthology.orchestra.run.smithi096.stderr:/usr/bin/ceph:
2022-02-02T18:15:08.866+0000 7f73e2cd2700 1 -- 172.21.15.96:0/1136675012 >> [v2:172.21.15.96:6800/3765010446,v1:172.21.15.96:6801/3765010446] conn(0x7f73c802feb0 msgr2=0x7f73c8032370 secure :-1 s=STATE_CONNECTION_ESTABLISHED l=1).mark_down
2022-02-02T18:15:08.890 INFO:teuthology.orchestra.run.smithi096.stderr:/usr/bin/ceph:
2022-02-02T18:15:08.866+0000 7f73e2cd2700 1 --2- 172.21.15.96:0/1136675012 >> [v2:172.21.15.96:6800/3765010446,v1:172.21.15.96:6801/3765010446] conn(0x7f73c802feb0 0x7f73c8032370 secure :-1 s=READY pgs=11 cs=0 l=1 rev1=1 rx=0x7f73d00096a0 tx=0x7f73d0006b40).stop
2022-02-02T18:15:08.890 INFO:teuthology.orchestra.run.smithi096.stderr:/usr/bin/ceph:
2022-02-02T18:15:08.866+0000 7f73e2cd2700 1 -- 172.21.15.96:0/1136675012 >> [v2:172.21.15.96:3300/0,v1:172.21.15.96:6789/0] conn(0x7f73dc06fc40 msgr2=0x7f73dc0fc2a0 secure :-1 s=STATE_CONNECTION_ESTABLISHED l=1).mark_down
2022-02-02T18:15:08.890 INFO:teuthology.orchestra.run.smithi096.stderr:/usr/bin/ceph:
2022-02-02T18:15:08.866+0000 7f73e2cd2700 1 --2- 172.21.15.96:0/1136675012 >> [v2:172.21.15.96:3300/0,v1:172.21.15.96:6789/0] conn(0x7f73dc06fc40 0x7f73dc0fc2a0 secure :-1 s=READY pgs=67 cs=0 l=1 rev1=1 rx=0x7f73cc011e30 tx=0x7f73cc006ee0).stop
2022-02-02T18:15:08.890 INFO:teuthology.orchestra.run.smithi096.stderr:/usr/bin/ceph:
2022-02-02T18:15:08.866+0000 7f73e2cd2700 1 -- 172.21.15.96:0/1136675012 shutdown_connections
2022-02-02T18:15:08.891 INFO:teuthology.orchestra.run.smithi096.stderr:/usr/bin/ceph:
2022-02-02T18:15:08.866+0000 7f73e2cd2700 1 --2- 172.21.15.96:0/1136675012 >> [v2:172.21.15.96:6800/3765010446,v1:172.21.15.96:6801/3765010446] conn(0x7f73c802feb0 0x7f73c8032370 unknown :-1 s=CLOSED pgs=11 cs=0 l=1 rev1=1 rx=0 tx=0).stop
2022-02-02T18:15:08.891 INFO:teuthology.orchestra.run.smithi096.stderr:/usr/bin/ceph:
2022-02-02T18:15:08.866+0000 7f73e2cd2700 1 --2- 172.21.15.96:0/1136675012 >> [v2:172.21.15.96:3300/0,v1:172.21.15.96:6789/0] conn(0x7f73dc06fc40 0x7f73dc0fc2a0 unknown :-1 s=CLOSED pgs=67 cs=0 l=1 rev1=1 rx=0 tx=0).stop
2022-02-02T18:15:08.891 INFO:teuthology.orchestra.run.smithi096.stderr:/usr/bin/ceph:
2022-02-02T18:15:08.866+0000 7f73e2cd2700 1 -- 172.21.15.96:0/1136675012 >> 172.21.15.96:0/1136675012 conn(0x7f73dc0f62a0 msgr2=0x7f73dc0f7d50 unknown :-1 s=STATE_NONE l=0).mark_down
2022-02-02T18:15:08.891 INFO:teuthology.orchestra.run.smithi096.stderr:/usr/bin/ceph:
2022-02-02T18:15:08.867+0000 7f73e2cd2700 1 -- 172.21.15.96:0/1136675012 shutdown_connections
2022-02-02T18:15:08.892 INFO:teuthology.orchestra.run.smithi096.stderr:/usr/bin/ceph:
2022-02-02T18:15:08.867+0000 7f73e2cd2700 1 -- 172.21.15.96:0/1136675012 wait complete.
2022-02-02T18:15:09.228 INFO:journalctl@ceph.mon.smithi096.smithi096.stdout:Feb 02 18:15:08 smithi096 conmon[32067]: audit
2022-02-02T18:15:07.970835+0000 mon.smithi096 (mon.0) 87 : audit [INF] from='client.? 172.21.15.96:0/1136675012' entity='client.admin' cmd=[{"prefix": "mgr module enable", "module": "dashboard"}]: dispatch
2022-02-02T18:15:09.244 INFO:teuthology.orchestra.run.smithi096.stderr:Running command: /bin/podman run --rm --ipc=host --no-hosts --net=host --entrypoint /usr/bin/ceph --init -e CONTAINER_IMAGE=docker.io/ceph/ceph:v16.2.4 -e NODE_NAME=smithi096 -e CEPH_USE_RANDOM_NONCE=1 -v /var/log/ceph/e1d78c58-8453-11ec-8c35-001a4aab830c:/var/log/ceph:z -v /tmp/ceph-tmpevgulqsj:/etc/ceph/ceph.client.admin.keyring:z -v /tmp/ceph-tmp5tq2m_rc:/etc/ceph/ceph.conf:z docker.io/ceph/ceph:v16.2.4 mgr stat
2022-02-02T18:15:09.689 INFO:teuthology.orchestra.run.smithi096.stderr:/usr/bin/ceph:
2022-02-02T18:15:09.684+0000 7fdfe9af4700 1 Processor -- start
2022-02-02T18:15:09.689 INFO:teuthology.orchestra.run.smithi096.stderr:/usr/bin/ceph:
2022-02-02T18:15:09.684+0000 7fdfe9af4700 1 -- start start
2022-02-02T18:15:09.689 INFO:teuthology.orchestra.run.smithi096.stderr:/usr/bin/ceph:
2022-02-02T18:15:09.685+0000 7fdfe9af4700 1 --2- >> [v2:172.21.15.96:3300/0,v1:172.21.15.96:6789/0] conn(0x7fdfe406fb00 0x7fdfe4100ca0 unknown :-1 s=NONE pgs=0 cs=0 l=0 rev1=0 rx=0 tx=0).connect
2022-02-02T18:15:09.689 INFO:teuthology.orchestra.run.smithi096.stderr:/usr/bin/ceph:
2022-02-02T18:15:09.685+0000 7fdfe9af4700 1 -- --> [v2:172.21.15.96:3300/0,v1:172.21.15.96:6789/0] -- mon_getmap magic: 0 v1 -- 0x7fdfe406ff20 con 0x7fdfe406fb00
2022-02-02T18:15:09.690 INFO:teuthology.orchestra.run.smithi096.stderr:/usr/bin/ceph:
2022-02-02T18:15:09.685+0000 7fdfe37fe700 1 --2- >> [v2:172.21.15.96:3300/0,v1:172.21.15.96:6789/0] conn(0x7fdfe406fb00 0x7fdfe4100ca0 unknown :-1 s=BANNER_CONNECTING pgs=0 cs=0 l=0 rev1=0 rx=0 tx=0)._handle_peer_banner_payload supported=1 required=0
2022-02-02T18:15:09.690 INFO:teuthology.orchestra.run.smithi096.stderr:/usr/bin/ceph:
2022-02-02T18:15:09.685+0000 7fdfe37fe700 1 --2- >> [v2:172.21.15.96:3300/0,v1:172.21.15.96:6789/0] conn(0x7fdfe406fb00 0x7fdfe4100ca0 unknown :-1 s=HELLO_CONNECTING pgs=0 cs=0 l=0 rev1=1 rx=0 tx=0).handle_hello peer v2:172.21.15.96:3300/0 says I am v2:172.21.15.96:51454/0 (socket says 172.21.15.96:51454)
2022-02-02T18:15:09.690 INFO:teuthology.orchestra.run.smithi096.stderr:/usr/bin/ceph:
2022-02-02T18:15:09.685+0000 7fdfe37fe700 1 -- 172.21.15.96:0/1695546157 learned_addr learned my addr 172.21.15.96:0/1695546157 (peer_addr_for_me v2:172.21.15.96:0/0)
2022-02-02T18:15:09.690 INFO:teuthology.orchestra.run.smithi096.stderr:/usr/bin/ceph:
2022-02-02T18:15:09.685+0000 7fdfe37fe700 1 -- 172.21.15.96:0/1695546157 --> [v2:172.21.15.96:3300/0,v1:172.21.15.96:6789/0] -- mon_subscribe({config=0+,monmap=0+}) v3 -- 0x7fdfe40fc690 con 0x7fdfe406fb00
2022-02-02T18:15:09.691 INFO:teuthology.orchestra.run.smithi096.stderr:/usr/bin/ceph:
2022-02-02T18:15:09.685+0000 7fdfe37fe700 1 --2- 172.21.15.96:0/1695546157 >> [v2:172.21.15.96:3300/0,v1:172.21.15.96:6789/0] conn(0x7fdfe406fb00 0x7fdfe4100ca0 secure :-1 s=READY pgs=70 cs=0 l=1 rev1=1 rx=0x7fdfd400b5f0 tx=0x7fdfd4006ee0).ready entity=mon.0 client_cookie=1f25afc049d4b0bf server_cookie=0 in_seq=0 out_seq=0
2022-02-02T18:15:09.691 INFO:teuthology.orchestra.run.smithi096.stderr:/usr/bin/ceph:
2022-02-02T18:15:09.685+0000 7fdfe27fc700 1 -- 172.21.15.96:0/1695546157 <== mon.0 v2:172.21.15.96:3300/0 1 ==== mon_map magic: 0 v1 ==== 229+0+0 (secure 0 0 0) 0x7fdfd400d600 con 0x7fdfe406fb00
2022-02-02T18:15:09.691 INFO:teuthology.orchestra.run.smithi096.stderr:/usr/bin/ceph:
2022-02-02T18:15:09.686+0000 7fdfe27fc700 1 -- 172.21.15.96:0/1695546157 <== mon.0 v2:172.21.15.96:3300/0 2 ==== config(25 keys) v1 ==== 1047+0+0 (secure 0 0 0) 0x7fdfd400dbf0 con 0x7fdfe406fb00
2022-02-02T18:15:09.691 INFO:teuthology.orchestra.run.smithi096.stderr:/usr/bin/ceph:
2022-02-02T18:15:09.686+0000 7fdfe27fc700 1 -- 172.21.15.96:0/1695546157 <== mon.0 v2:172.21.15.96:3300/0 3 ==== mon_map magic: 0 v1 ==== 229+0+0 (secure 0 0 0) 0x7fdfd4011bf0 con 0x7fdfe406fb00
2022-02-02T18:15:09.694 INFO:teuthology.orchestra.run.smithi096.stderr:/usr/bin/ceph:
2022-02-02T18:15:09.686+0000 7fdfe9af4700 1 -- 172.21.15.96:0/1695546157 >> [v2:172.21.15.96:3300/0,v1:172.21.15.96:6789/0] conn(0x7fdfe406fb00 msgr2=0x7fdfe4100ca0 secure :-1 s=STATE_CONNECTION_ESTABLISHED l=1).mark_down
2022-02-02T18:15:09.694 INFO:teuthology.orchestra.run.smithi096.stderr:/usr/bin/ceph:
2022-02-02T18:15:09.686+0000 7fdfe9af4700 1 --2- 172.21.15.96:0/1695546157 >> [v2:172.21.15.96:3300/0,v1:172.21.15.96:6789/0] conn(0x7fdfe406fb00 0x7fdfe4100ca0 secure :-1 s=READY pgs=70 cs=0 l=1 rev1=1 rx=0x7fdfd400b5f0 tx=0x7fdfd4006ee0).stop
2022-02-02T18:15:09.694 INFO:teuthology.orchestra.run.smithi096.stderr:/usr/bin/ceph:
2022-02-02T18:15:09.687+0000 7fdfe9af4700 1 -- 172.21.15.96:0/1695546157 shutdown_connections
2022-02-02T18:15:09.694 INFO:teuthology.orchestra.run.smithi096.stderr:/usr/bin/ceph:
2022-02-02T18:15:09.687+0000 7fdfe9af4700 1 --2- 172.21.15.96:0/1695546157 >> [v2:172.21.15.96:3300/0,v1:172.21.15.96:6789/0] conn(0x7fdfe406fb00 0x7fdfe4100ca0 unknown :-1 s=CLOSED pgs=70 cs=0 l=1 rev1=1 rx=0 tx=0).stop
2022-02-02T18:15:09.695 INFO:teuthology.orchestra.run.smithi096.stderr:/usr/bin/ceph:
2022-02-02T18:15:09.687+0000 7fdfe9af4700 1 -- 172.21.15.96:0/1695546157 >> 172.21.15.96:0/1695546157 conn(0x7fdfe40f6260 msgr2=0x7fdfe40f86a0 unknown :-1 s=STATE_NONE l=0).mark_down
2022-02-02T18:15:09.695 INFO:teuthology.orchestra.run.smithi096.stderr:/usr/bin/ceph:
2022-02-02T18:15:09.687+0000 7fdfe9af4700 1 -- 172.21.15.96:0/1695546157 shutdown_connections
2022-02-02T18:15:09.695 INFO:teuthology.orchestra.run.smithi096.stderr:/usr/bin/ceph:
2022-02-02T18:15:09.687+0000 7fdfe9af4700 1 -- 172.21.15.96:0/1695546157 wait complete.
2022-02-02T18:15:09.695 INFO:teuthology.orchestra.run.smithi096.stderr:/usr/bin/ceph:
2022-02-02T18:15:09.687+0000 7fdfe9af4700 1 Processor -- start
2022-02-02T18:15:09.696 INFO:teuthology.orchestra.run.smithi096.stderr:/usr/bin/ceph:
2022-02-02T18:15:09.687+0000 7fdfe9af4700 1 -- start start
2022-02-02T18:15:09.696 INFO:teuthology.orchestra.run.smithi096.stderr:/usr/bin/ceph:
2022-02-02T18:15:09.688+0000 7fdfe9af4700 1 --2- >> [v2:172.21.15.96:3300/0,v1:172.21.15.96:6789/0] conn(0x7fdfe406fb00 0x7fdfe4110e80 unknown :-1 s=NONE pgs=0 cs=0 l=1 rev1=0 rx=0 tx=0).connect
2022-02-02T18:15:09.696 INFO:teuthology.orchestra.run.smithi096.stderr:/usr/bin/ceph:
2022-02-02T18:15:09.688+0000 7fdfe9af4700 1 -- --> [v2:172.21.15.96:3300/0,v1:172.21.15.96:6789/0] -- mon_getmap magic: 0 v1 -- 0x7fdfe4111370 con 0x7fdfe406fb00
2022-02-02T18:15:09.697 INFO:teuthology.orchestra.run.smithi096.stderr:/usr/bin/ceph:
2022-02-02T18:15:09.688+0000 7fdfe37fe700 1 --2- >> [v2:172.21.15.96:3300/0,v1:172.21.15.96:6789/0] conn(0x7fdfe406fb00 0x7fdfe4110e80 unknown :-1 s=BANNER_CONNECTING pgs=0 cs=0 l=1 rev1=0 rx=0 tx=0)._handle_peer_banner_payload supported=1 required=0
2022-02-02T18:15:09.697 INFO:teuthology.orchestra.run.smithi096.stderr:/usr/bin/ceph:
2022-02-02T18:15:09.688+0000 7fdfe37fe700 1 --2- >> [v2:172.21.15.96:3300/0,v1:172.21.15.96:6789/0] conn(0x7fdfe406fb00 0x7fdfe4110e80 unknown :-1 s=HELLO_CONNECTING pgs=0 cs=0 l=1 rev1=1 rx=0 tx=0).handle_hello peer v2:172.21.15.96:3300/0 says I am v2:172.21.15.96:51456/0 (socket says 172.21.15.96:51456)
2022-02-02T18:15:09.697 INFO:teuthology.orchestra.run.smithi096.stderr:/usr/bin/ceph:
2022-02-02T18:15:09.688+0000 7fdfe37fe700 1 -- 172.21.15.96:0/93922480 learned_addr learned my addr 172.21.15.96:0/93922480 (peer_addr_for_me v2:172.21.15.96:0/0)
2022-02-02T18:15:09.697 INFO:teuthology.orchestra.run.smithi096.stderr:/usr/bin/ceph:
2022-02-02T18:15:09.688+0000 7fdfe37fe700 1 -- 172.21.15.96:0/93922480 --> [v2:172.21.15.96:3300/0,v1:172.21.15.96:6789/0] -- mon_subscribe({config=0+,monmap=0+}) v3 -- 0x7fdfd400b200 con 0x7fdfe406fb00
2022-02-02T18:15:09.698 INFO:teuthology.orchestra.run.smithi096.stderr:/usr/bin/ceph:
2022-02-02T18:15:09.688+0000 7fdfe37fe700 1 --2- 172.21.15.96:0/93922480 >> [v2:172.21.15.96:3300/0,v1:172.21.15.96:6789/0] conn(0x7fdfe406fb00 0x7fdfe4110e80 secure :-1 s=READY pgs=71 cs=0 l=1 rev1=1 rx=0x7fdfd4006800 tx=0x7fdfd4006ee0).ready entity=mon.0 client_cookie=0 server_cookie=0 in_seq=0 out_seq=0
2022-02-02T18:15:09.698 INFO:teuthology.orchestra.run.smithi096.stderr:/usr/bin/ceph:
2022-02-02T18:15:09.688+0000 7fdfcbfff700 1 -- 172.21.15.96:0/93922480 <== mon.0 v2:172.21.15.96:3300/0 1 ==== mon_map magic: 0 v1 ==== 229+0+0 (secure 0 0 0) 0x7fdfd401b410 con 0x7fdfe406fb00
2022-02-02T18:15:09.698 INFO:teuthology.orchestra.run.smithi096.stderr:/usr/bin/ceph:
2022-02-02T18:15:09.688+0000 7fdfe9af4700 1 -- 172.21.15.96:0/93922480 --> [v2:172.21.15.96:3300/0,v1:172.21.15.96:6789/0] -- mon_subscribe({mgrmap=0+}) v3 -- 0x7fdfe4111570 con 0x7fdfe406fb00
2022-02-02T18:15:09.698 INFO:teuthology.orchestra.run.smithi096.stderr:/usr/bin/ceph:
2022-02-02T18:15:09.688+0000 7fdfe9af4700 1 -- 172.21.15.96:0/93922480 --> [v2:172.21.15.96:3300/0,v1:172.21.15.96:6789/0] -- mon_subscribe({osdmap=0}) v3 -- 0x7fdfe4112260 con 0x7fdfe406fb00
2022-02-02T18:15:09.698 INFO:teuthology.orchestra.run.smithi096.stderr:/usr/bin/ceph:
2022-02-02T18:15:09.689+0000 7fdfcbfff700 1 -- 172.21.15.96:0/93922480 <== mon.0 v2:172.21.15.96:3300/0 2 ==== config(25 keys) v1 ==== 1047+0+0 (secure 0 0 0) 0x7fdfd401ba00 con 0x7fdfe406fb00
2022-02-02T18:15:09.699 INFO:teuthology.orchestra.run.smithi096.stderr:/usr/bin/ceph:
2022-02-02T18:15:09.689+0000 7fdfcbfff700 1 -- 172.21.15.96:0/93922480 <== mon.0 v2:172.21.15.96:3300/0 3 ==== mon_map magic: 0 v1 ==== 229+0+0 (secure 0 0 0) 0x7fdfd401a6e0 con 0x7fdfe406fb00
2022-02-02T18:15:09.699 INFO:teuthology.orchestra.run.smithi096.stderr:/usr/bin/ceph:
2022-02-02T18:15:09.689+0000 7fdfcbfff700 1 -- 172.21.15.96:0/93922480 <== mon.0 v2:172.21.15.96:3300/0 4 ==== mgrmap(e 12) v1 ==== 36208+0+0 (secure 0 0 0) 0x7fdfd402b070 con 0x7fdfe406fb00
2022-02-02T18:15:09.699 INFO:teuthology.orchestra.run.smithi096.stderr:/usr/bin/ceph:
2022-02-02T18:15:09.689+0000 7fdfcbfff700 1 --2- 172.21.15.96:0/93922480 >> [v2:172.21.15.96:6800/3765010446,v1:172.21.15.96:6801/3765010446] conn(0x7fdfd002ff00 0x7fdfd00323c0 unknown :-1 s=NONE pgs=0 cs=0 l=1 rev1=0 rx=0 tx=0).connect
2022-02-02T18:15:09.699 INFO:teuthology.orchestra.run.smithi096.stderr:/usr/bin/ceph:
2022-02-02T18:15:09.690+0000 7fdfcbfff700 1 -- 172.21.15.96:0/93922480 <== mon.0 v2:172.21.15.96:3300/0 5 ==== osd_map(3..3 src has 1..3) v4 ==== 1065+0+0 (secure 0 0 0) 0x7fdfd4041750 con 0x7fdfe406fb00
2022-02-02T18:15:09.700 INFO:teuthology.orchestra.run.smithi096.stderr:/usr/bin/ceph:
2022-02-02T18:15:09.690+0000 7fdfe2ffd700 1 -- 172.21.15.96:0/93922480 >> [v2:172.21.15.96:6800/3765010446,v1:172.21.15.96:6801/3765010446] conn(0x7fdfd002ff00 msgr2=0x7fdfd00323c0 unknown :-1 s=STATE_CONNECTING_RE l=1).process reconnect failed to v2:172.21.15.96:6800/3765010446
2022-02-02T18:15:09.700 INFO:teuthology.orchestra.run.smithi096.stderr:/usr/bin/ceph:
2022-02-02T18:15:09.690+0000 7fdfe2ffd700 1 --2- 172.21.15.96:0/93922480 >> [v2:172.21.15.96:6800/3765010446,v1:172.21.15.96:6801/3765010446] conn(0x7fdfd002ff00 0x7fdfd00323c0 unknown :-1 s=START_CONNECT pgs=0 cs=0 l=1 rev1=0 rx=0 tx=0)._fault waiting 0.200000
2022-02-02T18:15:09.700 INFO:teuthology.orchestra.run.smithi096.stderr:/usr/bin/ceph:
2022-02-02T18:15:09.690+0000 7fdfe9af4700 1 -- 172.21.15.96:0/93922480 --> [v2:172.21.15.96:3300/0,v1:172.21.15.96:6789/0] -- mon_command({"prefix": "get_command_descriptions"} v 0) v1 -- 0x7fdfc4004fa0 con 0x7fdfe406fb00
2022-02-02T18:15:09.701 INFO:teuthology.orchestra.run.smithi096.stderr:/usr/bin/ceph:
2022-02-02T18:15:09.694+0000 7fdfcbfff700 1 -- 172.21.15.96:0/93922480 <== mon.0 v2:172.21.15.96:3300/0 6 ==== mon_command_ack([{"prefix": "get_command_descriptions"}]=0 v0) v1 ==== 72+0+152212 (secure 0 0 0) 0x7fdfd4016070 con 0x7fdfe406fb00
2022-02-02T18:15:09.891 INFO:teuthology.orchestra.run.smithi096.stderr:/usr/bin/ceph:
2022-02-02T18:15:09.887+0000 7fdfe9af4700 1 -- 172.21.15.96:0/93922480 --> [v2:172.21.15.96:3300/0,v1:172.21.15.96:6789/0] -- mon_command({"prefix": "mgr stat"} v 0) v1 -- 0x7fdfc4005e80 con 0x7fdfe406fb00
2022-02-02T18:15:09.892 INFO:teuthology.orchestra.run.smithi096.stderr:/usr/bin/ceph:
2022-02-02T18:15:09.888+0000 7fdfcbfff700 1 -- 172.21.15.96:0/93922480 <== mon.0 v2:172.21.15.96:3300/0 7 ==== mon_command_ack([{"prefix": "mgr stat"}]=0 v12) v1 ==== 56+0+104 (secure 0 0 0) 0x7fdfd401f030 con 0x7fdfe406fb00
2022-02-02T18:15:09.892 INFO:teuthology.orchestra.run.smithi096.stderr:/usr/bin/ceph: {
2022-02-02T18:15:09.892 INFO:teuthology.orchestra.run.smithi096.stderr:/usr/bin/ceph: "epoch": 12,
2022-02-02T18:15:09.892 INFO:teuthology.orchestra.run.smithi096.stderr:/usr/bin/ceph: "available": true,
2022-02-02T18:15:09.893 INFO:teuthology.orchestra.run.smithi096.stderr:/usr/bin/ceph: "active_name": "smithi096.shfutl",
2022-02-02T18:15:09.893 INFO:teuthology.orchestra.run.smithi096.stderr:/usr/bin/ceph: "num_standby": 0
2022-02-02T18:15:09.893 INFO:teuthology.orchestra.run.smithi096.stderr:/usr/bin/ceph: }
2022-02-02T18:15:09.895 INFO:teuthology.orchestra.run.smithi096.stderr:/usr/bin/ceph:
