2022-02-02T18:15:18.453+0000 7ff08e59c700 1 -- 172.21.15.96:0/1525514963 --> [v2:172.21.15.96:3300/0,v1:172.21.15.96:6789/0] -- mon_subscribe({config=0+,monmap=0+}) v3 -- 0x7ff090101150 con 0x7ff09006fb40
2022-02-02T18:15:18.460 INFO:teuthology.orchestra.run.smithi096.stderr:/usr/bin/ceph:
2022-02-02T18:15:18.453+0000 7ff08e59c700 1 --2- 172.21.15.96:0/1525514963 >> [v2:172.21.15.96:3300/0,v1:172.21.15.96:6789/0] conn(0x7ff09006fb40 0x7ff090100c60 secure :-1 s=READY pgs=81 cs=0 l=1 rev1=1 rx=0x7ff08400b5f0 tx=0x7ff084006ee0).ready entity=mon.0 client_cookie=b7b72e39579d92c2 server_cookie=0 in_seq=0 out_seq=0
2022-02-02T18:15:18.462 INFO:teuthology.orchestra.run.smithi096.stderr:/usr/bin/ceph:
2022-02-02T18:15:18.453+0000 7ff08d59a700 1 -- 172.21.15.96:0/1525514963 <== mon.0 v2:172.21.15.96:3300/0 1 ==== mon_map magic: 0 v1 ==== 229+0+0 (secure 0 0 0) 0x7ff08400d600 con 0x7ff09006fb40
2022-02-02T18:15:18.463 INFO:teuthology.orchestra.run.smithi096.stderr:/usr/bin/ceph:
2022-02-02T18:15:18.453+0000 7ff08d59a700 1 -- 172.21.15.96:0/1525514963 <== mon.0 v2:172.21.15.96:3300/0 2 ==== config(25 keys) v1 ==== 1047+0+0 (secure 0 0 0) 0x7ff08400dbf0 con 0x7ff09006fb40
2022-02-02T18:15:18.463 INFO:teuthology.orchestra.run.smithi096.stderr:/usr/bin/ceph:
2022-02-02T18:15:18.453+0000 7ff08d59a700 1 -- 172.21.15.96:0/1525514963 <== mon.0 v2:172.21.15.96:3300/0 3 ==== mon_map magic: 0 v1 ==== 229+0+0 (secure 0 0 0) 0x7ff084011bf0 con 0x7ff09006fb40
2022-02-02T18:15:18.463 INFO:teuthology.orchestra.run.smithi096.stderr:/usr/bin/ceph:
2022-02-02T18:15:18.454+0000 7ff094923700 1 -- 172.21.15.96:0/1525514963 >> [v2:172.21.15.96:3300/0,v1:172.21.15.96:6789/0] conn(0x7ff09006fb40 msgr2=0x7ff090100c60 secure :-1 s=STATE_CONNECTION_ESTABLISHED l=1).mark_down
2022-02-02T18:15:18.463 INFO:teuthology.orchestra.run.smithi096.stderr:/usr/bin/ceph:
2022-02-02T18:15:18.454+0000 7ff094923700 1 --2- 172.21.15.96:0/1525514963 >> [v2:172.21.15.96:3300/0,v1:172.21.15.96:6789/0] conn(0x7ff09006fb40 0x7ff090100c60 secure :-1 s=READY pgs=81 cs=0 l=1 rev1=1 rx=0x7ff08400b5f0 tx=0x7ff084006ee0).stop
2022-02-02T18:15:18.464 INFO:teuthology.orchestra.run.smithi096.stderr:/usr/bin/ceph:
2022-02-02T18:15:18.454+0000 7ff094923700 1 -- 172.21.15.96:0/1525514963 shutdown_connections
2022-02-02T18:15:18.464 INFO:teuthology.orchestra.run.smithi096.stderr:/usr/bin/ceph:
2022-02-02T18:15:18.454+0000 7ff094923700 1 --2- 172.21.15.96:0/1525514963 >> [v2:172.21.15.96:3300/0,v1:172.21.15.96:6789/0] conn(0x7ff09006fb40 0x7ff090100c60 unknown :-1 s=CLOSED pgs=81 cs=0 l=1 rev1=1 rx=0 tx=0).stop
2022-02-02T18:15:18.464 INFO:teuthology.orchestra.run.smithi096.stderr:/usr/bin/ceph:
2022-02-02T18:15:18.454+0000 7ff094923700 1 -- 172.21.15.96:0/1525514963 >> 172.21.15.96:0/1525514963 conn(0x7ff0900f6260 msgr2=0x7ff0900f86a0 unknown :-1 s=STATE_NONE l=0).mark_down
2022-02-02T18:15:18.464 INFO:teuthology.orchestra.run.smithi096.stderr:/usr/bin/ceph:
2022-02-02T18:15:18.454+0000 7ff094923700 1 -- 172.21.15.96:0/1525514963 shutdown_connections
2022-02-02T18:15:18.465 INFO:teuthology.orchestra.run.smithi096.stderr:/usr/bin/ceph:
2022-02-02T18:15:18.454+0000 7ff094923700 1 -- 172.21.15.96:0/1525514963 wait complete.
2022-02-02T18:15:18.465 INFO:teuthology.orchestra.run.smithi096.stderr:/usr/bin/ceph:
2022-02-02T18:15:18.454+0000 7ff094923700 1 Processor -- start
2022-02-02T18:15:18.465 INFO:teuthology.orchestra.run.smithi096.stderr:/usr/bin/ceph:
2022-02-02T18:15:18.455+0000 7ff094923700 1 -- start start
2022-02-02T18:15:18.465 INFO:teuthology.orchestra.run.smithi096.stderr:/usr/bin/ceph:
2022-02-02T18:15:18.455+0000 7ff094923700 1 --2- >> [v2:172.21.15.96:3300/0,v1:172.21.15.96:6789/0] conn(0x7ff09006fb40 0x7ff09010cb00 unknown :-1 s=NONE pgs=0 cs=0 l=1 rev1=0 rx=0 tx=0).connect
2022-02-02T18:15:18.465 INFO:teuthology.orchestra.run.smithi096.stderr:/usr/bin/ceph:
2022-02-02T18:15:18.455+0000 7ff094923700 1 -- --> [v2:172.21.15.96:3300/0,v1:172.21.15.96:6789/0] -- mon_getmap magic: 0 v1 -- 0x7ff09010cff0 con 0x7ff09006fb40
2022-02-02T18:15:18.466 INFO:teuthology.orchestra.run.smithi096.stderr:/usr/bin/ceph:
2022-02-02T18:15:18.455+0000 7ff08e59c700 1 --2- >> [v2:172.21.15.96:3300/0,v1:172.21.15.96:6789/0] conn(0x7ff09006fb40 0x7ff09010cb00 unknown :-1 s=BANNER_CONNECTING pgs=0 cs=0 l=1 rev1=0 rx=0 tx=0)._handle_peer_banner_payload supported=1 required=0
2022-02-02T18:15:18.466 INFO:teuthology.orchestra.run.smithi096.stderr:/usr/bin/ceph:
2022-02-02T18:15:18.455+0000 7ff08e59c700 1 --2- >> [v2:172.21.15.96:3300/0,v1:172.21.15.96:6789/0] conn(0x7ff09006fb40 0x7ff09010cb00 unknown :-1 s=HELLO_CONNECTING pgs=0 cs=0 l=1 rev1=1 rx=0 tx=0).handle_hello peer v2:172.21.15.96:3300/0 says I am v2:172.21.15.96:51518/0 (socket says 172.21.15.96:51518)
2022-02-02T18:15:18.466 INFO:teuthology.orchestra.run.smithi096.stderr:/usr/bin/ceph:
2022-02-02T18:15:18.455+0000 7ff08e59c700 1 -- 172.21.15.96:0/1759434755 learned_addr learned my addr 172.21.15.96:0/1759434755 (peer_addr_for_me v2:172.21.15.96:0/0)
2022-02-02T18:15:18.466 INFO:teuthology.orchestra.run.smithi096.stderr:/usr/bin/ceph:
2022-02-02T18:15:18.455+0000 7ff08e59c700 1 -- 172.21.15.96:0/1759434755 --> [v2:172.21.15.96:3300/0,v1:172.21.15.96:6789/0] -- mon_subscribe({config=0+,monmap=0+}) v3 -- 0x7ff08400b200 con 0x7ff09006fb40
2022-02-02T18:15:18.467 INFO:teuthology.orchestra.run.smithi096.stderr:/usr/bin/ceph:
2022-02-02T18:15:18.455+0000 7ff08e59c700 1 --2- 172.21.15.96:0/1759434755 >> [v2:172.21.15.96:3300/0,v1:172.21.15.96:6789/0] conn(0x7ff09006fb40 0x7ff09010cb00 secure :-1 s=READY pgs=82 cs=0 l=1 rev1=1 rx=0x7ff084011e00 tx=0x7ff084006ee0).ready entity=mon.0 client_cookie=0 server_cookie=0 in_seq=0 out_seq=0
2022-02-02T18:15:18.467 INFO:teuthology.orchestra.run.smithi096.stderr:/usr/bin/ceph:
2022-02-02T18:15:18.455+0000 7ff07effd700 1 -- 172.21.15.96:0/1759434755 <== mon.0 v2:172.21.15.96:3300/0 1 ==== mon_map magic: 0 v1 ==== 229+0+0 (secure 0 0 0) 0x7ff08401b410 con 0x7ff09006fb40
2022-02-02T18:15:18.467 INFO:teuthology.orchestra.run.smithi096.stderr:/usr/bin/ceph:
2022-02-02T18:15:18.455+0000 7ff07effd700 1 -- 172.21.15.96:0/1759434755 <== mon.0 v2:172.21.15.96:3300/0 2 ==== config(25 keys) v1 ==== 1047+0+0 (secure 0 0 0) 0x7ff08401ba00 con 0x7ff09006fb40
2022-02-02T18:15:18.467 INFO:teuthology.orchestra.run.smithi096.stderr:/usr/bin/ceph:
2022-02-02T18:15:18.455+0000 7ff094923700 1 -- 172.21.15.96:0/1759434755 --> [v2:172.21.15.96:3300/0,v1:172.21.15.96:6789/0] -- mon_subscribe({mgrmap=0+}) v3 -- 0x7ff09010d1f0 con 0x7ff09006fb40
2022-02-02T18:15:18.468 INFO:teuthology.orchestra.run.smithi096.stderr:/usr/bin/ceph:
2022-02-02T18:15:18.456+0000 7ff07effd700 1 -- 172.21.15.96:0/1759434755 <== mon.0 v2:172.21.15.96:3300/0 3 ==== mon_map magic: 0 v1 ==== 229+0+0 (secure 0 0 0) 0x7ff08401a780 con 0x7ff09006fb40
2022-02-02T18:15:18.468 INFO:teuthology.orchestra.run.smithi096.stderr:/usr/bin/ceph:
2022-02-02T18:15:18.456+0000 7ff094923700 1 -- 172.21.15.96:0/1759434755 --> [v2:172.21.15.96:3300/0,v1:172.21.15.96:6789/0] -- mon_subscribe({osdmap=0}) v3 -- 0x7ff09010d680 con 0x7ff09006fb40
2022-02-02T18:15:18.468 INFO:teuthology.orchestra.run.smithi096.stderr:/usr/bin/ceph:
2022-02-02T18:15:18.457+0000 7ff07effd700 1 -- 172.21.15.96:0/1759434755 <== mon.0 v2:172.21.15.96:3300/0 4 ==== mgrmap(e 15) v1 ==== 36208+0+0 (secure 0 0 0) 0x7ff08402b070 con 0x7ff09006fb40
2022-02-02T18:15:18.468 INFO:teuthology.orchestra.run.smithi096.stderr:/usr/bin/ceph:
2022-02-02T18:15:18.457+0000 7ff07effd700 1 --2- 172.21.15.96:0/1759434755 >> [v2:172.21.15.96:6800/4170397281,v1:172.21.15.96:6801/4170397281] conn(0x7ff07402ff00 0x7ff0740323c0 unknown :-1 s=NONE pgs=0 cs=0 l=1 rev1=0 rx=0 tx=0).connect
2022-02-02T18:15:18.468 INFO:teuthology.orchestra.run.smithi096.stderr:/usr/bin/ceph:
2022-02-02T18:15:18.457+0000 7ff094923700 1 -- 172.21.15.96:0/1759434755 --> [v2:172.21.15.96:3300/0,v1:172.21.15.96:6789/0] -- mon_command({"prefix": "get_command_descriptions"} v 0) v1 -- 0x7ff090045ad0 con 0x7ff09006fb40
2022-02-02T18:15:18.469 INFO:teuthology.orchestra.run.smithi096.stderr:/usr/bin/ceph:
2022-02-02T18:15:18.457+0000 7ff07effd700 1 -- 172.21.15.96:0/1759434755 <== mon.0 v2:172.21.15.96:3300/0 5 ==== osd_map(4..4 src has 1..4) v4 ==== 1237+0+0 (secure 0 0 0) 0x7ff0840416b0 con 0x7ff09006fb40
2022-02-02T18:15:18.469 INFO:teuthology.orchestra.run.smithi096.stderr:/usr/bin/ceph:
2022-02-02T18:15:18.457+0000 7ff08dd9b700 1 --2- 172.21.15.96:0/1759434755 >> [v2:172.21.15.96:6800/4170397281,v1:172.21.15.96:6801/4170397281] conn(0x7ff07402ff00 0x7ff0740323c0 unknown :-1 s=BANNER_CONNECTING pgs=0 cs=0 l=1 rev1=0 rx=0 tx=0)._handle_peer_banner_payload supported=1 required=0
2022-02-02T18:15:18.469 INFO:teuthology.orchestra.run.smithi096.stderr:/usr/bin/ceph:
2022-02-02T18:15:18.457+0000 7ff08dd9b700 1 --2- 172.21.15.96:0/1759434755 >> [v2:172.21.15.96:6800/4170397281,v1:172.21.15.96:6801/4170397281] conn(0x7ff07402ff00 0x7ff0740323c0 secure :-1 s=READY pgs=7 cs=0 l=1 rev1=1 rx=0x7ff0800096a0 tx=0x7ff080006b40).ready entity=mgr.14162 client_cookie=0 server_cookie=0 in_seq=0 out_seq=0
2022-02-02T18:15:18.470 INFO:teuthology.orchestra.run.smithi096.stderr:/usr/bin/ceph:
2022-02-02T18:15:18.461+0000 7ff07effd700 1 -- 172.21.15.96:0/1759434755 <== mon.0 v2:172.21.15.96:3300/0 6 ==== mon_command_ack([{"prefix": "get_command_descriptions"}]=0 v0) v1 ==== 72+0+152212 (secure 0 0 0) 0x7ff084016020 con 0x7ff09006fb40
2022-02-02T18:15:18.630 INFO:teuthology.orchestra.run.smithi096.stderr:/usr/bin/ceph:
2022-02-02T18:15:18.626+0000 7ff094923700 1 -- 172.21.15.96:0/1759434755 --> [v2:172.21.15.96:6800/4170397281,v1:172.21.15.96:6801/4170397281] -- mgr_command(tid 0: {"prefix": "dashboard ac-user-create", "username": "admin", "rolename": "administrator", "force_password": true, "pwd_update_required": true, "target": ["mon-mgr", ""]}) v1 -- 0x7ff090101d50 con 0x7ff07402ff00
2022-02-02T18:15:18.851 INFO:teuthology.orchestra.run.smithi096.stderr:/usr/bin/ceph:
2022-02-02T18:15:18.847+0000 7ff07effd700 1 -- 172.21.15.96:0/1759434755 <== mgr.14162 v2:172.21.15.96:6800/4170397281 1 ==== mgr_command_reply(tid 0: 0 ) v1 ==== 8+0+252 (secure 0 0 0) 0x7ff090101d50 con 0x7ff07402ff00
2022-02-02T18:15:18.852 INFO:teuthology.orchestra.run.smithi096.stderr:/usr/bin/ceph: {"username": "admin", "password": "$2b$12$yeuB6Np1W0cII296w226/.qpUB7u3UX4ds0fcROpEDIUPwHQ30S6a", "roles": ["administrator"], "name": null, "email": null, "lastUpdate": 1643825718, "enabled": true, "pwdExpirationDate": null, "pwdUpdateRequired": true}
2022-02-02T18:15:18.853 INFO:teuthology.orchestra.run.smithi096.stderr:/usr/bin/ceph:
2022-02-02T18:15:18.849+0000 7ff094923700 1 -- 172.21.15.96:0/1759434755 >> [v2:172.21.15.96:6800/4170397281,v1:172.21.15.96:6801/4170397281] conn(0x7ff07402ff00 msgr2=0x7ff0740323c0 secure :-1 s=STATE_CONNECTION_ESTABLISHED l=1).mark_down
2022-02-02T18:15:18.854 INFO:teuthology.orchestra.run.smithi096.stderr:/usr/bin/ceph:
2022-02-02T18:15:18.849+0000 7ff094923700 1 --2- 172.21.15.96:0/1759434755 >> [v2:172.21.15.96:6800/4170397281,v1:172.21.15.96:6801/4170397281] conn(0x7ff07402ff00 0x7ff0740323c0 secure :-1 s=READY pgs=7 cs=0 l=1 rev1=1 rx=0x7ff0800096a0 tx=0x7ff080006b40).stop
2022-02-02T18:15:18.854 INFO:teuthology.orchestra.run.smithi096.stderr:/usr/bin/ceph:
2022-02-02T18:15:18.849+0000 7ff094923700 1 -- 172.21.15.96:0/1759434755 >> [v2:172.21.15.96:3300/0,v1:172.21.15.96:6789/0] conn(0x7ff09006fb40 msgr2=0x7ff09010cb00 secure :-1 s=STATE_CONNECTION_ESTABLISHED l=1).mark_down
2022-02-02T18:15:18.854 INFO:teuthology.orchestra.run.smithi096.stderr:/usr/bin/ceph:
2022-02-02T18:15:18.849+0000 7ff094923700 1 --2- 172.21.15.96:0/1759434755 >> [v2:172.21.15.96:3300/0,v1:172.21.15.96:6789/0] conn(0x7ff09006fb40 0x7ff09010cb00 secure :-1 s=READY pgs=82 cs=0 l=1 rev1=1 rx=0x7ff084011e00 tx=0x7ff084006ee0).stop
2022-02-02T18:15:18.855 INFO:teuthology.orchestra.run.smithi096.stderr:/usr/bin/ceph:
2022-02-02T18:15:18.849+0000 7ff094923700 1 -- 172.21.15.96:0/1759434755 shutdown_connections
2022-02-02T18:15:18.855 INFO:teuthology.orchestra.run.smithi096.stderr:/usr/bin/ceph:
2022-02-02T18:15:18.849+0000 7ff094923700 1 --2- 172.21.15.96:0/1759434755 >> [v2:172.21.15.96:6800/4170397281,v1:172.21.15.96:6801/4170397281] conn(0x7ff07402ff00 0x7ff0740323c0 unknown :-1 s=CLOSED pgs=7 cs=0 l=1 rev1=1 rx=0 tx=0).stop
2022-02-02T18:15:18.855 INFO:teuthology.orchestra.run.smithi096.stderr:/usr/bin/ceph:
2022-02-02T18:15:18.849+0000 7ff094923700 1 --2- 172.21.15.96:0/1759434755 >> [v2:172.21.15.96:3300/0,v1:172.21.15.96:6789/0] conn(0x7ff09006fb40 0x7ff09010cb00 unknown :-1 s=CLOSED pgs=82 cs=0 l=1 rev1=1 rx=0 tx=0).stop
2022-02-02T18:15:18.855 INFO:teuthology.orchestra.run.smithi096.stderr:/usr/bin/ceph:
2022-02-02T18:15:18.849+0000 7ff094923700 1 -- 172.21.15.96:0/1759434755 >> 172.21.15.96:0/1759434755 conn(0x7ff0900f6260 msgr2=0x7ff0900f7d00 unknown :-1 s=STATE_NONE l=0).mark_down
2022-02-02T18:15:18.855 INFO:teuthology.orchestra.run.smithi096.stderr:/usr/bin/ceph:
2022-02-02T18:15:18.849+0000 7ff094923700 1 -- 172.21.15.96:0/1759434755 shutdown_connections
2022-02-02T18:15:18.856 INFO:teuthology.orchestra.run.smithi096.stderr:/usr/bin/ceph:
2022-02-02T18:15:18.849+0000 7ff094923700 1 -- 172.21.15.96:0/1759434755 wait complete.
2022-02-02T18:15:19.203 INFO:journalctl@ceph.mon.smithi096.smithi096.stdout:Feb 02 18:15:18 smithi096 conmon[32067]: audit
2022-02-02T18:15:17.110286+0000 mgr.smithi096.shfutl (mgr
2022-02-02T18:15:19.203 INFO:journalctl@ceph.mon.smithi096.smithi096.stdout:Feb 02 18:15:18 smithi096 conmon[32067]: .14162) 3 : audit [DBG] from='client.14172 -' entity='client.admin' cmd=[{"prefix": "dashboard create-self-signed-cert", "target": ["mon-mgr", ""]}]: dispatch
2022-02-02T18:15:19.204 INFO:journalctl@ceph.mon.smithi096.smithi096.stdout:Feb 02 18:15:18 smithi096 conmon[32067]: audit
2022-02-02T18:15:18.848987+0000 mon.smithi096 (mon.0) 110 : audit [INF] from='mgr.14162 172.21.15.96:0/4257036032' entity='mgr.smithi096.shfutl'
2022-02-02T18:15:19.235 INFO:teuthology.orchestra.run.smithi096.stderr:Fetching dashboard port number...
2022-02-02T18:15:19.235 INFO:teuthology.orchestra.run.smithi096.stderr:Running command: /bin/podman run --rm --ipc=host --no-hosts --net=host --entrypoint /usr/bin/ceph --init -e CONTAINER_IMAGE=docker.io/ceph/ceph:v16.2.4 -e NODE_NAME=smithi096 -e CEPH_USE_RANDOM_NONCE=1 -v /var/log/ceph/e1d78c58-8453-11ec-8c35-001a4aab830c:/var/log/ceph:z -v /tmp/ceph-tmpevgulqsj:/etc/ceph/ceph.client.admin.keyring:z -v /tmp/ceph-tmp5tq2m_rc:/etc/ceph/ceph.conf:z docker.io/ceph/ceph:v16.2.4 config get mgr mgr/dashboard/ssl_server_port
2022-02-02T18:15:19.699 INFO:teuthology.orchestra.run.smithi096.stderr:/usr/bin/ceph:
2022-02-02T18:15:19.695+0000 7f0d7a64b700 1 Processor -- start
2022-02-02T18:15:19.703 INFO:teuthology.orchestra.run.smithi096.stderr:/usr/bin/ceph:
2022-02-02T18:15:19.695+0000 7f0d7a64b700 1 -- start start
2022-02-02T18:15:19.704 INFO:teuthology.orchestra.run.smithi096.stderr:/usr/bin/ceph:
2022-02-02T18:15:19.696+0000 7f0d7a64b700 1 --2- >> [v2:172.21.15.96:3300/0,v1:172.21.15.96:6789/0] conn(0x7f0d740fab40 0x7f0d740faf60 unknown :-1 s=NONE pgs=0 cs=0 l=0 rev1=0 rx=0 tx=0).connect
2022-02-02T18:15:19.704 INFO:teuthology.orchestra.run.smithi096.stderr:/usr/bin/ceph:
2022-02-02T18:15:19.696+0000 7f0d7a64b700 1 -- --> [v2:172.21.15.96:3300/0,v1:172.21.15.96:6789/0] -- mon_getmap magic: 0 v1 -- 0x7f0d740fb4e0 con 0x7f0d740fab40
2022-02-02T18:15:19.704 INFO:teuthology.orchestra.run.smithi096.stderr:/usr/bin/ceph:
2022-02-02T18:15:19.696+0000 7f0d73fff700 1 --2- >> [v2:172.21.15.96:3300/0,v1:172.21.15.96:6789/0] conn(0x7f0d740fab40 0x7f0d740faf60 unknown :-1 s=BANNER_CONNECTING pgs=0 cs=0 l=0 rev1=0 rx=0 tx=0)._handle_peer_banner_payload supported=1 required=0
2022-02-02T18:15:19.704 INFO:teuthology.orchestra.run.smithi096.stderr:/usr/bin/ceph:
2022-02-02T18:15:19.696+0000 7f0d73fff700 1 --2- >> [v2:172.21.15.96:3300/0,v1:172.21.15.96:6789/0] conn(0x7f0d740fab40 0x7f0d740faf60 unknown :-1 s=HELLO_CONNECTING pgs=0 cs=0 l=0 rev1=1 rx=0 tx=0).handle_hello peer v2:172.21.15.96:3300/0 says I am v2:172.21.15.96:51522/0 (socket says 172.21.15.96:51522)
2022-02-02T18:15:19.704 INFO:teuthology.orchestra.run.smithi096.stderr:/usr/bin/ceph:
2022-02-02T18:15:19.696+0000 7f0d73fff700 1 -- 172.21.15.96:0/716696567 learned_addr learned my addr 172.21.15.96:0/716696567 (peer_addr_for_me v2:172.21.15.96:0/0)
2022-02-02T18:15:19.705 INFO:teuthology.orchestra.run.smithi096.stderr:/usr/bin/ceph:
2022-02-02T18:15:19.696+0000 7f0d73fff700 1 -- 172.21.15.96:0/716696567 --> [v2:172.21.15.96:3300/0,v1:172.21.15.96:6789/0] -- mon_subscribe({config=0+,monmap=0+}) v3 -- 0x7f0d740fb620 con 0x7f0d740fab40
2022-02-02T18:15:19.705 INFO:teuthology.orchestra.run.smithi096.stderr:/usr/bin/ceph:
2022-02-02T18:15:19.696+0000 7f0d73fff700 1 --2- 172.21.15.96:0/716696567 >> [v2:172.21.15.96:3300/0,v1:172.21.15.96:6789/0] conn(0x7f0d740fab40 0x7f0d740faf60 secure :-1 s=READY pgs=83 cs=0 l=1 rev1=1 rx=0x7f0d6800b5f0 tx=0x7f0d68006ee0).ready entity=mon.0 client_cookie=e197360d1662004b server_cookie=0 in_seq=0 out_seq=0
2022-02-02T18:15:19.705 INFO:teuthology.orchestra.run.smithi096.stderr:/usr/bin/ceph:
2022-02-02T18:15:19.696+0000 7f0d72ffd700 1 -- 172.21.15.96:0/716696567 <== mon.0 v2:172.21.15.96:3300/0 1 ==== mon_map magic: 0 v1 ==== 229+0+0 (secure 0 0 0) 0x7f0d6800d600 con 0x7f0d740fab40
2022-02-02T18:15:19.705 INFO:teuthology.orchestra.run.smithi096.stderr:/usr/bin/ceph:
2022-02-02T18:15:19.696+0000 7f0d72ffd700 1 -- 172.21.15.96:0/716696567 <== mon.0 v2:172.21.15.96:3300/0 2 ==== config(25 keys) v1 ==== 1047+0+0 (secure 0 0 0) 0x7f0d6800dbf0 con 0x7f0d740fab40
2022-02-02T18:15:19.706 INFO:teuthology.orchestra.run.smithi096.stderr:/usr/bin/ceph:
2022-02-02T18:15:19.696+0000 7f0d72ffd700 1 -- 172.21.15.96:0/716696567 <== mon.0 v2:172.21.15.96:3300/0 3 ==== mon_map magic: 0 v1 ==== 229+0+0 (secure 0 0 0) 0x7f0d68011bf0 con 0x7f0d740fab40
2022-02-02T18:15:19.706 INFO:teuthology.orchestra.run.smithi096.stderr:/usr/bin/ceph:
2022-02-02T18:15:19.697+0000 7f0d7a64b700 1 -- 172.21.15.96:0/716696567 >> [v2:172.21.15.96:3300/0,v1:172.21.15.96:6789/0] conn(0x7f0d740fab40 msgr2=0x7f0d740faf60 secure :-1 s=STATE_CONNECTION_ESTABLISHED l=1).mark_down
2022-02-02T18:15:19.706 INFO:teuthology.orchestra.run.smithi096.stderr:/usr/bin/ceph:
2022-02-02T18:15:19.697+0000 7f0d7a64b700 1 --2- 172.21.15.96:0/716696567 >> [v2:172.21.15.96:3300/0,v1:172.21.15.96:6789/0] conn(0x7f0d740fab40 0x7f0d740faf60 secure :-1 s=READY pgs=83 cs=0 l=1 rev1=1 rx=0x7f0d6800b5f0 tx=0x7f0d68006ee0).stop
2022-02-02T18:15:19.706 INFO:teuthology.orchestra.run.smithi096.stderr:/usr/bin/ceph:
2022-02-02T18:15:19.697+0000 7f0d7a64b700 1 -- 172.21.15.96:0/716696567 shutdown_connections
2022-02-02T18:15:19.707 INFO:teuthology.orchestra.run.smithi096.stderr:/usr/bin/ceph:
2022-02-02T18:15:19.697+0000 7f0d7a64b700 1 --2- 172.21.15.96:0/716696567 >> [v2:172.21.15.96:3300/0,v1:172.21.15.96:6789/0] conn(0x7f0d740fab40 0x7f0d740faf60 unknown :-1 s=CLOSED pgs=83 cs=0 l=1 rev1=1 rx=0 tx=0).stop
2022-02-02T18:15:19.707 INFO:teuthology.orchestra.run.smithi096.stderr:/usr/bin/ceph:
2022-02-02T18:15:19.697+0000 7f0d7a64b700 1 -- 172.21.15.96:0/716696567 >> 172.21.15.96:0/716696567 conn(0x7f0d740f62a0 msgr2=0x7f0d740f86c0 unknown :-1 s=STATE_NONE l=0).mark_down
2022-02-02T18:15:19.707 INFO:teuthology.orchestra.run.smithi096.stderr:/usr/bin/ceph:
2022-02-02T18:15:19.697+0000 7f0d7a64b700 1 -- 172.21.15.96:0/716696567 shutdown_connections
2022-02-02T18:15:19.707 INFO:teuthology.orchestra.run.smithi096.stderr:/usr/bin/ceph:
2022-02-02T18:15:19.697+0000 7f0d7a64b700 1 -- 172.21.15.96:0/716696567 wait complete.
2022-02-02T18:15:19.707 INFO:teuthology.orchestra.run.smithi096.stderr:/usr/bin/ceph:
2022-02-02T18:15:19.698+0000 7f0d7a64b700 1 Processor -- start
2022-02-02T18:15:19.708 INFO:teuthology.orchestra.run.smithi096.stderr:/usr/bin/ceph:
2022-02-02T18:15:19.698+0000 7f0d7a64b700 1 -- start start
2022-02-02T18:15:19.708 INFO:teuthology.orchestra.run.smithi096.stderr:/usr/bin/ceph:
2022-02-02T18:15:19.698+0000 7f0d7a64b700 1 --2- >> [v2:172.21.15.96:3300/0,v1:172.21.15.96:6789/0] conn(0x7f0d740fab40 0x7f0d741098a0 unknown :-1 s=NONE pgs=0 cs=0 l=1 rev1=0 rx=0 tx=0).connect
2022-02-02T18:15:19.708 INFO:teuthology.orchestra.run.smithi096.stderr:/usr/bin/ceph:
2022-02-02T18:15:19.698+0000 7f0d7a64b700 1 -- --> [v2:172.21.15.96:3300/0,v1:172.21.15.96:6789/0] -- mon_getmap magic: 0 v1 -- 0x7f0d74109d90 con 0x7f0d740fab40
2022-02-02T18:15:19.708 INFO:teuthology.orchestra.run.smithi096.stderr:/usr/bin/ceph:
2022-02-02T18:15:19.698+0000 7f0d73fff700 1 --2- >> [v2:172.21.15.96:3300/0,v1:172.21.15.96:6789/0] conn(0x7f0d740fab40 0x7f0d741098a0 unknown :-1 s=BANNER_CONNECTING pgs=0 cs=0 l=1 rev1=0 rx=0 tx=0)._handle_peer_banner_payload supported=1 required=0
2022-02-02T18:15:19.709 INFO:teuthology.orchestra.run.smithi096.stderr:/usr/bin/ceph:
2022-02-02T18:15:19.698+0000 7f0d73fff700 1 --2- >> [v2:172.21.15.96:3300/0,v1:172.21.15.96:6789/0] conn(0x7f0d740fab40 0x7f0d741098a0 unknown :-1 s=HELLO_CONNECTING pgs=0 cs=0 l=1 rev1=1 rx=0 tx=0).handle_hello peer v2:172.21.15.96:3300/0 says I am v2:172.21.15.96:51524/0 (socket says 172.21.15.96:51524)
2022-02-02T18:15:19.709 INFO:teuthology.orchestra.run.smithi096.stderr:/usr/bin/ceph:
2022-02-02T18:15:19.698+0000 7f0d73fff700 1 -- 172.21.15.96:0/1339302489 learned_addr learned my addr 172.21.15.96:0/1339302489 (peer_addr_for_me v2:172.21.15.96:0/0)
2022-02-02T18:15:19.709 INFO:teuthology.orchestra.run.smithi096.stderr:/usr/bin/ceph:
2022-02-02T18:15:19.699+0000 7f0d73fff700 1 -- 172.21.15.96:0/1339302489 --> [v2:172.21.15.96:3300/0,v1:172.21.15.96:6789/0] -- mon_subscribe({config=0+,monmap=0+}) v3 -- 0x7f0d6800b200 con 0x7f0d740fab40
2022-02-02T18:15:19.709 INFO:teuthology.orchestra.run.smithi096.stderr:/usr/bin/ceph:
2022-02-02T18:15:19.699+0000 7f0d73fff700 1 --2- 172.21.15.96:0/1339302489 >> [v2:172.21.15.96:3300/0,v1:172.21.15.96:6789/0] conn(0x7f0d740fab40 0x7f0d741098a0 secure :-1 s=READY pgs=84 cs=0 l=1 rev1=1 rx=0x7f0d68011de0 tx=0x7f0d68006ee0).ready entity=mon.0 client_cookie=0 server_cookie=0 in_seq=0 out_seq=0
2022-02-02T18:15:19.709 INFO:teuthology.orchestra.run.smithi096.stderr:/usr/bin/ceph:
2022-02-02T18:15:19.699+0000 7f0d70ff9700 1 -- 172.21.15.96:0/1339302489 <== mon.0 v2:172.21.15.96:3300/0 1 ==== mon_map magic: 0 v1 ==== 229+0+0 (secure 0 0 0) 0x7f0d6801b410 con 0x7f0d740fab40
2022-02-02T18:15:19.710 INFO:teuthology.orchestra.run.smithi096.stderr:/usr/bin/ceph:
2022-02-02T18:15:19.699+0000 7f0d70ff9700 1 -- 172.21.15.96:0/1339302489 <== mon.0 v2:172.21.15.96:3300/0 2 ==== config(25 keys) v1 ==== 1047+0+0 (secure 0 0 0) 0x7f0d6801ba00 con 0x7f0d740fab40
2022-02-02T18:15:19.710 INFO:teuthology.orchestra.run.smithi096.stderr:/usr/bin/ceph:
2022-02-02T18:15:19.699+0000 7f0d7a64b700 1 -- 172.21.15.96:0/1339302489 --> [v2:172.21.15.96:3300/0,v1:172.21.15.96:6789/0] -- mon_subscribe({mgrmap=0+}) v3 -- 0x7f0d74109f90 con 0x7f0d740fab40
2022-02-02T18:15:19.710 INFO:teuthology.orchestra.run.smithi096.stderr:/usr/bin/ceph:
2022-02-02T18:15:19.699+0000 7f0d70ff9700 1 -- 172.21.15.96:0/1339302489 <== mon.0 v2:172.21.15.96:3300/0 3 ==== mon_map magic: 0 v1 ==== 229+0+0 (secure 0 0 0) 0x7f0d6801a770 con 0x7f0d740fab40
2022-02-02T18:15:19.710 INFO:teuthology.orchestra.run.smithi096.stderr:/usr/bin/ceph:
2022-02-02T18:15:19.699+0000 7f0d7a64b700 1 -- 172.21.15.96:0/1339302489 --> [v2:172.21.15.96:3300/0,v1:172.21.15.96:6789/0] -- mon_subscribe({osdmap=0}) v3 -- 0x7f0d7410a420 con 0x7f0d740fab40
2022-02-02T18:15:19.711 INFO:teuthology.orchestra.run.smithi096.stderr:/usr/bin/ceph:
2022-02-02T18:15:19.700+0000 7f0d70ff9700 1 -- 172.21.15.96:0/1339302489 <== mon.0 v2:172.21.15.96:3300/0 4 ==== mgrmap(e 15) v1 ==== 36208+0+0 (secure 0 0 0) 0x7f0d6802b070 con 0x7f0d740fab40
2022-02-02T18:15:19.711 INFO:teuthology.orchestra.run.smithi096.stderr:/usr/bin/ceph:
2022-02-02T18:15:19.700+0000 7f0d70ff9700 1 --2- 172.21.15.96:0/1339302489 >> [v2:172.21.15.96:6800/4170397281,v1:172.21.15.96:6801/4170397281] conn(0x7f0d6002feb0 0x7f0d60032370 unknown :-1 s=NONE pgs=0 cs=0 l=1 rev1=0 rx=0 tx=0).connect
2022-02-02T18:15:19.712 INFO:teuthology.orchestra.run.smithi096.stderr:/usr/bin/ceph:
2022-02-02T18:15:19.700+0000 7f0d70ff9700 1 -- 172.21.15.96:0/1339302489 <== mon.0 v2:172.21.15.96:3300/0 5 ==== osd_map(4..4 src has 1..4) v4 ==== 1237+0+0 (secure 0 0 0) 0x7f0d68042650 con 0x7f0d740fab40
2022-02-02T18:15:19.712 INFO:teuthology.orchestra.run.smithi096.stderr:/usr/bin/ceph:
2022-02-02T18:15:19.700+0000 7f0d737fe700 1 --2- 172.21.15.96:0/1339302489 >> [v2:172.21.15.96:6800/4170397281,v1:172.21.15.96:6801/4170397281] conn(0x7f0d6002feb0 0x7f0d60032370 unknown :-1 s=BANNER_CONNECTING pgs=0 cs=0 l=1 rev1=0 rx=0 tx=0)._handle_peer_banner_payload supported=1 required=0
2022-02-02T18:15:19.712 INFO:teuthology.orchestra.run.smithi096.stderr:/usr/bin/ceph:
2022-02-02T18:15:19.700+0000 7f0d737fe700 1 --2- 172.21.15.96:0/1339302489 >> [v2:172.21.15.96:6800/4170397281,v1:172.21.15.96:6801/4170397281] conn(0x7f0d6002feb0 0x7f0d60032370 secure :-1 s=READY pgs=8 cs=0 l=1 rev1=1 rx=0x7f0d640096a0 tx=0x7f0d64006b40).ready entity=mgr.14162 client_cookie=0 server_cookie=0 in_seq=0 out_seq=0
2022-02-02T18:15:19.712 INFO:teuthology.orchestra.run.smithi096.stderr:/usr/bin/ceph:
2022-02-02T18:15:19.700+0000 7f0d7a64b700 1 -- 172.21.15.96:0/1339302489 --> [v2:172.21.15.96:3300/0,v1:172.21.15.96:6789/0] -- mon_command({"prefix": "get_command_descriptions"} v 0) v1 -- 0x7f0d74045ad0 con 0x7f0d740fab40
2022-02-02T18:15:19.713 INFO:teuthology.orchestra.run.smithi096.stderr:/usr/bin/ceph:
2022-02-02T18:15:19.705+0000 7f0d70ff9700 1 -- 172.21.15.96:0/1339302489 <== mon.0 v2:172.21.15.96:3300/0 6 ==== mon_command_ack([{"prefix": "get_command_descriptions"}]=0 v0) v1 ==== 72+0+152212 (secure 0 0 0) 0x7f0d68016080 con 0x7f0d740fab40
2022-02-02T18:15:19.861 INFO:teuthology.orchestra.run.smithi096.stderr:/usr/bin/ceph:
2022-02-02T18:15:19.857+0000 7f0d7a64b700 1 -- 172.21.15.96:0/1339302489 --> [v2:172.21.15.96:3300/0,v1:172.21.15.96:6789/0] -- mon_command({"prefix": "config get", "who": "mgr", "key": "mgr/dashboard/ssl_server_port"} v 0) v1 -- 0x7f0d740008d0 con 0x7f0d740fab40
2022-02-02T18:15:19.862 INFO:teuthology.orchestra.run.smithi096.stderr:/usr/bin/ceph:
2022-02-02T18:15:19.858+0000 7f0d70ff9700 1 -- 172.21.15.96:0/1339302489 <== mon.0 v2:172.21.15.96:3300/0 7 ==== mon_command_ack([{"prefix": "config get", "who": "mgr", "key": "mgr/dashboard/ssl_server_port"}]=0 v10) v1 ==== 112+0+5 (secure 0 0 0) 0x7f0d6801f070 con 0x7f0d740fab40
2022-02-02T18:15:19.862 INFO:teuthology.orchestra.run.smithi096.stderr:/usr/bin/ceph: 8443
2022-02-02T18:15:19.864 INFO:teuthology.orchestra.run.smithi096.stderr:/usr/bin/ceph:
2022-02-02T18:15:19.859+0000 7f0d7a64b700 1 -- 172.21.15.96:0/1339302489 >> [v2:172.21.15.96:6800/4170397281,v1:172.21.15.96:6801/4170397281] conn(0x7f0d6002feb0 msgr2=0x7f0d60032370 secure :-1 s=STATE_CONNECTION_ESTABLISHED l=1).mark_down
2022-02-02T18:15:19.864 INFO:teuthology.orchestra.run.smithi096.stderr:/usr/bin/ceph:
2022-02-02T18:15:19.859+0000 7f0d7a64b700 1 --2- 172.21.15.96:0/1339302489 >> [v2:172.21.15.96:6800/4170397281,v1:172.21.15.96:6801/4170397281] conn(0x7f0d6002feb0 0x7f0d60032370 secure :-1 s=READY pgs=8 cs=0 l=1 rev1=1 rx=0x7f0d640096a0 tx=0x7f0d64006b40).stop
2022-02-02T18:15:19.864 INFO:teuthology.orchestra.run.smithi096.stderr:/usr/bin/ceph:
2022-02-02T18:15:19.859+0000 7f0d7a64b700 1 -- 172.21.15.96:0/1339302489 >> [v2:172.21.15.96:3300/0,v1:172.21.15.96:6789/0] conn(0x7f0d740fab40 msgr2=0x7f0d741098a0 secure :-1 s=STATE_CONNECTION_ESTABLISHED l=1).mark_down
2022-02-02T18:15:19.865 INFO:teuthology.orchestra.run.smithi096.stderr:/usr/bin/ceph:
2022-02-02T18:15:19.859+0000 7f0d7a64b700 1 --2- 172.21.15.96:0/1339302489 >> [v2:172.21.15.96:3300/0,v1:172.21.15.96:6789/0] conn(0x7f0d740fab40 0x7f0d741098a0 secure :-1 s=READY pgs=84 cs=0 l=1 rev1=1 rx=0x7f0d68011de0 tx=0x7f0d68006ee0).stop
2022-02-02T18:15:19.865 INFO:teuthology.orchestra.run.smithi096.stderr:/usr/bin/ceph:
2022-02-02T18:15:19.859+0000 7f0d7a64b700 1 -- 172.21.15.96:0/1339302489 shutdown_connections
2022-02-02T18:15:19.865 INFO:teuthology.orchestra.run.smithi096.stderr:/usr/bin/ceph:
2022-02-02T18:15:19.859+0000 7f0d7a64b700 1 --2- 172.21.15.96:0/1339302489 >> [v2:172.21.15.96:6800/4170397281,v1:172.21.15.96:6801/4170397281] conn(0x7f0d6002feb0 0x7f0d60032370 unknown :-1 s=CLOSED pgs=8 cs=0 l=1 rev1=1 rx=0 tx=0).stop
2022-02-02T18:15:19.866 INFO:teuthology.orchestra.run.smithi096.stderr:/usr/bin/ceph:
2022-02-02T18:15:19.859+0000 7f0d7a64b700 1 --2- 172.21.15.96:0/1339302489 >> [v2:172.21.15.96:3300/0,v1:172.21.15.96:6789/0] conn(0x7f0d740fab40 0x7f0d741098a0 unknown :-1 s=CLOSED pgs=84 cs=0 l=1 rev1=1 rx=0 tx=0).stop
2022-02-02T18:15:19.866 INFO:teuthology.orchestra.run.smithi096.stderr:/usr/bin/ceph:
2022-02-02T18:15:19.859+0000 7f0d7a64b700 1 -- 172.21.15.96:0/1339302489 >> 172.21.15.96:0/1339302489 conn(0x7f0d740f62a0 msgr2=0x7f0d740f7dc0 unknown :-1 s=STATE_NONE l=0).mark_down
2022-02-02T18:15:19.866 INFO:teuthology.orchestra.run.smithi096.stderr:/usr/bin/ceph:
2022-02-02T18:15:19.859+0000 7f0d7a64b700 1 -- 172.21.15.96:0/1339302489 shutdown_connections
2022-02-02T18:15:19.866 INFO:teuthology.orchestra.run.smithi096.stderr:/usr/bin/ceph:
2022-02-02T18:15:19.860+0000 7f0d7a64b700 1 -- 172.21.15.96:0/1339302489 wait complete.
2022-02-02T18:15:20.213 INFO:journalctl@ceph.mon.smithi096.smithi096.stdout:Feb 02 18:15:19 smithi096 conmon[32067]: audit
2022-02-02T18:15:18.628885+0000 mgr.smithi096.shfutl (mgr.14162) 4 : audit
2022-02-02T18:15:20.213 INFO:journalctl@ceph.mon.smithi096.smithi096.stdout:Feb 02 18:15:19 smithi096 conmon[32067]: [DBG] from='client.14174 -' entity='client.admin' cmd=[{"prefix": "dashboard ac-user-create", "username": "admin", "rolename": "administrator", "force_password": true, "pwd_update_required": true, "target": ["mon-mgr", ""]}]: dispatch
2022-02-02T18:15:20.214 INFO:journalctl@ceph.mon.smithi096.smithi096.stdout:Feb 02 18:15:19 smithi096 conmon[32067]: audit
2022-02-02T18:15:19.859560+0000 mon.smithi096 (mon.0) 111 : audit [DBG] from='client.? 172.21.15.96:0/1339302489' entity='client.admin' cmd=[{"prefix": "config get", "who": "mgr", "key": "mgr/dashboard/ssl_server_port"}]: dispatch
2022-02-02T18:15:20.270 INFO:teuthology.orchestra.run.smithi096.stderr:Running command: systemctl is-enabled firewalld.service
2022-02-02T18:15:20.278 INFO:teuthology.orchestra.run.smithi096.stderr:systemctl: disabled
2022-02-02T18:15:20.279 INFO:teuthology.orchestra.run.smithi096.stderr:Running command: systemctl is-active firewalld.service
2022-02-02T18:15:20.284 INFO:teuthology.orchestra.run.smithi096.stderr:systemctl: inactive
2022-02-02T18:15:20.285 INFO:teuthology.orchestra.run.smithi096.stderr:firewalld.service is not enabled
2022-02-02T18:15:20.286 INFO:teuthology.orchestra.run.smithi096.stderr:Not possible to open ports <[8443]>. firewalld.service is not available
2022-02-02T18:15:20.289 INFO:teuthology.orchestra.run.smithi096.stderr:Ceph Dashboard is now available at:
2022-02-02T18:15:20.289 INFO:teuthology.orchestra.run.smithi096.stderr:
2022-02-02T18:15:20.289 INFO:teuthology.orchestra.run.smithi096.stderr: URL: https://smithi096.front.sepia.ceph.com:8443/
2022-02-02T18:15:20.290 INFO:teuthology.orchestra.run.smithi096.stderr: User: admin
2022-02-02T18:15:20.290 INFO:teuthology.orchestra.run.smithi096.stderr: Password: why6zt1vs1
2022-02-02T18:15:20.291 INFO:teuthology.orchestra.run.smithi096.stderr:
2022-02-02T18:15:20.291 INFO:teuthology.orchestra.run.smithi096.stderr:You can access the Ceph CLI with:
2022-02-02T18:15:20.292 INFO:teuthology.orchestra.run.smithi096.stderr:
2022-02-02T18:15:20.292 INFO:teuthology.orchestra.run.smithi096.stderr: sudo /home/ubuntu/cephtest/cephadm shell --fsid e1d78c58-8453-11ec-8c35-001a4aab830c -c /etc/ceph/ceph.conf -k /etc/ceph/ceph.client.admin.keyring
2022-02-02T18:15:20.293 INFO:teuthology.orchestra.run.smithi096.stderr:
2022-02-02T18:15:20.293 INFO:teuthology.orchestra.run.smithi096.stderr:Please consider enabling telemetry to help improve Ceph:
2022-02-02T18:15:20.293 INFO:teuthology.orchestra.run.smithi096.stderr:
2022-02-02T18:15:20.294 INFO:teuthology.orchestra.run.smithi096.stderr: ceph telemetry on
2022-02-02T18:15:20.294 INFO:teuthology.orchestra.run.smithi096.stderr:
2022-02-02T18:15:20.295 INFO:teuthology.orchestra.run.smithi096.stderr:For more information see:
2022-02-02T18:15:20.295 INFO:teuthology.orchestra.run.smithi096.stderr:
2022-02-02T18:15:20.296 INFO:teuthology.orchestra.run.smithi096.stderr: https://docs.ceph.com/docs/pacific/mgr/telemetry/
2022-02-02T18:15:20.296 INFO:teuthology.orchestra.run.smithi096.stderr:
2022-02-02T18:15:20.297 INFO:teuthology.orchestra.run.smithi096.stderr:Bootstrap complete.
2022-02-02T18:15:20.297 INFO:teuthology.orchestra.run.smithi096.stderr:Releasing lock 140677241420544 on /run/cephadm/e1d78c58-8453-11ec-8c35-001a4aab830c.lock
2022-02-02T18:15:20.297 INFO:teuthology.orchestra.run.smithi096.stderr:Lock 140677241420544 released on /run/cephadm/e1d78c58-8453-11ec-8c35-001a4aab830c.lock
2022-02-02T18:15:20.323 INFO:tasks.cephadm:Fetching config...
2022-02-02T18:15:20.324 DEBUG:teuthology.orchestra.run.smithi096:> set -ex
2022-02-02T18:15:20.325 DEBUG:teuthology.orchestra.run.smithi096:> dd if=/etc/ceph/ceph.conf of=/dev/stdout
2022-02-02T18:15:20.380 INFO:tasks.cephadm:Fetching client.admin keyring...
2022-02-02T18:15:20.381 DEBUG:teuthology.orchestra.run.smithi096:> set -ex
2022-02-02T18:15:20.381 DEBUG:teuthology.orchestra.run.smithi096:> dd if=/etc/ceph/ceph.client.admin.keyring of=/dev/stdout
2022-02-02T18:15:20.436 INFO:tasks.cephadm:Fetching mon keyring...
2022-02-02T18:15:20.436 DEBUG:teuthology.orchestra.run.smithi096:> set -ex
2022-02-02T18:15:20.436 DEBUG:teuthology.orchestra.run.smithi096:> sudo dd if=/var/lib/ceph/e1d78c58-8453-11ec-8c35-001a4aab830c/mon.smithi096/keyring of=/dev/stdout
2022-02-02T18:15:20.502 INFO:tasks.cephadm:Fetching pub ssh key...
2022-02-02T18:15:20.503 DEBUG:teuthology.orchestra.run.smithi096:> set -ex
2022-02-02T18:15:20.503 DEBUG:teuthology.orchestra.run.smithi096:> dd if=/home/ubuntu/cephtest/ceph.pub of=/dev/stdout
2022-02-02T18:15:20.559 INFO:tasks.cephadm:Installing pub ssh key for root users...
2022-02-02T18:15:20.559 DEBUG:teuthology.orchestra.run.smithi096:> sudo install -d -m 0700 /root/.ssh && echo 'ssh-rsa AAAAB3NzaC1yc2EAAAADAQABAAABgQDbbWAfuUfQYVyjxA9aw182sv5EcVdSzM2yCaH+9wwNVBOhLAVyONG5yxPji+NKlfA7z7q1fxypWNdELZqoPbnMGj7NzhuTs/t1mDEsyzhdCihKPAPDsXp9yWbV51d27rMLp+xPgfIE/sY5SrtBBPQM8aHRd7O/thSuCK9w3YADyaToazW/LWE2iUIESPIZPZ7gQW/Rmc85UuuwxJYvryN3ovRWVi7YNcIm4wIbQTGMPz7kk8wa5giiGrFQS1olkFjaI9TTRZaiSyjGqc+g7gP5qQ64YZyIyA6R/Cmd2tL7WPw4sbBjt4emYNxEj2M4hgj6/dQdc7zMuESMEVWrX78pXdhHIGdamT+f4XRMG9c+yNxm9VVOyn5p4DpN0/Es7xJoW75PPXdX6C3aNTRfFrUIysIfdbfEJSJOY0S9rpgMsEKJs90H8suEKVJYqJSbIge+KbzvMeAYv6Qa9uzie0q3swuqkz3cXKkYUwOfcQWk3JCbVLXRH+MFW1jNrWn9rW0= ceph-e1d78c58-8453-11ec-8c35-001a4aab830c' | sudo tee -a /root/.ssh/authorized_keys && sudo chmod 0600 /root/.ssh/authorized_keys
2022-02-02T18:15:20.637 INFO:teuthology.orchestra.run.smithi096.stdout:ssh-rsa AAAAB3NzaC1yc2EAAAADAQABAAABgQDbbWAfuUfQYVyjxA9aw182sv5EcVdSzM2yCaH+9wwNVBOhLAVyONG5yxPji+NKlfA7z7q1fxypWNdELZqoPbnMGj7NzhuTs/t1mDEsyzhdCihKPAPDsXp9yWbV51d27rMLp+xPgfIE/sY5SrtBBPQM8aHRd7O/thSuCK9w3YADyaToazW/LWE2iUIESPIZPZ7gQW/Rmc85UuuwxJYvryN3ovRWVi7YNcIm4wIbQTGMPz7kk8wa5giiGrFQS1olkFjaI9TTRZaiSyjGqc+g7gP5qQ64YZyIyA6R/Cmd2tL7WPw4sbBjt4emYNxEj2M4hgj6/dQdc7zMuESMEVWrX78pXdhHIGdamT+f4XRMG9c+yNxm9VVOyn5p4DpN0/Es7xJoW75PPXdX6C3aNTRfFrUIysIfdbfEJSJOY0S9rpgMsEKJs90H8suEKVJYqJSbIge+KbzvMeAYv6Qa9uzie0q3swuqkz3cXKkYUwOfcQWk3JCbVLXRH+MFW1jNrWn9rW0= ceph-e1d78c58-8453-11ec-8c35-001a4aab830c
2022-02-02T18:15:20.648 DEBUG:teuthology.orchestra.run.smithi159:> sudo install -d -m 0700 /root/.ssh && echo 'ssh-rsa AAAAB3NzaC1yc2EAAAADAQABAAABgQDbbWAfuUfQYVyjxA9aw182sv5EcVdSzM2yCaH+9wwNVBOhLAVyONG5yxPji+NKlfA7z7q1fxypWNdELZqoPbnMGj7NzhuTs/t1mDEsyzhdCihKPAPDsXp9yWbV51d27rMLp+xPgfIE/sY5SrtBBPQM8aHRd7O/thSuCK9w3YADyaToazW/LWE2iUIESPIZPZ7gQW/Rmc85UuuwxJYvryN3ovRWVi7YNcIm4wIbQTGMPz7kk8wa5giiGrFQS1olkFjaI9TTRZaiSyjGqc+g7gP5qQ64YZyIyA6R/Cmd2tL7WPw4sbBjt4emYNxEj2M4hgj6/dQdc7zMuESMEVWrX78pXdhHIGdamT+f4XRMG9c+yNxm9VVOyn5p4DpN0/Es7xJoW75PPXdX6C3aNTRfFrUIysIfdbfEJSJOY0S9rpgMsEKJs90H8suEKVJYqJSbIge+KbzvMeAYv6Qa9uzie0q3swuqkz3cXKkYUwOfcQWk3JCbVLXRH+MFW1jNrWn9rW0= ceph-e1d78c58-8453-11ec-8c35-001a4aab830c' | sudo tee -a /root/.ssh/authorized_keys && sudo chmod 0600 /root/.ssh/authorized_keys
2022-02-02T18:15:20.692 INFO:teuthology.orchestra.run.smithi159.stdout:ssh-rsa AAAAB3NzaC1yc2EAAAADAQABAAABgQDbbWAfuUfQYVyjxA9aw182sv5EcVdSzM2yCaH+9wwNVBOhLAVyONG5yxPji+NKlfA7z7q1fxypWNdELZqoPbnMGj7NzhuTs/t1mDEsyzhdCihKPAPDsXp9yWbV51d27rMLp+xPgfIE/sY5SrtBBPQM8aHRd7O/thSuCK9w3YADyaToazW/LWE2iUIESPIZPZ7gQW/Rmc85UuuwxJYvryN3ovRWVi7YNcIm4wIbQTGMPz7kk8wa5giiGrFQS1olkFjaI9TTRZaiSyjGqc+g7gP5qQ64YZyIyA6R/Cmd2tL7WPw4sbBjt4emYNxEj2M4hgj6/dQdc7zMuESMEVWrX78pXdhHIGdamT+f4XRMG9c+yNxm9VVOyn5p4DpN0/Es7xJoW75PPXdX6C3aNTRfFrUIysIfdbfEJSJOY0S9rpgMsEKJs90H8suEKVJYqJSbIge+KbzvMeAYv6Qa9uzie0q3swuqkz3cXKkYUwOfcQWk3JCbVLXRH+MFW1jNrWn9rW0= ceph-e1d78c58-8453-11ec-8c35-001a4aab830c
2022-02-02T18:15:20.705 DEBUG:teuthology.orchestra.run.smithi096:> sudo /home/ubuntu/cephtest/cephadm --image docker.io/ceph/ceph:v16.2.4 shell -c /etc/ceph/ceph.conf -k /etc/ceph/ceph.client.admin.keyring --fsid e1d78c58-8453-11ec-8c35-001a4aab830c -- ceph config set mgr mgr/cephadm/allow_ptrace true
2022-02-02T18:15:22.099 INFO:journalctl@ceph.mon.smithi096.smithi096.stdout:Feb 02 18:15:21 smithi096 conmon[32067]: cluster
2022-02-02T18:15:20.893968+0000 mon.smithi096 (mon.0) 112 : cluster [DBG] mgrmap e16: smithi096.shfutl(active, since 7s)
2022-02-02T18:15:23.077 INFO:teuthology.orchestra.run.smithi096.stderr:2022-02-02T18:15:23.070+0000 7f8c9f59e700 1 -- 172.21.15.96:0/3559140925 >> [v2:172.21.15.96:3300/0,v1:172.21.15.96:6789/0] conn(0x7f8ca00f51a0 msgr2=0x7f8ca00f55c0 secure :-1 s=STATE_CONNECTION_ESTABLISHED l=1).mark_down
2022-02-02T18:15:23.077 INFO:teuthology.orchestra.run.smithi096.stderr:2022-02-02T18:15:23.070+0000 7f8c9f59e700 1 --2- 172.21.15.96:0/3559140925 >> [v2:172.21.15.96:3300/0,v1:172.21.15.96:6789/0] conn(0x7f8ca00f51a0 0x7f8ca00f55c0 secure :-1 s=READY pgs=85 cs=0 l=1 rev1=1 rx=0x7f8c94009fb0 tx=0x7f8c94009b30).stop
2022-02-02T18:15:23.077 INFO:teuthology.orchestra.run.smithi096.stderr:2022-02-02T18:15:23.070+0000 7f8c9f59e700 1 -- 172.21.15.96:0/3559140925 shutdown_connections
2022-02-02T18:15:23.078 INFO:teuthology.orchestra.run.smithi096.stderr:2022-02-02T18:15:23.070+0000 7f8c9f59e700 1 --2- 172.21.15.96:0/3559140925 >> [v2:172.21.15.96:3300/0,v1:172.21.15.96:6789/0] conn(0x7f8ca00f51a0 0x7f8ca00f55c0 unknown :-1 s=CLOSED pgs=85 cs=0 l=1 rev1=1 rx=0 tx=0).stop
2022-02-02T18:15:23.078 INFO:teuthology.orchestra.run.smithi096.stderr:2022-02-02T18:15:23.070+0000 7f8c9f59e700 1 -- 172.21.15.96:0/3559140925 >> 172.21.15.96:0/3559140925 conn(0x7f8ca00f09a0 msgr2=0x7f8ca00f2dc0 unknown :-1 s=STATE_NONE l=0).mark_down
2022-02-02T18:15:23.078 INFO:teuthology.orchestra.run.smithi096.stderr:2022-02-02T18:15:23.070+0000 7f8c9f59e700 1 -- 172.21.15.96:0/3559140925 shutdown_connections
2022-02-02T18:15:23.078 INFO:teuthology.orchestra.run.smithi096.stderr:2022-02-02T18:15:23.070+0000 7f8c9f59e700 1 -- 172.21.15.96:0/3559140925 wait complete.
2022-02-02T18:15:23.079 INFO:teuthology.orchestra.run.smithi096.stderr:2022-02-02T18:15:23.071+0000 7f8c9f59e700 1 Processor -- start
2022-02-02T18:15:23.079 INFO:teuthology.orchestra.run.smithi096.stderr:2022-02-02T18:15:23.071+0000 7f8c9f59e700 1 -- start start
2022-02-02T18:15:23.079 INFO:teuthology.orchestra.run.smithi096.stderr:2022-02-02T18:15:23.071+0000 7f8c9f59e700 1 --2- >> [v2:172.21.15.96:3300/0,v1:172.21.15.96:6789/0] conn(0x7f8ca00f51a0 0x7f8ca01091b0 unknown :-1 s=NONE pgs=0 cs=0 l=1 rev1=0 rx=0 tx=0).connect
2022-02-02T18:15:23.080 INFO:teuthology.orchestra.run.smithi096.stderr:2022-02-02T18:15:23.071+0000 7f8c9f59e700 1 -- --> [v2:172.21.15.96:3300/0,v1:172.21.15.96:6789/0] -- mon_getmap magic: 0 v1 -- 0x7f8ca0060220 con 0x7f8ca00f51a0
2022-02-02T18:15:23.080 INFO:teuthology.orchestra.run.smithi096.stderr:2022-02-02T18:15:23.071+0000 7f8c9e59c700 1 --2- >> [v2:172.21.15.96:3300/0,v1:172.21.15.96:6789/0] conn(0x7f8ca00f51a0 0x7f8ca01091b0 unknown :-1 s=BANNER_CONNECTING pgs=0 cs=0 l=1 rev1=0 rx=0 tx=0)._handle_peer_banner_payload supported=1 required=0
2022-02-02T18:15:23.080 INFO:teuthology.orchestra.run.smithi096.stderr:2022-02-02T18:15:23.071+0000 7f8c9e59c700 1 --2- >> [v2:172.21.15.96:3300/0,v1:172.21.15.96:6789/0] conn(0x7f8ca00f51a0 0x7f8ca01091b0 unknown :-1 s=HELLO_CONNECTING pgs=0 cs=0 l=1 rev1=1 rx=0 tx=0).handle_hello peer v2:172.21.15.96:3300/0 says I am v2:172.21.15.96:51534/0 (socket says 172.21.15.96:51534)
2022-02-02T18:15:23.080 INFO:teuthology.orchestra.run.smithi096.stderr:2022-02-02T18:15:23.071+0000 7f8c9e59c700 1 -- 172.21.15.96:0/654745699 learned_addr learned my addr 172.21.15.96:0/654745699 (peer_addr_for_me v2:172.21.15.96:0/0)
2022-02-02T18:15:23.081 INFO:teuthology.orchestra.run.smithi096.stderr:2022-02-02T18:15:23.071+0000 7f8c9e59c700 1 -- 172.21.15.96:0/654745699 --> [v2:172.21.15.96:3300/0,v1:172.21.15.96:6789/0] -- mon_subscribe({config=0+,monmap=0+}) v3 -- 0x7f8c94005040 con 0x7f8ca00f51a0
2022-02-02T18:15:23.081 INFO:teuthology.orchestra.run.smithi096.stderr:2022-02-02T18:15:23.072+0000 7f8c9e59c700 1 --2- 172.21.15.96:0/654745699 >> [v2:172.21.15.96:3300/0,v1:172.21.15.96:6789/0] conn(0x7f8ca00f51a0 0x7f8ca01091b0 secure :-1 s=READY pgs=86 cs=0 l=1 rev1=1 rx=0x7f8c94009f80 tx=0x7f8c9400b040).ready entity=mon.0 client_cookie=0 server_cookie=0 in_seq=0 out_seq=0
2022-02-02T18:15:23.081 INFO:teuthology.orchestra.run.smithi096.stderr:2022-02-02T18:15:23.072+0000 7f8c8effd700 1 -- 172.21.15.96:0/654745699 <== mon.0 v2:172.21.15.96:3300/0 1 ==== mon_map magic: 0 v1 ==== 229+0+0 (secure 0 0 0) 0x7f8c94009320 con 0x7f8ca00f51a0
2022-02-02T18:15:23.081 INFO:teuthology.orchestra.run.smithi096.stderr:2022-02-02T18:15:23.072+0000 7f8c8effd700 1 -- 172.21.15.96:0/654745699 <== mon.0 v2:172.21.15.96:3300/0 2 ==== config(25 keys) v1 ==== 1047+0+0 (secure 0 0 0) 0x7f8c94013680 con 0x7f8ca00f51a0
2022-02-02T18:15:23.082 INFO:teuthology.orchestra.run.smithi096.stderr:2022-02-02T18:15:23.072+0000 7f8c9f59e700 1 -- 172.21.15.96:0/654745699 --> [v2:172.21.15.96:3300/0,v1:172.21.15.96:6789/0] -- mon_subscribe({mgrmap=0+}) v3 -- 0x7f8ca0060420 con 0x7f8ca00f51a0
2022-02-02T18:15:23.082 INFO:teuthology.orchestra.run.smithi096.stderr:2022-02-02T18:15:23.072+0000 7f8c8effd700 1 -- 172.21.15.96:0/654745699 <== mon.0 v2:172.21.15.96:3300/0 3 ==== mon_map magic: 0 v1 ==== 229+0+0 (secure 0 0 0) 0x7f8c9401eda0 con 0x7f8ca00f51a0
2022-02-02T18:15:23.083 INFO:teuthology.orchestra.run.smithi096.stderr:2022-02-02T18:15:23.072+0000 7f8c9f59e700 1 -- 172.21.15.96:0/654745699 --> [v2:172.21.15.96:3300/0,v1:172.21.15.96:6789/0] -- mon_subscribe({osdmap=0}) v3 -- 0x7f8ca0109860 con 0x7f8ca00f51a0
2022-02-02T18:15:23.083 INFO:teuthology.orchestra.run.smithi096.stderr:2022-02-02T18:15:23.073+0000 7f8c8effd700 1 -- 172.21.15.96:0/654745699 <== mon.0 v2:172.21.15.96:3300/0 4 ==== mgrmap(e 16) v1 ==== 36269+0+0 (secure 0 0 0) 0x7f8c94014420 con 0x7f8ca00f51a0
2022-02-02T18:15:23.083 INFO:teuthology.orchestra.run.smithi096.stderr:2022-02-02T18:15:23.073+0000 7f8c8effd700 1 --2- 172.21.15.96:0/654745699 >> [v2:172.21.15.96:6800/4170397281,v1:172.21.15.96:6801/4170397281] conn(0x7f8c8802ff60 0x7f8c88032420 unknown :-1 s=NONE pgs=0 cs=0 l=1 rev1=0 rx=0 tx=0).connect
2022-02-02T18:15:23.083 INFO:teuthology.orchestra.run.smithi096.stderr:2022-02-02T18:15:23.073+0000 7f8c9f59e700 1 -- 172.21.15.96:0/654745699 --> [v2:172.21.15.96:3300/0,v1:172.21.15.96:6789/0] -- mon_command({"prefix": "get_command_descriptions"} v 0) v1 -- 0x7f8ca0059100 con 0x7f8ca00f51a0
2022-02-02T18:15:23.084 INFO:teuthology.orchestra.run.smithi096.stderr:2022-02-02T18:15:23.073+0000 7f8c8effd700 1 -- 172.21.15.96:0/654745699 <== mon.0 v2:172.21.15.96:3300/0 5 ==== osd_map(4..4 src has 1..4) v4 ==== 1237+0+0 (secure 0 0 0) 0x7f8c94041250 con 0x7f8ca00f51a0
2022-02-02T18:15:23.085 INFO:teuthology.orchestra.run.smithi096.stderr:2022-02-02T18:15:23.074+0000 7f8c9dd9b700 1 --2- 172.21.15.96:0/654745699 >> [v2:172.21.15.96:6800/4170397281,v1:172.21.15.96:6801/4170397281] conn(0x7f8c8802ff60 0x7f8c88032420 unknown :-1 s=BANNER_CONNECTING pgs=0 cs=0 l=1 rev1=0 rx=0 tx=0)._handle_peer_banner_payload supported=1 required=0
2022-02-02T18:15:23.085 INFO:teuthology.orchestra.run.smithi096.stderr:2022-02-02T18:15:23.074+0000 7f8c9dd9b700 1 --2- 172.21.15.96:0/654745699 >> [v2:172.21.15.96:6800/4170397281,v1:172.21.15.96:6801/4170397281] conn(0x7f8c8802ff60 0x7f8c88032420 secure :-1 s=READY pgs=9 cs=0 l=1 rev1=1 rx=0x7f8c900096a0 tx=0x7f8c90006b40).ready entity=mgr.14162 client_cookie=0 server_cookie=0 in_seq=0 out_seq=0
2022-02-02T18:15:23.085 INFO:teuthology.orchestra.run.smithi096.stderr:2022-02-02T18:15:23.077+0000 7f8c8effd700 1 -- 172.21.15.96:0/654745699 <== mon.0 v2:172.21.15.96:3300/0 6 ==== mon_command_ack([{"prefix": "get_command_descriptions"}]=0 v0) v1 ==== 72+0+152212 (secure 0 0 0) 0x7f8c9401c500 con 0x7f8ca00f51a0
2022-02-02T18:15:23.251 INFO:teuthology.orchestra.run.smithi096.stderr:2022-02-02T18:15:23.247+0000 7f8c9f59e700 1 -- 172.21.15.96:0/654745699 --> [v2:172.21.15.96:3300/0,v1:172.21.15.96:6789/0] -- mon_command([{prefix=config set, name=mgr/cephadm/allow_ptrace}] v 0) v1 -- 0x7f8ca00fac10 con 0x7f8ca00f51a0
2022-02-02T18:15:23.255 INFO:teuthology.orchestra.run.smithi096.stderr:2022-02-02T18:15:23.251+0000 7f8c8effd700 1 -- 172.21.15.96:0/654745699 <== mon.0 v2:172.21.15.96:3300/0 7 ==== mon_command_ack([{prefix=config set, name=mgr/cephadm/allow_ptrace}]=0 v11)=0 v11) v1 ==== 125+0+0 (secure 0 0 0) 0x7f8c940160a0 con 0x7f8ca00f51a0
2022-02-02T18:15:23.257 INFO:teuthology.orchestra.run.smithi096.stderr:2022-02-02T18:15:23.253+0000 7f8c9f59e700 1 -- 172.21.15.96:0/654745699 >> [v2:172.21.15.96:6800/4170397281,v1:172.21.15.96:6801/4170397281] conn(0x7f8c8802ff60 msgr2=0x7f8c88032420 secure :-1 s=STATE_CONNECTION_ESTABLISHED l=1).mark_down
2022-02-02T18:15:23.258 INFO:teuthology.orchestra.run.smithi096.stderr:2022-02-02T18:15:23.254+0000 7f8c9f59e700 1 --2- 172.21.15.96:0/654745699 >> [v2:172.21.15.96:6800/4170397281,v1:172.21.15.96:6801/4170397281] conn(0x7f8c8802ff60 0x7f8c88032420 secure :-1 s=READY pgs=9 cs=0 l=1 rev1=1 rx=0x7f8c900096a0 tx=0x7f8c90006b40).stop
2022-02-02T18:15:23.258 INFO:teuthology.orchestra.run.smithi096.stderr:2022-02-02T18:15:23.254+0000 7f8c9f59e700 1 -- 172.21.15.96:0/654745699 >> [v2:172.21.15.96:3300/0,v1:172.21.15.96:6789/0] conn(0x7f8ca00f51a0 msgr2=0x7f8ca01091b0 secure :-1 s=STATE_CONNECTION_ESTABLISHED l=1).mark_down
2022-02-02T18:15:23.258 INFO:teuthology.orchestra.run.smithi096.stderr:2022-02-02T18:15:23.254+0000 7f8c9f59e700 1 --2- 172.21.15.96:0/654745699 >> [v2:172.21.15.96:3300/0,v1:172.21.15.96:6789/0] conn(0x7f8ca00f51a0 0x7f8ca01091b0 secure :-1 s=READY pgs=86 cs=0 l=1 rev1=1 rx=0x7f8c94009f80 tx=0x7f8c9400b040).stop
2022-02-02T18:15:23.259 INFO:teuthology.orchestra.run.smithi096.stderr:2022-02-02T18:15:23.254+0000 7f8c9f59e700 1 -- 172.21.15.96:0/654745699 shutdown_connections
2022-02-02T18:15:23.259 INFO:teuthology.orchestra.run.smithi096.stderr:2022-02-02T18:15:23.254+0000 7f8c9f59e700 1 --2- 172.21.15.96:0/654745699 >> [v2:172.21.15.96:6800/4170397281,v1:172.21.15.96:6801/4170397281] conn(0x7f8c8802ff60 0x7f8c88032420 unknown :-1 s=CLOSED pgs=9 cs=0 l=1 rev1=1 rx=0 tx=0).stop
2022-02-02T18:15:23.259 INFO:teuthology.orchestra.run.smithi096.stderr:2022-02-02T18:15:23.254+0000 7f8c9f59e700 1 --2- 172.21.15.96:0/654745699 >> [v2:172.21.15.96:3300/0,v1:172.21.15.96:6789/0] conn(0x7f8ca00f51a0 0x7f8ca01091b0 unknown :-1 s=CLOSED pgs=86 cs=0 l=1 rev1=1 rx=0 tx=0).stop
2022-02-02T18:15:23.259 INFO:teuthology.orchestra.run.smithi096.stderr:2022-02-02T18:15:23.254+0000 7f8c9f59e700 1 -- 172.21.15.96:0/654745699 >> 172.21.15.96:0/654745699 conn(0x7f8ca00f09a0 msgr2=0x7f8ca00f1460 unknown :-1 s=STATE_NONE l=0).mark_down
2022-02-02T18:15:23.260 INFO:teuthology.orchestra.run.smithi096.stderr:2022-02-02T18:15:23.254+0000 7f8c9f59e700 1 -- 172.21.15.96:0/654745699 shutdown_connections
2022-02-02T18:15:23.260 INFO:teuthology.orchestra.run.smithi096.stderr:2022-02-02T18:15:23.254+0000 7f8c9f59e700 1 -- 172.21.15.96:0/654745699 wait complete.
2022-02-02T18:15:23.969 INFO:tasks.cephadm:Writing (initial) conf and keyring to smithi159
2022-02-02T18:15:23.969 DEBUG:teuthology.orchestra.run.smithi159:> set -ex
2022-02-02T18:15:23.970 DEBUG:teuthology.orchestra.run.smithi159:> dd of=/etc/ceph/ceph.conf
2022-02-02T18:15:23.991 DEBUG:teuthology.orchestra.run.smithi159:> set -ex
2022-02-02T18:15:23.992 DEBUG:teuthology.orchestra.run.smithi159:> dd of=/etc/ceph/ceph.client.admin.keyring
2022-02-02T18:15:24.049 INFO:tasks.cephadm:Adding host smithi159 to orchestrator...
2022-02-02T18:15:24.049 DEBUG:teuthology.orchestra.run.smithi096:> sudo /home/ubuntu/cephtest/cephadm --image docker.io/ceph/ceph:v16.2.4 shell -c /etc/ceph/ceph.conf -k /etc/ceph/ceph.client.admin.keyring --fsid e1d78c58-8453-11ec-8c35-001a4aab830c -- ceph orch host add smithi159
2022-02-02T18:15:24.057 INFO:journalctl@ceph.mon.smithi096.smithi096.stdout:Feb 02 18:15:23 smithi096 conmon[32067]: audit
2022-02-02T18:15:22.747960+0000 mon.smithi096 (mon.0) 113 : audit [INF] from='mgr.14162 172.21.15.96:0/4257036032' entity='mgr.smithi096.shfutl'
2022-02-02T18:15:24.057 INFO:journalctl@ceph.mon.smithi096.smithi096.stdout:Feb 02 18:15:23 smithi096 conmon[32067]: audit
