2022-02-02T18:14:54.346+0000 7f43b358b700 1 -- 172.21.15.96:0/4181213063 wait complete.
2022-02-02T18:14:54.388 INFO:teuthology.orchestra.run.smithi096.stderr:/usr/bin/ceph:
2022-02-02T18:14:54.347+0000 7f43b358b700 1 Processor -- start
2022-02-02T18:14:54.388 INFO:teuthology.orchestra.run.smithi096.stderr:/usr/bin/ceph:
2022-02-02T18:14:54.347+0000 7f43b358b700 1 -- start start
2022-02-02T18:14:54.388 INFO:teuthology.orchestra.run.smithi096.stderr:/usr/bin/ceph:
2022-02-02T18:14:54.347+0000 7f43b358b700 1 --2- >> [v2:172.21.15.96:3300/0,v1:172.21.15.96:6789/0] conn(0x7f43ac0fab40 0x7f43ac100e90 unknown :-1 s=NONE pgs=0 cs=0 l=1 rev1=0 rx=0 tx=0).connect
2022-02-02T18:14:54.389 INFO:teuthology.orchestra.run.smithi096.stderr:/usr/bin/ceph:
2022-02-02T18:14:54.347+0000 7f43b358b700 1 -- --> [v2:172.21.15.96:3300/0,v1:172.21.15.96:6789/0] -- mon_getmap magic: 0 v1 -- 0x7f43ac0ff310 con 0x7f43ac0fab40
2022-02-02T18:14:54.389 INFO:teuthology.orchestra.run.smithi096.stderr:/usr/bin/ceph:
2022-02-02T18:14:54.347+0000 7f43b1327700 1 --2- >> [v2:172.21.15.96:3300/0,v1:172.21.15.96:6789/0] conn(0x7f43ac0fab40 0x7f43ac100e90 unknown :-1 s=BANNER_CONNECTING pgs=0 cs=0 l=1 rev1=0 rx=0 tx=0)._handle_peer_banner_payload supported=1 required=0
2022-02-02T18:14:54.389 INFO:teuthology.orchestra.run.smithi096.stderr:/usr/bin/ceph:
2022-02-02T18:14:54.347+0000 7f43b1327700 1 --2- >> [v2:172.21.15.96:3300/0,v1:172.21.15.96:6789/0] conn(0x7f43ac0fab40 0x7f43ac100e90 unknown :-1 s=HELLO_CONNECTING pgs=0 cs=0 l=1 rev1=1 rx=0 tx=0).handle_hello peer v2:172.21.15.96:3300/0 says I am v2:172.21.15.96:51348/0 (socket says 172.21.15.96:51348)
2022-02-02T18:14:54.389 INFO:teuthology.orchestra.run.smithi096.stderr:/usr/bin/ceph:
2022-02-02T18:14:54.347+0000 7f43b1327700 1 -- 172.21.15.96:0/1169329785 learned_addr learned my addr 172.21.15.96:0/1169329785 (peer_addr_for_me v2:172.21.15.96:0/0)
2022-02-02T18:14:54.389 INFO:teuthology.orchestra.run.smithi096.stderr:/usr/bin/ceph:
2022-02-02T18:14:54.347+0000 7f43b1327700 1 -- 172.21.15.96:0/1169329785 --> [v2:172.21.15.96:3300/0,v1:172.21.15.96:6789/0] -- mon_subscribe({config=0+,monmap=0+}) v3 -- 0x7f43a800b200 con 0x7f43ac0fab40
2022-02-02T18:14:54.390 INFO:teuthology.orchestra.run.smithi096.stderr:/usr/bin/ceph:
2022-02-02T18:14:54.348+0000 7f43b1327700 1 --2- 172.21.15.96:0/1169329785 >> [v2:172.21.15.96:3300/0,v1:172.21.15.96:6789/0] conn(0x7f43ac0fab40 0x7f43ac100e90 secure :-1 s=READY pgs=46 cs=0 l=1 rev1=1 rx=0x7f43a8011de0 tx=0x7f43a8006ee0).ready entity=mon.0 client_cookie=0 server_cookie=0 in_seq=0 out_seq=0
2022-02-02T18:14:54.390 INFO:teuthology.orchestra.run.smithi096.stderr:/usr/bin/ceph:
2022-02-02T18:14:54.348+0000 7f43a1ffb700 1 -- 172.21.15.96:0/1169329785 <== mon.0 v2:172.21.15.96:3300/0 1 ==== mon_map magic: 0 v1 ==== 229+0+0 (secure 0 0 0) 0x7f43a801b410 con 0x7f43ac0fab40
2022-02-02T18:14:54.390 INFO:teuthology.orchestra.run.smithi096.stderr:/usr/bin/ceph:
2022-02-02T18:14:54.348+0000 7f43a1ffb700 1 -- 172.21.15.96:0/1169329785 <== mon.0 v2:172.21.15.96:3300/0 2 ==== config(25 keys) v1 ==== 1047+0+0 (secure 0 0 0) 0x7f43a801ba00 con 0x7f43ac0fab40
2022-02-02T18:14:54.390 INFO:teuthology.orchestra.run.smithi096.stderr:/usr/bin/ceph:
2022-02-02T18:14:54.348+0000 7f43b358b700 1 -- 172.21.15.96:0/1169329785 --> [v2:172.21.15.96:3300/0,v1:172.21.15.96:6789/0] -- mon_subscribe({mgrmap=0+}) v3 -- 0x7f43ac0ff4b0 con 0x7f43ac0fab40
2022-02-02T18:14:54.391 INFO:teuthology.orchestra.run.smithi096.stderr:/usr/bin/ceph:
2022-02-02T18:14:54.348+0000 7f43a1ffb700 1 -- 172.21.15.96:0/1169329785 <== mon.0 v2:172.21.15.96:3300/0 3 ==== mon_map magic: 0 v1 ==== 229+0+0 (secure 0 0 0) 0x7f43a801a770 con 0x7f43ac0fab40
2022-02-02T18:14:54.391 INFO:teuthology.orchestra.run.smithi096.stderr:/usr/bin/ceph:
2022-02-02T18:14:54.348+0000 7f43b358b700 1 -- 172.21.15.96:0/1169329785 --> [v2:172.21.15.96:3300/0,v1:172.21.15.96:6789/0] -- mon_subscribe({osdmap=0}) v3 -- 0x7f43ac0ff940 con 0x7f43ac0fab40
2022-02-02T18:14:54.391 INFO:teuthology.orchestra.run.smithi096.stderr:/usr/bin/ceph:
2022-02-02T18:14:54.349+0000 7f43a1ffb700 1 -- 172.21.15.96:0/1169329785 <== mon.0 v2:172.21.15.96:3300/0 4 ==== mgrmap(e 7) v1 ==== 36120+0+0 (secure 0 0 0) 0x7f43a802b070 con 0x7f43ac0fab40
2022-02-02T18:14:54.391 INFO:teuthology.orchestra.run.smithi096.stderr:/usr/bin/ceph:
2022-02-02T18:14:54.349+0000 7f43a1ffb700 1 --2- 172.21.15.96:0/1169329785 >> [v2:172.21.15.96:6800/3681595525,v1:172.21.15.96:6801/3681595525] conn(0x7f439002fdb0 0x7f4390032270 unknown :-1 s=NONE pgs=0 cs=0 l=1 rev1=0 rx=0 tx=0).connect
2022-02-02T18:14:54.392 INFO:teuthology.orchestra.run.smithi096.stderr:/usr/bin/ceph:
2022-02-02T18:14:54.349+0000 7f43a1ffb700 1 -- 172.21.15.96:0/1169329785 <== mon.0 v2:172.21.15.96:3300/0 5 ==== osd_map(2..2 src has 1..2) v4 ==== 893+0+0 (secure 0 0 0) 0x7f43a8042470 con 0x7f43ac0fab40
2022-02-02T18:14:54.392 INFO:teuthology.orchestra.run.smithi096.stderr:/usr/bin/ceph:
2022-02-02T18:14:54.349+0000 7f43b0b26700 1 --2- 172.21.15.96:0/1169329785 >> [v2:172.21.15.96:6800/3681595525,v1:172.21.15.96:6801/3681595525] conn(0x7f439002fdb0 0x7f4390032270 unknown :-1 s=BANNER_CONNECTING pgs=0 cs=0 l=1 rev1=0 rx=0 tx=0)._handle_peer_banner_payload supported=1 required=0
2022-02-02T18:14:54.392 INFO:teuthology.orchestra.run.smithi096.stderr:/usr/bin/ceph:
2022-02-02T18:14:54.349+0000 7f43b0b26700 1 --2- 172.21.15.96:0/1169329785 >> [v2:172.21.15.96:6800/3681595525,v1:172.21.15.96:6801/3681595525] conn(0x7f439002fdb0 0x7f4390032270 secure :-1 s=READY pgs=14 cs=0 l=1 rev1=1 rx=0x7f439c0096a0 tx=0x7f439c006b40).ready entity=mgr.14114 client_cookie=0 server_cookie=0 in_seq=0 out_seq=0
2022-02-02T18:14:54.392 INFO:teuthology.orchestra.run.smithi096.stderr:/usr/bin/ceph:
2022-02-02T18:14:54.349+0000 7f43b358b700 1 -- 172.21.15.96:0/1169329785 --> [v2:172.21.15.96:3300/0,v1:172.21.15.96:6789/0] -- mon_command({"prefix": "get_command_descriptions"} v 0) v1 -- 0x7f43ac059100 con 0x7f43ac0fab40
2022-02-02T18:14:54.393 INFO:teuthology.orchestra.run.smithi096.stderr:/usr/bin/ceph:
2022-02-02T18:14:54.354+0000 7f43a1ffb700 1 -- 172.21.15.96:0/1169329785 <== mon.0 v2:172.21.15.96:3300/0 6 ==== mon_command_ack([{"prefix": "get_command_descriptions"}]=0 v0) v1 ==== 72+0+152212 (secure 0 0 0) 0x7f43a801f080 con 0x7f43ac0fab40
2022-02-02T18:14:54.559 INFO:teuthology.orchestra.run.smithi096.stderr:/usr/bin/ceph:
2022-02-02T18:14:54.555+0000 7f43b358b700 1 -- 172.21.15.96:0/1169329785 --> [v2:172.21.15.96:3300/0,v1:172.21.15.96:6789/0] -- mon_command({"prefix": "mgr module enable", "module": "prometheus"} v 0) v1 -- 0x7f43ac045ad0 con 0x7f43ac0fab40
2022-02-02T18:14:54.807 INFO:journalctl@ceph.mon.smithi096.smithi096.stdout:Feb 02 18:14:54 smithi096 conmon[32067]: audit
2022-02-02T18:14:53.405261+0000 mgr.smithi096.shfutl (mgr.14114) 14 : audit [DBG] from='client.14138 -' entity='client.admin' cmd=[{"prefix": "orch apply", "service_type": "crash", "target": ["mon-mgr", ""]}]: dispatch
2022-02-02T18:14:54.808 INFO:journalctl@ceph.mon.smithi096.smithi096.stdout:Feb 02 18:14:54 smithi096 conmon[32067]: cephadm
2022-02-02T18:14:53.405956+0000 mgr.smithi096.shfutl (mgr.14114) 15 : cephadm [INF] Saving service crash spec with placement *
2022-02-02T18:14:54.808 INFO:journalctl@ceph.mon.smithi096.smithi096.stdout:Feb 02 18:14:54 smithi096 conmon[32067]: audit
2022-02-02T18:14:53.408837+0000 mon.smithi096 (mon.0) 59 : audit [INF] from='mgr.14114 172.21.15.96:0/2609524471' entity='mgr.smithi096.shfutl'
2022-02-02T18:14:55.415 INFO:teuthology.orchestra.run.smithi096.stderr:/usr/bin/ceph:
2022-02-02T18:14:55.411+0000 7f43a1ffb700 1 -- 172.21.15.96:0/1169329785 <== mon.0 v2:172.21.15.96:3300/0 7 ==== mgrmap(e 8) v1 ==== 36134+0+0 (secure 0 0 0) 0x7f43a800f070 con 0x7f43ac0fab40
2022-02-02T18:14:55.416 INFO:teuthology.orchestra.run.smithi096.stderr:/usr/bin/ceph:
2022-02-02T18:14:55.412+0000 7f43a1ffb700 1 -- 172.21.15.96:0/1169329785 <== mon.0 v2:172.21.15.96:3300/0 8 ==== mon_command_ack([{"prefix": "mgr module enable", "module": "prometheus"}]=0 v8) v1 ==== 89+0+0 (secure 0 0 0) 0x7f43a8041dd0 con 0x7f43ac0fab40
2022-02-02T18:14:55.418 INFO:teuthology.orchestra.run.smithi096.stderr:/usr/bin/ceph:
2022-02-02T18:14:55.414+0000 7f43b358b700 1 -- 172.21.15.96:0/1169329785 >> [v2:172.21.15.96:6800/3681595525,v1:172.21.15.96:6801/3681595525] conn(0x7f439002fdb0 msgr2=0x7f4390032270 secure :-1 s=STATE_CONNECTION_ESTABLISHED l=1).mark_down
2022-02-02T18:14:55.418 INFO:teuthology.orchestra.run.smithi096.stderr:/usr/bin/ceph:
2022-02-02T18:14:55.414+0000 7f43b358b700 1 --2- 172.21.15.96:0/1169329785 >> [v2:172.21.15.96:6800/3681595525,v1:172.21.15.96:6801/3681595525] conn(0x7f439002fdb0 0x7f4390032270 secure :-1 s=READY pgs=14 cs=0 l=1 rev1=1 rx=0x7f439c0096a0 tx=0x7f439c006b40).stop
2022-02-02T18:14:55.418 INFO:teuthology.orchestra.run.smithi096.stderr:/usr/bin/ceph:
2022-02-02T18:14:55.414+0000 7f43b358b700 1 -- 172.21.15.96:0/1169329785 >> [v2:172.21.15.96:3300/0,v1:172.21.15.96:6789/0] conn(0x7f43ac0fab40 msgr2=0x7f43ac100e90 secure :-1 s=STATE_CONNECTION_ESTABLISHED l=1).mark_down
2022-02-02T18:14:55.418 INFO:teuthology.orchestra.run.smithi096.stderr:/usr/bin/ceph:
2022-02-02T18:14:55.414+0000 7f43b358b700 1 --2- 172.21.15.96:0/1169329785 >> [v2:172.21.15.96:3300/0,v1:172.21.15.96:6789/0] conn(0x7f43ac0fab40 0x7f43ac100e90 secure :-1 s=READY pgs=46 cs=0 l=1 rev1=1 rx=0x7f43a8011de0 tx=0x7f43a8006ee0).stop
2022-02-02T18:14:55.419 INFO:teuthology.orchestra.run.smithi096.stderr:/usr/bin/ceph:
2022-02-02T18:14:55.414+0000 7f43b358b700 1 -- 172.21.15.96:0/1169329785 shutdown_connections
2022-02-02T18:14:55.419 INFO:teuthology.orchestra.run.smithi096.stderr:/usr/bin/ceph:
2022-02-02T18:14:55.414+0000 7f43b358b700 1 --2- 172.21.15.96:0/1169329785 >> [v2:172.21.15.96:6800/3681595525,v1:172.21.15.96:6801/3681595525] conn(0x7f439002fdb0 0x7f4390032270 unknown :-1 s=CLOSED pgs=14 cs=0 l=1 rev1=1 rx=0 tx=0).stop
2022-02-02T18:14:55.419 INFO:teuthology.orchestra.run.smithi096.stderr:/usr/bin/ceph:
2022-02-02T18:14:55.414+0000 7f43b358b700 1 --2- 172.21.15.96:0/1169329785 >> [v2:172.21.15.96:3300/0,v1:172.21.15.96:6789/0] conn(0x7f43ac0fab40 0x7f43ac100e90 unknown :-1 s=CLOSED pgs=46 cs=0 l=1 rev1=1 rx=0 tx=0).stop
2022-02-02T18:14:55.419 INFO:teuthology.orchestra.run.smithi096.stderr:/usr/bin/ceph:
2022-02-02T18:14:55.414+0000 7f43b358b700 1 -- 172.21.15.96:0/1169329785 >> 172.21.15.96:0/1169329785 conn(0x7f43ac0f62a0 msgr2=0x7f43ac06f7a0 unknown :-1 s=STATE_NONE l=0).mark_down
2022-02-02T18:14:55.420 INFO:teuthology.orchestra.run.smithi096.stderr:/usr/bin/ceph:
2022-02-02T18:14:55.414+0000 7f43b358b700 1 -- 172.21.15.96:0/1169329785 shutdown_connections
2022-02-02T18:14:55.420 INFO:teuthology.orchestra.run.smithi096.stderr:/usr/bin/ceph:
2022-02-02T18:14:55.414+0000 7f43b358b700 1 -- 172.21.15.96:0/1169329785 wait complete.
2022-02-02T18:14:55.557 INFO:journalctl@ceph.mon.smithi096.smithi096.stdout:Feb 02 18:14:55 smithi096 conmon[32067]: audit
2022-02-02T18:14:54.556364+0000 mon.smithi096 (mon.
2022-02-02T18:14:55.558 INFO:journalctl@ceph.mon.smithi096.smithi096.stdout:Feb 02 18:14:55 smithi096 conmon[32067]: 0) 60 : audit [INF] from='client.? 172.21.15.96:0/1169329785' entity='client.admin' cmd=[{"prefix": "mgr module enable", "module": "prometheus"}]: dispatch
2022-02-02T18:14:55.558 INFO:journalctl@ceph.mon.smithi096.smithi096.stdout:Feb 02 18:14:55 smithi096 conmon[32067]: audit
2022-02-02T18:14:54.850335+0000 mon.smithi096 (mon.0) 61 : audit [INF] from='mgr.14114 172.21.15.96:0/2609524471' entity='mgr.smithi096.shfutl'
2022-02-02T18:14:56.048 INFO:teuthology.orchestra.run.smithi096.stderr:Deploying prometheus service with default placement...
2022-02-02T18:14:56.048 INFO:teuthology.orchestra.run.smithi096.stderr:Running command: /bin/podman run --rm --ipc=host --no-hosts --net=host --entrypoint /usr/bin/ceph --init -e CONTAINER_IMAGE=docker.io/ceph/ceph:v16.2.4 -e NODE_NAME=smithi096 -e CEPH_USE_RANDOM_NONCE=1 -v /var/log/ceph/e1d78c58-8453-11ec-8c35-001a4aab830c:/var/log/ceph:z -v /tmp/ceph-tmpevgulqsj:/etc/ceph/ceph.client.admin.keyring:z -v /tmp/ceph-tmp5tq2m_rc:/etc/ceph/ceph.conf:z docker.io/ceph/ceph:v16.2.4 orch apply prometheus
2022-02-02T18:14:56.657 INFO:journalctl@ceph.mon.smithi096.smithi096.stdout:Feb 02 18:14:56 smithi096 conmon[32067]: audit
2022-02-02T18:14:55.412968+0000 mon.smithi096 (mon.0
2022-02-02T18:14:56.658 INFO:journalctl@ceph.mon.smithi096.smithi096.stdout:Feb 02 18:14:56 smithi096 conmon[32067]: ) 62 : audit [INF] from='client.? 172.21.15.96:0/1169329785' entity='client.admin' cmd='[{"prefix": "mgr module enable", "module": "prometheus"}]': finished
2022-02-02T18:14:56.658 INFO:journalctl@ceph.mon.smithi096.smithi096.stdout:Feb 02 18:14:56 smithi096 conmon[32067]: cluster
2022-02-02T18:14:55.413021+0000 mon.smithi096 (mon.0) 63 : cluster [DBG] mgrmap e8: smithi096.shfutl(active, since 17s)
2022-02-02T18:14:56.664 INFO:teuthology.orchestra.run.smithi096.stderr:/usr/bin/ceph:
2022-02-02T18:14:56.654+0000 7ff6b6849700 1 Processor -- start
2022-02-02T18:14:56.664 INFO:teuthology.orchestra.run.smithi096.stderr:/usr/bin/ceph:
2022-02-02T18:14:56.654+0000 7ff6b6849700 1 -- start start
2022-02-02T18:14:56.665 INFO:teuthology.orchestra.run.smithi096.stderr:/usr/bin/ceph:
2022-02-02T18:14:56.654+0000 7ff6b6849700 1 --2- >> [v2:172.21.15.96:3300/0,v1:172.21.15.96:6789/0] conn(0x7ff6b00faa80 0x7ff6b00faea0 unknown :-1 s=NONE pgs=0 cs=0 l=0 rev1=0 rx=0 tx=0).connect
2022-02-02T18:14:56.665 INFO:teuthology.orchestra.run.smithi096.stderr:/usr/bin/ceph:
2022-02-02T18:14:56.654+0000 7ff6b6849700 1 -- --> [v2:172.21.15.96:3300/0,v1:172.21.15.96:6789/0] -- mon_getmap magic: 0 v1 -- 0x7ff6b00fb390 con 0x7ff6b00faa80
2022-02-02T18:14:56.665 INFO:teuthology.orchestra.run.smithi096.stderr:/usr/bin/ceph:
2022-02-02T18:14:56.655+0000 7ff6affff700 1 --2- >> [v2:172.21.15.96:3300/0,v1:172.21.15.96:6789/0] conn(0x7ff6b00faa80 0x7ff6b00faea0 unknown :-1 s=BANNER_CONNECTING pgs=0 cs=0 l=0 rev1=0 rx=0 tx=0)._handle_peer_banner_payload supported=1 required=0
2022-02-02T18:14:56.665 INFO:teuthology.orchestra.run.smithi096.stderr:/usr/bin/ceph:
2022-02-02T18:14:56.655+0000 7ff6affff700 1 --2- >> [v2:172.21.15.96:3300/0,v1:172.21.15.96:6789/0] conn(0x7ff6b00faa80 0x7ff6b00faea0 unknown :-1 s=HELLO_CONNECTING pgs=0 cs=0 l=0 rev1=1 rx=0 tx=0).handle_hello peer v2:172.21.15.96:3300/0 says I am v2:172.21.15.96:51362/0 (socket says 172.21.15.96:51362)
2022-02-02T18:14:56.665 INFO:teuthology.orchestra.run.smithi096.stderr:/usr/bin/ceph:
2022-02-02T18:14:56.655+0000 7ff6affff700 1 -- 172.21.15.96:0/511016880 learned_addr learned my addr 172.21.15.96:0/511016880 (peer_addr_for_me v2:172.21.15.96:0/0)
2022-02-02T18:14:56.666 INFO:teuthology.orchestra.run.smithi096.stderr:/usr/bin/ceph:
2022-02-02T18:14:56.655+0000 7ff6affff700 1 -- 172.21.15.96:0/511016880 --> [v2:172.21.15.96:3300/0,v1:172.21.15.96:6789/0] -- mon_subscribe({config=0+,monmap=0+}) v3 -- 0x7ff6b00fb4d0 con 0x7ff6b00faa80
2022-02-02T18:14:56.666 INFO:teuthology.orchestra.run.smithi096.stderr:/usr/bin/ceph:
2022-02-02T18:14:56.655+0000 7ff6affff700 1 --2- 172.21.15.96:0/511016880 >> [v2:172.21.15.96:3300/0,v1:172.21.15.96:6789/0] conn(0x7ff6b00faa80 0x7ff6b00faea0 secure :-1 s=READY pgs=49 cs=0 l=1 rev1=1 rx=0x7ff6a000b5f0 tx=0x7ff6a0006ee0).ready entity=mon.0 client_cookie=8c99502698573a64 server_cookie=0 in_seq=0 out_seq=0
2022-02-02T18:14:56.666 INFO:teuthology.orchestra.run.smithi096.stderr:/usr/bin/ceph:
2022-02-02T18:14:56.656+0000 7ff6aeffd700 1 -- 172.21.15.96:0/511016880 <== mon.0 v2:172.21.15.96:3300/0 1 ==== mon_map magic: 0 v1 ==== 229+0+0 (secure 0 0 0) 0x7ff6a000d600 con 0x7ff6b00faa80
2022-02-02T18:14:56.667 INFO:teuthology.orchestra.run.smithi096.stderr:/usr/bin/ceph:
2022-02-02T18:14:56.656+0000 7ff6aeffd700 1 -- 172.21.15.96:0/511016880 <== mon.0 v2:172.21.15.96:3300/0 2 ==== config(25 keys) v1 ==== 1047+0+0 (secure 0 0 0) 0x7ff6a000dbf0 con 0x7ff6b00faa80
2022-02-02T18:14:56.667 INFO:teuthology.orchestra.run.smithi096.stderr:/usr/bin/ceph:
2022-02-02T18:14:56.656+0000 7ff6aeffd700 1 -- 172.21.15.96:0/511016880 <== mon.0 v2:172.21.15.96:3300/0 3 ==== mon_map magic: 0 v1 ==== 229+0+0 (secure 0 0 0) 0x7ff6a0011bf0 con 0x7ff6b00faa80
2022-02-02T18:14:56.668 INFO:teuthology.orchestra.run.smithi096.stderr:/usr/bin/ceph:
2022-02-02T18:14:56.657+0000 7ff6b6849700 1 -- 172.21.15.96:0/511016880 >> [v2:172.21.15.96:3300/0,v1:172.21.15.96:6789/0] conn(0x7ff6b00faa80 msgr2=0x7ff6b00faea0 secure :-1 s=STATE_CONNECTION_ESTABLISHED l=1).mark_down
2022-02-02T18:14:56.668 INFO:teuthology.orchestra.run.smithi096.stderr:/usr/bin/ceph:
2022-02-02T18:14:56.657+0000 7ff6b6849700 1 --2- 172.21.15.96:0/511016880 >> [v2:172.21.15.96:3300/0,v1:172.21.15.96:6789/0] conn(0x7ff6b00faa80 0x7ff6b00faea0 secure :-1 s=READY pgs=49 cs=0 l=1 rev1=1 rx=0x7ff6a000b5f0 tx=0x7ff6a0006ee0).stop
2022-02-02T18:14:56.668 INFO:teuthology.orchestra.run.smithi096.stderr:/usr/bin/ceph:
2022-02-02T18:14:56.657+0000 7ff6b6849700 1 -- 172.21.15.96:0/511016880 shutdown_connections
2022-02-02T18:14:56.668 INFO:teuthology.orchestra.run.smithi096.stderr:/usr/bin/ceph:
2022-02-02T18:14:56.657+0000 7ff6b6849700 1 --2- 172.21.15.96:0/511016880 >> [v2:172.21.15.96:3300/0,v1:172.21.15.96:6789/0] conn(0x7ff6b00faa80 0x7ff6b00faea0 unknown :-1 s=CLOSED pgs=49 cs=0 l=1 rev1=1 rx=0 tx=0).stop
2022-02-02T18:14:56.668 INFO:teuthology.orchestra.run.smithi096.stderr:/usr/bin/ceph:
2022-02-02T18:14:56.657+0000 7ff6b6849700 1 -- 172.21.15.96:0/511016880 >> 172.21.15.96:0/511016880 conn(0x7ff6b00f6260 msgr2=0x7ff6b00f86a0 unknown :-1 s=STATE_NONE l=0).mark_down
2022-02-02T18:14:56.669 INFO:teuthology.orchestra.run.smithi096.stderr:/usr/bin/ceph:
2022-02-02T18:14:56.657+0000 7ff6b6849700 1 -- 172.21.15.96:0/511016880 shutdown_connections
2022-02-02T18:14:56.669 INFO:teuthology.orchestra.run.smithi096.stderr:/usr/bin/ceph:
2022-02-02T18:14:56.657+0000 7ff6b6849700 1 -- 172.21.15.96:0/511016880 wait complete.
2022-02-02T18:14:56.669 INFO:teuthology.orchestra.run.smithi096.stderr:/usr/bin/ceph:
2022-02-02T18:14:56.658+0000 7ff6b6849700 1 Processor -- start
2022-02-02T18:14:56.669 INFO:teuthology.orchestra.run.smithi096.stderr:/usr/bin/ceph:
2022-02-02T18:14:56.658+0000 7ff6b6849700 1 -- start start
2022-02-02T18:14:56.670 INFO:teuthology.orchestra.run.smithi096.stderr:/usr/bin/ceph:
2022-02-02T18:14:56.658+0000 7ff6b6849700 1 --2- >> [v2:172.21.15.96:3300/0,v1:172.21.15.96:6789/0] conn(0x7ff6b00faa80 0x7ff6b010a8d0 unknown :-1 s=NONE pgs=0 cs=0 l=1 rev1=0 rx=0 tx=0).connect
2022-02-02T18:14:56.670 INFO:teuthology.orchestra.run.smithi096.stderr:/usr/bin/ceph:
2022-02-02T18:14:56.658+0000 7ff6b6849700 1 -- --> [v2:172.21.15.96:3300/0,v1:172.21.15.96:6789/0] -- mon_getmap magic: 0 v1 -- 0x7ff6b010adc0 con 0x7ff6b00faa80
2022-02-02T18:14:56.670 INFO:teuthology.orchestra.run.smithi096.stderr:/usr/bin/ceph:
2022-02-02T18:14:56.658+0000 7ff6affff700 1 --2- >> [v2:172.21.15.96:3300/0,v1:172.21.15.96:6789/0] conn(0x7ff6b00faa80 0x7ff6b010a8d0 unknown :-1 s=BANNER_CONNECTING pgs=0 cs=0 l=1 rev1=0 rx=0 tx=0)._handle_peer_banner_payload supported=1 required=0
2022-02-02T18:14:56.670 INFO:teuthology.orchestra.run.smithi096.stderr:/usr/bin/ceph:
2022-02-02T18:14:56.659+0000 7ff6affff700 1 --2- >> [v2:172.21.15.96:3300/0,v1:172.21.15.96:6789/0] conn(0x7ff6b00faa80 0x7ff6b010a8d0 unknown :-1 s=HELLO_CONNECTING pgs=0 cs=0 l=1 rev1=1 rx=0 tx=0).handle_hello peer v2:172.21.15.96:3300/0 says I am v2:172.21.15.96:51364/0 (socket says 172.21.15.96:51364)
2022-02-02T18:14:56.671 INFO:teuthology.orchestra.run.smithi096.stderr:/usr/bin/ceph:
2022-02-02T18:14:56.659+0000 7ff6affff700 1 -- 172.21.15.96:0/3609976112 learned_addr learned my addr 172.21.15.96:0/3609976112 (peer_addr_for_me v2:172.21.15.96:0/0)
2022-02-02T18:14:56.671 INFO:teuthology.orchestra.run.smithi096.stderr:/usr/bin/ceph:
2022-02-02T18:14:56.659+0000 7ff6affff700 1 -- 172.21.15.96:0/3609976112 --> [v2:172.21.15.96:3300/0,v1:172.21.15.96:6789/0] -- mon_subscribe({config=0+,monmap=0+}) v3 -- 0x7ff6a000b200 con 0x7ff6b00faa80
2022-02-02T18:14:56.671 INFO:teuthology.orchestra.run.smithi096.stderr:/usr/bin/ceph:
2022-02-02T18:14:56.659+0000 7ff6affff700 1 --2- 172.21.15.96:0/3609976112 >> [v2:172.21.15.96:3300/0,v1:172.21.15.96:6789/0] conn(0x7ff6b00faa80 0x7ff6b010a8d0 secure :-1 s=READY pgs=50 cs=0 l=1 rev1=1 rx=0x7ff6a0011de0 tx=0x7ff6a0006ee0).ready entity=mon.0 client_cookie=0 server_cookie=0 in_seq=0 out_seq=0
2022-02-02T18:14:56.671 INFO:teuthology.orchestra.run.smithi096.stderr:/usr/bin/ceph:
2022-02-02T18:14:56.659+0000 7ff6acff9700 1 -- 172.21.15.96:0/3609976112 <== mon.0 v2:172.21.15.96:3300/0 1 ==== mon_map magic: 0 v1 ==== 229+0+0 (secure 0 0 0) 0x7ff6a001b410 con 0x7ff6b00faa80
2022-02-02T18:14:56.671 INFO:teuthology.orchestra.run.smithi096.stderr:/usr/bin/ceph:
2022-02-02T18:14:56.659+0000 7ff6acff9700 1 -- 172.21.15.96:0/3609976112 <== mon.0 v2:172.21.15.96:3300/0 2 ==== config(25 keys) v1 ==== 1047+0+0 (secure 0 0 0) 0x7ff6a001ba00 con 0x7ff6b00faa80
2022-02-02T18:14:56.672 INFO:teuthology.orchestra.run.smithi096.stderr:/usr/bin/ceph:
2022-02-02T18:14:56.659+0000 7ff6b6849700 1 -- 172.21.15.96:0/3609976112 --> [v2:172.21.15.96:3300/0,v1:172.21.15.96:6789/0] -- mon_subscribe({mgrmap=0+}) v3 -- 0x7ff6b010afc0 con 0x7ff6b00faa80
2022-02-02T18:14:56.672 INFO:teuthology.orchestra.run.smithi096.stderr:/usr/bin/ceph:
2022-02-02T18:14:56.660+0000 7ff6b6849700 1 -- 172.21.15.96:0/3609976112 --> [v2:172.21.15.96:3300/0,v1:172.21.15.96:6789/0] -- mon_subscribe({osdmap=0}) v3 -- 0x7ff6b010b450 con 0x7ff6b00faa80
2022-02-02T18:14:56.672 INFO:teuthology.orchestra.run.smithi096.stderr:/usr/bin/ceph:
2022-02-02T18:14:56.660+0000 7ff6acff9700 1 -- 172.21.15.96:0/3609976112 <== mon.0 v2:172.21.15.96:3300/0 3 ==== mon_map magic: 0 v1 ==== 229+0+0 (secure 0 0 0) 0x7ff6a001a840 con 0x7ff6b00faa80
2022-02-02T18:14:56.672 INFO:teuthology.orchestra.run.smithi096.stderr:/usr/bin/ceph:
2022-02-02T18:14:56.661+0000 7ff6acff9700 1 -- 172.21.15.96:0/3609976112 <== mon.0 v2:172.21.15.96:3300/0 4 ==== mgrmap(e 8) v1 ==== 36134+0+0 (secure 0 0 0) 0x7ff6a002b070 con 0x7ff6b00faa80
2022-02-02T18:14:56.673 INFO:teuthology.orchestra.run.smithi096.stderr:/usr/bin/ceph:
2022-02-02T18:14:56.661+0000 7ff6acff9700 1 --2- 172.21.15.96:0/3609976112 >> [v2:172.21.15.96:6800/3681595525,v1:172.21.15.96:6801/3681595525] conn(0x7ff69c02fe50 0x7ff69c032310 unknown :-1 s=NONE pgs=0 cs=0 l=1 rev1=0 rx=0 tx=0).connect
2022-02-02T18:14:56.673 INFO:teuthology.orchestra.run.smithi096.stderr:/usr/bin/ceph:
2022-02-02T18:14:56.661+0000 7ff6acff9700 1 -- 172.21.15.96:0/3609976112 <== mon.0 v2:172.21.15.96:3300/0 5 ==== osd_map(2..2 src has 1..2) v4 ==== 893+0+0 (secure 0 0 0) 0x7ff6a0041740 con 0x7ff6b00faa80
2022-02-02T18:14:56.673 INFO:teuthology.orchestra.run.smithi096.stderr:/usr/bin/ceph:
2022-02-02T18:14:56.661+0000 7ff6af7fe700 1 -- 172.21.15.96:0/3609976112 >> [v2:172.21.15.96:6800/3681595525,v1:172.21.15.96:6801/3681595525] conn(0x7ff69c02fe50 msgr2=0x7ff69c032310 unknown :-1 s=STATE_CONNECTING_RE l=1).process reconnect failed to v2:172.21.15.96:6800/3681595525
2022-02-02T18:14:56.673 INFO:teuthology.orchestra.run.smithi096.stderr:/usr/bin/ceph:
2022-02-02T18:14:56.661+0000 7ff6af7fe700 1 --2- 172.21.15.96:0/3609976112 >> [v2:172.21.15.96:6800/3681595525,v1:172.21.15.96:6801/3681595525] conn(0x7ff69c02fe50 0x7ff69c032310 unknown :-1 s=START_CONNECT pgs=0 cs=0 l=1 rev1=0 rx=0 tx=0)._fault waiting 0.200000
2022-02-02T18:14:56.674 INFO:teuthology.orchestra.run.smithi096.stderr:/usr/bin/ceph:
2022-02-02T18:14:56.661+0000 7ff6b6849700 1 -- 172.21.15.96:0/3609976112 --> [v2:172.21.15.96:3300/0,v1:172.21.15.96:6789/0] -- mon_command({"prefix": "get_command_descriptions"} v 0) v1 -- 0x7ff690004fa0 con 0x7ff6b00faa80
2022-02-02T18:14:56.674 INFO:teuthology.orchestra.run.smithi096.stderr:/usr/bin/ceph:
2022-02-02T18:14:56.669+0000 7ff6acff9700 1 -- 172.21.15.96:0/3609976112 <== mon.0 v2:172.21.15.96:3300/0 6 ==== mon_command_ack([{"prefix": "get_command_descriptions"}]=0 v0) v1 ==== 72+0+152212 (secure 0 0 0) 0x7ff6a001f080 con 0x7ff6b00faa80
2022-02-02T18:14:56.865 INFO:teuthology.orchestra.run.smithi096.stderr:/usr/bin/ceph:
2022-02-02T18:14:56.862+0000 7ff6af7fe700 1 -- 172.21.15.96:0/3609976112 >> [v2:172.21.15.96:6800/3681595525,v1:172.21.15.96:6801/3681595525] conn(0x7ff69c02fe50 msgr2=0x7ff69c032310 unknown :-1 s=STATE_CONNECTING_RE l=1).process reconnect failed to v2:172.21.15.96:6800/3681595525
2022-02-02T18:14:56.865 INFO:teuthology.orchestra.run.smithi096.stderr:/usr/bin/ceph:
2022-02-02T18:14:56.862+0000 7ff6af7fe700 1 --2- 172.21.15.96:0/3609976112 >> [v2:172.21.15.96:6800/3681595525,v1:172.21.15.96:6801/3681595525] conn(0x7ff69c02fe50 0x7ff69c032310 unknown :-1 s=START_CONNECT pgs=0 cs=0 l=1 rev1=0 rx=0 tx=0)._fault waiting 0.400000
2022-02-02T18:14:56.897 INFO:teuthology.orchestra.run.smithi096.stderr:/usr/bin/ceph:
2022-02-02T18:14:56.894+0000 7ff6b6849700 1 -- 172.21.15.96:0/3609976112 --> [v2:172.21.15.96:6800/3681595525,v1:172.21.15.96:6801/3681595525] -- mgr_command(tid 0: {"prefix": "orch apply", "service_type": "prometheus", "target": ["mon-mgr", ""]}) v1 -- 0x7ff690002a50 con 0x7ff69c02fe50
2022-02-02T18:14:57.266 INFO:teuthology.orchestra.run.smithi096.stderr:/usr/bin/ceph:
2022-02-02T18:14:57.263+0000 7ff6af7fe700 1 -- 172.21.15.96:0/3609976112 >> [v2:172.21.15.96:6800/3681595525,v1:172.21.15.96:6801/3681595525] conn(0x7ff69c02fe50 msgr2=0x7ff69c032310 unknown :-1 s=STATE_CONNECTING_RE l=1).process reconnect failed to v2:172.21.15.96:6800/3681595525
2022-02-02T18:14:57.266 INFO:teuthology.orchestra.run.smithi096.stderr:/usr/bin/ceph:
2022-02-02T18:14:57.263+0000 7ff6af7fe700 1 --2- 172.21.15.96:0/3609976112 >> [v2:172.21.15.96:6800/3681595525,v1:172.21.15.96:6801/3681595525] conn(0x7ff69c02fe50 0x7ff69c032310 unknown :-1 s=START_CONNECT pgs=0 cs=0 l=1 rev1=0 rx=0 tx=0)._fault waiting 0.800000
2022-02-02T18:14:58.067 INFO:teuthology.orchestra.run.smithi096.stderr:/usr/bin/ceph:
2022-02-02T18:14:58.064+0000 7ff6af7fe700 1 -- 172.21.15.96:0/3609976112 >> [v2:172.21.15.96:6800/3681595525,v1:172.21.15.96:6801/3681595525] conn(0x7ff69c02fe50 msgr2=0x7ff69c032310 unknown :-1 s=STATE_CONNECTING_RE l=1).process reconnect failed to v2:172.21.15.96:6800/3681595525
2022-02-02T18:14:58.067 INFO:teuthology.orchestra.run.smithi096.stderr:/usr/bin/ceph:
2022-02-02T18:14:58.064+0000 7ff6af7fe700 1 --2- 172.21.15.96:0/3609976112 >> [v2:172.21.15.96:6800/3681595525,v1:172.21.15.96:6801/3681595525] conn(0x7ff69c02fe50 0x7ff69c032310 unknown :-1 s=START_CONNECT pgs=0 cs=0 l=1 rev1=0 rx=0 tx=0)._fault waiting 1.600000
2022-02-02T18:14:59.669 INFO:teuthology.orchestra.run.smithi096.stderr:/usr/bin/ceph:
2022-02-02T18:14:59.665+0000 7ff6af7fe700 1 -- 172.21.15.96:0/3609976112 >> [v2:172.21.15.96:6800/3681595525,v1:172.21.15.96:6801/3681595525] conn(0x7ff69c02fe50 msgr2=0x7ff69c032310 unknown :-1 s=STATE_CONNECTING_RE l=1).process reconnect failed to v2:172.21.15.96:6800/3681595525
2022-02-02T18:14:59.669 INFO:teuthology.orchestra.run.smithi096.stderr:/usr/bin/ceph:
2022-02-02T18:14:59.665+0000 7ff6af7fe700 1 --2- 172.21.15.96:0/3609976112 >> [v2:172.21.15.96:6800/3681595525,v1:172.21.15.96:6801/3681595525] conn(0x7ff69c02fe50 0x7ff69c032310 unknown :-1 s=START_CONNECT pgs=0 cs=0 l=1 rev1=0 rx=0 tx=0)._fault waiting 3.200000
2022-02-02T18:15:00.378 INFO:teuthology.orchestra.run.smithi096.stderr:/usr/bin/ceph:
2022-02-02T18:15:00.375+0000 7ff6acff9700 1 -- 172.21.15.96:0/3609976112 <== mon.0 v2:172.21.15.96:3300/0 7 ==== mgrmap(e 9) v1 ==== 35984+0+0 (secure 0 0 0) 0x7ff6a000f070 con 0x7ff6b00faa80
2022-02-02T18:15:00.379 INFO:teuthology.orchestra.run.smithi096.stderr:/usr/bin/ceph:
2022-02-02T18:15:00.375+0000 7ff6acff9700 1 -- 172.21.15.96:0/3609976112 >> [v2:172.21.15.96:6800/3681595525,v1:172.21.15.96:6801/3681595525] conn(0x7ff69c02fe50 msgr2=0x7ff69c032310 unknown :-1 s=STATE_CONNECTING l=1).mark_down
2022-02-02T18:15:00.379 INFO:teuthology.orchestra.run.smithi096.stderr:/usr/bin/ceph:
2022-02-02T18:15:00.375+0000 7ff6acff9700 1 --2- 172.21.15.96:0/3609976112 >> [v2:172.21.15.96:6800/3681595525,v1:172.21.15.96:6801/3681595525] conn(0x7ff69c02fe50 0x7ff69c032310 unknown :-1 s=START_CONNECT pgs=0 cs=0 l=1 rev1=0 rx=0 tx=0).stop
2022-02-02T18:15:00.807 INFO:journalctl@ceph.mon.smithi096.smithi096.stdout:Feb 02 18:15:00 smithi096 conmon[32067]: cluster
2022-02-02T18:15:00
2022-02-02T18:15:00.808 INFO:journalctl@ceph.mon.smithi096.smithi096.stdout:Feb 02 18:15:00 smithi096 conmon[32067]: .321425+0000 mon.smithi096 (mon.0) 64 : cluster [INF] Active manager daemon smithi096.shfutl restarted
2022-02-02T18:15:00.808 INFO:journalctl@ceph.mon.smithi096.smithi096.stdout:Feb 02 18:15:00 smithi096 conmon[32067]: cluster
2022-02-02T18:15:00.321809+0000
2022-02-02T18:15:00.809 INFO:journalctl@ceph.mon.smithi096.smithi096.stdout:Feb 02 18:15:00 smithi096 conmon[32067]: mon.smithi096 (mon.0) 65 : cluster [INF] Activating manager daemon smithi096.shfutl
2022-02-02T18:15:00.809 INFO:journalctl@ceph.mon.smithi096.smithi096.stdout:Feb 02 18:15:00 smithi096 conmon[32067]: cluster
2022-02-02T18:15:00.
2022-02-02T18:15:00.809 INFO:journalctl@ceph.mon.smithi096.smithi096.stdout:Feb 02 18:15:00 smithi096 conmon[32067]: 326126+0000 mon.smithi096 (mon.0) 66 : cluster
2022-02-02T18:15:00.810 INFO:journalctl@ceph.mon.smithi096.smithi096.stdout:Feb 02 18:15:00 smithi096 conmon[32067]: [DBG] osdmap e3: 0 total, 0 up, 0 in
2022-02-02T18:15:01.387 INFO:teuthology.orchestra.run.smithi096.stderr:/usr/bin/ceph:
2022-02-02T18:15:01.382+0000 7ff6acff9700 1 -- 172.21.15.96:0/3609976112 <== mon.0 v2:172.21.15.96:3300/0 8 ==== mgrmap(e 10) v1 ==== 36054+0+0 (secure 0 0 0) 0x7ff6a0042d30 con 0x7ff6b00faa80
2022-02-02T18:15:01.388 INFO:teuthology.orchestra.run.smithi096.stderr:/usr/bin/ceph:
2022-02-02T18:15:01.382+0000 7ff6acff9700 1 --2- 172.21.15.96:0/3609976112 >> [v2:172.21.15.96:6800/3765010446,v1:172.21.15.96:6801/3765010446] conn(0x7ff69c033c00 0x7ff69c035ff0 unknown :-1 s=NONE pgs=0 cs=0 l=1 rev1=0 rx=0 tx=0).connect
2022-02-02T18:15:01.388 INFO:teuthology.orchestra.run.smithi096.stderr:/usr/bin/ceph:
2022-02-02T18:15:01.382+0000 7ff6acff9700 1 -- 172.21.15.96:0/3609976112 --> [v2:172.21.15.96:6800/3765010446,v1:172.21.15.96:6801/3765010446] -- mgr_command(tid 0: {"prefix": "orch apply", "service_type": "prometheus", "target": ["mon-mgr", ""]}) v1 -- 0x7ff690002a50 con 0x7ff69c033c00
2022-02-02T18:15:01.388 INFO:teuthology.orchestra.run.smithi096.stderr:/usr/bin/ceph:
2022-02-02T18:15:01.382+0000 7ff6af7fe700 1 --2- 172.21.15.96:0/3609976112 >> [v2:172.21.15.96:6800/3765010446,v1:172.21.15.96:6801/3765010446] conn(0x7ff69c033c00 0x7ff69c035ff0 unknown :-1 s=BANNER_CONNECTING pgs=0 cs=0 l=1 rev1=0 rx=0 tx=0)._handle_peer_banner_payload supported=1 required=0
2022-02-02T18:15:01.389 INFO:teuthology.orchestra.run.smithi096.stderr:/usr/bin/ceph:
2022-02-02T18:15:01.383+0000 7ff6af7fe700 1 --2- 172.21.15.96:0/3609976112 >> [v2:172.21.15.96:6800/3765010446,v1:172.21.15.96:6801/3765010446] conn(0x7ff69c033c00 0x7ff69c035ff0 secure :-1 s=READY pgs=3 cs=0 l=1 rev1=1 rx=0x7ff6a4006fd0 tx=0x7ff6a4006db0).ready entity=mgr.14142 client_cookie=0 server_cookie=0 in_seq=0 out_seq=0
2022-02-02T18:15:01.393 INFO:teuthology.orchestra.run.smithi096.stderr:/usr/bin/ceph:
2022-02-02T18:15:01.390+0000 7ff6acff9700 1 -- 172.21.15.96:0/3609976112 <== mgr.14142 v2:172.21.15.96:6800/3765010446 1 ==== mgr_command_reply(tid 0: 0 ) v1 ==== 8+0+31 (secure 0 0 0) 0x7ff690002a50 con 0x7ff69c033c00
2022-02-02T18:15:01.393 INFO:teuthology.orchestra.run.smithi096.stderr:/usr/bin/ceph: Scheduled prometheus update...
2022-02-02T18:15:01.396 INFO:teuthology.orchestra.run.smithi096.stderr:/usr/bin/ceph:
2022-02-02T18:15:01.392+0000 7ff6b6849700 1 -- 172.21.15.96:0/3609976112 >> [v2:172.21.15.96:6800/3765010446,v1:172.21.15.96:6801/3765010446] conn(0x7ff69c033c00 msgr2=0x7ff69c035ff0 secure :-1 s=STATE_CONNECTION_ESTABLISHED l=1).mark_down
2022-02-02T18:15:01.396 INFO:teuthology.orchestra.run.smithi096.stderr:/usr/bin/ceph:
2022-02-02T18:15:01.392+0000 7ff6b6849700 1 --2- 172.21.15.96:0/3609976112 >> [v2:172.21.15.96:6800/3765010446,v1:172.21.15.96:6801/3765010446] conn(0x7ff69c033c00 0x7ff69c035ff0 secure :-1 s=READY pgs=3 cs=0 l=1 rev1=1 rx=0x7ff6a4006fd0 tx=0x7ff6a4006db0).stop
2022-02-02T18:15:01.397 INFO:teuthology.orchestra.run.smithi096.stderr:/usr/bin/ceph:
2022-02-02T18:15:01.392+0000 7ff6b6849700 1 -- 172.21.15.96:0/3609976112 >> [v2:172.21.15.96:3300/0,v1:172.21.15.96:6789/0] conn(0x7ff6b00faa80 msgr2=0x7ff6b010a8d0 secure :-1 s=STATE_CONNECTION_ESTABLISHED l=1).mark_down
2022-02-02T18:15:01.397 INFO:teuthology.orchestra.run.smithi096.stderr:/usr/bin/ceph:
2022-02-02T18:15:01.392+0000 7ff6b6849700 1 --2- 172.21.15.96:0/3609976112 >> [v2:172.21.15.96:3300/0,v1:172.21.15.96:6789/0] conn(0x7ff6b00faa80 0x7ff6b010a8d0 secure :-1 s=READY pgs=50 cs=0 l=1 rev1=1 rx=0x7ff6a0011de0 tx=0x7ff6a0006ee0).stop
2022-02-02T18:15:01.397 INFO:teuthology.orchestra.run.smithi096.stderr:/usr/bin/ceph:
2022-02-02T18:15:01.392+0000 7ff6b6849700 1 -- 172.21.15.96:0/3609976112 shutdown_connections
2022-02-02T18:15:01.397 INFO:teuthology.orchestra.run.smithi096.stderr:/usr/bin/ceph:
2022-02-02T18:15:01.392+0000 7ff6b6849700 1 --2- 172.21.15.96:0/3609976112 >> [v2:172.21.15.96:3300/0,v1:172.21.15.96:6789/0] conn(0x7ff6b00faa80 0x7ff6b010a8d0 unknown :-1 s=CLOSED pgs=50 cs=0 l=1 rev1=1 rx=0 tx=0).stop
2022-02-02T18:15:01.398 INFO:teuthology.orchestra.run.smithi096.stderr:/usr/bin/ceph:
2022-02-02T18:15:01.392+0000 7ff6b6849700 1 --2- 172.21.15.96:0/3609976112 >> [v2:172.21.15.96:6800/3765010446,v1:172.21.15.96:6801/3765010446] conn(0x7ff69c033c00 0x7ff69c035ff0 unknown :-1 s=CLOSED pgs=3 cs=0 l=1 rev1=1 rx=0 tx=0).stop
2022-02-02T18:15:01.398 INFO:teuthology.orchestra.run.smithi096.stderr:/usr/bin/ceph:
2022-02-02T18:15:01.392+0000 7ff6b6849700 1 --2- 172.21.15.96:0/3609976112 >> [v2:172.21.15.96:6800/3681595525,v1:172.21.15.96:6801/3681595525] conn(0x7ff69c02fe50 0x7ff69c032310 unknown :-1 s=CLOSED pgs=0 cs=0 l=1 rev1=0 rx=0 tx=0).stop
2022-02-02T18:15:01.398 INFO:teuthology.orchestra.run.smithi096.stderr:/usr/bin/ceph:
2022-02-02T18:15:01.392+0000 7ff6b6849700 1 -- 172.21.15.96:0/3609976112 >> 172.21.15.96:0/3609976112 conn(0x7ff6b00f6260 msgr2=0x7ff6b00f6eb0 unknown :-1 s=STATE_NONE l=0).mark_down
2022-02-02T18:15:01.398 INFO:teuthology.orchestra.run.smithi096.stderr:/usr/bin/ceph:
2022-02-02T18:15:01.392+0000 7ff6b6849700 1 -- 172.21.15.96:0/3609976112 shutdown_connections
2022-02-02T18:15:01.398 INFO:teuthology.orchestra.run.smithi096.stderr:/usr/bin/ceph:
2022-02-02T18:15:01.392+0000 7ff6b6849700 1 -- 172.21.15.96:0/3609976112 wait complete.
2022-02-02T18:15:01.752 INFO:teuthology.orchestra.run.smithi096.stderr:Deploying grafana service with default placement...
2022-02-02T18:15:01.752 INFO:teuthology.orchestra.run.smithi096.stderr:Running command: /bin/podman run --rm --ipc=host --no-hosts --net=host --entrypoint /usr/bin/ceph --init -e CONTAINER_IMAGE=docker.io/ceph/ceph:v16.2.4 -e NODE_NAME=smithi096 -e CEPH_USE_RANDOM_NONCE=1 -v /var/log/ceph/e1d78c58-8453-11ec-8c35-001a4aab830c:/var/log/ceph:z -v /tmp/ceph-tmpevgulqsj:/etc/ceph/ceph.client.admin.keyring:z -v /tmp/ceph-tmp5tq2m_rc:/etc/ceph/ceph.conf:z docker.io/ceph/ceph:v16.2.4 orch apply grafana
2022-02-02T18:15:01.803 INFO:journalctl@ceph.mon.smithi096.smithi096.stdout:Feb 02 18:15:01 smithi096 conmon[32067]: cluster
2022-02-02T18:15:00.377409+0000
2022-02-02T18:15:01.803 INFO:journalctl@ceph.mon.smithi096.smithi096.stdout:Feb 02 18:15:01 smithi096 conmon[32067]: mon.smithi096 (mon.0) 67 : cluster [DBG] mgrmap e9: smithi096.shfutl(active, starting, since 0.05568s)
2022-02-02T18:15:01.804 INFO:journalctl@ceph.mon.smithi096.smithi096.stdout:Feb 02 18:15:01 smithi096 conmon[32067]: audit
2022-02-02T18:15:00.378883+0000 mon.smithi096 (mon.0) 68 : audit [DBG] from='mgr.14142 172.21.15.96:0/495324895' entity='mgr.smithi096.shfutl' cmd=[{"prefix": "mon metadata", "id": "smithi096"}]: dispatch
2022-02-02T18:15:01.804 INFO:journalctl@ceph.mon.smithi096.smithi096.stdout:Feb 02 18:15:01 smithi096 conmon[32067]: audit
2022-02-02T18:15:00.379540+0000 mon.smithi096 (mon.0) 69 : audit [DBG] from='mgr.14142 172.21.15.96:0/495324895' entity='mgr.smithi096.shfutl' cmd=[{"prefix": "mgr metadata", "who": "smithi096.shfutl", "id": "smithi096.shfutl"}]: dispatch
2022-02-02T18:15:01.804 INFO:journalctl@ceph.mon.smithi096.smithi096.stdout:Feb 02 18:15:01 smithi096 conmon[32067]: audit
2022-02-02T18:15:00.380144+0000 mon.smithi096 (mon.0) 70 : audit [DBG] from='mgr.14142 172.21.15.96:0/495324895' entity='mgr.smithi096.shfutl' cmd=[{"prefix": "mds metadata"}]: dispatch
2022-02-02T18:15:01.804 INFO:journalctl@ceph.mon.smithi096.smithi096.stdout:Feb 02 18:15:01 smithi096 conmon[32067]: audit
2022-02-02T18:15:00.380277+0000 mon.smithi096 (mon.0) 71 : audit [DBG] from='mgr.14142 172.21.15.96:0/495324895' entity='mgr.smithi096.shfutl' cmd=[{"prefix": "osd metadata"}]: dispatch
2022-02-02T18:15:01.805 INFO:journalctl@ceph.mon.smithi096.smithi096.stdout:Feb 02 18:15:01 smithi096 conmon[32067]: audit
2022-02-02T18:15:00.380401+0000 mon.smithi096 (mon.0) 72 : audit [DBG] from='mgr.14142 172.21.15.96:0/495324895' entity='mgr.smithi096.shfutl' cmd=[{"prefix": "mon metadata"}]: dispatch
2022-02-02T18:15:01.805 INFO:journalctl@ceph.mon.smithi096.smithi096.stdout:Feb 02 18:15:01 smithi096 conmon[32067]: cluster
2022-02-02T18:15:00.394201+0000 mon.smithi096 (mon.0) 73 : cluster [INF] Manager daemon smithi096.shfutl is now available
2022-02-02T18:15:01.805 INFO:journalctl@ceph.mon.smithi096.smithi096.stdout:Feb 02 18:15:01 smithi096 conmon[32067]: audit
2022-02-02T18:15:00.495540+0000 mon.smithi096 (mon.0)
2022-02-02T18:15:01.805 INFO:journalctl@ceph.mon.smithi096.smithi096.stdout:Feb 02 18:15:01 smithi096 conmon[32067]: 74 : audit [DBG] from='mgr.14142 172.21.15.96:0/495324895' entity='mgr.smithi096.shfutl' cmd=[{"prefix": "config dump", "format": "json"}]: dispatch
2022-02-02T18:15:01.806 INFO:journalctl@ceph.mon.smithi096.smithi096.stdout:Feb 02 18:15:01 smithi096 conmon[32067]: audit
2022-02-02T18:15:00.497417+0000 mon.smithi096 (mon.0) 75 : audit [DBG] from='mgr.14142 172.21.15.96:0/495324895' entity='mgr.smithi096.shfutl' cmd=[{"prefix": "config dump", "format": "json"}]: dispatch
2022-02-02T18:15:01.806 INFO:journalctl@ceph.mon.smithi096.smithi096.stdout:Feb 02 18:15:01 smithi096 conmon[32067]: audit
2022-02-02T18:15:00.511860+0000 mon.smithi096 (mon.0
2022-02-02T18:15:01.806 INFO:journalctl@ceph.mon.smithi096.smithi096.stdout:Feb 02 18:15:01 smithi096 conmon[32067]: ) 76 : audit [INF] from='mgr.14142 172.21.15.96:0/495324895' entity='mgr.smithi096.shfutl' cmd=[{"prefix":"config rm","who":"mgr","name":"mgr/rbd_support/smithi096.shfutl/mirror_snapshot_schedule"}]: dispatch
2022-02-02T18:15:01.806 INFO:journalctl@ceph.mon.smithi096.smithi096.stdout:Feb 02 18:15:01 smithi096 conmon[32067]: audit
2022-02-02T18:15:00.514412+0000 mon.smithi096 (mon.0)
2022-02-02T18:15:01.807 INFO:journalctl@ceph.mon.smithi096.smithi096.stdout:Feb 02 18:15:01 smithi096 conmon[32067]: 77 : audit [INF] from='mgr.14142 172.21.15.96:0/495324895' entity='mgr.smithi096.shfutl' cmd=[{"prefix":"config rm","who":"mgr","name":"mgr/rbd_support/smithi096.shfutl/trash_purge_schedule"}]: dispatch
2022-02-02T18:15:02.358 INFO:teuthology.orchestra.run.smithi096.stderr:/usr/bin/ceph:
2022-02-02T18:15:02.354+0000 7f8d1a206700 1 Processor -- start
2022-02-02T18:15:02.359 INFO:teuthology.orchestra.run.smithi096.stderr:/usr/bin/ceph:
2022-02-02T18:15:02.354+0000 7f8d1a206700 1 -- start start
2022-02-02T18:15:02.359 INFO:teuthology.orchestra.run.smithi096.stderr:/usr/bin/ceph:
2022-02-02T18:15:02.354+0000 7f8d1a206700 1 --2- >> [v2:172.21.15.96:3300/0,v1:172.21.15.96:6789/0] conn(0x7f8d140faab0 0x7f8d140faed0 unknown :-1 s=NONE pgs=0 cs=0 l=0 rev1=0 rx=0 tx=0).connect
2022-02-02T18:15:02.359 INFO:teuthology.orchestra.run.smithi096.stderr:/usr/bin/ceph:
2022-02-02T18:15:02.354+0000 7f8d1a206700 1 -- --> [v2:172.21.15.96:3300/0,v1:172.21.15.96:6789/0] -- mon_getmap magic: 0 v1 -- 0x7f8d140fb3c0 con 0x7f8d140faab0
2022-02-02T18:15:02.359 INFO:teuthology.orchestra.run.smithi096.stderr:/usr/bin/ceph:
2022-02-02T18:15:02.354+0000 7f8d137fe700 1 --2- >> [v2:172.21.15.96:3300/0,v1:172.21.15.96:6789/0] conn(0x7f8d140faab0 0x7f8d140faed0 unknown :-1 s=BANNER_CONNECTING pgs=0 cs=0 l=0 rev1=0 rx=0 tx=0)._handle_peer_banner_payload supported=1 required=0
2022-02-02T18:15:02.360 INFO:teuthology.orchestra.run.smithi096.stderr:/usr/bin/ceph:
2022-02-02T18:15:02.354+0000 7f8d137fe700 1 --2- >> [v2:172.21.15.96:3300/0,v1:172.21.15.96:6789/0] conn(0x7f8d140faab0 0x7f8d140faed0 unknown :-1 s=HELLO_CONNECTING pgs=0 cs=0 l=0 rev1=1 rx=0 tx=0).handle_hello peer v2:172.21.15.96:3300/0 says I am v2:172.21.15.96:51408/0 (socket says 172.21.15.96:51408)
2022-02-02T18:15:02.360 INFO:teuthology.orchestra.run.smithi096.stderr:/usr/bin/ceph:
2022-02-02T18:15:02.354+0000 7f8d137fe700 1 -- 172.21.15.96:0/3068707759 learned_addr learned my addr 172.21.15.96:0/3068707759 (peer_addr_for_me v2:172.21.15.96:0/0)
2022-02-02T18:15:02.361 INFO:teuthology.orchestra.run.smithi096.stderr:/usr/bin/ceph:
2022-02-02T18:15:02.355+0000 7f8d137fe700 1 -- 172.21.15.96:0/3068707759 --> [v2:172.21.15.96:3300/0,v1:172.21.15.96:6789/0] -- mon_subscribe({config=0+,monmap=0+}) v3 -- 0x7f8d140fb500 con 0x7f8d140faab0
2022-02-02T18:15:02.361 INFO:teuthology.orchestra.run.smithi096.stderr:/usr/bin/ceph:
2022-02-02T18:15:02.355+0000 7f8d137fe700 1 --2- 172.21.15.96:0/3068707759 >> [v2:172.21.15.96:3300/0,v1:172.21.15.96:6789/0] conn(0x7f8d140faab0 0x7f8d140faed0 secure :-1 s=READY pgs=56 cs=0 l=1 rev1=1 rx=0x7f8cfc00b5f0 tx=0x7f8cfc006ee0).ready entity=mon.0 client_cookie=6ca5e2cacb02e5b9 server_cookie=0 in_seq=0 out_seq=0
2022-02-02T18:15:02.362 INFO:teuthology.orchestra.run.smithi096.stderr:/usr/bin/ceph:
2022-02-02T18:15:02.355+0000 7f8d127fc700 1 -- 172.21.15.96:0/3068707759 <== mon.0 v2:172.21.15.96:3300/0 1 ==== mon_map magic: 0 v1 ==== 229+0+0 (secure 0 0 0) 0x7f8cfc00d600 con 0x7f8d140faab0
2022-02-02T18:15:02.362 INFO:teuthology.orchestra.run.smithi096.stderr:/usr/bin/ceph:
2022-02-02T18:15:02.355+0000 7f8d127fc700 1 -- 172.21.15.96:0/3068707759 <== mon.0 v2:172.21.15.96:3300/0 2 ==== config(25 keys) v1 ==== 1047+0+0 (secure 0 0 0) 0x7f8cfc00dbf0 con 0x7f8d140faab0
2022-02-02T18:15:02.362 INFO:teuthology.orchestra.run.smithi096.stderr:/usr/bin/ceph:
2022-02-02T18:15:02.355+0000 7f8d127fc700 1 -- 172.21.15.96:0/3068707759 <== mon.0 v2:172.21.15.96:3300/0 3 ==== mon_map magic: 0 v1 ==== 229+0+0 (secure 0 0 0) 0x7f8cfc011bf0 con 0x7f8d140faab0
2022-02-02T18:15:02.362 INFO:teuthology.orchestra.run.smithi096.stderr:/usr/bin/ceph:
2022-02-02T18:15:02.356+0000 7f8d1a206700 1 -- 172.21.15.96:0/3068707759 >> [v2:172.21.15.96:3300/0,v1:172.21.15.96:6789/0] conn(0x7f8d140faab0 msgr2=0x7f8d140faed0 secure :-1 s=STATE_CONNECTION_ESTABLISHED l=1).mark_down
2022-02-02T18:15:02.363 INFO:teuthology.orchestra.run.smithi096.stderr:/usr/bin/ceph:
2022-02-02T18:15:02.356+0000 7f8d1a206700 1 --2- 172.21.15.96:0/3068707759 >> [v2:172.21.15.96:3300/0,v1:172.21.15.96:6789/0] conn(0x7f8d140faab0 0x7f8d140faed0 secure :-1 s=READY pgs=56 cs=0 l=1 rev1=1 rx=0x7f8cfc00b5f0 tx=0x7f8cfc006ee0).stop
2022-02-02T18:15:02.363 INFO:teuthology.orchestra.run.smithi096.stderr:/usr/bin/ceph:
2022-02-02T18:15:02.356+0000 7f8d1a206700 1 -- 172.21.15.96:0/3068707759 shutdown_connections
2022-02-02T18:15:02.363 INFO:teuthology.orchestra.run.smithi096.stderr:/usr/bin/ceph:
2022-02-02T18:15:02.356+0000 7f8d1a206700 1 --2- 172.21.15.96:0/3068707759 >> [v2:172.21.15.96:3300/0,v1:172.21.15.96:6789/0] conn(0x7f8d140faab0 0x7f8d140faed0 unknown :-1 s=CLOSED pgs=56 cs=0 l=1 rev1=1 rx=0 tx=0).stop
2022-02-02T18:15:02.363 INFO:teuthology.orchestra.run.smithi096.stderr:/usr/bin/ceph:
2022-02-02T18:15:02.356+0000 7f8d1a206700 1 -- 172.21.15.96:0/3068707759 >> 172.21.15.96:0/3068707759 conn(0x7f8d140f62f0 msgr2=0x7f8d140f8710 unknown :-1 s=STATE_NONE l=0).mark_down
2022-02-02T18:15:02.364 INFO:teuthology.orchestra.run.smithi096.stderr:/usr/bin/ceph:
2022-02-02T18:15:02.356+0000 7f8d1a206700 1 -- 172.21.15.96:0/3068707759 shutdown_connections
2022-02-02T18:15:02.364 INFO:teuthology.orchestra.run.smithi096.stderr:/usr/bin/ceph:
2022-02-02T18:15:02.356+0000 7f8d1a206700 1 -- 172.21.15.96:0/3068707759 wait complete.
2022-02-02T18:15:02.364 INFO:teuthology.orchestra.run.smithi096.stderr:/usr/bin/ceph:
2022-02-02T18:15:02.356+0000 7f8d1a206700 1 Processor -- start
2022-02-02T18:15:02.364 INFO:teuthology.orchestra.run.smithi096.stderr:/usr/bin/ceph:
2022-02-02T18:15:02.357+0000 7f8d1a206700 1 -- start start
2022-02-02T18:15:02.365 INFO:teuthology.orchestra.run.smithi096.stderr:/usr/bin/ceph:
2022-02-02T18:15:02.357+0000 7f8d1a206700 1 --2- >> [v2:172.21.15.96:3300/0,v1:172.21.15.96:6789/0] conn(0x7f8d140faab0 0x7f8d1410cb40 unknown :-1 s=NONE pgs=0 cs=0 l=1 rev1=0 rx=0 tx=0).connect
2022-02-02T18:15:02.365 INFO:teuthology.orchestra.run.smithi096.stderr:/usr/bin/ceph:
2022-02-02T18:15:02.357+0000 7f8d1a206700 1 -- --> [v2:172.21.15.96:3300/0,v1:172.21.15.96:6789/0] -- mon_getmap magic: 0 v1 -- 0x7f8d1410d030 con 0x7f8d140faab0
2022-02-02T18:15:02.365 INFO:teuthology.orchestra.run.smithi096.stderr:/usr/bin/ceph:
2022-02-02T18:15:02.357+0000 7f8d137fe700 1 --2- >> [v2:172.21.15.96:3300/0,v1:172.21.15.96:6789/0] conn(0x7f8d140faab0 0x7f8d1410cb40 unknown :-1 s=BANNER_CONNECTING pgs=0 cs=0 l=1 rev1=0 rx=0 tx=0)._handle_peer_banner_payload supported=1 required=0
2022-02-02T18:15:02.365 INFO:teuthology.orchestra.run.smithi096.stderr:/usr/bin/ceph:
2022-02-02T18:15:02.357+0000 7f8d137fe700 1 --2- >> [v2:172.21.15.96:3300/0,v1:172.21.15.96:6789/0] conn(0x7f8d140faab0 0x7f8d1410cb40 unknown :-1 s=HELLO_CONNECTING pgs=0 cs=0 l=1 rev1=1 rx=0 tx=0).handle_hello peer v2:172.21.15.96:3300/0 says I am v2:172.21.15.96:51410/0 (socket says 172.21.15.96:51410)
2022-02-02T18:15:02.365 INFO:teuthology.orchestra.run.smithi096.stderr:/usr/bin/ceph:
2022-02-02T18:15:02.357+0000 7f8d137fe700 1 -- 172.21.15.96:0/4068041654 learned_addr learned my addr 172.21.15.96:0/4068041654 (peer_addr_for_me v2:172.21.15.96:0/0)
2022-02-02T18:15:02.366 INFO:teuthology.orchestra.run.smithi096.stderr:/usr/bin/ceph:
2022-02-02T18:15:02.357+0000 7f8d137fe700 1 -- 172.21.15.96:0/4068041654 --> [v2:172.21.15.96:3300/0,v1:172.21.15.96:6789/0] -- mon_subscribe({config=0+,monmap=0+}) v3 -- 0x7f8cfc00b200 con 0x7f8d140faab0
2022-02-02T18:15:02.366 INFO:teuthology.orchestra.run.smithi096.stderr:/usr/bin/ceph:
2022-02-02T18:15:02.357+0000 7f8d137fe700 1 --2- 172.21.15.96:0/4068041654 >> [v2:172.21.15.96:3300/0,v1:172.21.15.96:6789/0] conn(0x7f8d140faab0 0x7f8d1410cb40 secure :-1 s=READY pgs=57 cs=0 l=1 rev1=1 rx=0x7f8cfc011e30 tx=0x7f8cfc006ee0).ready entity=mon.0 client_cookie=0 server_cookie=0 in_seq=0 out_seq=0
2022-02-02T18:15:02.366 INFO:teuthology.orchestra.run.smithi096.stderr:/usr/bin/ceph:
2022-02-02T18:15:02.357+0000 7f8d0bfff700 1 -- 172.21.15.96:0/4068041654 <== mon.0 v2:172.21.15.96:3300/0 1 ==== mon_map magic: 0 v1 ==== 229+0+0 (secure 0 0 0) 0x7f8cfc01b410 con 0x7f8d140faab0
2022-02-02T18:15:02.366 INFO:teuthology.orchestra.run.smithi096.stderr:/usr/bin/ceph:
2022-02-02T18:15:02.357+0000 7f8d1a206700 1 -- 172.21.15.96:0/4068041654 --> [v2:172.21.15.96:3300/0,v1:172.21.15.96:6789/0] -- mon_subscribe({mgrmap=0+}) v3 -- 0x7f8d1410d230 con 0x7f8d140faab0
2022-02-02T18:15:02.367 INFO:teuthology.orchestra.run.smithi096.stderr:/usr/bin/ceph:
2022-02-02T18:15:02.357+0000 7f8d0bfff700 1 -- 172.21.15.96:0/4068041654 <== mon.0 v2:172.21.15.96:3300/0 2 ==== config(25 keys) v1 ==== 1047+0+0 (secure 0 0 0) 0x7f8cfc01ba00 con 0x7f8d140faab0
2022-02-02T18:15:02.367 INFO:teuthology.orchestra.run.smithi096.stderr:/usr/bin/ceph:
2022-02-02T18:15:02.357+0000 7f8d0bfff700 1 -- 172.21.15.96:0/4068041654 <== mon.0 v2:172.21.15.96:3300/0 3 ==== mon_map magic: 0 v1 ==== 229+0+0 (secure 0 0 0) 0x7f8cfc01a750 con 0x7f8d140faab0
2022-02-02T18:15:02.368 INFO:teuthology.orchestra.run.smithi096.stderr:/usr/bin/ceph:
2022-02-02T18:15:02.358+0000 7f8d1a206700 1 -- 172.21.15.96:0/4068041654 --> [v2:172.21.15.96:3300/0,v1:172.21.15.96:6789/0] -- mon_subscribe({osdmap=0}) v3 -- 0x7f8d1410d6c0 con 0x7f8d140faab0
2022-02-02T18:15:02.368 INFO:teuthology.orchestra.run.smithi096.stderr:/usr/bin/ceph:
2022-02-02T18:15:02.358+0000 7f8d0bfff700 1 -- 172.21.15.96:0/4068041654 <== mon.0 v2:172.21.15.96:3300/0 4 ==== mgrmap(e 10) v1 ==== 36054+0+0 (secure 0 0 0) 0x7f8cfc02b070 con 0x7f8d140faab0
2022-02-02T18:15:02.368 INFO:teuthology.orchestra.run.smithi096.stderr:/usr/bin/ceph:
2022-02-02T18:15:02.358+0000 7f8d0bfff700 1 --2- 172.21.15.96:0/4068041654 >> [v2:172.21.15.96:6800/3765010446,v1:172.21.15.96:6801/3765010446] conn(0x7f8cf402fd00 0x7f8cf40321c0 unknown :-1 s=NONE pgs=0 cs=0 l=1 rev1=0 rx=0 tx=0).connect
2022-02-02T18:15:02.368 INFO:teuthology.orchestra.run.smithi096.stderr:/usr/bin/ceph:
2022-02-02T18:15:02.358+0000 7f8d0bfff700 1 -- 172.21.15.96:0/4068041654 <== mon.0 v2:172.21.15.96:3300/0 5 ==== osd_map(3..3 src has 1..3) v4 ==== 1065+0+0 (secure 0 0 0) 0x7f8cfc0423d0 con 0x7f8d140faab0
2022-02-02T18:15:02.369 INFO:teuthology.orchestra.run.smithi096.stderr:/usr/bin/ceph:
2022-02-02T18:15:02.359+0000 7f8d12ffd700 1 --2- 172.21.15.96:0/4068041654 >> [v2:172.21.15.96:6800/3765010446,v1:172.21.15.96:6801/3765010446] conn(0x7f8cf402fd00 0x7f8cf40321c0 unknown :-1 s=BANNER_CONNECTING pgs=0 cs=0 l=1 rev1=0 rx=0 tx=0)._handle_peer_banner_payload supported=1 required=0
2022-02-02T18:15:02.369 INFO:teuthology.orchestra.run.smithi096.stderr:/usr/bin/ceph:
2022-02-02T18:15:02.359+0000 7f8d1a206700 1 -- 172.21.15.96:0/4068041654 --> [v2:172.21.15.96:3300/0,v1:172.21.15.96:6789/0] -- mon_command({"prefix": "get_command_descriptions"} v 0) v1 -- 0x7f8d14045ad0 con 0x7f8d140faab0
