2022-08-20T03:20:28.184+0000 7fcc8f285700 1 -- 172.21.15.78:0/1098772775 --> [v2:172.21.15.78:3300/0,v1:172.21.15.78:6789/0] -- mon_subscribe({mgrmap=0+}) v3 -- 0x7fcc88199860 con 0x7fcc881022b0
2022-08-20T03:20:30.562 INFO:teuthology.orchestra.run.smithi078.stdout:/usr/bin/ceph: stderr
2022-08-20T03:20:28.184+0000 7fcc767fc700 1 -- 172.21.15.78:0/1098772775 <== mon.0 v2:172.21.15.78:3300/0 3 ==== mon_map magic: 0 v1 ==== 205+0+0 (secure 0 0 0) 0x7fcc78022a80 con 0x7fcc881022b0
2022-08-20T03:20:30.562 INFO:teuthology.orchestra.run.smithi078.stdout:/usr/bin/ceph: stderr
2022-08-20T03:20:28.184+0000 7fcc8f285700 1 -- 172.21.15.78:0/1098772775 --> [v2:172.21.15.78:3300/0,v1:172.21.15.78:6789/0] -- mon_subscribe({osdmap=0}) v3 -- 0x7fcc88199c30 con 0x7fcc881022b0
2022-08-20T03:20:30.562 INFO:teuthology.orchestra.run.smithi078.stdout:/usr/bin/ceph: stderr
2022-08-20T03:20:28.185+0000 7fcc767fc700 1 -- 172.21.15.78:0/1098772775 <== mon.0 v2:172.21.15.78:3300/0 4 ==== mgrmap(e 8) v1 ==== 42809+0+0 (secure 0 0 0) 0x7fcc78022cc0 con 0x7fcc881022b0
2022-08-20T03:20:30.563 INFO:teuthology.orchestra.run.smithi078.stdout:/usr/bin/ceph: stderr
2022-08-20T03:20:28.185+0000 7fcc8f285700 1 -- 172.21.15.78:0/1098772775 --> [v2:172.21.15.78:3300/0,v1:172.21.15.78:6789/0] -- mon_command({"prefix": "get_command_descriptions"} v 0) v1 -- 0x7fcc880602b0 con 0x7fcc881022b0
2022-08-20T03:20:30.563 INFO:teuthology.orchestra.run.smithi078.stdout:/usr/bin/ceph: stderr
2022-08-20T03:20:28.185+0000 7fcc767fc700 1 --2- 172.21.15.78:0/1098772775 >> [v2:172.21.15.78:6800/740809554,v1:172.21.15.78:6801/740809554] conn(0x7fcc700359c0 0x7fcc70037e70 unknown :-1 s=NONE pgs=0 cs=0 l=1 rev1=0 crypto rx=0 tx=0 comp rx=0 tx=0).connect
2022-08-20T03:20:30.563 INFO:teuthology.orchestra.run.smithi078.stdout:/usr/bin/ceph: stderr
2022-08-20T03:20:28.185+0000 7fcc767fc700 1 -- 172.21.15.78:0/1098772775 <== mon.0 v2:172.21.15.78:3300/0 5 ==== osd_map(2..2 src has 1..2) v4 ==== 936+0+0 (secure 0 0 0) 0x7fcc78049170 con 0x7fcc881022b0
2022-08-20T03:20:30.564 INFO:teuthology.orchestra.run.smithi078.stdout:/usr/bin/ceph: stderr
2022-08-20T03:20:28.185+0000 7fcc8c820700 1 --2- 172.21.15.78:0/1098772775 >> [v2:172.21.15.78:6800/740809554,v1:172.21.15.78:6801/740809554] conn(0x7fcc700359c0 0x7fcc70037e70 unknown :-1 s=BANNER_CONNECTING pgs=0 cs=0 l=1 rev1=0 crypto rx=0 tx=0 comp rx=0 tx=0)._handle_peer_banner_payload supported=3 required=0
2022-08-20T03:20:30.564 INFO:teuthology.orchestra.run.smithi078.stdout:/usr/bin/ceph: stderr
2022-08-20T03:20:28.185+0000 7fcc8c820700 1 --2- 172.21.15.78:0/1098772775 >> [v2:172.21.15.78:6800/740809554,v1:172.21.15.78:6801/740809554] conn(0x7fcc700359c0 0x7fcc70037e70 secure :-1 s=READY pgs=11 cs=0 l=1 rev1=1 crypto rx=0x7fcc84009750 tx=0x7fcc84006cc0 comp rx=0 tx=0).ready entity=mgr.14120 client_cookie=0 server_cookie=0 in_seq=0 out_seq=0
2022-08-20T03:20:30.564 INFO:teuthology.orchestra.run.smithi078.stdout:/usr/bin/ceph: stderr
2022-08-20T03:20:28.189+0000 7fcc767fc700 1 -- 172.21.15.78:0/1098772775 <== mon.0 v2:172.21.15.78:3300/0 6 ==== mon_command_ack([{"prefix": "get_command_descriptions"}]=0 v0) v1 ==== 72+0+170955 (secure 0 0 0) 0x7fcc880602b0 con 0x7fcc881022b0
2022-08-20T03:20:30.564 INFO:teuthology.orchestra.run.smithi078.stdout:/usr/bin/ceph: stderr
2022-08-20T03:20:28.375+0000 7fcc8f285700 1 -- 172.21.15.78:0/1098772775 --> [v2:172.21.15.78:6800/740809554,v1:172.21.15.78:6801/740809554] -- mgr_command(tid 0: {"prefix": "orch host add", "hostname": "smithi078", "addr": "172.21.15.78", "target": ["mon-mgr", ""]}) v1 -- 0x7fcc88060240 con 0x7fcc700359c0
2022-08-20T03:20:30.565 INFO:teuthology.orchestra.run.smithi078.stdout:/usr/bin/ceph: stderr
2022-08-20T03:20:30.206+0000 7fcc767fc700 1 -- 172.21.15.78:0/1098772775 <== mgr.14120 v2:172.21.15.78:6800/740809554 1 ==== mgr_command_reply(tid 0: 0 ) v1 ==== 8+0+48 (secure 0 0 0) 0x7fcc88060240 con 0x7fcc700359c0
2022-08-20T03:20:30.565 INFO:teuthology.orchestra.run.smithi078.stdout:/usr/bin/ceph: stderr
2022-08-20T03:20:30.209+0000 7fcc8f285700 1 -- 172.21.15.78:0/1098772775 >> [v2:172.21.15.78:6800/740809554,v1:172.21.15.78:6801/740809554] conn(0x7fcc700359c0 msgr2=0x7fcc70037e70 secure :-1 s=STATE_CONNECTION_ESTABLISHED l=1).mark_down
2022-08-20T03:20:30.565 INFO:teuthology.orchestra.run.smithi078.stdout:/usr/bin/ceph: stderr
2022-08-20T03:20:30.209+0000 7fcc8f285700 1 --2- 172.21.15.78:0/1098772775 >> [v2:172.21.15.78:6800/740809554,v1:172.21.15.78:6801/740809554] conn(0x7fcc700359c0 0x7fcc70037e70 secure :-1 s=READY pgs=11 cs=0 l=1 rev1=1 crypto rx=0x7fcc84009750 tx=0x7fcc84006cc0 comp rx=0 tx=0).stop
2022-08-20T03:20:30.565 INFO:teuthology.orchestra.run.smithi078.stdout:/usr/bin/ceph: stderr
2022-08-20T03:20:30.209+0000 7fcc8f285700 1 -- 172.21.15.78:0/1098772775 >> [v2:172.21.15.78:3300/0,v1:172.21.15.78:6789/0] conn(0x7fcc881022b0 msgr2=0x7fcc88199120 secure :-1 s=STATE_CONNECTION_ESTABLISHED l=1).mark_down
2022-08-20T03:20:30.566 INFO:teuthology.orchestra.run.smithi078.stdout:/usr/bin/ceph: stderr
2022-08-20T03:20:30.209+0000 7fcc8f285700 1 --2- 172.21.15.78:0/1098772775 >> [v2:172.21.15.78:3300/0,v1:172.21.15.78:6789/0] conn(0x7fcc881022b0 0x7fcc88199120 secure :-1 s=READY pgs=46 cs=0 l=1 rev1=1 crypto rx=0x7fcc78006970 tx=0x7fcc7800dda0 comp rx=0 tx=0).stop
2022-08-20T03:20:30.566 INFO:teuthology.orchestra.run.smithi078.stdout:/usr/bin/ceph: stderr
2022-08-20T03:20:30.209+0000 7fcc8f285700 1 -- 172.21.15.78:0/1098772775 shutdown_connections
2022-08-20T03:20:30.566 INFO:teuthology.orchestra.run.smithi078.stdout:/usr/bin/ceph: stderr
2022-08-20T03:20:30.209+0000 7fcc8f285700 1 --2- 172.21.15.78:0/1098772775 >> [v2:172.21.15.78:6800/740809554,v1:172.21.15.78:6801/740809554] conn(0x7fcc700359c0 0x7fcc70037e70 unknown :-1 s=CLOSED pgs=11 cs=0 l=1 rev1=1 crypto rx=0 tx=0 comp rx=0 tx=0).stop
2022-08-20T03:20:30.566 INFO:teuthology.orchestra.run.smithi078.stdout:/usr/bin/ceph: stderr
2022-08-20T03:20:30.209+0000 7fcc8f285700 1 --2- 172.21.15.78:0/1098772775 >> [v2:172.21.15.78:3300/0,v1:172.21.15.78:6789/0] conn(0x7fcc881022b0 0x7fcc88199120 unknown :-1 s=CLOSED pgs=46 cs=0 l=1 rev1=1 crypto rx=0 tx=0 comp rx=0 tx=0).stop
2022-08-20T03:20:30.566 INFO:teuthology.orchestra.run.smithi078.stdout:/usr/bin/ceph: stderr
2022-08-20T03:20:30.209+0000 7fcc8f285700 1 -- 172.21.15.78:0/1098772775 >> 172.21.15.78:0/1098772775 conn(0x7fcc880fd9e0 msgr2=0x7fcc880ffde0 unknown :-1 s=STATE_NONE l=0).mark_down
2022-08-20T03:20:30.567 INFO:teuthology.orchestra.run.smithi078.stdout:/usr/bin/ceph: stderr
2022-08-20T03:20:30.209+0000 7fcc8f285700 1 -- 172.21.15.78:0/1098772775 shutdown_connections
2022-08-20T03:20:30.567 INFO:teuthology.orchestra.run.smithi078.stdout:/usr/bin/ceph: stderr
2022-08-20T03:20:30.209+0000 7fcc8f285700 1 -- 172.21.15.78:0/1098772775 wait complete.
2022-08-20T03:20:30.567 INFO:teuthology.orchestra.run.smithi078.stdout:Deploying unmanaged mon service...
2022-08-20T03:20:30.847 INFO:journalctl@ceph.mon.a.smithi078.stdout:Aug 20 03:20:30 smithi078 ceph-mon[95223]: Deploying cephadm binary to smithi078
2022-08-20T03:20:30.848 INFO:journalctl@ceph.mon.a.smithi078.stdout:Aug 20 03:20:30 smithi078 ceph-mon[95223]: from='mgr.14120 172.21.15.78:0/3152548971' entity='mgr.x'
2022-08-20T03:20:30.848 INFO:journalctl@ceph.mon.a.smithi078.stdout:Aug 20 03:20:30 smithi078 ceph-mon[95223]: from='mgr.14120 172.21.15.78:0/3152548971' entity='mgr.x' cmd=[{"prefix": "config dump", "format": "json"}]: dispatch
2022-08-20T03:20:31.846 INFO:teuthology.orchestra.run.smithi078.stdout:/usr/bin/ceph: stdout Scheduled mon update...
2022-08-20T03:20:31.847 INFO:teuthology.orchestra.run.smithi078.stdout:/usr/bin/ceph: stderr
2022-08-20T03:20:31.116+0000 7f4a1ccff700 1 Processor -- start
2022-08-20T03:20:31.847 INFO:teuthology.orchestra.run.smithi078.stdout:/usr/bin/ceph: stderr
2022-08-20T03:20:31.116+0000 7f4a1ccff700 1 -- start start
2022-08-20T03:20:31.847 INFO:teuthology.orchestra.run.smithi078.stdout:/usr/bin/ceph: stderr
2022-08-20T03:20:31.116+0000 7f4a1ccff700 1 --2- >> [v2:172.21.15.78:3300/0,v1:172.21.15.78:6789/0] conn(0x7f4a181022b0 0x7f4a181026c0 unknown :-1 s=NONE pgs=0 cs=0 l=0 rev1=0 crypto rx=0 tx=0 comp rx=0 tx=0).connect
2022-08-20T03:20:31.847 INFO:teuthology.orchestra.run.smithi078.stdout:/usr/bin/ceph: stderr
2022-08-20T03:20:31.116+0000 7f4a1ccff700 1 -- --> [v2:172.21.15.78:3300/0,v1:172.21.15.78:6789/0] -- mon_getmap magic: 0 v1 -- 0x7f4a18102c00 con 0x7f4a181022b0
2022-08-20T03:20:31.848 INFO:teuthology.orchestra.run.smithi078.stdout:/usr/bin/ceph: stderr
2022-08-20T03:20:31.116+0000 7f4a1659c700 1 --2- >> [v2:172.21.15.78:3300/0,v1:172.21.15.78:6789/0] conn(0x7f4a181022b0 0x7f4a181026c0 unknown :-1 s=BANNER_CONNECTING pgs=0 cs=0 l=0 rev1=0 crypto rx=0 tx=0 comp rx=0 tx=0)._handle_peer_banner_payload supported=3 required=0
2022-08-20T03:20:31.848 INFO:teuthology.orchestra.run.smithi078.stdout:/usr/bin/ceph: stderr
2022-08-20T03:20:31.117+0000 7f4a1659c700 1 --2- >> [v2:172.21.15.78:3300/0,v1:172.21.15.78:6789/0] conn(0x7f4a181022b0 0x7f4a181026c0 unknown :-1 s=HELLO_CONNECTING pgs=0 cs=0 l=0 rev1=1 crypto rx=0 tx=0 comp rx=0 tx=0).handle_hello peer v2:172.21.15.78:3300/0 says I am v2:172.21.15.78:42808/0 (socket says 172.21.15.78:42808)
2022-08-20T03:20:31.848 INFO:teuthology.orchestra.run.smithi078.stdout:/usr/bin/ceph: stderr
2022-08-20T03:20:31.117+0000 7f4a1659c700 1 -- 172.21.15.78:0/2422613644 learned_addr learned my addr 172.21.15.78:0/2422613644 (peer_addr_for_me v2:172.21.15.78:0/0)
2022-08-20T03:20:31.848 INFO:teuthology.orchestra.run.smithi078.stdout:/usr/bin/ceph: stderr
2022-08-20T03:20:31.117+0000 7f4a1659c700 1 -- 172.21.15.78:0/2422613644 --> [v2:172.21.15.78:3300/0,v1:172.21.15.78:6789/0] -- mon_subscribe({config=0+,monmap=0+}) v3 -- 0x7f4a18102d40 con 0x7f4a181022b0
2022-08-20T03:20:31.849 INFO:teuthology.orchestra.run.smithi078.stdout:/usr/bin/ceph: stderr
2022-08-20T03:20:31.117+0000 7f4a1659c700 1 --2- 172.21.15.78:0/2422613644 >> [v2:172.21.15.78:3300/0,v1:172.21.15.78:6789/0] conn(0x7f4a181022b0 0x7f4a181026c0 secure :-1 s=READY pgs=47 cs=0 l=1 rev1=1 crypto rx=0x7f4a08009700 tx=0x7f4a08009a10 comp rx=0 tx=0).ready entity=mon.0 client_cookie=cab563506a444730 server_cookie=0 in_seq=0 out_seq=0
2022-08-20T03:20:31.849 INFO:teuthology.orchestra.run.smithi078.stdout:/usr/bin/ceph: stderr
2022-08-20T03:20:31.117+0000 7f4a1559a700 1 -- 172.21.15.78:0/2422613644 <== mon.0 v2:172.21.15.78:3300/0 1 ==== mon_map magic: 0 v1 ==== 205+0+0 (secure 0 0 0) 0x7f4a08004160 con 0x7f4a181022b0
2022-08-20T03:20:31.849 INFO:teuthology.orchestra.run.smithi078.stdout:/usr/bin/ceph: stderr
2022-08-20T03:20:31.117+0000 7f4a1559a700 1 -- 172.21.15.78:0/2422613644 <== mon.0 v2:172.21.15.78:3300/0 2 ==== config(26 keys) v1 ==== 1049+0+0 (secure 0 0 0) 0x7f4a080042c0 con 0x7f4a181022b0
2022-08-20T03:20:31.849 INFO:teuthology.orchestra.run.smithi078.stdout:/usr/bin/ceph: stderr
2022-08-20T03:20:31.117+0000 7f4a1559a700 1 -- 172.21.15.78:0/2422613644 <== mon.0 v2:172.21.15.78:3300/0 3 ==== mon_map magic: 0 v1 ==== 205+0+0 (secure 0 0 0) 0x7f4a080039d0 con 0x7f4a181022b0
2022-08-20T03:20:31.850 INFO:teuthology.orchestra.run.smithi078.stdout:/usr/bin/ceph: stderr
2022-08-20T03:20:31.118+0000 7f4a1ccff700 1 -- 172.21.15.78:0/2422613644 >> [v2:172.21.15.78:3300/0,v1:172.21.15.78:6789/0] conn(0x7f4a181022b0 msgr2=0x7f4a181026c0 secure :-1 s=STATE_CONNECTION_ESTABLISHED l=1).mark_down
2022-08-20T03:20:31.850 INFO:teuthology.orchestra.run.smithi078.stdout:/usr/bin/ceph: stderr
2022-08-20T03:20:31.118+0000 7f4a1ccff700 1 --2- 172.21.15.78:0/2422613644 >> [v2:172.21.15.78:3300/0,v1:172.21.15.78:6789/0] conn(0x7f4a181022b0 0x7f4a181026c0 secure :-1 s=READY pgs=47 cs=0 l=1 rev1=1 crypto rx=0x7f4a08009700 tx=0x7f4a08009a10 comp rx=0 tx=0).stop
2022-08-20T03:20:31.850 INFO:teuthology.orchestra.run.smithi078.stdout:/usr/bin/ceph: stderr
2022-08-20T03:20:31.118+0000 7f4a1ccff700 1 -- 172.21.15.78:0/2422613644 shutdown_connections
2022-08-20T03:20:31.850 INFO:teuthology.orchestra.run.smithi078.stdout:/usr/bin/ceph: stderr
2022-08-20T03:20:31.118+0000 7f4a1ccff700 1 --2- 172.21.15.78:0/2422613644 >> [v2:172.21.15.78:3300/0,v1:172.21.15.78:6789/0] conn(0x7f4a181022b0 0x7f4a181026c0 unknown :-1 s=CLOSED pgs=47 cs=0 l=1 rev1=1 crypto rx=0 tx=0 comp rx=0 tx=0).stop
2022-08-20T03:20:31.851 INFO:teuthology.orchestra.run.smithi078.stdout:/usr/bin/ceph: stderr
2022-08-20T03:20:31.118+0000 7f4a1ccff700 1 -- 172.21.15.78:0/2422613644 >> 172.21.15.78:0/2422613644 conn(0x7f4a180fd9e0 msgr2=0x7f4a180ffdf0 unknown :-1 s=STATE_NONE l=0).mark_down
2022-08-20T03:20:31.851 INFO:teuthology.orchestra.run.smithi078.stdout:/usr/bin/ceph: stderr
2022-08-20T03:20:31.118+0000 7f4a1ccff700 1 -- 172.21.15.78:0/2422613644 shutdown_connections
2022-08-20T03:20:31.851 INFO:teuthology.orchestra.run.smithi078.stdout:/usr/bin/ceph: stderr
2022-08-20T03:20:31.118+0000 7f4a1ccff700 1 -- 172.21.15.78:0/2422613644 wait complete.
2022-08-20T03:20:31.851 INFO:teuthology.orchestra.run.smithi078.stdout:/usr/bin/ceph: stderr
2022-08-20T03:20:31.119+0000 7f4a1ccff700 1 Processor -- start
2022-08-20T03:20:31.851 INFO:teuthology.orchestra.run.smithi078.stdout:/usr/bin/ceph: stderr
2022-08-20T03:20:31.119+0000 7f4a1ccff700 1 -- start start
2022-08-20T03:20:31.852 INFO:teuthology.orchestra.run.smithi078.stdout:/usr/bin/ceph: stderr
2022-08-20T03:20:31.119+0000 7f4a1ccff700 1 --2- >> [v2:172.21.15.78:3300/0,v1:172.21.15.78:6789/0] conn(0x7f4a181022b0 0x7f4a1818d2b0 unknown :-1 s=NONE pgs=0 cs=0 l=1 rev1=0 crypto rx=0 tx=0 comp rx=0 tx=0).connect
2022-08-20T03:20:31.852 INFO:teuthology.orchestra.run.smithi078.stdout:/usr/bin/ceph: stderr
2022-08-20T03:20:31.119+0000 7f4a1ccff700 1 -- --> [v2:172.21.15.78:3300/0,v1:172.21.15.78:6789/0] -- mon_getmap magic: 0 v1 -- 0x7f4a1818d7f0 con 0x7f4a181022b0
2022-08-20T03:20:31.852 INFO:teuthology.orchestra.run.smithi078.stdout:/usr/bin/ceph: stderr
2022-08-20T03:20:31.119+0000 7f4a1659c700 1 --2- >> [v2:172.21.15.78:3300/0,v1:172.21.15.78:6789/0] conn(0x7f4a181022b0 0x7f4a1818d2b0 unknown :-1 s=BANNER_CONNECTING pgs=0 cs=0 l=1 rev1=0 crypto rx=0 tx=0 comp rx=0 tx=0)._handle_peer_banner_payload supported=3 required=0
2022-08-20T03:20:31.852 INFO:teuthology.orchestra.run.smithi078.stdout:/usr/bin/ceph: stderr
2022-08-20T03:20:31.119+0000 7f4a1659c700 1 --2- >> [v2:172.21.15.78:3300/0,v1:172.21.15.78:6789/0] conn(0x7f4a181022b0 0x7f4a1818d2b0 unknown :-1 s=HELLO_CONNECTING pgs=0 cs=0 l=1 rev1=1 crypto rx=0 tx=0 comp rx=0 tx=0).handle_hello peer v2:172.21.15.78:3300/0 says I am v2:172.21.15.78:42810/0 (socket says 172.21.15.78:42810)
2022-08-20T03:20:31.853 INFO:teuthology.orchestra.run.smithi078.stdout:/usr/bin/ceph: stderr
2022-08-20T03:20:31.119+0000 7f4a1659c700 1 -- 172.21.15.78:0/3783624724 learned_addr learned my addr 172.21.15.78:0/3783624724 (peer_addr_for_me v2:172.21.15.78:0/0)
2022-08-20T03:20:31.853 INFO:teuthology.orchestra.run.smithi078.stdout:/usr/bin/ceph: stderr
2022-08-20T03:20:31.119+0000 7f4a1659c700 1 -- 172.21.15.78:0/3783624724 --> [v2:172.21.15.78:3300/0,v1:172.21.15.78:6789/0] -- mon_subscribe({config=0+,monmap=0+}) v3 -- 0x7f4a080093e0 con 0x7f4a181022b0
2022-08-20T03:20:31.853 INFO:teuthology.orchestra.run.smithi078.stdout:/usr/bin/ceph: stderr
2022-08-20T03:20:31.119+0000 7f4a1659c700 1 --2- 172.21.15.78:0/3783624724 >> [v2:172.21.15.78:3300/0,v1:172.21.15.78:6789/0] conn(0x7f4a181022b0 0x7f4a1818d2b0 secure :-1 s=READY pgs=48 cs=0 l=1 rev1=1 crypto rx=0x7f4a08003f00 tx=0x7f4a08003fe0 comp rx=0 tx=0).ready entity=mon.0 client_cookie=0 server_cookie=0 in_seq=0 out_seq=0
2022-08-20T03:20:31.853 INFO:teuthology.orchestra.run.smithi078.stdout:/usr/bin/ceph: stderr
2022-08-20T03:20:31.120+0000 7f4a077fe700 1 -- 172.21.15.78:0/3783624724 <== mon.0 v2:172.21.15.78:3300/0 1 ==== mon_map magic: 0 v1 ==== 205+0+0 (secure 0 0 0) 0x7f4a08011950 con 0x7f4a181022b0
2022-08-20T03:20:31.854 INFO:teuthology.orchestra.run.smithi078.stdout:/usr/bin/ceph: stderr
2022-08-20T03:20:31.120+0000 7f4a1ccff700 1 -- 172.21.15.78:0/3783624724 --> [v2:172.21.15.78:3300/0,v1:172.21.15.78:6789/0] -- mon_subscribe({mgrmap=0+}) v3 -- 0x7f4a1818b8f0 con 0x7f4a181022b0
2022-08-20T03:20:31.854 INFO:teuthology.orchestra.run.smithi078.stdout:/usr/bin/ceph: stderr
2022-08-20T03:20:31.120+0000 7f4a077fe700 1 -- 172.21.15.78:0/3783624724 <== mon.0 v2:172.21.15.78:3300/0 2 ==== config(26 keys) v1 ==== 1049+0+0 (secure 0 0 0) 0x7f4a08011ab0 con 0x7f4a181022b0
2022-08-20T03:20:31.854 INFO:teuthology.orchestra.run.smithi078.stdout:/usr/bin/ceph: stderr
2022-08-20T03:20:31.120+0000 7f4a077fe700 1 -- 172.21.15.78:0/3783624724 <== mon.0 v2:172.21.15.78:3300/0 3 ==== mon_map magic: 0 v1 ==== 205+0+0 (secure 0 0 0) 0x7f4a08019550 con 0x7f4a181022b0
2022-08-20T03:20:31.855 INFO:teuthology.orchestra.run.smithi078.stdout:/usr/bin/ceph: stderr
2022-08-20T03:20:31.120+0000 7f4a1ccff700 1 -- 172.21.15.78:0/3783624724 --> [v2:172.21.15.78:3300/0,v1:172.21.15.78:6789/0] -- mon_subscribe({osdmap=0}) v3 -- 0x7f4a1818bd20 con 0x7f4a181022b0
2022-08-20T03:20:31.855 INFO:teuthology.orchestra.run.smithi078.stdout:/usr/bin/ceph: stderr
2022-08-20T03:20:31.121+0000 7f4a077fe700 1 -- 172.21.15.78:0/3783624724 <== mon.0 v2:172.21.15.78:3300/0 4 ==== mgrmap(e 8) v1 ==== 42809+0+0 (secure 0 0 0) 0x7f4a0802a020 con 0x7f4a181022b0
2022-08-20T03:20:31.855 INFO:teuthology.orchestra.run.smithi078.stdout:/usr/bin/ceph: stderr
2022-08-20T03:20:31.121+0000 7f4a1ccff700 1 -- 172.21.15.78:0/3783624724 --> [v2:172.21.15.78:3300/0,v1:172.21.15.78:6789/0] -- mon_command({"prefix": "get_command_descriptions"} v 0) v1 -- 0x7f4a181040f0 con 0x7f4a181022b0
2022-08-20T03:20:31.855 INFO:teuthology.orchestra.run.smithi078.stdout:/usr/bin/ceph: stderr
2022-08-20T03:20:31.121+0000 7f4a077fe700 1 --2- 172.21.15.78:0/3783624724 >> [v2:172.21.15.78:6800/740809554,v1:172.21.15.78:6801/740809554] conn(0x7f49fc0359c0 0x7f49fc037e70 unknown :-1 s=NONE pgs=0 cs=0 l=1 rev1=0 crypto rx=0 tx=0 comp rx=0 tx=0).connect
2022-08-20T03:20:31.856 INFO:teuthology.orchestra.run.smithi078.stdout:/usr/bin/ceph: stderr
2022-08-20T03:20:31.121+0000 7f4a077fe700 1 -- 172.21.15.78:0/3783624724 <== mon.0 v2:172.21.15.78:3300/0 5 ==== osd_map(2..2 src has 1..2) v4 ==== 936+0+0 (secure 0 0 0) 0x7f4a08048d60 con 0x7f4a181022b0
2022-08-20T03:20:31.856 INFO:teuthology.orchestra.run.smithi078.stdout:/usr/bin/ceph: stderr
2022-08-20T03:20:31.121+0000 7f4a15d9b700 1 --2- 172.21.15.78:0/3783624724 >> [v2:172.21.15.78:6800/740809554,v1:172.21.15.78:6801/740809554] conn(0x7f49fc0359c0 0x7f49fc037e70 unknown :-1 s=BANNER_CONNECTING pgs=0 cs=0 l=1 rev1=0 crypto rx=0 tx=0 comp rx=0 tx=0)._handle_peer_banner_payload supported=3 required=0
2022-08-20T03:20:31.856 INFO:teuthology.orchestra.run.smithi078.stdout:/usr/bin/ceph: stderr
2022-08-20T03:20:31.121+0000 7f4a15d9b700 1 --2- 172.21.15.78:0/3783624724 >> [v2:172.21.15.78:6800/740809554,v1:172.21.15.78:6801/740809554] conn(0x7f49fc0359c0 0x7f49fc037e70 secure :-1 s=READY pgs=12 cs=0 l=1 rev1=1 crypto rx=0x7f4a0c009750 tx=0x7f4a0c006cc0 comp rx=0 tx=0).ready entity=mgr.14120 client_cookie=0 server_cookie=0 in_seq=0 out_seq=0
2022-08-20T03:20:31.856 INFO:teuthology.orchestra.run.smithi078.stdout:/usr/bin/ceph: stderr
2022-08-20T03:20:31.126+0000 7f4a077fe700 1 -- 172.21.15.78:0/3783624724 <== mon.0 v2:172.21.15.78:3300/0 6 ==== mon_command_ack([{"prefix": "get_command_descriptions"}]=0 v0) v1 ==== 72+0+170955 (secure 0 0 0) 0x7f4a0802bda0 con 0x7f4a181022b0
2022-08-20T03:20:31.857 INFO:teuthology.orchestra.run.smithi078.stdout:/usr/bin/ceph: stderr
2022-08-20T03:20:31.343+0000 7f4a1ccff700 1 -- 172.21.15.78:0/3783624724 --> [v2:172.21.15.78:6800/740809554,v1:172.21.15.78:6801/740809554] -- mgr_command(tid 0: {"prefix": "orch apply", "service_type": "mon", "unmanaged": true, "target": ["mon-mgr", ""]}) v1 -- 0x7f4a180ffb70 con 0x7f49fc0359c0
2022-08-20T03:20:31.857 INFO:teuthology.orchestra.run.smithi078.stdout:/usr/bin/ceph: stderr
2022-08-20T03:20:31.348+0000 7f4a077fe700 1 -- 172.21.15.78:0/3783624724 <== mgr.14120 v2:172.21.15.78:6800/740809554 1 ==== mgr_command_reply(tid 0: 0 ) v1 ==== 8+0+24 (secure 0 0 0) 0x7f4a180ffb70 con 0x7f49fc0359c0
2022-08-20T03:20:31.857 INFO:teuthology.orchestra.run.smithi078.stdout:/usr/bin/ceph: stderr
2022-08-20T03:20:31.350+0000 7f4a1ccff700 1 -- 172.21.15.78:0/3783624724 >> [v2:172.21.15.78:6800/740809554,v1:172.21.15.78:6801/740809554] conn(0x7f49fc0359c0 msgr2=0x7f49fc037e70 secure :-1 s=STATE_CONNECTION_ESTABLISHED l=1).mark_down
2022-08-20T03:20:31.857 INFO:teuthology.orchestra.run.smithi078.stdout:/usr/bin/ceph: stderr
2022-08-20T03:20:31.350+0000 7f4a1ccff700 1 --2- 172.21.15.78:0/3783624724 >> [v2:172.21.15.78:6800/740809554,v1:172.21.15.78:6801/740809554] conn(0x7f49fc0359c0 0x7f49fc037e70 secure :-1 s=READY pgs=12 cs=0 l=1 rev1=1 crypto rx=0x7f4a0c009750 tx=0x7f4a0c006cc0 comp rx=0 tx=0).stop
2022-08-20T03:20:31.858 INFO:teuthology.orchestra.run.smithi078.stdout:/usr/bin/ceph: stderr
2022-08-20T03:20:31.350+0000 7f4a1ccff700 1 -- 172.21.15.78:0/3783624724 >> [v2:172.21.15.78:3300/0,v1:172.21.15.78:6789/0] conn(0x7f4a181022b0 msgr2=0x7f4a1818d2b0 secure :-1 s=STATE_CONNECTION_ESTABLISHED l=1).mark_down
2022-08-20T03:20:31.858 INFO:teuthology.orchestra.run.smithi078.stdout:/usr/bin/ceph: stderr
2022-08-20T03:20:31.350+0000 7f4a1ccff700 1 --2- 172.21.15.78:0/3783624724 >> [v2:172.21.15.78:3300/0,v1:172.21.15.78:6789/0] conn(0x7f4a181022b0 0x7f4a1818d2b0 secure :-1 s=READY pgs=48 cs=0 l=1 rev1=1 crypto rx=0x7f4a08003f00 tx=0x7f4a08003fe0 comp rx=0 tx=0).stop
2022-08-20T03:20:31.858 INFO:teuthology.orchestra.run.smithi078.stdout:/usr/bin/ceph: stderr
2022-08-20T03:20:31.350+0000 7f4a1ccff700 1 -- 172.21.15.78:0/3783624724 shutdown_connections
2022-08-20T03:20:31.858 INFO:teuthology.orchestra.run.smithi078.stdout:/usr/bin/ceph: stderr
2022-08-20T03:20:31.350+0000 7f4a1ccff700 1 --2- 172.21.15.78:0/3783624724 >> [v2:172.21.15.78:6800/740809554,v1:172.21.15.78:6801/740809554] conn(0x7f49fc0359c0 0x7f49fc037e70 unknown :-1 s=CLOSED pgs=12 cs=0 l=1 rev1=1 crypto rx=0 tx=0 comp rx=0 tx=0).stop
2022-08-20T03:20:31.859 INFO:teuthology.orchestra.run.smithi078.stdout:/usr/bin/ceph: stderr
2022-08-20T03:20:31.350+0000 7f4a1ccff700 1 --2- 172.21.15.78:0/3783624724 >> [v2:172.21.15.78:3300/0,v1:172.21.15.78:6789/0] conn(0x7f4a181022b0 0x7f4a1818d2b0 unknown :-1 s=CLOSED pgs=48 cs=0 l=1 rev1=1 crypto rx=0 tx=0 comp rx=0 tx=0).stop
2022-08-20T03:20:31.859 INFO:teuthology.orchestra.run.smithi078.stdout:/usr/bin/ceph: stderr
2022-08-20T03:20:31.350+0000 7f4a1ccff700 1 -- 172.21.15.78:0/3783624724 >> 172.21.15.78:0/3783624724 conn(0x7f4a180fd9e0 msgr2=0x7f4a18077850 unknown :-1 s=STATE_NONE l=0).mark_down
2022-08-20T03:20:31.859 INFO:teuthology.orchestra.run.smithi078.stdout:/usr/bin/ceph: stderr
2022-08-20T03:20:31.350+0000 7f4a1ccff700 1 -- 172.21.15.78:0/3783624724 shutdown_connections
2022-08-20T03:20:31.859 INFO:teuthology.orchestra.run.smithi078.stdout:/usr/bin/ceph: stderr
2022-08-20T03:20:31.350+0000 7f4a1ccff700 1 -- 172.21.15.78:0/3783624724 wait complete.
2022-08-20T03:20:31.859 INFO:teuthology.orchestra.run.smithi078.stdout:Deploying unmanaged mgr service...
2022-08-20T03:20:32.091 INFO:journalctl@ceph.mon.a.smithi078.stdout:Aug 20 03:20:31 smithi078 ceph-mon[95223]: Added host smithi078
2022-08-20T03:20:32.091 INFO:journalctl@ceph.mon.a.smithi078.stdout:Aug 20 03:20:31 smithi078 ceph-mon[95223]: from='mgr.14120 172.21.15.78:0/3152548971' entity='mgr.x'
2022-08-20T03:20:32.990 INFO:teuthology.orchestra.run.smithi078.stdout:/usr/bin/ceph: stdout Scheduled mgr update...
2022-08-20T03:20:32.990 INFO:teuthology.orchestra.run.smithi078.stdout:/usr/bin/ceph: stderr
2022-08-20T03:20:32.398+0000 7faf0c8d9700 1 Processor -- start
2022-08-20T03:20:32.991 INFO:teuthology.orchestra.run.smithi078.stdout:/usr/bin/ceph: stderr
2022-08-20T03:20:32.398+0000 7faf0c8d9700 1 -- start start
2022-08-20T03:20:32.991 INFO:teuthology.orchestra.run.smithi078.stdout:/usr/bin/ceph: stderr
2022-08-20T03:20:32.399+0000 7faf0c8d9700 1 --2- >> [v2:172.21.15.78:3300/0,v1:172.21.15.78:6789/0] conn(0x7faf08077c90 0x7faf08105f50 unknown :-1 s=NONE pgs=0 cs=0 l=0 rev1=0 crypto rx=0 tx=0 comp rx=0 tx=0).connect
2022-08-20T03:20:32.991 INFO:teuthology.orchestra.run.smithi078.stdout:/usr/bin/ceph: stderr
2022-08-20T03:20:32.399+0000 7faf0c8d9700 1 -- --> [v2:172.21.15.78:3300/0,v1:172.21.15.78:6789/0] -- mon_getmap magic: 0 v1 -- 0x7faf08106490 con 0x7faf08077c90
2022-08-20T03:20:32.992 INFO:teuthology.orchestra.run.smithi078.stdout:/usr/bin/ceph: stderr
2022-08-20T03:20:32.399+0000 7faf0659c700 1 --2- >> [v2:172.21.15.78:3300/0,v1:172.21.15.78:6789/0] conn(0x7faf08077c90 0x7faf08105f50 unknown :-1 s=BANNER_CONNECTING pgs=0 cs=0 l=0 rev1=0 crypto rx=0 tx=0 comp rx=0 tx=0)._handle_peer_banner_payload supported=3 required=0
2022-08-20T03:20:32.992 INFO:teuthology.orchestra.run.smithi078.stdout:/usr/bin/ceph: stderr
2022-08-20T03:20:32.399+0000 7faf0659c700 1 --2- >> [v2:172.21.15.78:3300/0,v1:172.21.15.78:6789/0] conn(0x7faf08077c90 0x7faf08105f50 unknown :-1 s=HELLO_CONNECTING pgs=0 cs=0 l=0 rev1=1 crypto rx=0 tx=0 comp rx=0 tx=0).handle_hello peer v2:172.21.15.78:3300/0 says I am v2:172.21.15.78:42814/0 (socket says 172.21.15.78:42814)
2022-08-20T03:20:32.992 INFO:teuthology.orchestra.run.smithi078.stdout:/usr/bin/ceph: stderr
2022-08-20T03:20:32.399+0000 7faf0659c700 1 -- 172.21.15.78:0/4242907503 learned_addr learned my addr 172.21.15.78:0/4242907503 (peer_addr_for_me v2:172.21.15.78:0/0)
2022-08-20T03:20:32.992 INFO:teuthology.orchestra.run.smithi078.stdout:/usr/bin/ceph: stderr
2022-08-20T03:20:32.399+0000 7faf0659c700 1 -- 172.21.15.78:0/4242907503 --> [v2:172.21.15.78:3300/0,v1:172.21.15.78:6789/0] -- mon_subscribe({config=0+,monmap=0+}) v3 -- 0x7faf081065d0 con 0x7faf08077c90
2022-08-20T03:20:32.993 INFO:teuthology.orchestra.run.smithi078.stdout:/usr/bin/ceph: stderr
2022-08-20T03:20:32.399+0000 7faf0659c700 1 --2- 172.21.15.78:0/4242907503 >> [v2:172.21.15.78:3300/0,v1:172.21.15.78:6789/0] conn(0x7faf08077c90 0x7faf08105f50 secure :-1 s=READY pgs=49 cs=0 l=1 rev1=1 crypto rx=0x7faefc009700 tx=0x7faefc009a10 comp rx=0 tx=0).ready entity=mon.0 client_cookie=cbb322610c62f479 server_cookie=0 in_seq=0 out_seq=0
2022-08-20T03:20:32.993 INFO:teuthology.orchestra.run.smithi078.stdout:/usr/bin/ceph: stderr
2022-08-20T03:20:32.399+0000 7faf0559a700 1 -- 172.21.15.78:0/4242907503 <== mon.0 v2:172.21.15.78:3300/0 1 ==== mon_map magic: 0 v1 ==== 205+0+0 (secure 0 0 0) 0x7faefc004160 con 0x7faf08077c90
2022-08-20T03:20:32.993 INFO:teuthology.orchestra.run.smithi078.stdout:/usr/bin/ceph: stderr
2022-08-20T03:20:32.400+0000 7faf0559a700 1 -- 172.21.15.78:0/4242907503 <== mon.0 v2:172.21.15.78:3300/0 2 ==== config(26 keys) v1 ==== 1049+0+0 (secure 0 0 0) 0x7faefc0042c0 con 0x7faf08077c90
2022-08-20T03:20:32.993 INFO:teuthology.orchestra.run.smithi078.stdout:/usr/bin/ceph: stderr
2022-08-20T03:20:32.400+0000 7faf0559a700 1 -- 172.21.15.78:0/4242907503 <== mon.0 v2:172.21.15.78:3300/0 3 ==== mon_map magic: 0 v1 ==== 205+0+0 (secure 0 0 0) 0x7faefc0039d0 con 0x7faf08077c90
2022-08-20T03:20:32.994 INFO:teuthology.orchestra.run.smithi078.stdout:/usr/bin/ceph: stderr
2022-08-20T03:20:32.400+0000 7faf0c8d9700 1 -- 172.21.15.78:0/4242907503 >> [v2:172.21.15.78:3300/0,v1:172.21.15.78:6789/0] conn(0x7faf08077c90 msgr2=0x7faf08105f50 secure :-1 s=STATE_CONNECTION_ESTABLISHED l=1).mark_down
2022-08-20T03:20:32.994 INFO:teuthology.orchestra.run.smithi078.stdout:/usr/bin/ceph: stderr
2022-08-20T03:20:32.400+0000 7faf0c8d9700 1 --2- 172.21.15.78:0/4242907503 >> [v2:172.21.15.78:3300/0,v1:172.21.15.78:6789/0] conn(0x7faf08077c90 0x7faf08105f50 secure :-1 s=READY pgs=49 cs=0 l=1 rev1=1 crypto rx=0x7faefc009700 tx=0x7faefc009a10 comp rx=0 tx=0).stop
2022-08-20T03:20:32.994 INFO:teuthology.orchestra.run.smithi078.stdout:/usr/bin/ceph: stderr
2022-08-20T03:20:32.400+0000 7faf0c8d9700 1 -- 172.21.15.78:0/4242907503 shutdown_connections
2022-08-20T03:20:32.994 INFO:teuthology.orchestra.run.smithi078.stdout:/usr/bin/ceph: stderr
2022-08-20T03:20:32.400+0000 7faf0c8d9700 1 --2- 172.21.15.78:0/4242907503 >> [v2:172.21.15.78:3300/0,v1:172.21.15.78:6789/0] conn(0x7faf08077c90 0x7faf08105f50 unknown :-1 s=CLOSED pgs=49 cs=0 l=1 rev1=1 crypto rx=0 tx=0 comp rx=0 tx=0).stop
2022-08-20T03:20:32.995 INFO:teuthology.orchestra.run.smithi078.stdout:/usr/bin/ceph: stderr
2022-08-20T03:20:32.400+0000 7faf0c8d9700 1 -- 172.21.15.78:0/4242907503 >> 172.21.15.78:0/4242907503 conn(0x7faf080fd9e0 msgr2=0x7faf080ffdf0 unknown :-1 s=STATE_NONE l=0).mark_down
2022-08-20T03:20:32.995 INFO:teuthology.orchestra.run.smithi078.stdout:/usr/bin/ceph: stderr
2022-08-20T03:20:32.400+0000 7faf0c8d9700 1 -- 172.21.15.78:0/4242907503 shutdown_connections
2022-08-20T03:20:32.995 INFO:teuthology.orchestra.run.smithi078.stdout:/usr/bin/ceph: stderr
2022-08-20T03:20:32.400+0000 7faf0c8d9700 1 -- 172.21.15.78:0/4242907503 wait complete.
2022-08-20T03:20:32.995 INFO:teuthology.orchestra.run.smithi078.stdout:/usr/bin/ceph: stderr
2022-08-20T03:20:32.401+0000 7faf0c8d9700 1 Processor -- start
2022-08-20T03:20:32.996 INFO:teuthology.orchestra.run.smithi078.stdout:/usr/bin/ceph: stderr
2022-08-20T03:20:32.401+0000 7faf0c8d9700 1 -- start start
2022-08-20T03:20:32.996 INFO:teuthology.orchestra.run.smithi078.stdout:/usr/bin/ceph: stderr
2022-08-20T03:20:32.401+0000 7faf0c8d9700 1 --2- >> [v2:172.21.15.78:3300/0,v1:172.21.15.78:6789/0] conn(0x7faf08196ea0 0x7faf081972b0 unknown :-1 s=NONE pgs=0 cs=0 l=1 rev1=0 crypto rx=0 tx=0 comp rx=0 tx=0).connect
2022-08-20T03:20:32.996 INFO:teuthology.orchestra.run.smithi078.stdout:/usr/bin/ceph: stderr
2022-08-20T03:20:32.401+0000 7faf0c8d9700 1 -- --> [v2:172.21.15.78:3300/0,v1:172.21.15.78:6789/0] -- mon_getmap magic: 0 v1 -- 0x7faf081977f0 con 0x7faf08196ea0
2022-08-20T03:20:32.996 INFO:teuthology.orchestra.run.smithi078.stdout:/usr/bin/ceph: stderr
2022-08-20T03:20:32.401+0000 7faf0659c700 1 --2- >> [v2:172.21.15.78:3300/0,v1:172.21.15.78:6789/0] conn(0x7faf08196ea0 0x7faf081972b0 unknown :-1 s=BANNER_CONNECTING pgs=0 cs=0 l=1 rev1=0 crypto rx=0 tx=0 comp rx=0 tx=0)._handle_peer_banner_payload supported=3 required=0
2022-08-20T03:20:32.997 INFO:teuthology.orchestra.run.smithi078.stdout:/usr/bin/ceph: stderr
2022-08-20T03:20:32.401+0000 7faf0659c700 1 --2- >> [v2:172.21.15.78:3300/0,v1:172.21.15.78:6789/0] conn(0x7faf08196ea0 0x7faf081972b0 unknown :-1 s=HELLO_CONNECTING pgs=0 cs=0 l=1 rev1=1 crypto rx=0 tx=0 comp rx=0 tx=0).handle_hello peer v2:172.21.15.78:3300/0 says I am v2:172.21.15.78:42816/0 (socket says 172.21.15.78:42816)
2022-08-20T03:20:32.997 INFO:teuthology.orchestra.run.smithi078.stdout:/usr/bin/ceph: stderr
2022-08-20T03:20:32.401+0000 7faf0659c700 1 -- 172.21.15.78:0/3299351723 learned_addr learned my addr 172.21.15.78:0/3299351723 (peer_addr_for_me v2:172.21.15.78:0/0)
2022-08-20T03:20:32.997 INFO:teuthology.orchestra.run.smithi078.stdout:/usr/bin/ceph: stderr
2022-08-20T03:20:32.402+0000 7faf0659c700 1 -- 172.21.15.78:0/3299351723 --> [v2:172.21.15.78:3300/0,v1:172.21.15.78:6789/0] -- mon_subscribe({config=0+,monmap=0+}) v3 -- 0x7faefc0093e0 con 0x7faf08196ea0
2022-08-20T03:20:32.997 INFO:teuthology.orchestra.run.smithi078.stdout:/usr/bin/ceph: stderr
2022-08-20T03:20:32.402+0000 7faf0659c700 1 --2- 172.21.15.78:0/3299351723 >> [v2:172.21.15.78:3300/0,v1:172.21.15.78:6789/0] conn(0x7faf08196ea0 0x7faf081972b0 secure :-1 s=READY pgs=50 cs=0 l=1 rev1=1 crypto rx=0x7faefc0035b0 tx=0x7faefc003fe0 comp rx=0 tx=0).ready entity=mon.0 client_cookie=0 server_cookie=0 in_seq=0 out_seq=0
2022-08-20T03:20:32.998 INFO:teuthology.orchestra.run.smithi078.stdout:/usr/bin/ceph: stderr
2022-08-20T03:20:32.402+0000 7faef77fe700 1 -- 172.21.15.78:0/3299351723 <== mon.0 v2:172.21.15.78:3300/0 1 ==== mon_map magic: 0 v1 ==== 205+0+0 (secure 0 0 0) 0x7faefc011840 con 0x7faf08196ea0
2022-08-20T03:20:32.998 INFO:teuthology.orchestra.run.smithi078.stdout:/usr/bin/ceph: stderr
2022-08-20T03:20:32.402+0000 7faef77fe700 1 -- 172.21.15.78:0/3299351723 <== mon.0 v2:172.21.15.78:3300/0 2 ==== config(26 keys) v1 ==== 1049+0+0 (secure 0 0 0) 0x7faefc01a430 con 0x7faf08196ea0
2022-08-20T03:20:32.998 INFO:teuthology.orchestra.run.smithi078.stdout:/usr/bin/ceph: stderr
2022-08-20T03:20:32.402+0000 7faf0c8d9700 1 -- 172.21.15.78:0/3299351723 --> [v2:172.21.15.78:3300/0,v1:172.21.15.78:6789/0] -- mon_subscribe({mgrmap=0+}) v3 -- 0x7faf081979f0 con 0x7faf08196ea0
2022-08-20T03:20:32.999 INFO:teuthology.orchestra.run.smithi078.stdout:/usr/bin/ceph: stderr
2022-08-20T03:20:32.402+0000 7faef77fe700 1 -- 172.21.15.78:0/3299351723 <== mon.0 v2:172.21.15.78:3300/0 3 ==== mon_map magic: 0 v1 ==== 205+0+0 (secure 0 0 0) 0x7faefc019550 con 0x7faf08196ea0
2022-08-20T03:20:32.999 INFO:teuthology.orchestra.run.smithi078.stdout:/usr/bin/ceph: stderr
2022-08-20T03:20:32.402+0000 7faf0c8d9700 1 -- 172.21.15.78:0/3299351723 --> [v2:172.21.15.78:3300/0,v1:172.21.15.78:6789/0] -- mon_subscribe({osdmap=0}) v3 -- 0x7faf0819a650 con 0x7faf08196ea0
2022-08-20T03:20:32.999 INFO:teuthology.orchestra.run.smithi078.stdout:/usr/bin/ceph: stderr
2022-08-20T03:20:32.403+0000 7faef77fe700 1 -- 172.21.15.78:0/3299351723 <== mon.0 v2:172.21.15.78:3300/0 4 ==== mgrmap(e 8) v1 ==== 42809+0+0 (secure 0 0 0) 0x7faefc02a020 con 0x7faf08196ea0
2022-08-20T03:20:32.999 INFO:teuthology.orchestra.run.smithi078.stdout:/usr/bin/ceph: stderr
2022-08-20T03:20:32.403+0000 7faef77fe700 1 --2- 172.21.15.78:0/3299351723 >> [v2:172.21.15.78:6800/740809554,v1:172.21.15.78:6801/740809554] conn(0x7faeec0359c0 0x7faeec037e70 unknown :-1 s=NONE pgs=0 cs=0 l=1 rev1=0 crypto rx=0 tx=0 comp rx=0 tx=0).connect
2022-08-20T03:20:33.000 INFO:teuthology.orchestra.run.smithi078.stdout:/usr/bin/ceph: stderr
2022-08-20T03:20:32.403+0000 7faf0c8d9700 1 -- 172.21.15.78:0/3299351723 --> [v2:172.21.15.78:3300/0,v1:172.21.15.78:6789/0] -- mon_command({"prefix": "get_command_descriptions"} v 0) v1 -- 0x7faf08107400 con 0x7faf08196ea0
2022-08-20T03:20:33.000 INFO:teuthology.orchestra.run.smithi078.stdout:/usr/bin/ceph: stderr
2022-08-20T03:20:32.403+0000 7faef77fe700 1 -- 172.21.15.78:0/3299351723 <== mon.0 v2:172.21.15.78:3300/0 5 ==== osd_map(2..2 src has 1..2) v4 ==== 936+0+0 (secure 0 0 0) 0x7faefc048b60 con 0x7faf08196ea0
2022-08-20T03:20:33.000 INFO:teuthology.orchestra.run.smithi078.stdout:/usr/bin/ceph: stderr
2022-08-20T03:20:32.403+0000 7faf05d9b700 1 --2- 172.21.15.78:0/3299351723 >> [v2:172.21.15.78:6800/740809554,v1:172.21.15.78:6801/740809554] conn(0x7faeec0359c0 0x7faeec037e70 unknown :-1 s=BANNER_CONNECTING pgs=0 cs=0 l=1 rev1=0 crypto rx=0 tx=0 comp rx=0 tx=0)._handle_peer_banner_payload supported=3 required=0
2022-08-20T03:20:33.000 INFO:teuthology.orchestra.run.smithi078.stdout:/usr/bin/ceph: stderr
2022-08-20T03:20:32.403+0000 7faf05d9b700 1 --2- 172.21.15.78:0/3299351723 >> [v2:172.21.15.78:6800/740809554,v1:172.21.15.78:6801/740809554] conn(0x7faeec0359c0 0x7faeec037e70 secure :-1 s=READY pgs=13 cs=0 l=1 rev1=1 crypto rx=0x7faef8009750 tx=0x7faef8006cc0 comp rx=0 tx=0).ready entity=mgr.14120 client_cookie=0 server_cookie=0 in_seq=0 out_seq=0
2022-08-20T03:20:33.001 INFO:teuthology.orchestra.run.smithi078.stdout:/usr/bin/ceph: stderr
2022-08-20T03:20:32.408+0000 7faef77fe700 1 -- 172.21.15.78:0/3299351723 <== mon.0 v2:172.21.15.78:3300/0 6 ==== mon_command_ack([{"prefix": "get_command_descriptions"}]=0 v0) v1 ==== 72+0+170955 (secure 0 0 0) 0x7faefc01a5a0 con 0x7faf08196ea0
2022-08-20T03:20:33.001 INFO:teuthology.orchestra.run.smithi078.stdout:/usr/bin/ceph: stderr
2022-08-20T03:20:32.429+0000 7faef77fe700 1 -- 172.21.15.78:0/3299351723 <== mon.0 v2:172.21.15.78:3300/0 7 ==== config(26 keys) v1 ==== 1080+0+0 (secure 0 0 0) 0x7faefc019e90 con 0x7faf08196ea0
2022-08-20T03:20:33.001 INFO:teuthology.orchestra.run.smithi078.stdout:/usr/bin/ceph: stderr
2022-08-20T03:20:32.614+0000 7faf0c8d9700 1 -- 172.21.15.78:0/3299351723 --> [v2:172.21.15.78:6800/740809554,v1:172.21.15.78:6801/740809554] -- mgr_command(tid 0: {"prefix": "orch apply", "service_type": "mgr", "unmanaged": true, "target": ["mon-mgr", ""]}) v1 -- 0x7faf080feec0 con 0x7faeec0359c0
2022-08-20T03:20:33.001 INFO:teuthology.orchestra.run.smithi078.stdout:/usr/bin/ceph: stderr
2022-08-20T03:20:32.619+0000 7faef77fe700 1 -- 172.21.15.78:0/3299351723 <== mgr.14120 v2:172.21.15.78:6800/740809554 1 ==== mgr_command_reply(tid 0: 0 ) v1 ==== 8+0+24 (secure 0 0 0) 0x7faf080feec0 con 0x7faeec0359c0
2022-08-20T03:20:33.002 INFO:teuthology.orchestra.run.smithi078.stdout:/usr/bin/ceph: stderr
2022-08-20T03:20:32.621+0000 7faf0c8d9700 1 -- 172.21.15.78:0/3299351723 >> [v2:172.21.15.78:6800/740809554,v1:172.21.15.78:6801/740809554] conn(0x7faeec0359c0 msgr2=0x7faeec037e70 secure :-1 s=STATE_CONNECTION_ESTABLISHED l=1).mark_down
2022-08-20T03:20:33.002 INFO:teuthology.orchestra.run.smithi078.stdout:/usr/bin/ceph: stderr
2022-08-20T03:20:32.621+0000 7faf0c8d9700 1 --2- 172.21.15.78:0/3299351723 >> [v2:172.21.15.78:6800/740809554,v1:172.21.15.78:6801/740809554] conn(0x7faeec0359c0 0x7faeec037e70 secure :-1 s=READY pgs=13 cs=0 l=1 rev1=1 crypto rx=0x7faef8009750 tx=0x7faef8006cc0 comp rx=0 tx=0).stop
2022-08-20T03:20:33.002 INFO:teuthology.orchestra.run.smithi078.stdout:/usr/bin/ceph: stderr
2022-08-20T03:20:32.621+0000 7faf0c8d9700 1 -- 172.21.15.78:0/3299351723 >> [v2:172.21.15.78:3300/0,v1:172.21.15.78:6789/0] conn(0x7faf08196ea0 msgr2=0x7faf081972b0 secure :-1 s=STATE_CONNECTION_ESTABLISHED l=1).mark_down
2022-08-20T03:20:33.003 INFO:teuthology.orchestra.run.smithi078.stdout:/usr/bin/ceph: stderr
2022-08-20T03:20:32.621+0000 7faf0c8d9700 1 --2- 172.21.15.78:0/3299351723 >> [v2:172.21.15.78:3300/0,v1:172.21.15.78:6789/0] conn(0x7faf08196ea0 0x7faf081972b0 secure :-1 s=READY pgs=50 cs=0 l=1 rev1=1 crypto rx=0x7faefc0035b0 tx=0x7faefc003fe0 comp rx=0 tx=0).stop
2022-08-20T03:20:33.003 INFO:teuthology.orchestra.run.smithi078.stdout:/usr/bin/ceph: stderr
2022-08-20T03:20:32.621+0000 7faf0c8d9700 1 -- 172.21.15.78:0/3299351723 shutdown_connections
2022-08-20T03:20:33.003 INFO:teuthology.orchestra.run.smithi078.stdout:/usr/bin/ceph: stderr
2022-08-20T03:20:32.621+0000 7faf0c8d9700 1 --2- 172.21.15.78:0/3299351723 >> [v2:172.21.15.78:6800/740809554,v1:172.21.15.78:6801/740809554] conn(0x7faeec0359c0 0x7faeec037e70 unknown :-1 s=CLOSED pgs=13 cs=0 l=1 rev1=1 crypto rx=0 tx=0 comp rx=0 tx=0).stop
2022-08-20T03:20:33.003 INFO:teuthology.orchestra.run.smithi078.stdout:/usr/bin/ceph: stderr
2022-08-20T03:20:32.621+0000 7faf0c8d9700 1 --2- 172.21.15.78:0/3299351723 >> [v2:172.21.15.78:3300/0,v1:172.21.15.78:6789/0] conn(0x7faf08196ea0 0x7faf081972b0 unknown :-1 s=CLOSED pgs=50 cs=0 l=1 rev1=1 crypto rx=0 tx=0 comp rx=0 tx=0).stop
2022-08-20T03:20:33.004 INFO:teuthology.orchestra.run.smithi078.stdout:/usr/bin/ceph: stderr
2022-08-20T03:20:32.621+0000 7faf0c8d9700 1 -- 172.21.15.78:0/3299351723 >> 172.21.15.78:0/3299351723 conn(0x7faf080fd9e0 msgr2=0x7faf080fe7b0 unknown :-1 s=STATE_NONE l=0).mark_down
2022-08-20T03:20:33.004 INFO:teuthology.orchestra.run.smithi078.stdout:/usr/bin/ceph: stderr
2022-08-20T03:20:32.621+0000 7faf0c8d9700 1 -- 172.21.15.78:0/3299351723 shutdown_connections
2022-08-20T03:20:33.004 INFO:teuthology.orchestra.run.smithi078.stdout:/usr/bin/ceph: stderr
2022-08-20T03:20:32.621+0000 7faf0c8d9700 1 -- 172.21.15.78:0/3299351723 wait complete.
2022-08-20T03:20:33.066 INFO:journalctl@ceph.mon.a.smithi078.stdout:Aug 20 03:20:32 smithi078 ceph-mon[95223]: from='client.14142 -' entity='client.admin' cmd=[{"prefix": "orch apply", "service_type": "mon", "unmanaged": true, "target": ["mon-mgr", ""]}]: dispatch
2022-08-20T03:20:33.066 INFO:journalctl@ceph.mon.a.smithi078.stdout:Aug 20 03:20:32 smithi078 ceph-mon[95223]: Saving service mon spec with placement count:5
2022-08-20T03:20:33.066 INFO:journalctl@ceph.mon.a.smithi078.stdout:Aug 20 03:20:32 smithi078 ceph-mon[95223]: from='mgr.14120 172.21.15.78:0/3152548971' entity='mgr.x'
2022-08-20T03:20:33.067 INFO:journalctl@ceph.mon.a.smithi078.stdout:Aug 20 03:20:32 smithi078 ceph-mon[95223]: from='mgr.14120 172.21.15.78:0/3152548971' entity='mgr.x'
2022-08-20T03:20:33.986 INFO:journalctl@ceph.mon.a.smithi078.stdout:Aug 20 03:20:33 smithi078 ceph-mon[95223]: from='client.14144 -' entity='client.admin' cmd=[{"prefix": "orch apply", "service_type": "mgr", "unmanaged": true, "target": ["mon-mgr", ""]}]: dispatch
2022-08-20T03:20:33.986 INFO:journalctl@ceph.mon.a.smithi078.stdout:Aug 20 03:20:33 smithi078 ceph-mon[95223]: Saving service mgr spec with placement count:2
2022-08-20T03:20:33.986 INFO:journalctl@ceph.mon.a.smithi078.stdout:Aug 20 03:20:33 smithi078 ceph-mon[95223]: from='mgr.14120 172.21.15.78:0/3152548971' entity='mgr.x'
2022-08-20T03:20:33.987 INFO:journalctl@ceph.mon.a.smithi078.stdout:Aug 20 03:20:33 smithi078 ceph-mon[95223]: from='client.? 172.21.15.78:0/517988418' entity='client.admin'
2022-08-20T03:20:34.034 INFO:teuthology.orchestra.run.smithi078.stdout:/usr/bin/ceph: stderr
2022-08-20T03:20:33.475+0000 7fcde1c2f700 1 Processor -- start
2022-08-20T03:20:34.034 INFO:teuthology.orchestra.run.smithi078.stdout:/usr/bin/ceph: stderr
2022-08-20T03:20:33.475+0000 7fcde1c2f700 1 -- start start
2022-08-20T03:20:34.034 INFO:teuthology.orchestra.run.smithi078.stdout:/usr/bin/ceph: stderr
2022-08-20T03:20:33.475+0000 7fcde1c2f700 1 --2- >> [v2:172.21.15.78:3300/0,v1:172.21.15.78:6789/0] conn(0x7fcddc1022a0 0x7fcddc1026b0 unknown :-1 s=NONE pgs=0 cs=0 l=0 rev1=0 crypto rx=0 tx=0 comp rx=0 tx=0).connect
2022-08-20T03:20:34.035 INFO:teuthology.orchestra.run.smithi078.stdout:/usr/bin/ceph: stderr
2022-08-20T03:20:33.475+0000 7fcde1c2f700 1 -- --> [v2:172.21.15.78:3300/0,v1:172.21.15.78:6789/0] -- mon_getmap magic: 0 v1 -- 0x7fcddc102bf0 con 0x7fcddc1022a0
2022-08-20T03:20:34.035 INFO:teuthology.orchestra.run.smithi078.stdout:/usr/bin/ceph: stderr
2022-08-20T03:20:33.476+0000 7fcddb7fe700 1 --2- >> [v2:172.21.15.78:3300/0,v1:172.21.15.78:6789/0] conn(0x7fcddc1022a0 0x7fcddc1026b0 unknown :-1 s=BANNER_CONNECTING pgs=0 cs=0 l=0 rev1=0 crypto rx=0 tx=0 comp rx=0 tx=0)._handle_peer_banner_payload supported=3 required=0
2022-08-20T03:20:34.035 INFO:teuthology.orchestra.run.smithi078.stdout:/usr/bin/ceph: stderr
2022-08-20T03:20:33.476+0000 7fcddb7fe700 1 --2- >> [v2:172.21.15.78:3300/0,v1:172.21.15.78:6789/0] conn(0x7fcddc1022a0 0x7fcddc1026b0 unknown :-1 s=HELLO_CONNECTING pgs=0 cs=0 l=0 rev1=1 crypto rx=0 tx=0 comp rx=0 tx=0).handle_hello peer v2:172.21.15.78:3300/0 says I am v2:172.21.15.78:42820/0 (socket says 172.21.15.78:42820)
2022-08-20T03:20:34.035 INFO:teuthology.orchestra.run.smithi078.stdout:/usr/bin/ceph: stderr
2022-08-20T03:20:33.476+0000 7fcddb7fe700 1 -- 172.21.15.78:0/3959635060 learned_addr learned my addr 172.21.15.78:0/3959635060 (peer_addr_for_me v2:172.21.15.78:0/0)
2022-08-20T03:20:34.036 INFO:teuthology.orchestra.run.smithi078.stdout:/usr/bin/ceph: stderr
2022-08-20T03:20:33.476+0000 7fcddb7fe700 1 -- 172.21.15.78:0/3959635060 --> [v2:172.21.15.78:3300/0,v1:172.21.15.78:6789/0] -- mon_subscribe({config=0+,monmap=0+}) v3 -- 0x7fcddc102d30 con 0x7fcddc1022a0
2022-08-20T03:20:34.036 INFO:teuthology.orchestra.run.smithi078.stdout:/usr/bin/ceph: stderr
2022-08-20T03:20:33.476+0000 7fcddb7fe700 1 --2- 172.21.15.78:0/3959635060 >> [v2:172.21.15.78:3300/0,v1:172.21.15.78:6789/0] conn(0x7fcddc1022a0 0x7fcddc1026b0 secure :-1 s=READY pgs=51 cs=0 l=1 rev1=1 crypto rx=0x7fcdd4009700 tx=0x7fcdd4009a10 comp rx=0 tx=0).ready entity=mon.0 client_cookie=9557f9583008c1d1 server_cookie=0 in_seq=0 out_seq=0
2022-08-20T03:20:34.036 INFO:teuthology.orchestra.run.smithi078.stdout:/usr/bin/ceph: stderr
2022-08-20T03:20:33.476+0000 7fcdda7fc700 1 -- 172.21.15.78:0/3959635060 <== mon.0 v2:172.21.15.78:3300/0 1 ==== mon_map magic: 0 v1 ==== 205+0+0 (secure 0 0 0) 0x7fcdd4004160 con 0x7fcddc1022a0
2022-08-20T03:20:34.036 INFO:teuthology.orchestra.run.smithi078.stdout:/usr/bin/ceph: stderr
2022-08-20T03:20:33.476+0000 7fcdda7fc700 1 -- 172.21.15.78:0/3959635060 <== mon.0 v2:172.21.15.78:3300/0 2 ==== config(26 keys) v1 ==== 1080+0+0 (secure 0 0 0) 0x7fcdd40042c0 con 0x7fcddc1022a0
2022-08-20T03:20:34.036 INFO:teuthology.orchestra.run.smithi078.stdout:/usr/bin/ceph: stderr
2022-08-20T03:20:33.476+0000 7fcdda7fc700 1 -- 172.21.15.78:0/3959635060 <== mon.0 v2:172.21.15.78:3300/0 3 ==== mon_map magic: 0 v1 ==== 205+0+0 (secure 0 0 0) 0x7fcdd4003a10 con 0x7fcddc1022a0
2022-08-20T03:20:34.037 INFO:teuthology.orchestra.run.smithi078.stdout:/usr/bin/ceph: stderr
2022-08-20T03:20:33.477+0000 7fcde1c2f700 1 -- 172.21.15.78:0/3959635060 >> [v2:172.21.15.78:3300/0,v1:172.21.15.78:6789/0] conn(0x7fcddc1022a0 msgr2=0x7fcddc1026b0 secure :-1 s=STATE_CONNECTION_ESTABLISHED l=1).mark_down
2022-08-20T03:20:34.037 INFO:teuthology.orchestra.run.smithi078.stdout:/usr/bin/ceph: stderr
2022-08-20T03:20:33.477+0000 7fcde1c2f700 1 --2- 172.21.15.78:0/3959635060 >> [v2:172.21.15.78:3300/0,v1:172.21.15.78:6789/0] conn(0x7fcddc1022a0 0x7fcddc1026b0 secure :-1 s=READY pgs=51 cs=0 l=1 rev1=1 crypto rx=0x7fcdd4009700 tx=0x7fcdd4009a10 comp rx=0 tx=0).stop
2022-08-20T03:20:34.037 INFO:teuthology.orchestra.run.smithi078.stdout:/usr/bin/ceph: stderr
2022-08-20T03:20:33.477+0000 7fcde1c2f700 1 -- 172.21.15.78:0/3959635060 shutdown_connections
2022-08-20T03:20:34.037 INFO:teuthology.orchestra.run.smithi078.stdout:/usr/bin/ceph: stderr
2022-08-20T03:20:33.477+0000 7fcde1c2f700 1 --2- 172.21.15.78:0/3959635060 >> [v2:172.21.15.78:3300/0,v1:172.21.15.78:6789/0] conn(0x7fcddc1022a0 0x7fcddc1026b0 unknown :-1 s=CLOSED pgs=51 cs=0 l=1 rev1=1 crypto rx=0 tx=0 comp rx=0 tx=0).stop
2022-08-20T03:20:34.037 INFO:teuthology.orchestra.run.smithi078.stdout:/usr/bin/ceph: stderr
2022-08-20T03:20:33.477+0000 7fcde1c2f700 1 -- 172.21.15.78:0/3959635060 >> 172.21.15.78:0/3959635060 conn(0x7fcddc0fd970 msgr2=0x7fcddc0ffdc0 unknown :-1 s=STATE_NONE l=0).mark_down
2022-08-20T03:20:34.038 INFO:teuthology.orchestra.run.smithi078.stdout:/usr/bin/ceph: stderr
2022-08-20T03:20:33.477+0000 7fcde1c2f700 1 -- 172.21.15.78:0/3959635060 shutdown_connections
2022-08-20T03:20:34.038 INFO:teuthology.orchestra.run.smithi078.stdout:/usr/bin/ceph: stderr
2022-08-20T03:20:33.477+0000 7fcde1c2f700 1 -- 172.21.15.78:0/3959635060 wait complete.
2022-08-20T03:20:34.038 INFO:teuthology.orchestra.run.smithi078.stdout:/usr/bin/ceph: stderr
2022-08-20T03:20:33.478+0000 7fcde1c2f700 1 Processor -- start
2022-08-20T03:20:34.038 INFO:teuthology.orchestra.run.smithi078.stdout:/usr/bin/ceph: stderr
2022-08-20T03:20:33.478+0000 7fcde1c2f700 1 -- start start
2022-08-20T03:20:34.039 INFO:teuthology.orchestra.run.smithi078.stdout:/usr/bin/ceph: stderr
2022-08-20T03:20:33.478+0000 7fcde1c2f700 1 --2- >> [v2:172.21.15.78:3300/0,v1:172.21.15.78:6789/0] conn(0x7fcddc1022a0 0x7fcddc195ee0 unknown :-1 s=NONE pgs=0 cs=0 l=1 rev1=0 crypto rx=0 tx=0 comp rx=0 tx=0).connect
2022-08-20T03:20:34.039 INFO:teuthology.orchestra.run.smithi078.stdout:/usr/bin/ceph: stderr
2022-08-20T03:20:33.478+0000 7fcde1c2f700 1 -- --> [v2:172.21.15.78:3300/0,v1:172.21.15.78:6789/0] -- mon_getmap magic: 0 v1 -- 0x7fcddc196420 con 0x7fcddc1022a0
2022-08-20T03:20:34.039 INFO:teuthology.orchestra.run.smithi078.stdout:/usr/bin/ceph: stderr
2022-08-20T03:20:33.478+0000 7fcddb7fe700 1 --2- >> [v2:172.21.15.78:3300/0,v1:172.21.15.78:6789/0] conn(0x7fcddc1022a0 0x7fcddc195ee0 unknown :-1 s=BANNER_CONNECTING pgs=0 cs=0 l=1 rev1=0 crypto rx=0 tx=0 comp rx=0 tx=0)._handle_peer_banner_payload supported=3 required=0
2022-08-20T03:20:34.039 INFO:teuthology.orchestra.run.smithi078.stdout:/usr/bin/ceph: stderr
2022-08-20T03:20:33.478+0000 7fcddb7fe700 1 --2- >> [v2:172.21.15.78:3300/0,v1:172.21.15.78:6789/0] conn(0x7fcddc1022a0 0x7fcddc195ee0 unknown :-1 s=HELLO_CONNECTING pgs=0 cs=0 l=1 rev1=1 crypto rx=0 tx=0 comp rx=0 tx=0).handle_hello peer v2:172.21.15.78:3300/0 says I am v2:172.21.15.78:42822/0 (socket says 172.21.15.78:42822)
2022-08-20T03:20:34.040 INFO:teuthology.orchestra.run.smithi078.stdout:/usr/bin/ceph: stderr
2022-08-20T03:20:33.478+0000 7fcddb7fe700 1 -- 172.21.15.78:0/517988418 learned_addr learned my addr 172.21.15.78:0/517988418 (peer_addr_for_me v2:172.21.15.78:0/0)
2022-08-20T03:20:34.040 INFO:teuthology.orchestra.run.smithi078.stdout:/usr/bin/ceph: stderr
2022-08-20T03:20:33.478+0000 7fcddb7fe700 1 -- 172.21.15.78:0/517988418 --> [v2:172.21.15.78:3300/0,v1:172.21.15.78:6789/0] -- mon_subscribe({config=0+,monmap=0+}) v3 -- 0x7fcdd40093e0 con 0x7fcddc1022a0
2022-08-20T03:20:34.040 INFO:teuthology.orchestra.run.smithi078.stdout:/usr/bin/ceph: stderr
2022-08-20T03:20:33.478+0000 7fcddb7fe700 1 --2- 172.21.15.78:0/517988418 >> [v2:172.21.15.78:3300/0,v1:172.21.15.78:6789/0] conn(0x7fcddc1022a0 0x7fcddc195ee0 secure :-1 s=READY pgs=52 cs=0 l=1 rev1=1 crypto rx=0x7fcdd4003560 tx=0x7fcdd4003f60 comp rx=0 tx=0).ready entity=mon.0 client_cookie=0 server_cookie=0 in_seq=0 out_seq=0
2022-08-20T03:20:34.040 INFO:teuthology.orchestra.run.smithi078.stdout:/usr/bin/ceph: stderr
2022-08-20T03:20:33.479+0000 7fcdd8ff9700 1 -- 172.21.15.78:0/517988418 <== mon.0 v2:172.21.15.78:3300/0 1 ==== mon_map magic: 0 v1 ==== 205+0+0 (secure 0 0 0) 0x7fcdd4011840 con 0x7fcddc1022a0
2022-08-20T03:20:34.041 INFO:teuthology.orchestra.run.smithi078.stdout:/usr/bin/ceph: stderr
2022-08-20T03:20:33.479+0000 7fcdd8ff9700 1 -- 172.21.15.78:0/517988418 <== mon.0 v2:172.21.15.78:3300/0 2 ==== config(26 keys) v1 ==== 1080+0+0 (secure 0 0 0) 0x7fcdd40119a0 con 0x7fcddc1022a0
2022-08-20T03:20:34.041 INFO:teuthology.orchestra.run.smithi078.stdout:/usr/bin/ceph: stderr
2022-08-20T03:20:33.479+0000 7fcde1c2f700 1 -- 172.21.15.78:0/517988418 --> [v2:172.21.15.78:3300/0,v1:172.21.15.78:6789/0] -- mon_subscribe({mgrmap=0+}) v3 -- 0x7fcddc196620 con 0x7fcddc1022a0
2022-08-20T03:20:34.041 INFO:teuthology.orchestra.run.smithi078.stdout:/usr/bin/ceph: stderr
