2022-08-20T03:20:13.689 INFO:teuthology.orchestra.run.smithi078.stdout:/usr/bin/ceph: stderr
2022-08-20T03:20:13.027+0000 7f32cf083700 1 -- 172.21.15.78:0/1042285918 --> [v2:172.21.15.78:3300/0,v1:172.21.15.78:6789/0] -- mon_command({"prefix": "get_command_descriptions"} v 0) v1 -- 0x7f32c81040f0 con 0x7f32c81022b0
2022-08-20T03:20:13.689 INFO:teuthology.orchestra.run.smithi078.stdout:/usr/bin/ceph: stderr
2022-08-20T03:20:13.027+0000 7f32c7fff700 1 --2- 172.21.15.78:0/1042285918 >> [v2:172.21.15.78:6800/617027536,v1:172.21.15.78:6801/617027536] conn(0x7f32ac035980 0x7f32ac037e30 unknown :-1 s=BANNER_CONNECTING pgs=0 cs=0 l=1 rev1=0 crypto rx=0 tx=0 comp rx=0 tx=0)._handle_peer_banner_payload supported=3 required=0
2022-08-20T03:20:13.689 INFO:teuthology.orchestra.run.smithi078.stdout:/usr/bin/ceph: stderr
2022-08-20T03:20:13.027+0000 7f32c7fff700 1 --2- 172.21.15.78:0/1042285918 >> [v2:172.21.15.78:6800/617027536,v1:172.21.15.78:6801/617027536] conn(0x7f32ac035980 0x7f32ac037e30 secure :-1 s=READY pgs=7 cs=0 l=1 rev1=1 crypto rx=0x7f32b4009750 tx=0x7f32b4006cc0 comp rx=0 tx=0).ready entity=mgr.14100 client_cookie=0 server_cookie=0 in_seq=0 out_seq=0
2022-08-20T03:20:13.689 INFO:teuthology.orchestra.run.smithi078.stdout:/usr/bin/ceph: stderr
2022-08-20T03:20:13.032+0000 7f32c5ffb700 1 -- 172.21.15.78:0/1042285918 <== mon.0 v2:172.21.15.78:3300/0 6 ==== mon_command_ack([{"prefix": "get_command_descriptions"}]=0 v0) v1 ==== 72+0+170955 (secure 0 0 0) 0x7f32bc02d440 con 0x7f32c81022b0
2022-08-20T03:20:13.690 INFO:teuthology.orchestra.run.smithi078.stdout:/usr/bin/ceph: stderr
2022-08-20T03:20:13.212+0000 7f32cf083700 1 -- 172.21.15.78:0/1042285918 --> [v2:172.21.15.78:3300/0,v1:172.21.15.78:6789/0] -- mon_command({"prefix": "config assimilate-conf"} v 0) v1 -- 0x7f32c819a7a0 con 0x7f32c81022b0
2022-08-20T03:20:13.690 INFO:teuthology.orchestra.run.smithi078.stdout:/usr/bin/ceph: stderr
2022-08-20T03:20:13.213+0000 7f32c5ffb700 1 -- 172.21.15.78:0/1042285918 <== mon.0 v2:172.21.15.78:3300/0 7 ==== mon_command_ack([{"prefix": "config assimilate-conf"}]=0 v3) v1 ==== 70+0+398 (secure 0 0 0) 0x7f32bc02b340 con 0x7f32c81022b0
2022-08-20T03:20:13.690 INFO:teuthology.orchestra.run.smithi078.stdout:/usr/bin/ceph: stderr
2022-08-20T03:20:13.215+0000 7f32cf083700 1 -- 172.21.15.78:0/1042285918 >> [v2:172.21.15.78:6800/617027536,v1:172.21.15.78:6801/617027536] conn(0x7f32ac035980 msgr2=0x7f32ac037e30 secure :-1 s=STATE_CONNECTION_ESTABLISHED l=1).mark_down
2022-08-20T03:20:13.690 INFO:teuthology.orchestra.run.smithi078.stdout:/usr/bin/ceph: stderr
2022-08-20T03:20:13.215+0000 7f32cf083700 1 --2- 172.21.15.78:0/1042285918 >> [v2:172.21.15.78:6800/617027536,v1:172.21.15.78:6801/617027536] conn(0x7f32ac035980 0x7f32ac037e30 secure :-1 s=READY pgs=7 cs=0 l=1 rev1=1 crypto rx=0x7f32b4009750 tx=0x7f32b4006cc0 comp rx=0 tx=0).stop
2022-08-20T03:20:13.691 INFO:teuthology.orchestra.run.smithi078.stdout:/usr/bin/ceph: stderr
2022-08-20T03:20:13.215+0000 7f32cf083700 1 -- 172.21.15.78:0/1042285918 >> [v2:172.21.15.78:3300/0,v1:172.21.15.78:6789/0] conn(0x7f32c81022b0 msgr2=0x7f32c8077b30 secure :-1 s=STATE_CONNECTION_ESTABLISHED l=1).mark_down
2022-08-20T03:20:13.691 INFO:teuthology.orchestra.run.smithi078.stdout:/usr/bin/ceph: stderr
2022-08-20T03:20:13.215+0000 7f32cf083700 1 --2- 172.21.15.78:0/1042285918 >> [v2:172.21.15.78:3300/0,v1:172.21.15.78:6789/0] conn(0x7f32c81022b0 0x7f32c8077b30 secure :-1 s=READY pgs=21 cs=0 l=1 rev1=1 crypto rx=0x7f32bc003c10 tx=0x7f32bc003fe0 comp rx=0 tx=0).stop
2022-08-20T03:20:13.691 INFO:teuthology.orchestra.run.smithi078.stdout:/usr/bin/ceph: stderr
2022-08-20T03:20:13.215+0000 7f32cf083700 1 -- 172.21.15.78:0/1042285918 shutdown_connections
2022-08-20T03:20:13.692 INFO:teuthology.orchestra.run.smithi078.stdout:/usr/bin/ceph: stderr
2022-08-20T03:20:13.215+0000 7f32cf083700 1 --2- 172.21.15.78:0/1042285918 >> [v2:172.21.15.78:6800/617027536,v1:172.21.15.78:6801/617027536] conn(0x7f32ac035980 0x7f32ac037e30 unknown :-1 s=CLOSED pgs=7 cs=0 l=1 rev1=1 crypto rx=0 tx=0 comp rx=0 tx=0).stop
2022-08-20T03:20:13.692 INFO:teuthology.orchestra.run.smithi078.stdout:/usr/bin/ceph: stderr
2022-08-20T03:20:13.215+0000 7f32cf083700 1 --2- 172.21.15.78:0/1042285918 >> [v2:172.21.15.78:3300/0,v1:172.21.15.78:6789/0] conn(0x7f32c81022b0 0x7f32c8077b30 unknown :-1 s=CLOSED pgs=21 cs=0 l=1 rev1=1 crypto rx=0 tx=0 comp rx=0 tx=0).stop
2022-08-20T03:20:13.692 INFO:teuthology.orchestra.run.smithi078.stdout:/usr/bin/ceph: stderr
2022-08-20T03:20:13.215+0000 7f32cf083700 1 -- 172.21.15.78:0/1042285918 >> 172.21.15.78:0/1042285918 conn(0x7f32c80fd9e0 msgr2=0x7f32c80fe770 unknown :-1 s=STATE_NONE l=0).mark_down
2022-08-20T03:20:13.692 INFO:teuthology.orchestra.run.smithi078.stdout:/usr/bin/ceph: stderr
2022-08-20T03:20:13.215+0000 7f32cf083700 1 -- 172.21.15.78:0/1042285918 shutdown_connections
2022-08-20T03:20:13.692 INFO:teuthology.orchestra.run.smithi078.stdout:/usr/bin/ceph: stderr
2022-08-20T03:20:13.215+0000 7f32cf083700 1 -- 172.21.15.78:0/1042285918 wait complete.
2022-08-20T03:20:13.693 INFO:teuthology.orchestra.run.smithi078.stdout:Enabling cephadm module...
2022-08-20T03:20:13.893 INFO:journalctl@ceph.mon.a.smithi078.stdout:Aug 20 03:20:13 smithi078 ceph-mon[95223]: from='client.? 172.21.15.78:0/1042285918' entity='client.admin' cmd=[{"prefix": "config assimilate-conf"}]: dispatch
2022-08-20T03:20:15.095 INFO:journalctl@ceph.mon.a.smithi078.stdout:Aug 20 03:20:14 smithi078 ceph-mon[95223]: from='client.? 172.21.15.78:0/3306418187' entity='client.admin' cmd=[{"prefix": "mgr module enable", "module": "cephadm"}]: dispatch
2022-08-20T03:20:15.096 INFO:journalctl@ceph.mgr.x.smithi078.stdout:Aug 20 03:20:14 smithi078 ceph-c6da8728-2036-11ed-8431-001a4aab830c-mgr-x[95469]: ignoring --setuser ceph since I am not root
2022-08-20T03:20:15.096 INFO:journalctl@ceph.mgr.x.smithi078.stdout:Aug 20 03:20:14 smithi078 ceph-c6da8728-2036-11ed-8431-001a4aab830c-mgr-x[95469]: ignoring --setgroup ceph since I am not root
2022-08-20T03:20:15.096 INFO:journalctl@ceph.mgr.x.smithi078.stdout:Aug 20 03:20:14 smithi078 ceph-c6da8728-2036-11ed-8431-001a4aab830c-mgr-x[95469]:
2022-08-20T03:20:14.928+0000 7f2e74337080 -1 mgr[py] Module devicehealth has missing NOTIFY_TYPES member
2022-08-20T03:20:15.096 INFO:journalctl@ceph.mgr.x.smithi078.stdout:Aug 20 03:20:15 smithi078 ceph-c6da8728-2036-11ed-8431-001a4aab830c-mgr-x[95469]:
2022-08-20T03:20:15.005+0000 7f2e74337080 -1 mgr[py] Module osd_support has missing NOTIFY_TYPES member
2022-08-20T03:20:15.097 INFO:journalctl@ceph.mgr.x.smithi078.stdout:Aug 20 03:20:15 smithi078 ceph-c6da8728-2036-11ed-8431-001a4aab830c-mgr-x[95469]:
2022-08-20T03:20:15.093+0000 7f2e74337080 -1 mgr[py] Module snap_schedule has missing NOTIFY_TYPES member
2022-08-20T03:20:15.117 INFO:teuthology.orchestra.run.smithi078.stdout:/usr/bin/ceph: stderr
2022-08-20T03:20:14.089+0000 7fbe3275b700 1 Processor -- start
2022-08-20T03:20:15.118 INFO:teuthology.orchestra.run.smithi078.stdout:/usr/bin/ceph: stderr
2022-08-20T03:20:14.089+0000 7fbe3275b700 1 -- start start
2022-08-20T03:20:15.118 INFO:teuthology.orchestra.run.smithi078.stdout:/usr/bin/ceph: stderr
2022-08-20T03:20:14.089+0000 7fbe3275b700 1 --2- >> [v2:172.21.15.78:3300/0,v1:172.21.15.78:6789/0] conn(0x7fbe2c102320 0x7fbe2c102730 unknown :-1 s=NONE pgs=0 cs=0 l=0 rev1=0 crypto rx=0 tx=0 comp rx=0 tx=0).connect
2022-08-20T03:20:15.118 INFO:teuthology.orchestra.run.smithi078.stdout:/usr/bin/ceph: stderr
2022-08-20T03:20:14.089+0000 7fbe3275b700 1 -- --> [v2:172.21.15.78:3300/0,v1:172.21.15.78:6789/0] -- mon_getmap magic: 0 v1 -- 0x7fbe2c102c70 con 0x7fbe2c102320
2022-08-20T03:20:15.118 INFO:teuthology.orchestra.run.smithi078.stdout:/usr/bin/ceph: stderr
2022-08-20T03:20:14.089+0000 7fbe2bfff700 1 --2- >> [v2:172.21.15.78:3300/0,v1:172.21.15.78:6789/0] conn(0x7fbe2c102320 0x7fbe2c102730 unknown :-1 s=BANNER_CONNECTING pgs=0 cs=0 l=0 rev1=0 crypto rx=0 tx=0 comp rx=0 tx=0)._handle_peer_banner_payload supported=3 required=0
2022-08-20T03:20:15.119 INFO:teuthology.orchestra.run.smithi078.stdout:/usr/bin/ceph: stderr
2022-08-20T03:20:14.090+0000 7fbe2bfff700 1 --2- >> [v2:172.21.15.78:3300/0,v1:172.21.15.78:6789/0] conn(0x7fbe2c102320 0x7fbe2c102730 unknown :-1 s=HELLO_CONNECTING pgs=0 cs=0 l=0 rev1=1 crypto rx=0 tx=0 comp rx=0 tx=0).handle_hello peer v2:172.21.15.78:3300/0 says I am v2:172.21.15.78:42666/0 (socket says 172.21.15.78:42666)
2022-08-20T03:20:15.119 INFO:teuthology.orchestra.run.smithi078.stdout:/usr/bin/ceph: stderr
2022-08-20T03:20:14.090+0000 7fbe2bfff700 1 -- 172.21.15.78:0/1749069634 learned_addr learned my addr 172.21.15.78:0/1749069634 (peer_addr_for_me v2:172.21.15.78:0/0)
2022-08-20T03:20:15.119 INFO:teuthology.orchestra.run.smithi078.stdout:/usr/bin/ceph: stderr
2022-08-20T03:20:14.090+0000 7fbe2bfff700 1 -- 172.21.15.78:0/1749069634 --> [v2:172.21.15.78:3300/0,v1:172.21.15.78:6789/0] -- mon_subscribe({config=0+,monmap=0+}) v3 -- 0x7fbe2c102db0 con 0x7fbe2c102320
2022-08-20T03:20:15.119 INFO:teuthology.orchestra.run.smithi078.stdout:/usr/bin/ceph: stderr
2022-08-20T03:20:14.090+0000 7fbe2bfff700 1 --2- 172.21.15.78:0/1749069634 >> [v2:172.21.15.78:3300/0,v1:172.21.15.78:6789/0] conn(0x7fbe2c102320 0x7fbe2c102730 secure :-1 s=READY pgs=22 cs=0 l=1 rev1=1 crypto rx=0x7fbe1c00b9a0 tx=0x7fbe1c00bcb0 comp rx=0 tx=0).ready entity=mon.0 client_cookie=358c5631caad3aae server_cookie=0 in_seq=0 out_seq=0
2022-08-20T03:20:15.120 INFO:teuthology.orchestra.run.smithi078.stdout:/usr/bin/ceph: stderr
2022-08-20T03:20:14.090+0000 7fbe2affd700 1 -- 172.21.15.78:0/1749069634 <== mon.0 v2:172.21.15.78:3300/0 1 ==== mon_map magic: 0 v1 ==== 205+0+0 (secure 0 0 0) 0x7fbe1c004160 con 0x7fbe2c102320
2022-08-20T03:20:15.120 INFO:teuthology.orchestra.run.smithi078.stdout:/usr/bin/ceph: stderr
2022-08-20T03:20:14.090+0000 7fbe2affd700 1 -- 172.21.15.78:0/1749069634 <== mon.0 v2:172.21.15.78:3300/0 2 ==== config(26 keys) v1 ==== 1049+0+0 (secure 0 0 0) 0x7fbe1c00de70 con 0x7fbe2c102320
2022-08-20T03:20:15.120 INFO:teuthology.orchestra.run.smithi078.stdout:/usr/bin/ceph: stderr
2022-08-20T03:20:14.090+0000 7fbe2affd700 1 -- 172.21.15.78:0/1749069634 <== mon.0 v2:172.21.15.78:3300/0 3 ==== mon_map magic: 0 v1 ==== 205+0+0 (secure 0 0 0) 0x7fbe1c003d00 con 0x7fbe2c102320
2022-08-20T03:20:15.120 INFO:teuthology.orchestra.run.smithi078.stdout:/usr/bin/ceph: stderr
2022-08-20T03:20:14.091+0000 7fbe3275b700 1 -- 172.21.15.78:0/1749069634 >> [v2:172.21.15.78:3300/0,v1:172.21.15.78:6789/0] conn(0x7fbe2c102320 msgr2=0x7fbe2c102730 secure :-1 s=STATE_CONNECTION_ESTABLISHED l=1).mark_down
2022-08-20T03:20:15.120 INFO:teuthology.orchestra.run.smithi078.stdout:/usr/bin/ceph: stderr
2022-08-20T03:20:14.091+0000 7fbe3275b700 1 --2- 172.21.15.78:0/1749069634 >> [v2:172.21.15.78:3300/0,v1:172.21.15.78:6789/0] conn(0x7fbe2c102320 0x7fbe2c102730 secure :-1 s=READY pgs=22 cs=0 l=1 rev1=1 crypto rx=0x7fbe1c00b9a0 tx=0x7fbe1c00bcb0 comp rx=0 tx=0).stop
2022-08-20T03:20:15.121 INFO:teuthology.orchestra.run.smithi078.stdout:/usr/bin/ceph: stderr
2022-08-20T03:20:14.091+0000 7fbe3275b700 1 -- 172.21.15.78:0/1749069634 shutdown_connections
2022-08-20T03:20:15.121 INFO:teuthology.orchestra.run.smithi078.stdout:/usr/bin/ceph: stderr
2022-08-20T03:20:14.091+0000 7fbe3275b700 1 --2- 172.21.15.78:0/1749069634 >> [v2:172.21.15.78:3300/0,v1:172.21.15.78:6789/0] conn(0x7fbe2c102320 0x7fbe2c102730 unknown :-1 s=CLOSED pgs=22 cs=0 l=1 rev1=1 crypto rx=0 tx=0 comp rx=0 tx=0).stop
2022-08-20T03:20:15.121 INFO:teuthology.orchestra.run.smithi078.stdout:/usr/bin/ceph: stderr
2022-08-20T03:20:14.091+0000 7fbe3275b700 1 -- 172.21.15.78:0/1749069634 >> 172.21.15.78:0/1749069634 conn(0x7fbe2c0fd9f0 msgr2=0x7fbe2c0ffe40 unknown :-1 s=STATE_NONE l=0).mark_down
2022-08-20T03:20:15.121 INFO:teuthology.orchestra.run.smithi078.stdout:/usr/bin/ceph: stderr
2022-08-20T03:20:14.091+0000 7fbe3275b700 1 -- 172.21.15.78:0/1749069634 shutdown_connections
2022-08-20T03:20:15.121 INFO:teuthology.orchestra.run.smithi078.stdout:/usr/bin/ceph: stderr
2022-08-20T03:20:14.091+0000 7fbe3275b700 1 -- 172.21.15.78:0/1749069634 wait complete.
2022-08-20T03:20:15.122 INFO:teuthology.orchestra.run.smithi078.stdout:/usr/bin/ceph: stderr
2022-08-20T03:20:14.091+0000 7fbe3275b700 1 Processor -- start
2022-08-20T03:20:15.122 INFO:teuthology.orchestra.run.smithi078.stdout:/usr/bin/ceph: stderr
2022-08-20T03:20:14.091+0000 7fbe3275b700 1 -- start start
2022-08-20T03:20:15.122 INFO:teuthology.orchestra.run.smithi078.stdout:/usr/bin/ceph: stderr
2022-08-20T03:20:14.092+0000 7fbe3275b700 1 --2- >> [v2:172.21.15.78:3300/0,v1:172.21.15.78:6789/0] conn(0x7fbe2c102320 0x7fbe2c199260 unknown :-1 s=NONE pgs=0 cs=0 l=1 rev1=0 crypto rx=0 tx=0 comp rx=0 tx=0).connect
2022-08-20T03:20:15.122 INFO:teuthology.orchestra.run.smithi078.stdout:/usr/bin/ceph: stderr
2022-08-20T03:20:14.092+0000 7fbe3275b700 1 -- --> [v2:172.21.15.78:3300/0,v1:172.21.15.78:6789/0] -- mon_getmap magic: 0 v1 -- 0x7fbe2c1997a0 con 0x7fbe2c102320
2022-08-20T03:20:15.123 INFO:teuthology.orchestra.run.smithi078.stdout:/usr/bin/ceph: stderr
2022-08-20T03:20:14.092+0000 7fbe2bfff700 1 --2- >> [v2:172.21.15.78:3300/0,v1:172.21.15.78:6789/0] conn(0x7fbe2c102320 0x7fbe2c199260 unknown :-1 s=BANNER_CONNECTING pgs=0 cs=0 l=1 rev1=0 crypto rx=0 tx=0 comp rx=0 tx=0)._handle_peer_banner_payload supported=3 required=0
2022-08-20T03:20:15.123 INFO:teuthology.orchestra.run.smithi078.stdout:/usr/bin/ceph: stderr
2022-08-20T03:20:14.092+0000 7fbe2bfff700 1 --2- >> [v2:172.21.15.78:3300/0,v1:172.21.15.78:6789/0] conn(0x7fbe2c102320 0x7fbe2c199260 unknown :-1 s=HELLO_CONNECTING pgs=0 cs=0 l=1 rev1=1 crypto rx=0 tx=0 comp rx=0 tx=0).handle_hello peer v2:172.21.15.78:3300/0 says I am v2:172.21.15.78:42668/0 (socket says 172.21.15.78:42668)
2022-08-20T03:20:15.123 INFO:teuthology.orchestra.run.smithi078.stdout:/usr/bin/ceph: stderr
2022-08-20T03:20:14.092+0000 7fbe2bfff700 1 -- 172.21.15.78:0/3306418187 learned_addr learned my addr 172.21.15.78:0/3306418187 (peer_addr_for_me v2:172.21.15.78:0/0)
2022-08-20T03:20:15.123 INFO:teuthology.orchestra.run.smithi078.stdout:/usr/bin/ceph: stderr
2022-08-20T03:20:14.092+0000 7fbe2bfff700 1 -- 172.21.15.78:0/3306418187 --> [v2:172.21.15.78:3300/0,v1:172.21.15.78:6789/0] -- mon_subscribe({config=0+,monmap=0+}) v3 -- 0x7fbe1c00b680 con 0x7fbe2c102320
2022-08-20T03:20:15.124 INFO:teuthology.orchestra.run.smithi078.stdout:/usr/bin/ceph: stderr
2022-08-20T03:20:14.092+0000 7fbe2bfff700 1 --2- 172.21.15.78:0/3306418187 >> [v2:172.21.15.78:3300/0,v1:172.21.15.78:6789/0] conn(0x7fbe2c102320 0x7fbe2c199260 secure :-1 s=READY pgs=23 cs=0 l=1 rev1=1 crypto rx=0x7fbe1c006970 tx=0x7fbe1c003f00 comp rx=0 tx=0).ready entity=mon.0 client_cookie=0 server_cookie=0 in_seq=0 out_seq=0
2022-08-20T03:20:15.124 INFO:teuthology.orchestra.run.smithi078.stdout:/usr/bin/ceph: stderr
2022-08-20T03:20:14.092+0000 7fbe297fa700 1 -- 172.21.15.78:0/3306418187 <== mon.0 v2:172.21.15.78:3300/0 1 ==== mon_map magic: 0 v1 ==== 205+0+0 (secure 0 0 0) 0x7fbe1c010470 con 0x7fbe2c102320
2022-08-20T03:20:15.124 INFO:teuthology.orchestra.run.smithi078.stdout:/usr/bin/ceph: stderr
2022-08-20T03:20:14.092+0000 7fbe297fa700 1 -- 172.21.15.78:0/3306418187 <== mon.0 v2:172.21.15.78:3300/0 2 ==== config(26 keys) v1 ==== 1049+0+0 (secure 0 0 0) 0x7fbe1c010a50 con 0x7fbe2c102320
2022-08-20T03:20:15.124 INFO:teuthology.orchestra.run.smithi078.stdout:/usr/bin/ceph: stderr
2022-08-20T03:20:14.092+0000 7fbe297fa700 1 -- 172.21.15.78:0/3306418187 <== mon.0 v2:172.21.15.78:3300/0 3 ==== mon_map magic: 0 v1 ==== 205+0+0 (secure 0 0 0) 0x7fbe1c022aa0 con 0x7fbe2c102320
2022-08-20T03:20:15.124 INFO:teuthology.orchestra.run.smithi078.stdout:/usr/bin/ceph: stderr
2022-08-20T03:20:14.092+0000 7fbe3275b700 1 -- 172.21.15.78:0/3306418187 --> [v2:172.21.15.78:3300/0,v1:172.21.15.78:6789/0] -- mon_subscribe({mgrmap=0+}) v3 -- 0x7fbe2c1999a0 con 0x7fbe2c102320
2022-08-20T03:20:15.125 INFO:teuthology.orchestra.run.smithi078.stdout:/usr/bin/ceph: stderr
2022-08-20T03:20:14.092+0000 7fbe3275b700 1 -- 172.21.15.78:0/3306418187 --> [v2:172.21.15.78:3300/0,v1:172.21.15.78:6789/0] -- mon_subscribe({osdmap=0}) v3 -- 0x7fbe2c199d70 con 0x7fbe2c102320
2022-08-20T03:20:15.125 INFO:teuthology.orchestra.run.smithi078.stdout:/usr/bin/ceph: stderr
2022-08-20T03:20:14.093+0000 7fbe297fa700 1 -- 172.21.15.78:0/3306418187 <== mon.0 v2:172.21.15.78:3300/0 4 ==== mgrmap(e 4) v1 ==== 42798+0+0 (secure 0 0 0) 0x7fbe1c010bc0 con 0x7fbe2c102320
2022-08-20T03:20:15.125 INFO:teuthology.orchestra.run.smithi078.stdout:/usr/bin/ceph: stderr
2022-08-20T03:20:14.093+0000 7fbe3275b700 1 -- 172.21.15.78:0/3306418187 --> [v2:172.21.15.78:3300/0,v1:172.21.15.78:6789/0] -- mon_command({"prefix": "get_command_descriptions"} v 0) v1 -- 0x7fbe2c104160 con 0x7fbe2c102320
2022-08-20T03:20:15.125 INFO:teuthology.orchestra.run.smithi078.stdout:/usr/bin/ceph: stderr
2022-08-20T03:20:14.093+0000 7fbe297fa700 1 --2- 172.21.15.78:0/3306418187 >> [v2:172.21.15.78:6800/617027536,v1:172.21.15.78:6801/617027536] conn(0x7fbe180359c0 0x7fbe18037e70 unknown :-1 s=NONE pgs=0 cs=0 l=1 rev1=0 crypto rx=0 tx=0 comp rx=0 tx=0).connect
2022-08-20T03:20:15.126 INFO:teuthology.orchestra.run.smithi078.stdout:/usr/bin/ceph: stderr
2022-08-20T03:20:14.093+0000 7fbe297fa700 1 -- 172.21.15.78:0/3306418187 <== mon.0 v2:172.21.15.78:3300/0 5 ==== osd_map(1..1 src has 1..1) v4 ==== 721+0+0 (secure 0 0 0) 0x7fbe1c048ea0 con 0x7fbe2c102320
2022-08-20T03:20:15.126 INFO:teuthology.orchestra.run.smithi078.stdout:/usr/bin/ceph: stderr
2022-08-20T03:20:14.094+0000 7fbe2b7fe700 1 --2- 172.21.15.78:0/3306418187 >> [v2:172.21.15.78:6800/617027536,v1:172.21.15.78:6801/617027536] conn(0x7fbe180359c0 0x7fbe18037e70 unknown :-1 s=BANNER_CONNECTING pgs=0 cs=0 l=1 rev1=0 crypto rx=0 tx=0 comp rx=0 tx=0)._handle_peer_banner_payload supported=3 required=0
2022-08-20T03:20:15.126 INFO:teuthology.orchestra.run.smithi078.stdout:/usr/bin/ceph: stderr
2022-08-20T03:20:14.094+0000 7fbe2b7fe700 1 --2- 172.21.15.78:0/3306418187 >> [v2:172.21.15.78:6800/617027536,v1:172.21.15.78:6801/617027536] conn(0x7fbe180359c0 0x7fbe18037e70 secure :-1 s=READY pgs=8 cs=0 l=1 rev1=1 crypto rx=0x7fbe20009750 tx=0x7fbe20006cc0 comp rx=0 tx=0).ready entity=mgr.14100 client_cookie=0 server_cookie=0 in_seq=0 out_seq=0
2022-08-20T03:20:15.126 INFO:teuthology.orchestra.run.smithi078.stdout:/usr/bin/ceph: stderr
2022-08-20T03:20:14.098+0000 7fbe297fa700 1 -- 172.21.15.78:0/3306418187 <== mon.0 v2:172.21.15.78:3300/0 6 ==== mon_command_ack([{"prefix": "get_command_descriptions"}]=0 v0) v1 ==== 72+0+170955 (secure 0 0 0) 0x7fbe1c00f5b0 con 0x7fbe2c102320
2022-08-20T03:20:15.127 INFO:teuthology.orchestra.run.smithi078.stdout:/usr/bin/ceph: stderr
2022-08-20T03:20:14.331+0000 7fbe3275b700 1 -- 172.21.15.78:0/3306418187 --> [v2:172.21.15.78:3300/0,v1:172.21.15.78:6789/0] -- mon_command({"prefix": "mgr module enable", "module": "cephadm"} v 0) v1 -- 0x7fbe2c19ad80 con 0x7fbe2c102320
2022-08-20T03:20:15.127 INFO:teuthology.orchestra.run.smithi078.stdout:/usr/bin/ceph: stderr
2022-08-20T03:20:14.767+0000 7fbe297fa700 1 -- 172.21.15.78:0/3306418187 <== mon.0 v2:172.21.15.78:3300/0 7 ==== mgrmap(e 5) v1 ==== 42809+0+0 (secure 0 0 0) 0x7fbe1c04d070 con 0x7fbe2c102320
2022-08-20T03:20:15.127 INFO:teuthology.orchestra.run.smithi078.stdout:/usr/bin/ceph: stderr
2022-08-20T03:20:14.769+0000 7fbe297fa700 1 -- 172.21.15.78:0/3306418187 <== mon.0 v2:172.21.15.78:3300/0 8 ==== mon_command_ack([{"prefix": "mgr module enable", "module": "cephadm"}]=0 v5) v1 ==== 86+0+0 (secure 0 0 0) 0x7fbe1c028d60 con 0x7fbe2c102320
2022-08-20T03:20:15.127 INFO:teuthology.orchestra.run.smithi078.stdout:/usr/bin/ceph: stderr
2022-08-20T03:20:14.771+0000 7fbe3275b700 1 -- 172.21.15.78:0/3306418187 >> [v2:172.21.15.78:6800/617027536,v1:172.21.15.78:6801/617027536] conn(0x7fbe180359c0 msgr2=0x7fbe18037e70 secure :-1 s=STATE_CONNECTION_ESTABLISHED l=1).mark_down
2022-08-20T03:20:15.127 INFO:teuthology.orchestra.run.smithi078.stdout:/usr/bin/ceph: stderr
2022-08-20T03:20:14.771+0000 7fbe3275b700 1 --2- 172.21.15.78:0/3306418187 >> [v2:172.21.15.78:6800/617027536,v1:172.21.15.78:6801/617027536] conn(0x7fbe180359c0 0x7fbe18037e70 secure :-1 s=READY pgs=8 cs=0 l=1 rev1=1 crypto rx=0x7fbe20009750 tx=0x7fbe20006cc0 comp rx=0 tx=0).stop
2022-08-20T03:20:15.128 INFO:teuthology.orchestra.run.smithi078.stdout:/usr/bin/ceph: stderr
2022-08-20T03:20:14.771+0000 7fbe3275b700 1 -- 172.21.15.78:0/3306418187 >> [v2:172.21.15.78:3300/0,v1:172.21.15.78:6789/0] conn(0x7fbe2c102320 msgr2=0x7fbe2c199260 secure :-1 s=STATE_CONNECTION_ESTABLISHED l=1).mark_down
2022-08-20T03:20:15.128 INFO:teuthology.orchestra.run.smithi078.stdout:/usr/bin/ceph: stderr
2022-08-20T03:20:14.771+0000 7fbe3275b700 1 --2- 172.21.15.78:0/3306418187 >> [v2:172.21.15.78:3300/0,v1:172.21.15.78:6789/0] conn(0x7fbe2c102320 0x7fbe2c199260 secure :-1 s=READY pgs=23 cs=0 l=1 rev1=1 crypto rx=0x7fbe1c006970 tx=0x7fbe1c003f00 comp rx=0 tx=0).stop
2022-08-20T03:20:15.128 INFO:teuthology.orchestra.run.smithi078.stdout:/usr/bin/ceph: stderr
2022-08-20T03:20:14.771+0000 7fbe3275b700 1 -- 172.21.15.78:0/3306418187 shutdown_connections
2022-08-20T03:20:15.128 INFO:teuthology.orchestra.run.smithi078.stdout:/usr/bin/ceph: stderr
2022-08-20T03:20:14.771+0000 7fbe3275b700 1 --2- 172.21.15.78:0/3306418187 >> [v2:172.21.15.78:6800/617027536,v1:172.21.15.78:6801/617027536] conn(0x7fbe180359c0 0x7fbe18037e70 unknown :-1 s=CLOSED pgs=8 cs=0 l=1 rev1=1 crypto rx=0 tx=0 comp rx=0 tx=0).stop
2022-08-20T03:20:15.129 INFO:teuthology.orchestra.run.smithi078.stdout:/usr/bin/ceph: stderr
2022-08-20T03:20:14.771+0000 7fbe3275b700 1 --2- 172.21.15.78:0/3306418187 >> [v2:172.21.15.78:3300/0,v1:172.21.15.78:6789/0] conn(0x7fbe2c102320 0x7fbe2c199260 unknown :-1 s=CLOSED pgs=23 cs=0 l=1 rev1=1 crypto rx=0 tx=0 comp rx=0 tx=0).stop
2022-08-20T03:20:15.129 INFO:teuthology.orchestra.run.smithi078.stdout:/usr/bin/ceph: stderr
2022-08-20T03:20:14.771+0000 7fbe3275b700 1 -- 172.21.15.78:0/3306418187 >> 172.21.15.78:0/3306418187 conn(0x7fbe2c0fd9f0 msgr2=0x7fbe2c0ffda0 unknown :-1 s=STATE_NONE l=0).mark_down
2022-08-20T03:20:15.129 INFO:teuthology.orchestra.run.smithi078.stdout:/usr/bin/ceph: stderr
2022-08-20T03:20:14.771+0000 7fbe3275b700 1 -- 172.21.15.78:0/3306418187 shutdown_connections
2022-08-20T03:20:15.129 INFO:teuthology.orchestra.run.smithi078.stdout:/usr/bin/ceph: stderr
2022-08-20T03:20:14.771+0000 7fbe3275b700 1 -- 172.21.15.78:0/3306418187 wait complete.
2022-08-20T03:20:15.357 INFO:journalctl@ceph.mgr.x.smithi078.stdout:Aug 20 03:20:15 smithi078 ceph-c6da8728-2036-11ed-8431-001a4aab830c-mgr-x[95469]:
2022-08-20T03:20:15.197+0000 7f2e74337080 -1 mgr[py] Module zabbix has missing NOTIFY_TYPES member
2022-08-20T03:20:15.689 INFO:journalctl@ceph.mgr.x.smithi078.stdout:Aug 20 03:20:15 smithi078 ceph-c6da8728-2036-11ed-8431-001a4aab830c-mgr-x[95469]:
2022-08-20T03:20:15.366+0000 7f2e74337080 -1 mgr[py] Module crash has missing NOTIFY_TYPES member
2022-08-20T03:20:15.971 INFO:journalctl@ceph.mon.a.smithi078.stdout:Aug 20 03:20:15 smithi078 ceph-mon[95223]: from='client.? 172.21.15.78:0/3306418187' entity='client.admin' cmd='[{"prefix": "mgr module enable", "module": "cephadm"}]': finished
2022-08-20T03:20:15.971 INFO:journalctl@ceph.mon.a.smithi078.stdout:Aug 20 03:20:15 smithi078 ceph-mon[95223]: mgrmap e5: x(active, since 5s)
2022-08-20T03:20:15.972 INFO:journalctl@ceph.mgr.x.smithi078.stdout:Aug 20 03:20:15 smithi078 ceph-c6da8728-2036-11ed-8431-001a4aab830c-mgr-x[95469]:
2022-08-20T03:20:15.686+0000 7f2e74337080 -1 mgr[py] Module prometheus has missing NOTIFY_TYPES member
2022-08-20T03:20:15.972 INFO:journalctl@ceph.mgr.x.smithi078.stdout:Aug 20 03:20:15 smithi078 ceph-c6da8728-2036-11ed-8431-001a4aab830c-mgr-x[95469]:
2022-08-20T03:20:15.776+0000 7f2e74337080 -1 mgr[py] Module status has missing NOTIFY_TYPES member
2022-08-20T03:20:15.972 INFO:journalctl@ceph.mgr.x.smithi078.stdout:Aug 20 03:20:15 smithi078 ceph-c6da8728-2036-11ed-8431-001a4aab830c-mgr-x[95469]:
2022-08-20T03:20:15.910+0000 7f2e74337080 -1 mgr[py] Module selftest has missing NOTIFY_TYPES member
2022-08-20T03:20:16.236 INFO:journalctl@ceph.mgr.x.smithi078.stdout:Aug 20 03:20:16 smithi078 ceph-c6da8728-2036-11ed-8431-001a4aab830c-mgr-x[95469]:
2022-08-20T03:20:16.007+0000 7f2e74337080 -1 mgr[py] Module alerts has missing NOTIFY_TYPES member
2022-08-20T03:20:16.267 INFO:teuthology.orchestra.run.smithi078.stdout:/usr/bin/ceph: stdout {
2022-08-20T03:20:16.268 INFO:teuthology.orchestra.run.smithi078.stdout:/usr/bin/ceph: stdout "epoch": 5,
2022-08-20T03:20:16.268 INFO:teuthology.orchestra.run.smithi078.stdout:/usr/bin/ceph: stdout "available": true,
2022-08-20T03:20:16.268 INFO:teuthology.orchestra.run.smithi078.stdout:/usr/bin/ceph: stdout "active_name": "x",
2022-08-20T03:20:16.268 INFO:teuthology.orchestra.run.smithi078.stdout:/usr/bin/ceph: stdout "num_standby": 0
2022-08-20T03:20:16.269 INFO:teuthology.orchestra.run.smithi078.stdout:/usr/bin/ceph: stdout }
2022-08-20T03:20:16.269 INFO:teuthology.orchestra.run.smithi078.stdout:/usr/bin/ceph: stderr
2022-08-20T03:20:15.581+0000 7fd3554da700 1 Processor -- start
2022-08-20T03:20:16.269 INFO:teuthology.orchestra.run.smithi078.stdout:/usr/bin/ceph: stderr
2022-08-20T03:20:15.581+0000 7fd3554da700 1 -- start start
2022-08-20T03:20:16.269 INFO:teuthology.orchestra.run.smithi078.stdout:/usr/bin/ceph: stderr
2022-08-20T03:20:15.581+0000 7fd3554da700 1 --2- >> [v2:172.21.15.78:3300/0,v1:172.21.15.78:6789/0] conn(0x7fd350071d10 0x7fd350105f80 unknown :-1 s=NONE pgs=0 cs=0 l=0 rev1=0 crypto rx=0 tx=0 comp rx=0 tx=0).connect
2022-08-20T03:20:16.270 INFO:teuthology.orchestra.run.smithi078.stdout:/usr/bin/ceph: stderr
2022-08-20T03:20:15.581+0000 7fd3554da700 1 -- --> [v2:172.21.15.78:3300/0,v1:172.21.15.78:6789/0] -- mon_getmap magic: 0 v1 -- 0x7fd3501064c0 con 0x7fd350071d10
2022-08-20T03:20:16.270 INFO:teuthology.orchestra.run.smithi078.stdout:/usr/bin/ceph: stderr
2022-08-20T03:20:15.581+0000 7fd34effd700 1 --2- >> [v2:172.21.15.78:3300/0,v1:172.21.15.78:6789/0] conn(0x7fd350071d10 0x7fd350105f80 unknown :-1 s=BANNER_CONNECTING pgs=0 cs=0 l=0 rev1=0 crypto rx=0 tx=0 comp rx=0 tx=0)._handle_peer_banner_payload supported=3 required=0
2022-08-20T03:20:16.271 INFO:teuthology.orchestra.run.smithi078.stdout:/usr/bin/ceph: stderr
2022-08-20T03:20:15.581+0000 7fd34effd700 1 --2- >> [v2:172.21.15.78:3300/0,v1:172.21.15.78:6789/0] conn(0x7fd350071d10 0x7fd350105f80 unknown :-1 s=HELLO_CONNECTING pgs=0 cs=0 l=0 rev1=1 crypto rx=0 tx=0 comp rx=0 tx=0).handle_hello peer v2:172.21.15.78:3300/0 says I am v2:172.21.15.78:42682/0 (socket says 172.21.15.78:42682)
2022-08-20T03:20:16.271 INFO:teuthology.orchestra.run.smithi078.stdout:/usr/bin/ceph: stderr
2022-08-20T03:20:15.581+0000 7fd34effd700 1 -- 172.21.15.78:0/2743434219 learned_addr learned my addr 172.21.15.78:0/2743434219 (peer_addr_for_me v2:172.21.15.78:0/0)
2022-08-20T03:20:16.271 INFO:teuthology.orchestra.run.smithi078.stdout:/usr/bin/ceph: stderr
2022-08-20T03:20:15.581+0000 7fd34effd700 1 -- 172.21.15.78:0/2743434219 --> [v2:172.21.15.78:3300/0,v1:172.21.15.78:6789/0] -- mon_subscribe({config=0+,monmap=0+}) v3 -- 0x7fd350106600 con 0x7fd350071d10
2022-08-20T03:20:16.271 INFO:teuthology.orchestra.run.smithi078.stdout:/usr/bin/ceph: stderr
2022-08-20T03:20:15.582+0000 7fd34effd700 1 --2- 172.21.15.78:0/2743434219 >> [v2:172.21.15.78:3300/0,v1:172.21.15.78:6789/0] conn(0x7fd350071d10 0x7fd350105f80 secure :-1 s=READY pgs=26 cs=0 l=1 rev1=1 crypto rx=0x7fd340009700 tx=0x7fd340009a10 comp rx=0 tx=0).ready entity=mon.0 client_cookie=d385551edf1ce16b server_cookie=0 in_seq=0 out_seq=0
2022-08-20T03:20:16.272 INFO:teuthology.orchestra.run.smithi078.stdout:/usr/bin/ceph: stderr
2022-08-20T03:20:15.582+0000 7fd34dffb700 1 -- 172.21.15.78:0/2743434219 <== mon.0 v2:172.21.15.78:3300/0 1 ==== mon_map magic: 0 v1 ==== 205+0+0 (secure 0 0 0) 0x7fd340004160 con 0x7fd350071d10
2022-08-20T03:20:16.272 INFO:teuthology.orchestra.run.smithi078.stdout:/usr/bin/ceph: stderr
2022-08-20T03:20:15.582+0000 7fd34dffb700 1 -- 172.21.15.78:0/2743434219 <== mon.0 v2:172.21.15.78:3300/0 2 ==== config(26 keys) v1 ==== 1049+0+0 (secure 0 0 0) 0x7fd3400042c0 con 0x7fd350071d10
2022-08-20T03:20:16.272 INFO:teuthology.orchestra.run.smithi078.stdout:/usr/bin/ceph: stderr
2022-08-20T03:20:15.582+0000 7fd34dffb700 1 -- 172.21.15.78:0/2743434219 <== mon.0 v2:172.21.15.78:3300/0 3 ==== mon_map magic: 0 v1 ==== 205+0+0 (secure 0 0 0) 0x7fd3400039d0 con 0x7fd350071d10
2022-08-20T03:20:16.273 INFO:teuthology.orchestra.run.smithi078.stdout:/usr/bin/ceph: stderr
2022-08-20T03:20:15.582+0000 7fd3554da700 1 -- 172.21.15.78:0/2743434219 >> [v2:172.21.15.78:3300/0,v1:172.21.15.78:6789/0] conn(0x7fd350071d10 msgr2=0x7fd350105f80 secure :-1 s=STATE_CONNECTION_ESTABLISHED l=1).mark_down
2022-08-20T03:20:16.273 INFO:teuthology.orchestra.run.smithi078.stdout:/usr/bin/ceph: stderr
2022-08-20T03:20:15.582+0000 7fd3554da700 1 --2- 172.21.15.78:0/2743434219 >> [v2:172.21.15.78:3300/0,v1:172.21.15.78:6789/0] conn(0x7fd350071d10 0x7fd350105f80 secure :-1 s=READY pgs=26 cs=0 l=1 rev1=1 crypto rx=0x7fd340009700 tx=0x7fd340009a10 comp rx=0 tx=0).stop
2022-08-20T03:20:16.273 INFO:teuthology.orchestra.run.smithi078.stdout:/usr/bin/ceph: stderr
2022-08-20T03:20:15.582+0000 7fd3554da700 1 -- 172.21.15.78:0/2743434219 shutdown_connections
2022-08-20T03:20:16.273 INFO:teuthology.orchestra.run.smithi078.stdout:/usr/bin/ceph: stderr
2022-08-20T03:20:15.582+0000 7fd3554da700 1 --2- 172.21.15.78:0/2743434219 >> [v2:172.21.15.78:3300/0,v1:172.21.15.78:6789/0] conn(0x7fd350071d10 0x7fd350105f80 unknown :-1 s=CLOSED pgs=26 cs=0 l=1 rev1=1 crypto rx=0 tx=0 comp rx=0 tx=0).stop
2022-08-20T03:20:16.273 INFO:teuthology.orchestra.run.smithi078.stdout:/usr/bin/ceph: stderr
2022-08-20T03:20:15.582+0000 7fd3554da700 1 -- 172.21.15.78:0/2743434219 >> 172.21.15.78:0/2743434219 conn(0x7fd3500fd970 msgr2=0x7fd3500ffdc0 unknown :-1 s=STATE_NONE l=0).mark_down
2022-08-20T03:20:16.274 INFO:teuthology.orchestra.run.smithi078.stdout:/usr/bin/ceph: stderr
2022-08-20T03:20:15.583+0000 7fd3554da700 1 -- 172.21.15.78:0/2743434219 shutdown_connections
2022-08-20T03:20:16.274 INFO:teuthology.orchestra.run.smithi078.stdout:/usr/bin/ceph: stderr
2022-08-20T03:20:15.583+0000 7fd3554da700 1 -- 172.21.15.78:0/2743434219 wait complete.
2022-08-20T03:20:16.274 INFO:teuthology.orchestra.run.smithi078.stdout:/usr/bin/ceph: stderr
2022-08-20T03:20:15.583+0000 7fd3554da700 1 Processor -- start
2022-08-20T03:20:16.274 INFO:teuthology.orchestra.run.smithi078.stdout:/usr/bin/ceph: stderr
2022-08-20T03:20:15.583+0000 7fd3554da700 1 -- start start
2022-08-20T03:20:16.275 INFO:teuthology.orchestra.run.smithi078.stdout:/usr/bin/ceph: stderr
2022-08-20T03:20:15.583+0000 7fd3554da700 1 --2- >> [v2:172.21.15.78:3300/0,v1:172.21.15.78:6789/0] conn(0x7fd350071d10 0x7fd350101f20 unknown :-1 s=NONE pgs=0 cs=0 l=1 rev1=0 crypto rx=0 tx=0 comp rx=0 tx=0).connect
2022-08-20T03:20:16.275 INFO:teuthology.orchestra.run.smithi078.stdout:/usr/bin/ceph: stderr
2022-08-20T03:20:15.583+0000 7fd3554da700 1 -- --> [v2:172.21.15.78:3300/0,v1:172.21.15.78:6789/0] -- mon_getmap magic: 0 v1 -- 0x7fd350103ac0 con 0x7fd350071d10
2022-08-20T03:20:16.275 INFO:teuthology.orchestra.run.smithi078.stdout:/usr/bin/ceph: stderr
2022-08-20T03:20:15.584+0000 7fd34effd700 1 --2- >> [v2:172.21.15.78:3300/0,v1:172.21.15.78:6789/0] conn(0x7fd350071d10 0x7fd350101f20 unknown :-1 s=BANNER_CONNECTING pgs=0 cs=0 l=1 rev1=0 crypto rx=0 tx=0 comp rx=0 tx=0)._handle_peer_banner_payload supported=3 required=0
2022-08-20T03:20:16.275 INFO:teuthology.orchestra.run.smithi078.stdout:/usr/bin/ceph: stderr
2022-08-20T03:20:15.584+0000 7fd34effd700 1 --2- >> [v2:172.21.15.78:3300/0,v1:172.21.15.78:6789/0] conn(0x7fd350071d10 0x7fd350101f20 unknown :-1 s=HELLO_CONNECTING pgs=0 cs=0 l=1 rev1=1 crypto rx=0 tx=0 comp rx=0 tx=0).handle_hello peer v2:172.21.15.78:3300/0 says I am v2:172.21.15.78:42684/0 (socket says 172.21.15.78:42684)
2022-08-20T03:20:16.276 INFO:teuthology.orchestra.run.smithi078.stdout:/usr/bin/ceph: stderr
2022-08-20T03:20:15.584+0000 7fd34effd700 1 -- 172.21.15.78:0/3032936525 learned_addr learned my addr 172.21.15.78:0/3032936525 (peer_addr_for_me v2:172.21.15.78:0/0)
2022-08-20T03:20:16.276 INFO:teuthology.orchestra.run.smithi078.stdout:/usr/bin/ceph: stderr
2022-08-20T03:20:15.584+0000 7fd34effd700 1 -- 172.21.15.78:0/3032936525 --> [v2:172.21.15.78:3300/0,v1:172.21.15.78:6789/0] -- mon_subscribe({config=0+,monmap=0+}) v3 -- 0x7fd3400093e0 con 0x7fd350071d10
2022-08-20T03:20:16.276 INFO:teuthology.orchestra.run.smithi078.stdout:/usr/bin/ceph: stderr
2022-08-20T03:20:15.584+0000 7fd34effd700 1 --2- 172.21.15.78:0/3032936525 >> [v2:172.21.15.78:3300/0,v1:172.21.15.78:6789/0] conn(0x7fd350071d10 0x7fd350101f20 secure :-1 s=READY pgs=27 cs=0 l=1 rev1=1 crypto rx=0x7fd340009e90 tx=0x7fd340004040 comp rx=0 tx=0).ready entity=mon.0 client_cookie=0 server_cookie=0 in_seq=0 out_seq=0
2022-08-20T03:20:16.276 INFO:teuthology.orchestra.run.smithi078.stdout:/usr/bin/ceph: stderr
2022-08-20T03:20:15.584+0000 7fd337fff700 1 -- 172.21.15.78:0/3032936525 <== mon.0 v2:172.21.15.78:3300/0 1 ==== mon_map magic: 0 v1 ==== 205+0+0 (secure 0 0 0) 0x7fd340011840 con 0x7fd350071d10
2022-08-20T03:20:16.276 INFO:teuthology.orchestra.run.smithi078.stdout:/usr/bin/ceph: stderr
2022-08-20T03:20:15.584+0000 7fd337fff700 1 -- 172.21.15.78:0/3032936525 <== mon.0 v2:172.21.15.78:3300/0 2 ==== config(26 keys) v1 ==== 1049+0+0 (secure 0 0 0) 0x7fd34001a430 con 0x7fd350071d10
2022-08-20T03:20:16.277 INFO:teuthology.orchestra.run.smithi078.stdout:/usr/bin/ceph: stderr
2022-08-20T03:20:15.584+0000 7fd337fff700 1 -- 172.21.15.78:0/3032936525 <== mon.0 v2:172.21.15.78:3300/0 3 ==== mon_map magic: 0 v1 ==== 205+0+0 (secure 0 0 0) 0x7fd340019550 con 0x7fd350071d10
2022-08-20T03:20:16.277 INFO:teuthology.orchestra.run.smithi078.stdout:/usr/bin/ceph: stderr
2022-08-20T03:20:15.584+0000 7fd3554da700 1 -- 172.21.15.78:0/3032936525 --> [v2:172.21.15.78:3300/0,v1:172.21.15.78:6789/0] -- mon_subscribe({mgrmap=0+}) v3 -- 0x7fd350103cc0 con 0x7fd350071d10
2022-08-20T03:20:16.277 INFO:teuthology.orchestra.run.smithi078.stdout:/usr/bin/ceph: stderr
2022-08-20T03:20:15.584+0000 7fd3554da700 1 -- 172.21.15.78:0/3032936525 --> [v2:172.21.15.78:3300/0,v1:172.21.15.78:6789/0] -- mon_subscribe({osdmap=0}) v3 -- 0x7fd350102640 con 0x7fd350071d10
2022-08-20T03:20:16.277 INFO:teuthology.orchestra.run.smithi078.stdout:/usr/bin/ceph: stderr
2022-08-20T03:20:15.585+0000 7fd337fff700 1 -- 172.21.15.78:0/3032936525 <== mon.0 v2:172.21.15.78:3300/0 4 ==== mgrmap(e 5) v1 ==== 42809+0+0 (secure 0 0 0) 0x7fd34002a020 con 0x7fd350071d10
2022-08-20T03:20:16.278 INFO:teuthology.orchestra.run.smithi078.stdout:/usr/bin/ceph: stderr
2022-08-20T03:20:15.585+0000 7fd3554da700 1 -- 172.21.15.78:0/3032936525 --> [v2:172.21.15.78:3300/0,v1:172.21.15.78:6789/0] -- mon_command({"prefix": "get_command_descriptions"} v 0) v1 -- 0x7fd350072130 con 0x7fd350071d10
2022-08-20T03:20:16.278 INFO:teuthology.orchestra.run.smithi078.stdout:/usr/bin/ceph: stderr
2022-08-20T03:20:15.585+0000 7fd337fff700 1 --2- 172.21.15.78:0/3032936525 >> [v2:172.21.15.78:6800/617027536,v1:172.21.15.78:6801/617027536] conn(0x7fd33c035a50 0x7fd33c037f00 unknown :-1 s=NONE pgs=0 cs=0 l=1 rev1=0 crypto rx=0 tx=0 comp rx=0 tx=0).connect
2022-08-20T03:20:16.278 INFO:teuthology.orchestra.run.smithi078.stdout:/usr/bin/ceph: stderr
2022-08-20T03:20:15.585+0000 7fd337fff700 1 -- 172.21.15.78:0/3032936525 <== mon.0 v2:172.21.15.78:3300/0 5 ==== osd_map(1..1 src has 1..1) v4 ==== 721+0+0 (secure 0 0 0) 0x7fd340048b20 con 0x7fd350071d10
2022-08-20T03:20:16.278 INFO:teuthology.orchestra.run.smithi078.stdout:/usr/bin/ceph: stderr
2022-08-20T03:20:15.585+0000 7fd34e7fc700 1 -- 172.21.15.78:0/3032936525 >> [v2:172.21.15.78:6800/617027536,v1:172.21.15.78:6801/617027536] conn(0x7fd33c035a50 msgr2=0x7fd33c037f00 unknown :-1 s=STATE_CONNECTING_RE l=1).process reconnect failed to v2:172.21.15.78:6800/617027536
2022-08-20T03:20:16.278 INFO:teuthology.orchestra.run.smithi078.stdout:/usr/bin/ceph: stderr
2022-08-20T03:20:15.585+0000 7fd34e7fc700 1 --2- 172.21.15.78:0/3032936525 >> [v2:172.21.15.78:6800/617027536,v1:172.21.15.78:6801/617027536] conn(0x7fd33c035a50 0x7fd33c037f00 unknown :-1 s=START_CONNECT pgs=0 cs=0 l=1 rev1=0 crypto rx=0 tx=0 comp rx=0 tx=0)._fault waiting 0.200000
2022-08-20T03:20:16.279 INFO:teuthology.orchestra.run.smithi078.stdout:/usr/bin/ceph: stderr
2022-08-20T03:20:15.590+0000 7fd337fff700 1 -- 172.21.15.78:0/3032936525 <== mon.0 v2:172.21.15.78:3300/0 6 ==== mon_command_ack([{"prefix": "get_command_descriptions"}]=0 v0) v1 ==== 72+0+170955 (secure 0 0 0) 0x7fd34002bd80 con 0x7fd350071d10
2022-08-20T03:20:16.279 INFO:teuthology.orchestra.run.smithi078.stdout:/usr/bin/ceph: stderr
2022-08-20T03:20:15.786+0000 7fd34e7fc700 1 -- 172.21.15.78:0/3032936525 >> [v2:172.21.15.78:6800/617027536,v1:172.21.15.78:6801/617027536] conn(0x7fd33c035a50 msgr2=0x7fd33c037f00 unknown :-1 s=STATE_CONNECTING_RE l=1).process reconnect failed to v2:172.21.15.78:6800/617027536
2022-08-20T03:20:16.279 INFO:teuthology.orchestra.run.smithi078.stdout:/usr/bin/ceph: stderr
2022-08-20T03:20:15.786+0000 7fd34e7fc700 1 --2- 172.21.15.78:0/3032936525 >> [v2:172.21.15.78:6800/617027536,v1:172.21.15.78:6801/617027536] conn(0x7fd33c035a50 0x7fd33c037f00 unknown :-1 s=START_CONNECT pgs=0 cs=0 l=1 rev1=0 crypto rx=0 tx=0 comp rx=0 tx=0)._fault waiting 0.400000
2022-08-20T03:20:16.279 INFO:teuthology.orchestra.run.smithi078.stdout:/usr/bin/ceph: stderr
2022-08-20T03:20:15.829+0000 7fd3554da700 1 -- 172.21.15.78:0/3032936525 --> [v2:172.21.15.78:3300/0,v1:172.21.15.78:6789/0] -- mon_command({"prefix": "mgr stat"} v 0) v1 -- 0x7fd35019cee0 con 0x7fd350071d10
2022-08-20T03:20:16.280 INFO:teuthology.orchestra.run.smithi078.stdout:/usr/bin/ceph: stderr
2022-08-20T03:20:15.830+0000 7fd337fff700 1 -- 172.21.15.78:0/3032936525 <== mon.0 v2:172.21.15.78:3300/0 7 ==== mon_command_ack([{"prefix": "mgr stat"}]=0 v5) v1 ==== 56+0+88 (secure 0 0 0) 0x7fd34002b340 con 0x7fd350071d10
2022-08-20T03:20:16.280 INFO:teuthology.orchestra.run.smithi078.stdout:/usr/bin/ceph: stderr
2022-08-20T03:20:15.832+0000 7fd3554da700 1 -- 172.21.15.78:0/3032936525 >> [v2:172.21.15.78:6800/617027536,v1:172.21.15.78:6801/617027536] conn(0x7fd33c035a50 msgr2=0x7fd33c037f00 unknown :-1 s=STATE_CONNECTING l=1).mark_down
2022-08-20T03:20:16.280 INFO:teuthology.orchestra.run.smithi078.stdout:/usr/bin/ceph: stderr
2022-08-20T03:20:15.832+0000 7fd3554da700 1 --2- 172.21.15.78:0/3032936525 >> [v2:172.21.15.78:6800/617027536,v1:172.21.15.78:6801/617027536] conn(0x7fd33c035a50 0x7fd33c037f00 unknown :-1 s=START_CONNECT pgs=0 cs=0 l=1 rev1=0 crypto rx=0 tx=0 comp rx=0 tx=0).stop
2022-08-20T03:20:16.280 INFO:teuthology.orchestra.run.smithi078.stdout:/usr/bin/ceph: stderr
2022-08-20T03:20:15.832+0000 7fd3554da700 1 -- 172.21.15.78:0/3032936525 >> [v2:172.21.15.78:3300/0,v1:172.21.15.78:6789/0] conn(0x7fd350071d10 msgr2=0x7fd350101f20 secure :-1 s=STATE_CONNECTION_ESTABLISHED l=1).mark_down
2022-08-20T03:20:16.281 INFO:teuthology.orchestra.run.smithi078.stdout:/usr/bin/ceph: stderr
2022-08-20T03:20:15.832+0000 7fd3554da700 1 --2- 172.21.15.78:0/3032936525 >> [v2:172.21.15.78:3300/0,v1:172.21.15.78:6789/0] conn(0x7fd350071d10 0x7fd350101f20 secure :-1 s=READY pgs=27 cs=0 l=1 rev1=1 crypto rx=0x7fd340009e90 tx=0x7fd340004040 comp rx=0 tx=0).stop
2022-08-20T03:20:16.281 INFO:teuthology.orchestra.run.smithi078.stdout:/usr/bin/ceph: stderr
2022-08-20T03:20:15.832+0000 7fd3554da700 1 -- 172.21.15.78:0/3032936525 shutdown_connections
2022-08-20T03:20:16.282 INFO:teuthology.orchestra.run.smithi078.stdout:/usr/bin/ceph: stderr
2022-08-20T03:20:15.832+0000 7fd3554da700 1 --2- 172.21.15.78:0/3032936525 >> [v2:172.21.15.78:6800/617027536,v1:172.21.15.78:6801/617027536] conn(0x7fd33c035a50 0x7fd33c037f00 unknown :-1 s=CLOSED pgs=0 cs=0 l=1 rev1=0 crypto rx=0 tx=0 comp rx=0 tx=0).stop
2022-08-20T03:20:16.282 INFO:teuthology.orchestra.run.smithi078.stdout:/usr/bin/ceph: stderr
2022-08-20T03:20:15.832+0000 7fd3554da700 1 --2- 172.21.15.78:0/3032936525 >> [v2:172.21.15.78:3300/0,v1:172.21.15.78:6789/0] conn(0x7fd350071d10 0x7fd350101f20 unknown :-1 s=CLOSED pgs=27 cs=0 l=1 rev1=1 crypto rx=0 tx=0 comp rx=0 tx=0).stop
2022-08-20T03:20:16.282 INFO:teuthology.orchestra.run.smithi078.stdout:/usr/bin/ceph: stderr
2022-08-20T03:20:15.832+0000 7fd3554da700 1 -- 172.21.15.78:0/3032936525 >> 172.21.15.78:0/3032936525 conn(0x7fd3500fd970 msgr2=0x7fd3500ff030 unknown :-1 s=STATE_NONE l=0).mark_down
2022-08-20T03:20:16.283 INFO:teuthology.orchestra.run.smithi078.stdout:/usr/bin/ceph: stderr
2022-08-20T03:20:15.832+0000 7fd3554da700 1 -- 172.21.15.78:0/3032936525 shutdown_connections
2022-08-20T03:20:16.283 INFO:teuthology.orchestra.run.smithi078.stdout:/usr/bin/ceph: stderr
2022-08-20T03:20:15.832+0000 7fd3554da700 1 -- 172.21.15.78:0/3032936525 wait complete.
2022-08-20T03:20:16.284 INFO:teuthology.orchestra.run.smithi078.stdout:Waiting for the mgr to restart...
2022-08-20T03:20:16.284 INFO:teuthology.orchestra.run.smithi078.stdout:Waiting for mgr epoch 5...
2022-08-20T03:20:16.736 INFO:journalctl@ceph.mgr.x.smithi078.stdout:Aug 20 03:20:16 smithi078 ceph-c6da8728-2036-11ed-8431-001a4aab830c-mgr-x[95469]:
2022-08-20T03:20:16.439+0000 7f2e74337080 -1 mgr[py] Module progress has missing NOTIFY_TYPES member
2022-08-20T03:20:17.181 INFO:journalctl@ceph.mon.a.smithi078.stdout:Aug 20 03:20:16 smithi078 ceph-mon[95223]: from='client.? 172.21.15.78:0/3032936525' entity='client.admin' cmd=[{"prefix": "mgr stat"}]: dispatch
2022-08-20T03:20:17.182 INFO:journalctl@ceph.mgr.x.smithi078.stdout:Aug 20 03:20:17 smithi078 ceph-c6da8728-2036-11ed-8431-001a4aab830c-mgr-x[95469]:
2022-08-20T03:20:17.013+0000 7f2e74337080 -1 mgr[py] Module rook has missing NOTIFY_TYPES member
2022-08-20T03:20:17.486 INFO:journalctl@ceph.mgr.x.smithi078.stdout:Aug 20 03:20:17 smithi078 ceph-c6da8728-2036-11ed-8431-001a4aab830c-mgr-x[95469]:
2022-08-20T03:20:17.179+0000 7f2e74337080 -1 mgr[py] Module iostat has missing NOTIFY_TYPES member
2022-08-20T03:20:18.178 INFO:journalctl@ceph.mgr.x.smithi078.stdout:Aug 20 03:20:17 smithi078 ceph-c6da8728-2036-11ed-8431-001a4aab830c-mgr-x[95469]:
2022-08-20T03:20:17.923+0000 7f2e74337080 -1 mgr[py] Module test_orchestrator has missing NOTIFY_TYPES member
2022-08-20T03:20:18.178 INFO:journalctl@ceph.mgr.x.smithi078.stdout:Aug 20 03:20:18 smithi078 ceph-c6da8728-2036-11ed-8431-001a4aab830c-mgr-x[95469]:
2022-08-20T03:20:18.013+0000 7f2e74337080 -1 mgr[py] Module osd_perf_query has missing NOTIFY_TYPES member
2022-08-20T03:20:18.486 INFO:journalctl@ceph.mgr.x.smithi078.stdout:Aug 20 03:20:18 smithi078 ceph-c6da8728-2036-11ed-8431-001a4aab830c-mgr-x[95469]:
2022-08-20T03:20:18.176+0000 7f2e74337080 -1 mgr[py] Module orchestrator has missing NOTIFY_TYPES member
2022-08-20T03:20:18.486 INFO:journalctl@ceph.mgr.x.smithi078.stdout:Aug 20 03:20:18 smithi078 ceph-c6da8728-2036-11ed-8431-001a4aab830c-mgr-x[95469]:
2022-08-20T03:20:18.356+0000 7f2e74337080 -1 mgr[py] Module influx has missing NOTIFY_TYPES member
2022-08-20T03:20:18.887 INFO:journalctl@ceph.mgr.x.smithi078.stdout:Aug 20 03:20:18 smithi078 ceph-c6da8728-2036-11ed-8431-001a4aab830c-mgr-x[95469]:
2022-08-20T03:20:18.500+0000 7f2e74337080 -1 mgr[py] Module telemetry has missing NOTIFY_TYPES member
2022-08-20T03:20:19.236 INFO:journalctl@ceph.mgr.x.smithi078.stdout:Aug 20 03:20:18 smithi078 ceph-c6da8728-2036-11ed-8431-001a4aab830c-mgr-x[95469]:
2022-08-20T03:20:18.885+0000 7f2e74337080 -1 mgr[py] Module telegraf has missing NOTIFY_TYPES member
2022-08-20T03:20:19.703 INFO:journalctl@ceph.mgr.x.smithi078.stdout:Aug 20 03:20:19 smithi078 ceph-c6da8728-2036-11ed-8431-001a4aab830c-mgr-x[95469]:
2022-08-20T03:20:19.401+0000 7f2e74337080 -1 mgr[py] Module balancer has missing NOTIFY_TYPES member
2022-08-20T03:20:19.986 INFO:journalctl@ceph.mgr.x.smithi078.stdout:Aug 20 03:20:19 smithi078 ceph-c6da8728-2036-11ed-8431-001a4aab830c-mgr-x[95469]:
2022-08-20T03:20:19.701+0000 7f2e74337080 -1 mgr[py] Module diskprediction_local has missing NOTIFY_TYPES member
2022-08-20T03:20:19.986 INFO:journalctl@ceph.mgr.x.smithi078.stdout:Aug 20 03:20:19 smithi078 ceph-c6da8728-2036-11ed-8431-001a4aab830c-mgr-x[95469]:
2022-08-20T03:20:19.884+0000 7f2e74337080 -1 mgr[py] Module nfs has missing NOTIFY_TYPES member
2022-08-20T03:20:20.486 INFO:journalctl@ceph.mgr.x.smithi078.stdout:Aug 20 03:20:19 smithi078 ceph-c6da8728-2036-11ed-8431-001a4aab830c-mgr-x[95469]:
2022-08-20T03:20:19.994+0000 7f2e74337080 -1 mgr[py] Module rbd_support has missing NOTIFY_TYPES member
2022-08-20T03:20:20.486 INFO:journalctl@ceph.mgr.x.smithi078.stdout:Aug 20 03:20:20 smithi078 ceph-c6da8728-2036-11ed-8431-001a4aab830c-mgr-x[95469]:
2022-08-20T03:20:20.200+0000 7f2e74337080 -1 mgr[py] Module volumes has missing NOTIFY_TYPES member
2022-08-20T03:20:21.486 INFO:journalctl@ceph.mgr.x.smithi078.stdout:Aug 20 03:20:21 smithi078 ceph-c6da8728-2036-11ed-8431-001a4aab830c-mgr-x[95469]:
2022-08-20T03:20:21.037+0000 7f2e74337080 -1 mgr[py] Module pg_autoscaler has missing NOTIFY_TYPES member
2022-08-20T03:20:22.486 INFO:journalctl@ceph.mon.a.smithi078.stdout:Aug 20 03:20:22 smithi078 ceph-mon[95223]: Active manager daemon x restarted
2022-08-20T03:20:22.487 INFO:journalctl@ceph.mon.a.smithi078.stdout:Aug 20 03:20:22 smithi078 ceph-mon[95223]: Activating manager daemon x
2022-08-20T03:20:22.487 INFO:journalctl@ceph.mon.a.smithi078.stdout:Aug 20 03:20:22 smithi078 ceph-mon[95223]: osdmap e2: 0 total, 0 up, 0 in
2022-08-20T03:20:22.487 INFO:journalctl@ceph.mon.a.smithi078.stdout:Aug 20 03:20:22 smithi078 ceph-mon[95223]: mgrmap e6: x(active, starting, since 0.715115s)
2022-08-20T03:20:22.488 INFO:journalctl@ceph.mon.a.smithi078.stdout:Aug 20 03:20:22 smithi078 ceph-mon[95223]: from='mgr.14120 172.21.15.78:0/3152548971' entity='mgr.x' cmd=[{"prefix": "mon metadata", "id": "a"}]: dispatch
2022-08-20T03:20:22.488 INFO:journalctl@ceph.mon.a.smithi078.stdout:Aug 20 03:20:22 smithi078 ceph-mon[95223]: from='mgr.14120 172.21.15.78:0/3152548971' entity='mgr.x' cmd=[{"prefix": "mgr metadata", "who": "x", "id": "x"}]: dispatch
2022-08-20T03:20:22.488 INFO:journalctl@ceph.mon.a.smithi078.stdout:Aug 20 03:20:22 smithi078 ceph-mon[95223]: from='mgr.14120 172.21.15.78:0/3152548971' entity='mgr.x' cmd=[{"prefix": "mds metadata"}]: dispatch
2022-08-20T03:20:22.488 INFO:journalctl@ceph.mon.a.smithi078.stdout:Aug 20 03:20:22 smithi078 ceph-mon[95223]: from='mgr.14120 172.21.15.78:0/3152548971' entity='mgr.x' cmd=[{"prefix": "osd metadata"}]: dispatch
2022-08-20T03:20:22.488 INFO:journalctl@ceph.mon.a.smithi078.stdout:Aug 20 03:20:22 smithi078 ceph-mon[95223]: from='mgr.14120 172.21.15.78:0/3152548971' entity='mgr.x' cmd=[{"prefix": "mon metadata"}]: dispatch
2022-08-20T03:20:22.489 INFO:journalctl@ceph.mon.a.smithi078.stdout:Aug 20 03:20:22 smithi078 ceph-mon[95223]: Manager daemon x is now available
2022-08-20T03:20:22.489 INFO:journalctl@ceph.mon.a.smithi078.stdout:Aug 20 03:20:22 smithi078 ceph-mon[95223]: from='mgr.14120 172.21.15.78:0/3152548971' entity='mgr.x'
2022-08-20T03:20:22.489 INFO:journalctl@ceph.mon.a.smithi078.stdout:Aug 20 03:20:22 smithi078 ceph-mon[95223]: from='mgr.14120 172.21.15.78:0/3152548971' entity='mgr.x'
2022-08-20T03:20:22.489 INFO:journalctl@ceph.mon.a.smithi078.stdout:Aug 20 03:20:22 smithi078 ceph-mon[95223]: from='mgr.14120 172.21.15.78:0/3152548971' entity='mgr.x' cmd=[{"prefix": "config dump", "format": "json"}]: dispatch
2022-08-20T03:20:22.490 INFO:journalctl@ceph.mon.a.smithi078.stdout:Aug 20 03:20:22 smithi078 ceph-mon[95223]: from='mgr.14120 172.21.15.78:0/3152548971' entity='mgr.x' cmd=[{"prefix": "config dump", "format": "json"}]: dispatch
2022-08-20T03:20:22.490 INFO:journalctl@ceph.mon.a.smithi078.stdout:Aug 20 03:20:22 smithi078 ceph-mon[95223]: from='mgr.14120 172.21.15.78:0/3152548971' entity='mgr.x' cmd=[{"prefix": "config dump", "format": "json"}]: dispatch
2022-08-20T03:20:22.490 INFO:journalctl@ceph.mon.a.smithi078.stdout:Aug 20 03:20:22 smithi078 ceph-mon[95223]: from='mgr.14120 172.21.15.78:0/3152548971' entity='mgr.x' cmd=[{"prefix":"config rm","who":"mgr","name":"mgr/rbd_support/x/mirror_snapshot_schedule"}]: dispatch
2022-08-20T03:20:22.490 INFO:journalctl@ceph.mon.a.smithi078.stdout:Aug 20 03:20:22 smithi078 ceph-mon[95223]: from='mgr.14120 172.21.15.78:0/3152548971' entity='mgr.x' cmd=[{"prefix":"config rm","who":"mgr","name":"mgr/rbd_support/x/trash_purge_schedule"}]: dispatch
2022-08-20T03:20:23.233 INFO:teuthology.orchestra.run.smithi078.stdout:/usr/bin/ceph: stdout {
2022-08-20T03:20:23.234 INFO:teuthology.orchestra.run.smithi078.stdout:/usr/bin/ceph: stdout "mgrmap_epoch": 7,
2022-08-20T03:20:23.234 INFO:teuthology.orchestra.run.smithi078.stdout:/usr/bin/ceph: stdout "initialized": true
2022-08-20T03:20:23.234 INFO:teuthology.orchestra.run.smithi078.stdout:/usr/bin/ceph: stdout }
2022-08-20T03:20:23.235 INFO:teuthology.orchestra.run.smithi078.stdout:/usr/bin/ceph: stderr
2022-08-20T03:20:16.738+0000 7f151f0e9700 1 Processor -- start
2022-08-20T03:20:23.235 INFO:teuthology.orchestra.run.smithi078.stdout:/usr/bin/ceph: stderr
2022-08-20T03:20:16.738+0000 7f151f0e9700 1 -- start start
2022-08-20T03:20:23.235 INFO:teuthology.orchestra.run.smithi078.stdout:/usr/bin/ceph: stderr
2022-08-20T03:20:16.738+0000 7f151f0e9700 1 --2- >> [v2:172.21.15.78:3300/0,v1:172.21.15.78:6789/0] conn(0x7f1518071d10 0x7f1518105f80 unknown :-1 s=NONE pgs=0 cs=0 l=0 rev1=0 crypto rx=0 tx=0 comp rx=0 tx=0).connect
2022-08-20T03:20:23.235 INFO:teuthology.orchestra.run.smithi078.stdout:/usr/bin/ceph: stderr
2022-08-20T03:20:16.738+0000 7f151f0e9700 1 -- --> [v2:172.21.15.78:3300/0,v1:172.21.15.78:6789/0] -- mon_getmap magic: 0 v1 -- 0x7f15181064c0 con 0x7f1518071d10
