2022-08-20T03:20:23.236 INFO:teuthology.orchestra.run.smithi078.stdout:/usr/bin/ceph: stderr
2022-08-20T03:20:16.738+0000 7f151ce85700 1 --2- >> [v2:172.21.15.78:3300/0,v1:172.21.15.78:6789/0] conn(0x7f1518071d10 0x7f1518105f80 unknown :-1 s=BANNER_CONNECTING pgs=0 cs=0 l=0 rev1=0 crypto rx=0 tx=0 comp rx=0 tx=0)._handle_peer_banner_payload supported=3 required=0
2022-08-20T03:20:23.236 INFO:teuthology.orchestra.run.smithi078.stdout:/usr/bin/ceph: stderr
2022-08-20T03:20:16.738+0000 7f151ce85700 1 --2- >> [v2:172.21.15.78:3300/0,v1:172.21.15.78:6789/0] conn(0x7f1518071d10 0x7f1518105f80 unknown :-1 s=HELLO_CONNECTING pgs=0 cs=0 l=0 rev1=1 crypto rx=0 tx=0 comp rx=0 tx=0).handle_hello peer v2:172.21.15.78:3300/0 says I am v2:172.21.15.78:42692/0 (socket says 172.21.15.78:42692)
2022-08-20T03:20:23.236 INFO:teuthology.orchestra.run.smithi078.stdout:/usr/bin/ceph: stderr
2022-08-20T03:20:16.738+0000 7f151ce85700 1 -- 172.21.15.78:0/2364596823 learned_addr learned my addr 172.21.15.78:0/2364596823 (peer_addr_for_me v2:172.21.15.78:0/0)
2022-08-20T03:20:23.236 INFO:teuthology.orchestra.run.smithi078.stdout:/usr/bin/ceph: stderr
2022-08-20T03:20:16.739+0000 7f151ce85700 1 -- 172.21.15.78:0/2364596823 --> [v2:172.21.15.78:3300/0,v1:172.21.15.78:6789/0] -- mon_subscribe({config=0+,monmap=0+}) v3 -- 0x7f1518106600 con 0x7f1518071d10
2022-08-20T03:20:23.237 INFO:teuthology.orchestra.run.smithi078.stdout:/usr/bin/ceph: stderr
2022-08-20T03:20:16.739+0000 7f151ce85700 1 --2- 172.21.15.78:0/2364596823 >> [v2:172.21.15.78:3300/0,v1:172.21.15.78:6789/0] conn(0x7f1518071d10 0x7f1518105f80 secure :-1 s=READY pgs=28 cs=0 l=1 rev1=1 crypto rx=0x7f150c009700 tx=0x7f150c009a10 comp rx=0 tx=0).ready entity=mon.0 client_cookie=9635ecbc03bd07f7 server_cookie=0 in_seq=0 out_seq=0
2022-08-20T03:20:23.237 INFO:teuthology.orchestra.run.smithi078.stdout:/usr/bin/ceph: stderr
2022-08-20T03:20:16.739+0000 7f15177fe700 1 -- 172.21.15.78:0/2364596823 <== mon.0 v2:172.21.15.78:3300/0 1 ==== mon_map magic: 0 v1 ==== 205+0+0 (secure 0 0 0) 0x7f150c004160 con 0x7f1518071d10
2022-08-20T03:20:23.237 INFO:teuthology.orchestra.run.smithi078.stdout:/usr/bin/ceph: stderr
2022-08-20T03:20:16.739+0000 7f15177fe700 1 -- 172.21.15.78:0/2364596823 <== mon.0 v2:172.21.15.78:3300/0 2 ==== config(26 keys) v1 ==== 1049+0+0 (secure 0 0 0) 0x7f150c0042c0 con 0x7f1518071d10
2022-08-20T03:20:23.237 INFO:teuthology.orchestra.run.smithi078.stdout:/usr/bin/ceph: stderr
2022-08-20T03:20:16.739+0000 7f15177fe700 1 -- 172.21.15.78:0/2364596823 <== mon.0 v2:172.21.15.78:3300/0 3 ==== mon_map magic: 0 v1 ==== 205+0+0 (secure 0 0 0) 0x7f150c0039d0 con 0x7f1518071d10
2022-08-20T03:20:23.237 INFO:teuthology.orchestra.run.smithi078.stdout:/usr/bin/ceph: stderr
2022-08-20T03:20:16.740+0000 7f151f0e9700 1 -- 172.21.15.78:0/2364596823 >> [v2:172.21.15.78:3300/0,v1:172.21.15.78:6789/0] conn(0x7f1518071d10 msgr2=0x7f1518105f80 secure :-1 s=STATE_CONNECTION_ESTABLISHED l=1).mark_down
2022-08-20T03:20:23.238 INFO:teuthology.orchestra.run.smithi078.stdout:/usr/bin/ceph: stderr
2022-08-20T03:20:16.740+0000 7f151f0e9700 1 --2- 172.21.15.78:0/2364596823 >> [v2:172.21.15.78:3300/0,v1:172.21.15.78:6789/0] conn(0x7f1518071d10 0x7f1518105f80 secure :-1 s=READY pgs=28 cs=0 l=1 rev1=1 crypto rx=0x7f150c009700 tx=0x7f150c009a10 comp rx=0 tx=0).stop
2022-08-20T03:20:23.238 INFO:teuthology.orchestra.run.smithi078.stdout:/usr/bin/ceph: stderr
2022-08-20T03:20:16.740+0000 7f151f0e9700 1 -- 172.21.15.78:0/2364596823 shutdown_connections
2022-08-20T03:20:23.238 INFO:teuthology.orchestra.run.smithi078.stdout:/usr/bin/ceph: stderr
2022-08-20T03:20:16.740+0000 7f151f0e9700 1 --2- 172.21.15.78:0/2364596823 >> [v2:172.21.15.78:3300/0,v1:172.21.15.78:6789/0] conn(0x7f1518071d10 0x7f1518105f80 unknown :-1 s=CLOSED pgs=28 cs=0 l=1 rev1=1 crypto rx=0 tx=0 comp rx=0 tx=0).stop
2022-08-20T03:20:23.238 INFO:teuthology.orchestra.run.smithi078.stdout:/usr/bin/ceph: stderr
2022-08-20T03:20:16.740+0000 7f151f0e9700 1 -- 172.21.15.78:0/2364596823 >> 172.21.15.78:0/2364596823 conn(0x7f15180fd970 msgr2=0x7f15180ffdc0 unknown :-1 s=STATE_NONE l=0).mark_down
2022-08-20T03:20:23.239 INFO:teuthology.orchestra.run.smithi078.stdout:/usr/bin/ceph: stderr
2022-08-20T03:20:16.740+0000 7f151f0e9700 1 -- 172.21.15.78:0/2364596823 shutdown_connections
2022-08-20T03:20:23.239 INFO:teuthology.orchestra.run.smithi078.stdout:/usr/bin/ceph: stderr
2022-08-20T03:20:16.740+0000 7f151f0e9700 1 -- 172.21.15.78:0/2364596823 wait complete.
2022-08-20T03:20:23.239 INFO:teuthology.orchestra.run.smithi078.stdout:/usr/bin/ceph: stderr
2022-08-20T03:20:16.740+0000 7f151f0e9700 1 Processor -- start
2022-08-20T03:20:23.239 INFO:teuthology.orchestra.run.smithi078.stdout:/usr/bin/ceph: stderr
2022-08-20T03:20:16.740+0000 7f151f0e9700 1 -- start start
2022-08-20T03:20:23.240 INFO:teuthology.orchestra.run.smithi078.stdout:/usr/bin/ceph: stderr
2022-08-20T03:20:16.740+0000 7f151f0e9700 1 --2- >> [v2:172.21.15.78:3300/0,v1:172.21.15.78:6789/0] conn(0x7f1518071d10 0x7f1518196f80 unknown :-1 s=NONE pgs=0 cs=0 l=1 rev1=0 crypto rx=0 tx=0 comp rx=0 tx=0).connect
2022-08-20T03:20:23.240 INFO:teuthology.orchestra.run.smithi078.stdout:/usr/bin/ceph: stderr
2022-08-20T03:20:16.741+0000 7f151f0e9700 1 -- --> [v2:172.21.15.78:3300/0,v1:172.21.15.78:6789/0] -- mon_getmap magic: 0 v1 -- 0x7f15181974c0 con 0x7f1518071d10
2022-08-20T03:20:23.240 INFO:teuthology.orchestra.run.smithi078.stdout:/usr/bin/ceph: stderr
2022-08-20T03:20:16.741+0000 7f151ce85700 1 --2- >> [v2:172.21.15.78:3300/0,v1:172.21.15.78:6789/0] conn(0x7f1518071d10 0x7f1518196f80 unknown :-1 s=BANNER_CONNECTING pgs=0 cs=0 l=1 rev1=0 crypto rx=0 tx=0 comp rx=0 tx=0)._handle_peer_banner_payload supported=3 required=0
2022-08-20T03:20:23.240 INFO:teuthology.orchestra.run.smithi078.stdout:/usr/bin/ceph: stderr
2022-08-20T03:20:16.741+0000 7f151ce85700 1 --2- >> [v2:172.21.15.78:3300/0,v1:172.21.15.78:6789/0] conn(0x7f1518071d10 0x7f1518196f80 unknown :-1 s=HELLO_CONNECTING pgs=0 cs=0 l=1 rev1=1 crypto rx=0 tx=0 comp rx=0 tx=0).handle_hello peer v2:172.21.15.78:3300/0 says I am v2:172.21.15.78:42694/0 (socket says 172.21.15.78:42694)
2022-08-20T03:20:23.241 INFO:teuthology.orchestra.run.smithi078.stdout:/usr/bin/ceph: stderr
2022-08-20T03:20:16.741+0000 7f151ce85700 1 -- 172.21.15.78:0/2227909039 learned_addr learned my addr 172.21.15.78:0/2227909039 (peer_addr_for_me v2:172.21.15.78:0/0)
2022-08-20T03:20:23.241 INFO:teuthology.orchestra.run.smithi078.stdout:/usr/bin/ceph: stderr
2022-08-20T03:20:16.741+0000 7f151ce85700 1 -- 172.21.15.78:0/2227909039 --> [v2:172.21.15.78:3300/0,v1:172.21.15.78:6789/0] -- mon_subscribe({config=0+,monmap=0+}) v3 -- 0x7f150c0093e0 con 0x7f1518071d10
2022-08-20T03:20:23.241 INFO:teuthology.orchestra.run.smithi078.stdout:/usr/bin/ceph: stderr
2022-08-20T03:20:16.741+0000 7f151ce85700 1 --2- 172.21.15.78:0/2227909039 >> [v2:172.21.15.78:3300/0,v1:172.21.15.78:6789/0] conn(0x7f1518071d10 0x7f1518196f80 secure :-1 s=READY pgs=29 cs=0 l=1 rev1=1 crypto rx=0x7f150c009e90 tx=0x7f150c004040 comp rx=0 tx=0).ready entity=mon.0 client_cookie=0 server_cookie=0 in_seq=0 out_seq=0
2022-08-20T03:20:23.241 INFO:teuthology.orchestra.run.smithi078.stdout:/usr/bin/ceph: stderr
2022-08-20T03:20:16.741+0000 7f1515ffb700 1 -- 172.21.15.78:0/2227909039 <== mon.0 v2:172.21.15.78:3300/0 1 ==== mon_map magic: 0 v1 ==== 205+0+0 (secure 0 0 0) 0x7f150c011840 con 0x7f1518071d10
2022-08-20T03:20:23.241 INFO:teuthology.orchestra.run.smithi078.stdout:/usr/bin/ceph: stderr
2022-08-20T03:20:16.741+0000 7f1515ffb700 1 -- 172.21.15.78:0/2227909039 <== mon.0 v2:172.21.15.78:3300/0 2 ==== config(26 keys) v1 ==== 1049+0+0 (secure 0 0 0) 0x7f150c01a430 con 0x7f1518071d10
2022-08-20T03:20:23.242 INFO:teuthology.orchestra.run.smithi078.stdout:/usr/bin/ceph: stderr
2022-08-20T03:20:16.741+0000 7f151f0e9700 1 -- 172.21.15.78:0/2227909039 --> [v2:172.21.15.78:3300/0,v1:172.21.15.78:6789/0] -- mon_subscribe({mgrmap=0+}) v3 -- 0x7f15181976c0 con 0x7f1518071d10
2022-08-20T03:20:23.242 INFO:teuthology.orchestra.run.smithi078.stdout:/usr/bin/ceph: stderr
2022-08-20T03:20:16.741+0000 7f1515ffb700 1 -- 172.21.15.78:0/2227909039 <== mon.0 v2:172.21.15.78:3300/0 3 ==== mon_map magic: 0 v1 ==== 205+0+0 (secure 0 0 0) 0x7f150c019550 con 0x7f1518071d10
2022-08-20T03:20:23.242 INFO:teuthology.orchestra.run.smithi078.stdout:/usr/bin/ceph: stderr
2022-08-20T03:20:16.742+0000 7f151f0e9700 1 -- 172.21.15.78:0/2227909039 --> [v2:172.21.15.78:3300/0,v1:172.21.15.78:6789/0] -- mon_subscribe({osdmap=0}) v3 -- 0x7f1518197af0 con 0x7f1518071d10
2022-08-20T03:20:23.242 INFO:teuthology.orchestra.run.smithi078.stdout:/usr/bin/ceph: stderr
2022-08-20T03:20:16.742+0000 7f1515ffb700 1 -- 172.21.15.78:0/2227909039 <== mon.0 v2:172.21.15.78:3300/0 4 ==== mgrmap(e 5) v1 ==== 42809+0+0 (secure 0 0 0) 0x7f150c02a020 con 0x7f1518071d10
2022-08-20T03:20:23.243 INFO:teuthology.orchestra.run.smithi078.stdout:/usr/bin/ceph: stderr
2022-08-20T03:20:16.743+0000 7f1515ffb700 1 --2- 172.21.15.78:0/2227909039 >> [v2:172.21.15.78:6800/617027536,v1:172.21.15.78:6801/617027536] conn(0x7f14fc0359f0 0x7f14fc037ea0 unknown :-1 s=NONE pgs=0 cs=0 l=1 rev1=0 crypto rx=0 tx=0 comp rx=0 tx=0).connect
2022-08-20T03:20:23.243 INFO:teuthology.orchestra.run.smithi078.stdout:/usr/bin/ceph: stderr
2022-08-20T03:20:16.743+0000 7f1515ffb700 1 -- 172.21.15.78:0/2227909039 --> [v2:172.21.15.78:6800/617027536,v1:172.21.15.78:6801/617027536] -- command(tid 0: {"prefix": "get_command_descriptions"}) v1 -- 0x7f14fc0385b0 con 0x7f14fc0359f0
2022-08-20T03:20:23.243 INFO:teuthology.orchestra.run.smithi078.stdout:/usr/bin/ceph: stderr
2022-08-20T03:20:16.743+0000 7f1515ffb700 1 -- 172.21.15.78:0/2227909039 <== mon.0 v2:172.21.15.78:3300/0 5 ==== osd_map(1..1 src has 1..1) v4 ==== 721+0+0 (secure 0 0 0) 0x7f150c048bb0 con 0x7f1518071d10
2022-08-20T03:20:23.243 INFO:teuthology.orchestra.run.smithi078.stdout:/usr/bin/ceph: stderr
2022-08-20T03:20:16.743+0000 7f1517fff700 1 -- 172.21.15.78:0/2227909039 >> [v2:172.21.15.78:6800/617027536,v1:172.21.15.78:6801/617027536] conn(0x7f14fc0359f0 msgr2=0x7f14fc037ea0 unknown :-1 s=STATE_CONNECTING_RE l=1).process reconnect failed to v2:172.21.15.78:6800/617027536
2022-08-20T03:20:23.244 INFO:teuthology.orchestra.run.smithi078.stdout:/usr/bin/ceph: stderr
2022-08-20T03:20:16.743+0000 7f1517fff700 1 --2- 172.21.15.78:0/2227909039 >> [v2:172.21.15.78:6800/617027536,v1:172.21.15.78:6801/617027536] conn(0x7f14fc0359f0 0x7f14fc037ea0 unknown :-1 s=START_CONNECT pgs=0 cs=0 l=1 rev1=0 crypto rx=0 tx=0 comp rx=0 tx=0)._fault waiting 0.200000
2022-08-20T03:20:23.244 INFO:teuthology.orchestra.run.smithi078.stdout:/usr/bin/ceph: stderr
2022-08-20T03:20:16.944+0000 7f1517fff700 1 -- 172.21.15.78:0/2227909039 >> [v2:172.21.15.78:6800/617027536,v1:172.21.15.78:6801/617027536] conn(0x7f14fc0359f0 msgr2=0x7f14fc037ea0 unknown :-1 s=STATE_CONNECTING_RE l=1).process reconnect failed to v2:172.21.15.78:6800/617027536
2022-08-20T03:20:23.244 INFO:teuthology.orchestra.run.smithi078.stdout:/usr/bin/ceph: stderr
2022-08-20T03:20:16.944+0000 7f1517fff700 1 --2- 172.21.15.78:0/2227909039 >> [v2:172.21.15.78:6800/617027536,v1:172.21.15.78:6801/617027536] conn(0x7f14fc0359f0 0x7f14fc037ea0 unknown :-1 s=START_CONNECT pgs=0 cs=0 l=1 rev1=0 crypto rx=0 tx=0 comp rx=0 tx=0)._fault waiting 0.400000
2022-08-20T03:20:23.244 INFO:teuthology.orchestra.run.smithi078.stdout:/usr/bin/ceph: stderr
2022-08-20T03:20:17.345+0000 7f1517fff700 1 -- 172.21.15.78:0/2227909039 >> [v2:172.21.15.78:6800/617027536,v1:172.21.15.78:6801/617027536] conn(0x7f14fc0359f0 msgr2=0x7f14fc037ea0 unknown :-1 s=STATE_CONNECTING_RE l=1).process reconnect failed to v2:172.21.15.78:6800/617027536
2022-08-20T03:20:23.245 INFO:teuthology.orchestra.run.smithi078.stdout:/usr/bin/ceph: stderr
2022-08-20T03:20:17.345+0000 7f1517fff700 1 --2- 172.21.15.78:0/2227909039 >> [v2:172.21.15.78:6800/617027536,v1:172.21.15.78:6801/617027536] conn(0x7f14fc0359f0 0x7f14fc037ea0 unknown :-1 s=START_CONNECT pgs=0 cs=0 l=1 rev1=0 crypto rx=0 tx=0 comp rx=0 tx=0)._fault waiting 0.800000
2022-08-20T03:20:23.245 INFO:teuthology.orchestra.run.smithi078.stdout:/usr/bin/ceph: stderr
2022-08-20T03:20:18.146+0000 7f1517fff700 1 -- 172.21.15.78:0/2227909039 >> [v2:172.21.15.78:6800/617027536,v1:172.21.15.78:6801/617027536] conn(0x7f14fc0359f0 msgr2=0x7f14fc037ea0 unknown :-1 s=STATE_CONNECTING_RE l=1).process reconnect failed to v2:172.21.15.78:6800/617027536
2022-08-20T03:20:23.245 INFO:teuthology.orchestra.run.smithi078.stdout:/usr/bin/ceph: stderr
2022-08-20T03:20:18.146+0000 7f1517fff700 1 --2- 172.21.15.78:0/2227909039 >> [v2:172.21.15.78:6800/617027536,v1:172.21.15.78:6801/617027536] conn(0x7f14fc0359f0 0x7f14fc037ea0 unknown :-1 s=START_CONNECT pgs=0 cs=0 l=1 rev1=0 crypto rx=0 tx=0 comp rx=0 tx=0)._fault waiting 1.600000
2022-08-20T03:20:23.245 INFO:teuthology.orchestra.run.smithi078.stdout:/usr/bin/ceph: stderr
2022-08-20T03:20:19.747+0000 7f1517fff700 1 -- 172.21.15.78:0/2227909039 >> [v2:172.21.15.78:6800/617027536,v1:172.21.15.78:6801/617027536] conn(0x7f14fc0359f0 msgr2=0x7f14fc037ea0 unknown :-1 s=STATE_CONNECTING_RE l=1).process reconnect failed to v2:172.21.15.78:6800/617027536
2022-08-20T03:20:23.246 INFO:teuthology.orchestra.run.smithi078.stdout:/usr/bin/ceph: stderr
2022-08-20T03:20:19.747+0000 7f1517fff700 1 --2- 172.21.15.78:0/2227909039 >> [v2:172.21.15.78:6800/617027536,v1:172.21.15.78:6801/617027536] conn(0x7f14fc0359f0 0x7f14fc037ea0 unknown :-1 s=START_CONNECT pgs=0 cs=0 l=1 rev1=0 crypto rx=0 tx=0 comp rx=0 tx=0)._fault waiting 3.200000
2022-08-20T03:20:23.246 INFO:teuthology.orchestra.run.smithi078.stdout:/usr/bin/ceph: stderr
2022-08-20T03:20:21.764+0000 7f1515ffb700 1 -- 172.21.15.78:0/2227909039 <== mon.0 v2:172.21.15.78:3300/0 6 ==== mgrmap(e 6) v1 ==== 42619+0+0 (secure 0 0 0) 0x7f150c017020 con 0x7f1518071d10
2022-08-20T03:20:23.246 INFO:teuthology.orchestra.run.smithi078.stdout:/usr/bin/ceph: stderr
2022-08-20T03:20:21.764+0000 7f1515ffb700 1 -- 172.21.15.78:0/2227909039 >> [v2:172.21.15.78:6800/617027536,v1:172.21.15.78:6801/617027536] conn(0x7f14fc0359f0 msgr2=0x7f14fc037ea0 unknown :-1 s=STATE_CONNECTING l=1).mark_down
2022-08-20T03:20:23.246 INFO:teuthology.orchestra.run.smithi078.stdout:/usr/bin/ceph: stderr
2022-08-20T03:20:21.764+0000 7f1515ffb700 1 --2- 172.21.15.78:0/2227909039 >> [v2:172.21.15.78:6800/617027536,v1:172.21.15.78:6801/617027536] conn(0x7f14fc0359f0 0x7f14fc037ea0 unknown :-1 s=START_CONNECT pgs=0 cs=0 l=1 rev1=0 crypto rx=0 tx=0 comp rx=0 tx=0).stop
2022-08-20T03:20:23.247 INFO:teuthology.orchestra.run.smithi078.stdout:/usr/bin/ceph: stderr
2022-08-20T03:20:22.765+0000 7f1515ffb700 1 -- 172.21.15.78:0/2227909039 <== mon.0 v2:172.21.15.78:3300/0 7 ==== mgrmap(e 7) v1 ==== 42729+0+0 (secure 0 0 0) 0x7f150c00f050 con 0x7f1518071d10
2022-08-20T03:20:23.247 INFO:teuthology.orchestra.run.smithi078.stdout:/usr/bin/ceph: stderr
2022-08-20T03:20:22.765+0000 7f1515ffb700 1 --2- 172.21.15.78:0/2227909039 >> [v2:172.21.15.78:6800/740809554,v1:172.21.15.78:6801/740809554] conn(0x7f14fc039300 0x7f14fc03b6e0 unknown :-1 s=NONE pgs=0 cs=0 l=1 rev1=0 crypto rx=0 tx=0 comp rx=0 tx=0).connect
2022-08-20T03:20:23.247 INFO:teuthology.orchestra.run.smithi078.stdout:/usr/bin/ceph: stderr
2022-08-20T03:20:22.765+0000 7f1515ffb700 1 -- 172.21.15.78:0/2227909039 --> [v2:172.21.15.78:6800/740809554,v1:172.21.15.78:6801/740809554] -- command(tid 0: {"prefix": "get_command_descriptions"}) v1 -- 0x7f14fc0385b0 con 0x7f14fc039300
2022-08-20T03:20:23.247 INFO:teuthology.orchestra.run.smithi078.stdout:/usr/bin/ceph: stderr
2022-08-20T03:20:22.766+0000 7f1517fff700 1 --2- 172.21.15.78:0/2227909039 >> [v2:172.21.15.78:6800/740809554,v1:172.21.15.78:6801/740809554] conn(0x7f14fc039300 0x7f14fc03b6e0 unknown :-1 s=BANNER_CONNECTING pgs=0 cs=0 l=1 rev1=0 crypto rx=0 tx=0 comp rx=0 tx=0)._handle_peer_banner_payload supported=3 required=0
2022-08-20T03:20:23.247 INFO:teuthology.orchestra.run.smithi078.stdout:/usr/bin/ceph: stderr
2022-08-20T03:20:22.766+0000 7f1517fff700 1 --2- 172.21.15.78:0/2227909039 >> [v2:172.21.15.78:6800/740809554,v1:172.21.15.78:6801/740809554] conn(0x7f14fc039300 0x7f14fc03b6e0 secure :-1 s=READY pgs=3 cs=0 l=1 rev1=1 crypto rx=0x7f1504003890 tx=0x7f1504006e10 comp rx=0 tx=0).ready entity=mgr.14120 client_cookie=0 server_cookie=0 in_seq=0 out_seq=0
2022-08-20T03:20:23.248 INFO:teuthology.orchestra.run.smithi078.stdout:/usr/bin/ceph: stderr
2022-08-20T03:20:22.767+0000 7f1515ffb700 1 -- 172.21.15.78:0/2227909039 <== mgr.14120 v2:172.21.15.78:6800/740809554 1 ==== command_reply(tid 0: 0 ) v1 ==== 8+0+6424 (secure 0 0 0) 0x7f14fc0385b0 con 0x7f14fc039300
2022-08-20T03:20:23.248 INFO:teuthology.orchestra.run.smithi078.stdout:/usr/bin/ceph: stderr
2022-08-20T03:20:22.773+0000 7f151f0e9700 1 -- 172.21.15.78:0/2227909039 --> [v2:172.21.15.78:6800/740809554,v1:172.21.15.78:6801/740809554] -- command(tid 1: {"prefix": "mgr_status"}) v1 -- 0x7f1518072130 con 0x7f14fc039300
2022-08-20T03:20:23.248 INFO:teuthology.orchestra.run.smithi078.stdout:/usr/bin/ceph: stderr
2022-08-20T03:20:22.773+0000 7f1515ffb700 1 -- 172.21.15.78:0/2227909039 <== mgr.14120 v2:172.21.15.78:6800/740809554 2 ==== command_reply(tid 1: 0 ) v1 ==== 8+0+51 (secure 0 0 0) 0x7f1518072130 con 0x7f14fc039300
2022-08-20T03:20:23.248 INFO:teuthology.orchestra.run.smithi078.stdout:/usr/bin/ceph: stderr
2022-08-20T03:20:22.773+0000 7f151f0e9700 1 -- 172.21.15.78:0/2227909039 >> [v2:172.21.15.78:6800/740809554,v1:172.21.15.78:6801/740809554] conn(0x7f14fc039300 msgr2=0x7f14fc03b6e0 secure :-1 s=STATE_CONNECTION_ESTABLISHED l=1).mark_down
2022-08-20T03:20:23.249 INFO:teuthology.orchestra.run.smithi078.stdout:/usr/bin/ceph: stderr
2022-08-20T03:20:22.773+0000 7f151f0e9700 1 --2- 172.21.15.78:0/2227909039 >> [v2:172.21.15.78:6800/740809554,v1:172.21.15.78:6801/740809554] conn(0x7f14fc039300 0x7f14fc03b6e0 secure :-1 s=READY pgs=3 cs=0 l=1 rev1=1 crypto rx=0x7f1504003890 tx=0x7f1504006e10 comp rx=0 tx=0).stop
2022-08-20T03:20:23.249 INFO:teuthology.orchestra.run.smithi078.stdout:/usr/bin/ceph: stderr
2022-08-20T03:20:22.773+0000 7f151f0e9700 1 -- 172.21.15.78:0/2227909039 >> [v2:172.21.15.78:3300/0,v1:172.21.15.78:6789/0] conn(0x7f1518071d10 msgr2=0x7f1518196f80 secure :-1 s=STATE_CONNECTION_ESTABLISHED l=1).mark_down
2022-08-20T03:20:23.249 INFO:teuthology.orchestra.run.smithi078.stdout:/usr/bin/ceph: stderr
2022-08-20T03:20:22.773+0000 7f151f0e9700 1 --2- 172.21.15.78:0/2227909039 >> [v2:172.21.15.78:3300/0,v1:172.21.15.78:6789/0] conn(0x7f1518071d10 0x7f1518196f80 secure :-1 s=READY pgs=29 cs=0 l=1 rev1=1 crypto rx=0x7f150c009e90 tx=0x7f150c004040 comp rx=0 tx=0).stop
2022-08-20T03:20:23.249 INFO:teuthology.orchestra.run.smithi078.stdout:/usr/bin/ceph: stderr
2022-08-20T03:20:22.773+0000 7f151f0e9700 1 -- 172.21.15.78:0/2227909039 shutdown_connections
2022-08-20T03:20:23.250 INFO:teuthology.orchestra.run.smithi078.stdout:/usr/bin/ceph: stderr
2022-08-20T03:20:22.773+0000 7f151f0e9700 1 --2- 172.21.15.78:0/2227909039 >> [v2:172.21.15.78:6800/740809554,v1:172.21.15.78:6801/740809554] conn(0x7f14fc039300 0x7f14fc03b6e0 unknown :-1 s=CLOSED pgs=3 cs=0 l=1 rev1=1 crypto rx=0 tx=0 comp rx=0 tx=0).stop
2022-08-20T03:20:23.250 INFO:teuthology.orchestra.run.smithi078.stdout:/usr/bin/ceph: stderr
2022-08-20T03:20:22.773+0000 7f151f0e9700 1 --2- 172.21.15.78:0/2227909039 >> [v2:172.21.15.78:3300/0,v1:172.21.15.78:6789/0] conn(0x7f1518071d10 0x7f1518196f80 unknown :-1 s=CLOSED pgs=29 cs=0 l=1 rev1=1 crypto rx=0 tx=0 comp rx=0 tx=0).stop
2022-08-20T03:20:23.250 INFO:teuthology.orchestra.run.smithi078.stdout:/usr/bin/ceph: stderr
2022-08-20T03:20:22.773+0000 7f151f0e9700 1 --2- 172.21.15.78:0/2227909039 >> [v2:172.21.15.78:6800/617027536,v1:172.21.15.78:6801/617027536] conn(0x7f14fc0359f0 0x7f14fc037ea0 unknown :-1 s=CLOSED pgs=0 cs=0 l=1 rev1=0 crypto rx=0 tx=0 comp rx=0 tx=0).stop
2022-08-20T03:20:23.250 INFO:teuthology.orchestra.run.smithi078.stdout:/usr/bin/ceph: stderr
2022-08-20T03:20:22.773+0000 7f151f0e9700 1 -- 172.21.15.78:0/2227909039 >> 172.21.15.78:0/2227909039 conn(0x7f15180fd970 msgr2=0x7f15180ff030 unknown :-1 s=STATE_NONE l=0).mark_down
2022-08-20T03:20:23.251 INFO:teuthology.orchestra.run.smithi078.stdout:/usr/bin/ceph: stderr
2022-08-20T03:20:22.773+0000 7f151f0e9700 1 -- 172.21.15.78:0/2227909039 shutdown_connections
2022-08-20T03:20:23.251 INFO:teuthology.orchestra.run.smithi078.stdout:/usr/bin/ceph: stderr
2022-08-20T03:20:22.773+0000 7f151f0e9700 1 -- 172.21.15.78:0/2227909039 wait complete.
2022-08-20T03:20:23.251 INFO:teuthology.orchestra.run.smithi078.stdout:mgr epoch 5 is available
2022-08-20T03:20:23.251 INFO:teuthology.orchestra.run.smithi078.stdout:Setting orchestrator backend to cephadm...
2022-08-20T03:20:23.403 INFO:journalctl@ceph.mon.a.smithi078.stdout:Aug 20 03:20:23 smithi078 ceph-mon[95223]: from='mgr.14120 172.21.15.78:0/3152548971' entity='mgr.x'
2022-08-20T03:20:23.403 INFO:journalctl@ceph.mon.a.smithi078.stdout:Aug 20 03:20:23 smithi078 ceph-mon[95223]: from='mgr.14120 172.21.15.78:0/3152548971' entity='mgr.x'
2022-08-20T03:20:23.403 INFO:journalctl@ceph.mon.a.smithi078.stdout:Aug 20 03:20:23 smithi078 ceph-mon[95223]: from='client.14124 -' entity='client.admin' cmd=[{"prefix": "get_command_descriptions"}]: dispatch
2022-08-20T03:20:23.403 INFO:journalctl@ceph.mon.a.smithi078.stdout:Aug 20 03:20:23 smithi078 ceph-mon[95223]: mgrmap e7: x(active, since 1.71719s)
2022-08-20T03:20:23.404 INFO:journalctl@ceph.mon.a.smithi078.stdout:Aug 20 03:20:23 smithi078 ceph-mon[95223]: from='client.14124 -' entity='client.admin' cmd=[{"prefix": "mgr_status"}]: dispatch
2022-08-20T03:20:24.233 INFO:journalctl@ceph.mon.a.smithi078.stdout:Aug 20 03:20:24 smithi078 ceph-mon[95223]: from='mgr.14120 172.21.15.78:0/3152548971' entity='mgr.x'
2022-08-20T03:20:24.234 INFO:journalctl@ceph.mon.a.smithi078.stdout:Aug 20 03:20:24 smithi078 ceph-mon[95223]: from='mgr.14120 172.21.15.78:0/3152548971' entity='mgr.x'
2022-08-20T03:20:24.235 INFO:journalctl@ceph.mon.a.smithi078.stdout:Aug 20 03:20:24 smithi078 ceph-mon[95223]: from='mgr.14120 172.21.15.78:0/3152548971' entity='mgr.x'
2022-08-20T03:20:24.235 INFO:journalctl@ceph.mon.a.smithi078.stdout:Aug 20 03:20:24 smithi078 ceph-mon[95223]: from='mgr.14120 172.21.15.78:0/3152548971' entity='mgr.x' cmd=[{"prefix": "config dump", "format": "json"}]: dispatch
2022-08-20T03:20:24.235 INFO:journalctl@ceph.mon.a.smithi078.stdout:Aug 20 03:20:24 smithi078 ceph-mon[95223]: mgrmap e8: x(active, since 3s)
2022-08-20T03:20:24.276 INFO:teuthology.orchestra.run.smithi078.stdout:/usr/bin/ceph: stderr
2022-08-20T03:20:23.669+0000 7f2babead700 1 Processor -- start
2022-08-20T03:20:24.277 INFO:teuthology.orchestra.run.smithi078.stdout:/usr/bin/ceph: stderr
2022-08-20T03:20:23.669+0000 7f2babead700 1 -- start start
2022-08-20T03:20:24.277 INFO:teuthology.orchestra.run.smithi078.stdout:/usr/bin/ceph: stderr
2022-08-20T03:20:23.669+0000 7f2babead700 1 --2- >> [v2:172.21.15.78:3300/0,v1:172.21.15.78:6789/0] conn(0x7f2ba4102320 0x7f2ba4102730 unknown :-1 s=NONE pgs=0 cs=0 l=0 rev1=0 crypto rx=0 tx=0 comp rx=0 tx=0).connect
2022-08-20T03:20:24.278 INFO:teuthology.orchestra.run.smithi078.stdout:/usr/bin/ceph: stderr
2022-08-20T03:20:23.669+0000 7f2babead700 1 -- --> [v2:172.21.15.78:3300/0,v1:172.21.15.78:6789/0] -- mon_getmap magic: 0 v1 -- 0x7f2ba4102c70 con 0x7f2ba4102320
2022-08-20T03:20:24.278 INFO:teuthology.orchestra.run.smithi078.stdout:/usr/bin/ceph: stderr
2022-08-20T03:20:23.670+0000 7f2ba9c49700 1 --2- >> [v2:172.21.15.78:3300/0,v1:172.21.15.78:6789/0] conn(0x7f2ba4102320 0x7f2ba4102730 unknown :-1 s=BANNER_CONNECTING pgs=0 cs=0 l=0 rev1=0 crypto rx=0 tx=0 comp rx=0 tx=0)._handle_peer_banner_payload supported=3 required=0
2022-08-20T03:20:24.278 INFO:teuthology.orchestra.run.smithi078.stdout:/usr/bin/ceph: stderr
2022-08-20T03:20:23.670+0000 7f2ba9c49700 1 --2- >> [v2:172.21.15.78:3300/0,v1:172.21.15.78:6789/0] conn(0x7f2ba4102320 0x7f2ba4102730 unknown :-1 s=HELLO_CONNECTING pgs=0 cs=0 l=0 rev1=1 crypto rx=0 tx=0 comp rx=0 tx=0).handle_hello peer v2:172.21.15.78:3300/0 says I am v2:172.21.15.78:42742/0 (socket says 172.21.15.78:42742)
2022-08-20T03:20:24.278 INFO:teuthology.orchestra.run.smithi078.stdout:/usr/bin/ceph: stderr
2022-08-20T03:20:23.670+0000 7f2ba9c49700 1 -- 172.21.15.78:0/1811489237 learned_addr learned my addr 172.21.15.78:0/1811489237 (peer_addr_for_me v2:172.21.15.78:0/0)
2022-08-20T03:20:24.279 INFO:teuthology.orchestra.run.smithi078.stdout:/usr/bin/ceph: stderr
2022-08-20T03:20:23.670+0000 7f2ba9c49700 1 -- 172.21.15.78:0/1811489237 --> [v2:172.21.15.78:3300/0,v1:172.21.15.78:6789/0] -- mon_subscribe({config=0+,monmap=0+}) v3 -- 0x7f2ba4102db0 con 0x7f2ba4102320
2022-08-20T03:20:24.279 INFO:teuthology.orchestra.run.smithi078.stdout:/usr/bin/ceph: stderr
2022-08-20T03:20:23.670+0000 7f2ba9c49700 1 --2- 172.21.15.78:0/1811489237 >> [v2:172.21.15.78:3300/0,v1:172.21.15.78:6789/0] conn(0x7f2ba4102320 0x7f2ba4102730 secure :-1 s=READY pgs=37 cs=0 l=1 rev1=1 crypto rx=0x7f2ba0009700 tx=0x7f2ba0009a10 comp rx=0 tx=0).ready entity=mon.0 client_cookie=ce708e09453b0dd8 server_cookie=0 in_seq=0 out_seq=0
2022-08-20T03:20:24.279 INFO:teuthology.orchestra.run.smithi078.stdout:/usr/bin/ceph: stderr
2022-08-20T03:20:23.670+0000 7f2ba8c47700 1 -- 172.21.15.78:0/1811489237 <== mon.0 v2:172.21.15.78:3300/0 1 ==== mon_map magic: 0 v1 ==== 205+0+0 (secure 0 0 0) 0x7f2ba0004160 con 0x7f2ba4102320
2022-08-20T03:20:24.280 INFO:teuthology.orchestra.run.smithi078.stdout:/usr/bin/ceph: stderr
2022-08-20T03:20:23.670+0000 7f2ba8c47700 1 -- 172.21.15.78:0/1811489237 <== mon.0 v2:172.21.15.78:3300/0 2 ==== config(26 keys) v1 ==== 1049+0+0 (secure 0 0 0) 0x7f2ba00042c0 con 0x7f2ba4102320
2022-08-20T03:20:24.280 INFO:teuthology.orchestra.run.smithi078.stdout:/usr/bin/ceph: stderr
2022-08-20T03:20:23.670+0000 7f2ba8c47700 1 -- 172.21.15.78:0/1811489237 <== mon.0 v2:172.21.15.78:3300/0 3 ==== mon_map magic: 0 v1 ==== 205+0+0 (secure 0 0 0) 0x7f2ba00039d0 con 0x7f2ba4102320
2022-08-20T03:20:24.281 INFO:teuthology.orchestra.run.smithi078.stdout:/usr/bin/ceph: stderr
2022-08-20T03:20:23.671+0000 7f2babead700 1 -- 172.21.15.78:0/1811489237 >> [v2:172.21.15.78:3300/0,v1:172.21.15.78:6789/0] conn(0x7f2ba4102320 msgr2=0x7f2ba4102730 secure :-1 s=STATE_CONNECTION_ESTABLISHED l=1).mark_down
2022-08-20T03:20:24.281 INFO:teuthology.orchestra.run.smithi078.stdout:/usr/bin/ceph: stderr
2022-08-20T03:20:23.671+0000 7f2babead700 1 --2- 172.21.15.78:0/1811489237 >> [v2:172.21.15.78:3300/0,v1:172.21.15.78:6789/0] conn(0x7f2ba4102320 0x7f2ba4102730 secure :-1 s=READY pgs=37 cs=0 l=1 rev1=1 crypto rx=0x7f2ba0009700 tx=0x7f2ba0009a10 comp rx=0 tx=0).stop
2022-08-20T03:20:24.282 INFO:teuthology.orchestra.run.smithi078.stdout:/usr/bin/ceph: stderr
2022-08-20T03:20:23.671+0000 7f2babead700 1 -- 172.21.15.78:0/1811489237 shutdown_connections
2022-08-20T03:20:24.282 INFO:teuthology.orchestra.run.smithi078.stdout:/usr/bin/ceph: stderr
2022-08-20T03:20:23.671+0000 7f2babead700 1 --2- 172.21.15.78:0/1811489237 >> [v2:172.21.15.78:3300/0,v1:172.21.15.78:6789/0] conn(0x7f2ba4102320 0x7f2ba4102730 unknown :-1 s=CLOSED pgs=37 cs=0 l=1 rev1=1 crypto rx=0 tx=0 comp rx=0 tx=0).stop
2022-08-20T03:20:24.282 INFO:teuthology.orchestra.run.smithi078.stdout:/usr/bin/ceph: stderr
2022-08-20T03:20:23.671+0000 7f2babead700 1 -- 172.21.15.78:0/1811489237 >> 172.21.15.78:0/1811489237 conn(0x7f2ba40fd9f0 msgr2=0x7f2ba40ffe40 unknown :-1 s=STATE_NONE l=0).mark_down
2022-08-20T03:20:24.283 INFO:teuthology.orchestra.run.smithi078.stdout:/usr/bin/ceph: stderr
2022-08-20T03:20:23.671+0000 7f2babead700 1 -- 172.21.15.78:0/1811489237 shutdown_connections
2022-08-20T03:20:24.283 INFO:teuthology.orchestra.run.smithi078.stdout:/usr/bin/ceph: stderr
2022-08-20T03:20:23.671+0000 7f2babead700 1 -- 172.21.15.78:0/1811489237 wait complete.
2022-08-20T03:20:24.283 INFO:teuthology.orchestra.run.smithi078.stdout:/usr/bin/ceph: stderr
2022-08-20T03:20:23.672+0000 7f2babead700 1 Processor -- start
2022-08-20T03:20:24.284 INFO:teuthology.orchestra.run.smithi078.stdout:/usr/bin/ceph: stderr
2022-08-20T03:20:23.672+0000 7f2babead700 1 -- start start
2022-08-20T03:20:24.284 INFO:teuthology.orchestra.run.smithi078.stdout:/usr/bin/ceph: stderr
2022-08-20T03:20:23.672+0000 7f2babead700 1 --2- >> [v2:172.21.15.78:3300/0,v1:172.21.15.78:6789/0] conn(0x7f2ba4102320 0x7f2ba41991b0 unknown :-1 s=NONE pgs=0 cs=0 l=1 rev1=0 crypto rx=0 tx=0 comp rx=0 tx=0).connect
2022-08-20T03:20:24.284 INFO:teuthology.orchestra.run.smithi078.stdout:/usr/bin/ceph: stderr
2022-08-20T03:20:23.672+0000 7f2babead700 1 -- --> [v2:172.21.15.78:3300/0,v1:172.21.15.78:6789/0] -- mon_getmap magic: 0 v1 -- 0x7f2ba41996f0 con 0x7f2ba4102320
2022-08-20T03:20:24.284 INFO:teuthology.orchestra.run.smithi078.stdout:/usr/bin/ceph: stderr
2022-08-20T03:20:23.672+0000 7f2ba9c49700 1 --2- >> [v2:172.21.15.78:3300/0,v1:172.21.15.78:6789/0] conn(0x7f2ba4102320 0x7f2ba41991b0 unknown :-1 s=BANNER_CONNECTING pgs=0 cs=0 l=1 rev1=0 crypto rx=0 tx=0 comp rx=0 tx=0)._handle_peer_banner_payload supported=3 required=0
2022-08-20T03:20:24.285 INFO:teuthology.orchestra.run.smithi078.stdout:/usr/bin/ceph: stderr
2022-08-20T03:20:23.672+0000 7f2ba9c49700 1 --2- >> [v2:172.21.15.78:3300/0,v1:172.21.15.78:6789/0] conn(0x7f2ba4102320 0x7f2ba41991b0 unknown :-1 s=HELLO_CONNECTING pgs=0 cs=0 l=1 rev1=1 crypto rx=0 tx=0 comp rx=0 tx=0).handle_hello peer v2:172.21.15.78:3300/0 says I am v2:172.21.15.78:42744/0 (socket says 172.21.15.78:42744)
2022-08-20T03:20:24.285 INFO:teuthology.orchestra.run.smithi078.stdout:/usr/bin/ceph: stderr
2022-08-20T03:20:23.672+0000 7f2ba9c49700 1 -- 172.21.15.78:0/2667475497 learned_addr learned my addr 172.21.15.78:0/2667475497 (peer_addr_for_me v2:172.21.15.78:0/0)
2022-08-20T03:20:24.285 INFO:teuthology.orchestra.run.smithi078.stdout:/usr/bin/ceph: stderr
2022-08-20T03:20:23.672+0000 7f2ba9c49700 1 -- 172.21.15.78:0/2667475497 --> [v2:172.21.15.78:3300/0,v1:172.21.15.78:6789/0] -- mon_subscribe({config=0+,monmap=0+}) v3 -- 0x7f2ba00093e0 con 0x7f2ba4102320
2022-08-20T03:20:24.286 INFO:teuthology.orchestra.run.smithi078.stdout:/usr/bin/ceph: stderr
2022-08-20T03:20:23.672+0000 7f2ba9c49700 1 --2- 172.21.15.78:0/2667475497 >> [v2:172.21.15.78:3300/0,v1:172.21.15.78:6789/0] conn(0x7f2ba4102320 0x7f2ba41991b0 secure :-1 s=READY pgs=38 cs=0 l=1 rev1=1 crypto rx=0x7f2ba0003c10 tx=0x7f2ba0003fe0 comp rx=0 tx=0).ready entity=mon.0 client_cookie=0 server_cookie=0 in_seq=0 out_seq=0
2022-08-20T03:20:24.286 INFO:teuthology.orchestra.run.smithi078.stdout:/usr/bin/ceph: stderr
2022-08-20T03:20:23.673+0000 7f2b92ffd700 1 -- 172.21.15.78:0/2667475497 <== mon.0 v2:172.21.15.78:3300/0 1 ==== mon_map magic: 0 v1 ==== 205+0+0 (secure 0 0 0) 0x7f2ba0011950 con 0x7f2ba4102320
2022-08-20T03:20:24.286 INFO:teuthology.orchestra.run.smithi078.stdout:/usr/bin/ceph: stderr
2022-08-20T03:20:23.673+0000 7f2babead700 1 -- 172.21.15.78:0/2667475497 --> [v2:172.21.15.78:3300/0,v1:172.21.15.78:6789/0] -- mon_subscribe({mgrmap=0+}) v3 -- 0x7f2ba41998f0 con 0x7f2ba4102320
2022-08-20T03:20:24.286 INFO:teuthology.orchestra.run.smithi078.stdout:/usr/bin/ceph: stderr
2022-08-20T03:20:23.673+0000 7f2b92ffd700 1 -- 172.21.15.78:0/2667475497 <== mon.0 v2:172.21.15.78:3300/0 2 ==== config(26 keys) v1 ==== 1049+0+0 (secure 0 0 0) 0x7f2ba0011ab0 con 0x7f2ba4102320
2022-08-20T03:20:24.287 INFO:teuthology.orchestra.run.smithi078.stdout:/usr/bin/ceph: stderr
2022-08-20T03:20:23.673+0000 7f2b92ffd700 1 -- 172.21.15.78:0/2667475497 <== mon.0 v2:172.21.15.78:3300/0 3 ==== mon_map magic: 0 v1 ==== 205+0+0 (secure 0 0 0) 0x7f2ba0019550 con 0x7f2ba4102320
2022-08-20T03:20:24.287 INFO:teuthology.orchestra.run.smithi078.stdout:/usr/bin/ceph: stderr
2022-08-20T03:20:23.673+0000 7f2babead700 1 -- 172.21.15.78:0/2667475497 --> [v2:172.21.15.78:3300/0,v1:172.21.15.78:6789/0] -- mon_subscribe({osdmap=0}) v3 -- 0x7f2ba4199d20 con 0x7f2ba4102320
2022-08-20T03:20:24.287 INFO:teuthology.orchestra.run.smithi078.stdout:/usr/bin/ceph: stderr
2022-08-20T03:20:23.673+0000 7f2b92ffd700 1 -- 172.21.15.78:0/2667475497 <== mon.0 v2:172.21.15.78:3300/0 4 ==== mgrmap(e 7) v1 ==== 42729+0+0 (secure 0 0 0) 0x7f2ba002a020 con 0x7f2ba4102320
2022-08-20T03:20:24.287 INFO:teuthology.orchestra.run.smithi078.stdout:/usr/bin/ceph: stderr
2022-08-20T03:20:23.674+0000 7f2b92ffd700 1 --2- 172.21.15.78:0/2667475497 >> [v2:172.21.15.78:6800/740809554,v1:172.21.15.78:6801/740809554] conn(0x7f2b8c035920 0x7f2b8c037dd0 unknown :-1 s=NONE pgs=0 cs=0 l=1 rev1=0 crypto rx=0 tx=0 comp rx=0 tx=0).connect
2022-08-20T03:20:24.288 INFO:teuthology.orchestra.run.smithi078.stdout:/usr/bin/ceph: stderr
2022-08-20T03:20:23.674+0000 7f2b92ffd700 1 -- 172.21.15.78:0/2667475497 <== mon.0 v2:172.21.15.78:3300/0 5 ==== osd_map(2..2 src has 1..2) v4 ==== 936+0+0 (secure 0 0 0) 0x7f2ba0048ad0 con 0x7f2ba4102320
2022-08-20T03:20:24.288 INFO:teuthology.orchestra.run.smithi078.stdout:/usr/bin/ceph: stderr
2022-08-20T03:20:23.674+0000 7f2ba9448700 1 --2- 172.21.15.78:0/2667475497 >> [v2:172.21.15.78:6800/740809554,v1:172.21.15.78:6801/740809554] conn(0x7f2b8c035920 0x7f2b8c037dd0 unknown :-1 s=BANNER_CONNECTING pgs=0 cs=0 l=1 rev1=0 crypto rx=0 tx=0 comp rx=0 tx=0)._handle_peer_banner_payload supported=3 required=0
2022-08-20T03:20:24.288 INFO:teuthology.orchestra.run.smithi078.stdout:/usr/bin/ceph: stderr
2022-08-20T03:20:23.674+0000 7f2babead700 1 -- 172.21.15.78:0/2667475497 --> [v2:172.21.15.78:3300/0,v1:172.21.15.78:6789/0] -- mon_command({"prefix": "get_command_descriptions"} v 0) v1 -- 0x7f2ba4072130 con 0x7f2ba4102320
2022-08-20T03:20:24.288 INFO:teuthology.orchestra.run.smithi078.stdout:/usr/bin/ceph: stderr
2022-08-20T03:20:23.674+0000 7f2ba9448700 1 --2- 172.21.15.78:0/2667475497 >> [v2:172.21.15.78:6800/740809554,v1:172.21.15.78:6801/740809554] conn(0x7f2b8c035920 0x7f2b8c037dd0 secure :-1 s=READY pgs=7 cs=0 l=1 rev1=1 crypto rx=0x7f2b94009750 tx=0x7f2b94006cc0 comp rx=0 tx=0).ready entity=mgr.14120 client_cookie=0 server_cookie=0 in_seq=0 out_seq=0
2022-08-20T03:20:24.289 INFO:teuthology.orchestra.run.smithi078.stdout:/usr/bin/ceph: stderr
2022-08-20T03:20:23.678+0000 7f2b92ffd700 1 -- 172.21.15.78:0/2667475497 <== mon.0 v2:172.21.15.78:3300/0 6 ==== mon_command_ack([{"prefix": "get_command_descriptions"}]=0 v0) v1 ==== 72+0+170955 (secure 0 0 0) 0x7f2ba0018b40 con 0x7f2ba4102320
2022-08-20T03:20:24.289 INFO:teuthology.orchestra.run.smithi078.stdout:/usr/bin/ceph: stderr
2022-08-20T03:20:23.888+0000 7f2babead700 1 -- 172.21.15.78:0/2667475497 --> [v2:172.21.15.78:6800/740809554,v1:172.21.15.78:6801/740809554] -- mgr_command(tid 0: {"prefix": "orch set backend", "module_name": "cephadm", "target": ["mon-mgr", ""]}) v1 -- 0x7f2ba418e590 con 0x7f2b8c035920
2022-08-20T03:20:24.289 INFO:teuthology.orchestra.run.smithi078.stdout:/usr/bin/ceph: stderr
2022-08-20T03:20:23.894+0000 7f2b92ffd700 1 -- 172.21.15.78:0/2667475497 <== mgr.14120 v2:172.21.15.78:6800/740809554 1 ==== mgr_command_reply(tid 0: 0 ) v1 ==== 8+0+0 (secure 0 0 0) 0x7f2ba418e590 con 0x7f2b8c035920
2022-08-20T03:20:24.289 INFO:teuthology.orchestra.run.smithi078.stdout:/usr/bin/ceph: stderr
2022-08-20T03:20:23.896+0000 7f2babead700 1 -- 172.21.15.78:0/2667475497 >> [v2:172.21.15.78:6800/740809554,v1:172.21.15.78:6801/740809554] conn(0x7f2b8c035920 msgr2=0x7f2b8c037dd0 secure :-1 s=STATE_CONNECTION_ESTABLISHED l=1).mark_down
2022-08-20T03:20:24.289 INFO:teuthology.orchestra.run.smithi078.stdout:/usr/bin/ceph: stderr
2022-08-20T03:20:23.896+0000 7f2babead700 1 --2- 172.21.15.78:0/2667475497 >> [v2:172.21.15.78:6800/740809554,v1:172.21.15.78:6801/740809554] conn(0x7f2b8c035920 0x7f2b8c037dd0 secure :-1 s=READY pgs=7 cs=0 l=1 rev1=1 crypto rx=0x7f2b94009750 tx=0x7f2b94006cc0 comp rx=0 tx=0).stop
2022-08-20T03:20:24.290 INFO:teuthology.orchestra.run.smithi078.stdout:/usr/bin/ceph: stderr
2022-08-20T03:20:23.896+0000 7f2babead700 1 -- 172.21.15.78:0/2667475497 >> [v2:172.21.15.78:3300/0,v1:172.21.15.78:6789/0] conn(0x7f2ba4102320 msgr2=0x7f2ba41991b0 secure :-1 s=STATE_CONNECTION_ESTABLISHED l=1).mark_down
2022-08-20T03:20:24.290 INFO:teuthology.orchestra.run.smithi078.stdout:/usr/bin/ceph: stderr
2022-08-20T03:20:23.896+0000 7f2babead700 1 --2- 172.21.15.78:0/2667475497 >> [v2:172.21.15.78:3300/0,v1:172.21.15.78:6789/0] conn(0x7f2ba4102320 0x7f2ba41991b0 secure :-1 s=READY pgs=38 cs=0 l=1 rev1=1 crypto rx=0x7f2ba0003c10 tx=0x7f2ba0003fe0 comp rx=0 tx=0).stop
2022-08-20T03:20:24.290 INFO:teuthology.orchestra.run.smithi078.stdout:/usr/bin/ceph: stderr
2022-08-20T03:20:23.896+0000 7f2babead700 1 -- 172.21.15.78:0/2667475497 shutdown_connections
2022-08-20T03:20:24.291 INFO:teuthology.orchestra.run.smithi078.stdout:/usr/bin/ceph: stderr
2022-08-20T03:20:23.896+0000 7f2babead700 1 --2- 172.21.15.78:0/2667475497 >> [v2:172.21.15.78:6800/740809554,v1:172.21.15.78:6801/740809554] conn(0x7f2b8c035920 0x7f2b8c037dd0 unknown :-1 s=CLOSED pgs=7 cs=0 l=1 rev1=1 crypto rx=0 tx=0 comp rx=0 tx=0).stop
2022-08-20T03:20:24.291 INFO:teuthology.orchestra.run.smithi078.stdout:/usr/bin/ceph: stderr
2022-08-20T03:20:23.896+0000 7f2babead700 1 --2- 172.21.15.78:0/2667475497 >> [v2:172.21.15.78:3300/0,v1:172.21.15.78:6789/0] conn(0x7f2ba4102320 0x7f2ba41991b0 unknown :-1 s=CLOSED pgs=38 cs=0 l=1 rev1=1 crypto rx=0 tx=0 comp rx=0 tx=0).stop
2022-08-20T03:20:24.291 INFO:teuthology.orchestra.run.smithi078.stdout:/usr/bin/ceph: stderr
2022-08-20T03:20:23.896+0000 7f2babead700 1 -- 172.21.15.78:0/2667475497 >> 172.21.15.78:0/2667475497 conn(0x7f2ba40fd9f0 msgr2=0x7f2ba40ffd10 unknown :-1 s=STATE_NONE l=0).mark_down
2022-08-20T03:20:24.291 INFO:teuthology.orchestra.run.smithi078.stdout:/usr/bin/ceph: stderr
2022-08-20T03:20:23.896+0000 7f2babead700 1 -- 172.21.15.78:0/2667475497 shutdown_connections
2022-08-20T03:20:24.292 INFO:teuthology.orchestra.run.smithi078.stdout:/usr/bin/ceph: stderr
2022-08-20T03:20:23.896+0000 7f2babead700 1 -- 172.21.15.78:0/2667475497 wait complete.
2022-08-20T03:20:25.471 INFO:journalctl@ceph.mon.a.smithi078.stdout:Aug 20 03:20:25 smithi078 ceph-mon[95223]: [20/Aug/2022:03:20:24] ENGINE Bus STARTING
2022-08-20T03:20:25.471 INFO:journalctl@ceph.mon.a.smithi078.stdout:Aug 20 03:20:25 smithi078 ceph-mon[95223]: [20/Aug/2022:03:20:24] ENGINE Serving on https://172.21.15.78:7150
2022-08-20T03:20:25.472 INFO:journalctl@ceph.mon.a.smithi078.stdout:Aug 20 03:20:25 smithi078 ceph-mon[95223]: [20/Aug/2022:03:20:24] ENGINE Serving on https://:::8765
2022-08-20T03:20:25.472 INFO:journalctl@ceph.mon.a.smithi078.stdout:Aug 20 03:20:25 smithi078 ceph-mon[95223]: [20/Aug/2022:03:20:24] ENGINE Bus STARTED
2022-08-20T03:20:25.472 INFO:journalctl@ceph.mon.a.smithi078.stdout:Aug 20 03:20:25 smithi078 ceph-mon[95223]: from='mgr.14120 172.21.15.78:0/3152548971' entity='mgr.x' cmd=[{"prefix": "config dump", "format": "json"}]: dispatch
2022-08-20T03:20:25.518 INFO:teuthology.orchestra.run.smithi078.stdout:/usr/bin/ceph: stdout value unchanged
2022-08-20T03:20:25.518 INFO:teuthology.orchestra.run.smithi078.stdout:/usr/bin/ceph: stderr
2022-08-20T03:20:24.906+0000 7f19a8814700 1 Processor -- start
2022-08-20T03:20:25.519 INFO:teuthology.orchestra.run.smithi078.stdout:/usr/bin/ceph: stderr
2022-08-20T03:20:24.906+0000 7f19a8814700 1 -- start start
2022-08-20T03:20:25.519 INFO:teuthology.orchestra.run.smithi078.stdout:/usr/bin/ceph: stderr
2022-08-20T03:20:24.906+0000 7f19a8814700 1 --2- >> [v2:172.21.15.78:3300/0,v1:172.21.15.78:6789/0] conn(0x7f19a41033a0 0x7f19a41037b0 unknown :-1 s=NONE pgs=0 cs=0 l=0 rev1=0 crypto rx=0 tx=0 comp rx=0 tx=0).connect
2022-08-20T03:20:25.519 INFO:teuthology.orchestra.run.smithi078.stdout:/usr/bin/ceph: stderr
2022-08-20T03:20:24.906+0000 7f19a8814700 1 -- --> [v2:172.21.15.78:3300/0,v1:172.21.15.78:6789/0] -- mon_getmap magic: 0 v1 -- 0x7f19a4103cf0 con 0x7f19a41033a0
2022-08-20T03:20:25.519 INFO:teuthology.orchestra.run.smithi078.stdout:/usr/bin/ceph: stderr
2022-08-20T03:20:24.906+0000 7f19a259c700 1 --2- >> [v2:172.21.15.78:3300/0,v1:172.21.15.78:6789/0] conn(0x7f19a41033a0 0x7f19a41037b0 unknown :-1 s=BANNER_CONNECTING pgs=0 cs=0 l=0 rev1=0 crypto rx=0 tx=0 comp rx=0 tx=0)._handle_peer_banner_payload supported=3 required=0
2022-08-20T03:20:25.520 INFO:teuthology.orchestra.run.smithi078.stdout:/usr/bin/ceph: stderr
2022-08-20T03:20:24.906+0000 7f19a259c700 1 --2- >> [v2:172.21.15.78:3300/0,v1:172.21.15.78:6789/0] conn(0x7f19a41033a0 0x7f19a41037b0 unknown :-1 s=HELLO_CONNECTING pgs=0 cs=0 l=0 rev1=1 crypto rx=0 tx=0 comp rx=0 tx=0).handle_hello peer v2:172.21.15.78:3300/0 says I am v2:172.21.15.78:42756/0 (socket says 172.21.15.78:42756)
2022-08-20T03:20:25.520 INFO:teuthology.orchestra.run.smithi078.stdout:/usr/bin/ceph: stderr
2022-08-20T03:20:24.906+0000 7f19a259c700 1 -- 172.21.15.78:0/2088610143 learned_addr learned my addr 172.21.15.78:0/2088610143 (peer_addr_for_me v2:172.21.15.78:0/0)
2022-08-20T03:20:25.520 INFO:teuthology.orchestra.run.smithi078.stdout:/usr/bin/ceph: stderr
2022-08-20T03:20:24.907+0000 7f19a259c700 1 -- 172.21.15.78:0/2088610143 --> [v2:172.21.15.78:3300/0,v1:172.21.15.78:6789/0] -- mon_subscribe({config=0+,monmap=0+}) v3 -- 0x7f19a4103e30 con 0x7f19a41033a0
2022-08-20T03:20:25.520 INFO:teuthology.orchestra.run.smithi078.stdout:/usr/bin/ceph: stderr
2022-08-20T03:20:24.907+0000 7f19a259c700 1 --2- 172.21.15.78:0/2088610143 >> [v2:172.21.15.78:3300/0,v1:172.21.15.78:6789/0] conn(0x7f19a41033a0 0x7f19a41037b0 secure :-1 s=READY pgs=39 cs=0 l=1 rev1=1 crypto rx=0x7f1994009700 tx=0x7f1994009a10 comp rx=0 tx=0).ready entity=mon.0 client_cookie=9ec25fc8db35f97e server_cookie=0 in_seq=0 out_seq=0
2022-08-20T03:20:25.521 INFO:teuthology.orchestra.run.smithi078.stdout:/usr/bin/ceph: stderr
2022-08-20T03:20:24.907+0000 7f19a159a700 1 -- 172.21.15.78:0/2088610143 <== mon.0 v2:172.21.15.78:3300/0 1 ==== mon_map magic: 0 v1 ==== 205+0+0 (secure 0 0 0) 0x7f1994004160 con 0x7f19a41033a0
2022-08-20T03:20:25.521 INFO:teuthology.orchestra.run.smithi078.stdout:/usr/bin/ceph: stderr
2022-08-20T03:20:24.907+0000 7f19a159a700 1 -- 172.21.15.78:0/2088610143 <== mon.0 v2:172.21.15.78:3300/0 2 ==== config(26 keys) v1 ==== 1049+0+0 (secure 0 0 0) 0x7f19940042c0 con 0x7f19a41033a0
2022-08-20T03:20:25.521 INFO:teuthology.orchestra.run.smithi078.stdout:/usr/bin/ceph: stderr
2022-08-20T03:20:24.907+0000 7f19a159a700 1 -- 172.21.15.78:0/2088610143 <== mon.0 v2:172.21.15.78:3300/0 3 ==== mon_map magic: 0 v1 ==== 205+0+0 (secure 0 0 0) 0x7f19940039d0 con 0x7f19a41033a0
2022-08-20T03:20:25.521 INFO:teuthology.orchestra.run.smithi078.stdout:/usr/bin/ceph: stderr
2022-08-20T03:20:24.907+0000 7f19a8814700 1 -- 172.21.15.78:0/2088610143 >> [v2:172.21.15.78:3300/0,v1:172.21.15.78:6789/0] conn(0x7f19a41033a0 msgr2=0x7f19a41037b0 secure :-1 s=STATE_CONNECTION_ESTABLISHED l=1).mark_down
2022-08-20T03:20:25.522 INFO:teuthology.orchestra.run.smithi078.stdout:/usr/bin/ceph: stderr
2022-08-20T03:20:24.907+0000 7f19a8814700 1 --2- 172.21.15.78:0/2088610143 >> [v2:172.21.15.78:3300/0,v1:172.21.15.78:6789/0] conn(0x7f19a41033a0 0x7f19a41037b0 secure :-1 s=READY pgs=39 cs=0 l=1 rev1=1 crypto rx=0x7f1994009700 tx=0x7f1994009a10 comp rx=0 tx=0).stop
2022-08-20T03:20:25.522 INFO:teuthology.orchestra.run.smithi078.stdout:/usr/bin/ceph: stderr
2022-08-20T03:20:24.907+0000 7f19a8814700 1 -- 172.21.15.78:0/2088610143 shutdown_connections
2022-08-20T03:20:25.522 INFO:teuthology.orchestra.run.smithi078.stdout:/usr/bin/ceph: stderr
2022-08-20T03:20:24.907+0000 7f19a8814700 1 --2- 172.21.15.78:0/2088610143 >> [v2:172.21.15.78:3300/0,v1:172.21.15.78:6789/0] conn(0x7f19a41033a0 0x7f19a41037b0 unknown :-1 s=CLOSED pgs=39 cs=0 l=1 rev1=1 crypto rx=0 tx=0 comp rx=0 tx=0).stop
2022-08-20T03:20:25.522 INFO:teuthology.orchestra.run.smithi078.stdout:/usr/bin/ceph: stderr
2022-08-20T03:20:24.907+0000 7f19a8814700 1 -- 172.21.15.78:0/2088610143 >> 172.21.15.78:0/2088610143 conn(0x7f19a40fea90 msgr2=0x7f19a4100ec0 unknown :-1 s=STATE_NONE l=0).mark_down
2022-08-20T03:20:25.523 INFO:teuthology.orchestra.run.smithi078.stdout:/usr/bin/ceph: stderr
2022-08-20T03:20:24.908+0000 7f19a8814700 1 -- 172.21.15.78:0/2088610143 shutdown_connections
2022-08-20T03:20:25.523 INFO:teuthology.orchestra.run.smithi078.stdout:/usr/bin/ceph: stderr
2022-08-20T03:20:24.908+0000 7f19a8814700 1 -- 172.21.15.78:0/2088610143 wait complete.
2022-08-20T03:20:25.523 INFO:teuthology.orchestra.run.smithi078.stdout:/usr/bin/ceph: stderr
2022-08-20T03:20:24.908+0000 7f19a8814700 1 Processor -- start
2022-08-20T03:20:25.523 INFO:teuthology.orchestra.run.smithi078.stdout:/usr/bin/ceph: stderr
2022-08-20T03:20:24.909+0000 7f19a8814700 1 -- start start
2022-08-20T03:20:25.523 INFO:teuthology.orchestra.run.smithi078.stdout:/usr/bin/ceph: stderr
2022-08-20T03:20:24.909+0000 7f19a8814700 1 --2- >> [v2:172.21.15.78:3300/0,v1:172.21.15.78:6789/0] conn(0x7f19a41033a0 0x7f19a4077120 unknown :-1 s=NONE pgs=0 cs=0 l=1 rev1=0 crypto rx=0 tx=0 comp rx=0 tx=0).connect
2022-08-20T03:20:25.524 INFO:teuthology.orchestra.run.smithi078.stdout:/usr/bin/ceph: stderr
2022-08-20T03:20:24.909+0000 7f19a8814700 1 -- --> [v2:172.21.15.78:3300/0,v1:172.21.15.78:6789/0] -- mon_getmap magic: 0 v1 -- 0x7f19a4078cc0 con 0x7f19a41033a0
2022-08-20T03:20:25.524 INFO:teuthology.orchestra.run.smithi078.stdout:/usr/bin/ceph: stderr
2022-08-20T03:20:24.909+0000 7f19a259c700 1 --2- >> [v2:172.21.15.78:3300/0,v1:172.21.15.78:6789/0] conn(0x7f19a41033a0 0x7f19a4077120 unknown :-1 s=BANNER_CONNECTING pgs=0 cs=0 l=1 rev1=0 crypto rx=0 tx=0 comp rx=0 tx=0)._handle_peer_banner_payload supported=3 required=0
2022-08-20T03:20:25.524 INFO:teuthology.orchestra.run.smithi078.stdout:/usr/bin/ceph: stderr
2022-08-20T03:20:24.909+0000 7f19a259c700 1 --2- >> [v2:172.21.15.78:3300/0,v1:172.21.15.78:6789/0] conn(0x7f19a41033a0 0x7f19a4077120 unknown :-1 s=HELLO_CONNECTING pgs=0 cs=0 l=1 rev1=1 crypto rx=0 tx=0 comp rx=0 tx=0).handle_hello peer v2:172.21.15.78:3300/0 says I am v2:172.21.15.78:42758/0 (socket says 172.21.15.78:42758)
2022-08-20T03:20:25.524 INFO:teuthology.orchestra.run.smithi078.stdout:/usr/bin/ceph: stderr
2022-08-20T03:20:24.909+0000 7f19a259c700 1 -- 172.21.15.78:0/1566956289 learned_addr learned my addr 172.21.15.78:0/1566956289 (peer_addr_for_me v2:172.21.15.78:0/0)
2022-08-20T03:20:25.525 INFO:teuthology.orchestra.run.smithi078.stdout:/usr/bin/ceph: stderr
2022-08-20T03:20:24.909+0000 7f19a259c700 1 -- 172.21.15.78:0/1566956289 --> [v2:172.21.15.78:3300/0,v1:172.21.15.78:6789/0] -- mon_subscribe({config=0+,monmap=0+}) v3 -- 0x7f19940093e0 con 0x7f19a41033a0
2022-08-20T03:20:25.525 INFO:teuthology.orchestra.run.smithi078.stdout:/usr/bin/ceph: stderr
2022-08-20T03:20:24.909+0000 7f19a259c700 1 --2- 172.21.15.78:0/1566956289 >> [v2:172.21.15.78:3300/0,v1:172.21.15.78:6789/0] conn(0x7f19a41033a0 0x7f19a4077120 secure :-1 s=READY pgs=40 cs=0 l=1 rev1=1 crypto rx=0x7f1994004030 tx=0x7f1994004110 comp rx=0 tx=0).ready entity=mon.0 client_cookie=0 server_cookie=0 in_seq=0 out_seq=0
2022-08-20T03:20:25.525 INFO:teuthology.orchestra.run.smithi078.stdout:/usr/bin/ceph: stderr
2022-08-20T03:20:24.909+0000 7f19937fe700 1 -- 172.21.15.78:0/1566956289 <== mon.0 v2:172.21.15.78:3300/0 1 ==== mon_map magic: 0 v1 ==== 205+0+0 (secure 0 0 0) 0x7f19940118c0 con 0x7f19a41033a0
2022-08-20T03:20:25.525 INFO:teuthology.orchestra.run.smithi078.stdout:/usr/bin/ceph: stderr
2022-08-20T03:20:24.909+0000 7f19a8814700 1 -- 172.21.15.78:0/1566956289 --> [v2:172.21.15.78:3300/0,v1:172.21.15.78:6789/0] -- mon_subscribe({mgrmap=0+}) v3 -- 0x7f19a4078ec0 con 0x7f19a41033a0
2022-08-20T03:20:25.526 INFO:teuthology.orchestra.run.smithi078.stdout:/usr/bin/ceph: stderr
2022-08-20T03:20:24.910+0000 7f19a8814700 1 -- 172.21.15.78:0/1566956289 --> [v2:172.21.15.78:3300/0,v1:172.21.15.78:6789/0] -- mon_subscribe({osdmap=0}) v3 -- 0x7f19a4077840 con 0x7f19a41033a0
2022-08-20T03:20:25.526 INFO:teuthology.orchestra.run.smithi078.stdout:/usr/bin/ceph: stderr
2022-08-20T03:20:24.909+0000 7f19937fe700 1 -- 172.21.15.78:0/1566956289 <== mon.0 v2:172.21.15.78:3300/0 2 ==== config(26 keys) v1 ==== 1049+0+0 (secure 0 0 0) 0x7f1994011a20 con 0x7f19a41033a0
2022-08-20T03:20:25.526 INFO:teuthology.orchestra.run.smithi078.stdout:/usr/bin/ceph: stderr
2022-08-20T03:20:24.910+0000 7f19937fe700 1 -- 172.21.15.78:0/1566956289 <== mon.0 v2:172.21.15.78:3300/0 3 ==== mon_map magic: 0 v1 ==== 205+0+0 (secure 0 0 0) 0x7f1994019530 con 0x7f19a41033a0
2022-08-20T03:20:25.526 INFO:teuthology.orchestra.run.smithi078.stdout:/usr/bin/ceph: stderr
2022-08-20T03:20:24.911+0000 7f19a8814700 1 -- 172.21.15.78:0/1566956289 --> [v2:172.21.15.78:3300/0,v1:172.21.15.78:6789/0] -- mon_command({"prefix": "get_command_descriptions"} v 0) v1 -- 0x7f19a4072130 con 0x7f19a41033a0
2022-08-20T03:20:25.526 INFO:teuthology.orchestra.run.smithi078.stdout:/usr/bin/ceph: stderr
2022-08-20T03:20:24.911+0000 7f19937fe700 1 -- 172.21.15.78:0/1566956289 <== mon.0 v2:172.21.15.78:3300/0 4 ==== mgrmap(e 8) v1 ==== 42809+0+0 (secure 0 0 0) 0x7f199402a020 con 0x7f19a41033a0
2022-08-20T03:20:25.527 INFO:teuthology.orchestra.run.smithi078.stdout:/usr/bin/ceph: stderr
2022-08-20T03:20:24.911+0000 7f19937fe700 1 --2- 172.21.15.78:0/1566956289 >> [v2:172.21.15.78:6800/740809554,v1:172.21.15.78:6801/740809554] conn(0x7f19880359e0 0x7f1988037e90 unknown :-1 s=NONE pgs=0 cs=0 l=1 rev1=0 crypto rx=0 tx=0 comp rx=0 tx=0).connect
2022-08-20T03:20:25.527 INFO:teuthology.orchestra.run.smithi078.stdout:/usr/bin/ceph: stderr
2022-08-20T03:20:24.911+0000 7f19937fe700 1 -- 172.21.15.78:0/1566956289 <== mon.0 v2:172.21.15.78:3300/0 5 ==== osd_map(2..2 src has 1..2) v4 ==== 936+0+0 (secure 0 0 0) 0x7f1994048c90 con 0x7f19a41033a0
2022-08-20T03:20:25.527 INFO:teuthology.orchestra.run.smithi078.stdout:/usr/bin/ceph: stderr
