2022-08-20T04:25:48.936 INFO:teuthology.orchestra.run.smithi007.stdout:/usr/bin/ceph: stderr
2022-08-20T04:25:48.051+0000 7fc791ffb700 1 -- 172.21.15.7:0/2622858409 <== mon.0 v2:172.21.15.7:3300/0 3 ==== mon_map magic: 0 v1 ==== 205+0+0 (secure 0 0 0) 0x7fc788019550 con 0x7fc794103430
2022-08-20T04:25:48.936 INFO:teuthology.orchestra.run.smithi007.stdout:/usr/bin/ceph: stderr
2022-08-20T04:25:48.051+0000 7fc79af52700 1 -- 172.21.15.7:0/2622858409 --> [v2:172.21.15.7:3300/0,v1:172.21.15.7:6789/0] -- mon_subscribe({mgrmap=0+}) v3 -- 0x7fc7941998b0 con 0x7fc794103430
2022-08-20T04:25:48.936 INFO:teuthology.orchestra.run.smithi007.stdout:/usr/bin/ceph: stderr
2022-08-20T04:25:48.051+0000 7fc79af52700 1 -- 172.21.15.7:0/2622858409 --> [v2:172.21.15.7:3300/0,v1:172.21.15.7:6789/0] -- mon_subscribe({osdmap=0}) v3 -- 0x7fc794199ce0 con 0x7fc794103430
2022-08-20T04:25:48.936 INFO:teuthology.orchestra.run.smithi007.stdout:/usr/bin/ceph: stderr
2022-08-20T04:25:48.052+0000 7fc791ffb700 1 -- 172.21.15.7:0/2622858409 <== mon.0 v2:172.21.15.7:3300/0 4 ==== mgrmap(e 4) v1 ==== 42798+0+0 (secure 0 0 0) 0x7fc78802a020 con 0x7fc794103430
2022-08-20T04:25:48.936 INFO:teuthology.orchestra.run.smithi007.stdout:/usr/bin/ceph: stderr
2022-08-20T04:25:48.052+0000 7fc79af52700 1 -- 172.21.15.7:0/2622858409 --> [v2:172.21.15.7:3300/0,v1:172.21.15.7:6789/0] -- mon_command({"prefix": "get_command_descriptions"} v 0) v1 -- 0x7fc794105270 con 0x7fc794103430
2022-08-20T04:25:48.937 INFO:teuthology.orchestra.run.smithi007.stdout:/usr/bin/ceph: stderr
2022-08-20T04:25:48.052+0000 7fc791ffb700 1 --2- 172.21.15.7:0/2622858409 >> [v2:172.21.15.7:6800/4227346351,v1:172.21.15.7:6801/4227346351] conn(0x7fc7780359c0 0x7fc778037e70 unknown :-1 s=NONE pgs=0 cs=0 l=1 rev1=0 crypto rx=0 tx=0 comp rx=0 tx=0).connect
2022-08-20T04:25:48.937 INFO:teuthology.orchestra.run.smithi007.stdout:/usr/bin/ceph: stderr
2022-08-20T04:25:48.053+0000 7fc791ffb700 1 -- 172.21.15.7:0/2622858409 <== mon.0 v2:172.21.15.7:3300/0 5 ==== osd_map(1..1 src has 1..1) v4 ==== 721+0+0 (secure 0 0 0) 0x7fc788048c60 con 0x7fc794103430
2022-08-20T04:25:48.937 INFO:teuthology.orchestra.run.smithi007.stdout:/usr/bin/ceph: stderr
2022-08-20T04:25:48.053+0000 7fc793fff700 1 --2- 172.21.15.7:0/2622858409 >> [v2:172.21.15.7:6800/4227346351,v1:172.21.15.7:6801/4227346351] conn(0x7fc7780359c0 0x7fc778037e70 unknown :-1 s=BANNER_CONNECTING pgs=0 cs=0 l=1 rev1=0 crypto rx=0 tx=0 comp rx=0 tx=0)._handle_peer_banner_payload supported=3 required=0
2022-08-20T04:25:48.937 INFO:teuthology.orchestra.run.smithi007.stdout:/usr/bin/ceph: stderr
2022-08-20T04:25:48.053+0000 7fc793fff700 1 --2- 172.21.15.7:0/2622858409 >> [v2:172.21.15.7:6800/4227346351,v1:172.21.15.7:6801/4227346351] conn(0x7fc7780359c0 0x7fc778037e70 secure :-1 s=READY pgs=6 cs=0 l=1 rev1=1 crypto rx=0x7fc780009750 tx=0x7fc780006cc0 comp rx=0 tx=0).ready entity=mgr.14100 client_cookie=0 server_cookie=0 in_seq=0 out_seq=0
2022-08-20T04:25:48.938 INFO:teuthology.orchestra.run.smithi007.stdout:/usr/bin/ceph: stderr
2022-08-20T04:25:48.058+0000 7fc791ffb700 1 -- 172.21.15.7:0/2622858409 <== mon.0 v2:172.21.15.7:3300/0 6 ==== mon_command_ack([{"prefix": "get_command_descriptions"}]=0 v0) v1 ==== 72+0+170955 (secure 0 0 0) 0x7fc788018b00 con 0x7fc794103430
2022-08-20T04:25:48.938 INFO:teuthology.orchestra.run.smithi007.stdout:/usr/bin/ceph: stderr
2022-08-20T04:25:48.357+0000 7fc79af52700 1 -- 172.21.15.7:0/2622858409 --> [v2:172.21.15.7:3300/0,v1:172.21.15.7:6789/0] -- mon_command({"prefix": "status", "format": "json-pretty"} v 0) v1 -- 0x7fc79419cb20 con 0x7fc794103430
2022-08-20T04:25:48.938 INFO:teuthology.orchestra.run.smithi007.stdout:/usr/bin/ceph: stderr
2022-08-20T04:25:48.357+0000 7fc791ffb700 1 -- 172.21.15.7:0/2622858409 <== mon.0 v2:172.21.15.7:3300/0 7 ==== mon_command_ack([{"prefix": "status", "format": "json-pretty"}]=0 v0) v1 ==== 79+0+1240 (secure 0 0 0) 0x7fc788018b00 con 0x7fc794103430
2022-08-20T04:25:48.938 INFO:teuthology.orchestra.run.smithi007.stdout:/usr/bin/ceph: stderr
2022-08-20T04:25:48.360+0000 7fc79af52700 1 -- 172.21.15.7:0/2622858409 >> [v2:172.21.15.7:6800/4227346351,v1:172.21.15.7:6801/4227346351] conn(0x7fc7780359c0 msgr2=0x7fc778037e70 secure :-1 s=STATE_CONNECTION_ESTABLISHED l=1).mark_down
2022-08-20T04:25:48.939 INFO:teuthology.orchestra.run.smithi007.stdout:/usr/bin/ceph: stderr
2022-08-20T04:25:48.360+0000 7fc79af52700 1 --2- 172.21.15.7:0/2622858409 >> [v2:172.21.15.7:6800/4227346351,v1:172.21.15.7:6801/4227346351] conn(0x7fc7780359c0 0x7fc778037e70 secure :-1 s=READY pgs=6 cs=0 l=1 rev1=1 crypto rx=0x7fc780009750 tx=0x7fc780006cc0 comp rx=0 tx=0).stop
2022-08-20T04:25:48.939 INFO:teuthology.orchestra.run.smithi007.stdout:/usr/bin/ceph: stderr
2022-08-20T04:25:48.360+0000 7fc79af52700 1 -- 172.21.15.7:0/2622858409 >> [v2:172.21.15.7:3300/0,v1:172.21.15.7:6789/0] conn(0x7fc794103430 msgr2=0x7fc794199170 secure :-1 s=STATE_CONNECTION_ESTABLISHED l=1).mark_down
2022-08-20T04:25:48.939 INFO:teuthology.orchestra.run.smithi007.stdout:/usr/bin/ceph: stderr
2022-08-20T04:25:48.360+0000 7fc79af52700 1 --2- 172.21.15.7:0/2622858409 >> [v2:172.21.15.7:3300/0,v1:172.21.15.7:6789/0] conn(0x7fc794103430 0x7fc794199170 secure :-1 s=READY pgs=21 cs=0 l=1 rev1=1 crypto rx=0x7fc788003f00 tx=0x7fc788003fe0 comp rx=0 tx=0).stop
2022-08-20T04:25:48.939 INFO:teuthology.orchestra.run.smithi007.stdout:/usr/bin/ceph: stderr
2022-08-20T04:25:48.360+0000 7fc79af52700 1 -- 172.21.15.7:0/2622858409 shutdown_connections
2022-08-20T04:25:48.940 INFO:teuthology.orchestra.run.smithi007.stdout:/usr/bin/ceph: stderr
2022-08-20T04:25:48.360+0000 7fc79af52700 1 --2- 172.21.15.7:0/2622858409 >> [v2:172.21.15.7:6800/4227346351,v1:172.21.15.7:6801/4227346351] conn(0x7fc7780359c0 0x7fc778037e70 unknown :-1 s=CLOSED pgs=6 cs=0 l=1 rev1=1 crypto rx=0 tx=0 comp rx=0 tx=0).stop
2022-08-20T04:25:48.940 INFO:teuthology.orchestra.run.smithi007.stdout:/usr/bin/ceph: stderr
2022-08-20T04:25:48.360+0000 7fc79af52700 1 --2- 172.21.15.7:0/2622858409 >> [v2:172.21.15.7:3300/0,v1:172.21.15.7:6789/0] conn(0x7fc794103430 0x7fc794199170 unknown :-1 s=CLOSED pgs=21 cs=0 l=1 rev1=1 crypto rx=0 tx=0 comp rx=0 tx=0).stop
2022-08-20T04:25:48.940 INFO:teuthology.orchestra.run.smithi007.stdout:/usr/bin/ceph: stderr
2022-08-20T04:25:48.360+0000 7fc79af52700 1 -- 172.21.15.7:0/2622858409 >> 172.21.15.7:0/2622858409 conn(0x7fc7940feb20 msgr2=0x7fc7940ff8c0 unknown :-1 s=STATE_NONE l=0).mark_down
2022-08-20T04:25:48.940 INFO:teuthology.orchestra.run.smithi007.stdout:/usr/bin/ceph: stderr
2022-08-20T04:25:48.360+0000 7fc79af52700 1 -- 172.21.15.7:0/2622858409 shutdown_connections
2022-08-20T04:25:48.941 INFO:teuthology.orchestra.run.smithi007.stdout:/usr/bin/ceph: stderr
2022-08-20T04:25:48.360+0000 7fc79af52700 1 -- 172.21.15.7:0/2622858409 wait complete.
2022-08-20T04:25:48.941 INFO:teuthology.orchestra.run.smithi007.stdout:mgr is available
2022-08-20T04:25:50.073 INFO:journalctl@ceph.mon.a.smithi007.stdout:Aug 20 04:25:49 smithi007 ceph-mon[89789]: from='client.? 172.21.15.7:0/3368822530' entity='client.admin' cmd=[{"prefix": "config assimilate-conf"}]: dispatch
2022-08-20T04:25:50.212 INFO:teuthology.orchestra.run.smithi007.stdout:/usr/bin/ceph: stdout
2022-08-20T04:25:50.212 INFO:teuthology.orchestra.run.smithi007.stdout:/usr/bin/ceph: stdout [global]
2022-08-20T04:25:50.212 INFO:teuthology.orchestra.run.smithi007.stdout:/usr/bin/ceph: stdout fsid = efa192e2-203f-11ed-8431-001a4aab830c
2022-08-20T04:25:50.213 INFO:teuthology.orchestra.run.smithi007.stdout:/usr/bin/ceph: stdout mon_osd_allow_pg_remap = true
2022-08-20T04:25:50.213 INFO:teuthology.orchestra.run.smithi007.stdout:/usr/bin/ceph: stdout mon_osd_allow_primary_affinity = true
2022-08-20T04:25:50.213 INFO:teuthology.orchestra.run.smithi007.stdout:/usr/bin/ceph: stdout mon_warn_on_no_sortbitwise = false
2022-08-20T04:25:50.213 INFO:teuthology.orchestra.run.smithi007.stdout:/usr/bin/ceph: stdout osd_crush_chooseleaf_type = 0
2022-08-20T04:25:50.214 INFO:teuthology.orchestra.run.smithi007.stdout:/usr/bin/ceph: stdout
2022-08-20T04:25:50.214 INFO:teuthology.orchestra.run.smithi007.stdout:/usr/bin/ceph: stdout [mgr]
2022-08-20T04:25:50.214 INFO:teuthology.orchestra.run.smithi007.stdout:/usr/bin/ceph: stdout mgr/telemetry/nag = false
2022-08-20T04:25:50.214 INFO:teuthology.orchestra.run.smithi007.stdout:/usr/bin/ceph: stdout
2022-08-20T04:25:50.215 INFO:teuthology.orchestra.run.smithi007.stdout:/usr/bin/ceph: stdout [osd]
2022-08-20T04:25:50.215 INFO:teuthology.orchestra.run.smithi007.stdout:/usr/bin/ceph: stdout mon_osd_backfillfull_ratio = 0.85
2022-08-20T04:25:50.215 INFO:teuthology.orchestra.run.smithi007.stdout:/usr/bin/ceph: stdout mon_osd_full_ratio = 0.9
2022-08-20T04:25:50.215 INFO:teuthology.orchestra.run.smithi007.stdout:/usr/bin/ceph: stdout mon_osd_nearfull_ratio = 0.8
2022-08-20T04:25:50.216 INFO:teuthology.orchestra.run.smithi007.stdout:/usr/bin/ceph: stdout osd_map_max_advance = 10
2022-08-20T04:25:50.216 INFO:teuthology.orchestra.run.smithi007.stdout:/usr/bin/ceph: stdout osd_sloppy_crc = true
2022-08-20T04:25:50.216 INFO:teuthology.orchestra.run.smithi007.stdout:/usr/bin/ceph: stderr
2022-08-20T04:25:49.545+0000 7fb03e15d700 1 Processor -- start
2022-08-20T04:25:50.216 INFO:teuthology.orchestra.run.smithi007.stdout:/usr/bin/ceph: stderr
2022-08-20T04:25:49.546+0000 7fb03e15d700 1 -- start start
2022-08-20T04:25:50.217 INFO:teuthology.orchestra.run.smithi007.stdout:/usr/bin/ceph: stderr
2022-08-20T04:25:49.546+0000 7fb03e15d700 1 --2- >> [v2:172.21.15.7:3300/0,v1:172.21.15.7:6789/0] conn(0x7fb038103430 0x7fb038103840 unknown :-1 s=NONE pgs=0 cs=0 l=0 rev1=0 crypto rx=0 tx=0 comp rx=0 tx=0).connect
2022-08-20T04:25:50.217 INFO:teuthology.orchestra.run.smithi007.stdout:/usr/bin/ceph: stderr
2022-08-20T04:25:49.546+0000 7fb03e15d700 1 -- --> [v2:172.21.15.7:3300/0,v1:172.21.15.7:6789/0] -- mon_getmap magic: 0 v1 -- 0x7fb038103d80 con 0x7fb038103430
2022-08-20T04:25:50.217 INFO:teuthology.orchestra.run.smithi007.stdout:/usr/bin/ceph: stderr
2022-08-20T04:25:49.547+0000 7fb0377fe700 1 --2- >> [v2:172.21.15.7:3300/0,v1:172.21.15.7:6789/0] conn(0x7fb038103430 0x7fb038103840 unknown :-1 s=BANNER_CONNECTING pgs=0 cs=0 l=0 rev1=0 crypto rx=0 tx=0 comp rx=0 tx=0)._handle_peer_banner_payload supported=3 required=0
2022-08-20T04:25:50.217 INFO:teuthology.orchestra.run.smithi007.stdout:/usr/bin/ceph: stderr
2022-08-20T04:25:49.547+0000 7fb0377fe700 1 --2- >> [v2:172.21.15.7:3300/0,v1:172.21.15.7:6789/0] conn(0x7fb038103430 0x7fb038103840 unknown :-1 s=HELLO_CONNECTING pgs=0 cs=0 l=0 rev1=1 crypto rx=0 tx=0 comp rx=0 tx=0).handle_hello peer v2:172.21.15.7:3300/0 says I am v2:172.21.15.7:60372/0 (socket says 172.21.15.7:60372)
2022-08-20T04:25:50.218 INFO:teuthology.orchestra.run.smithi007.stdout:/usr/bin/ceph: stderr
2022-08-20T04:25:49.547+0000 7fb0377fe700 1 -- 172.21.15.7:0/853972610 learned_addr learned my addr 172.21.15.7:0/853972610 (peer_addr_for_me v2:172.21.15.7:0/0)
2022-08-20T04:25:50.218 INFO:teuthology.orchestra.run.smithi007.stdout:/usr/bin/ceph: stderr
2022-08-20T04:25:49.547+0000 7fb0377fe700 1 -- 172.21.15.7:0/853972610 --> [v2:172.21.15.7:3300/0,v1:172.21.15.7:6789/0] -- mon_subscribe({config=0+,monmap=0+}) v3 -- 0x7fb038103ec0 con 0x7fb038103430
2022-08-20T04:25:50.218 INFO:teuthology.orchestra.run.smithi007.stdout:/usr/bin/ceph: stderr
2022-08-20T04:25:49.547+0000 7fb0377fe700 1 --2- 172.21.15.7:0/853972610 >> [v2:172.21.15.7:3300/0,v1:172.21.15.7:6789/0] conn(0x7fb038103430 0x7fb038103840 secure :-1 s=READY pgs=22 cs=0 l=1 rev1=1 crypto rx=0x7fb028009700 tx=0x7fb028009a10 comp rx=0 tx=0).ready entity=mon.0 client_cookie=ab5510a08e1bacd4 server_cookie=0 in_seq=0 out_seq=0
2022-08-20T04:25:50.218 INFO:teuthology.orchestra.run.smithi007.stdout:/usr/bin/ceph: stderr
2022-08-20T04:25:49.548+0000 7fb0367fc700 1 -- 172.21.15.7:0/853972610 <== mon.0 v2:172.21.15.7:3300/0 1 ==== mon_map magic: 0 v1 ==== 205+0+0 (secure 0 0 0) 0x7fb028004160 con 0x7fb038103430
2022-08-20T04:25:50.219 INFO:teuthology.orchestra.run.smithi007.stdout:/usr/bin/ceph: stderr
2022-08-20T04:25:49.548+0000 7fb0367fc700 1 -- 172.21.15.7:0/853972610 <== mon.0 v2:172.21.15.7:3300/0 2 ==== config(26 keys) v1 ==== 1049+0+0 (secure 0 0 0) 0x7fb0280042c0 con 0x7fb038103430
2022-08-20T04:25:50.219 INFO:teuthology.orchestra.run.smithi007.stdout:/usr/bin/ceph: stderr
2022-08-20T04:25:49.548+0000 7fb0367fc700 1 -- 172.21.15.7:0/853972610 <== mon.0 v2:172.21.15.7:3300/0 3 ==== mon_map magic: 0 v1 ==== 205+0+0 (secure 0 0 0) 0x7fb0280039d0 con 0x7fb038103430
2022-08-20T04:25:50.219 INFO:teuthology.orchestra.run.smithi007.stdout:/usr/bin/ceph: stderr
2022-08-20T04:25:49.548+0000 7fb03e15d700 1 -- 172.21.15.7:0/853972610 >> [v2:172.21.15.7:3300/0,v1:172.21.15.7:6789/0] conn(0x7fb038103430 msgr2=0x7fb038103840 secure :-1 s=STATE_CONNECTION_ESTABLISHED l=1).mark_down
2022-08-20T04:25:50.219 INFO:teuthology.orchestra.run.smithi007.stdout:/usr/bin/ceph: stderr
2022-08-20T04:25:49.548+0000 7fb03e15d700 1 --2- 172.21.15.7:0/853972610 >> [v2:172.21.15.7:3300/0,v1:172.21.15.7:6789/0] conn(0x7fb038103430 0x7fb038103840 secure :-1 s=READY pgs=22 cs=0 l=1 rev1=1 crypto rx=0x7fb028009700 tx=0x7fb028009a10 comp rx=0 tx=0).stop
2022-08-20T04:25:50.220 INFO:teuthology.orchestra.run.smithi007.stdout:/usr/bin/ceph: stderr
2022-08-20T04:25:49.548+0000 7fb03e15d700 1 -- 172.21.15.7:0/853972610 shutdown_connections
2022-08-20T04:25:50.220 INFO:teuthology.orchestra.run.smithi007.stdout:/usr/bin/ceph: stderr
2022-08-20T04:25:49.548+0000 7fb03e15d700 1 --2- 172.21.15.7:0/853972610 >> [v2:172.21.15.7:3300/0,v1:172.21.15.7:6789/0] conn(0x7fb038103430 0x7fb038103840 unknown :-1 s=CLOSED pgs=22 cs=0 l=1 rev1=1 crypto rx=0 tx=0 comp rx=0 tx=0).stop
2022-08-20T04:25:50.220 INFO:teuthology.orchestra.run.smithi007.stdout:/usr/bin/ceph: stderr
2022-08-20T04:25:49.548+0000 7fb03e15d700 1 -- 172.21.15.7:0/853972610 >> 172.21.15.7:0/853972610 conn(0x7fb0380feb20 msgr2=0x7fb038100f50 unknown :-1 s=STATE_NONE l=0).mark_down
2022-08-20T04:25:50.220 INFO:teuthology.orchestra.run.smithi007.stdout:/usr/bin/ceph: stderr
2022-08-20T04:25:49.549+0000 7fb03e15d700 1 -- 172.21.15.7:0/853972610 shutdown_connections
2022-08-20T04:25:50.220 INFO:teuthology.orchestra.run.smithi007.stdout:/usr/bin/ceph: stderr
2022-08-20T04:25:49.549+0000 7fb03e15d700 1 -- 172.21.15.7:0/853972610 wait complete.
2022-08-20T04:25:50.221 INFO:teuthology.orchestra.run.smithi007.stdout:/usr/bin/ceph: stderr
2022-08-20T04:25:49.550+0000 7fb03e15d700 1 Processor -- start
2022-08-20T04:25:50.221 INFO:teuthology.orchestra.run.smithi007.stdout:/usr/bin/ceph: stderr
2022-08-20T04:25:49.550+0000 7fb03e15d700 1 -- start start
2022-08-20T04:25:50.221 INFO:teuthology.orchestra.run.smithi007.stdout:/usr/bin/ceph: stderr
2022-08-20T04:25:49.550+0000 7fb03e15d700 1 --2- >> [v2:172.21.15.7:3300/0,v1:172.21.15.7:6789/0] conn(0x7fb038103430 0x7fb038199170 unknown :-1 s=NONE pgs=0 cs=0 l=1 rev1=0 crypto rx=0 tx=0 comp rx=0 tx=0).connect
2022-08-20T04:25:50.221 INFO:teuthology.orchestra.run.smithi007.stdout:/usr/bin/ceph: stderr
2022-08-20T04:25:49.550+0000 7fb03e15d700 1 -- --> [v2:172.21.15.7:3300/0,v1:172.21.15.7:6789/0] -- mon_getmap magic: 0 v1 -- 0x7fb0381996b0 con 0x7fb038103430
2022-08-20T04:25:50.222 INFO:teuthology.orchestra.run.smithi007.stdout:/usr/bin/ceph: stderr
2022-08-20T04:25:49.551+0000 7fb0377fe700 1 --2- >> [v2:172.21.15.7:3300/0,v1:172.21.15.7:6789/0] conn(0x7fb038103430 0x7fb038199170 unknown :-1 s=BANNER_CONNECTING pgs=0 cs=0 l=1 rev1=0 crypto rx=0 tx=0 comp rx=0 tx=0)._handle_peer_banner_payload supported=3 required=0
2022-08-20T04:25:50.222 INFO:teuthology.orchestra.run.smithi007.stdout:/usr/bin/ceph: stderr
2022-08-20T04:25:49.551+0000 7fb0377fe700 1 --2- >> [v2:172.21.15.7:3300/0,v1:172.21.15.7:6789/0] conn(0x7fb038103430 0x7fb038199170 unknown :-1 s=HELLO_CONNECTING pgs=0 cs=0 l=1 rev1=1 crypto rx=0 tx=0 comp rx=0 tx=0).handle_hello peer v2:172.21.15.7:3300/0 says I am v2:172.21.15.7:60386/0 (socket says 172.21.15.7:60386)
2022-08-20T04:25:50.222 INFO:teuthology.orchestra.run.smithi007.stdout:/usr/bin/ceph: stderr
2022-08-20T04:25:49.551+0000 7fb0377fe700 1 -- 172.21.15.7:0/3368822530 learned_addr learned my addr 172.21.15.7:0/3368822530 (peer_addr_for_me v2:172.21.15.7:0/0)
2022-08-20T04:25:50.222 INFO:teuthology.orchestra.run.smithi007.stdout:/usr/bin/ceph: stderr
2022-08-20T04:25:49.551+0000 7fb0377fe700 1 -- 172.21.15.7:0/3368822530 --> [v2:172.21.15.7:3300/0,v1:172.21.15.7:6789/0] -- mon_subscribe({config=0+,monmap=0+}) v3 -- 0x7fb0280093e0 con 0x7fb038103430
2022-08-20T04:25:50.223 INFO:teuthology.orchestra.run.smithi007.stdout:/usr/bin/ceph: stderr
2022-08-20T04:25:49.551+0000 7fb0377fe700 1 --2- 172.21.15.7:0/3368822530 >> [v2:172.21.15.7:3300/0,v1:172.21.15.7:6789/0] conn(0x7fb038103430 0x7fb038199170 secure :-1 s=READY pgs=23 cs=0 l=1 rev1=1 crypto rx=0x7fb028003f00 tx=0x7fb028003fe0 comp rx=0 tx=0).ready entity=mon.0 client_cookie=0 server_cookie=0 in_seq=0 out_seq=0
2022-08-20T04:25:50.223 INFO:teuthology.orchestra.run.smithi007.stdout:/usr/bin/ceph: stderr
2022-08-20T04:25:49.552+0000 7fb034ff9700 1 -- 172.21.15.7:0/3368822530 <== mon.0 v2:172.21.15.7:3300/0 1 ==== mon_map magic: 0 v1 ==== 205+0+0 (secure 0 0 0) 0x7fb028011950 con 0x7fb038103430
2022-08-20T04:25:50.223 INFO:teuthology.orchestra.run.smithi007.stdout:/usr/bin/ceph: stderr
2022-08-20T04:25:49.552+0000 7fb034ff9700 1 -- 172.21.15.7:0/3368822530 <== mon.0 v2:172.21.15.7:3300/0 2 ==== config(26 keys) v1 ==== 1049+0+0 (secure 0 0 0) 0x7fb028011ab0 con 0x7fb038103430
2022-08-20T04:25:50.223 INFO:teuthology.orchestra.run.smithi007.stdout:/usr/bin/ceph: stderr
2022-08-20T04:25:49.552+0000 7fb03e15d700 1 -- 172.21.15.7:0/3368822530 --> [v2:172.21.15.7:3300/0,v1:172.21.15.7:6789/0] -- mon_subscribe({mgrmap=0+}) v3 -- 0x7fb0381998b0 con 0x7fb038103430
2022-08-20T04:25:50.223 INFO:teuthology.orchestra.run.smithi007.stdout:/usr/bin/ceph: stderr
2022-08-20T04:25:49.552+0000 7fb034ff9700 1 -- 172.21.15.7:0/3368822530 <== mon.0 v2:172.21.15.7:3300/0 3 ==== mon_map magic: 0 v1 ==== 205+0+0 (secure 0 0 0) 0x7fb028019550 con 0x7fb038103430
2022-08-20T04:25:50.224 INFO:teuthology.orchestra.run.smithi007.stdout:/usr/bin/ceph: stderr
2022-08-20T04:25:49.552+0000 7fb03e15d700 1 -- 172.21.15.7:0/3368822530 --> [v2:172.21.15.7:3300/0,v1:172.21.15.7:6789/0] -- mon_subscribe({osdmap=0}) v3 -- 0x7fb038199ce0 con 0x7fb038103430
2022-08-20T04:25:50.224 INFO:teuthology.orchestra.run.smithi007.stdout:/usr/bin/ceph: stderr
2022-08-20T04:25:49.553+0000 7fb03e15d700 1 -- 172.21.15.7:0/3368822530 --> [v2:172.21.15.7:3300/0,v1:172.21.15.7:6789/0] -- mon_command({"prefix": "get_command_descriptions"} v 0) v1 -- 0x7fb038105270 con 0x7fb038103430
2022-08-20T04:25:50.224 INFO:teuthology.orchestra.run.smithi007.stdout:/usr/bin/ceph: stderr
2022-08-20T04:25:49.553+0000 7fb034ff9700 1 -- 172.21.15.7:0/3368822530 <== mon.0 v2:172.21.15.7:3300/0 4 ==== mgrmap(e 4) v1 ==== 42798+0+0 (secure 0 0 0) 0x7fb02802a020 con 0x7fb038103430
2022-08-20T04:25:50.224 INFO:teuthology.orchestra.run.smithi007.stdout:/usr/bin/ceph: stderr
2022-08-20T04:25:49.554+0000 7fb034ff9700 1 --2- 172.21.15.7:0/3368822530 >> [v2:172.21.15.7:6800/4227346351,v1:172.21.15.7:6801/4227346351] conn(0x7fb0240359c0 0x7fb024037e70 unknown :-1 s=NONE pgs=0 cs=0 l=1 rev1=0 crypto rx=0 tx=0 comp rx=0 tx=0).connect
2022-08-20T04:25:50.225 INFO:teuthology.orchestra.run.smithi007.stdout:/usr/bin/ceph: stderr
2022-08-20T04:25:49.554+0000 7fb034ff9700 1 -- 172.21.15.7:0/3368822530 <== mon.0 v2:172.21.15.7:3300/0 5 ==== osd_map(1..1 src has 1..1) v4 ==== 721+0+0 (secure 0 0 0) 0x7fb028048c60 con 0x7fb038103430
2022-08-20T04:25:50.225 INFO:teuthology.orchestra.run.smithi007.stdout:/usr/bin/ceph: stderr
2022-08-20T04:25:49.554+0000 7fb036ffd700 1 --2- 172.21.15.7:0/3368822530 >> [v2:172.21.15.7:6800/4227346351,v1:172.21.15.7:6801/4227346351] conn(0x7fb0240359c0 0x7fb024037e70 unknown :-1 s=BANNER_CONNECTING pgs=0 cs=0 l=1 rev1=0 crypto rx=0 tx=0 comp rx=0 tx=0)._handle_peer_banner_payload supported=3 required=0
2022-08-20T04:25:50.225 INFO:teuthology.orchestra.run.smithi007.stdout:/usr/bin/ceph: stderr
2022-08-20T04:25:49.555+0000 7fb036ffd700 1 --2- 172.21.15.7:0/3368822530 >> [v2:172.21.15.7:6800/4227346351,v1:172.21.15.7:6801/4227346351] conn(0x7fb0240359c0 0x7fb024037e70 secure :-1 s=READY pgs=7 cs=0 l=1 rev1=1 crypto rx=0x7fb02c009750 tx=0x7fb02c006cc0 comp rx=0 tx=0).ready entity=mgr.14100 client_cookie=0 server_cookie=0 in_seq=0 out_seq=0
2022-08-20T04:25:50.225 INFO:teuthology.orchestra.run.smithi007.stdout:/usr/bin/ceph: stderr
2022-08-20T04:25:49.559+0000 7fb034ff9700 1 -- 172.21.15.7:0/3368822530 <== mon.0 v2:172.21.15.7:3300/0 6 ==== mon_command_ack([{"prefix": "get_command_descriptions"}]=0 v0) v1 ==== 72+0+170955 (secure 0 0 0) 0x7fb02802b340 con 0x7fb038103430
2022-08-20T04:25:50.226 INFO:teuthology.orchestra.run.smithi007.stdout:/usr/bin/ceph: stderr
2022-08-20T04:25:49.778+0000 7fb03e15d700 1 -- 172.21.15.7:0/3368822530 --> [v2:172.21.15.7:3300/0,v1:172.21.15.7:6789/0] -- mon_command({"prefix": "config assimilate-conf"} v 0) v1 -- 0x7fb03819cb20 con 0x7fb038103430
2022-08-20T04:25:50.226 INFO:teuthology.orchestra.run.smithi007.stdout:/usr/bin/ceph: stderr
2022-08-20T04:25:49.779+0000 7fb034ff9700 1 -- 172.21.15.7:0/3368822530 <== mon.0 v2:172.21.15.7:3300/0 7 ==== mon_command_ack([{"prefix": "config assimilate-conf"}]=0 v3) v1 ==== 70+0+373 (secure 0 0 0) 0x7fb028018b40 con 0x7fb038103430
2022-08-20T04:25:50.226 INFO:teuthology.orchestra.run.smithi007.stdout:/usr/bin/ceph: stderr
2022-08-20T04:25:49.782+0000 7fb03e15d700 1 -- 172.21.15.7:0/3368822530 >> [v2:172.21.15.7:6800/4227346351,v1:172.21.15.7:6801/4227346351] conn(0x7fb0240359c0 msgr2=0x7fb024037e70 secure :-1 s=STATE_CONNECTION_ESTABLISHED l=1).mark_down
2022-08-20T04:25:50.226 INFO:teuthology.orchestra.run.smithi007.stdout:/usr/bin/ceph: stderr
2022-08-20T04:25:49.782+0000 7fb03e15d700 1 --2- 172.21.15.7:0/3368822530 >> [v2:172.21.15.7:6800/4227346351,v1:172.21.15.7:6801/4227346351] conn(0x7fb0240359c0 0x7fb024037e70 secure :-1 s=READY pgs=7 cs=0 l=1 rev1=1 crypto rx=0x7fb02c009750 tx=0x7fb02c006cc0 comp rx=0 tx=0).stop
2022-08-20T04:25:50.226 INFO:teuthology.orchestra.run.smithi007.stdout:/usr/bin/ceph: stderr
2022-08-20T04:25:49.782+0000 7fb03e15d700 1 -- 172.21.15.7:0/3368822530 >> [v2:172.21.15.7:3300/0,v1:172.21.15.7:6789/0] conn(0x7fb038103430 msgr2=0x7fb038199170 secure :-1 s=STATE_CONNECTION_ESTABLISHED l=1).mark_down
2022-08-20T04:25:50.227 INFO:teuthology.orchestra.run.smithi007.stdout:/usr/bin/ceph: stderr
2022-08-20T04:25:49.782+0000 7fb03e15d700 1 --2- 172.21.15.7:0/3368822530 >> [v2:172.21.15.7:3300/0,v1:172.21.15.7:6789/0] conn(0x7fb038103430 0x7fb038199170 secure :-1 s=READY pgs=23 cs=0 l=1 rev1=1 crypto rx=0x7fb028003f00 tx=0x7fb028003fe0 comp rx=0 tx=0).stop
2022-08-20T04:25:50.227 INFO:teuthology.orchestra.run.smithi007.stdout:/usr/bin/ceph: stderr
2022-08-20T04:25:49.782+0000 7fb03e15d700 1 -- 172.21.15.7:0/3368822530 shutdown_connections
2022-08-20T04:25:50.227 INFO:teuthology.orchestra.run.smithi007.stdout:/usr/bin/ceph: stderr
2022-08-20T04:25:49.782+0000 7fb03e15d700 1 --2- 172.21.15.7:0/3368822530 >> [v2:172.21.15.7:6800/4227346351,v1:172.21.15.7:6801/4227346351] conn(0x7fb0240359c0 0x7fb024037e70 unknown :-1 s=CLOSED pgs=7 cs=0 l=1 rev1=1 crypto rx=0 tx=0 comp rx=0 tx=0).stop
2022-08-20T04:25:50.227 INFO:teuthology.orchestra.run.smithi007.stdout:/usr/bin/ceph: stderr
2022-08-20T04:25:49.782+0000 7fb03e15d700 1 --2- 172.21.15.7:0/3368822530 >> [v2:172.21.15.7:3300/0,v1:172.21.15.7:6789/0] conn(0x7fb038103430 0x7fb038199170 unknown :-1 s=CLOSED pgs=23 cs=0 l=1 rev1=1 crypto rx=0 tx=0 comp rx=0 tx=0).stop
2022-08-20T04:25:50.228 INFO:teuthology.orchestra.run.smithi007.stdout:/usr/bin/ceph: stderr
2022-08-20T04:25:49.782+0000 7fb03e15d700 1 -- 172.21.15.7:0/3368822530 >> 172.21.15.7:0/3368822530 conn(0x7fb0380feb20 msgr2=0x7fb0380ff940 unknown :-1 s=STATE_NONE l=0).mark_down
2022-08-20T04:25:50.228 INFO:teuthology.orchestra.run.smithi007.stdout:/usr/bin/ceph: stderr
2022-08-20T04:25:49.782+0000 7fb03e15d700 1 -- 172.21.15.7:0/3368822530 shutdown_connections
2022-08-20T04:25:50.228 INFO:teuthology.orchestra.run.smithi007.stdout:/usr/bin/ceph: stderr
2022-08-20T04:25:49.782+0000 7fb03e15d700 1 -- 172.21.15.7:0/3368822530 wait complete.
2022-08-20T04:25:50.228 INFO:teuthology.orchestra.run.smithi007.stdout:Enabling cephadm module...
2022-08-20T04:25:51.573 INFO:journalctl@ceph.mon.a.smithi007.stdout:Aug 20 04:25:51 smithi007 ceph-mon[89789]: from='client.? 172.21.15.7:0/1232182824' entity='client.admin' cmd=[{"prefix": "mgr module enable", "module": "cephadm"}]: dispatch
2022-08-20T04:25:51.573 INFO:journalctl@ceph.mgr.x.smithi007.stdout:Aug 20 04:25:51 smithi007 ceph-efa192e2-203f-11ed-8431-001a4aab830c-mgr-x[90046]: ignoring --setuser ceph since I am not root
2022-08-20T04:25:51.573 INFO:journalctl@ceph.mgr.x.smithi007.stdout:Aug 20 04:25:51 smithi007 ceph-efa192e2-203f-11ed-8431-001a4aab830c-mgr-x[90046]: ignoring --setgroup ceph since I am not root
2022-08-20T04:25:51.708 INFO:teuthology.orchestra.run.smithi007.stdout:/usr/bin/ceph: stderr
2022-08-20T04:25:50.848+0000 7f602588d700 1 Processor -- start
2022-08-20T04:25:51.714 INFO:teuthology.orchestra.run.smithi007.stdout:/usr/bin/ceph: stderr
2022-08-20T04:25:50.848+0000 7f602588d700 1 -- start start
2022-08-20T04:25:51.714 INFO:teuthology.orchestra.run.smithi007.stdout:/usr/bin/ceph: stderr
2022-08-20T04:25:50.848+0000 7f602588d700 1 --2- >> [v2:172.21.15.7:3300/0,v1:172.21.15.7:6789/0] conn(0x7f6020103240 0x7f6020103650 unknown :-1 s=NONE pgs=0 cs=0 l=0 rev1=0 crypto rx=0 tx=0 comp rx=0 tx=0).connect
2022-08-20T04:25:51.714 INFO:teuthology.orchestra.run.smithi007.stdout:/usr/bin/ceph: stderr
2022-08-20T04:25:50.849+0000 7f602588d700 1 -- --> [v2:172.21.15.7:3300/0,v1:172.21.15.7:6789/0] -- mon_getmap magic: 0 v1 -- 0x7f6020103b90 con 0x7f6020103240
2022-08-20T04:25:51.714 INFO:teuthology.orchestra.run.smithi007.stdout:/usr/bin/ceph: stderr
2022-08-20T04:25:50.849+0000 7f602488b700 1 --2- >> [v2:172.21.15.7:3300/0,v1:172.21.15.7:6789/0] conn(0x7f6020103240 0x7f6020103650 unknown :-1 s=BANNER_CONNECTING pgs=0 cs=0 l=0 rev1=0 crypto rx=0 tx=0 comp rx=0 tx=0)._handle_peer_banner_payload supported=3 required=0
2022-08-20T04:25:51.715 INFO:teuthology.orchestra.run.smithi007.stdout:/usr/bin/ceph: stderr
2022-08-20T04:25:50.849+0000 7f602488b700 1 --2- >> [v2:172.21.15.7:3300/0,v1:172.21.15.7:6789/0] conn(0x7f6020103240 0x7f6020103650 unknown :-1 s=HELLO_CONNECTING pgs=0 cs=0 l=0 rev1=1 crypto rx=0 tx=0 comp rx=0 tx=0).handle_hello peer v2:172.21.15.7:3300/0 says I am v2:172.21.15.7:52784/0 (socket says 172.21.15.7:52784)
2022-08-20T04:25:51.715 INFO:teuthology.orchestra.run.smithi007.stdout:/usr/bin/ceph: stderr
2022-08-20T04:25:50.849+0000 7f602488b700 1 -- 172.21.15.7:0/2181174143 learned_addr learned my addr 172.21.15.7:0/2181174143 (peer_addr_for_me v2:172.21.15.7:0/0)
2022-08-20T04:25:51.715 INFO:teuthology.orchestra.run.smithi007.stdout:/usr/bin/ceph: stderr
2022-08-20T04:25:50.849+0000 7f602488b700 1 -- 172.21.15.7:0/2181174143 --> [v2:172.21.15.7:3300/0,v1:172.21.15.7:6789/0] -- mon_subscribe({config=0+,monmap=0+}) v3 -- 0x7f6020103cd0 con 0x7f6020103240
2022-08-20T04:25:51.715 INFO:teuthology.orchestra.run.smithi007.stdout:/usr/bin/ceph: stderr
2022-08-20T04:25:50.850+0000 7f602488b700 1 --2- 172.21.15.7:0/2181174143 >> [v2:172.21.15.7:3300/0,v1:172.21.15.7:6789/0] conn(0x7f6020103240 0x7f6020103650 secure :-1 s=READY pgs=24 cs=0 l=1 rev1=1 crypto rx=0x7f6014009700 tx=0x7f6014009a10 comp rx=0 tx=0).ready entity=mon.0 client_cookie=cc152059cdac8832 server_cookie=0 in_seq=0 out_seq=0
2022-08-20T04:25:51.716 INFO:teuthology.orchestra.run.smithi007.stdout:/usr/bin/ceph: stderr
2022-08-20T04:25:50.850+0000 7f601f7fe700 1 -- 172.21.15.7:0/2181174143 <== mon.0 v2:172.21.15.7:3300/0 1 ==== mon_map magic: 0 v1 ==== 205+0+0 (secure 0 0 0) 0x7f6014004160 con 0x7f6020103240
2022-08-20T04:25:51.716 INFO:teuthology.orchestra.run.smithi007.stdout:/usr/bin/ceph: stderr
2022-08-20T04:25:50.850+0000 7f601f7fe700 1 -- 172.21.15.7:0/2181174143 <== mon.0 v2:172.21.15.7:3300/0 2 ==== config(26 keys) v1 ==== 1049+0+0 (secure 0 0 0) 0x7f60140042c0 con 0x7f6020103240
2022-08-20T04:25:51.716 INFO:teuthology.orchestra.run.smithi007.stdout:/usr/bin/ceph: stderr
2022-08-20T04:25:50.850+0000 7f601f7fe700 1 -- 172.21.15.7:0/2181174143 <== mon.0 v2:172.21.15.7:3300/0 3 ==== mon_map magic: 0 v1 ==== 205+0+0 (secure 0 0 0) 0x7f60140039d0 con 0x7f6020103240
2022-08-20T04:25:51.716 INFO:teuthology.orchestra.run.smithi007.stdout:/usr/bin/ceph: stderr
2022-08-20T04:25:50.851+0000 7f602588d700 1 -- 172.21.15.7:0/2181174143 >> [v2:172.21.15.7:3300/0,v1:172.21.15.7:6789/0] conn(0x7f6020103240 msgr2=0x7f6020103650 secure :-1 s=STATE_CONNECTION_ESTABLISHED l=1).mark_down
2022-08-20T04:25:51.717 INFO:teuthology.orchestra.run.smithi007.stdout:/usr/bin/ceph: stderr
2022-08-20T04:25:50.851+0000 7f602588d700 1 --2- 172.21.15.7:0/2181174143 >> [v2:172.21.15.7:3300/0,v1:172.21.15.7:6789/0] conn(0x7f6020103240 0x7f6020103650 secure :-1 s=READY pgs=24 cs=0 l=1 rev1=1 crypto rx=0x7f6014009700 tx=0x7f6014009a10 comp rx=0 tx=0).stop
2022-08-20T04:25:51.717 INFO:teuthology.orchestra.run.smithi007.stdout:/usr/bin/ceph: stderr
2022-08-20T04:25:50.851+0000 7f602588d700 1 -- 172.21.15.7:0/2181174143 shutdown_connections
2022-08-20T04:25:51.717 INFO:teuthology.orchestra.run.smithi007.stdout:/usr/bin/ceph: stderr
2022-08-20T04:25:50.851+0000 7f602588d700 1 --2- 172.21.15.7:0/2181174143 >> [v2:172.21.15.7:3300/0,v1:172.21.15.7:6789/0] conn(0x7f6020103240 0x7f6020103650 unknown :-1 s=CLOSED pgs=24 cs=0 l=1 rev1=1 crypto rx=0 tx=0 comp rx=0 tx=0).stop
2022-08-20T04:25:51.717 INFO:teuthology.orchestra.run.smithi007.stdout:/usr/bin/ceph: stderr
2022-08-20T04:25:50.851+0000 7f602588d700 1 -- 172.21.15.7:0/2181174143 >> 172.21.15.7:0/2181174143 conn(0x7f60200fe950 msgr2=0x7f6020100d60 unknown :-1 s=STATE_NONE l=0).mark_down
2022-08-20T04:25:51.717 INFO:teuthology.orchestra.run.smithi007.stdout:/usr/bin/ceph: stderr
2022-08-20T04:25:50.851+0000 7f602588d700 1 -- 172.21.15.7:0/2181174143 shutdown_connections
2022-08-20T04:25:51.718 INFO:teuthology.orchestra.run.smithi007.stdout:/usr/bin/ceph: stderr
2022-08-20T04:25:50.851+0000 7f602588d700 1 -- 172.21.15.7:0/2181174143 wait complete.
2022-08-20T04:25:51.718 INFO:teuthology.orchestra.run.smithi007.stdout:/usr/bin/ceph: stderr
2022-08-20T04:25:50.853+0000 7f602588d700 1 Processor -- start
2022-08-20T04:25:51.718 INFO:teuthology.orchestra.run.smithi007.stdout:/usr/bin/ceph: stderr
2022-08-20T04:25:50.853+0000 7f602588d700 1 -- start start
2022-08-20T04:25:51.718 INFO:teuthology.orchestra.run.smithi007.stdout:/usr/bin/ceph: stderr
2022-08-20T04:25:50.853+0000 7f602588d700 1 --2- >> [v2:172.21.15.7:3300/0,v1:172.21.15.7:6789/0] conn(0x7f6020103240 0x7f6020196d30 unknown :-1 s=NONE pgs=0 cs=0 l=1 rev1=0 crypto rx=0 tx=0 comp rx=0 tx=0).connect
2022-08-20T04:25:51.719 INFO:teuthology.orchestra.run.smithi007.stdout:/usr/bin/ceph: stderr
2022-08-20T04:25:50.853+0000 7f602588d700 1 -- --> [v2:172.21.15.7:3300/0,v1:172.21.15.7:6789/0] -- mon_getmap magic: 0 v1 -- 0x7f6020197270 con 0x7f6020103240
2022-08-20T04:25:51.719 INFO:teuthology.orchestra.run.smithi007.stdout:/usr/bin/ceph: stderr
2022-08-20T04:25:50.854+0000 7f602488b700 1 --2- >> [v2:172.21.15.7:3300/0,v1:172.21.15.7:6789/0] conn(0x7f6020103240 0x7f6020196d30 unknown :-1 s=BANNER_CONNECTING pgs=0 cs=0 l=1 rev1=0 crypto rx=0 tx=0 comp rx=0 tx=0)._handle_peer_banner_payload supported=3 required=0
2022-08-20T04:25:51.719 INFO:teuthology.orchestra.run.smithi007.stdout:/usr/bin/ceph: stderr
2022-08-20T04:25:50.854+0000 7f602488b700 1 --2- >> [v2:172.21.15.7:3300/0,v1:172.21.15.7:6789/0] conn(0x7f6020103240 0x7f6020196d30 unknown :-1 s=HELLO_CONNECTING pgs=0 cs=0 l=1 rev1=1 crypto rx=0 tx=0 comp rx=0 tx=0).handle_hello peer v2:172.21.15.7:3300/0 says I am v2:172.21.15.7:52796/0 (socket says 172.21.15.7:52796)
2022-08-20T04:25:51.719 INFO:teuthology.orchestra.run.smithi007.stdout:/usr/bin/ceph: stderr
2022-08-20T04:25:50.854+0000 7f602488b700 1 -- 172.21.15.7:0/1232182824 learned_addr learned my addr 172.21.15.7:0/1232182824 (peer_addr_for_me v2:172.21.15.7:0/0)
2022-08-20T04:25:51.720 INFO:teuthology.orchestra.run.smithi007.stdout:/usr/bin/ceph: stderr
2022-08-20T04:25:50.854+0000 7f602488b700 1 -- 172.21.15.7:0/1232182824 --> [v2:172.21.15.7:3300/0,v1:172.21.15.7:6789/0] -- mon_subscribe({config=0+,monmap=0+}) v3 -- 0x7f60140093e0 con 0x7f6020103240
2022-08-20T04:25:51.720 INFO:teuthology.orchestra.run.smithi007.stdout:/usr/bin/ceph: stderr
2022-08-20T04:25:50.854+0000 7f602488b700 1 --2- 172.21.15.7:0/1232182824 >> [v2:172.21.15.7:3300/0,v1:172.21.15.7:6789/0] conn(0x7f6020103240 0x7f6020196d30 secure :-1 s=READY pgs=25 cs=0 l=1 rev1=1 crypto rx=0x7f6014003f00 tx=0x7f6014003fe0 comp rx=0 tx=0).ready entity=mon.0 client_cookie=0 server_cookie=0 in_seq=0 out_seq=0
2022-08-20T04:25:51.720 INFO:teuthology.orchestra.run.smithi007.stdout:/usr/bin/ceph: stderr
2022-08-20T04:25:50.855+0000 7f601dffb700 1 -- 172.21.15.7:0/1232182824 <== mon.0 v2:172.21.15.7:3300/0 1 ==== mon_map magic: 0 v1 ==== 205+0+0 (secure 0 0 0) 0x7f6014011950 con 0x7f6020103240
2022-08-20T04:25:51.720 INFO:teuthology.orchestra.run.smithi007.stdout:/usr/bin/ceph: stderr
2022-08-20T04:25:50.855+0000 7f601dffb700 1 -- 172.21.15.7:0/1232182824 <== mon.0 v2:172.21.15.7:3300/0 2 ==== config(26 keys) v1 ==== 1049+0+0 (secure 0 0 0) 0x7f6014011ab0 con 0x7f6020103240
2022-08-20T04:25:51.721 INFO:teuthology.orchestra.run.smithi007.stdout:/usr/bin/ceph: stderr
2022-08-20T04:25:50.855+0000 7f602588d700 1 -- 172.21.15.7:0/1232182824 --> [v2:172.21.15.7:3300/0,v1:172.21.15.7:6789/0] -- mon_subscribe({mgrmap=0+}) v3 -- 0x7f6020197470 con 0x7f6020103240
2022-08-20T04:25:51.721 INFO:teuthology.orchestra.run.smithi007.stdout:/usr/bin/ceph: stderr
2022-08-20T04:25:50.855+0000 7f601dffb700 1 -- 172.21.15.7:0/1232182824 <== mon.0 v2:172.21.15.7:3300/0 3 ==== mon_map magic: 0 v1 ==== 205+0+0 (secure 0 0 0) 0x7f6014019550 con 0x7f6020103240
2022-08-20T04:25:51.721 INFO:teuthology.orchestra.run.smithi007.stdout:/usr/bin/ceph: stderr
2022-08-20T04:25:50.855+0000 7f602588d700 1 -- 172.21.15.7:0/1232182824 --> [v2:172.21.15.7:3300/0,v1:172.21.15.7:6789/0] -- mon_subscribe({osdmap=0}) v3 -- 0x7f60201978a0 con 0x7f6020103240
2022-08-20T04:25:51.721 INFO:teuthology.orchestra.run.smithi007.stdout:/usr/bin/ceph: stderr
2022-08-20T04:25:50.856+0000 7f602588d700 1 -- 172.21.15.7:0/1232182824 --> [v2:172.21.15.7:3300/0,v1:172.21.15.7:6789/0] -- mon_command({"prefix": "get_command_descriptions"} v 0) v1 -- 0x7f6020060240 con 0x7f6020103240
2022-08-20T04:25:51.722 INFO:teuthology.orchestra.run.smithi007.stdout:/usr/bin/ceph: stderr
2022-08-20T04:25:50.856+0000 7f601dffb700 1 -- 172.21.15.7:0/1232182824 <== mon.0 v2:172.21.15.7:3300/0 4 ==== mgrmap(e 4) v1 ==== 42798+0+0 (secure 0 0 0) 0x7f601402a020 con 0x7f6020103240
2022-08-20T04:25:51.722 INFO:teuthology.orchestra.run.smithi007.stdout:/usr/bin/ceph: stderr
2022-08-20T04:25:50.856+0000 7f601dffb700 1 --2- 172.21.15.7:0/1232182824 >> [v2:172.21.15.7:6800/4227346351,v1:172.21.15.7:6801/4227346351] conn(0x7f60040359c0 0x7f6004037e70 unknown :-1 s=NONE pgs=0 cs=0 l=1 rev1=0 crypto rx=0 tx=0 comp rx=0 tx=0).connect
2022-08-20T04:25:51.722 INFO:teuthology.orchestra.run.smithi007.stdout:/usr/bin/ceph: stderr
2022-08-20T04:25:50.857+0000 7f601dffb700 1 -- 172.21.15.7:0/1232182824 <== mon.0 v2:172.21.15.7:3300/0 5 ==== osd_map(1..1 src has 1..1) v4 ==== 721+0+0 (secure 0 0 0) 0x7f6014048c30 con 0x7f6020103240
2022-08-20T04:25:51.722 INFO:teuthology.orchestra.run.smithi007.stdout:/usr/bin/ceph: stderr
2022-08-20T04:25:50.857+0000 7f601ffff700 1 --2- 172.21.15.7:0/1232182824 >> [v2:172.21.15.7:6800/4227346351,v1:172.21.15.7:6801/4227346351] conn(0x7f60040359c0 0x7f6004037e70 unknown :-1 s=BANNER_CONNECTING pgs=0 cs=0 l=1 rev1=0 crypto rx=0 tx=0 comp rx=0 tx=0)._handle_peer_banner_payload supported=3 required=0
2022-08-20T04:25:51.722 INFO:teuthology.orchestra.run.smithi007.stdout:/usr/bin/ceph: stderr
2022-08-20T04:25:50.858+0000 7f601ffff700 1 --2- 172.21.15.7:0/1232182824 >> [v2:172.21.15.7:6800/4227346351,v1:172.21.15.7:6801/4227346351] conn(0x7f60040359c0 0x7f6004037e70 secure :-1 s=READY pgs=8 cs=0 l=1 rev1=1 crypto rx=0x7f600c009750 tx=0x7f600c006cc0 comp rx=0 tx=0).ready entity=mgr.14100 client_cookie=0 server_cookie=0 in_seq=0 out_seq=0
2022-08-20T04:25:51.723 INFO:teuthology.orchestra.run.smithi007.stdout:/usr/bin/ceph: stderr
2022-08-20T04:25:50.862+0000 7f601dffb700 1 -- 172.21.15.7:0/1232182824 <== mon.0 v2:172.21.15.7:3300/0 6 ==== mon_command_ack([{"prefix": "get_command_descriptions"}]=0 v0) v1 ==== 72+0+170955 (secure 0 0 0) 0x7f6014011c20 con 0x7f6020103240
2022-08-20T04:25:51.723 INFO:teuthology.orchestra.run.smithi007.stdout:/usr/bin/ceph: stderr
2022-08-20T04:25:51.142+0000 7f602588d700 1 -- 172.21.15.7:0/1232182824 --> [v2:172.21.15.7:3300/0,v1:172.21.15.7:6789/0] -- mon_command({"prefix": "mgr module enable", "module": "cephadm"} v 0) v1 -- 0x7f6020105080 con 0x7f6020103240
2022-08-20T04:25:51.723 INFO:teuthology.orchestra.run.smithi007.stdout:/usr/bin/ceph: stderr
2022-08-20T04:25:51.196+0000 7f601dffb700 1 -- 172.21.15.7:0/1232182824 <== mon.0 v2:172.21.15.7:3300/0 7 ==== mgrmap(e 5) v1 ==== 42809+0+0 (secure 0 0 0) 0x7f6014017020 con 0x7f6020103240
2022-08-20T04:25:51.723 INFO:teuthology.orchestra.run.smithi007.stdout:/usr/bin/ceph: stderr
2022-08-20T04:25:51.198+0000 7f601dffb700 1 -- 172.21.15.7:0/1232182824 <== mon.0 v2:172.21.15.7:3300/0 8 ==== mon_command_ack([{"prefix": "mgr module enable", "module": "cephadm"}]=0 v5) v1 ==== 86+0+0 (secure 0 0 0) 0x7f601402c3a0 con 0x7f6020103240
2022-08-20T04:25:51.724 INFO:teuthology.orchestra.run.smithi007.stdout:/usr/bin/ceph: stderr
2022-08-20T04:25:51.200+0000 7f602588d700 1 -- 172.21.15.7:0/1232182824 >> [v2:172.21.15.7:6800/4227346351,v1:172.21.15.7:6801/4227346351] conn(0x7f60040359c0 msgr2=0x7f6004037e70 secure :-1 s=STATE_CONNECTION_ESTABLISHED l=1).mark_down
2022-08-20T04:25:51.724 INFO:teuthology.orchestra.run.smithi007.stdout:/usr/bin/ceph: stderr
2022-08-20T04:25:51.200+0000 7f602588d700 1 --2- 172.21.15.7:0/1232182824 >> [v2:172.21.15.7:6800/4227346351,v1:172.21.15.7:6801/4227346351] conn(0x7f60040359c0 0x7f6004037e70 secure :-1 s=READY pgs=8 cs=0 l=1 rev1=1 crypto rx=0x7f600c009750 tx=0x7f600c006cc0 comp rx=0 tx=0).stop
2022-08-20T04:25:51.724 INFO:teuthology.orchestra.run.smithi007.stdout:/usr/bin/ceph: stderr
2022-08-20T04:25:51.200+0000 7f602588d700 1 -- 172.21.15.7:0/1232182824 >> [v2:172.21.15.7:3300/0,v1:172.21.15.7:6789/0] conn(0x7f6020103240 msgr2=0x7f6020196d30 secure :-1 s=STATE_CONNECTION_ESTABLISHED l=1).mark_down
2022-08-20T04:25:51.724 INFO:teuthology.orchestra.run.smithi007.stdout:/usr/bin/ceph: stderr
2022-08-20T04:25:51.200+0000 7f602588d700 1 --2- 172.21.15.7:0/1232182824 >> [v2:172.21.15.7:3300/0,v1:172.21.15.7:6789/0] conn(0x7f6020103240 0x7f6020196d30 secure :-1 s=READY pgs=25 cs=0 l=1 rev1=1 crypto rx=0x7f6014003f00 tx=0x7f6014003fe0 comp rx=0 tx=0).stop
2022-08-20T04:25:51.724 INFO:teuthology.orchestra.run.smithi007.stdout:/usr/bin/ceph: stderr
2022-08-20T04:25:51.200+0000 7f602588d700 1 -- 172.21.15.7:0/1232182824 shutdown_connections
2022-08-20T04:25:51.725 INFO:teuthology.orchestra.run.smithi007.stdout:/usr/bin/ceph: stderr
2022-08-20T04:25:51.200+0000 7f602588d700 1 --2- 172.21.15.7:0/1232182824 >> [v2:172.21.15.7:6800/4227346351,v1:172.21.15.7:6801/4227346351] conn(0x7f60040359c0 0x7f6004037e70 unknown :-1 s=CLOSED pgs=8 cs=0 l=1 rev1=1 crypto rx=0 tx=0 comp rx=0 tx=0).stop
2022-08-20T04:25:51.725 INFO:teuthology.orchestra.run.smithi007.stdout:/usr/bin/ceph: stderr
2022-08-20T04:25:51.200+0000 7f602588d700 1 --2- 172.21.15.7:0/1232182824 >> [v2:172.21.15.7:3300/0,v1:172.21.15.7:6789/0] conn(0x7f6020103240 0x7f6020196d30 unknown :-1 s=CLOSED pgs=25 cs=0 l=1 rev1=1 crypto rx=0 tx=0 comp rx=0 tx=0).stop
2022-08-20T04:25:51.726 INFO:teuthology.orchestra.run.smithi007.stdout:/usr/bin/ceph: stderr
2022-08-20T04:25:51.200+0000 7f602588d700 1 -- 172.21.15.7:0/1232182824 >> 172.21.15.7:0/1232182824 conn(0x7f60200fe950 msgr2=0x7f60200ff6a0 unknown :-1 s=STATE_NONE l=0).mark_down
2022-08-20T04:25:51.726 INFO:teuthology.orchestra.run.smithi007.stdout:/usr/bin/ceph: stderr
2022-08-20T04:25:51.200+0000 7f602588d700 1 -- 172.21.15.7:0/1232182824 shutdown_connections
2022-08-20T04:25:51.726 INFO:teuthology.orchestra.run.smithi007.stdout:/usr/bin/ceph: stderr
2022-08-20T04:25:51.201+0000 7f602588d700 1 -- 172.21.15.7:0/1232182824 wait complete.
2022-08-20T04:25:51.840 INFO:journalctl@ceph.mgr.x.smithi007.stdout:Aug 20 04:25:51 smithi007 ceph-efa192e2-203f-11ed-8431-001a4aab830c-mgr-x[90046]:
2022-08-20T04:25:51.581+0000 7f4bb3fe3080 -1 mgr[py] Module devicehealth has missing NOTIFY_TYPES member
2022-08-20T04:25:51.841 INFO:journalctl@ceph.mgr.x.smithi007.stdout:Aug 20 04:25:51 smithi007 ceph-efa192e2-203f-11ed-8431-001a4aab830c-mgr-x[90046]:
2022-08-20T04:25:51.697+0000 7f4bb3fe3080 -1 mgr[py] Module osd_support has missing NOTIFY_TYPES member
2022-08-20T04:25:51.841 INFO:journalctl@ceph.mgr.x.smithi007.stdout:Aug 20 04:25:51 smithi007 ceph-efa192e2-203f-11ed-8431-001a4aab830c-mgr-x[90046]:
2022-08-20T04:25:51.839+0000 7f4bb3fe3080 -1 mgr[py] Module snap_schedule has missing NOTIFY_TYPES member
2022-08-20T04:25:52.113 INFO:journalctl@ceph.mgr.x.smithi007.stdout:Aug 20 04:25:51 smithi007 ceph-efa192e2-203f-11ed-8431-001a4aab830c-mgr-x[90046]:
2022-08-20T04:25:51.978+0000 7f4bb3fe3080 -1 mgr[py] Module zabbix has missing NOTIFY_TYPES member
2022-08-20T04:25:52.573 INFO:journalctl@ceph.mon.a.smithi007.stdout:Aug 20 04:25:52 smithi007 ceph-mon[89789]: from='client.? 172.21.15.7:0/1232182824' entity='client.admin' cmd='[{"prefix": "mgr module enable", "module": "cephadm"}]': finished
2022-08-20T04:25:52.573 INFO:journalctl@ceph.mon.a.smithi007.stdout:Aug 20 04:25:52 smithi007 ceph-mon[89789]: mgrmap e5: x(active, since 6s)
2022-08-20T04:25:52.574 INFO:journalctl@ceph.mgr.x.smithi007.stdout:Aug 20 04:25:52 smithi007 ceph-efa192e2-203f-11ed-8431-001a4aab830c-mgr-x[90046]:
2022-08-20T04:25:52.257+0000 7f4bb3fe3080 -1 mgr[py] Module crash has missing NOTIFY_TYPES member
2022-08-20T04:25:53.048 INFO:journalctl@ceph.mgr.x.smithi007.stdout:Aug 20 04:25:52 smithi007 ceph-efa192e2-203f-11ed-8431-001a4aab830c-mgr-x[90046]:
2022-08-20T04:25:52.715+0000 7f4bb3fe3080 -1 mgr[py] Module prometheus has missing NOTIFY_TYPES member
2022-08-20T04:25:53.049 INFO:journalctl@ceph.mgr.x.smithi007.stdout:Aug 20 04:25:52 smithi007 ceph-efa192e2-203f-11ed-8431-001a4aab830c-mgr-x[90046]:
2022-08-20T04:25:52.862+0000 7f4bb3fe3080 -1 mgr[py] Module status has missing NOTIFY_TYPES member
2022-08-20T04:25:53.121 INFO:teuthology.orchestra.run.smithi007.stdout:/usr/bin/ceph: stdout {
2022-08-20T04:25:53.122 INFO:teuthology.orchestra.run.smithi007.stdout:/usr/bin/ceph: stdout "epoch": 5,
2022-08-20T04:25:53.122 INFO:teuthology.orchestra.run.smithi007.stdout:/usr/bin/ceph: stdout "available": true,
2022-08-20T04:25:53.122 INFO:teuthology.orchestra.run.smithi007.stdout:/usr/bin/ceph: stdout "active_name": "x",
2022-08-20T04:25:53.122 INFO:teuthology.orchestra.run.smithi007.stdout:/usr/bin/ceph: stdout "num_standby": 0
2022-08-20T04:25:53.123 INFO:teuthology.orchestra.run.smithi007.stdout:/usr/bin/ceph: stdout }
2022-08-20T04:25:53.123 INFO:teuthology.orchestra.run.smithi007.stdout:/usr/bin/ceph: stderr
2022-08-20T04:25:52.382+0000 7f2e0759e700 1 Processor -- start
2022-08-20T04:25:53.123 INFO:teuthology.orchestra.run.smithi007.stdout:/usr/bin/ceph: stderr
2022-08-20T04:25:52.382+0000 7f2e0759e700 1 -- start start
2022-08-20T04:25:53.123 INFO:teuthology.orchestra.run.smithi007.stdout:/usr/bin/ceph: stderr
2022-08-20T04:25:52.383+0000 7f2e0759e700 1 --2- >> [v2:172.21.15.7:3300/0,v1:172.21.15.7:6789/0] conn(0x7f2e08077d10 0x7f2e081081e0 unknown :-1 s=NONE pgs=0 cs=0 l=0 rev1=0 crypto rx=0 tx=0 comp rx=0 tx=0).connect
2022-08-20T04:25:53.124 INFO:teuthology.orchestra.run.smithi007.stdout:/usr/bin/ceph: stderr
2022-08-20T04:25:52.383+0000 7f2e0759e700 1 -- --> [v2:172.21.15.7:3300/0,v1:172.21.15.7:6789/0] -- mon_getmap magic: 0 v1 -- 0x7f2e08103bd0 con 0x7f2e08077d10
2022-08-20T04:25:53.124 INFO:teuthology.orchestra.run.smithi007.stdout:/usr/bin/ceph: stderr
2022-08-20T04:25:52.383+0000 7f2e0659c700 1 --2- >> [v2:172.21.15.7:3300/0,v1:172.21.15.7:6789/0] conn(0x7f2e08077d10 0x7f2e081081e0 unknown :-1 s=BANNER_CONNECTING pgs=0 cs=0 l=0 rev1=0 crypto rx=0 tx=0 comp rx=0 tx=0)._handle_peer_banner_payload supported=3 required=0
2022-08-20T04:25:53.124 INFO:teuthology.orchestra.run.smithi007.stdout:/usr/bin/ceph: stderr
2022-08-20T04:25:52.383+0000 7f2e0659c700 1 --2- >> [v2:172.21.15.7:3300/0,v1:172.21.15.7:6789/0] conn(0x7f2e08077d10 0x7f2e081081e0 unknown :-1 s=HELLO_CONNECTING pgs=0 cs=0 l=0 rev1=1 crypto rx=0 tx=0 comp rx=0 tx=0).handle_hello peer v2:172.21.15.7:3300/0 says I am v2:172.21.15.7:52828/0 (socket says 172.21.15.7:52828)
2022-08-20T04:25:53.125 INFO:teuthology.orchestra.run.smithi007.stdout:/usr/bin/ceph: stderr
2022-08-20T04:25:52.383+0000 7f2e0659c700 1 -- 172.21.15.7:0/3851395829 learned_addr learned my addr 172.21.15.7:0/3851395829 (peer_addr_for_me v2:172.21.15.7:0/0)
2022-08-20T04:25:53.125 INFO:teuthology.orchestra.run.smithi007.stdout:/usr/bin/ceph: stderr
2022-08-20T04:25:52.384+0000 7f2e0659c700 1 -- 172.21.15.7:0/3851395829 --> [v2:172.21.15.7:3300/0,v1:172.21.15.7:6789/0] -- mon_subscribe({config=0+,monmap=0+}) v3 -- 0x7f2e08108720 con 0x7f2e08077d10
2022-08-20T04:25:53.125 INFO:teuthology.orchestra.run.smithi007.stdout:/usr/bin/ceph: stderr
2022-08-20T04:25:52.384+0000 7f2e0659c700 1 --2- 172.21.15.7:0/3851395829 >> [v2:172.21.15.7:3300/0,v1:172.21.15.7:6789/0] conn(0x7f2e08077d10 0x7f2e081081e0 secure :-1 s=READY pgs=28 cs=0 l=1 rev1=1 crypto rx=0x7f2df8009700 tx=0x7f2df8009a10 comp rx=0 tx=0).ready entity=mon.0 client_cookie=faeec6fe38dd9499 server_cookie=0 in_seq=0 out_seq=0
2022-08-20T04:25:53.125 INFO:teuthology.orchestra.run.smithi007.stdout:/usr/bin/ceph: stderr
2022-08-20T04:25:52.384+0000 7f2e0559a700 1 -- 172.21.15.7:0/3851395829 <== mon.0 v2:172.21.15.7:3300/0 1 ==== mon_map magic: 0 v1 ==== 205+0+0 (secure 0 0 0) 0x7f2df8004160 con 0x7f2e08077d10
2022-08-20T04:25:53.126 INFO:teuthology.orchestra.run.smithi007.stdout:/usr/bin/ceph: stderr
2022-08-20T04:25:52.384+0000 7f2e0559a700 1 -- 172.21.15.7:0/3851395829 <== mon.0 v2:172.21.15.7:3300/0 2 ==== config(26 keys) v1 ==== 1049+0+0 (secure 0 0 0) 0x7f2df80042c0 con 0x7f2e08077d10
2022-08-20T04:25:53.126 INFO:teuthology.orchestra.run.smithi007.stdout:/usr/bin/ceph: stderr
2022-08-20T04:25:52.384+0000 7f2e0559a700 1 -- 172.21.15.7:0/3851395829 <== mon.0 v2:172.21.15.7:3300/0 3 ==== mon_map magic: 0 v1 ==== 205+0+0 (secure 0 0 0) 0x7f2df80039d0 con 0x7f2e08077d10
2022-08-20T04:25:53.126 INFO:teuthology.orchestra.run.smithi007.stdout:/usr/bin/ceph: stderr
2022-08-20T04:25:52.385+0000 7f2e0759e700 1 -- 172.21.15.7:0/3851395829 >> [v2:172.21.15.7:3300/0,v1:172.21.15.7:6789/0] conn(0x7f2e08077d10 msgr2=0x7f2e081081e0 secure :-1 s=STATE_CONNECTION_ESTABLISHED l=1).mark_down
2022-08-20T04:25:53.126 INFO:teuthology.orchestra.run.smithi007.stdout:/usr/bin/ceph: stderr
2022-08-20T04:25:52.385+0000 7f2e0759e700 1 --2- 172.21.15.7:0/3851395829 >> [v2:172.21.15.7:3300/0,v1:172.21.15.7:6789/0] conn(0x7f2e08077d10 0x7f2e081081e0 secure :-1 s=READY pgs=28 cs=0 l=1 rev1=1 crypto rx=0x7f2df8009700 tx=0x7f2df8009a10 comp rx=0 tx=0).stop
2022-08-20T04:25:53.127 INFO:teuthology.orchestra.run.smithi007.stdout:/usr/bin/ceph: stderr
2022-08-20T04:25:52.385+0000 7f2e0759e700 1 -- 172.21.15.7:0/3851395829 shutdown_connections
2022-08-20T04:25:53.127 INFO:teuthology.orchestra.run.smithi007.stdout:/usr/bin/ceph: stderr
2022-08-20T04:25:52.385+0000 7f2e0759e700 1 --2- 172.21.15.7:0/3851395829 >> [v2:172.21.15.7:3300/0,v1:172.21.15.7:6789/0] conn(0x7f2e08077d10 0x7f2e081081e0 unknown :-1 s=CLOSED pgs=28 cs=0 l=1 rev1=1 crypto rx=0 tx=0 comp rx=0 tx=0).stop
2022-08-20T04:25:53.127 INFO:teuthology.orchestra.run.smithi007.stdout:/usr/bin/ceph: stderr
2022-08-20T04:25:52.385+0000 7f2e0759e700 1 -- 172.21.15.7:0/3851395829 >> 172.21.15.7:0/3851395829 conn(0x7f2e080fd850 msgr2=0x7f2e080ffc60 unknown :-1 s=STATE_NONE l=0).mark_down
2022-08-20T04:25:53.127 INFO:teuthology.orchestra.run.smithi007.stdout:/usr/bin/ceph: stderr
2022-08-20T04:25:52.385+0000 7f2e0759e700 1 -- 172.21.15.7:0/3851395829 shutdown_connections
2022-08-20T04:25:53.127 INFO:teuthology.orchestra.run.smithi007.stdout:/usr/bin/ceph: stderr
2022-08-20T04:25:52.385+0000 7f2e0759e700 1 -- 172.21.15.7:0/3851395829 wait complete.
2022-08-20T04:25:53.128 INFO:teuthology.orchestra.run.smithi007.stdout:/usr/bin/ceph: stderr
2022-08-20T04:25:52.387+0000 7f2e0759e700 1 Processor -- start
2022-08-20T04:25:53.128 INFO:teuthology.orchestra.run.smithi007.stdout:/usr/bin/ceph: stderr
2022-08-20T04:25:52.387+0000 7f2e0759e700 1 -- start start
2022-08-20T04:25:53.128 INFO:teuthology.orchestra.run.smithi007.stdout:/usr/bin/ceph: stderr
2022-08-20T04:25:52.388+0000 7f2e0759e700 1 --2- >> [v2:172.21.15.7:3300/0,v1:172.21.15.7:6789/0] conn(0x7f2e08198f20 0x7f2e08199330 unknown :-1 s=NONE pgs=0 cs=0 l=1 rev1=0 crypto rx=0 tx=0 comp rx=0 tx=0).connect
2022-08-20T04:25:53.128 INFO:teuthology.orchestra.run.smithi007.stdout:/usr/bin/ceph: stderr
2022-08-20T04:25:52.388+0000 7f2e0759e700 1 -- --> [v2:172.21.15.7:3300/0,v1:172.21.15.7:6789/0] -- mon_getmap magic: 0 v1 -- 0x7f2e08199870 con 0x7f2e08198f20
2022-08-20T04:25:53.129 INFO:teuthology.orchestra.run.smithi007.stdout:/usr/bin/ceph: stderr
