2022-08-20T05:16:35.517+0000 7f1a737fe700 1 --2- 172.21.15.105:0/3056602005 >> [v2:172.21.15.105:6800/1963807753,v1:172.21.15.105:6801/1963807753] conn(0x7f1a6c035980 0x7f1a6c037e30 unknown :-1 s=NONE pgs=0 cs=0 l=1 rev1=0 crypto rx=0 tx=0 comp rx=0 tx=0).connect
2022-08-20T05:16:36.201 INFO:teuthology.orchestra.run.smithi105.stdout:/usr/bin/ceph: stderr
2022-08-20T05:16:35.517+0000 7f1a8c3d9700 1 -- 172.21.15.105:0/3056602005 --> [v2:172.21.15.105:3300/0,v1:172.21.15.105:6789/0] -- mon_command({"prefix": "get_command_descriptions"} v 0) v1 -- 0x7f1a84060240 con 0x7f1a84077c50
2022-08-20T05:16:36.201 INFO:teuthology.orchestra.run.smithi105.stdout:/usr/bin/ceph: stderr
2022-08-20T05:16:35.517+0000 7f1a737fe700 1 -- 172.21.15.105:0/3056602005 <== mon.0 v2:172.21.15.105:3300/0 5 ==== osd_map(1..1 src has 1..1) v4 ==== 721+0+0 (secure 0 0 0) 0x7f1a80048bc0 con 0x7f1a84077c50
2022-08-20T05:16:36.201 INFO:teuthology.orchestra.run.smithi105.stdout:/usr/bin/ceph: stderr
2022-08-20T05:16:35.517+0000 7f1a89974700 1 --2- 172.21.15.105:0/3056602005 >> [v2:172.21.15.105:6800/1963807753,v1:172.21.15.105:6801/1963807753] conn(0x7f1a6c035980 0x7f1a6c037e30 unknown :-1 s=BANNER_CONNECTING pgs=0 cs=0 l=1 rev1=0 crypto rx=0 tx=0 comp rx=0 tx=0)._handle_peer_banner_payload supported=3 required=0
2022-08-20T05:16:36.202 INFO:teuthology.orchestra.run.smithi105.stdout:/usr/bin/ceph: stderr
2022-08-20T05:16:35.517+0000 7f1a89974700 1 --2- 172.21.15.105:0/3056602005 >> [v2:172.21.15.105:6800/1963807753,v1:172.21.15.105:6801/1963807753] conn(0x7f1a6c035980 0x7f1a6c037e30 secure :-1 s=READY pgs=7 cs=0 l=1 rev1=1 crypto rx=0x7f1a74009750 tx=0x7f1a74006cc0 comp rx=0 tx=0).ready entity=mgr.14100 client_cookie=0 server_cookie=0 in_seq=0 out_seq=0
2022-08-20T05:16:36.202 INFO:teuthology.orchestra.run.smithi105.stdout:/usr/bin/ceph: stderr
2022-08-20T05:16:35.521+0000 7f1a737fe700 1 -- 172.21.15.105:0/3056602005 <== mon.0 v2:172.21.15.105:3300/0 6 ==== mon_command_ack([{"prefix": "get_command_descriptions"}]=0 v0) v1 ==== 72+0+170955 (secure 0 0 0) 0x7f1a80018350 con 0x7f1a84077c50
2022-08-20T05:16:36.202 INFO:teuthology.orchestra.run.smithi105.stdout:/usr/bin/ceph: stderr
2022-08-20T05:16:35.702+0000 7f1a8c3d9700 1 -- 172.21.15.105:0/3056602005 --> [v2:172.21.15.105:3300/0,v1:172.21.15.105:6789/0] -- mon_command({"prefix": "config assimilate-conf"} v 0) v1 -- 0x7f1a841094c0 con 0x7f1a84077c50
2022-08-20T05:16:36.202 INFO:teuthology.orchestra.run.smithi105.stdout:/usr/bin/ceph: stderr
2022-08-20T05:16:35.702+0000 7f1a737fe700 1 -- 172.21.15.105:0/3056602005 <== mon.0 v2:172.21.15.105:3300/0 7 ==== mon_command_ack([{"prefix": "config assimilate-conf"}]=0 v3) v1 ==== 70+0+373 (secure 0 0 0) 0x7f1a8000ee60 con 0x7f1a84077c50
2022-08-20T05:16:36.203 INFO:teuthology.orchestra.run.smithi105.stdout:/usr/bin/ceph: stderr
2022-08-20T05:16:35.704+0000 7f1a8c3d9700 1 -- 172.21.15.105:0/3056602005 >> [v2:172.21.15.105:6800/1963807753,v1:172.21.15.105:6801/1963807753] conn(0x7f1a6c035980 msgr2=0x7f1a6c037e30 secure :-1 s=STATE_CONNECTION_ESTABLISHED l=1).mark_down
2022-08-20T05:16:36.203 INFO:teuthology.orchestra.run.smithi105.stdout:/usr/bin/ceph: stderr
2022-08-20T05:16:35.704+0000 7f1a8c3d9700 1 --2- 172.21.15.105:0/3056602005 >> [v2:172.21.15.105:6800/1963807753,v1:172.21.15.105:6801/1963807753] conn(0x7f1a6c035980 0x7f1a6c037e30 secure :-1 s=READY pgs=7 cs=0 l=1 rev1=1 crypto rx=0x7f1a74009750 tx=0x7f1a74006cc0 comp rx=0 tx=0).stop
2022-08-20T05:16:36.203 INFO:teuthology.orchestra.run.smithi105.stdout:/usr/bin/ceph: stderr
2022-08-20T05:16:35.704+0000 7f1a8c3d9700 1 -- 172.21.15.105:0/3056602005 >> [v2:172.21.15.105:3300/0,v1:172.21.15.105:6789/0] conn(0x7f1a84077c50 msgr2=0x7f1a84198f20 secure :-1 s=STATE_CONNECTION_ESTABLISHED l=1).mark_down
2022-08-20T05:16:36.203 INFO:teuthology.orchestra.run.smithi105.stdout:/usr/bin/ceph: stderr
2022-08-20T05:16:35.704+0000 7f1a8c3d9700 1 --2- 172.21.15.105:0/3056602005 >> [v2:172.21.15.105:3300/0,v1:172.21.15.105:6789/0] conn(0x7f1a84077c50 0x7f1a84198f20 secure :-1 s=READY pgs=21 cs=0 l=1 rev1=1 crypto rx=0x7f1a80006e00 tx=0x7f1a800040b0 comp rx=0 tx=0).stop
2022-08-20T05:16:36.204 INFO:teuthology.orchestra.run.smithi105.stdout:/usr/bin/ceph: stderr
2022-08-20T05:16:35.704+0000 7f1a8c3d9700 1 -- 172.21.15.105:0/3056602005 shutdown_connections
2022-08-20T05:16:36.204 INFO:teuthology.orchestra.run.smithi105.stdout:/usr/bin/ceph: stderr
2022-08-20T05:16:35.704+0000 7f1a8c3d9700 1 --2- 172.21.15.105:0/3056602005 >> [v2:172.21.15.105:6800/1963807753,v1:172.21.15.105:6801/1963807753] conn(0x7f1a6c035980 0x7f1a6c037e30 unknown :-1 s=CLOSED pgs=7 cs=0 l=1 rev1=1 crypto rx=0 tx=0 comp rx=0 tx=0).stop
2022-08-20T05:16:36.204 INFO:teuthology.orchestra.run.smithi105.stdout:/usr/bin/ceph: stderr
2022-08-20T05:16:35.704+0000 7f1a8c3d9700 1 --2- 172.21.15.105:0/3056602005 >> [v2:172.21.15.105:3300/0,v1:172.21.15.105:6789/0] conn(0x7f1a84077c50 0x7f1a84198f20 unknown :-1 s=CLOSED pgs=21 cs=0 l=1 rev1=1 crypto rx=0 tx=0 comp rx=0 tx=0).stop
2022-08-20T05:16:36.204 INFO:teuthology.orchestra.run.smithi105.stdout:/usr/bin/ceph: stderr
2022-08-20T05:16:35.704+0000 7f1a8c3d9700 1 -- 172.21.15.105:0/3056602005 >> 172.21.15.105:0/3056602005 conn(0x7f1a840fd860 msgr2=0x7f1a840fef70 unknown :-1 s=STATE_NONE l=0).mark_down
2022-08-20T05:16:36.205 INFO:teuthology.orchestra.run.smithi105.stdout:/usr/bin/ceph: stderr
2022-08-20T05:16:35.705+0000 7f1a8c3d9700 1 -- 172.21.15.105:0/3056602005 shutdown_connections
2022-08-20T05:16:36.205 INFO:teuthology.orchestra.run.smithi105.stdout:/usr/bin/ceph: stderr
2022-08-20T05:16:35.705+0000 7f1a8c3d9700 1 -- 172.21.15.105:0/3056602005 wait complete.
2022-08-20T05:16:36.205 INFO:teuthology.orchestra.run.smithi105.stdout:Enabling cephadm module...
2022-08-20T05:16:37.274 INFO:journalctl@ceph.mon.a.smithi105.stdout:Aug 20 05:16:36 smithi105 ceph-mon[95286]: from='client.? 172.21.15.105:0/877098721' entity='client.admin' cmd=[{"prefix": "mgr module enable", "module": "cephadm"}]: dispatch
2022-08-20T05:16:37.275 INFO:journalctl@ceph.mgr.x.smithi105.stdout:Aug 20 05:16:36 smithi105 ceph-8f5a21ea-2046-11ed-8431-001a4aab830c-mgr-x[95535]: ignoring --setuser ceph since I am not root
2022-08-20T05:16:37.275 INFO:journalctl@ceph.mgr.x.smithi105.stdout:Aug 20 05:16:36 smithi105 ceph-8f5a21ea-2046-11ed-8431-001a4aab830c-mgr-x[95535]: ignoring --setgroup ceph since I am not root
2022-08-20T05:16:37.275 INFO:journalctl@ceph.mgr.x.smithi105.stdout:Aug 20 05:16:37 smithi105 ceph-8f5a21ea-2046-11ed-8431-001a4aab830c-mgr-x[95535]:
2022-08-20T05:16:37.109+0000 7fcb9f3f4080 -1 mgr[py] Module devicehealth has missing NOTIFY_TYPES member
2022-08-20T05:16:37.276 INFO:journalctl@ceph.mgr.x.smithi105.stdout:Aug 20 05:16:37 smithi105 ceph-8f5a21ea-2046-11ed-8431-001a4aab830c-mgr-x[95535]:
2022-08-20T05:16:37.186+0000 7fcb9f3f4080 -1 mgr[py] Module osd_support has missing NOTIFY_TYPES member
2022-08-20T05:16:37.330 INFO:teuthology.orchestra.run.smithi105.stdout:/usr/bin/ceph: stderr
2022-08-20T05:16:36.658+0000 7f74b11c5700 1 Processor -- start
2022-08-20T05:16:37.331 INFO:teuthology.orchestra.run.smithi105.stdout:/usr/bin/ceph: stderr
2022-08-20T05:16:36.658+0000 7f74b11c5700 1 -- start start
2022-08-20T05:16:37.331 INFO:teuthology.orchestra.run.smithi105.stdout:/usr/bin/ceph: stderr
2022-08-20T05:16:36.658+0000 7f74b11c5700 1 --2- >> [v2:172.21.15.105:3300/0,v1:172.21.15.105:6789/0] conn(0x7f74ac077c90 0x7f74ac105db0 unknown :-1 s=NONE pgs=0 cs=0 l=0 rev1=0 crypto rx=0 tx=0 comp rx=0 tx=0).connect
2022-08-20T05:16:37.331 INFO:teuthology.orchestra.run.smithi105.stdout:/usr/bin/ceph: stderr
2022-08-20T05:16:36.658+0000 7f74b11c5700 1 -- --> [v2:172.21.15.105:3300/0,v1:172.21.15.105:6789/0] -- mon_getmap magic: 0 v1 -- 0x7f74ac1062f0 con 0x7f74ac077c90
2022-08-20T05:16:37.331 INFO:teuthology.orchestra.run.smithi105.stdout:/usr/bin/ceph: stderr
2022-08-20T05:16:36.658+0000 7f74aad9d700 1 --2- >> [v2:172.21.15.105:3300/0,v1:172.21.15.105:6789/0] conn(0x7f74ac077c90 0x7f74ac105db0 unknown :-1 s=BANNER_CONNECTING pgs=0 cs=0 l=0 rev1=0 crypto rx=0 tx=0 comp rx=0 tx=0)._handle_peer_banner_payload supported=3 required=0
2022-08-20T05:16:37.332 INFO:teuthology.orchestra.run.smithi105.stdout:/usr/bin/ceph: stderr
2022-08-20T05:16:36.658+0000 7f74aad9d700 1 --2- >> [v2:172.21.15.105:3300/0,v1:172.21.15.105:6789/0] conn(0x7f74ac077c90 0x7f74ac105db0 unknown :-1 s=HELLO_CONNECTING pgs=0 cs=0 l=0 rev1=1 crypto rx=0 tx=0 comp rx=0 tx=0).handle_hello peer v2:172.21.15.105:3300/0 says I am v2:172.21.15.105:42224/0 (socket says 172.21.15.105:42224)
2022-08-20T05:16:37.332 INFO:teuthology.orchestra.run.smithi105.stdout:/usr/bin/ceph: stderr
2022-08-20T05:16:36.658+0000 7f74aad9d700 1 -- 172.21.15.105:0/3042309943 learned_addr learned my addr 172.21.15.105:0/3042309943 (peer_addr_for_me v2:172.21.15.105:0/0)
2022-08-20T05:16:37.333 INFO:teuthology.orchestra.run.smithi105.stdout:/usr/bin/ceph: stderr
2022-08-20T05:16:36.658+0000 7f74aad9d700 1 -- 172.21.15.105:0/3042309943 --> [v2:172.21.15.105:3300/0,v1:172.21.15.105:6789/0] -- mon_subscribe({config=0+,monmap=0+}) v3 -- 0x7f74ac106430 con 0x7f74ac077c90
2022-08-20T05:16:37.333 INFO:teuthology.orchestra.run.smithi105.stdout:/usr/bin/ceph: stderr
2022-08-20T05:16:36.658+0000 7f74aad9d700 1 --2- 172.21.15.105:0/3042309943 >> [v2:172.21.15.105:3300/0,v1:172.21.15.105:6789/0] conn(0x7f74ac077c90 0x7f74ac105db0 secure :-1 s=READY pgs=22 cs=0 l=1 rev1=1 crypto rx=0x7f749c009700 tx=0x7f749c009a10 comp rx=0 tx=0).ready entity=mon.0 client_cookie=70616468528a3b3a server_cookie=0 in_seq=0 out_seq=0
2022-08-20T05:16:37.333 INFO:teuthology.orchestra.run.smithi105.stdout:/usr/bin/ceph: stderr
2022-08-20T05:16:36.659+0000 7f74a9d9b700 1 -- 172.21.15.105:0/3042309943 <== mon.0 v2:172.21.15.105:3300/0 1 ==== mon_map magic: 0 v1 ==== 205+0+0 (secure 0 0 0) 0x7f749c004160 con 0x7f74ac077c90
2022-08-20T05:16:37.334 INFO:teuthology.orchestra.run.smithi105.stdout:/usr/bin/ceph: stderr
2022-08-20T05:16:36.659+0000 7f74a9d9b700 1 -- 172.21.15.105:0/3042309943 <== mon.0 v2:172.21.15.105:3300/0 2 ==== config(26 keys) v1 ==== 1049+0+0 (secure 0 0 0) 0x7f749c0042c0 con 0x7f74ac077c90
2022-08-20T05:16:37.334 INFO:teuthology.orchestra.run.smithi105.stdout:/usr/bin/ceph: stderr
2022-08-20T05:16:36.659+0000 7f74a9d9b700 1 -- 172.21.15.105:0/3042309943 <== mon.0 v2:172.21.15.105:3300/0 3 ==== mon_map magic: 0 v1 ==== 205+0+0 (secure 0 0 0) 0x7f749c0039d0 con 0x7f74ac077c90
2022-08-20T05:16:37.334 INFO:teuthology.orchestra.run.smithi105.stdout:/usr/bin/ceph: stderr
2022-08-20T05:16:36.659+0000 7f74b11c5700 1 -- 172.21.15.105:0/3042309943 >> [v2:172.21.15.105:3300/0,v1:172.21.15.105:6789/0] conn(0x7f74ac077c90 msgr2=0x7f74ac105db0 secure :-1 s=STATE_CONNECTION_ESTABLISHED l=1).mark_down
2022-08-20T05:16:37.335 INFO:teuthology.orchestra.run.smithi105.stdout:/usr/bin/ceph: stderr
2022-08-20T05:16:36.659+0000 7f74b11c5700 1 --2- 172.21.15.105:0/3042309943 >> [v2:172.21.15.105:3300/0,v1:172.21.15.105:6789/0] conn(0x7f74ac077c90 0x7f74ac105db0 secure :-1 s=READY pgs=22 cs=0 l=1 rev1=1 crypto rx=0x7f749c009700 tx=0x7f749c009a10 comp rx=0 tx=0).stop
2022-08-20T05:16:37.335 INFO:teuthology.orchestra.run.smithi105.stdout:/usr/bin/ceph: stderr
2022-08-20T05:16:36.659+0000 7f74b11c5700 1 -- 172.21.15.105:0/3042309943 shutdown_connections
2022-08-20T05:16:37.336 INFO:teuthology.orchestra.run.smithi105.stdout:/usr/bin/ceph: stderr
2022-08-20T05:16:36.659+0000 7f74b11c5700 1 --2- 172.21.15.105:0/3042309943 >> [v2:172.21.15.105:3300/0,v1:172.21.15.105:6789/0] conn(0x7f74ac077c90 0x7f74ac105db0 unknown :-1 s=CLOSED pgs=22 cs=0 l=1 rev1=1 crypto rx=0 tx=0 comp rx=0 tx=0).stop
2022-08-20T05:16:37.336 INFO:teuthology.orchestra.run.smithi105.stdout:/usr/bin/ceph: stderr
2022-08-20T05:16:36.659+0000 7f74b11c5700 1 -- 172.21.15.105:0/3042309943 >> 172.21.15.105:0/3042309943 conn(0x7f74ac0fd800 msgr2=0x7f74ac0ffc30 unknown :-1 s=STATE_NONE l=0).mark_down
2022-08-20T05:16:37.337 INFO:teuthology.orchestra.run.smithi105.stdout:/usr/bin/ceph: stderr
2022-08-20T05:16:36.659+0000 7f74b11c5700 1 -- 172.21.15.105:0/3042309943 shutdown_connections
2022-08-20T05:16:37.337 INFO:teuthology.orchestra.run.smithi105.stdout:/usr/bin/ceph: stderr
2022-08-20T05:16:36.659+0000 7f74b11c5700 1 -- 172.21.15.105:0/3042309943 wait complete.
2022-08-20T05:16:37.337 INFO:teuthology.orchestra.run.smithi105.stdout:/usr/bin/ceph: stderr
2022-08-20T05:16:36.660+0000 7f74b11c5700 1 Processor -- start
2022-08-20T05:16:37.338 INFO:teuthology.orchestra.run.smithi105.stdout:/usr/bin/ceph: stderr
2022-08-20T05:16:36.660+0000 7f74b11c5700 1 -- start start
2022-08-20T05:16:37.338 INFO:teuthology.orchestra.run.smithi105.stdout:/usr/bin/ceph: stderr
2022-08-20T05:16:36.660+0000 7f74b11c5700 1 --2- >> [v2:172.21.15.105:3300/0,v1:172.21.15.105:6789/0] conn(0x7f74ac1036d0 0x7f74ac101d50 unknown :-1 s=NONE pgs=0 cs=0 l=1 rev1=0 crypto rx=0 tx=0 comp rx=0 tx=0).connect
2022-08-20T05:16:37.338 INFO:teuthology.orchestra.run.smithi105.stdout:/usr/bin/ceph: stderr
2022-08-20T05:16:36.660+0000 7f74b11c5700 1 -- --> [v2:172.21.15.105:3300/0,v1:172.21.15.105:6789/0] -- mon_getmap magic: 0 v1 -- 0x7f74ac103ae0 con 0x7f74ac1036d0
2022-08-20T05:16:37.339 INFO:teuthology.orchestra.run.smithi105.stdout:/usr/bin/ceph: stderr
2022-08-20T05:16:36.660+0000 7f74aad9d700 1 --2- >> [v2:172.21.15.105:3300/0,v1:172.21.15.105:6789/0] conn(0x7f74ac1036d0 0x7f74ac101d50 unknown :-1 s=BANNER_CONNECTING pgs=0 cs=0 l=1 rev1=0 crypto rx=0 tx=0 comp rx=0 tx=0)._handle_peer_banner_payload supported=3 required=0
2022-08-20T05:16:37.339 INFO:teuthology.orchestra.run.smithi105.stdout:/usr/bin/ceph: stderr
2022-08-20T05:16:36.660+0000 7f74aad9d700 1 --2- >> [v2:172.21.15.105:3300/0,v1:172.21.15.105:6789/0] conn(0x7f74ac1036d0 0x7f74ac101d50 unknown :-1 s=HELLO_CONNECTING pgs=0 cs=0 l=1 rev1=1 crypto rx=0 tx=0 comp rx=0 tx=0).handle_hello peer v2:172.21.15.105:3300/0 says I am v2:172.21.15.105:42226/0 (socket says 172.21.15.105:42226)
2022-08-20T05:16:37.339 INFO:teuthology.orchestra.run.smithi105.stdout:/usr/bin/ceph: stderr
2022-08-20T05:16:36.660+0000 7f74aad9d700 1 -- 172.21.15.105:0/877098721 learned_addr learned my addr 172.21.15.105:0/877098721 (peer_addr_for_me v2:172.21.15.105:0/0)
2022-08-20T05:16:37.340 INFO:teuthology.orchestra.run.smithi105.stdout:/usr/bin/ceph: stderr
2022-08-20T05:16:36.661+0000 7f74aad9d700 1 -- 172.21.15.105:0/877098721 --> [v2:172.21.15.105:3300/0,v1:172.21.15.105:6789/0] -- mon_subscribe({config=0+,monmap=0+}) v3 -- 0x7f749c0093e0 con 0x7f74ac1036d0
2022-08-20T05:16:37.340 INFO:teuthology.orchestra.run.smithi105.stdout:/usr/bin/ceph: stderr
2022-08-20T05:16:36.661+0000 7f74aad9d700 1 --2- 172.21.15.105:0/877098721 >> [v2:172.21.15.105:3300/0,v1:172.21.15.105:6789/0] conn(0x7f74ac1036d0 0x7f74ac101d50 secure :-1 s=READY pgs=23 cs=0 l=1 rev1=1 crypto rx=0x7f749c004000 tx=0x7f749c0040e0 comp rx=0 tx=0).ready entity=mon.0 client_cookie=0 server_cookie=0 in_seq=0 out_seq=0
2022-08-20T05:16:37.340 INFO:teuthology.orchestra.run.smithi105.stdout:/usr/bin/ceph: stderr
2022-08-20T05:16:36.661+0000 7f7493fff700 1 -- 172.21.15.105:0/877098721 <== mon.0 v2:172.21.15.105:3300/0 1 ==== mon_map magic: 0 v1 ==== 205+0+0 (secure 0 0 0) 0x7f749c011840 con 0x7f74ac1036d0
2022-08-20T05:16:37.341 INFO:teuthology.orchestra.run.smithi105.stdout:/usr/bin/ceph: stderr
2022-08-20T05:16:36.661+0000 7f7493fff700 1 -- 172.21.15.105:0/877098721 <== mon.0 v2:172.21.15.105:3300/0 2 ==== config(26 keys) v1 ==== 1049+0+0 (secure 0 0 0) 0x7f749c01a430 con 0x7f74ac1036d0
2022-08-20T05:16:37.341 INFO:teuthology.orchestra.run.smithi105.stdout:/usr/bin/ceph: stderr
2022-08-20T05:16:36.661+0000 7f74b11c5700 1 -- 172.21.15.105:0/877098721 --> [v2:172.21.15.105:3300/0,v1:172.21.15.105:6789/0] -- mon_subscribe({mgrmap=0+}) v3 -- 0x7f74ac102290 con 0x7f74ac1036d0
2022-08-20T05:16:37.341 INFO:teuthology.orchestra.run.smithi105.stdout:/usr/bin/ceph: stderr
2022-08-20T05:16:36.661+0000 7f7493fff700 1 -- 172.21.15.105:0/877098721 <== mon.0 v2:172.21.15.105:3300/0 3 ==== mon_map magic: 0 v1 ==== 205+0+0 (secure 0 0 0) 0x7f749c019530 con 0x7f74ac1036d0
2022-08-20T05:16:37.341 INFO:teuthology.orchestra.run.smithi105.stdout:/usr/bin/ceph: stderr
2022-08-20T05:16:36.661+0000 7f74b11c5700 1 -- 172.21.15.105:0/877098721 --> [v2:172.21.15.105:3300/0,v1:172.21.15.105:6789/0] -- mon_subscribe({osdmap=0}) v3 -- 0x7f74ac1026c0 con 0x7f74ac1036d0
2022-08-20T05:16:37.341 INFO:teuthology.orchestra.run.smithi105.stdout:/usr/bin/ceph: stderr
2022-08-20T05:16:36.662+0000 7f7493fff700 1 -- 172.21.15.105:0/877098721 <== mon.0 v2:172.21.15.105:3300/0 4 ==== mgrmap(e 4) v1 ==== 42798+0+0 (secure 0 0 0) 0x7f749c02a020 con 0x7f74ac1036d0
2022-08-20T05:16:37.342 INFO:teuthology.orchestra.run.smithi105.stdout:/usr/bin/ceph: stderr
2022-08-20T05:16:36.662+0000 7f7493fff700 1 --2- 172.21.15.105:0/877098721 >> [v2:172.21.15.105:6800/1963807753,v1:172.21.15.105:6801/1963807753] conn(0x7f74980359c0 0x7f7498037e70 unknown :-1 s=NONE pgs=0 cs=0 l=1 rev1=0 crypto rx=0 tx=0 comp rx=0 tx=0).connect
2022-08-20T05:16:37.342 INFO:teuthology.orchestra.run.smithi105.stdout:/usr/bin/ceph: stderr
2022-08-20T05:16:36.662+0000 7f7493fff700 1 -- 172.21.15.105:0/877098721 <== mon.0 v2:172.21.15.105:3300/0 5 ==== osd_map(1..1 src has 1..1) v4 ==== 721+0+0 (secure 0 0 0) 0x7f749c048bb0 con 0x7f74ac1036d0
2022-08-20T05:16:37.342 INFO:teuthology.orchestra.run.smithi105.stdout:/usr/bin/ceph: stderr
2022-08-20T05:16:36.662+0000 7f74aa59c700 1 --2- 172.21.15.105:0/877098721 >> [v2:172.21.15.105:6800/1963807753,v1:172.21.15.105:6801/1963807753] conn(0x7f74980359c0 0x7f7498037e70 unknown :-1 s=BANNER_CONNECTING pgs=0 cs=0 l=1 rev1=0 crypto rx=0 tx=0 comp rx=0 tx=0)._handle_peer_banner_payload supported=3 required=0
2022-08-20T05:16:37.342 INFO:teuthology.orchestra.run.smithi105.stdout:/usr/bin/ceph: stderr
2022-08-20T05:16:36.662+0000 7f74b11c5700 1 -- 172.21.15.105:0/877098721 --> [v2:172.21.15.105:3300/0,v1:172.21.15.105:6789/0] -- mon_command({"prefix": "get_command_descriptions"} v 0) v1 -- 0x7f74ac060240 con 0x7f74ac1036d0
2022-08-20T05:16:37.343 INFO:teuthology.orchestra.run.smithi105.stdout:/usr/bin/ceph: stderr
2022-08-20T05:16:36.662+0000 7f74aa59c700 1 --2- 172.21.15.105:0/877098721 >> [v2:172.21.15.105:6800/1963807753,v1:172.21.15.105:6801/1963807753] conn(0x7f74980359c0 0x7f7498037e70 secure :-1 s=READY pgs=8 cs=0 l=1 rev1=1 crypto rx=0x7f74a0009750 tx=0x7f74a0006cc0 comp rx=0 tx=0).ready entity=mgr.14100 client_cookie=0 server_cookie=0 in_seq=0 out_seq=0
2022-08-20T05:16:37.343 INFO:teuthology.orchestra.run.smithi105.stdout:/usr/bin/ceph: stderr
2022-08-20T05:16:36.667+0000 7f7493fff700 1 -- 172.21.15.105:0/877098721 <== mon.0 v2:172.21.15.105:3300/0 6 ==== mon_command_ack([{"prefix": "get_command_descriptions"}]=0 v0) v1 ==== 72+0+170955 (secure 0 0 0) 0x7f749c02b930 con 0x7f74ac1036d0
2022-08-20T05:16:37.343 INFO:teuthology.orchestra.run.smithi105.stdout:/usr/bin/ceph: stderr
2022-08-20T05:16:36.898+0000 7f74b11c5700 1 -- 172.21.15.105:0/877098721 --> [v2:172.21.15.105:3300/0,v1:172.21.15.105:6789/0] -- mon_command({"prefix": "mgr module enable", "module": "cephadm"} v 0) v1 -- 0x7f74ac19ccc0 con 0x7f74ac1036d0
2022-08-20T05:16:37.343 INFO:teuthology.orchestra.run.smithi105.stdout:/usr/bin/ceph: stderr
2022-08-20T05:16:36.950+0000 7f7493fff700 1 -- 172.21.15.105:0/877098721 <== mon.0 v2:172.21.15.105:3300/0 7 ==== mgrmap(e 5) v1 ==== 42809+0+0 (secure 0 0 0) 0x7f749c017020 con 0x7f74ac1036d0
2022-08-20T05:16:37.343 INFO:teuthology.orchestra.run.smithi105.stdout:/usr/bin/ceph: stderr
2022-08-20T05:16:36.951+0000 7f7493fff700 1 -- 172.21.15.105:0/877098721 <== mon.0 v2:172.21.15.105:3300/0 8 ==== mon_command_ack([{"prefix": "mgr module enable", "module": "cephadm"}]=0 v5) v1 ==== 86+0+0 (secure 0 0 0) 0x7f749c029d90 con 0x7f74ac1036d0
2022-08-20T05:16:37.344 INFO:teuthology.orchestra.run.smithi105.stdout:/usr/bin/ceph: stderr
2022-08-20T05:16:36.954+0000 7f74b11c5700 1 -- 172.21.15.105:0/877098721 >> [v2:172.21.15.105:6800/1963807753,v1:172.21.15.105:6801/1963807753] conn(0x7f74980359c0 msgr2=0x7f7498037e70 secure :-1 s=STATE_CONNECTION_ESTABLISHED l=1).mark_down
2022-08-20T05:16:37.344 INFO:teuthology.orchestra.run.smithi105.stdout:/usr/bin/ceph: stderr
2022-08-20T05:16:36.954+0000 7f74b11c5700 1 --2- 172.21.15.105:0/877098721 >> [v2:172.21.15.105:6800/1963807753,v1:172.21.15.105:6801/1963807753] conn(0x7f74980359c0 0x7f7498037e70 secure :-1 s=READY pgs=8 cs=0 l=1 rev1=1 crypto rx=0x7f74a0009750 tx=0x7f74a0006cc0 comp rx=0 tx=0).stop
2022-08-20T05:16:37.344 INFO:teuthology.orchestra.run.smithi105.stdout:/usr/bin/ceph: stderr
2022-08-20T05:16:36.954+0000 7f74b11c5700 1 -- 172.21.15.105:0/877098721 >> [v2:172.21.15.105:3300/0,v1:172.21.15.105:6789/0] conn(0x7f74ac1036d0 msgr2=0x7f74ac101d50 secure :-1 s=STATE_CONNECTION_ESTABLISHED l=1).mark_down
2022-08-20T05:16:37.344 INFO:teuthology.orchestra.run.smithi105.stdout:/usr/bin/ceph: stderr
2022-08-20T05:16:36.954+0000 7f74b11c5700 1 --2- 172.21.15.105:0/877098721 >> [v2:172.21.15.105:3300/0,v1:172.21.15.105:6789/0] conn(0x7f74ac1036d0 0x7f74ac101d50 secure :-1 s=READY pgs=23 cs=0 l=1 rev1=1 crypto rx=0x7f749c004000 tx=0x7f749c0040e0 comp rx=0 tx=0).stop
2022-08-20T05:16:37.345 INFO:teuthology.orchestra.run.smithi105.stdout:/usr/bin/ceph: stderr
2022-08-20T05:16:36.954+0000 7f74b11c5700 1 -- 172.21.15.105:0/877098721 shutdown_connections
2022-08-20T05:16:37.345 INFO:teuthology.orchestra.run.smithi105.stdout:/usr/bin/ceph: stderr
2022-08-20T05:16:36.954+0000 7f74b11c5700 1 --2- 172.21.15.105:0/877098721 >> [v2:172.21.15.105:6800/1963807753,v1:172.21.15.105:6801/1963807753] conn(0x7f74980359c0 0x7f7498037e70 unknown :-1 s=CLOSED pgs=8 cs=0 l=1 rev1=1 crypto rx=0 tx=0 comp rx=0 tx=0).stop
2022-08-20T05:16:37.345 INFO:teuthology.orchestra.run.smithi105.stdout:/usr/bin/ceph: stderr
2022-08-20T05:16:36.954+0000 7f74b11c5700 1 --2- 172.21.15.105:0/877098721 >> [v2:172.21.15.105:3300/0,v1:172.21.15.105:6789/0] conn(0x7f74ac1036d0 0x7f74ac101d50 unknown :-1 s=CLOSED pgs=23 cs=0 l=1 rev1=1 crypto rx=0 tx=0 comp rx=0 tx=0).stop
2022-08-20T05:16:37.345 INFO:teuthology.orchestra.run.smithi105.stdout:/usr/bin/ceph: stderr
2022-08-20T05:16:36.954+0000 7f74b11c5700 1 -- 172.21.15.105:0/877098721 >> 172.21.15.105:0/877098721 conn(0x7f74ac0fd800 msgr2=0x7f74ac0fe620 unknown :-1 s=STATE_NONE l=0).mark_down
2022-08-20T05:16:37.345 INFO:teuthology.orchestra.run.smithi105.stdout:/usr/bin/ceph: stderr
2022-08-20T05:16:36.954+0000 7f74b11c5700 1 -- 172.21.15.105:0/877098721 shutdown_connections
2022-08-20T05:16:37.346 INFO:teuthology.orchestra.run.smithi105.stdout:/usr/bin/ceph: stderr
2022-08-20T05:16:36.954+0000 7f74b11c5700 1 -- 172.21.15.105:0/877098721 wait complete.
2022-08-20T05:16:37.534 INFO:journalctl@ceph.mgr.x.smithi105.stdout:Aug 20 05:16:37 smithi105 ceph-8f5a21ea-2046-11ed-8431-001a4aab830c-mgr-x[95535]:
2022-08-20T05:16:37.273+0000 7fcb9f3f4080 -1 mgr[py] Module snap_schedule has missing NOTIFY_TYPES member
2022-08-20T05:16:37.535 INFO:journalctl@ceph.mgr.x.smithi105.stdout:Aug 20 05:16:37 smithi105 ceph-8f5a21ea-2046-11ed-8431-001a4aab830c-mgr-x[95535]:
2022-08-20T05:16:37.370+0000 7fcb9f3f4080 -1 mgr[py] Module zabbix has missing NOTIFY_TYPES member
2022-08-20T05:16:37.857 INFO:journalctl@ceph.mgr.x.smithi105.stdout:Aug 20 05:16:37 smithi105 ceph-8f5a21ea-2046-11ed-8431-001a4aab830c-mgr-x[95535]:
2022-08-20T05:16:37.534+0000 7fcb9f3f4080 -1 mgr[py] Module crash has missing NOTIFY_TYPES member
2022-08-20T05:16:38.138 INFO:journalctl@ceph.mon.a.smithi105.stdout:Aug 20 05:16:37 smithi105 ceph-mon[95286]: from='client.? 172.21.15.105:0/877098721' entity='client.admin' cmd='[{"prefix": "mgr module enable", "module": "cephadm"}]': finished
2022-08-20T05:16:38.139 INFO:journalctl@ceph.mon.a.smithi105.stdout:Aug 20 05:16:37 smithi105 ceph-mon[95286]: mgrmap e5: x(active, since 5s)
2022-08-20T05:16:38.139 INFO:journalctl@ceph.mgr.x.smithi105.stdout:Aug 20 05:16:37 smithi105 ceph-8f5a21ea-2046-11ed-8431-001a4aab830c-mgr-x[95535]:
2022-08-20T05:16:37.856+0000 7fcb9f3f4080 -1 mgr[py] Module prometheus has missing NOTIFY_TYPES member
2022-08-20T05:16:38.139 INFO:journalctl@ceph.mgr.x.smithi105.stdout:Aug 20 05:16:37 smithi105 ceph-8f5a21ea-2046-11ed-8431-001a4aab830c-mgr-x[95535]:
2022-08-20T05:16:37.948+0000 7fcb9f3f4080 -1 mgr[py] Module status has missing NOTIFY_TYPES member
2022-08-20T05:16:38.139 INFO:journalctl@ceph.mgr.x.smithi105.stdout:Aug 20 05:16:38 smithi105 ceph-8f5a21ea-2046-11ed-8431-001a4aab830c-mgr-x[95535]:
2022-08-20T05:16:38.078+0000 7fcb9f3f4080 -1 mgr[py] Module selftest has missing NOTIFY_TYPES member
2022-08-20T05:16:38.430 INFO:journalctl@ceph.mgr.x.smithi105.stdout:Aug 20 05:16:38 smithi105 ceph-8f5a21ea-2046-11ed-8431-001a4aab830c-mgr-x[95535]:
2022-08-20T05:16:38.183+0000 7fcb9f3f4080 -1 mgr[py] Module alerts has missing NOTIFY_TYPES member
2022-08-20T05:16:38.474 INFO:teuthology.orchestra.run.smithi105.stdout:/usr/bin/ceph: stdout {
2022-08-20T05:16:38.475 INFO:teuthology.orchestra.run.smithi105.stdout:/usr/bin/ceph: stdout "epoch": 5,
2022-08-20T05:16:38.475 INFO:teuthology.orchestra.run.smithi105.stdout:/usr/bin/ceph: stdout "available": true,
2022-08-20T05:16:38.475 INFO:teuthology.orchestra.run.smithi105.stdout:/usr/bin/ceph: stdout "active_name": "x",
2022-08-20T05:16:38.476 INFO:teuthology.orchestra.run.smithi105.stdout:/usr/bin/ceph: stdout "num_standby": 0
2022-08-20T05:16:38.476 INFO:teuthology.orchestra.run.smithi105.stdout:/usr/bin/ceph: stdout }
2022-08-20T05:16:38.476 INFO:teuthology.orchestra.run.smithi105.stdout:/usr/bin/ceph: stderr
2022-08-20T05:16:37.860+0000 7f3f39534700 1 Processor -- start
2022-08-20T05:16:38.476 INFO:teuthology.orchestra.run.smithi105.stdout:/usr/bin/ceph: stderr
2022-08-20T05:16:37.860+0000 7f3f39534700 1 -- start start
2022-08-20T05:16:38.477 INFO:teuthology.orchestra.run.smithi105.stdout:/usr/bin/ceph: stderr
2022-08-20T05:16:37.860+0000 7f3f39534700 1 --2- >> [v2:172.21.15.105:3300/0,v1:172.21.15.105:6789/0] conn(0x7f3f34077c90 0x7f3f34105dd0 unknown :-1 s=NONE pgs=0 cs=0 l=0 rev1=0 crypto rx=0 tx=0 comp rx=0 tx=0).connect
2022-08-20T05:16:38.477 INFO:teuthology.orchestra.run.smithi105.stdout:/usr/bin/ceph: stderr
2022-08-20T05:16:37.860+0000 7f3f39534700 1 -- --> [v2:172.21.15.105:3300/0,v1:172.21.15.105:6789/0] -- mon_getmap magic: 0 v1 -- 0x7f3f34106310 con 0x7f3f34077c90
2022-08-20T05:16:38.477 INFO:teuthology.orchestra.run.smithi105.stdout:/usr/bin/ceph: stderr
2022-08-20T05:16:37.860+0000 7f3f32ffd700 1 --2- >> [v2:172.21.15.105:3300/0,v1:172.21.15.105:6789/0] conn(0x7f3f34077c90 0x7f3f34105dd0 unknown :-1 s=BANNER_CONNECTING pgs=0 cs=0 l=0 rev1=0 crypto rx=0 tx=0 comp rx=0 tx=0)._handle_peer_banner_payload supported=3 required=0
2022-08-20T05:16:38.477 INFO:teuthology.orchestra.run.smithi105.stdout:/usr/bin/ceph: stderr
2022-08-20T05:16:37.860+0000 7f3f32ffd700 1 --2- >> [v2:172.21.15.105:3300/0,v1:172.21.15.105:6789/0] conn(0x7f3f34077c90 0x7f3f34105dd0 unknown :-1 s=HELLO_CONNECTING pgs=0 cs=0 l=0 rev1=1 crypto rx=0 tx=0 comp rx=0 tx=0).handle_hello peer v2:172.21.15.105:3300/0 says I am v2:172.21.15.105:42240/0 (socket says 172.21.15.105:42240)
2022-08-20T05:16:38.478 INFO:teuthology.orchestra.run.smithi105.stdout:/usr/bin/ceph: stderr
2022-08-20T05:16:37.860+0000 7f3f32ffd700 1 -- 172.21.15.105:0/667959932 learned_addr learned my addr 172.21.15.105:0/667959932 (peer_addr_for_me v2:172.21.15.105:0/0)
2022-08-20T05:16:38.478 INFO:teuthology.orchestra.run.smithi105.stdout:/usr/bin/ceph: stderr
2022-08-20T05:16:37.861+0000 7f3f32ffd700 1 -- 172.21.15.105:0/667959932 --> [v2:172.21.15.105:3300/0,v1:172.21.15.105:6789/0] -- mon_subscribe({config=0+,monmap=0+}) v3 -- 0x7f3f34106450 con 0x7f3f34077c90
2022-08-20T05:16:38.478 INFO:teuthology.orchestra.run.smithi105.stdout:/usr/bin/ceph: stderr
2022-08-20T05:16:37.861+0000 7f3f32ffd700 1 --2- 172.21.15.105:0/667959932 >> [v2:172.21.15.105:3300/0,v1:172.21.15.105:6789/0] conn(0x7f3f34077c90 0x7f3f34105dd0 secure :-1 s=READY pgs=26 cs=0 l=1 rev1=1 crypto rx=0x7f3f24009700 tx=0x7f3f24009a10 comp rx=0 tx=0).ready entity=mon.0 client_cookie=63768ae46958802c server_cookie=0 in_seq=0 out_seq=0
2022-08-20T05:16:38.478 INFO:teuthology.orchestra.run.smithi105.stdout:/usr/bin/ceph: stderr
2022-08-20T05:16:37.861+0000 7f3f31ffb700 1 -- 172.21.15.105:0/667959932 <== mon.0 v2:172.21.15.105:3300/0 1 ==== mon_map magic: 0 v1 ==== 205+0+0 (secure 0 0 0) 0x7f3f24004160 con 0x7f3f34077c90
2022-08-20T05:16:38.479 INFO:teuthology.orchestra.run.smithi105.stdout:/usr/bin/ceph: stderr
2022-08-20T05:16:37.861+0000 7f3f31ffb700 1 -- 172.21.15.105:0/667959932 <== mon.0 v2:172.21.15.105:3300/0 2 ==== config(26 keys) v1 ==== 1049+0+0 (secure 0 0 0) 0x7f3f240042c0 con 0x7f3f34077c90
2022-08-20T05:16:38.479 INFO:teuthology.orchestra.run.smithi105.stdout:/usr/bin/ceph: stderr
2022-08-20T05:16:37.861+0000 7f3f31ffb700 1 -- 172.21.15.105:0/667959932 <== mon.0 v2:172.21.15.105:3300/0 3 ==== mon_map magic: 0 v1 ==== 205+0+0 (secure 0 0 0) 0x7f3f240039d0 con 0x7f3f34077c90
2022-08-20T05:16:38.479 INFO:teuthology.orchestra.run.smithi105.stdout:/usr/bin/ceph: stderr
2022-08-20T05:16:37.861+0000 7f3f39534700 1 -- 172.21.15.105:0/667959932 >> [v2:172.21.15.105:3300/0,v1:172.21.15.105:6789/0] conn(0x7f3f34077c90 msgr2=0x7f3f34105dd0 secure :-1 s=STATE_CONNECTION_ESTABLISHED l=1).mark_down
2022-08-20T05:16:38.479 INFO:teuthology.orchestra.run.smithi105.stdout:/usr/bin/ceph: stderr
2022-08-20T05:16:37.862+0000 7f3f39534700 1 --2- 172.21.15.105:0/667959932 >> [v2:172.21.15.105:3300/0,v1:172.21.15.105:6789/0] conn(0x7f3f34077c90 0x7f3f34105dd0 secure :-1 s=READY pgs=26 cs=0 l=1 rev1=1 crypto rx=0x7f3f24009700 tx=0x7f3f24009a10 comp rx=0 tx=0).stop
2022-08-20T05:16:38.480 INFO:teuthology.orchestra.run.smithi105.stdout:/usr/bin/ceph: stderr
2022-08-20T05:16:37.862+0000 7f3f39534700 1 -- 172.21.15.105:0/667959932 shutdown_connections
2022-08-20T05:16:38.480 INFO:teuthology.orchestra.run.smithi105.stdout:/usr/bin/ceph: stderr
2022-08-20T05:16:37.862+0000 7f3f39534700 1 --2- 172.21.15.105:0/667959932 >> [v2:172.21.15.105:3300/0,v1:172.21.15.105:6789/0] conn(0x7f3f34077c90 0x7f3f34105dd0 unknown :-1 s=CLOSED pgs=26 cs=0 l=1 rev1=1 crypto rx=0 tx=0 comp rx=0 tx=0).stop
2022-08-20T05:16:38.480 INFO:teuthology.orchestra.run.smithi105.stdout:/usr/bin/ceph: stderr
2022-08-20T05:16:37.862+0000 7f3f39534700 1 -- 172.21.15.105:0/667959932 >> 172.21.15.105:0/667959932 conn(0x7f3f340fd860 msgr2=0x7f3f340ffc70 unknown :-1 s=STATE_NONE l=0).mark_down
2022-08-20T05:16:38.480 INFO:teuthology.orchestra.run.smithi105.stdout:/usr/bin/ceph: stderr
2022-08-20T05:16:37.862+0000 7f3f39534700 1 -- 172.21.15.105:0/667959932 shutdown_connections
2022-08-20T05:16:38.481 INFO:teuthology.orchestra.run.smithi105.stdout:/usr/bin/ceph: stderr
2022-08-20T05:16:37.862+0000 7f3f39534700 1 -- 172.21.15.105:0/667959932 wait complete.
2022-08-20T05:16:38.481 INFO:teuthology.orchestra.run.smithi105.stdout:/usr/bin/ceph: stderr
2022-08-20T05:16:37.862+0000 7f3f39534700 1 Processor -- start
2022-08-20T05:16:38.482 INFO:teuthology.orchestra.run.smithi105.stdout:/usr/bin/ceph: stderr
2022-08-20T05:16:37.863+0000 7f3f39534700 1 -- start start
2022-08-20T05:16:38.482 INFO:teuthology.orchestra.run.smithi105.stdout:/usr/bin/ceph: stderr
2022-08-20T05:16:37.863+0000 7f3f39534700 1 --2- >> [v2:172.21.15.105:3300/0,v1:172.21.15.105:6789/0] conn(0x7f3f34196cd0 0x7f3f34197100 unknown :-1 s=NONE pgs=0 cs=0 l=1 rev1=0 crypto rx=0 tx=0 comp rx=0 tx=0).connect
2022-08-20T05:16:38.483 INFO:teuthology.orchestra.run.smithi105.stdout:/usr/bin/ceph: stderr
2022-08-20T05:16:37.863+0000 7f3f39534700 1 -- --> [v2:172.21.15.105:3300/0,v1:172.21.15.105:6789/0] -- mon_getmap magic: 0 v1 -- 0x7f3f34197640 con 0x7f3f34196cd0
2022-08-20T05:16:38.483 INFO:teuthology.orchestra.run.smithi105.stdout:/usr/bin/ceph: stderr
2022-08-20T05:16:37.863+0000 7f3f32ffd700 1 --2- >> [v2:172.21.15.105:3300/0,v1:172.21.15.105:6789/0] conn(0x7f3f34196cd0 0x7f3f34197100 unknown :-1 s=BANNER_CONNECTING pgs=0 cs=0 l=1 rev1=0 crypto rx=0 tx=0 comp rx=0 tx=0)._handle_peer_banner_payload supported=3 required=0
2022-08-20T05:16:38.484 INFO:teuthology.orchestra.run.smithi105.stdout:/usr/bin/ceph: stderr
2022-08-20T05:16:37.863+0000 7f3f32ffd700 1 --2- >> [v2:172.21.15.105:3300/0,v1:172.21.15.105:6789/0] conn(0x7f3f34196cd0 0x7f3f34197100 unknown :-1 s=HELLO_CONNECTING pgs=0 cs=0 l=1 rev1=1 crypto rx=0 tx=0 comp rx=0 tx=0).handle_hello peer v2:172.21.15.105:3300/0 says I am v2:172.21.15.105:42242/0 (socket says 172.21.15.105:42242)
2022-08-20T05:16:38.484 INFO:teuthology.orchestra.run.smithi105.stdout:/usr/bin/ceph: stderr
2022-08-20T05:16:37.863+0000 7f3f32ffd700 1 -- 172.21.15.105:0/461535222 learned_addr learned my addr 172.21.15.105:0/461535222 (peer_addr_for_me v2:172.21.15.105:0/0)
2022-08-20T05:16:38.485 INFO:teuthology.orchestra.run.smithi105.stdout:/usr/bin/ceph: stderr
2022-08-20T05:16:37.863+0000 7f3f32ffd700 1 -- 172.21.15.105:0/461535222 --> [v2:172.21.15.105:3300/0,v1:172.21.15.105:6789/0] -- mon_subscribe({config=0+,monmap=0+}) v3 -- 0x7f3f240093e0 con 0x7f3f34196cd0
2022-08-20T05:16:38.485 INFO:teuthology.orchestra.run.smithi105.stdout:/usr/bin/ceph: stderr
2022-08-20T05:16:37.863+0000 7f3f32ffd700 1 --2- 172.21.15.105:0/461535222 >> [v2:172.21.15.105:3300/0,v1:172.21.15.105:6789/0] conn(0x7f3f34196cd0 0x7f3f34197100 secure :-1 s=READY pgs=27 cs=0 l=1 rev1=1 crypto rx=0x7f3f24004000 tx=0x7f3f240040e0 comp rx=0 tx=0).ready entity=mon.0 client_cookie=0 server_cookie=0 in_seq=0 out_seq=0
2022-08-20T05:16:38.485 INFO:teuthology.orchestra.run.smithi105.stdout:/usr/bin/ceph: stderr
2022-08-20T05:16:37.864+0000 7f3f1bfff700 1 -- 172.21.15.105:0/461535222 <== mon.0 v2:172.21.15.105:3300/0 1 ==== mon_map magic: 0 v1 ==== 205+0+0 (secure 0 0 0) 0x7f3f24011840 con 0x7f3f34196cd0
2022-08-20T05:16:38.486 INFO:teuthology.orchestra.run.smithi105.stdout:/usr/bin/ceph: stderr
2022-08-20T05:16:37.864+0000 7f3f1bfff700 1 -- 172.21.15.105:0/461535222 <== mon.0 v2:172.21.15.105:3300/0 2 ==== config(26 keys) v1 ==== 1049+0+0 (secure 0 0 0) 0x7f3f2401a430 con 0x7f3f34196cd0
2022-08-20T05:16:38.486 INFO:teuthology.orchestra.run.smithi105.stdout:/usr/bin/ceph: stderr
2022-08-20T05:16:37.864+0000 7f3f39534700 1 -- 172.21.15.105:0/461535222 --> [v2:172.21.15.105:3300/0,v1:172.21.15.105:6789/0] -- mon_subscribe({mgrmap=0+}) v3 -- 0x7f3f34197840 con 0x7f3f34196cd0
2022-08-20T05:16:38.487 INFO:teuthology.orchestra.run.smithi105.stdout:/usr/bin/ceph: stderr
2022-08-20T05:16:37.864+0000 7f3f1bfff700 1 -- 172.21.15.105:0/461535222 <== mon.0 v2:172.21.15.105:3300/0 3 ==== mon_map magic: 0 v1 ==== 205+0+0 (secure 0 0 0) 0x7f3f24019530 con 0x7f3f34196cd0
2022-08-20T05:16:38.487 INFO:teuthology.orchestra.run.smithi105.stdout:/usr/bin/ceph: stderr
2022-08-20T05:16:37.864+0000 7f3f39534700 1 -- 172.21.15.105:0/461535222 --> [v2:172.21.15.105:3300/0,v1:172.21.15.105:6789/0] -- mon_subscribe({osdmap=0}) v3 -- 0x7f3f3419a460 con 0x7f3f34196cd0
2022-08-20T05:16:38.488 INFO:teuthology.orchestra.run.smithi105.stdout:/usr/bin/ceph: stderr
2022-08-20T05:16:37.865+0000 7f3f1bfff700 1 -- 172.21.15.105:0/461535222 <== mon.0 v2:172.21.15.105:3300/0 4 ==== mgrmap(e 5) v1 ==== 42809+0+0 (secure 0 0 0) 0x7f3f2402a020 con 0x7f3f34196cd0
2022-08-20T05:16:38.488 INFO:teuthology.orchestra.run.smithi105.stdout:/usr/bin/ceph: stderr
2022-08-20T05:16:37.865+0000 7f3f1bfff700 1 --2- 172.21.15.105:0/461535222 >> [v2:172.21.15.105:6800/1963807753,v1:172.21.15.105:6801/1963807753] conn(0x7f3f200359c0 0x7f3f20037e70 unknown :-1 s=NONE pgs=0 cs=0 l=1 rev1=0 crypto rx=0 tx=0 comp rx=0 tx=0).connect
2022-08-20T05:16:38.488 INFO:teuthology.orchestra.run.smithi105.stdout:/usr/bin/ceph: stderr
2022-08-20T05:16:37.865+0000 7f3f1bfff700 1 -- 172.21.15.105:0/461535222 <== mon.0 v2:172.21.15.105:3300/0 5 ==== osd_map(1..1 src has 1..1) v4 ==== 721+0+0 (secure 0 0 0) 0x7f3f24048ce0 con 0x7f3f34196cd0
2022-08-20T05:16:38.489 INFO:teuthology.orchestra.run.smithi105.stdout:/usr/bin/ceph: stderr
2022-08-20T05:16:37.865+0000 7f3f327fc700 1 -- 172.21.15.105:0/461535222 >> [v2:172.21.15.105:6800/1963807753,v1:172.21.15.105:6801/1963807753] conn(0x7f3f200359c0 msgr2=0x7f3f20037e70 unknown :-1 s=STATE_CONNECTING_RE l=1).process reconnect failed to v2:172.21.15.105:6800/1963807753
2022-08-20T05:16:38.489 INFO:teuthology.orchestra.run.smithi105.stdout:/usr/bin/ceph: stderr
2022-08-20T05:16:37.865+0000 7f3f327fc700 1 --2- 172.21.15.105:0/461535222 >> [v2:172.21.15.105:6800/1963807753,v1:172.21.15.105:6801/1963807753] conn(0x7f3f200359c0 0x7f3f20037e70 unknown :-1 s=START_CONNECT pgs=0 cs=0 l=1 rev1=0 crypto rx=0 tx=0 comp rx=0 tx=0)._fault waiting 0.200000
2022-08-20T05:16:38.489 INFO:teuthology.orchestra.run.smithi105.stdout:/usr/bin/ceph: stderr
2022-08-20T05:16:37.865+0000 7f3f39534700 1 -- 172.21.15.105:0/461535222 --> [v2:172.21.15.105:3300/0,v1:172.21.15.105:6789/0] -- mon_command({"prefix": "get_command_descriptions"} v 0) v1 -- 0x7f3f34060240 con 0x7f3f34196cd0
2022-08-20T05:16:38.490 INFO:teuthology.orchestra.run.smithi105.stdout:/usr/bin/ceph: stderr
2022-08-20T05:16:37.870+0000 7f3f1bfff700 1 -- 172.21.15.105:0/461535222 <== mon.0 v2:172.21.15.105:3300/0 6 ==== mon_command_ack([{"prefix": "get_command_descriptions"}]=0 v0) v1 ==== 72+0+170955 (secure 0 0 0) 0x7f3f24018530 con 0x7f3f34196cd0
2022-08-20T05:16:38.490 INFO:teuthology.orchestra.run.smithi105.stdout:/usr/bin/ceph: stderr
2022-08-20T05:16:38.066+0000 7f3f327fc700 1 -- 172.21.15.105:0/461535222 >> [v2:172.21.15.105:6800/1963807753,v1:172.21.15.105:6801/1963807753] conn(0x7f3f200359c0 msgr2=0x7f3f20037e70 unknown :-1 s=STATE_CONNECTING_RE l=1).process reconnect failed to v2:172.21.15.105:6800/1963807753
2022-08-20T05:16:38.491 INFO:teuthology.orchestra.run.smithi105.stdout:/usr/bin/ceph: stderr
2022-08-20T05:16:38.066+0000 7f3f327fc700 1 --2- 172.21.15.105:0/461535222 >> [v2:172.21.15.105:6800/1963807753,v1:172.21.15.105:6801/1963807753] conn(0x7f3f200359c0 0x7f3f20037e70 unknown :-1 s=START_CONNECT pgs=0 cs=0 l=1 rev1=0 crypto rx=0 tx=0 comp rx=0 tx=0)._fault waiting 0.400000
2022-08-20T05:16:38.491 INFO:teuthology.orchestra.run.smithi105.stdout:/usr/bin/ceph: stderr
2022-08-20T05:16:38.110+0000 7f3f39534700 1 -- 172.21.15.105:0/461535222 --> [v2:172.21.15.105:3300/0,v1:172.21.15.105:6789/0] -- mon_command({"prefix": "mgr stat"} v 0) v1 -- 0x7f3f34077c90 con 0x7f3f34196cd0
2022-08-20T05:16:38.491 INFO:teuthology.orchestra.run.smithi105.stdout:/usr/bin/ceph: stderr
2022-08-20T05:16:38.110+0000 7f3f1bfff700 1 -- 172.21.15.105:0/461535222 <== mon.0 v2:172.21.15.105:3300/0 7 ==== mon_command_ack([{"prefix": "mgr stat"}]=0 v5) v1 ==== 56+0+88 (secure 0 0 0) 0x7f3f24046030 con 0x7f3f34196cd0
2022-08-20T05:16:38.492 INFO:teuthology.orchestra.run.smithi105.stdout:/usr/bin/ceph: stderr
2022-08-20T05:16:38.114+0000 7f3f39534700 1 -- 172.21.15.105:0/461535222 >> [v2:172.21.15.105:6800/1963807753,v1:172.21.15.105:6801/1963807753] conn(0x7f3f200359c0 msgr2=0x7f3f20037e70 unknown :-1 s=STATE_CONNECTING l=1).mark_down
2022-08-20T05:16:38.492 INFO:teuthology.orchestra.run.smithi105.stdout:/usr/bin/ceph: stderr
2022-08-20T05:16:38.114+0000 7f3f39534700 1 --2- 172.21.15.105:0/461535222 >> [v2:172.21.15.105:6800/1963807753,v1:172.21.15.105:6801/1963807753] conn(0x7f3f200359c0 0x7f3f20037e70 unknown :-1 s=START_CONNECT pgs=0 cs=0 l=1 rev1=0 crypto rx=0 tx=0 comp rx=0 tx=0).stop
2022-08-20T05:16:38.493 INFO:teuthology.orchestra.run.smithi105.stdout:/usr/bin/ceph: stderr
2022-08-20T05:16:38.114+0000 7f3f39534700 1 -- 172.21.15.105:0/461535222 >> [v2:172.21.15.105:3300/0,v1:172.21.15.105:6789/0] conn(0x7f3f34196cd0 msgr2=0x7f3f34197100 secure :-1 s=STATE_CONNECTION_ESTABLISHED l=1).mark_down
2022-08-20T05:16:38.493 INFO:teuthology.orchestra.run.smithi105.stdout:/usr/bin/ceph: stderr
2022-08-20T05:16:38.114+0000 7f3f39534700 1 --2- 172.21.15.105:0/461535222 >> [v2:172.21.15.105:3300/0,v1:172.21.15.105:6789/0] conn(0x7f3f34196cd0 0x7f3f34197100 secure :-1 s=READY pgs=27 cs=0 l=1 rev1=1 crypto rx=0x7f3f24004000 tx=0x7f3f240040e0 comp rx=0 tx=0).stop
2022-08-20T05:16:38.493 INFO:teuthology.orchestra.run.smithi105.stdout:/usr/bin/ceph: stderr
2022-08-20T05:16:38.114+0000 7f3f39534700 1 -- 172.21.15.105:0/461535222 shutdown_connections
2022-08-20T05:16:38.494 INFO:teuthology.orchestra.run.smithi105.stdout:/usr/bin/ceph: stderr
2022-08-20T05:16:38.114+0000 7f3f39534700 1 --2- 172.21.15.105:0/461535222 >> [v2:172.21.15.105:6800/1963807753,v1:172.21.15.105:6801/1963807753] conn(0x7f3f200359c0 0x7f3f20037e70 unknown :-1 s=CLOSED pgs=0 cs=0 l=1 rev1=0 crypto rx=0 tx=0 comp rx=0 tx=0).stop
2022-08-20T05:16:38.494 INFO:teuthology.orchestra.run.smithi105.stdout:/usr/bin/ceph: stderr
2022-08-20T05:16:38.114+0000 7f3f39534700 1 --2- 172.21.15.105:0/461535222 >> [v2:172.21.15.105:3300/0,v1:172.21.15.105:6789/0] conn(0x7f3f34196cd0 0x7f3f34197100 unknown :-1 s=CLOSED pgs=27 cs=0 l=1 rev1=1 crypto rx=0 tx=0 comp rx=0 tx=0).stop
2022-08-20T05:16:38.495 INFO:teuthology.orchestra.run.smithi105.stdout:/usr/bin/ceph: stderr
2022-08-20T05:16:38.114+0000 7f3f39534700 1 -- 172.21.15.105:0/461535222 >> 172.21.15.105:0/461535222 conn(0x7f3f340fd860 msgr2=0x7f3f340ffc00 unknown :-1 s=STATE_NONE l=0).mark_down
2022-08-20T05:16:38.495 INFO:teuthology.orchestra.run.smithi105.stdout:/usr/bin/ceph: stderr
2022-08-20T05:16:38.114+0000 7f3f39534700 1 -- 172.21.15.105:0/461535222 shutdown_connections
2022-08-20T05:16:38.495 INFO:teuthology.orchestra.run.smithi105.stdout:/usr/bin/ceph: stderr
2022-08-20T05:16:38.114+0000 7f3f39534700 1 -- 172.21.15.105:0/461535222 wait complete.
2022-08-20T05:16:38.496 INFO:teuthology.orchestra.run.smithi105.stdout:Waiting for the mgr to restart...
2022-08-20T05:16:38.496 INFO:teuthology.orchestra.run.smithi105.stdout:Waiting for mgr epoch 5...
2022-08-20T05:16:38.930 INFO:journalctl@ceph.mgr.x.smithi105.stdout:Aug 20 05:16:38 smithi105 ceph-8f5a21ea-2046-11ed-8431-001a4aab830c-mgr-x[95535]:
2022-08-20T05:16:38.616+0000 7fcb9f3f4080 -1 mgr[py] Module progress has missing NOTIFY_TYPES member
2022-08-20T05:16:39.359 INFO:journalctl@ceph.mon.a.smithi105.stdout:Aug 20 05:16:38 smithi105 ceph-mon[95286]: from='client.? 172.21.15.105:0/461535222' entity='client.admin' cmd=[{"prefix": "mgr stat"}]: dispatch
2022-08-20T05:16:39.360 INFO:journalctl@ceph.mgr.x.smithi105.stdout:Aug 20 05:16:39 smithi105 ceph-8f5a21ea-2046-11ed-8431-001a4aab830c-mgr-x[95535]:
2022-08-20T05:16:39.191+0000 7fcb9f3f4080 -1 mgr[py] Module rook has missing NOTIFY_TYPES member
2022-08-20T05:16:39.361 INFO:journalctl@ceph.mgr.x.smithi105.stdout:Aug 20 05:16:39 smithi105 ceph-8f5a21ea-2046-11ed-8431-001a4aab830c-mgr-x[95535]:
2022-08-20T05:16:39.358+0000 7fcb9f3f4080 -1 mgr[py] Module iostat has missing NOTIFY_TYPES member
2022-08-20T05:16:40.352 INFO:journalctl@ceph.mgr.x.smithi105.stdout:Aug 20 05:16:40 smithi105 ceph-8f5a21ea-2046-11ed-8431-001a4aab830c-mgr-x[95535]:
2022-08-20T05:16:40.099+0000 7fcb9f3f4080 -1 mgr[py] Module test_orchestrator has missing NOTIFY_TYPES member
2022-08-20T05:16:40.352 INFO:journalctl@ceph.mgr.x.smithi105.stdout:Aug 20 05:16:40 smithi105 ceph-8f5a21ea-2046-11ed-8431-001a4aab830c-mgr-x[95535]:
2022-08-20T05:16:40.188+0000 7fcb9f3f4080 -1 mgr[py] Module osd_perf_query has missing NOTIFY_TYPES member
2022-08-20T05:16:40.676 INFO:journalctl@ceph.mgr.x.smithi105.stdout:Aug 20 05:16:40 smithi105 ceph-8f5a21ea-2046-11ed-8431-001a4aab830c-mgr-x[95535]:
2022-08-20T05:16:40.351+0000 7fcb9f3f4080 -1 mgr[py] Module orchestrator has missing NOTIFY_TYPES member
2022-08-20T05:16:40.677 INFO:journalctl@ceph.mgr.x.smithi105.stdout:Aug 20 05:16:40 smithi105 ceph-8f5a21ea-2046-11ed-8431-001a4aab830c-mgr-x[95535]:
2022-08-20T05:16:40.532+0000 7fcb9f3f4080 -1 mgr[py] Module influx has missing NOTIFY_TYPES member
2022-08-20T05:16:40.930 INFO:journalctl@ceph.mgr.x.smithi105.stdout:Aug 20 05:16:40 smithi105 ceph-8f5a21ea-2046-11ed-8431-001a4aab830c-mgr-x[95535]:
2022-08-20T05:16:40.676+0000 7fcb9f3f4080 -1 mgr[py] Module telemetry has missing NOTIFY_TYPES member
2022-08-20T05:16:41.430 INFO:journalctl@ceph.mgr.x.smithi105.stdout:Aug 20 05:16:41 smithi105 ceph-8f5a21ea-2046-11ed-8431-001a4aab830c-mgr-x[95535]:
2022-08-20T05:16:41.063+0000 7fcb9f3f4080 -1 mgr[py] Module telegraf has missing NOTIFY_TYPES member
2022-08-20T05:16:41.885 INFO:journalctl@ceph.mgr.x.smithi105.stdout:Aug 20 05:16:41 smithi105 ceph-8f5a21ea-2046-11ed-8431-001a4aab830c-mgr-x[95535]:
2022-08-20T05:16:41.586+0000 7fcb9f3f4080 -1 mgr[py] Module balancer has missing NOTIFY_TYPES member
2022-08-20T05:16:42.179 INFO:journalctl@ceph.mgr.x.smithi105.stdout:Aug 20 05:16:41 smithi105 ceph-8f5a21ea-2046-11ed-8431-001a4aab830c-mgr-x[95535]:
2022-08-20T05:16:41.885+0000 7fcb9f3f4080 -1 mgr[py] Module diskprediction_local has missing NOTIFY_TYPES member
2022-08-20T05:16:42.179 INFO:journalctl@ceph.mgr.x.smithi105.stdout:Aug 20 05:16:42 smithi105 ceph-8f5a21ea-2046-11ed-8431-001a4aab830c-mgr-x[95535]:
2022-08-20T05:16:42.068+0000 7fcb9f3f4080 -1 mgr[py] Module nfs has missing NOTIFY_TYPES member
2022-08-20T05:16:42.430 INFO:journalctl@ceph.mgr.x.smithi105.stdout:Aug 20 05:16:42 smithi105 ceph-8f5a21ea-2046-11ed-8431-001a4aab830c-mgr-x[95535]:
2022-08-20T05:16:42.179+0000 7fcb9f3f4080 -1 mgr[py] Module rbd_support has missing NOTIFY_TYPES member
2022-08-20T05:16:42.431 INFO:journalctl@ceph.mgr.x.smithi105.stdout:Aug 20 05:16:42 smithi105 ceph-8f5a21ea-2046-11ed-8431-001a4aab830c-mgr-x[95535]:
2022-08-20T05:16:42.384+0000 7fcb9f3f4080 -1 mgr[py] Module volumes has missing NOTIFY_TYPES member
2022-08-20T05:16:43.680 INFO:journalctl@ceph.mgr.x.smithi105.stdout:Aug 20 05:16:43 smithi105 ceph-8f5a21ea-2046-11ed-8431-001a4aab830c-mgr-x[95535]:
2022-08-20T05:16:43.215+0000 7fcb9f3f4080 -1 mgr[py] Module pg_autoscaler has missing NOTIFY_TYPES member
2022-08-20T05:16:44.680 INFO:journalctl@ceph.mon.a.smithi105.stdout:Aug 20 05:16:44 smithi105 ceph-mon[95286]: Active manager daemon x restarted
2022-08-20T05:16:44.736 INFO:journalctl@ceph.mon.a.smithi105.stdout:Aug 20 05:16:44 smithi105 ceph-mon[95286]: Activating manager daemon x
2022-08-20T05:16:44.737 INFO:journalctl@ceph.mon.a.smithi105.stdout:Aug 20 05:16:44 smithi105 ceph-mon[95286]: osdmap e2: 0 total, 0 up, 0 in
2022-08-20T05:16:44.737 INFO:journalctl@ceph.mon.a.smithi105.stdout:Aug 20 05:16:44 smithi105 ceph-mon[95286]: mgrmap e6: x(active, starting, since 0.604273s)
2022-08-20T05:16:44.737 INFO:journalctl@ceph.mon.a.smithi105.stdout:Aug 20 05:16:44 smithi105 ceph-mon[95286]: from='mgr.14120 172.21.15.105:0/218672974' entity='mgr.x' cmd=[{"prefix": "mon metadata", "id": "a"}]: dispatch
2022-08-20T05:16:44.738 INFO:journalctl@ceph.mon.a.smithi105.stdout:Aug 20 05:16:44 smithi105 ceph-mon[95286]: from='mgr.14120 172.21.15.105:0/218672974' entity='mgr.x' cmd=[{"prefix": "mgr metadata", "who": "x", "id": "x"}]: dispatch
2022-08-20T05:16:44.738 INFO:journalctl@ceph.mon.a.smithi105.stdout:Aug 20 05:16:44 smithi105 ceph-mon[95286]: from='mgr.14120 172.21.15.105:0/218672974' entity='mgr.x' cmd=[{"prefix": "mds metadata"}]: dispatch
2022-08-20T05:16:44.738 INFO:journalctl@ceph.mon.a.smithi105.stdout:Aug 20 05:16:44 smithi105 ceph-mon[95286]: from='mgr.14120 172.21.15.105:0/218672974' entity='mgr.x' cmd=[{"prefix": "osd metadata"}]: dispatch
2022-08-20T05:16:44.738 INFO:journalctl@ceph.mon.a.smithi105.stdout:Aug 20 05:16:44 smithi105 ceph-mon[95286]: from='mgr.14120 172.21.15.105:0/218672974' entity='mgr.x' cmd=[{"prefix": "mon metadata"}]: dispatch
2022-08-20T05:16:44.738 INFO:journalctl@ceph.mon.a.smithi105.stdout:Aug 20 05:16:44 smithi105 ceph-mon[95286]: Manager daemon x is now available
2022-08-20T05:16:44.739 INFO:journalctl@ceph.mon.a.smithi105.stdout:Aug 20 05:16:44 smithi105 ceph-mon[95286]: from='mgr.14120 172.21.15.105:0/218672974' entity='mgr.x'
2022-08-20T05:16:44.739 INFO:journalctl@ceph.mon.a.smithi105.stdout:Aug 20 05:16:44 smithi105 ceph-mon[95286]: from='mgr.14120 172.21.15.105:0/218672974' entity='mgr.x'
2022-08-20T05:16:44.739 INFO:journalctl@ceph.mon.a.smithi105.stdout:Aug 20 05:16:44 smithi105 ceph-mon[95286]: from='mgr.14120 172.21.15.105:0/218672974' entity='mgr.x' cmd=[{"prefix": "config dump", "format": "json"}]: dispatch
2022-08-20T05:16:44.739 INFO:journalctl@ceph.mon.a.smithi105.stdout:Aug 20 05:16:44 smithi105 ceph-mon[95286]: from='mgr.14120 172.21.15.105:0/218672974' entity='mgr.x' cmd=[{"prefix": "config dump", "format": "json"}]: dispatch
2022-08-20T05:16:44.740 INFO:journalctl@ceph.mon.a.smithi105.stdout:Aug 20 05:16:44 smithi105 ceph-mon[95286]: from='mgr.14120 172.21.15.105:0/218672974' entity='mgr.x' cmd=[{"prefix": "config dump", "format": "json"}]: dispatch
2022-08-20T05:16:44.740 INFO:journalctl@ceph.mon.a.smithi105.stdout:Aug 20 05:16:44 smithi105 ceph-mon[95286]: from='mgr.14120 172.21.15.105:0/218672974' entity='mgr.x' cmd=[{"prefix":"config rm","who":"mgr","name":"mgr/rbd_support/x/mirror_snapshot_schedule"}]: dispatch
2022-08-20T05:16:44.740 INFO:journalctl@ceph.mon.a.smithi105.stdout:Aug 20 05:16:44 smithi105 ceph-mon[95286]: from='mgr.14120 172.21.15.105:0/218672974' entity='mgr.x' cmd=[{"prefix":"config rm","who":"mgr","name":"mgr/rbd_support/x/trash_purge_schedule"}]: dispatch
2022-08-20T05:16:45.335 INFO:teuthology.orchestra.run.smithi105.stdout:/usr/bin/ceph: stdout {
2022-08-20T05:16:45.335 INFO:teuthology.orchestra.run.smithi105.stdout:/usr/bin/ceph: stdout "mgrmap_epoch": 7,
2022-08-20T05:16:45.335 INFO:teuthology.orchestra.run.smithi105.stdout:/usr/bin/ceph: stdout "initialized": true
2022-08-20T05:16:45.335 INFO:teuthology.orchestra.run.smithi105.stdout:/usr/bin/ceph: stdout }
2022-08-20T05:16:45.336 INFO:teuthology.orchestra.run.smithi105.stdout:/usr/bin/ceph: stderr
2022-08-20T05:16:38.990+0000 7f73db3e0700 1 Processor -- start
2022-08-20T05:16:45.336 INFO:teuthology.orchestra.run.smithi105.stdout:/usr/bin/ceph: stderr
2022-08-20T05:16:38.990+0000 7f73db3e0700 1 -- start start
