2022-08-20T05:17:08.431+0000 7f94477fe700 1 -- 172.21.15.105:0/3219639958 <== mon.0 v2:172.21.15.105:3300/0 3 ==== mon_map magic: 0 v1 ==== 205+0+0 (secure 0 0 0) 0x7f94540193c0 con 0x7f9458103250
2022-08-20T05:17:09.151 INFO:teuthology.orchestra.run.smithi105.stdout:/usr/bin/ceph: stderr
2022-08-20T05:17:08.431+0000 7f9460680700 1 -- 172.21.15.105:0/3219639958 --> [v2:172.21.15.105:3300/0,v1:172.21.15.105:6789/0] -- mon_subscribe({osdmap=0}) v3 -- 0x7f9458078660 con 0x7f9458103250
2022-08-20T05:17:09.151 INFO:teuthology.orchestra.run.smithi105.stdout:/usr/bin/ceph: stderr
2022-08-20T05:17:08.432+0000 7f94477fe700 1 -- 172.21.15.105:0/3219639958 <== mon.0 v2:172.21.15.105:3300/0 4 ==== mgrmap(e 11) v1 ==== 42742+0+0 (secure 0 0 0) 0x7f945402a020 con 0x7f9458103250
2022-08-20T05:17:09.151 INFO:teuthology.orchestra.run.smithi105.stdout:/usr/bin/ceph: stderr
2022-08-20T05:17:08.432+0000 7f94477fe700 1 --2- 172.21.15.105:0/3219639958 >> [v2:172.21.15.105:6800/4282934039,v1:172.21.15.105:6801/4282934039] conn(0x7f9440035980 0x7f9440037e30 unknown :-1 s=NONE pgs=0 cs=0 l=1 rev1=0 crypto rx=0 tx=0 comp rx=0 tx=0).connect
2022-08-20T05:17:09.151 INFO:teuthology.orchestra.run.smithi105.stdout:/usr/bin/ceph: stderr
2022-08-20T05:17:08.432+0000 7f9460680700 1 -- 172.21.15.105:0/3219639958 --> [v2:172.21.15.105:3300/0,v1:172.21.15.105:6789/0] -- mon_command({"prefix": "get_command_descriptions"} v 0) v1 -- 0x7f94581050b0 con 0x7f9458103250
2022-08-20T05:17:09.152 INFO:teuthology.orchestra.run.smithi105.stdout:/usr/bin/ceph: stderr
2022-08-20T05:17:08.432+0000 7f94477fe700 1 -- 172.21.15.105:0/3219639958 <== mon.0 v2:172.21.15.105:3300/0 5 ==== osd_map(3..3 src has 1..3) v4 ==== 1151+0+0 (secure 0 0 0) 0x7f9454048be0 con 0x7f9458103250
2022-08-20T05:17:09.152 INFO:teuthology.orchestra.run.smithi105.stdout:/usr/bin/ceph: stderr
2022-08-20T05:17:08.432+0000 7f945dc1b700 1 --2- 172.21.15.105:0/3219639958 >> [v2:172.21.15.105:6800/4282934039,v1:172.21.15.105:6801/4282934039] conn(0x7f9440035980 0x7f9440037e30 unknown :-1 s=BANNER_CONNECTING pgs=0 cs=0 l=1 rev1=0 crypto rx=0 tx=0 comp rx=0 tx=0)._handle_peer_banner_payload supported=3 required=0
2022-08-20T05:17:09.152 INFO:teuthology.orchestra.run.smithi105.stdout:/usr/bin/ceph: stderr
2022-08-20T05:17:08.433+0000 7f945dc1b700 1 --2- 172.21.15.105:0/3219639958 >> [v2:172.21.15.105:6800/4282934039,v1:172.21.15.105:6801/4282934039] conn(0x7f9440035980 0x7f9440037e30 secure :-1 s=READY pgs=7 cs=0 l=1 rev1=1 crypto rx=0x7f9448009750 tx=0x7f9448006cc0 comp rx=0 tx=0).ready entity=mgr.14152 client_cookie=0 server_cookie=0 in_seq=0 out_seq=0
2022-08-20T05:17:09.152 INFO:teuthology.orchestra.run.smithi105.stdout:/usr/bin/ceph: stderr
2022-08-20T05:17:08.437+0000 7f94477fe700 1 -- 172.21.15.105:0/3219639958 <== mon.0 v2:172.21.15.105:3300/0 6 ==== mon_command_ack([{"prefix": "get_command_descriptions"}]=0 v0) v1 ==== 72+0+170955 (secure 0 0 0) 0x7f945402bbc0 con 0x7f9458103250
2022-08-20T05:17:09.153 INFO:teuthology.orchestra.run.smithi105.stdout:/usr/bin/ceph: stderr
2022-08-20T05:17:08.632+0000 7f9460680700 1 -- 172.21.15.105:0/3219639958 --> [v2:172.21.15.105:6800/4282934039,v1:172.21.15.105:6801/4282934039] -- mgr_command(tid 0: {"prefix": "dashboard create-self-signed-cert", "target": ["mon-mgr", ""]}) v1 -- 0x7f9458100c20 con 0x7f9440035980
2022-08-20T05:17:09.153 INFO:teuthology.orchestra.run.smithi105.stdout:/usr/bin/ceph: stderr
2022-08-20T05:17:08.693+0000 7f94477fe700 1 -- 172.21.15.105:0/3219639958 <== mgr.14152 v2:172.21.15.105:6800/4282934039 1 ==== mgr_command_reply(tid 0: 0 ) v1 ==== 8+0+32 (secure 0 0 0) 0x7f9458100c20 con 0x7f9440035980
2022-08-20T05:17:09.153 INFO:teuthology.orchestra.run.smithi105.stdout:/usr/bin/ceph: stderr
2022-08-20T05:17:08.695+0000 7f9460680700 1 -- 172.21.15.105:0/3219639958 >> [v2:172.21.15.105:6800/4282934039,v1:172.21.15.105:6801/4282934039] conn(0x7f9440035980 msgr2=0x7f9440037e30 secure :-1 s=STATE_CONNECTION_ESTABLISHED l=1).mark_down
2022-08-20T05:17:09.153 INFO:teuthology.orchestra.run.smithi105.stdout:/usr/bin/ceph: stderr
2022-08-20T05:17:08.695+0000 7f9460680700 1 --2- 172.21.15.105:0/3219639958 >> [v2:172.21.15.105:6800/4282934039,v1:172.21.15.105:6801/4282934039] conn(0x7f9440035980 0x7f9440037e30 secure :-1 s=READY pgs=7 cs=0 l=1 rev1=1 crypto rx=0x7f9448009750 tx=0x7f9448006cc0 comp rx=0 tx=0).stop
2022-08-20T05:17:09.153 INFO:teuthology.orchestra.run.smithi105.stdout:/usr/bin/ceph: stderr
2022-08-20T05:17:08.695+0000 7f9460680700 1 -- 172.21.15.105:0/3219639958 >> [v2:172.21.15.105:3300/0,v1:172.21.15.105:6789/0] conn(0x7f9458103250 msgr2=0x7f9458079bf0 secure :-1 s=STATE_CONNECTION_ESTABLISHED l=1).mark_down
2022-08-20T05:17:09.154 INFO:teuthology.orchestra.run.smithi105.stdout:/usr/bin/ceph: stderr
2022-08-20T05:17:08.695+0000 7f9460680700 1 --2- 172.21.15.105:0/3219639958 >> [v2:172.21.15.105:3300/0,v1:172.21.15.105:6789/0] conn(0x7f9458103250 0x7f9458079bf0 secure :-1 s=READY pgs=71 cs=0 l=1 rev1=1 crypto rx=0x7f9454003f30 tx=0x7f9454004010 comp rx=0 tx=0).stop
2022-08-20T05:17:09.154 INFO:teuthology.orchestra.run.smithi105.stdout:/usr/bin/ceph: stderr
2022-08-20T05:17:08.696+0000 7f9460680700 1 -- 172.21.15.105:0/3219639958 shutdown_connections
2022-08-20T05:17:09.154 INFO:teuthology.orchestra.run.smithi105.stdout:/usr/bin/ceph: stderr
2022-08-20T05:17:08.696+0000 7f9460680700 1 --2- 172.21.15.105:0/3219639958 >> [v2:172.21.15.105:6800/4282934039,v1:172.21.15.105:6801/4282934039] conn(0x7f9440035980 0x7f9440037e30 unknown :-1 s=CLOSED pgs=7 cs=0 l=1 rev1=1 crypto rx=0 tx=0 comp rx=0 tx=0).stop
2022-08-20T05:17:09.154 INFO:teuthology.orchestra.run.smithi105.stdout:/usr/bin/ceph: stderr
2022-08-20T05:17:08.696+0000 7f9460680700 1 --2- 172.21.15.105:0/3219639958 >> [v2:172.21.15.105:3300/0,v1:172.21.15.105:6789/0] conn(0x7f9458103250 0x7f9458079bf0 unknown :-1 s=CLOSED pgs=71 cs=0 l=1 rev1=1 crypto rx=0 tx=0 comp rx=0 tx=0).stop
2022-08-20T05:17:09.155 INFO:teuthology.orchestra.run.smithi105.stdout:/usr/bin/ceph: stderr
2022-08-20T05:17:08.696+0000 7f9460680700 1 -- 172.21.15.105:0/3219639958 >> 172.21.15.105:0/3219639958 conn(0x7f94580fe960 msgr2=0x7f94580fffe0 unknown :-1 s=STATE_NONE l=0).mark_down
2022-08-20T05:17:09.155 INFO:teuthology.orchestra.run.smithi105.stdout:/usr/bin/ceph: stderr
2022-08-20T05:17:08.696+0000 7f9460680700 1 -- 172.21.15.105:0/3219639958 shutdown_connections
2022-08-20T05:17:09.155 INFO:teuthology.orchestra.run.smithi105.stdout:/usr/bin/ceph: stderr
2022-08-20T05:17:08.696+0000 7f9460680700 1 -- 172.21.15.105:0/3219639958 wait complete.
2022-08-20T05:17:09.155 INFO:teuthology.orchestra.run.smithi105.stdout:Creating initial admin user...
2022-08-20T05:17:09.376 INFO:journalctl@ceph.mon.a.smithi105.stdout:Aug 20 05:17:09 smithi105 ceph-mon[95286]: [20/Aug/2022:05:17:07] ENGINE Serving on https://:::8765
2022-08-20T05:17:09.376 INFO:journalctl@ceph.mon.a.smithi105.stdout:Aug 20 05:17:09 smithi105 ceph-mon[95286]: [20/Aug/2022:05:17:07] ENGINE Bus STARTED
2022-08-20T05:17:09.376 INFO:journalctl@ceph.mon.a.smithi105.stdout:Aug 20 05:17:09 smithi105 ceph-mon[95286]: from='mgr.14152 172.21.15.105:0/1643818494' entity='mgr.x'
2022-08-20T05:17:09.376 INFO:journalctl@ceph.mon.a.smithi105.stdout:Aug 20 05:17:09 smithi105 ceph-mon[95286]: from='client.14164 -' entity='client.admin' cmd=[{"prefix": "dashboard create-self-signed-cert", "target": ["mon-mgr", ""]}]: dispatch
2022-08-20T05:17:09.377 INFO:journalctl@ceph.mon.a.smithi105.stdout:Aug 20 05:17:09 smithi105 ceph-mon[95286]: from='mgr.14152 172.21.15.105:0/1643818494' entity='mgr.x'
2022-08-20T05:17:09.377 INFO:journalctl@ceph.mon.a.smithi105.stdout:Aug 20 05:17:09 smithi105 ceph-mon[95286]: from='mgr.14152 172.21.15.105:0/1643818494' entity='mgr.x'
2022-08-20T05:17:09.378 INFO:journalctl@ceph.mon.a.smithi105.stdout:Aug 20 05:17:09 smithi105 ceph-mon[95286]: mgrmap e12: x(active, since 2s)
2022-08-20T05:17:09.378 INFO:journalctl@ceph.mon.a.smithi105.stdout:Aug 20 05:17:09 smithi105 ceph-mon[95286]: from='mgr.14152 172.21.15.105:0/1643818494' entity='mgr.x'
2022-08-20T05:17:10.986 INFO:teuthology.orchestra.run.smithi105.stdout:/usr/bin/ceph: stdout {"username": "admin", "password": "$2b$12$u7cngzXCiBhWwsrb15n3e.h8EXbW5aDFsulq857MUHhsiJUybvJYq", "roles": ["administrator"], "name": null, "email": null, "lastUpdate": 1660972630, "enabled": true, "pwdExpirationDate": null, "pwdUpdateRequired": true}
2022-08-20T05:17:10.992 INFO:teuthology.orchestra.run.smithi105.stdout:/usr/bin/ceph: stderr
2022-08-20T05:17:09.707+0000 7f9840751700 1 Processor -- start
2022-08-20T05:17:10.993 INFO:teuthology.orchestra.run.smithi105.stdout:/usr/bin/ceph: stderr
2022-08-20T05:17:09.707+0000 7f9840751700 1 -- start start
2022-08-20T05:17:10.993 INFO:teuthology.orchestra.run.smithi105.stdout:/usr/bin/ceph: stderr
2022-08-20T05:17:09.707+0000 7f9840751700 1 --2- >> [v2:172.21.15.105:3300/0,v1:172.21.15.105:6789/0] conn(0x7f9838077c10 0x7f9838108250 unknown :-1 s=NONE pgs=0 cs=0 l=0 rev1=0 crypto rx=0 tx=0 comp rx=0 tx=0).connect
2022-08-20T05:17:10.993 INFO:teuthology.orchestra.run.smithi105.stdout:/usr/bin/ceph: stderr
2022-08-20T05:17:09.707+0000 7f9840751700 1 -- --> [v2:172.21.15.105:3300/0,v1:172.21.15.105:6789/0] -- mon_getmap magic: 0 v1 -- 0x7f9838103c40 con 0x7f9838077c10
2022-08-20T05:17:10.993 INFO:teuthology.orchestra.run.smithi105.stdout:/usr/bin/ceph: stderr
2022-08-20T05:17:09.707+0000 7f983e4ed700 1 --2- >> [v2:172.21.15.105:3300/0,v1:172.21.15.105:6789/0] conn(0x7f9838077c10 0x7f9838108250 unknown :-1 s=BANNER_CONNECTING pgs=0 cs=0 l=0 rev1=0 crypto rx=0 tx=0 comp rx=0 tx=0)._handle_peer_banner_payload supported=3 required=0
2022-08-20T05:17:10.994 INFO:teuthology.orchestra.run.smithi105.stdout:/usr/bin/ceph: stderr
2022-08-20T05:17:09.707+0000 7f983e4ed700 1 --2- >> [v2:172.21.15.105:3300/0,v1:172.21.15.105:6789/0] conn(0x7f9838077c10 0x7f9838108250 unknown :-1 s=HELLO_CONNECTING pgs=0 cs=0 l=0 rev1=1 crypto rx=0 tx=0 comp rx=0 tx=0).handle_hello peer v2:172.21.15.105:3300/0 says I am v2:172.21.15.105:42478/0 (socket says 172.21.15.105:42478)
2022-08-20T05:17:10.994 INFO:teuthology.orchestra.run.smithi105.stdout:/usr/bin/ceph: stderr
2022-08-20T05:17:09.707+0000 7f983e4ed700 1 -- 172.21.15.105:0/3376777265 learned_addr learned my addr 172.21.15.105:0/3376777265 (peer_addr_for_me v2:172.21.15.105:0/0)
2022-08-20T05:17:10.994 INFO:teuthology.orchestra.run.smithi105.stdout:/usr/bin/ceph: stderr
2022-08-20T05:17:09.708+0000 7f983e4ed700 1 -- 172.21.15.105:0/3376777265 --> [v2:172.21.15.105:3300/0,v1:172.21.15.105:6789/0] -- mon_subscribe({config=0+,monmap=0+}) v3 -- 0x7f9838108790 con 0x7f9838077c10
2022-08-20T05:17:10.994 INFO:teuthology.orchestra.run.smithi105.stdout:/usr/bin/ceph: stderr
2022-08-20T05:17:09.708+0000 7f983e4ed700 1 --2- 172.21.15.105:0/3376777265 >> [v2:172.21.15.105:3300/0,v1:172.21.15.105:6789/0] conn(0x7f9838077c10 0x7f9838108250 secure :-1 s=READY pgs=72 cs=0 l=1 rev1=1 crypto rx=0x7f9834009700 tx=0x7f9834009a10 comp rx=0 tx=0).ready entity=mon.0 client_cookie=d12432fb7a90d637 server_cookie=0 in_seq=0 out_seq=0
2022-08-20T05:17:10.994 INFO:teuthology.orchestra.run.smithi105.stdout:/usr/bin/ceph: stderr
2022-08-20T05:17:09.708+0000 7f983d4eb700 1 -- 172.21.15.105:0/3376777265 <== mon.0 v2:172.21.15.105:3300/0 1 ==== mon_map magic: 0 v1 ==== 205+0+0 (secure 0 0 0) 0x7f9834004160 con 0x7f9838077c10
2022-08-20T05:17:10.995 INFO:teuthology.orchestra.run.smithi105.stdout:/usr/bin/ceph: stderr
2022-08-20T05:17:09.708+0000 7f983d4eb700 1 -- 172.21.15.105:0/3376777265 <== mon.0 v2:172.21.15.105:3300/0 2 ==== config(26 keys) v1 ==== 1080+0+0 (secure 0 0 0) 0x7f98340042c0 con 0x7f9838077c10
2022-08-20T05:17:10.995 INFO:teuthology.orchestra.run.smithi105.stdout:/usr/bin/ceph: stderr
2022-08-20T05:17:09.708+0000 7f983d4eb700 1 -- 172.21.15.105:0/3376777265 <== mon.0 v2:172.21.15.105:3300/0 3 ==== mon_map magic: 0 v1 ==== 205+0+0 (secure 0 0 0) 0x7f9834003a10 con 0x7f9838077c10
2022-08-20T05:17:10.995 INFO:teuthology.orchestra.run.smithi105.stdout:/usr/bin/ceph: stderr
2022-08-20T05:17:09.708+0000 7f9840751700 1 -- 172.21.15.105:0/3376777265 >> [v2:172.21.15.105:3300/0,v1:172.21.15.105:6789/0] conn(0x7f9838077c10 msgr2=0x7f9838108250 secure :-1 s=STATE_CONNECTION_ESTABLISHED l=1).mark_down
2022-08-20T05:17:10.995 INFO:teuthology.orchestra.run.smithi105.stdout:/usr/bin/ceph: stderr
2022-08-20T05:17:09.708+0000 7f9840751700 1 --2- 172.21.15.105:0/3376777265 >> [v2:172.21.15.105:3300/0,v1:172.21.15.105:6789/0] conn(0x7f9838077c10 0x7f9838108250 secure :-1 s=READY pgs=72 cs=0 l=1 rev1=1 crypto rx=0x7f9834009700 tx=0x7f9834009a10 comp rx=0 tx=0).stop
2022-08-20T05:17:10.996 INFO:teuthology.orchestra.run.smithi105.stdout:/usr/bin/ceph: stderr
2022-08-20T05:17:09.709+0000 7f9840751700 1 -- 172.21.15.105:0/3376777265 shutdown_connections
2022-08-20T05:17:10.996 INFO:teuthology.orchestra.run.smithi105.stdout:/usr/bin/ceph: stderr
2022-08-20T05:17:09.709+0000 7f9840751700 1 --2- 172.21.15.105:0/3376777265 >> [v2:172.21.15.105:3300/0,v1:172.21.15.105:6789/0] conn(0x7f9838077c10 0x7f9838108250 unknown :-1 s=CLOSED pgs=72 cs=0 l=1 rev1=1 crypto rx=0 tx=0 comp rx=0 tx=0).stop
2022-08-20T05:17:10.996 INFO:teuthology.orchestra.run.smithi105.stdout:/usr/bin/ceph: stderr
2022-08-20T05:17:09.709+0000 7f9840751700 1 -- 172.21.15.105:0/3376777265 >> 172.21.15.105:0/3376777265 conn(0x7f98380fd860 msgr2=0x7f98380ffc70 unknown :-1 s=STATE_NONE l=0).mark_down
2022-08-20T05:17:10.996 INFO:teuthology.orchestra.run.smithi105.stdout:/usr/bin/ceph: stderr
2022-08-20T05:17:09.709+0000 7f9840751700 1 -- 172.21.15.105:0/3376777265 shutdown_connections
2022-08-20T05:17:10.996 INFO:teuthology.orchestra.run.smithi105.stdout:/usr/bin/ceph: stderr
2022-08-20T05:17:09.709+0000 7f9840751700 1 -- 172.21.15.105:0/3376777265 wait complete.
2022-08-20T05:17:10.997 INFO:teuthology.orchestra.run.smithi105.stdout:/usr/bin/ceph: stderr
2022-08-20T05:17:09.709+0000 7f9840751700 1 Processor -- start
2022-08-20T05:17:10.997 INFO:teuthology.orchestra.run.smithi105.stdout:/usr/bin/ceph: stderr
2022-08-20T05:17:09.709+0000 7f9840751700 1 -- start start
2022-08-20T05:17:10.997 INFO:teuthology.orchestra.run.smithi105.stdout:/usr/bin/ceph: stderr
2022-08-20T05:17:09.710+0000 7f9840751700 1 --2- >> [v2:172.21.15.105:3300/0,v1:172.21.15.105:6789/0] conn(0x7f9838077c10 0x7f9838198f90 unknown :-1 s=NONE pgs=0 cs=0 l=1 rev1=0 crypto rx=0 tx=0 comp rx=0 tx=0).connect
2022-08-20T05:17:10.997 INFO:teuthology.orchestra.run.smithi105.stdout:/usr/bin/ceph: stderr
2022-08-20T05:17:09.710+0000 7f9840751700 1 -- --> [v2:172.21.15.105:3300/0,v1:172.21.15.105:6789/0] -- mon_getmap magic: 0 v1 -- 0x7f98381994d0 con 0x7f9838077c10
2022-08-20T05:17:10.998 INFO:teuthology.orchestra.run.smithi105.stdout:/usr/bin/ceph: stderr
2022-08-20T05:17:09.710+0000 7f983e4ed700 1 --2- >> [v2:172.21.15.105:3300/0,v1:172.21.15.105:6789/0] conn(0x7f9838077c10 0x7f9838198f90 unknown :-1 s=BANNER_CONNECTING pgs=0 cs=0 l=1 rev1=0 crypto rx=0 tx=0 comp rx=0 tx=0)._handle_peer_banner_payload supported=3 required=0
2022-08-20T05:17:10.998 INFO:teuthology.orchestra.run.smithi105.stdout:/usr/bin/ceph: stderr
2022-08-20T05:17:09.710+0000 7f983e4ed700 1 --2- >> [v2:172.21.15.105:3300/0,v1:172.21.15.105:6789/0] conn(0x7f9838077c10 0x7f9838198f90 unknown :-1 s=HELLO_CONNECTING pgs=0 cs=0 l=1 rev1=1 crypto rx=0 tx=0 comp rx=0 tx=0).handle_hello peer v2:172.21.15.105:3300/0 says I am v2:172.21.15.105:42480/0 (socket says 172.21.15.105:42480)
2022-08-20T05:17:10.998 INFO:teuthology.orchestra.run.smithi105.stdout:/usr/bin/ceph: stderr
2022-08-20T05:17:09.710+0000 7f983e4ed700 1 -- 172.21.15.105:0/4272482184 learned_addr learned my addr 172.21.15.105:0/4272482184 (peer_addr_for_me v2:172.21.15.105:0/0)
2022-08-20T05:17:10.998 INFO:teuthology.orchestra.run.smithi105.stdout:/usr/bin/ceph: stderr
2022-08-20T05:17:09.710+0000 7f983e4ed700 1 -- 172.21.15.105:0/4272482184 --> [v2:172.21.15.105:3300/0,v1:172.21.15.105:6789/0] -- mon_subscribe({config=0+,monmap=0+}) v3 -- 0x7f98340093e0 con 0x7f9838077c10
2022-08-20T05:17:10.999 INFO:teuthology.orchestra.run.smithi105.stdout:/usr/bin/ceph: stderr
2022-08-20T05:17:09.710+0000 7f983e4ed700 1 --2- 172.21.15.105:0/4272482184 >> [v2:172.21.15.105:3300/0,v1:172.21.15.105:6789/0] conn(0x7f9838077c10 0x7f9838198f90 secure :-1 s=READY pgs=73 cs=0 l=1 rev1=1 crypto rx=0x7f9834003560 tx=0x7f9834003f60 comp rx=0 tx=0).ready entity=mon.0 client_cookie=0 server_cookie=0 in_seq=0 out_seq=0
2022-08-20T05:17:10.999 INFO:teuthology.orchestra.run.smithi105.stdout:/usr/bin/ceph: stderr
2022-08-20T05:17:09.710+0000 7f98277fe700 1 -- 172.21.15.105:0/4272482184 <== mon.0 v2:172.21.15.105:3300/0 1 ==== mon_map magic: 0 v1 ==== 205+0+0 (secure 0 0 0) 0x7f9834011840 con 0x7f9838077c10
2022-08-20T05:17:10.999 INFO:teuthology.orchestra.run.smithi105.stdout:/usr/bin/ceph: stderr
2022-08-20T05:17:09.710+0000 7f98277fe700 1 -- 172.21.15.105:0/4272482184 <== mon.0 v2:172.21.15.105:3300/0 2 ==== config(26 keys) v1 ==== 1080+0+0 (secure 0 0 0) 0x7f983401a430 con 0x7f9838077c10
2022-08-20T05:17:10.999 INFO:teuthology.orchestra.run.smithi105.stdout:/usr/bin/ceph: stderr
2022-08-20T05:17:09.710+0000 7f98277fe700 1 -- 172.21.15.105:0/4272482184 <== mon.0 v2:172.21.15.105:3300/0 3 ==== mon_map magic: 0 v1 ==== 205+0+0 (secure 0 0 0) 0x7f98340193c0 con 0x7f9838077c10
2022-08-20T05:17:10.999 INFO:teuthology.orchestra.run.smithi105.stdout:/usr/bin/ceph: stderr
2022-08-20T05:17:09.710+0000 7f9840751700 1 -- 172.21.15.105:0/4272482184 --> [v2:172.21.15.105:3300/0,v1:172.21.15.105:6789/0] -- mon_subscribe({mgrmap=0+}) v3 -- 0x7f98381996d0 con 0x7f9838077c10
2022-08-20T05:17:11.000 INFO:teuthology.orchestra.run.smithi105.stdout:/usr/bin/ceph: stderr
2022-08-20T05:17:09.710+0000 7f9840751700 1 -- 172.21.15.105:0/4272482184 --> [v2:172.21.15.105:3300/0,v1:172.21.15.105:6789/0] -- mon_subscribe({osdmap=0}) v3 -- 0x7f9838199b00 con 0x7f9838077c10
2022-08-20T05:17:11.000 INFO:teuthology.orchestra.run.smithi105.stdout:/usr/bin/ceph: stderr
2022-08-20T05:17:09.711+0000 7f98277fe700 1 -- 172.21.15.105:0/4272482184 <== mon.0 v2:172.21.15.105:3300/0 4 ==== mgrmap(e 12) v1 ==== 42822+0+0 (secure 0 0 0) 0x7f983402a020 con 0x7f9838077c10
2022-08-20T05:17:11.000 INFO:teuthology.orchestra.run.smithi105.stdout:/usr/bin/ceph: stderr
2022-08-20T05:17:09.711+0000 7f98277fe700 1 --2- 172.21.15.105:0/4272482184 >> [v2:172.21.15.105:6800/4282934039,v1:172.21.15.105:6801/4282934039] conn(0x7f9820035aa0 0x7f9820037f50 unknown :-1 s=NONE pgs=0 cs=0 l=1 rev1=0 crypto rx=0 tx=0 comp rx=0 tx=0).connect
2022-08-20T05:17:11.000 INFO:teuthology.orchestra.run.smithi105.stdout:/usr/bin/ceph: stderr
2022-08-20T05:17:09.711+0000 7f9840751700 1 -- 172.21.15.105:0/4272482184 --> [v2:172.21.15.105:3300/0,v1:172.21.15.105:6789/0] -- mon_command({"prefix": "get_command_descriptions"} v 0) v1 -- 0x7f9838060240 con 0x7f9838077c10
2022-08-20T05:17:11.001 INFO:teuthology.orchestra.run.smithi105.stdout:/usr/bin/ceph: stderr
2022-08-20T05:17:09.711+0000 7f98277fe700 1 -- 172.21.15.105:0/4272482184 <== mon.0 v2:172.21.15.105:3300/0 5 ==== osd_map(3..3 src has 1..3) v4 ==== 1151+0+0 (secure 0 0 0) 0x7f9834048a50 con 0x7f9838077c10
2022-08-20T05:17:11.001 INFO:teuthology.orchestra.run.smithi105.stdout:/usr/bin/ceph: stderr
2022-08-20T05:17:09.711+0000 7f983dcec700 1 --2- 172.21.15.105:0/4272482184 >> [v2:172.21.15.105:6800/4282934039,v1:172.21.15.105:6801/4282934039] conn(0x7f9820035aa0 0x7f9820037f50 unknown :-1 s=BANNER_CONNECTING pgs=0 cs=0 l=1 rev1=0 crypto rx=0 tx=0 comp rx=0 tx=0)._handle_peer_banner_payload supported=3 required=0
2022-08-20T05:17:11.001 INFO:teuthology.orchestra.run.smithi105.stdout:/usr/bin/ceph: stderr
2022-08-20T05:17:09.712+0000 7f983dcec700 1 --2- 172.21.15.105:0/4272482184 >> [v2:172.21.15.105:6800/4282934039,v1:172.21.15.105:6801/4282934039] conn(0x7f9820035aa0 0x7f9820037f50 secure :-1 s=READY pgs=8 cs=0 l=1 rev1=1 crypto rx=0x7f9828009750 tx=0x7f9828006cc0 comp rx=0 tx=0).ready entity=mgr.14152 client_cookie=0 server_cookie=0 in_seq=0 out_seq=0
2022-08-20T05:17:11.001 INFO:teuthology.orchestra.run.smithi105.stdout:/usr/bin/ceph: stderr
2022-08-20T05:17:09.716+0000 7f98277fe700 1 -- 172.21.15.105:0/4272482184 <== mon.0 v2:172.21.15.105:3300/0 6 ==== mon_command_ack([{"prefix": "get_command_descriptions"}]=0 v0) v1 ==== 72+0+170955 (secure 0 0 0) 0x7f983402bb70 con 0x7f9838077c10
2022-08-20T05:17:11.002 INFO:teuthology.orchestra.run.smithi105.stdout:/usr/bin/ceph: stderr
2022-08-20T05:17:09.923+0000 7f9840751700 1 -- 172.21.15.105:0/4272482184 --> [v2:172.21.15.105:6800/4282934039,v1:172.21.15.105:6801/4282934039] -- mgr_command(tid 0: {"prefix": "dashboard ac-user-create", "username": "admin", "rolename": "administrator", "force_password": true, "pwd_update_required": true, "target": ["mon-mgr", ""]}) v1 -- 0x7f9838060060 con 0x7f9820035aa0
2022-08-20T05:17:11.002 INFO:teuthology.orchestra.run.smithi105.stdout:/usr/bin/ceph: stderr
2022-08-20T05:17:10.144+0000 7f98277fe700 1 -- 172.21.15.105:0/4272482184 <== mgr.14152 v2:172.21.15.105:6800/4282934039 1 ==== mgr_command_reply(tid 0: 0 ) v1 ==== 8+0+252 (secure 0 0 0) 0x7f9838060060 con 0x7f9820035aa0
2022-08-20T05:17:11.002 INFO:teuthology.orchestra.run.smithi105.stdout:/usr/bin/ceph: stderr
2022-08-20T05:17:10.146+0000 7f9840751700 1 -- 172.21.15.105:0/4272482184 >> [v2:172.21.15.105:6800/4282934039,v1:172.21.15.105:6801/4282934039] conn(0x7f9820035aa0 msgr2=0x7f9820037f50 secure :-1 s=STATE_CONNECTION_ESTABLISHED l=1).mark_down
2022-08-20T05:17:11.002 INFO:teuthology.orchestra.run.smithi105.stdout:/usr/bin/ceph: stderr
2022-08-20T05:17:10.146+0000 7f9840751700 1 --2- 172.21.15.105:0/4272482184 >> [v2:172.21.15.105:6800/4282934039,v1:172.21.15.105:6801/4282934039] conn(0x7f9820035aa0 0x7f9820037f50 secure :-1 s=READY pgs=8 cs=0 l=1 rev1=1 crypto rx=0x7f9828009750 tx=0x7f9828006cc0 comp rx=0 tx=0).stop
2022-08-20T05:17:11.003 INFO:teuthology.orchestra.run.smithi105.stdout:/usr/bin/ceph: stderr
2022-08-20T05:17:10.146+0000 7f9840751700 1 -- 172.21.15.105:0/4272482184 >> [v2:172.21.15.105:3300/0,v1:172.21.15.105:6789/0] conn(0x7f9838077c10 msgr2=0x7f9838198f90 secure :-1 s=STATE_CONNECTION_ESTABLISHED l=1).mark_down
2022-08-20T05:17:11.003 INFO:teuthology.orchestra.run.smithi105.stdout:/usr/bin/ceph: stderr
2022-08-20T05:17:10.146+0000 7f9840751700 1 --2- 172.21.15.105:0/4272482184 >> [v2:172.21.15.105:3300/0,v1:172.21.15.105:6789/0] conn(0x7f9838077c10 0x7f9838198f90 secure :-1 s=READY pgs=73 cs=0 l=1 rev1=1 crypto rx=0x7f9834003560 tx=0x7f9834003f60 comp rx=0 tx=0).stop
2022-08-20T05:17:11.003 INFO:teuthology.orchestra.run.smithi105.stdout:/usr/bin/ceph: stderr
2022-08-20T05:17:10.146+0000 7f9840751700 1 -- 172.21.15.105:0/4272482184 shutdown_connections
2022-08-20T05:17:11.003 INFO:teuthology.orchestra.run.smithi105.stdout:/usr/bin/ceph: stderr
2022-08-20T05:17:10.146+0000 7f9840751700 1 --2- 172.21.15.105:0/4272482184 >> [v2:172.21.15.105:6800/4282934039,v1:172.21.15.105:6801/4282934039] conn(0x7f9820035aa0 0x7f9820037f50 unknown :-1 s=CLOSED pgs=8 cs=0 l=1 rev1=1 crypto rx=0 tx=0 comp rx=0 tx=0).stop
2022-08-20T05:17:11.004 INFO:teuthology.orchestra.run.smithi105.stdout:/usr/bin/ceph: stderr
2022-08-20T05:17:10.146+0000 7f9840751700 1 --2- 172.21.15.105:0/4272482184 >> [v2:172.21.15.105:3300/0,v1:172.21.15.105:6789/0] conn(0x7f9838077c10 0x7f9838198f90 unknown :-1 s=CLOSED pgs=73 cs=0 l=1 rev1=1 crypto rx=0 tx=0 comp rx=0 tx=0).stop
2022-08-20T05:17:11.004 INFO:teuthology.orchestra.run.smithi105.stdout:/usr/bin/ceph: stderr
2022-08-20T05:17:10.146+0000 7f9840751700 1 -- 172.21.15.105:0/4272482184 >> 172.21.15.105:0/4272482184 conn(0x7f98380fd860 msgr2=0x7f98380fef40 unknown :-1 s=STATE_NONE l=0).mark_down
2022-08-20T05:17:11.004 INFO:teuthology.orchestra.run.smithi105.stdout:/usr/bin/ceph: stderr
2022-08-20T05:17:10.146+0000 7f9840751700 1 -- 172.21.15.105:0/4272482184 shutdown_connections
2022-08-20T05:17:11.004 INFO:teuthology.orchestra.run.smithi105.stdout:/usr/bin/ceph: stderr
2022-08-20T05:17:10.146+0000 7f9840751700 1 -- 172.21.15.105:0/4272482184 wait complete.
2022-08-20T05:17:11.004 INFO:teuthology.orchestra.run.smithi105.stdout:Fetching dashboard port number...
2022-08-20T05:17:11.231 INFO:journalctl@ceph.mon.a.smithi105.stdout:Aug 20 05:17:11 smithi105 ceph-mon[95286]: from='client.14166 -' entity='client.admin' cmd=[{"prefix": "dashboard ac-user-create", "username": "admin", "rolename": "administrator", "force_password": true, "pwd_update_required": true, "target": ["mon-mgr", ""]}]: dispatch
2022-08-20T05:17:11.231 INFO:journalctl@ceph.mon.a.smithi105.stdout:Aug 20 05:17:11 smithi105 ceph-mon[95286]: from='mgr.14152 172.21.15.105:0/1643818494' entity='mgr.x'
2022-08-20T05:17:12.138 INFO:teuthology.orchestra.run.smithi105.stdout:/usr/bin/ceph: stdout 8443
2022-08-20T05:17:12.138 INFO:teuthology.orchestra.run.smithi105.stdout:/usr/bin/ceph: stderr
2022-08-20T05:17:11.513+0000 7f7280c86700 1 Processor -- start
2022-08-20T05:17:12.139 INFO:teuthology.orchestra.run.smithi105.stdout:/usr/bin/ceph: stderr
2022-08-20T05:17:11.513+0000 7f7280c86700 1 -- start start
2022-08-20T05:17:12.139 INFO:teuthology.orchestra.run.smithi105.stdout:/usr/bin/ceph: stderr
2022-08-20T05:17:11.513+0000 7f7280c86700 1 --2- >> [v2:172.21.15.105:3300/0,v1:172.21.15.105:6789/0] conn(0x7f727c077c50 0x7f727c105df0 unknown :-1 s=NONE pgs=0 cs=0 l=0 rev1=0 crypto rx=0 tx=0 comp rx=0 tx=0).connect
2022-08-20T05:17:12.139 INFO:teuthology.orchestra.run.smithi105.stdout:/usr/bin/ceph: stderr
2022-08-20T05:17:11.513+0000 7f7280c86700 1 -- --> [v2:172.21.15.105:3300/0,v1:172.21.15.105:6789/0] -- mon_getmap magic: 0 v1 -- 0x7f727c106330 con 0x7f727c077c50
2022-08-20T05:17:12.139 INFO:teuthology.orchestra.run.smithi105.stdout:/usr/bin/ceph: stderr
2022-08-20T05:17:11.513+0000 7f727a59c700 1 --2- >> [v2:172.21.15.105:3300/0,v1:172.21.15.105:6789/0] conn(0x7f727c077c50 0x7f727c105df0 unknown :-1 s=BANNER_CONNECTING pgs=0 cs=0 l=0 rev1=0 crypto rx=0 tx=0 comp rx=0 tx=0)._handle_peer_banner_payload supported=3 required=0
2022-08-20T05:17:12.139 INFO:teuthology.orchestra.run.smithi105.stdout:/usr/bin/ceph: stderr
2022-08-20T05:17:11.513+0000 7f727a59c700 1 --2- >> [v2:172.21.15.105:3300/0,v1:172.21.15.105:6789/0] conn(0x7f727c077c50 0x7f727c105df0 unknown :-1 s=HELLO_CONNECTING pgs=0 cs=0 l=0 rev1=1 crypto rx=0 tx=0 comp rx=0 tx=0).handle_hello peer v2:172.21.15.105:3300/0 says I am v2:172.21.15.105:42486/0 (socket says 172.21.15.105:42486)
2022-08-20T05:17:12.140 INFO:teuthology.orchestra.run.smithi105.stdout:/usr/bin/ceph: stderr
2022-08-20T05:17:11.513+0000 7f727a59c700 1 -- 172.21.15.105:0/3726127573 learned_addr learned my addr 172.21.15.105:0/3726127573 (peer_addr_for_me v2:172.21.15.105:0/0)
2022-08-20T05:17:12.140 INFO:teuthology.orchestra.run.smithi105.stdout:/usr/bin/ceph: stderr
2022-08-20T05:17:11.514+0000 7f727a59c700 1 -- 172.21.15.105:0/3726127573 --> [v2:172.21.15.105:3300/0,v1:172.21.15.105:6789/0] -- mon_subscribe({config=0+,monmap=0+}) v3 -- 0x7f727c106470 con 0x7f727c077c50
2022-08-20T05:17:12.140 INFO:teuthology.orchestra.run.smithi105.stdout:/usr/bin/ceph: stderr
2022-08-20T05:17:11.514+0000 7f727a59c700 1 --2- 172.21.15.105:0/3726127573 >> [v2:172.21.15.105:3300/0,v1:172.21.15.105:6789/0] conn(0x7f727c077c50 0x7f727c105df0 secure :-1 s=READY pgs=74 cs=0 l=1 rev1=1 crypto rx=0x7f726c009700 tx=0x7f726c009a10 comp rx=0 tx=0).ready entity=mon.0 client_cookie=785096f4048d073 server_cookie=0 in_seq=0 out_seq=0
2022-08-20T05:17:12.141 INFO:teuthology.orchestra.run.smithi105.stdout:/usr/bin/ceph: stderr
2022-08-20T05:17:11.514+0000 7f727959a700 1 -- 172.21.15.105:0/3726127573 <== mon.0 v2:172.21.15.105:3300/0 1 ==== mon_map magic: 0 v1 ==== 205+0+0 (secure 0 0 0) 0x7f726c004160 con 0x7f727c077c50
2022-08-20T05:17:12.141 INFO:teuthology.orchestra.run.smithi105.stdout:/usr/bin/ceph: stderr
2022-08-20T05:17:11.514+0000 7f727959a700 1 -- 172.21.15.105:0/3726127573 <== mon.0 v2:172.21.15.105:3300/0 2 ==== config(26 keys) v1 ==== 1080+0+0 (secure 0 0 0) 0x7f726c0042c0 con 0x7f727c077c50
2022-08-20T05:17:12.141 INFO:teuthology.orchestra.run.smithi105.stdout:/usr/bin/ceph: stderr
2022-08-20T05:17:11.514+0000 7f727959a700 1 -- 172.21.15.105:0/3726127573 <== mon.0 v2:172.21.15.105:3300/0 3 ==== mon_map magic: 0 v1 ==== 205+0+0 (secure 0 0 0) 0x7f726c003a10 con 0x7f727c077c50
2022-08-20T05:17:12.141 INFO:teuthology.orchestra.run.smithi105.stdout:/usr/bin/ceph: stderr
2022-08-20T05:17:11.514+0000 7f7280c86700 1 -- 172.21.15.105:0/3726127573 >> [v2:172.21.15.105:3300/0,v1:172.21.15.105:6789/0] conn(0x7f727c077c50 msgr2=0x7f727c105df0 secure :-1 s=STATE_CONNECTION_ESTABLISHED l=1).mark_down
2022-08-20T05:17:12.142 INFO:teuthology.orchestra.run.smithi105.stdout:/usr/bin/ceph: stderr
2022-08-20T05:17:11.514+0000 7f7280c86700 1 --2- 172.21.15.105:0/3726127573 >> [v2:172.21.15.105:3300/0,v1:172.21.15.105:6789/0] conn(0x7f727c077c50 0x7f727c105df0 secure :-1 s=READY pgs=74 cs=0 l=1 rev1=1 crypto rx=0x7f726c009700 tx=0x7f726c009a10 comp rx=0 tx=0).stop
2022-08-20T05:17:12.142 INFO:teuthology.orchestra.run.smithi105.stdout:/usr/bin/ceph: stderr
2022-08-20T05:17:11.515+0000 7f7280c86700 1 -- 172.21.15.105:0/3726127573 shutdown_connections
2022-08-20T05:17:12.142 INFO:teuthology.orchestra.run.smithi105.stdout:/usr/bin/ceph: stderr
2022-08-20T05:17:11.515+0000 7f7280c86700 1 --2- 172.21.15.105:0/3726127573 >> [v2:172.21.15.105:3300/0,v1:172.21.15.105:6789/0] conn(0x7f727c077c50 0x7f727c105df0 unknown :-1 s=CLOSED pgs=74 cs=0 l=1 rev1=1 crypto rx=0 tx=0 comp rx=0 tx=0).stop
2022-08-20T05:17:12.142 INFO:teuthology.orchestra.run.smithi105.stdout:/usr/bin/ceph: stderr
2022-08-20T05:17:11.515+0000 7f7280c86700 1 -- 172.21.15.105:0/3726127573 >> 172.21.15.105:0/3726127573 conn(0x7f727c0fd800 msgr2=0x7f727c0ffc30 unknown :-1 s=STATE_NONE l=0).mark_down
2022-08-20T05:17:12.143 INFO:teuthology.orchestra.run.smithi105.stdout:/usr/bin/ceph: stderr
2022-08-20T05:17:11.515+0000 7f7280c86700 1 -- 172.21.15.105:0/3726127573 shutdown_connections
2022-08-20T05:17:12.143 INFO:teuthology.orchestra.run.smithi105.stdout:/usr/bin/ceph: stderr
2022-08-20T05:17:11.515+0000 7f7280c86700 1 -- 172.21.15.105:0/3726127573 wait complete.
2022-08-20T05:17:12.143 INFO:teuthology.orchestra.run.smithi105.stdout:/usr/bin/ceph: stderr
2022-08-20T05:17:11.515+0000 7f7280c86700 1 Processor -- start
2022-08-20T05:17:12.144 INFO:teuthology.orchestra.run.smithi105.stdout:/usr/bin/ceph: stderr
2022-08-20T05:17:11.515+0000 7f7280c86700 1 -- start start
2022-08-20T05:17:12.144 INFO:teuthology.orchestra.run.smithi105.stdout:/usr/bin/ceph: stderr
2022-08-20T05:17:11.516+0000 7f7280c86700 1 --2- >> [v2:172.21.15.105:3300/0,v1:172.21.15.105:6789/0] conn(0x7f727c077c50 0x7f727c103750 unknown :-1 s=NONE pgs=0 cs=0 l=1 rev1=0 crypto rx=0 tx=0 comp rx=0 tx=0).connect
2022-08-20T05:17:12.144 INFO:teuthology.orchestra.run.smithi105.stdout:/usr/bin/ceph: stderr
2022-08-20T05:17:11.516+0000 7f7280c86700 1 -- --> [v2:172.21.15.105:3300/0,v1:172.21.15.105:6789/0] -- mon_getmap magic: 0 v1 -- 0x7f727c103c90 con 0x7f727c077c50
2022-08-20T05:17:12.145 INFO:teuthology.orchestra.run.smithi105.stdout:/usr/bin/ceph: stderr
2022-08-20T05:17:11.516+0000 7f727a59c700 1 --2- >> [v2:172.21.15.105:3300/0,v1:172.21.15.105:6789/0] conn(0x7f727c077c50 0x7f727c103750 unknown :-1 s=BANNER_CONNECTING pgs=0 cs=0 l=1 rev1=0 crypto rx=0 tx=0 comp rx=0 tx=0)._handle_peer_banner_payload supported=3 required=0
2022-08-20T05:17:12.145 INFO:teuthology.orchestra.run.smithi105.stdout:/usr/bin/ceph: stderr
2022-08-20T05:17:11.516+0000 7f727a59c700 1 --2- >> [v2:172.21.15.105:3300/0,v1:172.21.15.105:6789/0] conn(0x7f727c077c50 0x7f727c103750 unknown :-1 s=HELLO_CONNECTING pgs=0 cs=0 l=1 rev1=1 crypto rx=0 tx=0 comp rx=0 tx=0).handle_hello peer v2:172.21.15.105:3300/0 says I am v2:172.21.15.105:42488/0 (socket says 172.21.15.105:42488)
2022-08-20T05:17:12.145 INFO:teuthology.orchestra.run.smithi105.stdout:/usr/bin/ceph: stderr
2022-08-20T05:17:11.516+0000 7f727a59c700 1 -- 172.21.15.105:0/2773732006 learned_addr learned my addr 172.21.15.105:0/2773732006 (peer_addr_for_me v2:172.21.15.105:0/0)
2022-08-20T05:17:12.146 INFO:teuthology.orchestra.run.smithi105.stdout:/usr/bin/ceph: stderr
2022-08-20T05:17:11.516+0000 7f727a59c700 1 -- 172.21.15.105:0/2773732006 --> [v2:172.21.15.105:3300/0,v1:172.21.15.105:6789/0] -- mon_subscribe({config=0+,monmap=0+}) v3 -- 0x7f726c0093e0 con 0x7f727c077c50
2022-08-20T05:17:12.146 INFO:teuthology.orchestra.run.smithi105.stdout:/usr/bin/ceph: stderr
2022-08-20T05:17:11.516+0000 7f727a59c700 1 --2- 172.21.15.105:0/2773732006 >> [v2:172.21.15.105:3300/0,v1:172.21.15.105:6789/0] conn(0x7f727c077c50 0x7f727c103750 secure :-1 s=READY pgs=75 cs=0 l=1 rev1=1 crypto rx=0x7f726c003560 tx=0x7f726c003fb0 comp rx=0 tx=0).ready entity=mon.0 client_cookie=0 server_cookie=0 in_seq=0 out_seq=0
2022-08-20T05:17:12.146 INFO:teuthology.orchestra.run.smithi105.stdout:/usr/bin/ceph: stderr
2022-08-20T05:17:11.516+0000 7f726b7fe700 1 -- 172.21.15.105:0/2773732006 <== mon.0 v2:172.21.15.105:3300/0 1 ==== mon_map magic: 0 v1 ==== 205+0+0 (secure 0 0 0) 0x7f726c011840 con 0x7f727c077c50
2022-08-20T05:17:12.146 INFO:teuthology.orchestra.run.smithi105.stdout:/usr/bin/ceph: stderr
2022-08-20T05:17:11.516+0000 7f726b7fe700 1 -- 172.21.15.105:0/2773732006 <== mon.0 v2:172.21.15.105:3300/0 2 ==== config(26 keys) v1 ==== 1080+0+0 (secure 0 0 0) 0x7f726c0119a0 con 0x7f727c077c50
2022-08-20T05:17:12.147 INFO:teuthology.orchestra.run.smithi105.stdout:/usr/bin/ceph: stderr
2022-08-20T05:17:11.516+0000 7f7280c86700 1 -- 172.21.15.105:0/2773732006 --> [v2:172.21.15.105:3300/0,v1:172.21.15.105:6789/0] -- mon_subscribe({mgrmap=0+}) v3 -- 0x7f727c101d90 con 0x7f727c077c50
2022-08-20T05:17:12.147 INFO:teuthology.orchestra.run.smithi105.stdout:/usr/bin/ceph: stderr
2022-08-20T05:17:11.516+0000 7f726b7fe700 1 -- 172.21.15.105:0/2773732006 <== mon.0 v2:172.21.15.105:3300/0 3 ==== mon_map magic: 0 v1 ==== 205+0+0 (secure 0 0 0) 0x7f726c0193c0 con 0x7f727c077c50
2022-08-20T05:17:12.147 INFO:teuthology.orchestra.run.smithi105.stdout:/usr/bin/ceph: stderr
2022-08-20T05:17:11.516+0000 7f7280c86700 1 -- 172.21.15.105:0/2773732006 --> [v2:172.21.15.105:3300/0,v1:172.21.15.105:6789/0] -- mon_subscribe({osdmap=0}) v3 -- 0x7f727c1021c0 con 0x7f727c077c50
2022-08-20T05:17:12.148 INFO:teuthology.orchestra.run.smithi105.stdout:/usr/bin/ceph: stderr
2022-08-20T05:17:11.517+0000 7f726b7fe700 1 -- 172.21.15.105:0/2773732006 <== mon.0 v2:172.21.15.105:3300/0 4 ==== mgrmap(e 12) v1 ==== 42822+0+0 (secure 0 0 0) 0x7f726c02a020 con 0x7f727c077c50
2022-08-20T05:17:12.148 INFO:teuthology.orchestra.run.smithi105.stdout:/usr/bin/ceph: stderr
2022-08-20T05:17:11.517+0000 7f7280c86700 1 -- 172.21.15.105:0/2773732006 --> [v2:172.21.15.105:3300/0,v1:172.21.15.105:6789/0] -- mon_command({"prefix": "get_command_descriptions"} v 0) v1 -- 0x7f727c1072c0 con 0x7f727c077c50
2022-08-20T05:17:12.148 INFO:teuthology.orchestra.run.smithi105.stdout:/usr/bin/ceph: stderr
2022-08-20T05:17:11.518+0000 7f726b7fe700 1 --2- 172.21.15.105:0/2773732006 >> [v2:172.21.15.105:6800/4282934039,v1:172.21.15.105:6801/4282934039] conn(0x7f7260035a50 0x7f7260037f00 unknown :-1 s=NONE pgs=0 cs=0 l=1 rev1=0 crypto rx=0 tx=0 comp rx=0 tx=0).connect
2022-08-20T05:17:12.148 INFO:teuthology.orchestra.run.smithi105.stdout:/usr/bin/ceph: stderr
2022-08-20T05:17:11.518+0000 7f726b7fe700 1 -- 172.21.15.105:0/2773732006 <== mon.0 v2:172.21.15.105:3300/0 5 ==== osd_map(3..3 src has 1..3) v4 ==== 1151+0+0 (secure 0 0 0) 0x7f726c048bc0 con 0x7f727c077c50
2022-08-20T05:17:12.149 INFO:teuthology.orchestra.run.smithi105.stdout:/usr/bin/ceph: stderr
2022-08-20T05:17:11.518+0000 7f7279d9b700 1 --2- 172.21.15.105:0/2773732006 >> [v2:172.21.15.105:6800/4282934039,v1:172.21.15.105:6801/4282934039] conn(0x7f7260035a50 0x7f7260037f00 unknown :-1 s=BANNER_CONNECTING pgs=0 cs=0 l=1 rev1=0 crypto rx=0 tx=0 comp rx=0 tx=0)._handle_peer_banner_payload supported=3 required=0
2022-08-20T05:17:12.149 INFO:teuthology.orchestra.run.smithi105.stdout:/usr/bin/ceph: stderr
2022-08-20T05:17:11.518+0000 7f7279d9b700 1 --2- 172.21.15.105:0/2773732006 >> [v2:172.21.15.105:6800/4282934039,v1:172.21.15.105:6801/4282934039] conn(0x7f7260035a50 0x7f7260037f00 secure :-1 s=READY pgs=9 cs=0 l=1 rev1=1 crypto rx=0x7f7270009750 tx=0x7f7270006cc0 comp rx=0 tx=0).ready entity=mgr.14152 client_cookie=0 server_cookie=0 in_seq=0 out_seq=0
2022-08-20T05:17:12.149 INFO:teuthology.orchestra.run.smithi105.stdout:/usr/bin/ceph: stderr
2022-08-20T05:17:11.522+0000 7f726b7fe700 1 -- 172.21.15.105:0/2773732006 <== mon.0 v2:172.21.15.105:3300/0 6 ==== mon_command_ack([{"prefix": "get_command_descriptions"}]=0 v0) v1 ==== 72+0+170955 (secure 0 0 0) 0x7f726c0187c0 con 0x7f727c077c50
2022-08-20T05:17:12.149 INFO:teuthology.orchestra.run.smithi105.stdout:/usr/bin/ceph: stderr
2022-08-20T05:17:11.705+0000 7f7280c86700 1 -- 172.21.15.105:0/2773732006 --> [v2:172.21.15.105:3300/0,v1:172.21.15.105:6789/0] -- mon_command({"prefix": "config get", "who": "mgr", "key": "mgr/dashboard/ssl_server_port"} v 0) v1 -- 0x7f727c19cd60 con 0x7f727c077c50
2022-08-20T05:17:12.150 INFO:teuthology.orchestra.run.smithi105.stdout:/usr/bin/ceph: stderr
2022-08-20T05:17:11.706+0000 7f726b7fe700 1 -- 172.21.15.105:0/2773732006 <== mon.0 v2:172.21.15.105:3300/0 7 ==== mon_command_ack([{"prefix": "config get", "who": "mgr", "key": "mgr/dashboard/ssl_server_port"}]=0 v8) v1 ==== 112+0+5 (secure 0 0 0) 0x7f726c0187c0 con 0x7f727c077c50
2022-08-20T05:17:12.150 INFO:teuthology.orchestra.run.smithi105.stdout:/usr/bin/ceph: stderr
2022-08-20T05:17:11.708+0000 7f7280c86700 1 -- 172.21.15.105:0/2773732006 >> [v2:172.21.15.105:6800/4282934039,v1:172.21.15.105:6801/4282934039] conn(0x7f7260035a50 msgr2=0x7f7260037f00 secure :-1 s=STATE_CONNECTION_ESTABLISHED l=1).mark_down
2022-08-20T05:17:12.150 INFO:teuthology.orchestra.run.smithi105.stdout:/usr/bin/ceph: stderr
2022-08-20T05:17:11.708+0000 7f7280c86700 1 --2- 172.21.15.105:0/2773732006 >> [v2:172.21.15.105:6800/4282934039,v1:172.21.15.105:6801/4282934039] conn(0x7f7260035a50 0x7f7260037f00 secure :-1 s=READY pgs=9 cs=0 l=1 rev1=1 crypto rx=0x7f7270009750 tx=0x7f7270006cc0 comp rx=0 tx=0).stop
2022-08-20T05:17:12.151 INFO:teuthology.orchestra.run.smithi105.stdout:/usr/bin/ceph: stderr
2022-08-20T05:17:11.708+0000 7f7280c86700 1 -- 172.21.15.105:0/2773732006 >> [v2:172.21.15.105:3300/0,v1:172.21.15.105:6789/0] conn(0x7f727c077c50 msgr2=0x7f727c103750 secure :-1 s=STATE_CONNECTION_ESTABLISHED l=1).mark_down
2022-08-20T05:17:12.151 INFO:teuthology.orchestra.run.smithi105.stdout:/usr/bin/ceph: stderr
2022-08-20T05:17:11.708+0000 7f7280c86700 1 --2- 172.21.15.105:0/2773732006 >> [v2:172.21.15.105:3300/0,v1:172.21.15.105:6789/0] conn(0x7f727c077c50 0x7f727c103750 secure :-1 s=READY pgs=75 cs=0 l=1 rev1=1 crypto rx=0x7f726c003560 tx=0x7f726c003fb0 comp rx=0 tx=0).stop
2022-08-20T05:17:12.151 INFO:teuthology.orchestra.run.smithi105.stdout:/usr/bin/ceph: stderr
2022-08-20T05:17:11.708+0000 7f7280c86700 1 -- 172.21.15.105:0/2773732006 shutdown_connections
2022-08-20T05:17:12.151 INFO:teuthology.orchestra.run.smithi105.stdout:/usr/bin/ceph: stderr
2022-08-20T05:17:11.708+0000 7f7280c86700 1 --2- 172.21.15.105:0/2773732006 >> [v2:172.21.15.105:6800/4282934039,v1:172.21.15.105:6801/4282934039] conn(0x7f7260035a50 0x7f7260037f00 unknown :-1 s=CLOSED pgs=9 cs=0 l=1 rev1=1 crypto rx=0 tx=0 comp rx=0 tx=0).stop
2022-08-20T05:17:12.152 INFO:teuthology.orchestra.run.smithi105.stdout:/usr/bin/ceph: stderr
2022-08-20T05:17:11.708+0000 7f7280c86700 1 --2- 172.21.15.105:0/2773732006 >> [v2:172.21.15.105:3300/0,v1:172.21.15.105:6789/0] conn(0x7f727c077c50 0x7f727c103750 unknown :-1 s=CLOSED pgs=75 cs=0 l=1 rev1=1 crypto rx=0 tx=0 comp rx=0 tx=0).stop
2022-08-20T05:17:12.152 INFO:teuthology.orchestra.run.smithi105.stdout:/usr/bin/ceph: stderr
2022-08-20T05:17:11.708+0000 7f7280c86700 1 -- 172.21.15.105:0/2773732006 >> 172.21.15.105:0/2773732006 conn(0x7f727c0fd800 msgr2=0x7f727c0fe600 unknown :-1 s=STATE_NONE l=0).mark_down
2022-08-20T05:17:12.152 INFO:teuthology.orchestra.run.smithi105.stdout:/usr/bin/ceph: stderr
2022-08-20T05:17:11.708+0000 7f7280c86700 1 -- 172.21.15.105:0/2773732006 shutdown_connections
2022-08-20T05:17:12.152 INFO:teuthology.orchestra.run.smithi105.stdout:/usr/bin/ceph: stderr
2022-08-20T05:17:11.708+0000 7f7280c86700 1 -- 172.21.15.105:0/2773732006 wait complete.
2022-08-20T05:17:12.154 INFO:teuthology.orchestra.run.smithi105.stdout:Non-zero exit code 1 from systemctl is-enabled firewalld.service
2022-08-20T05:17:12.154 INFO:teuthology.orchestra.run.smithi105.stdout:systemctl: stdout disabled
2022-08-20T05:17:12.155 INFO:teuthology.orchestra.run.smithi105.stdout:Non-zero exit code 3 from systemctl is-active firewalld.service
2022-08-20T05:17:12.155 INFO:teuthology.orchestra.run.smithi105.stdout:systemctl: stdout inactive
2022-08-20T05:17:12.155 INFO:teuthology.orchestra.run.smithi105.stdout:firewalld.service is not enabled
2022-08-20T05:17:12.156 INFO:teuthology.orchestra.run.smithi105.stdout:Not possible to open ports <[8443]>. firewalld.service is not available
2022-08-20T05:17:12.156 INFO:teuthology.orchestra.run.smithi105.stdout:Ceph Dashboard is now available at:
2022-08-20T05:17:12.156 INFO:teuthology.orchestra.run.smithi105.stdout:
2022-08-20T05:17:12.156 INFO:teuthology.orchestra.run.smithi105.stdout: URL: https://smithi105:8443/
2022-08-20T05:17:12.157 INFO:teuthology.orchestra.run.smithi105.stdout: User: admin
2022-08-20T05:17:12.157 INFO:teuthology.orchestra.run.smithi105.stdout: Password: wvjual5jcd
2022-08-20T05:17:12.157 INFO:teuthology.orchestra.run.smithi105.stdout:
2022-08-20T05:17:12.157 INFO:teuthology.orchestra.run.smithi105.stdout:Saving cluster configuration to /var/lib/ceph/8f5a21ea-2046-11ed-8431-001a4aab830c/config directory
2022-08-20T05:17:12.157 INFO:teuthology.orchestra.run.smithi105.stdout:Enabling autotune for osd_memory_target
2022-08-20T05:17:12.397 INFO:journalctl@ceph.mon.a.smithi105.stdout:Aug 20 05:17:12 smithi105 ceph-mon[95286]: from='client.? 172.21.15.105:0/2773732006' entity='client.admin' cmd=[{"prefix": "config get", "who": "mgr", "key": "mgr/dashboard/ssl_server_port"}]: dispatch
2022-08-20T05:17:13.306 INFO:teuthology.orchestra.run.smithi105.stdout:/usr/bin/ceph: stderr
2022-08-20T05:17:12.663+0000 7fc1c1c62700 1 Processor -- start
2022-08-20T05:17:13.306 INFO:teuthology.orchestra.run.smithi105.stdout:/usr/bin/ceph: stderr
2022-08-20T05:17:12.663+0000 7fc1c1c62700 1 -- start start
2022-08-20T05:17:13.307 INFO:teuthology.orchestra.run.smithi105.stdout:/usr/bin/ceph: stderr
2022-08-20T05:17:12.664+0000 7fc1c1c62700 1 --2- >> [v2:172.21.15.105:3300/0,v1:172.21.15.105:6789/0] conn(0x7fc1bc102110 0x7fc1bc102520 unknown :-1 s=NONE pgs=0 cs=0 l=0 rev1=0 crypto rx=0 tx=0 comp rx=0 tx=0).connect
2022-08-20T05:17:13.307 INFO:teuthology.orchestra.run.smithi105.stdout:/usr/bin/ceph: stderr
2022-08-20T05:17:12.664+0000 7fc1c1c62700 1 -- --> [v2:172.21.15.105:3300/0,v1:172.21.15.105:6789/0] -- mon_getmap magic: 0 v1 -- 0x7fc1bc102a60 con 0x7fc1bc102110
2022-08-20T05:17:13.308 INFO:teuthology.orchestra.run.smithi105.stdout:/usr/bin/ceph: stderr
2022-08-20T05:17:12.664+0000 7fc1bb7fe700 1 --2- >> [v2:172.21.15.105:3300/0,v1:172.21.15.105:6789/0] conn(0x7fc1bc102110 0x7fc1bc102520 unknown :-1 s=BANNER_CONNECTING pgs=0 cs=0 l=0 rev1=0 crypto rx=0 tx=0 comp rx=0 tx=0)._handle_peer_banner_payload supported=3 required=0
2022-08-20T05:17:13.308 INFO:teuthology.orchestra.run.smithi105.stdout:/usr/bin/ceph: stderr
2022-08-20T05:17:12.664+0000 7fc1bb7fe700 1 --2- >> [v2:172.21.15.105:3300/0,v1:172.21.15.105:6789/0] conn(0x7fc1bc102110 0x7fc1bc102520 unknown :-1 s=HELLO_CONNECTING pgs=0 cs=0 l=0 rev1=1 crypto rx=0 tx=0 comp rx=0 tx=0).handle_hello peer v2:172.21.15.105:3300/0 says I am v2:172.21.15.105:42494/0 (socket says 172.21.15.105:42494)
2022-08-20T05:17:13.309 INFO:teuthology.orchestra.run.smithi105.stdout:/usr/bin/ceph: stderr
2022-08-20T05:17:12.664+0000 7fc1bb7fe700 1 -- 172.21.15.105:0/1257944612 learned_addr learned my addr 172.21.15.105:0/1257944612 (peer_addr_for_me v2:172.21.15.105:0/0)
2022-08-20T05:17:13.309 INFO:teuthology.orchestra.run.smithi105.stdout:/usr/bin/ceph: stderr
2022-08-20T05:17:12.664+0000 7fc1bb7fe700 1 -- 172.21.15.105:0/1257944612 --> [v2:172.21.15.105:3300/0,v1:172.21.15.105:6789/0] -- mon_subscribe({config=0+,monmap=0+}) v3 -- 0x7fc1bc102ba0 con 0x7fc1bc102110
2022-08-20T05:17:13.310 INFO:teuthology.orchestra.run.smithi105.stdout:/usr/bin/ceph: stderr
2022-08-20T05:17:12.664+0000 7fc1bb7fe700 1 --2- 172.21.15.105:0/1257944612 >> [v2:172.21.15.105:3300/0,v1:172.21.15.105:6789/0] conn(0x7fc1bc102110 0x7fc1bc102520 secure :-1 s=READY pgs=76 cs=0 l=1 rev1=1 crypto rx=0x7fc1ac00b9a0 tx=0x7fc1ac00bcb0 comp rx=0 tx=0).ready entity=mon.0 client_cookie=94466c77e5df2653 server_cookie=0 in_seq=0 out_seq=0
2022-08-20T05:17:13.310 INFO:teuthology.orchestra.run.smithi105.stdout:/usr/bin/ceph: stderr
2022-08-20T05:17:12.664+0000 7fc1ba7fc700 1 -- 172.21.15.105:0/1257944612 <== mon.0 v2:172.21.15.105:3300/0 1 ==== mon_map magic: 0 v1 ==== 205+0+0 (secure 0 0 0) 0x7fc1ac004160 con 0x7fc1bc102110
2022-08-20T05:17:13.311 INFO:teuthology.orchestra.run.smithi105.stdout:/usr/bin/ceph: stderr
2022-08-20T05:17:12.664+0000 7fc1ba7fc700 1 -- 172.21.15.105:0/1257944612 <== mon.0 v2:172.21.15.105:3300/0 2 ==== config(26 keys) v1 ==== 1080+0+0 (secure 0 0 0) 0x7fc1ac00de90 con 0x7fc1bc102110
2022-08-20T05:17:13.311 INFO:teuthology.orchestra.run.smithi105.stdout:/usr/bin/ceph: stderr
2022-08-20T05:17:12.664+0000 7fc1ba7fc700 1 -- 172.21.15.105:0/1257944612 <== mon.0 v2:172.21.15.105:3300/0 3 ==== mon_map magic: 0 v1 ==== 205+0+0 (secure 0 0 0) 0x7fc1ac003ce0 con 0x7fc1bc102110
2022-08-20T05:17:13.312 INFO:teuthology.orchestra.run.smithi105.stdout:/usr/bin/ceph: stderr
2022-08-20T05:17:12.665+0000 7fc1c1c62700 1 -- 172.21.15.105:0/1257944612 >> [v2:172.21.15.105:3300/0,v1:172.21.15.105:6789/0] conn(0x7fc1bc102110 msgr2=0x7fc1bc102520 secure :-1 s=STATE_CONNECTION_ESTABLISHED l=1).mark_down
2022-08-20T05:17:13.312 INFO:teuthology.orchestra.run.smithi105.stdout:/usr/bin/ceph: stderr
2022-08-20T05:17:12.665+0000 7fc1c1c62700 1 --2- 172.21.15.105:0/1257944612 >> [v2:172.21.15.105:3300/0,v1:172.21.15.105:6789/0] conn(0x7fc1bc102110 0x7fc1bc102520 secure :-1 s=READY pgs=76 cs=0 l=1 rev1=1 crypto rx=0x7fc1ac00b9a0 tx=0x7fc1ac00bcb0 comp rx=0 tx=0).stop
2022-08-20T05:17:13.312 INFO:teuthology.orchestra.run.smithi105.stdout:/usr/bin/ceph: stderr
2022-08-20T05:17:12.665+0000 7fc1c1c62700 1 -- 172.21.15.105:0/1257944612 shutdown_connections
2022-08-20T05:17:13.313 INFO:teuthology.orchestra.run.smithi105.stdout:/usr/bin/ceph: stderr
2022-08-20T05:17:12.665+0000 7fc1c1c62700 1 --2- 172.21.15.105:0/1257944612 >> [v2:172.21.15.105:3300/0,v1:172.21.15.105:6789/0] conn(0x7fc1bc102110 0x7fc1bc102520 unknown :-1 s=CLOSED pgs=76 cs=0 l=1 rev1=1 crypto rx=0 tx=0 comp rx=0 tx=0).stop
2022-08-20T05:17:13.313 INFO:teuthology.orchestra.run.smithi105.stdout:/usr/bin/ceph: stderr
2022-08-20T05:17:12.665+0000 7fc1c1c62700 1 -- 172.21.15.105:0/1257944612 >> 172.21.15.105:0/1257944612 conn(0x7fc1bc0fd860 msgr2=0x7fc1bc0ffc70 unknown :-1 s=STATE_NONE l=0).mark_down
2022-08-20T05:17:13.314 INFO:teuthology.orchestra.run.smithi105.stdout:/usr/bin/ceph: stderr
2022-08-20T05:17:12.665+0000 7fc1c1c62700 1 -- 172.21.15.105:0/1257944612 shutdown_connections
2022-08-20T05:17:13.314 INFO:teuthology.orchestra.run.smithi105.stdout:/usr/bin/ceph: stderr
2022-08-20T05:17:12.665+0000 7fc1c1c62700 1 -- 172.21.15.105:0/1257944612 wait complete.
2022-08-20T05:17:13.315 INFO:teuthology.orchestra.run.smithi105.stdout:/usr/bin/ceph: stderr
2022-08-20T05:17:12.666+0000 7fc1c1c62700 1 Processor -- start
2022-08-20T05:17:13.315 INFO:teuthology.orchestra.run.smithi105.stdout:/usr/bin/ceph: stderr
2022-08-20T05:17:12.666+0000 7fc1c1c62700 1 -- start start
2022-08-20T05:17:13.316 INFO:teuthology.orchestra.run.smithi105.stdout:/usr/bin/ceph: stderr
2022-08-20T05:17:12.666+0000 7fc1c1c62700 1 --2- >> [v2:172.21.15.105:3300/0,v1:172.21.15.105:6789/0] conn(0x7fc1bc102110 0x7fc1bc194b40 unknown :-1 s=NONE pgs=0 cs=0 l=1 rev1=0 crypto rx=0 tx=0 comp rx=0 tx=0).connect
2022-08-20T05:17:13.316 INFO:teuthology.orchestra.run.smithi105.stdout:/usr/bin/ceph: stderr
2022-08-20T05:17:12.666+0000 7fc1c1c62700 1 -- --> [v2:172.21.15.105:3300/0,v1:172.21.15.105:6789/0] -- mon_getmap magic: 0 v1 -- 0x7fc1bc195080 con 0x7fc1bc102110
2022-08-20T05:17:13.317 INFO:teuthology.orchestra.run.smithi105.stdout:/usr/bin/ceph: stderr
2022-08-20T05:17:12.666+0000 7fc1bb7fe700 1 --2- >> [v2:172.21.15.105:3300/0,v1:172.21.15.105:6789/0] conn(0x7fc1bc102110 0x7fc1bc194b40 unknown :-1 s=BANNER_CONNECTING pgs=0 cs=0 l=1 rev1=0 crypto rx=0 tx=0 comp rx=0 tx=0)._handle_peer_banner_payload supported=3 required=0
2022-08-20T05:17:13.317 INFO:teuthology.orchestra.run.smithi105.stdout:/usr/bin/ceph: stderr
2022-08-20T05:17:12.666+0000 7fc1bb7fe700 1 --2- >> [v2:172.21.15.105:3300/0,v1:172.21.15.105:6789/0] conn(0x7fc1bc102110 0x7fc1bc194b40 unknown :-1 s=HELLO_CONNECTING pgs=0 cs=0 l=1 rev1=1 crypto rx=0 tx=0 comp rx=0 tx=0).handle_hello peer v2:172.21.15.105:3300/0 says I am v2:172.21.15.105:42496/0 (socket says 172.21.15.105:42496)
2022-08-20T05:17:13.318 INFO:teuthology.orchestra.run.smithi105.stdout:/usr/bin/ceph: stderr
2022-08-20T05:17:12.666+0000 7fc1bb7fe700 1 -- 172.21.15.105:0/162649240 learned_addr learned my addr 172.21.15.105:0/162649240 (peer_addr_for_me v2:172.21.15.105:0/0)
2022-08-20T05:17:13.318 INFO:teuthology.orchestra.run.smithi105.stdout:/usr/bin/ceph: stderr
2022-08-20T05:17:12.666+0000 7fc1bb7fe700 1 -- 172.21.15.105:0/162649240 --> [v2:172.21.15.105:3300/0,v1:172.21.15.105:6789/0] -- mon_subscribe({config=0+,monmap=0+}) v3 -- 0x7fc1ac00b680 con 0x7fc1bc102110
