2022-08-20T12:28:05.085+0000 7fb3777fe700 1 --2- 172.21.15.59:0/3254805483 >> [v2:172.21.15.59:3300/0,v1:172.21.15.59:6789/0] conn(0x7fb378105780 0x7fb378198e60 secure :-1 s=READY pgs=29 cs=0 l=1 rev1=1 crypto rx=0x7fb368003fb0 tx=0x7fb368004090 comp rx=0 tx=0).ready entity=mon.0 client_cookie=0 server_cookie=0 in_seq=0 out_seq=0
2022-08-20T12:28:05.900 INFO:teuthology.orchestra.run.smithi059.stdout:/usr/bin/ceph: stderr
2022-08-20T12:28:05.085+0000 7fb374ff9700 1 -- 172.21.15.59:0/3254805483 <== mon.0 v2:172.21.15.59:3300/0 1 ==== mon_map magic: 0 v1 ==== 205+0+0 (secure 0 0 0) 0x7fb3680118c0 con 0x7fb378105780
2022-08-20T12:28:05.900 INFO:teuthology.orchestra.run.smithi059.stdout:/usr/bin/ceph: stderr
2022-08-20T12:28:05.085+0000 7fb374ff9700 1 -- 172.21.15.59:0/3254805483 <== mon.0 v2:172.21.15.59:3300/0 2 ==== config(26 keys) v1 ==== 1049+0+0 (secure 0 0 0) 0x7fb368011a20 con 0x7fb378105780
2022-08-20T12:28:05.901 INFO:teuthology.orchestra.run.smithi059.stdout:/usr/bin/ceph: stderr
2022-08-20T12:28:05.085+0000 7fb374ff9700 1 -- 172.21.15.59:0/3254805483 <== mon.0 v2:172.21.15.59:3300/0 3 ==== mon_map magic: 0 v1 ==== 205+0+0 (secure 0 0 0) 0x7fb368019550 con 0x7fb378105780
2022-08-20T12:28:05.901 INFO:teuthology.orchestra.run.smithi059.stdout:/usr/bin/ceph: stderr
2022-08-20T12:28:05.085+0000 7fb37daa8700 1 -- 172.21.15.59:0/3254805483 --> [v2:172.21.15.59:3300/0,v1:172.21.15.59:6789/0] -- mon_subscribe({mgrmap=0+}) v3 -- 0x7fb3781995a0 con 0x7fb378105780
2022-08-20T12:28:05.901 INFO:teuthology.orchestra.run.smithi059.stdout:/usr/bin/ceph: stderr
2022-08-20T12:28:05.085+0000 7fb37daa8700 1 -- 172.21.15.59:0/3254805483 --> [v2:172.21.15.59:3300/0,v1:172.21.15.59:6789/0] -- mon_subscribe({osdmap=0}) v3 -- 0x7fb3781999d0 con 0x7fb378105780
2022-08-20T12:28:05.902 INFO:teuthology.orchestra.run.smithi059.stdout:/usr/bin/ceph: stderr
2022-08-20T12:28:05.086+0000 7fb374ff9700 1 -- 172.21.15.59:0/3254805483 <== mon.0 v2:172.21.15.59:3300/0 4 ==== mgrmap(e 5) v1 ==== 42809+0+0 (secure 0 0 0) 0x7fb36802a020 con 0x7fb378105780
2022-08-20T12:28:05.902 INFO:teuthology.orchestra.run.smithi059.stdout:/usr/bin/ceph: stderr
2022-08-20T12:28:05.087+0000 7fb37daa8700 1 -- 172.21.15.59:0/3254805483 --> [v2:172.21.15.59:3300/0,v1:172.21.15.59:6789/0] -- mon_command({"prefix": "get_command_descriptions"} v 0) v1 -- 0x7fb378060240 con 0x7fb378105780
2022-08-20T12:28:05.903 INFO:teuthology.orchestra.run.smithi059.stdout:/usr/bin/ceph: stderr
2022-08-20T12:28:05.087+0000 7fb374ff9700 1 --2- 172.21.15.59:0/3254805483 >> [v2:172.21.15.59:6800/1816338336,v1:172.21.15.59:6801/1816338336] conn(0x7fb364035a50 0x7fb364037f00 unknown :-1 s=NONE pgs=0 cs=0 l=1 rev1=0 crypto rx=0 tx=0 comp rx=0 tx=0).connect
2022-08-20T12:28:05.903 INFO:teuthology.orchestra.run.smithi059.stdout:/usr/bin/ceph: stderr
2022-08-20T12:28:05.087+0000 7fb374ff9700 1 -- 172.21.15.59:0/3254805483 <== mon.0 v2:172.21.15.59:3300/0 5 ==== osd_map(1..1 src has 1..1) v4 ==== 721+0+0 (secure 0 0 0) 0x7fb368048c90 con 0x7fb378105780
2022-08-20T12:28:05.903 INFO:teuthology.orchestra.run.smithi059.stdout:/usr/bin/ceph: stderr
2022-08-20T12:28:05.087+0000 7fb376ffd700 1 -- 172.21.15.59:0/3254805483 >> [v2:172.21.15.59:6800/1816338336,v1:172.21.15.59:6801/1816338336] conn(0x7fb364035a50 msgr2=0x7fb364037f00 unknown :-1 s=STATE_CONNECTING_RE l=1).process reconnect failed to v2:172.21.15.59:6800/1816338336
2022-08-20T12:28:05.904 INFO:teuthology.orchestra.run.smithi059.stdout:/usr/bin/ceph: stderr
2022-08-20T12:28:05.087+0000 7fb376ffd700 1 --2- 172.21.15.59:0/3254805483 >> [v2:172.21.15.59:6800/1816338336,v1:172.21.15.59:6801/1816338336] conn(0x7fb364035a50 0x7fb364037f00 unknown :-1 s=START_CONNECT pgs=0 cs=0 l=1 rev1=0 crypto rx=0 tx=0 comp rx=0 tx=0)._fault waiting 0.200000
2022-08-20T12:28:05.904 INFO:teuthology.orchestra.run.smithi059.stdout:/usr/bin/ceph: stderr
2022-08-20T12:28:05.092+0000 7fb374ff9700 1 -- 172.21.15.59:0/3254805483 <== mon.0 v2:172.21.15.59:3300/0 6 ==== mon_command_ack([{"prefix": "get_command_descriptions"}]=0 v0) v1 ==== 72+0+170955 (secure 0 0 0) 0x7fb368018d20 con 0x7fb378105780
2022-08-20T12:28:05.905 INFO:teuthology.orchestra.run.smithi059.stdout:/usr/bin/ceph: stderr
2022-08-20T12:28:05.288+0000 7fb376ffd700 1 -- 172.21.15.59:0/3254805483 >> [v2:172.21.15.59:6800/1816338336,v1:172.21.15.59:6801/1816338336] conn(0x7fb364035a50 msgr2=0x7fb364037f00 unknown :-1 s=STATE_CONNECTING_RE l=1).process reconnect failed to v2:172.21.15.59:6800/1816338336
2022-08-20T12:28:05.905 INFO:teuthology.orchestra.run.smithi059.stdout:/usr/bin/ceph: stderr
2022-08-20T12:28:05.288+0000 7fb376ffd700 1 --2- 172.21.15.59:0/3254805483 >> [v2:172.21.15.59:6800/1816338336,v1:172.21.15.59:6801/1816338336] conn(0x7fb364035a50 0x7fb364037f00 unknown :-1 s=START_CONNECT pgs=0 cs=0 l=1 rev1=0 crypto rx=0 tx=0 comp rx=0 tx=0)._fault waiting 0.400000
2022-08-20T12:28:05.905 INFO:teuthology.orchestra.run.smithi059.stdout:/usr/bin/ceph: stderr
2022-08-20T12:28:05.374+0000 7fb37daa8700 1 -- 172.21.15.59:0/3254805483 --> [v2:172.21.15.59:3300/0,v1:172.21.15.59:6789/0] -- mon_command({"prefix": "mgr stat"} v 0) v1 -- 0x7fb37819cc70 con 0x7fb378105780
2022-08-20T12:28:05.906 INFO:teuthology.orchestra.run.smithi059.stdout:/usr/bin/ceph: stderr
2022-08-20T12:28:05.374+0000 7fb374ff9700 1 -- 172.21.15.59:0/3254805483 <== mon.0 v2:172.21.15.59:3300/0 7 ==== mon_command_ack([{"prefix": "mgr stat"}]=0 v5) v1 ==== 56+0+88 (secure 0 0 0) 0x7fb368018b40 con 0x7fb378105780
2022-08-20T12:28:05.906 INFO:teuthology.orchestra.run.smithi059.stdout:/usr/bin/ceph: stderr
2022-08-20T12:28:05.378+0000 7fb37daa8700 1 -- 172.21.15.59:0/3254805483 >> [v2:172.21.15.59:6800/1816338336,v1:172.21.15.59:6801/1816338336] conn(0x7fb364035a50 msgr2=0x7fb364037f00 unknown :-1 s=STATE_CONNECTING l=1).mark_down
2022-08-20T12:28:05.906 INFO:teuthology.orchestra.run.smithi059.stdout:/usr/bin/ceph: stderr
2022-08-20T12:28:05.378+0000 7fb37daa8700 1 --2- 172.21.15.59:0/3254805483 >> [v2:172.21.15.59:6800/1816338336,v1:172.21.15.59:6801/1816338336] conn(0x7fb364035a50 0x7fb364037f00 unknown :-1 s=START_CONNECT pgs=0 cs=0 l=1 rev1=0 crypto rx=0 tx=0 comp rx=0 tx=0).stop
2022-08-20T12:28:05.906 INFO:teuthology.orchestra.run.smithi059.stdout:/usr/bin/ceph: stderr
2022-08-20T12:28:05.378+0000 7fb37daa8700 1 -- 172.21.15.59:0/3254805483 >> [v2:172.21.15.59:3300/0,v1:172.21.15.59:6789/0] conn(0x7fb378105780 msgr2=0x7fb378198e60 secure :-1 s=STATE_CONNECTION_ESTABLISHED l=1).mark_down
2022-08-20T12:28:05.907 INFO:teuthology.orchestra.run.smithi059.stdout:/usr/bin/ceph: stderr
2022-08-20T12:28:05.378+0000 7fb37daa8700 1 --2- 172.21.15.59:0/3254805483 >> [v2:172.21.15.59:3300/0,v1:172.21.15.59:6789/0] conn(0x7fb378105780 0x7fb378198e60 secure :-1 s=READY pgs=29 cs=0 l=1 rev1=1 crypto rx=0x7fb368003fb0 tx=0x7fb368004090 comp rx=0 tx=0).stop
2022-08-20T12:28:05.907 INFO:teuthology.orchestra.run.smithi059.stdout:/usr/bin/ceph: stderr
2022-08-20T12:28:05.378+0000 7fb37daa8700 1 -- 172.21.15.59:0/3254805483 shutdown_connections
2022-08-20T12:28:05.907 INFO:teuthology.orchestra.run.smithi059.stdout:/usr/bin/ceph: stderr
2022-08-20T12:28:05.378+0000 7fb37daa8700 1 --2- 172.21.15.59:0/3254805483 >> [v2:172.21.15.59:6800/1816338336,v1:172.21.15.59:6801/1816338336] conn(0x7fb364035a50 0x7fb364037f00 unknown :-1 s=CLOSED pgs=0 cs=0 l=1 rev1=0 crypto rx=0 tx=0 comp rx=0 tx=0).stop
2022-08-20T12:28:05.907 INFO:teuthology.orchestra.run.smithi059.stdout:/usr/bin/ceph: stderr
2022-08-20T12:28:05.378+0000 7fb37daa8700 1 --2- 172.21.15.59:0/3254805483 >> [v2:172.21.15.59:3300/0,v1:172.21.15.59:6789/0] conn(0x7fb378105780 0x7fb378198e60 unknown :-1 s=CLOSED pgs=29 cs=0 l=1 rev1=1 crypto rx=0 tx=0 comp rx=0 tx=0).stop
2022-08-20T12:28:05.908 INFO:teuthology.orchestra.run.smithi059.stdout:/usr/bin/ceph: stderr
2022-08-20T12:28:05.378+0000 7fb37daa8700 1 -- 172.21.15.59:0/3254805483 >> 172.21.15.59:0/3254805483 conn(0x7fb378078990 msgr2=0x7fb3781036e0 unknown :-1 s=STATE_NONE l=0).mark_down
2022-08-20T12:28:05.908 INFO:teuthology.orchestra.run.smithi059.stdout:/usr/bin/ceph: stderr
2022-08-20T12:28:05.378+0000 7fb37daa8700 1 -- 172.21.15.59:0/3254805483 shutdown_connections
2022-08-20T12:28:05.908 INFO:teuthology.orchestra.run.smithi059.stdout:/usr/bin/ceph: stderr
2022-08-20T12:28:05.378+0000 7fb37daa8700 1 -- 172.21.15.59:0/3254805483 wait complete.
2022-08-20T12:28:05.908 INFO:teuthology.orchestra.run.smithi059.stdout:Waiting for the mgr to restart...
2022-08-20T12:28:05.909 INFO:teuthology.orchestra.run.smithi059.stdout:Waiting for mgr epoch 5...
2022-08-20T12:28:05.991 INFO:journalctl@ceph.mon.a.smithi059.stdout:Aug 20 12:28:05 smithi059 ceph-mon[89765]: from='client.? 172.21.15.59:0/3254805483' entity='client.admin' cmd=[{"prefix": "mgr stat"}]: dispatch
2022-08-20T12:28:05.991 INFO:journalctl@ceph.mgr.x.smithi059.stdout:Aug 20 12:28:05 smithi059 ceph-3eae9edc-2083-11ed-8431-001a4aab830c-mgr-x[90017]:
2022-08-20T12:28:05.722+0000 7fbd37956080 -1 mgr[py] Module selftest has missing NOTIFY_TYPES member
2022-08-20T12:28:05.992 INFO:journalctl@ceph.mgr.x.smithi059.stdout:Aug 20 12:28:05 smithi059 ceph-3eae9edc-2083-11ed-8431-001a4aab830c-mgr-x[90017]:
2022-08-20T12:28:05.876+0000 7fbd37956080 -1 mgr[py] Module alerts has missing NOTIFY_TYPES member
2022-08-20T12:28:06.991 INFO:journalctl@ceph.mgr.x.smithi059.stdout:Aug 20 12:28:06 smithi059 ceph-3eae9edc-2083-11ed-8431-001a4aab830c-mgr-x[90017]:
2022-08-20T12:28:06.527+0000 7fbd37956080 -1 mgr[py] Module progress has missing NOTIFY_TYPES member
2022-08-20T12:28:07.741 INFO:journalctl@ceph.mgr.x.smithi059.stdout:Aug 20 12:28:07 smithi059 ceph-3eae9edc-2083-11ed-8431-001a4aab830c-mgr-x[90017]:
2022-08-20T12:28:07.384+0000 7fbd37956080 -1 mgr[py] Module rook has missing NOTIFY_TYPES member
2022-08-20T12:28:07.741 INFO:journalctl@ceph.mgr.x.smithi059.stdout:Aug 20 12:28:07 smithi059 ceph-3eae9edc-2083-11ed-8431-001a4aab830c-mgr-x[90017]:
2022-08-20T12:28:07.624+0000 7fbd37956080 -1 mgr[py] Module iostat has missing NOTIFY_TYPES member
2022-08-20T12:28:08.991 INFO:journalctl@ceph.mgr.x.smithi059.stdout:Aug 20 12:28:08 smithi059 ceph-3eae9edc-2083-11ed-8431-001a4aab830c-mgr-x[90017]:
2022-08-20T12:28:08.728+0000 7fbd37956080 -1 mgr[py] Module test_orchestrator has missing NOTIFY_TYPES member
2022-08-20T12:28:08.991 INFO:journalctl@ceph.mgr.x.smithi059.stdout:Aug 20 12:28:08 smithi059 ceph-3eae9edc-2083-11ed-8431-001a4aab830c-mgr-x[90017]:
2022-08-20T12:28:08.881+0000 7fbd37956080 -1 mgr[py] Module osd_perf_query has missing NOTIFY_TYPES member
2022-08-20T12:28:09.491 INFO:journalctl@ceph.mgr.x.smithi059.stdout:Aug 20 12:28:09 smithi059 ceph-3eae9edc-2083-11ed-8431-001a4aab830c-mgr-x[90017]:
2022-08-20T12:28:09.172+0000 7fbd37956080 -1 mgr[py] Module orchestrator has missing NOTIFY_TYPES member
2022-08-20T12:28:09.991 INFO:journalctl@ceph.mgr.x.smithi059.stdout:Aug 20 12:28:09 smithi059 ceph-3eae9edc-2083-11ed-8431-001a4aab830c-mgr-x[90017]:
2022-08-20T12:28:09.491+0000 7fbd37956080 -1 mgr[py] Module influx has missing NOTIFY_TYPES member
2022-08-20T12:28:09.991 INFO:journalctl@ceph.mgr.x.smithi059.stdout:Aug 20 12:28:09 smithi059 ceph-3eae9edc-2083-11ed-8431-001a4aab830c-mgr-x[90017]:
2022-08-20T12:28:09.730+0000 7fbd37956080 -1 mgr[py] Module telemetry has missing NOTIFY_TYPES member
2022-08-20T12:28:10.741 INFO:journalctl@ceph.mgr.x.smithi059.stdout:Aug 20 12:28:10 smithi059 ceph-3eae9edc-2083-11ed-8431-001a4aab830c-mgr-x[90017]:
2022-08-20T12:28:10.347+0000 7fbd37956080 -1 mgr[py] Module telegraf has missing NOTIFY_TYPES member
2022-08-20T12:28:11.732 INFO:journalctl@ceph.mgr.x.smithi059.stdout:Aug 20 12:28:11 smithi059 ceph-3eae9edc-2083-11ed-8431-001a4aab830c-mgr-x[90017]:
2022-08-20T12:28:11.298+0000 7fbd37956080 -1 mgr[py] Module balancer has missing NOTIFY_TYPES member
2022-08-20T12:28:11.991 INFO:journalctl@ceph.mgr.x.smithi059.stdout:Aug 20 12:28:11 smithi059 ceph-3eae9edc-2083-11ed-8431-001a4aab830c-mgr-x[90017]:
2022-08-20T12:28:11.731+0000 7fbd37956080 -1 mgr[py] Module diskprediction_local has missing NOTIFY_TYPES member
2022-08-20T12:28:12.491 INFO:journalctl@ceph.mgr.x.smithi059.stdout:Aug 20 12:28:12 smithi059 ceph-3eae9edc-2083-11ed-8431-001a4aab830c-mgr-x[90017]:
2022-08-20T12:28:12.069+0000 7fbd37956080 -1 mgr[py] Module nfs has missing NOTIFY_TYPES member
2022-08-20T12:28:12.491 INFO:journalctl@ceph.mgr.x.smithi059.stdout:Aug 20 12:28:12 smithi059 ceph-3eae9edc-2083-11ed-8431-001a4aab830c-mgr-x[90017]:
2022-08-20T12:28:12.267+0000 7fbd37956080 -1 mgr[py] Module rbd_support has missing NOTIFY_TYPES member
2022-08-20T12:28:12.991 INFO:journalctl@ceph.mgr.x.smithi059.stdout:Aug 20 12:28:12 smithi059 ceph-3eae9edc-2083-11ed-8431-001a4aab830c-mgr-x[90017]:
2022-08-20T12:28:12.639+0000 7fbd37956080 -1 mgr[py] Module volumes has missing NOTIFY_TYPES member
2022-08-20T12:28:14.241 INFO:journalctl@ceph.mgr.x.smithi059.stdout:Aug 20 12:28:13 smithi059 ceph-3eae9edc-2083-11ed-8431-001a4aab830c-mgr-x[90017]:
2022-08-20T12:28:13.942+0000 7fbd37956080 -1 mgr[py] Module pg_autoscaler has missing NOTIFY_TYPES member
2022-08-20T12:28:14.241 INFO:journalctl@ceph.mon.a.smithi059.stdout:Aug 20 12:28:13 smithi059 ceph-mon[89765]: Active manager daemon x restarted
2022-08-20T12:28:14.242 INFO:journalctl@ceph.mon.a.smithi059.stdout:Aug 20 12:28:13 smithi059 ceph-mon[89765]: Activating manager daemon x
2022-08-20T12:28:14.242 INFO:journalctl@ceph.mon.a.smithi059.stdout:Aug 20 12:28:13 smithi059 ceph-mon[89765]: osdmap e2: 0 total, 0 up, 0 in
2022-08-20T12:28:15.483 INFO:journalctl@ceph.mon.a.smithi059.stdout:Aug 20 12:28:15 smithi059 ceph-mon[89765]: mgrmap e6: x(active, starting, since 0.0536684s)
2022-08-20T12:28:15.483 INFO:journalctl@ceph.mon.a.smithi059.stdout:Aug 20 12:28:15 smithi059 ceph-mon[89765]: from='mgr.14122 172.21.15.59:0/1357714113' entity='mgr.x' cmd=[{"prefix": "mon metadata", "id": "a"}]: dispatch
2022-08-20T12:28:15.483 INFO:journalctl@ceph.mon.a.smithi059.stdout:Aug 20 12:28:15 smithi059 ceph-mon[89765]: from='mgr.14122 172.21.15.59:0/1357714113' entity='mgr.x' cmd=[{"prefix": "mgr metadata", "who": "x", "id": "x"}]: dispatch
2022-08-20T12:28:15.484 INFO:journalctl@ceph.mon.a.smithi059.stdout:Aug 20 12:28:15 smithi059 ceph-mon[89765]: from='mgr.14122 172.21.15.59:0/1357714113' entity='mgr.x' cmd=[{"prefix": "mds metadata"}]: dispatch
2022-08-20T12:28:15.484 INFO:journalctl@ceph.mon.a.smithi059.stdout:Aug 20 12:28:15 smithi059 ceph-mon[89765]: from='mgr.14122 172.21.15.59:0/1357714113' entity='mgr.x' cmd=[{"prefix": "osd metadata"}]: dispatch
2022-08-20T12:28:15.484 INFO:journalctl@ceph.mon.a.smithi059.stdout:Aug 20 12:28:15 smithi059 ceph-mon[89765]: from='mgr.14122 172.21.15.59:0/1357714113' entity='mgr.x' cmd=[{"prefix": "mon metadata"}]: dispatch
2022-08-20T12:28:15.484 INFO:journalctl@ceph.mon.a.smithi059.stdout:Aug 20 12:28:15 smithi059 ceph-mon[89765]: Manager daemon x is now available
2022-08-20T12:28:15.485 INFO:journalctl@ceph.mon.a.smithi059.stdout:Aug 20 12:28:15 smithi059 ceph-mon[89765]: from='mgr.14122 172.21.15.59:0/1357714113' entity='mgr.x'
2022-08-20T12:28:15.485 INFO:journalctl@ceph.mon.a.smithi059.stdout:Aug 20 12:28:15 smithi059 ceph-mon[89765]: from='mgr.14122 172.21.15.59:0/1357714113' entity='mgr.x'
2022-08-20T12:28:15.485 INFO:journalctl@ceph.mon.a.smithi059.stdout:Aug 20 12:28:15 smithi059 ceph-mon[89765]: from='mgr.14122 172.21.15.59:0/1357714113' entity='mgr.x' cmd=[{"prefix": "config dump", "format": "json"}]: dispatch
2022-08-20T12:28:15.485 INFO:journalctl@ceph.mon.a.smithi059.stdout:Aug 20 12:28:15 smithi059 ceph-mon[89765]: from='mgr.14122 172.21.15.59:0/1357714113' entity='mgr.x' cmd=[{"prefix": "config dump", "format": "json"}]: dispatch
2022-08-20T12:28:15.485 INFO:journalctl@ceph.mon.a.smithi059.stdout:Aug 20 12:28:15 smithi059 ceph-mon[89765]: from='mgr.14122 172.21.15.59:0/1357714113' entity='mgr.x' cmd=[{"prefix": "config dump", "format": "json"}]: dispatch
2022-08-20T12:28:15.486 INFO:journalctl@ceph.mon.a.smithi059.stdout:Aug 20 12:28:15 smithi059 ceph-mon[89765]: from='mgr.14122 172.21.15.59:0/1357714113' entity='mgr.x' cmd=[{"prefix":"config rm","who":"mgr","name":"mgr/rbd_support/x/mirror_snapshot_schedule"}]: dispatch
2022-08-20T12:28:15.486 INFO:journalctl@ceph.mon.a.smithi059.stdout:Aug 20 12:28:15 smithi059 ceph-mon[89765]: from='mgr.14122 172.21.15.59:0/1357714113' entity='mgr.x' cmd=[{"prefix":"config rm","who":"mgr","name":"mgr/rbd_support/x/trash_purge_schedule"}]: dispatch
2022-08-20T12:28:15.486 INFO:journalctl@ceph.mon.a.smithi059.stdout:Aug 20 12:28:15 smithi059 ceph-mon[89765]: from='mgr.14122 172.21.15.59:0/1357714113' entity='mgr.x'
2022-08-20T12:28:15.486 INFO:journalctl@ceph.mon.a.smithi059.stdout:Aug 20 12:28:15 smithi059 ceph-mon[89765]: from='mgr.14122 172.21.15.59:0/1357714113' entity='mgr.x'
2022-08-20T12:28:15.514 INFO:teuthology.orchestra.run.smithi059.stdout:/usr/bin/ceph: stdout {
2022-08-20T12:28:15.515 INFO:teuthology.orchestra.run.smithi059.stdout:/usr/bin/ceph: stdout "mgrmap_epoch": 7,
2022-08-20T12:28:15.515 INFO:teuthology.orchestra.run.smithi059.stdout:/usr/bin/ceph: stdout "initialized": true
2022-08-20T12:28:15.515 INFO:teuthology.orchestra.run.smithi059.stdout:/usr/bin/ceph: stdout }
2022-08-20T12:28:15.516 INFO:teuthology.orchestra.run.smithi059.stdout:/usr/bin/ceph: stderr
2022-08-20T12:28:06.545+0000 7f345e089700 1 Processor -- start
2022-08-20T12:28:15.516 INFO:teuthology.orchestra.run.smithi059.stdout:/usr/bin/ceph: stderr
2022-08-20T12:28:06.546+0000 7f345e089700 1 -- start start
2022-08-20T12:28:15.516 INFO:teuthology.orchestra.run.smithi059.stdout:/usr/bin/ceph: stderr
2022-08-20T12:28:06.546+0000 7f345e089700 1 --2- >> [v2:172.21.15.59:3300/0,v1:172.21.15.59:6789/0] conn(0x7f34581057d0 0x7f3458105be0 unknown :-1 s=NONE pgs=0 cs=0 l=0 rev1=0 crypto rx=0 tx=0 comp rx=0 tx=0).connect
2022-08-20T12:28:15.516 INFO:teuthology.orchestra.run.smithi059.stdout:/usr/bin/ceph: stderr
2022-08-20T12:28:06.546+0000 7f345e089700 1 -- --> [v2:172.21.15.59:3300/0,v1:172.21.15.59:6789/0] -- mon_getmap magic: 0 v1 -- 0x7f34581061b0 con 0x7f34581057d0
2022-08-20T12:28:15.516 INFO:teuthology.orchestra.run.smithi059.stdout:/usr/bin/ceph: stderr
2022-08-20T12:28:06.546+0000 7f34577fe700 1 --2- >> [v2:172.21.15.59:3300/0,v1:172.21.15.59:6789/0] conn(0x7f34581057d0 0x7f3458105be0 unknown :-1 s=BANNER_CONNECTING pgs=0 cs=0 l=0 rev1=0 crypto rx=0 tx=0 comp rx=0 tx=0)._handle_peer_banner_payload supported=3 required=0
2022-08-20T12:28:15.517 INFO:teuthology.orchestra.run.smithi059.stdout:/usr/bin/ceph: stderr
2022-08-20T12:28:06.547+0000 7f34577fe700 1 --2- >> [v2:172.21.15.59:3300/0,v1:172.21.15.59:6789/0] conn(0x7f34581057d0 0x7f3458105be0 unknown :-1 s=HELLO_CONNECTING pgs=0 cs=0 l=0 rev1=1 crypto rx=0 tx=0 comp rx=0 tx=0).handle_hello peer v2:172.21.15.59:3300/0 says I am v2:172.21.15.59:53416/0 (socket says 172.21.15.59:53416)
2022-08-20T12:28:15.517 INFO:teuthology.orchestra.run.smithi059.stdout:/usr/bin/ceph: stderr
2022-08-20T12:28:06.547+0000 7f34577fe700 1 -- 172.21.15.59:0/1675948627 learned_addr learned my addr 172.21.15.59:0/1675948627 (peer_addr_for_me v2:172.21.15.59:0/0)
2022-08-20T12:28:15.517 INFO:teuthology.orchestra.run.smithi059.stdout:/usr/bin/ceph: stderr
2022-08-20T12:28:06.547+0000 7f34577fe700 1 -- 172.21.15.59:0/1675948627 --> [v2:172.21.15.59:3300/0,v1:172.21.15.59:6789/0] -- mon_subscribe({config=0+,monmap=0+}) v3 -- 0x7f34581062f0 con 0x7f34581057d0
2022-08-20T12:28:15.517 INFO:teuthology.orchestra.run.smithi059.stdout:/usr/bin/ceph: stderr
2022-08-20T12:28:06.547+0000 7f34577fe700 1 --2- 172.21.15.59:0/1675948627 >> [v2:172.21.15.59:3300/0,v1:172.21.15.59:6789/0] conn(0x7f34581057d0 0x7f3458105be0 secure :-1 s=READY pgs=30 cs=0 l=1 rev1=1 crypto rx=0x7f3448009700 tx=0x7f3448009a10 comp rx=0 tx=0).ready entity=mon.0 client_cookie=d52bf75b1e4c7c74 server_cookie=0 in_seq=0 out_seq=0
2022-08-20T12:28:15.518 INFO:teuthology.orchestra.run.smithi059.stdout:/usr/bin/ceph: stderr
2022-08-20T12:28:06.548+0000 7f34567fc700 1 -- 172.21.15.59:0/1675948627 <== mon.0 v2:172.21.15.59:3300/0 1 ==== mon_map magic: 0 v1 ==== 205+0+0 (secure 0 0 0) 0x7f3448004160 con 0x7f34581057d0
2022-08-20T12:28:15.518 INFO:teuthology.orchestra.run.smithi059.stdout:/usr/bin/ceph: stderr
2022-08-20T12:28:06.548+0000 7f34567fc700 1 -- 172.21.15.59:0/1675948627 <== mon.0 v2:172.21.15.59:3300/0 2 ==== config(26 keys) v1 ==== 1049+0+0 (secure 0 0 0) 0x7f34480042c0 con 0x7f34581057d0
2022-08-20T12:28:15.518 INFO:teuthology.orchestra.run.smithi059.stdout:/usr/bin/ceph: stderr
2022-08-20T12:28:06.548+0000 7f34567fc700 1 -- 172.21.15.59:0/1675948627 <== mon.0 v2:172.21.15.59:3300/0 3 ==== mon_map magic: 0 v1 ==== 205+0+0 (secure 0 0 0) 0x7f34480039d0 con 0x7f34581057d0
2022-08-20T12:28:15.518 INFO:teuthology.orchestra.run.smithi059.stdout:/usr/bin/ceph: stderr
2022-08-20T12:28:06.548+0000 7f345e089700 1 -- 172.21.15.59:0/1675948627 >> [v2:172.21.15.59:3300/0,v1:172.21.15.59:6789/0] conn(0x7f34581057d0 msgr2=0x7f3458105be0 secure :-1 s=STATE_CONNECTION_ESTABLISHED l=1).mark_down
2022-08-20T12:28:15.519 INFO:teuthology.orchestra.run.smithi059.stdout:/usr/bin/ceph: stderr
2022-08-20T12:28:06.548+0000 7f345e089700 1 --2- 172.21.15.59:0/1675948627 >> [v2:172.21.15.59:3300/0,v1:172.21.15.59:6789/0] conn(0x7f34581057d0 0x7f3458105be0 secure :-1 s=READY pgs=30 cs=0 l=1 rev1=1 crypto rx=0x7f3448009700 tx=0x7f3448009a10 comp rx=0 tx=0).stop
2022-08-20T12:28:15.519 INFO:teuthology.orchestra.run.smithi059.stdout:/usr/bin/ceph: stderr
2022-08-20T12:28:06.548+0000 7f345e089700 1 -- 172.21.15.59:0/1675948627 shutdown_connections
2022-08-20T12:28:15.519 INFO:teuthology.orchestra.run.smithi059.stdout:/usr/bin/ceph: stderr
2022-08-20T12:28:06.548+0000 7f345e089700 1 --2- 172.21.15.59:0/1675948627 >> [v2:172.21.15.59:3300/0,v1:172.21.15.59:6789/0] conn(0x7f34581057d0 0x7f3458105be0 unknown :-1 s=CLOSED pgs=30 cs=0 l=1 rev1=1 crypto rx=0 tx=0 comp rx=0 tx=0).stop
2022-08-20T12:28:15.519 INFO:teuthology.orchestra.run.smithi059.stdout:/usr/bin/ceph: stderr
2022-08-20T12:28:06.548+0000 7f345e089700 1 -- 172.21.15.59:0/1675948627 >> 172.21.15.59:0/1675948627 conn(0x7f3458078950 msgr2=0x7f3458078d50 unknown :-1 s=STATE_NONE l=0).mark_down
2022-08-20T12:28:15.520 INFO:teuthology.orchestra.run.smithi059.stdout:/usr/bin/ceph: stderr
2022-08-20T12:28:06.549+0000 7f345e089700 1 -- 172.21.15.59:0/1675948627 shutdown_connections
2022-08-20T12:28:15.520 INFO:teuthology.orchestra.run.smithi059.stdout:/usr/bin/ceph: stderr
2022-08-20T12:28:06.549+0000 7f345e089700 1 -- 172.21.15.59:0/1675948627 wait complete.
2022-08-20T12:28:15.520 INFO:teuthology.orchestra.run.smithi059.stdout:/usr/bin/ceph: stderr
2022-08-20T12:28:06.550+0000 7f345e089700 1 Processor -- start
2022-08-20T12:28:15.520 INFO:teuthology.orchestra.run.smithi059.stdout:/usr/bin/ceph: stderr
2022-08-20T12:28:06.551+0000 7f345e089700 1 -- start start
2022-08-20T12:28:15.520 INFO:teuthology.orchestra.run.smithi059.stdout:/usr/bin/ceph: stderr
2022-08-20T12:28:06.551+0000 7f345e089700 1 --2- >> [v2:172.21.15.59:3300/0,v1:172.21.15.59:6789/0] conn(0x7f34581057d0 0x7f3458198ee0 unknown :-1 s=NONE pgs=0 cs=0 l=1 rev1=0 crypto rx=0 tx=0 comp rx=0 tx=0).connect
2022-08-20T12:28:15.521 INFO:teuthology.orchestra.run.smithi059.stdout:/usr/bin/ceph: stderr
2022-08-20T12:28:06.551+0000 7f345e089700 1 -- --> [v2:172.21.15.59:3300/0,v1:172.21.15.59:6789/0] -- mon_getmap magic: 0 v1 -- 0x7f3458199420 con 0x7f34581057d0
2022-08-20T12:28:15.521 INFO:teuthology.orchestra.run.smithi059.stdout:/usr/bin/ceph: stderr
2022-08-20T12:28:06.552+0000 7f34577fe700 1 --2- >> [v2:172.21.15.59:3300/0,v1:172.21.15.59:6789/0] conn(0x7f34581057d0 0x7f3458198ee0 unknown :-1 s=BANNER_CONNECTING pgs=0 cs=0 l=1 rev1=0 crypto rx=0 tx=0 comp rx=0 tx=0)._handle_peer_banner_payload supported=3 required=0
2022-08-20T12:28:15.521 INFO:teuthology.orchestra.run.smithi059.stdout:/usr/bin/ceph: stderr
2022-08-20T12:28:06.552+0000 7f34577fe700 1 --2- >> [v2:172.21.15.59:3300/0,v1:172.21.15.59:6789/0] conn(0x7f34581057d0 0x7f3458198ee0 unknown :-1 s=HELLO_CONNECTING pgs=0 cs=0 l=1 rev1=1 crypto rx=0 tx=0 comp rx=0 tx=0).handle_hello peer v2:172.21.15.59:3300/0 says I am v2:172.21.15.59:53424/0 (socket says 172.21.15.59:53424)
2022-08-20T12:28:15.521 INFO:teuthology.orchestra.run.smithi059.stdout:/usr/bin/ceph: stderr
2022-08-20T12:28:06.552+0000 7f34577fe700 1 -- 172.21.15.59:0/1665261727 learned_addr learned my addr 172.21.15.59:0/1665261727 (peer_addr_for_me v2:172.21.15.59:0/0)
2022-08-20T12:28:15.521 INFO:teuthology.orchestra.run.smithi059.stdout:/usr/bin/ceph: stderr
2022-08-20T12:28:06.552+0000 7f34577fe700 1 -- 172.21.15.59:0/1665261727 --> [v2:172.21.15.59:3300/0,v1:172.21.15.59:6789/0] -- mon_subscribe({config=0+,monmap=0+}) v3 -- 0x7f34480093e0 con 0x7f34581057d0
2022-08-20T12:28:15.522 INFO:teuthology.orchestra.run.smithi059.stdout:/usr/bin/ceph: stderr
2022-08-20T12:28:06.552+0000 7f34577fe700 1 --2- 172.21.15.59:0/1665261727 >> [v2:172.21.15.59:3300/0,v1:172.21.15.59:6789/0] conn(0x7f34581057d0 0x7f3458198ee0 secure :-1 s=READY pgs=31 cs=0 l=1 rev1=1 crypto rx=0x7f34480035b0 tx=0x7f3448003fe0 comp rx=0 tx=0).ready entity=mon.0 client_cookie=0 server_cookie=0 in_seq=0 out_seq=0
2022-08-20T12:28:15.522 INFO:teuthology.orchestra.run.smithi059.stdout:/usr/bin/ceph: stderr
2022-08-20T12:28:06.553+0000 7f3454ff9700 1 -- 172.21.15.59:0/1665261727 <== mon.0 v2:172.21.15.59:3300/0 1 ==== mon_map magic: 0 v1 ==== 205+0+0 (secure 0 0 0) 0x7f3448011840 con 0x7f34581057d0
2022-08-20T12:28:15.522 INFO:teuthology.orchestra.run.smithi059.stdout:/usr/bin/ceph: stderr
2022-08-20T12:28:06.553+0000 7f3454ff9700 1 -- 172.21.15.59:0/1665261727 <== mon.0 v2:172.21.15.59:3300/0 2 ==== config(26 keys) v1 ==== 1049+0+0 (secure 0 0 0) 0x7f344801a430 con 0x7f34581057d0
2022-08-20T12:28:15.522 INFO:teuthology.orchestra.run.smithi059.stdout:/usr/bin/ceph: stderr
2022-08-20T12:28:06.553+0000 7f345e089700 1 -- 172.21.15.59:0/1665261727 --> [v2:172.21.15.59:3300/0,v1:172.21.15.59:6789/0] -- mon_subscribe({mgrmap=0+}) v3 -- 0x7f3458199620 con 0x7f34581057d0
2022-08-20T12:28:15.523 INFO:teuthology.orchestra.run.smithi059.stdout:/usr/bin/ceph: stderr
2022-08-20T12:28:06.553+0000 7f3454ff9700 1 -- 172.21.15.59:0/1665261727 <== mon.0 v2:172.21.15.59:3300/0 3 ==== mon_map magic: 0 v1 ==== 205+0+0 (secure 0 0 0) 0x7f3448019550 con 0x7f34581057d0
2022-08-20T12:28:15.523 INFO:teuthology.orchestra.run.smithi059.stdout:/usr/bin/ceph: stderr
2022-08-20T12:28:06.553+0000 7f345e089700 1 -- 172.21.15.59:0/1665261727 --> [v2:172.21.15.59:3300/0,v1:172.21.15.59:6789/0] -- mon_subscribe({osdmap=0}) v3 -- 0x7f3458199a50 con 0x7f34581057d0
2022-08-20T12:28:15.523 INFO:teuthology.orchestra.run.smithi059.stdout:/usr/bin/ceph: stderr
2022-08-20T12:28:06.554+0000 7f3454ff9700 1 -- 172.21.15.59:0/1665261727 <== mon.0 v2:172.21.15.59:3300/0 4 ==== mgrmap(e 5) v1 ==== 42809+0+0 (secure 0 0 0) 0x7f344802a020 con 0x7f34581057d0
2022-08-20T12:28:15.523 INFO:teuthology.orchestra.run.smithi059.stdout:/usr/bin/ceph: stderr
2022-08-20T12:28:06.555+0000 7f3454ff9700 1 --2- 172.21.15.59:0/1665261727 >> [v2:172.21.15.59:6800/1816338336,v1:172.21.15.59:6801/1816338336] conn(0x7f3444035a50 0x7f3444037f00 unknown :-1 s=NONE pgs=0 cs=0 l=1 rev1=0 crypto rx=0 tx=0 comp rx=0 tx=0).connect
2022-08-20T12:28:15.524 INFO:teuthology.orchestra.run.smithi059.stdout:/usr/bin/ceph: stderr
2022-08-20T12:28:06.555+0000 7f3454ff9700 1 -- 172.21.15.59:0/1665261727 --> [v2:172.21.15.59:6800/1816338336,v1:172.21.15.59:6801/1816338336] -- command(tid 0: {"prefix": "get_command_descriptions"}) v1 -- 0x7f3444038610 con 0x7f3444035a50
2022-08-20T12:28:15.524 INFO:teuthology.orchestra.run.smithi059.stdout:/usr/bin/ceph: stderr
2022-08-20T12:28:06.555+0000 7f3454ff9700 1 -- 172.21.15.59:0/1665261727 <== mon.0 v2:172.21.15.59:3300/0 5 ==== osd_map(1..1 src has 1..1) v4 ==== 721+0+0 (secure 0 0 0) 0x7f3448048bb0 con 0x7f34581057d0
2022-08-20T12:28:15.524 INFO:teuthology.orchestra.run.smithi059.stdout:/usr/bin/ceph: stderr
2022-08-20T12:28:06.555+0000 7f3456ffd700 1 -- 172.21.15.59:0/1665261727 >> [v2:172.21.15.59:6800/1816338336,v1:172.21.15.59:6801/1816338336] conn(0x7f3444035a50 msgr2=0x7f3444037f00 unknown :-1 s=STATE_CONNECTING_RE l=1).process reconnect failed to v2:172.21.15.59:6800/1816338336
2022-08-20T12:28:15.524 INFO:teuthology.orchestra.run.smithi059.stdout:/usr/bin/ceph: stderr
2022-08-20T12:28:06.555+0000 7f3456ffd700 1 --2- 172.21.15.59:0/1665261727 >> [v2:172.21.15.59:6800/1816338336,v1:172.21.15.59:6801/1816338336] conn(0x7f3444035a50 0x7f3444037f00 unknown :-1 s=START_CONNECT pgs=0 cs=0 l=1 rev1=0 crypto rx=0 tx=0 comp rx=0 tx=0)._fault waiting 0.200000
2022-08-20T12:28:15.524 INFO:teuthology.orchestra.run.smithi059.stdout:/usr/bin/ceph: stderr
2022-08-20T12:28:06.756+0000 7f3456ffd700 1 -- 172.21.15.59:0/1665261727 >> [v2:172.21.15.59:6800/1816338336,v1:172.21.15.59:6801/1816338336] conn(0x7f3444035a50 msgr2=0x7f3444037f00 unknown :-1 s=STATE_CONNECTING_RE l=1).process reconnect failed to v2:172.21.15.59:6800/1816338336
2022-08-20T12:28:15.525 INFO:teuthology.orchestra.run.smithi059.stdout:/usr/bin/ceph: stderr
2022-08-20T12:28:06.756+0000 7f3456ffd700 1 --2- 172.21.15.59:0/1665261727 >> [v2:172.21.15.59:6800/1816338336,v1:172.21.15.59:6801/1816338336] conn(0x7f3444035a50 0x7f3444037f00 unknown :-1 s=START_CONNECT pgs=0 cs=0 l=1 rev1=0 crypto rx=0 tx=0 comp rx=0 tx=0)._fault waiting 0.400000
2022-08-20T12:28:15.525 INFO:teuthology.orchestra.run.smithi059.stdout:/usr/bin/ceph: stderr
2022-08-20T12:28:07.157+0000 7f3456ffd700 1 -- 172.21.15.59:0/1665261727 >> [v2:172.21.15.59:6800/1816338336,v1:172.21.15.59:6801/1816338336] conn(0x7f3444035a50 msgr2=0x7f3444037f00 unknown :-1 s=STATE_CONNECTING_RE l=1).process reconnect failed to v2:172.21.15.59:6800/1816338336
2022-08-20T12:28:15.525 INFO:teuthology.orchestra.run.smithi059.stdout:/usr/bin/ceph: stderr
2022-08-20T12:28:07.157+0000 7f3456ffd700 1 --2- 172.21.15.59:0/1665261727 >> [v2:172.21.15.59:6800/1816338336,v1:172.21.15.59:6801/1816338336] conn(0x7f3444035a50 0x7f3444037f00 unknown :-1 s=START_CONNECT pgs=0 cs=0 l=1 rev1=0 crypto rx=0 tx=0 comp rx=0 tx=0)._fault waiting 0.800000
2022-08-20T12:28:15.525 INFO:teuthology.orchestra.run.smithi059.stdout:/usr/bin/ceph: stderr
2022-08-20T12:28:07.958+0000 7f3456ffd700 1 -- 172.21.15.59:0/1665261727 >> [v2:172.21.15.59:6800/1816338336,v1:172.21.15.59:6801/1816338336] conn(0x7f3444035a50 msgr2=0x7f3444037f00 unknown :-1 s=STATE_CONNECTING_RE l=1).process reconnect failed to v2:172.21.15.59:6800/1816338336
2022-08-20T12:28:15.526 INFO:teuthology.orchestra.run.smithi059.stdout:/usr/bin/ceph: stderr
2022-08-20T12:28:07.958+0000 7f3456ffd700 1 --2- 172.21.15.59:0/1665261727 >> [v2:172.21.15.59:6800/1816338336,v1:172.21.15.59:6801/1816338336] conn(0x7f3444035a50 0x7f3444037f00 unknown :-1 s=START_CONNECT pgs=0 cs=0 l=1 rev1=0 crypto rx=0 tx=0 comp rx=0 tx=0)._fault waiting 1.600000
2022-08-20T12:28:15.526 INFO:teuthology.orchestra.run.smithi059.stdout:/usr/bin/ceph: stderr
2022-08-20T12:28:09.560+0000 7f3456ffd700 1 -- 172.21.15.59:0/1665261727 >> [v2:172.21.15.59:6800/1816338336,v1:172.21.15.59:6801/1816338336] conn(0x7f3444035a50 msgr2=0x7f3444037f00 unknown :-1 s=STATE_CONNECTING_RE l=1).process reconnect failed to v2:172.21.15.59:6800/1816338336
2022-08-20T12:28:15.526 INFO:teuthology.orchestra.run.smithi059.stdout:/usr/bin/ceph: stderr
2022-08-20T12:28:09.560+0000 7f3456ffd700 1 --2- 172.21.15.59:0/1665261727 >> [v2:172.21.15.59:6800/1816338336,v1:172.21.15.59:6801/1816338336] conn(0x7f3444035a50 0x7f3444037f00 unknown :-1 s=START_CONNECT pgs=0 cs=0 l=1 rev1=0 crypto rx=0 tx=0 comp rx=0 tx=0)._fault waiting 3.200000
2022-08-20T12:28:15.526 INFO:teuthology.orchestra.run.smithi059.stdout:/usr/bin/ceph: stderr
2022-08-20T12:28:12.763+0000 7f3456ffd700 1 -- 172.21.15.59:0/1665261727 >> [v2:172.21.15.59:6800/1816338336,v1:172.21.15.59:6801/1816338336] conn(0x7f3444035a50 msgr2=0x7f3444037f00 unknown :-1 s=STATE_CONNECTING_RE l=1).process reconnect failed to v2:172.21.15.59:6800/1816338336
2022-08-20T12:28:15.527 INFO:teuthology.orchestra.run.smithi059.stdout:/usr/bin/ceph: stderr
2022-08-20T12:28:12.763+0000 7f3456ffd700 1 --2- 172.21.15.59:0/1665261727 >> [v2:172.21.15.59:6800/1816338336,v1:172.21.15.59:6801/1816338336] conn(0x7f3444035a50 0x7f3444037f00 unknown :-1 s=START_CONNECT pgs=0 cs=0 l=1 rev1=0 crypto rx=0 tx=0 comp rx=0 tx=0)._fault waiting 6.400000
2022-08-20T12:28:15.527 INFO:teuthology.orchestra.run.smithi059.stdout:/usr/bin/ceph: stderr
2022-08-20T12:28:13.997+0000 7f3454ff9700 1 -- 172.21.15.59:0/1665261727 <== mon.0 v2:172.21.15.59:3300/0 6 ==== mgrmap(e 6) v1 ==== 42619+0+0 (secure 0 0 0) 0x7f3448017020 con 0x7f34581057d0
2022-08-20T12:28:15.527 INFO:teuthology.orchestra.run.smithi059.stdout:/usr/bin/ceph: stderr
2022-08-20T12:28:13.998+0000 7f3454ff9700 1 -- 172.21.15.59:0/1665261727 >> [v2:172.21.15.59:6800/1816338336,v1:172.21.15.59:6801/1816338336] conn(0x7f3444035a50 msgr2=0x7f3444037f00 unknown :-1 s=STATE_CONNECTING l=1).mark_down
2022-08-20T12:28:15.527 INFO:teuthology.orchestra.run.smithi059.stdout:/usr/bin/ceph: stderr
2022-08-20T12:28:13.998+0000 7f3454ff9700 1 --2- 172.21.15.59:0/1665261727 >> [v2:172.21.15.59:6800/1816338336,v1:172.21.15.59:6801/1816338336] conn(0x7f3444035a50 0x7f3444037f00 unknown :-1 s=START_CONNECT pgs=0 cs=0 l=1 rev1=0 crypto rx=0 tx=0 comp rx=0 tx=0).stop
2022-08-20T12:28:15.528 INFO:teuthology.orchestra.run.smithi059.stdout:/usr/bin/ceph: stderr
2022-08-20T12:28:15.006+0000 7f3454ff9700 1 -- 172.21.15.59:0/1665261727 <== mon.0 v2:172.21.15.59:3300/0 7 ==== mgrmap(e 7) v1 ==== 42729+0+0 (secure 0 0 0) 0x7f344800f050 con 0x7f34581057d0
2022-08-20T12:28:15.528 INFO:teuthology.orchestra.run.smithi059.stdout:/usr/bin/ceph: stderr
2022-08-20T12:28:15.006+0000 7f3454ff9700 1 --2- 172.21.15.59:0/1665261727 >> [v2:172.21.15.59:6800/3772177547,v1:172.21.15.59:6801/3772177547] conn(0x7f3444039360 0x7f344403b740 unknown :-1 s=NONE pgs=0 cs=0 l=1 rev1=0 crypto rx=0 tx=0 comp rx=0 tx=0).connect
2022-08-20T12:28:15.528 INFO:teuthology.orchestra.run.smithi059.stdout:/usr/bin/ceph: stderr
2022-08-20T12:28:15.006+0000 7f3454ff9700 1 -- 172.21.15.59:0/1665261727 --> [v2:172.21.15.59:6800/3772177547,v1:172.21.15.59:6801/3772177547] -- command(tid 0: {"prefix": "get_command_descriptions"}) v1 -- 0x7f3444038610 con 0x7f3444039360
2022-08-20T12:28:15.528 INFO:teuthology.orchestra.run.smithi059.stdout:/usr/bin/ceph: stderr
2022-08-20T12:28:15.007+0000 7f3456ffd700 1 --2- 172.21.15.59:0/1665261727 >> [v2:172.21.15.59:6800/3772177547,v1:172.21.15.59:6801/3772177547] conn(0x7f3444039360 0x7f344403b740 unknown :-1 s=BANNER_CONNECTING pgs=0 cs=0 l=1 rev1=0 crypto rx=0 tx=0 comp rx=0 tx=0)._handle_peer_banner_payload supported=3 required=0
2022-08-20T12:28:15.528 INFO:teuthology.orchestra.run.smithi059.stdout:/usr/bin/ceph: stderr
2022-08-20T12:28:15.008+0000 7f3456ffd700 1 --2- 172.21.15.59:0/1665261727 >> [v2:172.21.15.59:6800/3772177547,v1:172.21.15.59:6801/3772177547] conn(0x7f3444039360 0x7f344403b740 secure :-1 s=READY pgs=1 cs=0 l=1 rev1=1 crypto rx=0x7f344c003890 tx=0x7f344c0092b0 comp rx=0 tx=0).ready entity=mgr.14122 client_cookie=0 server_cookie=0 in_seq=0 out_seq=0
2022-08-20T12:28:15.529 INFO:teuthology.orchestra.run.smithi059.stdout:/usr/bin/ceph: stderr
2022-08-20T12:28:15.010+0000 7f3454ff9700 1 -- 172.21.15.59:0/1665261727 <== mgr.14122 v2:172.21.15.59:6800/3772177547 1 ==== command_reply(tid 0: 0 ) v1 ==== 8+0+6424 (secure 0 0 0) 0x7f3444038610 con 0x7f3444039360
2022-08-20T12:28:15.529 INFO:teuthology.orchestra.run.smithi059.stdout:/usr/bin/ceph: stderr
2022-08-20T12:28:15.016+0000 7f345e089700 1 -- 172.21.15.59:0/1665261727 --> [v2:172.21.15.59:6800/3772177547,v1:172.21.15.59:6801/3772177547] -- command(tid 1: {"prefix": "mgr_status"}) v1 -- 0x7f345819a210 con 0x7f3444039360
2022-08-20T12:28:15.529 INFO:teuthology.orchestra.run.smithi059.stdout:/usr/bin/ceph: stderr
2022-08-20T12:28:15.016+0000 7f3454ff9700 1 -- 172.21.15.59:0/1665261727 <== mgr.14122 v2:172.21.15.59:6800/3772177547 2 ==== command_reply(tid 1: 0 ) v1 ==== 8+0+51 (secure 0 0 0) 0x7f345819a210 con 0x7f3444039360
2022-08-20T12:28:15.529 INFO:teuthology.orchestra.run.smithi059.stdout:/usr/bin/ceph: stderr
2022-08-20T12:28:15.017+0000 7f345e089700 1 -- 172.21.15.59:0/1665261727 >> [v2:172.21.15.59:6800/3772177547,v1:172.21.15.59:6801/3772177547] conn(0x7f3444039360 msgr2=0x7f344403b740 secure :-1 s=STATE_CONNECTION_ESTABLISHED l=1).mark_down
2022-08-20T12:28:15.530 INFO:teuthology.orchestra.run.smithi059.stdout:/usr/bin/ceph: stderr
2022-08-20T12:28:15.017+0000 7f345e089700 1 --2- 172.21.15.59:0/1665261727 >> [v2:172.21.15.59:6800/3772177547,v1:172.21.15.59:6801/3772177547] conn(0x7f3444039360 0x7f344403b740 secure :-1 s=READY pgs=1 cs=0 l=1 rev1=1 crypto rx=0x7f344c003890 tx=0x7f344c0092b0 comp rx=0 tx=0).stop
2022-08-20T12:28:15.530 INFO:teuthology.orchestra.run.smithi059.stdout:/usr/bin/ceph: stderr
2022-08-20T12:28:15.017+0000 7f345e089700 1 -- 172.21.15.59:0/1665261727 >> [v2:172.21.15.59:3300/0,v1:172.21.15.59:6789/0] conn(0x7f34581057d0 msgr2=0x7f3458198ee0 secure :-1 s=STATE_CONNECTION_ESTABLISHED l=1).mark_down
2022-08-20T12:28:15.530 INFO:teuthology.orchestra.run.smithi059.stdout:/usr/bin/ceph: stderr
2022-08-20T12:28:15.017+0000 7f345e089700 1 --2- 172.21.15.59:0/1665261727 >> [v2:172.21.15.59:3300/0,v1:172.21.15.59:6789/0] conn(0x7f34581057d0 0x7f3458198ee0 secure :-1 s=READY pgs=31 cs=0 l=1 rev1=1 crypto rx=0x7f34480035b0 tx=0x7f3448003fe0 comp rx=0 tx=0).stop
2022-08-20T12:28:15.530 INFO:teuthology.orchestra.run.smithi059.stdout:/usr/bin/ceph: stderr
2022-08-20T12:28:15.017+0000 7f345e089700 1 -- 172.21.15.59:0/1665261727 shutdown_connections
2022-08-20T12:28:15.531 INFO:teuthology.orchestra.run.smithi059.stdout:/usr/bin/ceph: stderr
2022-08-20T12:28:15.017+0000 7f345e089700 1 --2- 172.21.15.59:0/1665261727 >> [v2:172.21.15.59:6800/3772177547,v1:172.21.15.59:6801/3772177547] conn(0x7f3444039360 0x7f344403b740 unknown :-1 s=CLOSED pgs=1 cs=0 l=1 rev1=1 crypto rx=0 tx=0 comp rx=0 tx=0).stop
2022-08-20T12:28:15.531 INFO:teuthology.orchestra.run.smithi059.stdout:/usr/bin/ceph: stderr
2022-08-20T12:28:15.017+0000 7f345e089700 1 --2- 172.21.15.59:0/1665261727 >> [v2:172.21.15.59:3300/0,v1:172.21.15.59:6789/0] conn(0x7f34581057d0 0x7f3458198ee0 unknown :-1 s=CLOSED pgs=31 cs=0 l=1 rev1=1 crypto rx=0 tx=0 comp rx=0 tx=0).stop
2022-08-20T12:28:15.531 INFO:teuthology.orchestra.run.smithi059.stdout:/usr/bin/ceph: stderr
2022-08-20T12:28:15.017+0000 7f345e089700 1 --2- 172.21.15.59:0/1665261727 >> [v2:172.21.15.59:6800/1816338336,v1:172.21.15.59:6801/1816338336] conn(0x7f3444035a50 0x7f3444037f00 unknown :-1 s=CLOSED pgs=0 cs=0 l=1 rev1=0 crypto rx=0 tx=0 comp rx=0 tx=0).stop
2022-08-20T12:28:15.531 INFO:teuthology.orchestra.run.smithi059.stdout:/usr/bin/ceph: stderr
2022-08-20T12:28:15.017+0000 7f345e089700 1 -- 172.21.15.59:0/1665261727 >> 172.21.15.59:0/1665261727 conn(0x7f3458078950 msgr2=0x7f3458103700 unknown :-1 s=STATE_NONE l=0).mark_down
2022-08-20T12:28:15.531 INFO:teuthology.orchestra.run.smithi059.stdout:/usr/bin/ceph: stderr
2022-08-20T12:28:15.017+0000 7f345e089700 1 -- 172.21.15.59:0/1665261727 shutdown_connections
2022-08-20T12:28:15.532 INFO:teuthology.orchestra.run.smithi059.stdout:/usr/bin/ceph: stderr
2022-08-20T12:28:15.017+0000 7f345e089700 1 -- 172.21.15.59:0/1665261727 wait complete.
2022-08-20T12:28:15.532 INFO:teuthology.orchestra.run.smithi059.stdout:mgr epoch 5 is available
2022-08-20T12:28:15.532 INFO:teuthology.orchestra.run.smithi059.stdout:Setting orchestrator backend to cephadm...
2022-08-20T12:28:16.241 INFO:journalctl@ceph.mon.a.smithi059.stdout:Aug 20 12:28:16 smithi059 ceph-mon[89765]: mgrmap e7: x(active, since 1.06403s)
2022-08-20T12:28:16.241 INFO:journalctl@ceph.mon.a.smithi059.stdout:Aug 20 12:28:16 smithi059 ceph-mon[89765]: from='client.14126 -' entity='client.admin' cmd=[{"prefix": "get_command_descriptions"}]: dispatch
2022-08-20T12:28:16.241 INFO:journalctl@ceph.mon.a.smithi059.stdout:Aug 20 12:28:16 smithi059 ceph-mon[89765]: from='client.14126 -' entity='client.admin' cmd=[{"prefix": "mgr_status"}]: dispatch
2022-08-20T12:28:16.914 INFO:teuthology.orchestra.run.smithi059.stdout:/usr/bin/ceph: stderr
2022-08-20T12:28:16.142+0000 7f347d169700 1 Processor -- start
2022-08-20T12:28:16.914 INFO:teuthology.orchestra.run.smithi059.stdout:/usr/bin/ceph: stderr
2022-08-20T12:28:16.142+0000 7f347d169700 1 -- start start
2022-08-20T12:28:16.914 INFO:teuthology.orchestra.run.smithi059.stdout:/usr/bin/ceph: stderr
2022-08-20T12:28:16.142+0000 7f347d169700 1 --2- >> [v2:172.21.15.59:3300/0,v1:172.21.15.59:6789/0] conn(0x7f34781019b0 0x7f3478101dc0 unknown :-1 s=NONE pgs=0 cs=0 l=0 rev1=0 crypto rx=0 tx=0 comp rx=0 tx=0).connect
2022-08-20T12:28:16.915 INFO:teuthology.orchestra.run.smithi059.stdout:/usr/bin/ceph: stderr
2022-08-20T12:28:16.142+0000 7f347d169700 1 -- --> [v2:172.21.15.59:3300/0,v1:172.21.15.59:6789/0] -- mon_getmap magic: 0 v1 -- 0x7f3478077dc0 con 0x7f34781019b0
2022-08-20T12:28:16.915 INFO:teuthology.orchestra.run.smithi059.stdout:/usr/bin/ceph: stderr
2022-08-20T12:28:16.143+0000 7f3477fff700 1 --2- >> [v2:172.21.15.59:3300/0,v1:172.21.15.59:6789/0] conn(0x7f34781019b0 0x7f3478101dc0 unknown :-1 s=BANNER_CONNECTING pgs=0 cs=0 l=0 rev1=0 crypto rx=0 tx=0 comp rx=0 tx=0)._handle_peer_banner_payload supported=3 required=0
2022-08-20T12:28:16.915 INFO:teuthology.orchestra.run.smithi059.stdout:/usr/bin/ceph: stderr
2022-08-20T12:28:16.143+0000 7f3477fff700 1 --2- >> [v2:172.21.15.59:3300/0,v1:172.21.15.59:6789/0] conn(0x7f34781019b0 0x7f3478101dc0 unknown :-1 s=HELLO_CONNECTING pgs=0 cs=0 l=0 rev1=1 crypto rx=0 tx=0 comp rx=0 tx=0).handle_hello peer v2:172.21.15.59:3300/0 says I am v2:172.21.15.59:49650/0 (socket says 172.21.15.59:49650)
2022-08-20T12:28:16.915 INFO:teuthology.orchestra.run.smithi059.stdout:/usr/bin/ceph: stderr
2022-08-20T12:28:16.143+0000 7f3477fff700 1 -- 172.21.15.59:0/3296077505 learned_addr learned my addr 172.21.15.59:0/3296077505 (peer_addr_for_me v2:172.21.15.59:0/0)
2022-08-20T12:28:16.916 INFO:teuthology.orchestra.run.smithi059.stdout:/usr/bin/ceph: stderr
2022-08-20T12:28:16.143+0000 7f3477fff700 1 -- 172.21.15.59:0/3296077505 --> [v2:172.21.15.59:3300/0,v1:172.21.15.59:6789/0] -- mon_subscribe({config=0+,monmap=0+}) v3 -- 0x7f3478102300 con 0x7f34781019b0
2022-08-20T12:28:16.916 INFO:teuthology.orchestra.run.smithi059.stdout:/usr/bin/ceph: stderr
2022-08-20T12:28:16.144+0000 7f3477fff700 1 --2- 172.21.15.59:0/3296077505 >> [v2:172.21.15.59:3300/0,v1:172.21.15.59:6789/0] conn(0x7f34781019b0 0x7f3478101dc0 secure :-1 s=READY pgs=39 cs=0 l=1 rev1=1 crypto rx=0x7f3468009700 tx=0x7f3468009a10 comp rx=0 tx=0).ready entity=mon.0 client_cookie=4bdc71a7bbe63ad server_cookie=0 in_seq=0 out_seq=0
2022-08-20T12:28:16.916 INFO:teuthology.orchestra.run.smithi059.stdout:/usr/bin/ceph: stderr
2022-08-20T12:28:16.144+0000 7f3476ffd700 1 -- 172.21.15.59:0/3296077505 <== mon.0 v2:172.21.15.59:3300/0 1 ==== mon_map magic: 0 v1 ==== 205+0+0 (secure 0 0 0) 0x7f3468004160 con 0x7f34781019b0
2022-08-20T12:28:16.916 INFO:teuthology.orchestra.run.smithi059.stdout:/usr/bin/ceph: stderr
2022-08-20T12:28:16.144+0000 7f3476ffd700 1 -- 172.21.15.59:0/3296077505 <== mon.0 v2:172.21.15.59:3300/0 2 ==== config(26 keys) v1 ==== 1049+0+0 (secure 0 0 0) 0x7f34680042c0 con 0x7f34781019b0
2022-08-20T12:28:16.916 INFO:teuthology.orchestra.run.smithi059.stdout:/usr/bin/ceph: stderr
2022-08-20T12:28:16.144+0000 7f3476ffd700 1 -- 172.21.15.59:0/3296077505 <== mon.0 v2:172.21.15.59:3300/0 3 ==== mon_map magic: 0 v1 ==== 205+0+0 (secure 0 0 0) 0x7f34680039d0 con 0x7f34781019b0
2022-08-20T12:28:16.917 INFO:teuthology.orchestra.run.smithi059.stdout:/usr/bin/ceph: stderr
2022-08-20T12:28:16.144+0000 7f347d169700 1 -- 172.21.15.59:0/3296077505 >> [v2:172.21.15.59:3300/0,v1:172.21.15.59:6789/0] conn(0x7f34781019b0 msgr2=0x7f3478101dc0 secure :-1 s=STATE_CONNECTION_ESTABLISHED l=1).mark_down
2022-08-20T12:28:16.917 INFO:teuthology.orchestra.run.smithi059.stdout:/usr/bin/ceph: stderr
2022-08-20T12:28:16.144+0000 7f347d169700 1 --2- 172.21.15.59:0/3296077505 >> [v2:172.21.15.59:3300/0,v1:172.21.15.59:6789/0] conn(0x7f34781019b0 0x7f3478101dc0 secure :-1 s=READY pgs=39 cs=0 l=1 rev1=1 crypto rx=0x7f3468009700 tx=0x7f3468009a10 comp rx=0 tx=0).stop
2022-08-20T12:28:16.917 INFO:teuthology.orchestra.run.smithi059.stdout:/usr/bin/ceph: stderr
2022-08-20T12:28:16.145+0000 7f347d169700 1 -- 172.21.15.59:0/3296077505 shutdown_connections
2022-08-20T12:28:16.917 INFO:teuthology.orchestra.run.smithi059.stdout:/usr/bin/ceph: stderr
2022-08-20T12:28:16.145+0000 7f347d169700 1 --2- 172.21.15.59:0/3296077505 >> [v2:172.21.15.59:3300/0,v1:172.21.15.59:6789/0] conn(0x7f34781019b0 0x7f3478101dc0 unknown :-1 s=CLOSED pgs=39 cs=0 l=1 rev1=1 crypto rx=0 tx=0 comp rx=0 tx=0).stop
2022-08-20T12:28:16.918 INFO:teuthology.orchestra.run.smithi059.stdout:/usr/bin/ceph: stderr
2022-08-20T12:28:16.145+0000 7f347d169700 1 -- 172.21.15.59:0/3296077505 >> 172.21.15.59:0/3296077505 conn(0x7f34780fd620 msgr2=0x7f34780ffa50 unknown :-1 s=STATE_NONE l=0).mark_down
2022-08-20T12:28:16.918 INFO:teuthology.orchestra.run.smithi059.stdout:/usr/bin/ceph: stderr
2022-08-20T12:28:16.145+0000 7f347d169700 1 -- 172.21.15.59:0/3296077505 shutdown_connections
2022-08-20T12:28:16.918 INFO:teuthology.orchestra.run.smithi059.stdout:/usr/bin/ceph: stderr
2022-08-20T12:28:16.145+0000 7f347d169700 1 -- 172.21.15.59:0/3296077505 wait complete.
2022-08-20T12:28:16.918 INFO:teuthology.orchestra.run.smithi059.stdout:/usr/bin/ceph: stderr
2022-08-20T12:28:16.146+0000 7f347d169700 1 Processor -- start
2022-08-20T12:28:16.919 INFO:teuthology.orchestra.run.smithi059.stdout:/usr/bin/ceph: stderr
2022-08-20T12:28:16.146+0000 7f347d169700 1 -- start start
2022-08-20T12:28:16.919 INFO:teuthology.orchestra.run.smithi059.stdout:/usr/bin/ceph: stderr
2022-08-20T12:28:16.146+0000 7f347d169700 1 --2- >> [v2:172.21.15.59:3300/0,v1:172.21.15.59:6789/0] conn(0x7f34781019b0 0x7f3478198c90 unknown :-1 s=NONE pgs=0 cs=0 l=1 rev1=0 crypto rx=0 tx=0 comp rx=0 tx=0).connect
2022-08-20T12:28:16.919 INFO:teuthology.orchestra.run.smithi059.stdout:/usr/bin/ceph: stderr
2022-08-20T12:28:16.146+0000 7f347d169700 1 -- --> [v2:172.21.15.59:3300/0,v1:172.21.15.59:6789/0] -- mon_getmap magic: 0 v1 -- 0x7f34781991d0 con 0x7f34781019b0
2022-08-20T12:28:16.919 INFO:teuthology.orchestra.run.smithi059.stdout:/usr/bin/ceph: stderr
2022-08-20T12:28:16.147+0000 7f3477fff700 1 --2- >> [v2:172.21.15.59:3300/0,v1:172.21.15.59:6789/0] conn(0x7f34781019b0 0x7f3478198c90 unknown :-1 s=BANNER_CONNECTING pgs=0 cs=0 l=1 rev1=0 crypto rx=0 tx=0 comp rx=0 tx=0)._handle_peer_banner_payload supported=3 required=0
2022-08-20T12:28:16.919 INFO:teuthology.orchestra.run.smithi059.stdout:/usr/bin/ceph: stderr
2022-08-20T12:28:16.147+0000 7f3477fff700 1 --2- >> [v2:172.21.15.59:3300/0,v1:172.21.15.59:6789/0] conn(0x7f34781019b0 0x7f3478198c90 unknown :-1 s=HELLO_CONNECTING pgs=0 cs=0 l=1 rev1=1 crypto rx=0 tx=0 comp rx=0 tx=0).handle_hello peer v2:172.21.15.59:3300/0 says I am v2:172.21.15.59:49654/0 (socket says 172.21.15.59:49654)
2022-08-20T12:28:16.920 INFO:teuthology.orchestra.run.smithi059.stdout:/usr/bin/ceph: stderr
2022-08-20T12:28:16.147+0000 7f3477fff700 1 -- 172.21.15.59:0/3937771400 learned_addr learned my addr 172.21.15.59:0/3937771400 (peer_addr_for_me v2:172.21.15.59:0/0)
2022-08-20T12:28:16.920 INFO:teuthology.orchestra.run.smithi059.stdout:/usr/bin/ceph: stderr
2022-08-20T12:28:16.147+0000 7f3477fff700 1 -- 172.21.15.59:0/3937771400 --> [v2:172.21.15.59:3300/0,v1:172.21.15.59:6789/0] -- mon_subscribe({config=0+,monmap=0+}) v3 -- 0x7f34680093e0 con 0x7f34781019b0
2022-08-20T12:28:16.920 INFO:teuthology.orchestra.run.smithi059.stdout:/usr/bin/ceph: stderr
2022-08-20T12:28:16.147+0000 7f3477fff700 1 --2- 172.21.15.59:0/3937771400 >> [v2:172.21.15.59:3300/0,v1:172.21.15.59:6789/0] conn(0x7f34781019b0 0x7f3478198c90 secure :-1 s=READY pgs=40 cs=0 l=1 rev1=1 crypto rx=0x7f3468003fb0 tx=0x7f3468004090 comp rx=0 tx=0).ready entity=mon.0 client_cookie=0 server_cookie=0 in_seq=0 out_seq=0
2022-08-20T12:28:16.920 INFO:teuthology.orchestra.run.smithi059.stdout:/usr/bin/ceph: stderr
2022-08-20T12:28:16.148+0000 7f34757fa700 1 -- 172.21.15.59:0/3937771400 <== mon.0 v2:172.21.15.59:3300/0 1 ==== mon_map magic: 0 v1 ==== 205+0+0 (secure 0 0 0) 0x7f34680118c0 con 0x7f34781019b0
2022-08-20T12:28:16.921 INFO:teuthology.orchestra.run.smithi059.stdout:/usr/bin/ceph: stderr
2022-08-20T12:28:16.148+0000 7f34757fa700 1 -- 172.21.15.59:0/3937771400 <== mon.0 v2:172.21.15.59:3300/0 2 ==== config(26 keys) v1 ==== 1049+0+0 (secure 0 0 0) 0x7f3468011a20 con 0x7f34781019b0
2022-08-20T12:28:16.921 INFO:teuthology.orchestra.run.smithi059.stdout:/usr/bin/ceph: stderr
2022-08-20T12:28:16.148+0000 7f347d169700 1 -- 172.21.15.59:0/3937771400 --> [v2:172.21.15.59:3300/0,v1:172.21.15.59:6789/0] -- mon_subscribe({mgrmap=0+}) v3 -- 0x7f34781993d0 con 0x7f34781019b0
2022-08-20T12:28:16.921 INFO:teuthology.orchestra.run.smithi059.stdout:/usr/bin/ceph: stderr
2022-08-20T12:28:16.148+0000 7f34757fa700 1 -- 172.21.15.59:0/3937771400 <== mon.0 v2:172.21.15.59:3300/0 3 ==== mon_map magic: 0 v1 ==== 205+0+0 (secure 0 0 0) 0x7f3468019550 con 0x7f34781019b0
2022-08-20T12:28:16.921 INFO:teuthology.orchestra.run.smithi059.stdout:/usr/bin/ceph: stderr
2022-08-20T12:28:16.148+0000 7f347d169700 1 -- 172.21.15.59:0/3937771400 --> [v2:172.21.15.59:3300/0,v1:172.21.15.59:6789/0] -- mon_subscribe({osdmap=0}) v3 -- 0x7f3478199800 con 0x7f34781019b0
2022-08-20T12:28:16.921 INFO:teuthology.orchestra.run.smithi059.stdout:/usr/bin/ceph: stderr
2022-08-20T12:28:16.149+0000 7f347d169700 1 -- 172.21.15.59:0/3937771400 --> [v2:172.21.15.59:3300/0,v1:172.21.15.59:6789/0] -- mon_command({"prefix": "get_command_descriptions"} v 0) v1 -- 0x7f34781030e0 con 0x7f34781019b0
