2022-09-07T19:53:39.577 INFO:teuthology.orchestra.run.smithi002.stdout:/usr/bin/ceph: stderr
2022-09-07T19:53:38.558+0000 7fc3bf59e700 1 -- 172.21.15.2:0/264754256 --> [v2:172.21.15.2:3300/0,v1:172.21.15.2:6789/0] -- mon_subscribe({mgrmap=0+}) v3 -- 0x7fc3c019e1e0 con 0x7fc3c019d690
2022-09-07T19:53:39.578 INFO:teuthology.orchestra.run.smithi002.stdout:/usr/bin/ceph: stderr
2022-09-07T19:53:38.559+0000 7fc3bf59e700 1 -- 172.21.15.2:0/264754256 --> [v2:172.21.15.2:3300/0,v1:172.21.15.2:6789/0] -- mon_subscribe({osdmap=0}) v3 -- 0x7fc3c01a0e40 con 0x7fc3c019d690
2022-09-07T19:53:39.578 INFO:teuthology.orchestra.run.smithi002.stdout:/usr/bin/ceph: stderr
2022-09-07T19:53:38.560+0000 7fc3bf59e700 1 -- 172.21.15.2:0/264754256 --> [v2:172.21.15.2:3300/0,v1:172.21.15.2:6789/0] -- mon_command({"prefix": "get_command_descriptions"} v 0) v1 -- 0x7fc3c01053f0 con 0x7fc3c019d690
2022-09-07T19:53:39.579 INFO:teuthology.orchestra.run.smithi002.stdout:/usr/bin/ceph: stderr
2022-09-07T19:53:38.560+0000 7fc3af7fe700 1 -- 172.21.15.2:0/264754256 <== mon.0 v2:172.21.15.2:3300/0 4 ==== mgrmap(e 7) v1 ==== 42610+0+0 (secure 0 0 0) 0x7fc3b002a020 con 0x7fc3c019d690
2022-09-07T19:53:39.579 INFO:teuthology.orchestra.run.smithi002.stdout:/usr/bin/ceph: stderr
2022-09-07T19:53:38.560+0000 7fc3af7fe700 1 --2- 172.21.15.2:0/264754256 >> [v2:172.21.15.2:6800/1003318464,v1:172.21.15.2:6801/1003318464] conn(0x7fc3a4035840 0x7fc3a4037cf0 unknown :-1 s=NONE pgs=0 cs=0 l=1 rev1=0 crypto rx=0 tx=0 comp rx=0 tx=0).connect
2022-09-07T19:53:39.579 INFO:teuthology.orchestra.run.smithi002.stdout:/usr/bin/ceph: stderr
2022-09-07T19:53:38.560+0000 7fc3af7fe700 1 -- 172.21.15.2:0/264754256 <== mon.0 v2:172.21.15.2:3300/0 5 ==== osd_map(2..2 src has 1..2) v4 ==== 936+0+0 (secure 0 0 0) 0x7fc3b00487e0 con 0x7fc3c019d690
2022-09-07T19:53:39.580 INFO:teuthology.orchestra.run.smithi002.stdout:/usr/bin/ceph: stderr
2022-09-07T19:53:38.561+0000 7fc3bdd9b700 1 --2- 172.21.15.2:0/264754256 >> [v2:172.21.15.2:6800/1003318464,v1:172.21.15.2:6801/1003318464] conn(0x7fc3a4035840 0x7fc3a4037cf0 unknown :-1 s=BANNER_CONNECTING pgs=0 cs=0 l=1 rev1=0 crypto rx=0 tx=0 comp rx=0 tx=0)._handle_peer_banner_payload supported=3 required=0
2022-09-07T19:53:39.580 INFO:teuthology.orchestra.run.smithi002.stdout:/usr/bin/ceph: stderr
2022-09-07T19:53:38.561+0000 7fc3bdd9b700 1 --2- 172.21.15.2:0/264754256 >> [v2:172.21.15.2:6800/1003318464,v1:172.21.15.2:6801/1003318464] conn(0x7fc3a4035840 0x7fc3a4037cf0 secure :-1 s=READY pgs=7 cs=0 l=1 rev1=1 crypto rx=0x7fc3b4009750 tx=0x7fc3b4006cc0 comp rx=0 tx=0).ready entity=mgr.14122 client_cookie=0 server_cookie=0 in_seq=0 out_seq=0
2022-09-07T19:53:39.581 INFO:teuthology.orchestra.run.smithi002.stdout:/usr/bin/ceph: stderr
2022-09-07T19:53:38.565+0000 7fc3af7fe700 1 -- 172.21.15.2:0/264754256 <== mon.0 v2:172.21.15.2:3300/0 6 ==== mon_command_ack([{"prefix": "get_command_descriptions"}]=0 v0) v1 ==== 72+0+171119 (secure 0 0 0) 0x7fc3b00187c0 con 0x7fc3c019d690
2022-09-07T19:53:39.581 INFO:teuthology.orchestra.run.smithi002.stdout:/usr/bin/ceph: stderr
2022-09-07T19:53:38.780+0000 7fc3af7fe700 1 -- 172.21.15.2:0/264754256 <== mon.0 v2:172.21.15.2:3300/0 7 ==== mgrmap(e 8) v1 ==== 42690+0+0 (secure 0 0 0) 0x7fc3b0017020 con 0x7fc3c019d690
2022-09-07T19:53:39.582 INFO:teuthology.orchestra.run.smithi002.stdout:/usr/bin/ceph: stderr
2022-09-07T19:53:38.811+0000 7fc3bf59e700 1 -- 172.21.15.2:0/264754256 --> [v2:172.21.15.2:6800/1003318464,v1:172.21.15.2:6801/1003318464] -- mgr_command(tid 0: {"prefix": "orch set backend", "module_name": "cephadm", "target": ["mon-mgr", ""]}) v1 -- 0x7fc3c0077e90 con 0x7fc3a4035840
2022-09-07T19:53:39.582 INFO:teuthology.orchestra.run.smithi002.stdout:/usr/bin/ceph: stderr
2022-09-07T19:53:39.076+0000 7fc3af7fe700 1 -- 172.21.15.2:0/264754256 <== mgr.14122 v2:172.21.15.2:6800/1003318464 1 ==== mgr_command_reply(tid 0: 0 ) v1 ==== 8+0+0 (secure 0 0 0) 0x7fc3c0077e90 con 0x7fc3a4035840
2022-09-07T19:53:39.582 INFO:teuthology.orchestra.run.smithi002.stdout:/usr/bin/ceph: stderr
2022-09-07T19:53:39.078+0000 7fc3bf59e700 1 -- 172.21.15.2:0/264754256 >> [v2:172.21.15.2:6800/1003318464,v1:172.21.15.2:6801/1003318464] conn(0x7fc3a4035840 msgr2=0x7fc3a4037cf0 secure :-1 s=STATE_CONNECTION_ESTABLISHED l=1).mark_down
2022-09-07T19:53:39.583 INFO:teuthology.orchestra.run.smithi002.stdout:/usr/bin/ceph: stderr
2022-09-07T19:53:39.078+0000 7fc3bf59e700 1 --2- 172.21.15.2:0/264754256 >> [v2:172.21.15.2:6800/1003318464,v1:172.21.15.2:6801/1003318464] conn(0x7fc3a4035840 0x7fc3a4037cf0 secure :-1 s=READY pgs=7 cs=0 l=1 rev1=1 crypto rx=0x7fc3b4009750 tx=0x7fc3b4006cc0 comp rx=0 tx=0).stop
2022-09-07T19:53:39.583 INFO:teuthology.orchestra.run.smithi002.stdout:/usr/bin/ceph: stderr
2022-09-07T19:53:39.078+0000 7fc3bf59e700 1 -- 172.21.15.2:0/264754256 >> [v2:172.21.15.2:3300/0,v1:172.21.15.2:6789/0] conn(0x7fc3c019d690 msgr2=0x7fc3c019daa0 secure :-1 s=STATE_CONNECTION_ESTABLISHED l=1).mark_down
2022-09-07T19:53:39.583 INFO:teuthology.orchestra.run.smithi002.stdout:/usr/bin/ceph: stderr
2022-09-07T19:53:39.078+0000 7fc3bf59e700 1 --2- 172.21.15.2:0/264754256 >> [v2:172.21.15.2:3300/0,v1:172.21.15.2:6789/0] conn(0x7fc3c019d690 0x7fc3c019daa0 secure :-1 s=READY pgs=40 cs=0 l=1 rev1=1 crypto rx=0x7fc3b0003780 tx=0x7fc3b00040d0 comp rx=0 tx=0).stop
2022-09-07T19:53:39.584 INFO:teuthology.orchestra.run.smithi002.stdout:/usr/bin/ceph: stderr
2022-09-07T19:53:39.078+0000 7fc3bf59e700 1 -- 172.21.15.2:0/264754256 shutdown_connections
2022-09-07T19:53:39.584 INFO:teuthology.orchestra.run.smithi002.stdout:/usr/bin/ceph: stderr
2022-09-07T19:53:39.078+0000 7fc3bf59e700 1 --2- 172.21.15.2:0/264754256 >> [v2:172.21.15.2:6800/1003318464,v1:172.21.15.2:6801/1003318464] conn(0x7fc3a4035840 0x7fc3a4037cf0 unknown :-1 s=CLOSED pgs=7 cs=0 l=1 rev1=1 crypto rx=0 tx=0 comp rx=0 tx=0).stop
2022-09-07T19:53:39.585 INFO:teuthology.orchestra.run.smithi002.stdout:/usr/bin/ceph: stderr
2022-09-07T19:53:39.078+0000 7fc3bf59e700 1 --2- 172.21.15.2:0/264754256 >> [v2:172.21.15.2:3300/0,v1:172.21.15.2:6789/0] conn(0x7fc3c019d690 0x7fc3c019daa0 unknown :-1 s=CLOSED pgs=40 cs=0 l=1 rev1=1 crypto rx=0 tx=0 comp rx=0 tx=0).stop
2022-09-07T19:53:39.585 INFO:teuthology.orchestra.run.smithi002.stdout:/usr/bin/ceph: stderr
2022-09-07T19:53:39.078+0000 7fc3bf59e700 1 -- 172.21.15.2:0/264754256 >> 172.21.15.2:0/264754256 conn(0x7fc3c00fdae0 msgr2=0x7fc3c0107b10 unknown :-1 s=STATE_NONE l=0).mark_down
2022-09-07T19:53:39.585 INFO:teuthology.orchestra.run.smithi002.stdout:/usr/bin/ceph: stderr
2022-09-07T19:53:39.079+0000 7fc3bf59e700 1 -- 172.21.15.2:0/264754256 shutdown_connections
2022-09-07T19:53:39.586 INFO:teuthology.orchestra.run.smithi002.stdout:/usr/bin/ceph: stderr
2022-09-07T19:53:39.079+0000 7fc3bf59e700 1 -- 172.21.15.2:0/264754256 wait complete.
2022-09-07T19:53:39.846 INFO:journalctl@ceph.mon.a.smithi002.stdout:Sep 07 19:53:39 smithi002 ceph-mon[90061]: mgrmap e8: x(active, since 2s)
2022-09-07T19:53:39.847 INFO:journalctl@ceph.mon.a.smithi002.stdout:Sep 07 19:53:39 smithi002 ceph-mon[90061]: from='client.14134 -' entity='client.admin' cmd=[{"prefix": "orch set backend", "module_name": "cephadm", "target": ["mon-mgr", ""]}]: dispatch
2022-09-07T19:53:39.847 INFO:journalctl@ceph.mon.a.smithi002.stdout:Sep 07 19:53:39 smithi002 ceph-mon[90061]: from='mgr.14122 172.21.15.2:0/3691503554' entity='mgr.x'
2022-09-07T19:53:39.848 INFO:journalctl@ceph.mon.a.smithi002.stdout:Sep 07 19:53:39 smithi002 ceph-mon[90061]: from='mgr.14122 172.21.15.2:0/3691503554' entity='mgr.x' cmd=[{"prefix": "config dump", "format": "json"}]: dispatch
2022-09-07T19:53:39.848 INFO:journalctl@ceph.mon.a.smithi002.stdout:Sep 07 19:53:39 smithi002 ceph-mon[90061]: from='mgr.14122 172.21.15.2:0/3691503554' entity='mgr.x'
2022-09-07T19:53:39.849 INFO:journalctl@ceph.mon.a.smithi002.stdout:Sep 07 19:53:39 smithi002 ceph-mon[90061]: from='mgr.14122 172.21.15.2:0/3691503554' entity='mgr.x'
2022-09-07T19:53:40.855 INFO:teuthology.orchestra.run.smithi002.stdout:/usr/bin/ceph: stdout value unchanged
2022-09-07T19:53:40.855 INFO:teuthology.orchestra.run.smithi002.stdout:/usr/bin/ceph: stderr
2022-09-07T19:53:40.173+0000 7f6bf2fd3700 1 Processor -- start
2022-09-07T19:53:40.855 INFO:teuthology.orchestra.run.smithi002.stdout:/usr/bin/ceph: stderr
2022-09-07T19:53:40.173+0000 7f6bf2fd3700 1 -- start start
2022-09-07T19:53:40.856 INFO:teuthology.orchestra.run.smithi002.stdout:/usr/bin/ceph: stderr
2022-09-07T19:53:40.173+0000 7f6bf2fd3700 1 --2- >> [v2:172.21.15.2:3300/0,v1:172.21.15.2:6789/0] conn(0x7f6bec1058c0 0x7f6bec105cd0 unknown :-1 s=NONE pgs=0 cs=0 l=0 rev1=0 crypto rx=0 tx=0 comp rx=0 tx=0).connect
2022-09-07T19:53:40.856 INFO:teuthology.orchestra.run.smithi002.stdout:/usr/bin/ceph: stderr
2022-09-07T19:53:40.173+0000 7f6bf2fd3700 1 -- --> [v2:172.21.15.2:3300/0,v1:172.21.15.2:6789/0] -- mon_getmap magic: 0 v1 -- 0x7f6bec106210 con 0x7f6bec1058c0
2022-09-07T19:53:40.856 INFO:teuthology.orchestra.run.smithi002.stdout:/usr/bin/ceph: stderr
2022-09-07T19:53:40.174+0000 7f6bf0d6f700 1 --2- >> [v2:172.21.15.2:3300/0,v1:172.21.15.2:6789/0] conn(0x7f6bec1058c0 0x7f6bec105cd0 unknown :-1 s=BANNER_CONNECTING pgs=0 cs=0 l=0 rev1=0 crypto rx=0 tx=0 comp rx=0 tx=0)._handle_peer_banner_payload supported=3 required=0
2022-09-07T19:53:40.856 INFO:teuthology.orchestra.run.smithi002.stdout:/usr/bin/ceph: stderr
2022-09-07T19:53:40.174+0000 7f6bf0d6f700 1 --2- >> [v2:172.21.15.2:3300/0,v1:172.21.15.2:6789/0] conn(0x7f6bec1058c0 0x7f6bec105cd0 unknown :-1 s=HELLO_CONNECTING pgs=0 cs=0 l=0 rev1=1 crypto rx=0 tx=0 comp rx=0 tx=0).handle_hello peer v2:172.21.15.2:3300/0 says I am v2:172.21.15.2:49230/0 (socket says 172.21.15.2:49230)
2022-09-07T19:53:40.856 INFO:teuthology.orchestra.run.smithi002.stdout:/usr/bin/ceph: stderr
2022-09-07T19:53:40.174+0000 7f6bf0d6f700 1 -- 172.21.15.2:0/4264735097 learned_addr learned my addr 172.21.15.2:0/4264735097 (peer_addr_for_me v2:172.21.15.2:0/0)
2022-09-07T19:53:40.857 INFO:teuthology.orchestra.run.smithi002.stdout:/usr/bin/ceph: stderr
2022-09-07T19:53:40.174+0000 7f6bf0d6f700 1 -- 172.21.15.2:0/4264735097 --> [v2:172.21.15.2:3300/0,v1:172.21.15.2:6789/0] -- mon_subscribe({config=0+,monmap=0+}) v3 -- 0x7f6bec106350 con 0x7f6bec1058c0
2022-09-07T19:53:40.857 INFO:teuthology.orchestra.run.smithi002.stdout:/usr/bin/ceph: stderr
2022-09-07T19:53:40.174+0000 7f6bf0d6f700 1 --2- 172.21.15.2:0/4264735097 >> [v2:172.21.15.2:3300/0,v1:172.21.15.2:6789/0] conn(0x7f6bec1058c0 0x7f6bec105cd0 secure :-1 s=READY pgs=41 cs=0 l=1 rev1=1 crypto rx=0x7f6be0009700 tx=0x7f6be0009a10 comp rx=0 tx=0).ready entity=mon.0 client_cookie=f7e0b186a1cf366c server_cookie=0 in_seq=0 out_seq=0
2022-09-07T19:53:40.857 INFO:teuthology.orchestra.run.smithi002.stdout:/usr/bin/ceph: stderr
2022-09-07T19:53:40.175+0000 7f6beb7fe700 1 -- 172.21.15.2:0/4264735097 <== mon.0 v2:172.21.15.2:3300/0 1 ==== mon_map magic: 0 v1 ==== 205+0+0 (secure 0 0 0) 0x7f6be0004160 con 0x7f6bec1058c0
2022-09-07T19:53:40.857 INFO:teuthology.orchestra.run.smithi002.stdout:/usr/bin/ceph: stderr
2022-09-07T19:53:40.175+0000 7f6beb7fe700 1 -- 172.21.15.2:0/4264735097 <== mon.0 v2:172.21.15.2:3300/0 2 ==== config(28 keys) v1 ==== 1118+0+0 (secure 0 0 0) 0x7f6be00042c0 con 0x7f6bec1058c0
2022-09-07T19:53:40.858 INFO:teuthology.orchestra.run.smithi002.stdout:/usr/bin/ceph: stderr
2022-09-07T19:53:40.175+0000 7f6beb7fe700 1 -- 172.21.15.2:0/4264735097 <== mon.0 v2:172.21.15.2:3300/0 3 ==== mon_map magic: 0 v1 ==== 205+0+0 (secure 0 0 0) 0x7f6be0003b80 con 0x7f6bec1058c0
2022-09-07T19:53:40.858 INFO:teuthology.orchestra.run.smithi002.stdout:/usr/bin/ceph: stderr
2022-09-07T19:53:40.175+0000 7f6bf2fd3700 1 -- 172.21.15.2:0/4264735097 >> [v2:172.21.15.2:3300/0,v1:172.21.15.2:6789/0] conn(0x7f6bec1058c0 msgr2=0x7f6bec105cd0 secure :-1 s=STATE_CONNECTION_ESTABLISHED l=1).mark_down
2022-09-07T19:53:40.858 INFO:teuthology.orchestra.run.smithi002.stdout:/usr/bin/ceph: stderr
2022-09-07T19:53:40.175+0000 7f6bf2fd3700 1 --2- 172.21.15.2:0/4264735097 >> [v2:172.21.15.2:3300/0,v1:172.21.15.2:6789/0] conn(0x7f6bec1058c0 0x7f6bec105cd0 secure :-1 s=READY pgs=41 cs=0 l=1 rev1=1 crypto rx=0x7f6be0009700 tx=0x7f6be0009a10 comp rx=0 tx=0).stop
2022-09-07T19:53:40.858 INFO:teuthology.orchestra.run.smithi002.stdout:/usr/bin/ceph: stderr
2022-09-07T19:53:40.175+0000 7f6bf2fd3700 1 -- 172.21.15.2:0/4264735097 shutdown_connections
2022-09-07T19:53:40.859 INFO:teuthology.orchestra.run.smithi002.stdout:/usr/bin/ceph: stderr
2022-09-07T19:53:40.175+0000 7f6bf2fd3700 1 --2- 172.21.15.2:0/4264735097 >> [v2:172.21.15.2:3300/0,v1:172.21.15.2:6789/0] conn(0x7f6bec1058c0 0x7f6bec105cd0 unknown :-1 s=CLOSED pgs=41 cs=0 l=1 rev1=1 crypto rx=0 tx=0 comp rx=0 tx=0).stop
2022-09-07T19:53:40.859 INFO:teuthology.orchestra.run.smithi002.stdout:/usr/bin/ceph: stderr
2022-09-07T19:53:40.175+0000 7f6bf2fd3700 1 -- 172.21.15.2:0/4264735097 >> 172.21.15.2:0/4264735097 conn(0x7f6bec078de0 msgr2=0x7f6bec079200 unknown :-1 s=STATE_NONE l=0).mark_down
2022-09-07T19:53:40.859 INFO:teuthology.orchestra.run.smithi002.stdout:/usr/bin/ceph: stderr
2022-09-07T19:53:40.176+0000 7f6bf2fd3700 1 -- 172.21.15.2:0/4264735097 shutdown_connections
2022-09-07T19:53:40.859 INFO:teuthology.orchestra.run.smithi002.stdout:/usr/bin/ceph: stderr
2022-09-07T19:53:40.176+0000 7f6bf2fd3700 1 -- 172.21.15.2:0/4264735097 wait complete.
2022-09-07T19:53:40.860 INFO:teuthology.orchestra.run.smithi002.stdout:/usr/bin/ceph: stderr
2022-09-07T19:53:40.177+0000 7f6bf2fd3700 1 Processor -- start
2022-09-07T19:53:40.860 INFO:teuthology.orchestra.run.smithi002.stdout:/usr/bin/ceph: stderr
2022-09-07T19:53:40.177+0000 7f6bf2fd3700 1 -- start start
2022-09-07T19:53:40.860 INFO:teuthology.orchestra.run.smithi002.stdout:/usr/bin/ceph: stderr
2022-09-07T19:53:40.177+0000 7f6bf2fd3700 1 --2- >> [v2:172.21.15.2:3300/0,v1:172.21.15.2:6789/0] conn(0x7f6bec1058c0 0x7f6bec199480 unknown :-1 s=NONE pgs=0 cs=0 l=1 rev1=0 crypto rx=0 tx=0 comp rx=0 tx=0).connect
2022-09-07T19:53:40.860 INFO:teuthology.orchestra.run.smithi002.stdout:/usr/bin/ceph: stderr
2022-09-07T19:53:40.177+0000 7f6bf2fd3700 1 -- --> [v2:172.21.15.2:3300/0,v1:172.21.15.2:6789/0] -- mon_getmap magic: 0 v1 -- 0x7f6bec1999c0 con 0x7f6bec1058c0
2022-09-07T19:53:40.861 INFO:teuthology.orchestra.run.smithi002.stdout:/usr/bin/ceph: stderr
2022-09-07T19:53:40.178+0000 7f6bf0d6f700 1 --2- >> [v2:172.21.15.2:3300/0,v1:172.21.15.2:6789/0] conn(0x7f6bec1058c0 0x7f6bec199480 unknown :-1 s=BANNER_CONNECTING pgs=0 cs=0 l=1 rev1=0 crypto rx=0 tx=0 comp rx=0 tx=0)._handle_peer_banner_payload supported=3 required=0
2022-09-07T19:53:40.861 INFO:teuthology.orchestra.run.smithi002.stdout:/usr/bin/ceph: stderr
2022-09-07T19:53:40.178+0000 7f6bf0d6f700 1 --2- >> [v2:172.21.15.2:3300/0,v1:172.21.15.2:6789/0] conn(0x7f6bec1058c0 0x7f6bec199480 unknown :-1 s=HELLO_CONNECTING pgs=0 cs=0 l=1 rev1=1 crypto rx=0 tx=0 comp rx=0 tx=0).handle_hello peer v2:172.21.15.2:3300/0 says I am v2:172.21.15.2:49246/0 (socket says 172.21.15.2:49246)
2022-09-07T19:53:40.861 INFO:teuthology.orchestra.run.smithi002.stdout:/usr/bin/ceph: stderr
2022-09-07T19:53:40.178+0000 7f6bf0d6f700 1 -- 172.21.15.2:0/2452641946 learned_addr learned my addr 172.21.15.2:0/2452641946 (peer_addr_for_me v2:172.21.15.2:0/0)
2022-09-07T19:53:40.861 INFO:teuthology.orchestra.run.smithi002.stdout:/usr/bin/ceph: stderr
2022-09-07T19:53:40.178+0000 7f6bf0d6f700 1 -- 172.21.15.2:0/2452641946 --> [v2:172.21.15.2:3300/0,v1:172.21.15.2:6789/0] -- mon_subscribe({config=0+,monmap=0+}) v3 -- 0x7f6be00093e0 con 0x7f6bec1058c0
2022-09-07T19:53:40.862 INFO:teuthology.orchestra.run.smithi002.stdout:/usr/bin/ceph: stderr
2022-09-07T19:53:40.178+0000 7f6bf0d6f700 1 --2- 172.21.15.2:0/2452641946 >> [v2:172.21.15.2:3300/0,v1:172.21.15.2:6789/0] conn(0x7f6bec1058c0 0x7f6bec199480 secure :-1 s=READY pgs=42 cs=0 l=1 rev1=1 crypto rx=0x7f6be0003560 tx=0x7f6be00040d0 comp rx=0 tx=0).ready entity=mon.0 client_cookie=0 server_cookie=0 in_seq=0 out_seq=0
2022-09-07T19:53:40.862 INFO:teuthology.orchestra.run.smithi002.stdout:/usr/bin/ceph: stderr
2022-09-07T19:53:40.179+0000 7f6be9ffb700 1 -- 172.21.15.2:0/2452641946 <== mon.0 v2:172.21.15.2:3300/0 1 ==== mon_map magic: 0 v1 ==== 205+0+0 (secure 0 0 0) 0x7f6be0004430 con 0x7f6bec1058c0
2022-09-07T19:53:40.862 INFO:teuthology.orchestra.run.smithi002.stdout:/usr/bin/ceph: stderr
2022-09-07T19:53:40.179+0000 7f6be9ffb700 1 -- 172.21.15.2:0/2452641946 <== mon.0 v2:172.21.15.2:3300/0 2 ==== config(28 keys) v1 ==== 1118+0+0 (secure 0 0 0) 0x7f6be0011d00 con 0x7f6bec1058c0
2022-09-07T19:53:40.863 INFO:teuthology.orchestra.run.smithi002.stdout:/usr/bin/ceph: stderr
2022-09-07T19:53:40.179+0000 7f6bf2fd3700 1 -- 172.21.15.2:0/2452641946 --> [v2:172.21.15.2:3300/0,v1:172.21.15.2:6789/0] -- mon_subscribe({mgrmap=0+}) v3 -- 0x7f6bec199bc0 con 0x7f6bec1058c0
2022-09-07T19:53:40.863 INFO:teuthology.orchestra.run.smithi002.stdout:/usr/bin/ceph: stderr
2022-09-07T19:53:40.179+0000 7f6be9ffb700 1 -- 172.21.15.2:0/2452641946 <== mon.0 v2:172.21.15.2:3300/0 3 ==== mon_map magic: 0 v1 ==== 205+0+0 (secure 0 0 0) 0x7f6be00193c0 con 0x7f6bec1058c0
2022-09-07T19:53:40.863 INFO:teuthology.orchestra.run.smithi002.stdout:/usr/bin/ceph: stderr
2022-09-07T19:53:40.179+0000 7f6bf2fd3700 1 -- 172.21.15.2:0/2452641946 --> [v2:172.21.15.2:3300/0,v1:172.21.15.2:6789/0] -- mon_subscribe({osdmap=0}) v3 -- 0x7f6bec199ff0 con 0x7f6bec1058c0
2022-09-07T19:53:40.863 INFO:teuthology.orchestra.run.smithi002.stdout:/usr/bin/ceph: stderr
2022-09-07T19:53:40.180+0000 7f6bf2fd3700 1 -- 172.21.15.2:0/2452641946 --> [v2:172.21.15.2:3300/0,v1:172.21.15.2:6789/0] -- mon_command({"prefix": "get_command_descriptions"} v 0) v1 -- 0x7f6bec060310 con 0x7f6bec1058c0
2022-09-07T19:53:40.864 INFO:teuthology.orchestra.run.smithi002.stdout:/usr/bin/ceph: stderr
2022-09-07T19:53:40.180+0000 7f6be9ffb700 1 -- 172.21.15.2:0/2452641946 <== mon.0 v2:172.21.15.2:3300/0 4 ==== mgrmap(e 8) v1 ==== 42690+0+0 (secure 0 0 0) 0x7f6be002a020 con 0x7f6bec1058c0
2022-09-07T19:53:40.864 INFO:teuthology.orchestra.run.smithi002.stdout:/usr/bin/ceph: stderr
2022-09-07T19:53:40.181+0000 7f6be9ffb700 1 --2- 172.21.15.2:0/2452641946 >> [v2:172.21.15.2:6800/1003318464,v1:172.21.15.2:6801/1003318464] conn(0x7f6bd00358d0 0x7f6bd0037d80 unknown :-1 s=NONE pgs=0 cs=0 l=1 rev1=0 crypto rx=0 tx=0 comp rx=0 tx=0).connect
2022-09-07T19:53:40.864 INFO:teuthology.orchestra.run.smithi002.stdout:/usr/bin/ceph: stderr
2022-09-07T19:53:40.181+0000 7f6be9ffb700 1 -- 172.21.15.2:0/2452641946 <== mon.0 v2:172.21.15.2:3300/0 5 ==== osd_map(2..2 src has 1..2) v4 ==== 936+0+0 (secure 0 0 0) 0x7f6be00488c0 con 0x7f6bec1058c0
2022-09-07T19:53:40.864 INFO:teuthology.orchestra.run.smithi002.stdout:/usr/bin/ceph: stderr
2022-09-07T19:53:40.181+0000 7f6bebfff700 1 --2- 172.21.15.2:0/2452641946 >> [v2:172.21.15.2:6800/1003318464,v1:172.21.15.2:6801/1003318464] conn(0x7f6bd00358d0 0x7f6bd0037d80 unknown :-1 s=BANNER_CONNECTING pgs=0 cs=0 l=1 rev1=0 crypto rx=0 tx=0 comp rx=0 tx=0)._handle_peer_banner_payload supported=3 required=0
2022-09-07T19:53:40.864 INFO:teuthology.orchestra.run.smithi002.stdout:/usr/bin/ceph: stderr
2022-09-07T19:53:40.182+0000 7f6bebfff700 1 --2- 172.21.15.2:0/2452641946 >> [v2:172.21.15.2:6800/1003318464,v1:172.21.15.2:6801/1003318464] conn(0x7f6bd00358d0 0x7f6bd0037d80 secure :-1 s=READY pgs=8 cs=0 l=1 rev1=1 crypto rx=0x7f6bd8009750 tx=0x7f6bd8006cc0 comp rx=0 tx=0).ready entity=mgr.14122 client_cookie=0 server_cookie=0 in_seq=0 out_seq=0
2022-09-07T19:53:40.865 INFO:teuthology.orchestra.run.smithi002.stdout:/usr/bin/ceph: stderr
2022-09-07T19:53:40.186+0000 7f6be9ffb700 1 -- 172.21.15.2:0/2452641946 <== mon.0 v2:172.21.15.2:3300/0 6 ==== mon_command_ack([{"prefix": "get_command_descriptions"}]=0 v0) v1 ==== 72+0+171119 (secure 0 0 0) 0x7f6be001a430 con 0x7f6bec1058c0
2022-09-07T19:53:40.865 INFO:teuthology.orchestra.run.smithi002.stdout:/usr/bin/ceph: stderr
2022-09-07T19:53:40.416+0000 7f6bf2fd3700 1 -- 172.21.15.2:0/2452641946 --> [v2:172.21.15.2:6800/1003318464,v1:172.21.15.2:6801/1003318464] -- mgr_command(tid 0: {"prefix": "cephadm set-user", "user": "root", "target": ["mon-mgr", ""]}) v1 -- 0x7f6bec103df0 con 0x7f6bd00358d0
2022-09-07T19:53:40.865 INFO:teuthology.orchestra.run.smithi002.stdout:/usr/bin/ceph: stderr
2022-09-07T19:53:40.417+0000 7f6be9ffb700 1 -- 172.21.15.2:0/2452641946 <== mgr.14122 v2:172.21.15.2:6800/1003318464 1 ==== mgr_command_reply(tid 0: 0 ) v1 ==== 8+0+16 (secure 0 0 0) 0x7f6bec103df0 con 0x7f6bd00358d0
2022-09-07T19:53:40.865 INFO:teuthology.orchestra.run.smithi002.stdout:/usr/bin/ceph: stderr
2022-09-07T19:53:40.419+0000 7f6bf2fd3700 1 -- 172.21.15.2:0/2452641946 >> [v2:172.21.15.2:6800/1003318464,v1:172.21.15.2:6801/1003318464] conn(0x7f6bd00358d0 msgr2=0x7f6bd0037d80 secure :-1 s=STATE_CONNECTION_ESTABLISHED l=1).mark_down
2022-09-07T19:53:40.866 INFO:teuthology.orchestra.run.smithi002.stdout:/usr/bin/ceph: stderr
2022-09-07T19:53:40.419+0000 7f6bf2fd3700 1 --2- 172.21.15.2:0/2452641946 >> [v2:172.21.15.2:6800/1003318464,v1:172.21.15.2:6801/1003318464] conn(0x7f6bd00358d0 0x7f6bd0037d80 secure :-1 s=READY pgs=8 cs=0 l=1 rev1=1 crypto rx=0x7f6bd8009750 tx=0x7f6bd8006cc0 comp rx=0 tx=0).stop
2022-09-07T19:53:40.866 INFO:teuthology.orchestra.run.smithi002.stdout:/usr/bin/ceph: stderr
2022-09-07T19:53:40.419+0000 7f6bf2fd3700 1 -- 172.21.15.2:0/2452641946 >> [v2:172.21.15.2:3300/0,v1:172.21.15.2:6789/0] conn(0x7f6bec1058c0 msgr2=0x7f6bec199480 secure :-1 s=STATE_CONNECTION_ESTABLISHED l=1).mark_down
2022-09-07T19:53:40.866 INFO:teuthology.orchestra.run.smithi002.stdout:/usr/bin/ceph: stderr
2022-09-07T19:53:40.419+0000 7f6bf2fd3700 1 --2- 172.21.15.2:0/2452641946 >> [v2:172.21.15.2:3300/0,v1:172.21.15.2:6789/0] conn(0x7f6bec1058c0 0x7f6bec199480 secure :-1 s=READY pgs=42 cs=0 l=1 rev1=1 crypto rx=0x7f6be0003560 tx=0x7f6be00040d0 comp rx=0 tx=0).stop
2022-09-07T19:53:40.866 INFO:teuthology.orchestra.run.smithi002.stdout:/usr/bin/ceph: stderr
2022-09-07T19:53:40.420+0000 7f6bf2fd3700 1 -- 172.21.15.2:0/2452641946 shutdown_connections
2022-09-07T19:53:40.866 INFO:teuthology.orchestra.run.smithi002.stdout:/usr/bin/ceph: stderr
2022-09-07T19:53:40.420+0000 7f6bf2fd3700 1 --2- 172.21.15.2:0/2452641946 >> [v2:172.21.15.2:6800/1003318464,v1:172.21.15.2:6801/1003318464] conn(0x7f6bd00358d0 0x7f6bd0037d80 unknown :-1 s=CLOSED pgs=8 cs=0 l=1 rev1=1 crypto rx=0 tx=0 comp rx=0 tx=0).stop
2022-09-07T19:53:40.867 INFO:teuthology.orchestra.run.smithi002.stdout:/usr/bin/ceph: stderr
2022-09-07T19:53:40.420+0000 7f6bf2fd3700 1 --2- 172.21.15.2:0/2452641946 >> [v2:172.21.15.2:3300/0,v1:172.21.15.2:6789/0] conn(0x7f6bec1058c0 0x7f6bec199480 unknown :-1 s=CLOSED pgs=42 cs=0 l=1 rev1=1 crypto rx=0 tx=0 comp rx=0 tx=0).stop
2022-09-07T19:53:40.867 INFO:teuthology.orchestra.run.smithi002.stdout:/usr/bin/ceph: stderr
2022-09-07T19:53:40.420+0000 7f6bf2fd3700 1 -- 172.21.15.2:0/2452641946 >> 172.21.15.2:0/2452641946 conn(0x7f6bec078de0 msgr2=0x7f6bec1036e0 unknown :-1 s=STATE_NONE l=0).mark_down
2022-09-07T19:53:40.867 INFO:teuthology.orchestra.run.smithi002.stdout:/usr/bin/ceph: stderr
2022-09-07T19:53:40.420+0000 7f6bf2fd3700 1 -- 172.21.15.2:0/2452641946 shutdown_connections
2022-09-07T19:53:40.867 INFO:teuthology.orchestra.run.smithi002.stdout:/usr/bin/ceph: stderr
2022-09-07T19:53:40.420+0000 7f6bf2fd3700 1 -- 172.21.15.2:0/2452641946 wait complete.
2022-09-07T19:53:40.868 INFO:teuthology.orchestra.run.smithi002.stdout:Generating ssh key...
2022-09-07T19:53:41.119 INFO:journalctl@ceph.mon.a.smithi002.stdout:Sep 07 19:53:40 smithi002 ceph-mon[90061]: from='mgr.14122 172.21.15.2:0/3691503554' entity='mgr.x' cmd=[{"prefix": "config dump", "format": "json"}]: dispatch
2022-09-07T19:53:42.168 INFO:journalctl@ceph.mon.a.smithi002.stdout:Sep 07 19:53:41 smithi002 ceph-mon[90061]: [07/Sep/2022:19:53:40] ENGINE Bus STARTING
2022-09-07T19:53:42.168 INFO:journalctl@ceph.mon.a.smithi002.stdout:Sep 07 19:53:41 smithi002 ceph-mon[90061]: [07/Sep/2022:19:53:40] ENGINE Serving on https://172.21.15.2:7150
2022-09-07T19:53:42.169 INFO:journalctl@ceph.mon.a.smithi002.stdout:Sep 07 19:53:41 smithi002 ceph-mon[90061]: [07/Sep/2022:19:53:40] ENGINE Serving on https://:::8765
2022-09-07T19:53:42.169 INFO:journalctl@ceph.mon.a.smithi002.stdout:Sep 07 19:53:41 smithi002 ceph-mon[90061]: [07/Sep/2022:19:53:40] ENGINE Bus STARTED
2022-09-07T19:53:42.169 INFO:journalctl@ceph.mon.a.smithi002.stdout:Sep 07 19:53:41 smithi002 ceph-mon[90061]: from='client.14136 -' entity='client.admin' cmd=[{"prefix": "cephadm set-user", "user": "root", "target": ["mon-mgr", ""]}]: dispatch
2022-09-07T19:53:42.170 INFO:journalctl@ceph.mgr.x.smithi002.stdout:Sep 07 19:53:41 smithi002 ceph-847da2de-2ee6-11ed-8431-001a4aab830c-mgr-x[90308]: Generating public/private rsa key pair.
2022-09-07T19:53:42.170 INFO:journalctl@ceph.mgr.x.smithi002.stdout:Sep 07 19:53:41 smithi002 ceph-847da2de-2ee6-11ed-8431-001a4aab830c-mgr-x[90308]: Your identification has been saved in /tmp/tmpqkkc67ut/key.
2022-09-07T19:53:42.170 INFO:journalctl@ceph.mgr.x.smithi002.stdout:Sep 07 19:53:41 smithi002 ceph-847da2de-2ee6-11ed-8431-001a4aab830c-mgr-x[90308]: Your public key has been saved in /tmp/tmpqkkc67ut/key.pub.
2022-09-07T19:53:42.171 INFO:journalctl@ceph.mgr.x.smithi002.stdout:Sep 07 19:53:41 smithi002 ceph-847da2de-2ee6-11ed-8431-001a4aab830c-mgr-x[90308]: The key fingerprint is:
2022-09-07T19:53:42.171 INFO:journalctl@ceph.mgr.x.smithi002.stdout:Sep 07 19:53:41 smithi002 ceph-847da2de-2ee6-11ed-8431-001a4aab830c-mgr-x[90308]: SHA256:YVi/3djBBeiikWQenTMvbtm2tZkVwPcwFP6H5vz+WQY ceph-847da2de-2ee6-11ed-8431-001a4aab830c
2022-09-07T19:53:42.171 INFO:journalctl@ceph.mgr.x.smithi002.stdout:Sep 07 19:53:41 smithi002 ceph-847da2de-2ee6-11ed-8431-001a4aab830c-mgr-x[90308]: The key's randomart image is:
2022-09-07T19:53:42.172 INFO:journalctl@ceph.mgr.x.smithi002.stdout:Sep 07 19:53:41 smithi002 ceph-847da2de-2ee6-11ed-8431-001a4aab830c-mgr-x[90308]: +---[RSA 3072]----+
2022-09-07T19:53:42.172 INFO:journalctl@ceph.mgr.x.smithi002.stdout:Sep 07 19:53:41 smithi002 ceph-847da2de-2ee6-11ed-8431-001a4aab830c-mgr-x[90308]: | .. ..o+o.|
2022-09-07T19:53:42.173 INFO:journalctl@ceph.mgr.x.smithi002.stdout:Sep 07 19:53:41 smithi002 ceph-847da2de-2ee6-11ed-8431-001a4aab830c-mgr-x[90308]: | o+.= .=oo |
2022-09-07T19:53:42.173 INFO:journalctl@ceph.mgr.x.smithi002.stdout:Sep 07 19:53:41 smithi002 ceph-847da2de-2ee6-11ed-8431-001a4aab830c-mgr-x[90308]: | .+oo.= *o.|
2022-09-07T19:53:42.173 INFO:journalctl@ceph.mgr.x.smithi002.stdout:Sep 07 19:53:41 smithi002 ceph-847da2de-2ee6-11ed-8431-001a4aab830c-mgr-x[90308]: | .+.ooo+ =.|
2022-09-07T19:53:42.174 INFO:journalctl@ceph.mgr.x.smithi002.stdout:Sep 07 19:53:41 smithi002 ceph-847da2de-2ee6-11ed-8431-001a4aab830c-mgr-x[90308]: | S+.=o E +|
2022-09-07T19:53:42.174 INFO:journalctl@ceph.mgr.x.smithi002.stdout:Sep 07 19:53:41 smithi002 ceph-847da2de-2ee6-11ed-8431-001a4aab830c-mgr-x[90308]: | . + o+..o|
2022-09-07T19:53:42.175 INFO:journalctl@ceph.mgr.x.smithi002.stdout:Sep 07 19:53:41 smithi002 ceph-847da2de-2ee6-11ed-8431-001a4aab830c-mgr-x[90308]: | . . oo=o|
2022-09-07T19:53:42.175 INFO:journalctl@ceph.mgr.x.smithi002.stdout:Sep 07 19:53:41 smithi002 ceph-847da2de-2ee6-11ed-8431-001a4aab830c-mgr-x[90308]: | . +oo|
2022-09-07T19:53:42.176 INFO:journalctl@ceph.mgr.x.smithi002.stdout:Sep 07 19:53:41 smithi002 ceph-847da2de-2ee6-11ed-8431-001a4aab830c-mgr-x[90308]: | o=|
2022-09-07T19:53:42.176 INFO:journalctl@ceph.mgr.x.smithi002.stdout:Sep 07 19:53:41 smithi002 ceph-847da2de-2ee6-11ed-8431-001a4aab830c-mgr-x[90308]: +----[SHA256]-----+
2022-09-07T19:53:42.267 INFO:teuthology.orchestra.run.smithi002.stdout:/usr/bin/ceph: stderr
2022-09-07T19:53:41.436+0000 7f63c2c7d700 1 Processor -- start
2022-09-07T19:53:42.267 INFO:teuthology.orchestra.run.smithi002.stdout:/usr/bin/ceph: stderr
2022-09-07T19:53:41.437+0000 7f63c2c7d700 1 -- start start
2022-09-07T19:53:42.267 INFO:teuthology.orchestra.run.smithi002.stdout:/usr/bin/ceph: stderr
2022-09-07T19:53:41.437+0000 7f63c2c7d700 1 --2- >> [v2:172.21.15.2:3300/0,v1:172.21.15.2:6789/0] conn(0x7f63bc077c70 0x7f63bc1086d0 unknown :-1 s=NONE pgs=0 cs=0 l=0 rev1=0 crypto rx=0 tx=0 comp rx=0 tx=0).connect
2022-09-07T19:53:42.268 INFO:teuthology.orchestra.run.smithi002.stdout:/usr/bin/ceph: stderr
2022-09-07T19:53:41.437+0000 7f63c2c7d700 1 -- --> [v2:172.21.15.2:3300/0,v1:172.21.15.2:6789/0] -- mon_getmap magic: 0 v1 -- 0x7f63bc1040c0 con 0x7f63bc077c70
2022-09-07T19:53:42.268 INFO:teuthology.orchestra.run.smithi002.stdout:/usr/bin/ceph: stderr
2022-09-07T19:53:41.437+0000 7f63c0a19700 1 --2- >> [v2:172.21.15.2:3300/0,v1:172.21.15.2:6789/0] conn(0x7f63bc077c70 0x7f63bc1086d0 unknown :-1 s=BANNER_CONNECTING pgs=0 cs=0 l=0 rev1=0 crypto rx=0 tx=0 comp rx=0 tx=0)._handle_peer_banner_payload supported=3 required=0
2022-09-07T19:53:42.268 INFO:teuthology.orchestra.run.smithi002.stdout:/usr/bin/ceph: stderr
2022-09-07T19:53:41.437+0000 7f63c0a19700 1 --2- >> [v2:172.21.15.2:3300/0,v1:172.21.15.2:6789/0] conn(0x7f63bc077c70 0x7f63bc1086d0 unknown :-1 s=HELLO_CONNECTING pgs=0 cs=0 l=0 rev1=1 crypto rx=0 tx=0 comp rx=0 tx=0).handle_hello peer v2:172.21.15.2:3300/0 says I am v2:172.21.15.2:34702/0 (socket says 172.21.15.2:34702)
2022-09-07T19:53:42.268 INFO:teuthology.orchestra.run.smithi002.stdout:/usr/bin/ceph: stderr
2022-09-07T19:53:41.437+0000 7f63c0a19700 1 -- 172.21.15.2:0/2737184859 learned_addr learned my addr 172.21.15.2:0/2737184859 (peer_addr_for_me v2:172.21.15.2:0/0)
2022-09-07T19:53:42.269 INFO:teuthology.orchestra.run.smithi002.stdout:/usr/bin/ceph: stderr
2022-09-07T19:53:41.438+0000 7f63c0a19700 1 -- 172.21.15.2:0/2737184859 --> [v2:172.21.15.2:3300/0,v1:172.21.15.2:6789/0] -- mon_subscribe({config=0+,monmap=0+}) v3 -- 0x7f63bc108c10 con 0x7f63bc077c70
2022-09-07T19:53:42.269 INFO:teuthology.orchestra.run.smithi002.stdout:/usr/bin/ceph: stderr
2022-09-07T19:53:41.438+0000 7f63c0a19700 1 --2- 172.21.15.2:0/2737184859 >> [v2:172.21.15.2:3300/0,v1:172.21.15.2:6789/0] conn(0x7f63bc077c70 0x7f63bc1086d0 secure :-1 s=READY pgs=43 cs=0 l=1 rev1=1 crypto rx=0x7f63b0009700 tx=0x7f63b0009a10 comp rx=0 tx=0).ready entity=mon.0 client_cookie=7cd63ab1b5f7d5c0 server_cookie=0 in_seq=0 out_seq=0
2022-09-07T19:53:42.269 INFO:teuthology.orchestra.run.smithi002.stdout:/usr/bin/ceph: stderr
2022-09-07T19:53:41.438+0000 7f63bb7fe700 1 -- 172.21.15.2:0/2737184859 <== mon.0 v2:172.21.15.2:3300/0 1 ==== mon_map magic: 0 v1 ==== 205+0+0 (secure 0 0 0) 0x7f63b0004160 con 0x7f63bc077c70
2022-09-07T19:53:42.269 INFO:teuthology.orchestra.run.smithi002.stdout:/usr/bin/ceph: stderr
2022-09-07T19:53:41.438+0000 7f63bb7fe700 1 -- 172.21.15.2:0/2737184859 <== mon.0 v2:172.21.15.2:3300/0 2 ==== config(28 keys) v1 ==== 1118+0+0 (secure 0 0 0) 0x7f63b00042c0 con 0x7f63bc077c70
2022-09-07T19:53:42.270 INFO:teuthology.orchestra.run.smithi002.stdout:/usr/bin/ceph: stderr
2022-09-07T19:53:41.439+0000 7f63bb7fe700 1 -- 172.21.15.2:0/2737184859 <== mon.0 v2:172.21.15.2:3300/0 3 ==== mon_map magic: 0 v1 ==== 205+0+0 (secure 0 0 0) 0x7f63b0003b80 con 0x7f63bc077c70
2022-09-07T19:53:42.270 INFO:teuthology.orchestra.run.smithi002.stdout:/usr/bin/ceph: stderr
2022-09-07T19:53:41.439+0000 7f63c2c7d700 1 -- 172.21.15.2:0/2737184859 >> [v2:172.21.15.2:3300/0,v1:172.21.15.2:6789/0] conn(0x7f63bc077c70 msgr2=0x7f63bc1086d0 secure :-1 s=STATE_CONNECTION_ESTABLISHED l=1).mark_down
2022-09-07T19:53:42.270 INFO:teuthology.orchestra.run.smithi002.stdout:/usr/bin/ceph: stderr
2022-09-07T19:53:41.439+0000 7f63c2c7d700 1 --2- 172.21.15.2:0/2737184859 >> [v2:172.21.15.2:3300/0,v1:172.21.15.2:6789/0] conn(0x7f63bc077c70 0x7f63bc1086d0 secure :-1 s=READY pgs=43 cs=0 l=1 rev1=1 crypto rx=0x7f63b0009700 tx=0x7f63b0009a10 comp rx=0 tx=0).stop
2022-09-07T19:53:42.270 INFO:teuthology.orchestra.run.smithi002.stdout:/usr/bin/ceph: stderr
2022-09-07T19:53:41.439+0000 7f63c2c7d700 1 -- 172.21.15.2:0/2737184859 shutdown_connections
2022-09-07T19:53:42.270 INFO:teuthology.orchestra.run.smithi002.stdout:/usr/bin/ceph: stderr
2022-09-07T19:53:41.439+0000 7f63c2c7d700 1 --2- 172.21.15.2:0/2737184859 >> [v2:172.21.15.2:3300/0,v1:172.21.15.2:6789/0] conn(0x7f63bc077c70 0x7f63bc1086d0 unknown :-1 s=CLOSED pgs=43 cs=0 l=1 rev1=1 crypto rx=0 tx=0 comp rx=0 tx=0).stop
2022-09-07T19:53:42.271 INFO:teuthology.orchestra.run.smithi002.stdout:/usr/bin/ceph: stderr
2022-09-07T19:53:41.439+0000 7f63c2c7d700 1 -- 172.21.15.2:0/2737184859 >> 172.21.15.2:0/2737184859 conn(0x7f63bc0fdcc0 msgr2=0x7f63bc1000f0 unknown :-1 s=STATE_NONE l=0).mark_down
2022-09-07T19:53:42.271 INFO:teuthology.orchestra.run.smithi002.stdout:/usr/bin/ceph: stderr
2022-09-07T19:53:41.439+0000 7f63c2c7d700 1 -- 172.21.15.2:0/2737184859 shutdown_connections
2022-09-07T19:53:42.271 INFO:teuthology.orchestra.run.smithi002.stdout:/usr/bin/ceph: stderr
2022-09-07T19:53:41.439+0000 7f63c2c7d700 1 -- 172.21.15.2:0/2737184859 wait complete.
2022-09-07T19:53:42.271 INFO:teuthology.orchestra.run.smithi002.stdout:/usr/bin/ceph: stderr
2022-09-07T19:53:41.440+0000 7f63c2c7d700 1 Processor -- start
2022-09-07T19:53:42.272 INFO:teuthology.orchestra.run.smithi002.stdout:/usr/bin/ceph: stderr
2022-09-07T19:53:41.441+0000 7f63c2c7d700 1 -- start start
2022-09-07T19:53:42.272 INFO:teuthology.orchestra.run.smithi002.stdout:/usr/bin/ceph: stderr
2022-09-07T19:53:41.441+0000 7f63c2c7d700 1 --2- >> [v2:172.21.15.2:3300/0,v1:172.21.15.2:6789/0] conn(0x7f63bc077c70 0x7f63bc1994b0 unknown :-1 s=NONE pgs=0 cs=0 l=1 rev1=0 crypto rx=0 tx=0 comp rx=0 tx=0).connect
2022-09-07T19:53:42.272 INFO:teuthology.orchestra.run.smithi002.stdout:/usr/bin/ceph: stderr
2022-09-07T19:53:41.441+0000 7f63c2c7d700 1 -- --> [v2:172.21.15.2:3300/0,v1:172.21.15.2:6789/0] -- mon_getmap magic: 0 v1 -- 0x7f63bc1999f0 con 0x7f63bc077c70
2022-09-07T19:53:42.272 INFO:teuthology.orchestra.run.smithi002.stdout:/usr/bin/ceph: stderr
2022-09-07T19:53:41.441+0000 7f63c0a19700 1 --2- >> [v2:172.21.15.2:3300/0,v1:172.21.15.2:6789/0] conn(0x7f63bc077c70 0x7f63bc1994b0 unknown :-1 s=BANNER_CONNECTING pgs=0 cs=0 l=1 rev1=0 crypto rx=0 tx=0 comp rx=0 tx=0)._handle_peer_banner_payload supported=3 required=0
2022-09-07T19:53:42.272 INFO:teuthology.orchestra.run.smithi002.stdout:/usr/bin/ceph: stderr
2022-09-07T19:53:41.441+0000 7f63c0a19700 1 --2- >> [v2:172.21.15.2:3300/0,v1:172.21.15.2:6789/0] conn(0x7f63bc077c70 0x7f63bc1994b0 unknown :-1 s=HELLO_CONNECTING pgs=0 cs=0 l=1 rev1=1 crypto rx=0 tx=0 comp rx=0 tx=0).handle_hello peer v2:172.21.15.2:3300/0 says I am v2:172.21.15.2:34718/0 (socket says 172.21.15.2:34718)
2022-09-07T19:53:42.273 INFO:teuthology.orchestra.run.smithi002.stdout:/usr/bin/ceph: stderr
2022-09-07T19:53:41.441+0000 7f63c0a19700 1 -- 172.21.15.2:0/1532416600 learned_addr learned my addr 172.21.15.2:0/1532416600 (peer_addr_for_me v2:172.21.15.2:0/0)
2022-09-07T19:53:42.273 INFO:teuthology.orchestra.run.smithi002.stdout:/usr/bin/ceph: stderr
2022-09-07T19:53:41.442+0000 7f63c0a19700 1 -- 172.21.15.2:0/1532416600 --> [v2:172.21.15.2:3300/0,v1:172.21.15.2:6789/0] -- mon_subscribe({config=0+,monmap=0+}) v3 -- 0x7f63b00093e0 con 0x7f63bc077c70
2022-09-07T19:53:42.273 INFO:teuthology.orchestra.run.smithi002.stdout:/usr/bin/ceph: stderr
2022-09-07T19:53:41.442+0000 7f63c0a19700 1 --2- 172.21.15.2:0/1532416600 >> [v2:172.21.15.2:3300/0,v1:172.21.15.2:6789/0] conn(0x7f63bc077c70 0x7f63bc1994b0 secure :-1 s=READY pgs=44 cs=0 l=1 rev1=1 crypto rx=0x7f63b00069a0 tx=0x7f63b00040d0 comp rx=0 tx=0).ready entity=mon.0 client_cookie=0 server_cookie=0 in_seq=0 out_seq=0
2022-09-07T19:53:42.273 INFO:teuthology.orchestra.run.smithi002.stdout:/usr/bin/ceph: stderr
2022-09-07T19:53:41.442+0000 7f63b9ffb700 1 -- 172.21.15.2:0/1532416600 <== mon.0 v2:172.21.15.2:3300/0 1 ==== mon_map magic: 0 v1 ==== 205+0+0 (secure 0 0 0) 0x7f63b0004430 con 0x7f63bc077c70
2022-09-07T19:53:42.274 INFO:teuthology.orchestra.run.smithi002.stdout:/usr/bin/ceph: stderr
2022-09-07T19:53:41.442+0000 7f63b9ffb700 1 -- 172.21.15.2:0/1532416600 <== mon.0 v2:172.21.15.2:3300/0 2 ==== config(28 keys) v1 ==== 1118+0+0 (secure 0 0 0) 0x7f63b0011d00 con 0x7f63bc077c70
2022-09-07T19:53:42.274 INFO:teuthology.orchestra.run.smithi002.stdout:/usr/bin/ceph: stderr
2022-09-07T19:53:41.442+0000 7f63c2c7d700 1 -- 172.21.15.2:0/1532416600 --> [v2:172.21.15.2:3300/0,v1:172.21.15.2:6789/0] -- mon_subscribe({mgrmap=0+}) v3 -- 0x7f63bc199bf0 con 0x7f63bc077c70
2022-09-07T19:53:42.274 INFO:teuthology.orchestra.run.smithi002.stdout:/usr/bin/ceph: stderr
2022-09-07T19:53:41.442+0000 7f63b9ffb700 1 -- 172.21.15.2:0/1532416600 <== mon.0 v2:172.21.15.2:3300/0 3 ==== mon_map magic: 0 v1 ==== 205+0+0 (secure 0 0 0) 0x7f63b00193c0 con 0x7f63bc077c70
2022-09-07T19:53:42.274 INFO:teuthology.orchestra.run.smithi002.stdout:/usr/bin/ceph: stderr
2022-09-07T19:53:41.443+0000 7f63c2c7d700 1 -- 172.21.15.2:0/1532416600 --> [v2:172.21.15.2:3300/0,v1:172.21.15.2:6789/0] -- mon_subscribe({osdmap=0}) v3 -- 0x7f63bc19a020 con 0x7f63bc077c70
2022-09-07T19:53:42.274 INFO:teuthology.orchestra.run.smithi002.stdout:/usr/bin/ceph: stderr
2022-09-07T19:53:41.444+0000 7f63b9ffb700 1 -- 172.21.15.2:0/1532416600 <== mon.0 v2:172.21.15.2:3300/0 4 ==== mgrmap(e 8) v1 ==== 42690+0+0 (secure 0 0 0) 0x7f63b002a020 con 0x7f63bc077c70
2022-09-07T19:53:42.275 INFO:teuthology.orchestra.run.smithi002.stdout:/usr/bin/ceph: stderr
2022-09-07T19:53:41.444+0000 7f63c2c7d700 1 -- 172.21.15.2:0/1532416600 --> [v2:172.21.15.2:3300/0,v1:172.21.15.2:6789/0] -- mon_command({"prefix": "get_command_descriptions"} v 0) v1 -- 0x7f63bc060310 con 0x7f63bc077c70
2022-09-07T19:53:42.275 INFO:teuthology.orchestra.run.smithi002.stdout:/usr/bin/ceph: stderr
2022-09-07T19:53:41.444+0000 7f63b9ffb700 1 --2- 172.21.15.2:0/1532416600 >> [v2:172.21.15.2:6800/1003318464,v1:172.21.15.2:6801/1003318464] conn(0x7f63a00358d0 0x7f63a0037d80 unknown :-1 s=NONE pgs=0 cs=0 l=1 rev1=0 crypto rx=0 tx=0 comp rx=0 tx=0).connect
2022-09-07T19:53:42.275 INFO:teuthology.orchestra.run.smithi002.stdout:/usr/bin/ceph: stderr
2022-09-07T19:53:41.444+0000 7f63b9ffb700 1 -- 172.21.15.2:0/1532416600 <== mon.0 v2:172.21.15.2:3300/0 5 ==== osd_map(2..2 src has 1..2) v4 ==== 936+0+0 (secure 0 0 0) 0x7f63b0048940 con 0x7f63bc077c70
2022-09-07T19:53:42.275 INFO:teuthology.orchestra.run.smithi002.stdout:/usr/bin/ceph: stderr
2022-09-07T19:53:41.445+0000 7f63bbfff700 1 --2- 172.21.15.2:0/1532416600 >> [v2:172.21.15.2:6800/1003318464,v1:172.21.15.2:6801/1003318464] conn(0x7f63a00358d0 0x7f63a0037d80 unknown :-1 s=BANNER_CONNECTING pgs=0 cs=0 l=1 rev1=0 crypto rx=0 tx=0 comp rx=0 tx=0)._handle_peer_banner_payload supported=3 required=0
2022-09-07T19:53:42.276 INFO:teuthology.orchestra.run.smithi002.stdout:/usr/bin/ceph: stderr
2022-09-07T19:53:41.445+0000 7f63bbfff700 1 --2- 172.21.15.2:0/1532416600 >> [v2:172.21.15.2:6800/1003318464,v1:172.21.15.2:6801/1003318464] conn(0x7f63a00358d0 0x7f63a0037d80 secure :-1 s=READY pgs=9 cs=0 l=1 rev1=1 crypto rx=0x7f63a8009750 tx=0x7f63a8006cc0 comp rx=0 tx=0).ready entity=mgr.14122 client_cookie=0 server_cookie=0 in_seq=0 out_seq=0
2022-09-07T19:53:42.276 INFO:teuthology.orchestra.run.smithi002.stdout:/usr/bin/ceph: stderr
2022-09-07T19:53:41.449+0000 7f63b9ffb700 1 -- 172.21.15.2:0/1532416600 <== mon.0 v2:172.21.15.2:3300/0 6 ==== mon_command_ack([{"prefix": "get_command_descriptions"}]=0 v0) v1 ==== 72+0+171119 (secure 0 0 0) 0x7f63b001a430 con 0x7f63bc077c70
2022-09-07T19:53:42.276 INFO:teuthology.orchestra.run.smithi002.stdout:/usr/bin/ceph: stderr
2022-09-07T19:53:41.673+0000 7f63c2c7d700 1 -- 172.21.15.2:0/1532416600 --> [v2:172.21.15.2:6800/1003318464,v1:172.21.15.2:6801/1003318464] -- mgr_command(tid 0: {"prefix": "cephadm generate-key", "target": ["mon-mgr", ""]}) v1 -- 0x7f63bc0ff190 con 0x7f63a00358d0
2022-09-07T19:53:42.276 INFO:teuthology.orchestra.run.smithi002.stdout:/usr/bin/ceph: stderr
2022-09-07T19:53:41.887+0000 7f63b9ffb700 1 -- 172.21.15.2:0/1532416600 <== mgr.14122 v2:172.21.15.2:6800/1003318464 1 ==== mgr_command_reply(tid 0: 0 ) v1 ==== 8+0+0 (secure 0 0 0) 0x7f63bc0ff190 con 0x7f63a00358d0
2022-09-07T19:53:42.276 INFO:teuthology.orchestra.run.smithi002.stdout:/usr/bin/ceph: stderr
2022-09-07T19:53:41.890+0000 7f63c2c7d700 1 -- 172.21.15.2:0/1532416600 >> [v2:172.21.15.2:6800/1003318464,v1:172.21.15.2:6801/1003318464] conn(0x7f63a00358d0 msgr2=0x7f63a0037d80 secure :-1 s=STATE_CONNECTION_ESTABLISHED l=1).mark_down
2022-09-07T19:53:42.277 INFO:teuthology.orchestra.run.smithi002.stdout:/usr/bin/ceph: stderr
2022-09-07T19:53:41.890+0000 7f63c2c7d700 1 --2- 172.21.15.2:0/1532416600 >> [v2:172.21.15.2:6800/1003318464,v1:172.21.15.2:6801/1003318464] conn(0x7f63a00358d0 0x7f63a0037d80 secure :-1 s=READY pgs=9 cs=0 l=1 rev1=1 crypto rx=0x7f63a8009750 tx=0x7f63a8006cc0 comp rx=0 tx=0).stop
2022-09-07T19:53:42.277 INFO:teuthology.orchestra.run.smithi002.stdout:/usr/bin/ceph: stderr
2022-09-07T19:53:41.890+0000 7f63c2c7d700 1 -- 172.21.15.2:0/1532416600 >> [v2:172.21.15.2:3300/0,v1:172.21.15.2:6789/0] conn(0x7f63bc077c70 msgr2=0x7f63bc1994b0 secure :-1 s=STATE_CONNECTION_ESTABLISHED l=1).mark_down
2022-09-07T19:53:42.277 INFO:teuthology.orchestra.run.smithi002.stdout:/usr/bin/ceph: stderr
2022-09-07T19:53:41.890+0000 7f63c2c7d700 1 --2- 172.21.15.2:0/1532416600 >> [v2:172.21.15.2:3300/0,v1:172.21.15.2:6789/0] conn(0x7f63bc077c70 0x7f63bc1994b0 secure :-1 s=READY pgs=44 cs=0 l=1 rev1=1 crypto rx=0x7f63b00069a0 tx=0x7f63b00040d0 comp rx=0 tx=0).stop
2022-09-07T19:53:42.277 INFO:teuthology.orchestra.run.smithi002.stdout:/usr/bin/ceph: stderr
2022-09-07T19:53:41.890+0000 7f63c2c7d700 1 -- 172.21.15.2:0/1532416600 shutdown_connections
2022-09-07T19:53:42.278 INFO:teuthology.orchestra.run.smithi002.stdout:/usr/bin/ceph: stderr
2022-09-07T19:53:41.890+0000 7f63c2c7d700 1 --2- 172.21.15.2:0/1532416600 >> [v2:172.21.15.2:6800/1003318464,v1:172.21.15.2:6801/1003318464] conn(0x7f63a00358d0 0x7f63a0037d80 unknown :-1 s=CLOSED pgs=9 cs=0 l=1 rev1=1 crypto rx=0 tx=0 comp rx=0 tx=0).stop
2022-09-07T19:53:42.278 INFO:teuthology.orchestra.run.smithi002.stdout:/usr/bin/ceph: stderr
2022-09-07T19:53:41.890+0000 7f63c2c7d700 1 --2- 172.21.15.2:0/1532416600 >> [v2:172.21.15.2:3300/0,v1:172.21.15.2:6789/0] conn(0x7f63bc077c70 0x7f63bc1994b0 unknown :-1 s=CLOSED pgs=44 cs=0 l=1 rev1=1 crypto rx=0 tx=0 comp rx=0 tx=0).stop
2022-09-07T19:53:42.278 INFO:teuthology.orchestra.run.smithi002.stdout:/usr/bin/ceph: stderr
2022-09-07T19:53:41.890+0000 7f63c2c7d700 1 -- 172.21.15.2:0/1532416600 >> 172.21.15.2:0/1532416600 conn(0x7f63bc0fdcc0 msgr2=0x7f63bc0fea80 unknown :-1 s=STATE_NONE l=0).mark_down
2022-09-07T19:53:42.278 INFO:teuthology.orchestra.run.smithi002.stdout:/usr/bin/ceph: stderr
2022-09-07T19:53:41.890+0000 7f63c2c7d700 1 -- 172.21.15.2:0/1532416600 shutdown_connections
2022-09-07T19:53:42.278 INFO:teuthology.orchestra.run.smithi002.stdout:/usr/bin/ceph: stderr
2022-09-07T19:53:41.890+0000 7f63c2c7d700 1 -- 172.21.15.2:0/1532416600 wait complete.
2022-09-07T19:53:42.917 INFO:journalctl@ceph.mon.a.smithi002.stdout:Sep 07 19:53:42 smithi002 ceph-mon[90061]: from='client.14138 -' entity='client.admin' cmd=[{"prefix": "cephadm generate-key", "target": ["mon-mgr", ""]}]: dispatch
2022-09-07T19:53:42.918 INFO:journalctl@ceph.mon.a.smithi002.stdout:Sep 07 19:53:42 smithi002 ceph-mon[90061]: Generating ssh key...
2022-09-07T19:53:42.918 INFO:journalctl@ceph.mon.a.smithi002.stdout:Sep 07 19:53:42 smithi002 ceph-mon[90061]: from='mgr.14122 172.21.15.2:0/3691503554' entity='mgr.x'
2022-09-07T19:53:42.918 INFO:journalctl@ceph.mon.a.smithi002.stdout:Sep 07 19:53:42 smithi002 ceph-mon[90061]: from='mgr.14122 172.21.15.2:0/3691503554' entity='mgr.x'
2022-09-07T19:53:43.570 INFO:teuthology.orchestra.run.smithi002.stdout:/usr/bin/ceph: stdout ssh-rsa AAAAB3NzaC1yc2EAAAADAQABAAABgQDIaXt27DaVqHgZsGSbI7Ohk+GpGdFlqfvuEbsKW4a2oOU08MwMIhB1Z99kG2OYZNpLDqby9xYWL861PBXBRqhU5udcW832vrbTis4rf8+ZCkM5DjX2uyCIJTkxQm+uKPABLM93+B384KGpAwZ5Zd8PkvtbWZtkxqHS0EQoBI5/5K9+Uw5DYUEeas9oqadm8/KXUkNN96umu9utp5aYCxwflhVkeqcl+1eo4B9V2lXZIZzG3UJzwZcA0Jwn3VZRs3M//cnMuaGUowaxEU+j7exQ4aQcPRTmiSq5rJkB/1v/zsDARyIyutRdwtlujvgCFVBY8Hs+zLfelPyLxtobvZat8BxBD0WOscKKmaewVjfggt6afQIL3xhVkE42zW8P/oqaxYyKyY6Vw9YZ/gYwIC9c5LG9mBtLQhHwa77huQvexMzOR1Q+9shaFojg95DkgVqPJrz/MwxIw+YcFC/ubKtU0QtMbCFcDjh2BE7OqvLZF50y7D0dot/a5/Ki8TPYt7k= ceph-847da2de-2ee6-11ed-8431-001a4aab830c
2022-09-07T19:53:43.571 INFO:teuthology.orchestra.run.smithi002.stdout:/usr/bin/ceph: stderr
2022-09-07T19:53:42.913+0000 7fc38a184700 1 Processor -- start
2022-09-07T19:53:43.571 INFO:teuthology.orchestra.run.smithi002.stdout:/usr/bin/ceph: stderr
2022-09-07T19:53:42.913+0000 7fc38a184700 1 -- start start
2022-09-07T19:53:43.572 INFO:teuthology.orchestra.run.smithi002.stdout:/usr/bin/ceph: stderr
2022-09-07T19:53:42.914+0000 7fc38a184700 1 --2- >> [v2:172.21.15.2:3300/0,v1:172.21.15.2:6789/0] conn(0x7fc384077c70 0x7fc3841086d0 unknown :-1 s=NONE pgs=0 cs=0 l=0 rev1=0 crypto rx=0 tx=0 comp rx=0 tx=0).connect
2022-09-07T19:53:43.572 INFO:teuthology.orchestra.run.smithi002.stdout:/usr/bin/ceph: stderr
2022-09-07T19:53:42.914+0000 7fc38a184700 1 -- --> [v2:172.21.15.2:3300/0,v1:172.21.15.2:6789/0] -- mon_getmap magic: 0 v1 -- 0x7fc3841040c0 con 0x7fc384077c70
2022-09-07T19:53:43.572 INFO:teuthology.orchestra.run.smithi002.stdout:/usr/bin/ceph: stderr
2022-09-07T19:53:42.914+0000 7fc3837fe700 1 --2- >> [v2:172.21.15.2:3300/0,v1:172.21.15.2:6789/0] conn(0x7fc384077c70 0x7fc3841086d0 unknown :-1 s=BANNER_CONNECTING pgs=0 cs=0 l=0 rev1=0 crypto rx=0 tx=0 comp rx=0 tx=0)._handle_peer_banner_payload supported=3 required=0
2022-09-07T19:53:43.572 INFO:teuthology.orchestra.run.smithi002.stdout:/usr/bin/ceph: stderr
2022-09-07T19:53:42.914+0000 7fc3837fe700 1 --2- >> [v2:172.21.15.2:3300/0,v1:172.21.15.2:6789/0] conn(0x7fc384077c70 0x7fc3841086d0 unknown :-1 s=HELLO_CONNECTING pgs=0 cs=0 l=0 rev1=1 crypto rx=0 tx=0 comp rx=0 tx=0).handle_hello peer v2:172.21.15.2:3300/0 says I am v2:172.21.15.2:34722/0 (socket says 172.21.15.2:34722)
2022-09-07T19:53:43.573 INFO:teuthology.orchestra.run.smithi002.stdout:/usr/bin/ceph: stderr
2022-09-07T19:53:42.914+0000 7fc3837fe700 1 -- 172.21.15.2:0/569588852 learned_addr learned my addr 172.21.15.2:0/569588852 (peer_addr_for_me v2:172.21.15.2:0/0)
2022-09-07T19:53:43.573 INFO:teuthology.orchestra.run.smithi002.stdout:/usr/bin/ceph: stderr
2022-09-07T19:53:42.914+0000 7fc3837fe700 1 -- 172.21.15.2:0/569588852 --> [v2:172.21.15.2:3300/0,v1:172.21.15.2:6789/0] -- mon_subscribe({config=0+,monmap=0+}) v3 -- 0x7fc384108c10 con 0x7fc384077c70
2022-09-07T19:53:43.573 INFO:teuthology.orchestra.run.smithi002.stdout:/usr/bin/ceph: stderr
2022-09-07T19:53:42.915+0000 7fc3837fe700 1 --2- 172.21.15.2:0/569588852 >> [v2:172.21.15.2:3300/0,v1:172.21.15.2:6789/0] conn(0x7fc384077c70 0x7fc3841086d0 secure :-1 s=READY pgs=45 cs=0 l=1 rev1=1 crypto rx=0x7fc374009700 tx=0x7fc374009a10 comp rx=0 tx=0).ready entity=mon.0 client_cookie=3ce94a66fc82f88d server_cookie=0 in_seq=0 out_seq=0
2022-09-07T19:53:43.573 INFO:teuthology.orchestra.run.smithi002.stdout:/usr/bin/ceph: stderr
2022-09-07T19:53:42.915+0000 7fc3827fc700 1 -- 172.21.15.2:0/569588852 <== mon.0 v2:172.21.15.2:3300/0 1 ==== mon_map magic: 0 v1 ==== 205+0+0 (secure 0 0 0) 0x7fc374004160 con 0x7fc384077c70
2022-09-07T19:53:43.574 INFO:teuthology.orchestra.run.smithi002.stdout:/usr/bin/ceph: stderr
2022-09-07T19:53:42.915+0000 7fc3827fc700 1 -- 172.21.15.2:0/569588852 <== mon.0 v2:172.21.15.2:3300/0 2 ==== config(28 keys) v1 ==== 1118+0+0 (secure 0 0 0) 0x7fc3740042c0 con 0x7fc384077c70
2022-09-07T19:53:43.574 INFO:teuthology.orchestra.run.smithi002.stdout:/usr/bin/ceph: stderr
2022-09-07T19:53:42.915+0000 7fc3827fc700 1 -- 172.21.15.2:0/569588852 <== mon.0 v2:172.21.15.2:3300/0 3 ==== mon_map magic: 0 v1 ==== 205+0+0 (secure 0 0 0) 0x7fc374003b80 con 0x7fc384077c70
2022-09-07T19:53:43.574 INFO:teuthology.orchestra.run.smithi002.stdout:/usr/bin/ceph: stderr
2022-09-07T19:53:42.916+0000 7fc38a184700 1 -- 172.21.15.2:0/569588852 >> [v2:172.21.15.2:3300/0,v1:172.21.15.2:6789/0] conn(0x7fc384077c70 msgr2=0x7fc3841086d0 secure :-1 s=STATE_CONNECTION_ESTABLISHED l=1).mark_down
2022-09-07T19:53:43.575 INFO:teuthology.orchestra.run.smithi002.stdout:/usr/bin/ceph: stderr
2022-09-07T19:53:42.916+0000 7fc38a184700 1 --2- 172.21.15.2:0/569588852 >> [v2:172.21.15.2:3300/0,v1:172.21.15.2:6789/0] conn(0x7fc384077c70 0x7fc3841086d0 secure :-1 s=READY pgs=45 cs=0 l=1 rev1=1 crypto rx=0x7fc374009700 tx=0x7fc374009a10 comp rx=0 tx=0).stop
2022-09-07T19:53:43.575 INFO:teuthology.orchestra.run.smithi002.stdout:/usr/bin/ceph: stderr
2022-09-07T19:53:42.916+0000 7fc38a184700 1 -- 172.21.15.2:0/569588852 shutdown_connections
2022-09-07T19:53:43.575 INFO:teuthology.orchestra.run.smithi002.stdout:/usr/bin/ceph: stderr
2022-09-07T19:53:42.916+0000 7fc38a184700 1 --2- 172.21.15.2:0/569588852 >> [v2:172.21.15.2:3300/0,v1:172.21.15.2:6789/0] conn(0x7fc384077c70 0x7fc3841086d0 unknown :-1 s=CLOSED pgs=45 cs=0 l=1 rev1=1 crypto rx=0 tx=0 comp rx=0 tx=0).stop
2022-09-07T19:53:43.575 INFO:teuthology.orchestra.run.smithi002.stdout:/usr/bin/ceph: stderr
2022-09-07T19:53:42.916+0000 7fc38a184700 1 -- 172.21.15.2:0/569588852 >> 172.21.15.2:0/569588852 conn(0x7fc3840fdcc0 msgr2=0x7fc3841000f0 unknown :-1 s=STATE_NONE l=0).mark_down
2022-09-07T19:53:43.575 INFO:teuthology.orchestra.run.smithi002.stdout:/usr/bin/ceph: stderr
2022-09-07T19:53:42.916+0000 7fc38a184700 1 -- 172.21.15.2:0/569588852 shutdown_connections
2022-09-07T19:53:43.576 INFO:teuthology.orchestra.run.smithi002.stdout:/usr/bin/ceph: stderr
2022-09-07T19:53:42.916+0000 7fc38a184700 1 -- 172.21.15.2:0/569588852 wait complete.
2022-09-07T19:53:43.576 INFO:teuthology.orchestra.run.smithi002.stdout:/usr/bin/ceph: stderr
2022-09-07T19:53:42.917+0000 7fc38a184700 1 Processor -- start
2022-09-07T19:53:43.576 INFO:teuthology.orchestra.run.smithi002.stdout:/usr/bin/ceph: stderr
