2022-09-07T19:54:11.852 INFO:teuthology.orchestra.run.smithi002.stdout:/usr/bin/ceph: stderr
2022-09-07T19:54:11.113+0000 7fb09bfff700 1 -- 172.21.15.2:0/1799708285 <== mon.0 v2:172.21.15.2:3300/0 4 ==== mgrmap(e 12) v1 ==== 42703+0+0 (secure 0 0 0) 0x7fb0a402a020 con 0x7fb0b4105720
2022-09-07T19:54:11.852 INFO:teuthology.orchestra.run.smithi002.stdout:/usr/bin/ceph: stderr
2022-09-07T19:54:11.113+0000 7fb0b3fff700 1 -- 172.21.15.2:0/1799708285 --> [v2:172.21.15.2:3300/0,v1:172.21.15.2:6789/0] -- mon_command({"prefix": "get_command_descriptions"} v 0) v1 -- 0x7fb0b4060310 con 0x7fb0b4105720
2022-09-07T19:54:11.852 INFO:teuthology.orchestra.run.smithi002.stdout:/usr/bin/ceph: stderr
2022-09-07T19:54:11.114+0000 7fb09bfff700 1 --2- 172.21.15.2:0/1799708285 >> [v2:172.21.15.2:6800/332297307,v1:172.21.15.2:6801/332297307] conn(0x7fb0a0035910 0x7fb0a0037dc0 unknown :-1 s=NONE pgs=0 cs=0 l=1 rev1=0 crypto rx=0 tx=0 comp rx=0 tx=0).connect
2022-09-07T19:54:11.852 INFO:teuthology.orchestra.run.smithi002.stdout:/usr/bin/ceph: stderr
2022-09-07T19:54:11.114+0000 7fb09bfff700 1 -- 172.21.15.2:0/1799708285 <== mon.0 v2:172.21.15.2:3300/0 5 ==== osd_map(3..3 src has 1..3) v4 ==== 1151+0+0 (secure 0 0 0) 0x7fb0a4048960 con 0x7fb0b4105720
2022-09-07T19:54:11.853 INFO:teuthology.orchestra.run.smithi002.stdout:/usr/bin/ceph: stderr
2022-09-07T19:54:11.114+0000 7fb0b27fc700 1 --2- 172.21.15.2:0/1799708285 >> [v2:172.21.15.2:6800/332297307,v1:172.21.15.2:6801/332297307] conn(0x7fb0a0035910 0x7fb0a0037dc0 unknown :-1 s=BANNER_CONNECTING pgs=0 cs=0 l=1 rev1=0 crypto rx=0 tx=0 comp rx=0 tx=0)._handle_peer_banner_payload supported=3 required=0
2022-09-07T19:54:11.853 INFO:teuthology.orchestra.run.smithi002.stdout:/usr/bin/ceph: stderr
2022-09-07T19:54:11.115+0000 7fb0b27fc700 1 --2- 172.21.15.2:0/1799708285 >> [v2:172.21.15.2:6800/332297307,v1:172.21.15.2:6801/332297307] conn(0x7fb0a0035910 0x7fb0a0037dc0 secure :-1 s=READY pgs=9 cs=0 l=1 rev1=1 crypto rx=0x7fb0a8009750 tx=0x7fb0a8006cc0 comp rx=0 tx=0).ready entity=mgr.14154 client_cookie=0 server_cookie=0 in_seq=0 out_seq=0
2022-09-07T19:54:11.853 INFO:teuthology.orchestra.run.smithi002.stdout:/usr/bin/ceph: stderr
2022-09-07T19:54:11.119+0000 7fb09bfff700 1 -- 172.21.15.2:0/1799708285 <== mon.0 v2:172.21.15.2:3300/0 6 ==== mon_command_ack([{"prefix": "get_command_descriptions"}]=0 v0) v1 ==== 72+0+171119 (secure 0 0 0) 0x7fb0a402b930 con 0x7fb0b4105720
2022-09-07T19:54:11.853 INFO:teuthology.orchestra.run.smithi002.stdout:/usr/bin/ceph: stderr
2022-09-07T19:54:11.355+0000 7fb0b3fff700 1 -- 172.21.15.2:0/1799708285 --> [v2:172.21.15.2:3300/0,v1:172.21.15.2:6789/0] -- mon_command({"prefix": "config get", "who": "mgr", "key": "mgr/dashboard/ssl_server_port"} v 0) v1 -- 0x7fb0b4107630 con 0x7fb0b4105720
2022-09-07T19:54:11.853 INFO:teuthology.orchestra.run.smithi002.stdout:/usr/bin/ceph: stderr
2022-09-07T19:54:11.356+0000 7fb09bfff700 1 -- 172.21.15.2:0/1799708285 <== mon.0 v2:172.21.15.2:3300/0 7 ==== mon_command_ack([{"prefix": "config get", "who": "mgr", "key": "mgr/dashboard/ssl_server_port"}]=0 v8) v1 ==== 112+0+5 (secure 0 0 0) 0x7fb0a400f2e0 con 0x7fb0b4105720
2022-09-07T19:54:11.854 INFO:teuthology.orchestra.run.smithi002.stdout:/usr/bin/ceph: stderr
2022-09-07T19:54:11.358+0000 7fb0b3fff700 1 -- 172.21.15.2:0/1799708285 >> [v2:172.21.15.2:6800/332297307,v1:172.21.15.2:6801/332297307] conn(0x7fb0a0035910 msgr2=0x7fb0a0037dc0 secure :-1 s=STATE_CONNECTION_ESTABLISHED l=1).mark_down
2022-09-07T19:54:11.854 INFO:teuthology.orchestra.run.smithi002.stdout:/usr/bin/ceph: stderr
2022-09-07T19:54:11.358+0000 7fb0b3fff700 1 --2- 172.21.15.2:0/1799708285 >> [v2:172.21.15.2:6800/332297307,v1:172.21.15.2:6801/332297307] conn(0x7fb0a0035910 0x7fb0a0037dc0 secure :-1 s=READY pgs=9 cs=0 l=1 rev1=1 crypto rx=0x7fb0a8009750 tx=0x7fb0a8006cc0 comp rx=0 tx=0).stop
2022-09-07T19:54:11.854 INFO:teuthology.orchestra.run.smithi002.stdout:/usr/bin/ceph: stderr
2022-09-07T19:54:11.358+0000 7fb0b3fff700 1 -- 172.21.15.2:0/1799708285 >> [v2:172.21.15.2:3300/0,v1:172.21.15.2:6789/0] conn(0x7fb0b4105720 msgr2=0x7fb0b4199390 secure :-1 s=STATE_CONNECTION_ESTABLISHED l=1).mark_down
2022-09-07T19:54:11.854 INFO:teuthology.orchestra.run.smithi002.stdout:/usr/bin/ceph: stderr
2022-09-07T19:54:11.358+0000 7fb0b3fff700 1 --2- 172.21.15.2:0/1799708285 >> [v2:172.21.15.2:3300/0,v1:172.21.15.2:6789/0] conn(0x7fb0b4105720 0x7fb0b4199390 secure :-1 s=READY pgs=77 cs=0 l=1 rev1=1 crypto rx=0x7fb0a4003810 tx=0x7fb0a4004110 comp rx=0 tx=0).stop
2022-09-07T19:54:11.855 INFO:teuthology.orchestra.run.smithi002.stdout:/usr/bin/ceph: stderr
2022-09-07T19:54:11.359+0000 7fb0b3fff700 1 -- 172.21.15.2:0/1799708285 shutdown_connections
2022-09-07T19:54:11.855 INFO:teuthology.orchestra.run.smithi002.stdout:/usr/bin/ceph: stderr
2022-09-07T19:54:11.359+0000 7fb0b3fff700 1 --2- 172.21.15.2:0/1799708285 >> [v2:172.21.15.2:6800/332297307,v1:172.21.15.2:6801/332297307] conn(0x7fb0a0035910 0x7fb0a0037dc0 unknown :-1 s=CLOSED pgs=9 cs=0 l=1 rev1=1 crypto rx=0 tx=0 comp rx=0 tx=0).stop
2022-09-07T19:54:11.855 INFO:teuthology.orchestra.run.smithi002.stdout:/usr/bin/ceph: stderr
2022-09-07T19:54:11.359+0000 7fb0b3fff700 1 --2- 172.21.15.2:0/1799708285 >> [v2:172.21.15.2:3300/0,v1:172.21.15.2:6789/0] conn(0x7fb0b4105720 0x7fb0b4199390 unknown :-1 s=CLOSED pgs=77 cs=0 l=1 rev1=1 crypto rx=0 tx=0 comp rx=0 tx=0).stop
2022-09-07T19:54:11.855 INFO:teuthology.orchestra.run.smithi002.stdout:/usr/bin/ceph: stderr
2022-09-07T19:54:11.359+0000 7fb0b3fff700 1 -- 172.21.15.2:0/1799708285 >> 172.21.15.2:0/1799708285 conn(0x7fb0b4078c10 msgr2=0x7fb0b41040e0 unknown :-1 s=STATE_NONE l=0).mark_down
2022-09-07T19:54:11.856 INFO:teuthology.orchestra.run.smithi002.stdout:/usr/bin/ceph: stderr
2022-09-07T19:54:11.359+0000 7fb0b3fff700 1 -- 172.21.15.2:0/1799708285 shutdown_connections
2022-09-07T19:54:11.856 INFO:teuthology.orchestra.run.smithi002.stdout:/usr/bin/ceph: stderr
2022-09-07T19:54:11.359+0000 7fb0b3fff700 1 -- 172.21.15.2:0/1799708285 wait complete.
2022-09-07T19:54:11.866 INFO:teuthology.orchestra.run.smithi002.stdout:Non-zero exit code 1 from systemctl is-enabled firewalld.service
2022-09-07T19:54:11.866 INFO:teuthology.orchestra.run.smithi002.stdout:systemctl: stdout disabled
2022-09-07T19:54:11.890 INFO:teuthology.orchestra.run.smithi002.stdout:Non-zero exit code 3 from systemctl is-active firewalld.service
2022-09-07T19:54:11.891 INFO:teuthology.orchestra.run.smithi002.stdout:systemctl: stdout inactive
2022-09-07T19:54:11.891 INFO:teuthology.orchestra.run.smithi002.stdout:firewalld.service is not enabled
2022-09-07T19:54:11.891 INFO:teuthology.orchestra.run.smithi002.stdout:Not possible to open ports <[8443]>. firewalld.service is not available
2022-09-07T19:54:11.894 INFO:teuthology.orchestra.run.smithi002.stdout:Ceph Dashboard is now available at:
2022-09-07T19:54:11.894 INFO:teuthology.orchestra.run.smithi002.stdout:
2022-09-07T19:54:11.895 INFO:teuthology.orchestra.run.smithi002.stdout: URL: https://smithi002.front.sepia.ceph.com:8443/
2022-09-07T19:54:11.895 INFO:teuthology.orchestra.run.smithi002.stdout: User: admin
2022-09-07T19:54:11.895 INFO:teuthology.orchestra.run.smithi002.stdout: Password: hn2go0bhtx
2022-09-07T19:54:11.895 INFO:teuthology.orchestra.run.smithi002.stdout:
2022-09-07T19:54:11.896 INFO:teuthology.orchestra.run.smithi002.stdout:Saving cluster configuration to /var/lib/ceph/847da2de-2ee6-11ed-8431-001a4aab830c/config directory
2022-09-07T19:54:11.896 INFO:teuthology.orchestra.run.smithi002.stdout:Enabling autotune for osd_memory_target
2022-09-07T19:54:12.167 INFO:journalctl@ceph.mon.a.smithi002.stdout:Sep 07 19:54:12 smithi002 ceph-mon[90061]: from='mgr.14154 172.21.15.2:0/875722814' entity='mgr.x'
2022-09-07T19:54:12.168 INFO:journalctl@ceph.mon.a.smithi002.stdout:Sep 07 19:54:12 smithi002 ceph-mon[90061]: from='client.? 172.21.15.2:0/1799708285' entity='client.admin' cmd=[{"prefix": "config get", "who": "mgr", "key": "mgr/dashboard/ssl_server_port"}]: dispatch
2022-09-07T19:54:13.137 INFO:journalctl@ceph.mon.a.smithi002.stdout:Sep 07 19:54:13 smithi002 ceph-mon[90061]: mgrmap e13: x(active, since 6s)
2022-09-07T19:54:13.204 INFO:teuthology.orchestra.run.smithi002.stdout:/usr/bin/ceph: stderr
2022-09-07T19:54:12.506+0000 7f7e3c23f700 1 Processor -- start
2022-09-07T19:54:13.205 INFO:teuthology.orchestra.run.smithi002.stdout:/usr/bin/ceph: stderr
2022-09-07T19:54:12.506+0000 7f7e3c23f700 1 -- start start
2022-09-07T19:54:13.205 INFO:teuthology.orchestra.run.smithi002.stdout:/usr/bin/ceph: stderr
2022-09-07T19:54:12.507+0000 7f7e3c23f700 1 --2- >> [v2:172.21.15.2:3300/0,v1:172.21.15.2:6789/0] conn(0x7f7e341058a0 0x7f7e34105cb0 unknown :-1 s=NONE pgs=0 cs=0 l=0 rev1=0 crypto rx=0 tx=0 comp rx=0 tx=0).connect
2022-09-07T19:54:13.206 INFO:teuthology.orchestra.run.smithi002.stdout:/usr/bin/ceph: stderr
2022-09-07T19:54:12.507+0000 7f7e3c23f700 1 -- --> [v2:172.21.15.2:3300/0,v1:172.21.15.2:6789/0] -- mon_getmap magic: 0 v1 -- 0x7f7e341061f0 con 0x7f7e341058a0
2022-09-07T19:54:13.206 INFO:teuthology.orchestra.run.smithi002.stdout:/usr/bin/ceph: stderr
2022-09-07T19:54:12.507+0000 7f7e39fdb700 1 --2- >> [v2:172.21.15.2:3300/0,v1:172.21.15.2:6789/0] conn(0x7f7e341058a0 0x7f7e34105cb0 unknown :-1 s=BANNER_CONNECTING pgs=0 cs=0 l=0 rev1=0 crypto rx=0 tx=0 comp rx=0 tx=0)._handle_peer_banner_payload supported=3 required=0
2022-09-07T19:54:13.207 INFO:teuthology.orchestra.run.smithi002.stdout:/usr/bin/ceph: stderr
2022-09-07T19:54:12.507+0000 7f7e39fdb700 1 --2- >> [v2:172.21.15.2:3300/0,v1:172.21.15.2:6789/0] conn(0x7f7e341058a0 0x7f7e34105cb0 unknown :-1 s=HELLO_CONNECTING pgs=0 cs=0 l=0 rev1=1 crypto rx=0 tx=0 comp rx=0 tx=0).handle_hello peer v2:172.21.15.2:3300/0 says I am v2:172.21.15.2:35010/0 (socket says 172.21.15.2:35010)
2022-09-07T19:54:13.207 INFO:teuthology.orchestra.run.smithi002.stdout:/usr/bin/ceph: stderr
2022-09-07T19:54:12.507+0000 7f7e39fdb700 1 -- 172.21.15.2:0/2927567397 learned_addr learned my addr 172.21.15.2:0/2927567397 (peer_addr_for_me v2:172.21.15.2:0/0)
2022-09-07T19:54:13.208 INFO:teuthology.orchestra.run.smithi002.stdout:/usr/bin/ceph: stderr
2022-09-07T19:54:12.508+0000 7f7e39fdb700 1 -- 172.21.15.2:0/2927567397 --> [v2:172.21.15.2:3300/0,v1:172.21.15.2:6789/0] -- mon_subscribe({config=0+,monmap=0+}) v3 -- 0x7f7e34106330 con 0x7f7e341058a0
2022-09-07T19:54:13.208 INFO:teuthology.orchestra.run.smithi002.stdout:/usr/bin/ceph: stderr
2022-09-07T19:54:12.508+0000 7f7e39fdb700 1 --2- 172.21.15.2:0/2927567397 >> [v2:172.21.15.2:3300/0,v1:172.21.15.2:6789/0] conn(0x7f7e341058a0 0x7f7e34105cb0 secure :-1 s=READY pgs=78 cs=0 l=1 rev1=1 crypto rx=0x7f7e30009700 tx=0x7f7e30009a10 comp rx=0 tx=0).ready entity=mon.0 client_cookie=d334f2eea5a1ad93 server_cookie=0 in_seq=0 out_seq=0
2022-09-07T19:54:13.209 INFO:teuthology.orchestra.run.smithi002.stdout:/usr/bin/ceph: stderr
2022-09-07T19:54:12.508+0000 7f7e38fd9700 1 -- 172.21.15.2:0/2927567397 <== mon.0 v2:172.21.15.2:3300/0 1 ==== mon_map magic: 0 v1 ==== 205+0+0 (secure 0 0 0) 0x7f7e30004160 con 0x7f7e341058a0
2022-09-07T19:54:13.209 INFO:teuthology.orchestra.run.smithi002.stdout:/usr/bin/ceph: stderr
2022-09-07T19:54:12.508+0000 7f7e38fd9700 1 -- 172.21.15.2:0/2927567397 <== mon.0 v2:172.21.15.2:3300/0 2 ==== config(28 keys) v1 ==== 1149+0+0 (secure 0 0 0) 0x7f7e300042c0 con 0x7f7e341058a0
2022-09-07T19:54:13.210 INFO:teuthology.orchestra.run.smithi002.stdout:/usr/bin/ceph: stderr
2022-09-07T19:54:12.508+0000 7f7e38fd9700 1 -- 172.21.15.2:0/2927567397 <== mon.0 v2:172.21.15.2:3300/0 3 ==== mon_map magic: 0 v1 ==== 205+0+0 (secure 0 0 0) 0x7f7e30003bc0 con 0x7f7e341058a0
2022-09-07T19:54:13.210 INFO:teuthology.orchestra.run.smithi002.stdout:/usr/bin/ceph: stderr
2022-09-07T19:54:12.509+0000 7f7e3c23f700 1 -- 172.21.15.2:0/2927567397 >> [v2:172.21.15.2:3300/0,v1:172.21.15.2:6789/0] conn(0x7f7e341058a0 msgr2=0x7f7e34105cb0 secure :-1 s=STATE_CONNECTION_ESTABLISHED l=1).mark_down
2022-09-07T19:54:13.210 INFO:teuthology.orchestra.run.smithi002.stdout:/usr/bin/ceph: stderr
2022-09-07T19:54:12.509+0000 7f7e3c23f700 1 --2- 172.21.15.2:0/2927567397 >> [v2:172.21.15.2:3300/0,v1:172.21.15.2:6789/0] conn(0x7f7e341058a0 0x7f7e34105cb0 secure :-1 s=READY pgs=78 cs=0 l=1 rev1=1 crypto rx=0x7f7e30009700 tx=0x7f7e30009a10 comp rx=0 tx=0).stop
2022-09-07T19:54:13.211 INFO:teuthology.orchestra.run.smithi002.stdout:/usr/bin/ceph: stderr
2022-09-07T19:54:12.509+0000 7f7e3c23f700 1 -- 172.21.15.2:0/2927567397 shutdown_connections
2022-09-07T19:54:13.211 INFO:teuthology.orchestra.run.smithi002.stdout:/usr/bin/ceph: stderr
2022-09-07T19:54:12.509+0000 7f7e3c23f700 1 --2- 172.21.15.2:0/2927567397 >> [v2:172.21.15.2:3300/0,v1:172.21.15.2:6789/0] conn(0x7f7e341058a0 0x7f7e34105cb0 unknown :-1 s=CLOSED pgs=78 cs=0 l=1 rev1=1 crypto rx=0 tx=0 comp rx=0 tx=0).stop
2022-09-07T19:54:13.212 INFO:teuthology.orchestra.run.smithi002.stdout:/usr/bin/ceph: stderr
2022-09-07T19:54:12.509+0000 7f7e3c23f700 1 -- 172.21.15.2:0/2927567397 >> 172.21.15.2:0/2927567397 conn(0x7f7e34078de0 msgr2=0x7f7e340791e0 unknown :-1 s=STATE_NONE l=0).mark_down
2022-09-07T19:54:13.212 INFO:teuthology.orchestra.run.smithi002.stdout:/usr/bin/ceph: stderr
2022-09-07T19:54:12.509+0000 7f7e3c23f700 1 -- 172.21.15.2:0/2927567397 shutdown_connections
2022-09-07T19:54:13.212 INFO:teuthology.orchestra.run.smithi002.stdout:/usr/bin/ceph: stderr
2022-09-07T19:54:12.509+0000 7f7e3c23f700 1 -- 172.21.15.2:0/2927567397 wait complete.
2022-09-07T19:54:13.213 INFO:teuthology.orchestra.run.smithi002.stdout:/usr/bin/ceph: stderr
2022-09-07T19:54:12.511+0000 7f7e3c23f700 1 Processor -- start
2022-09-07T19:54:13.213 INFO:teuthology.orchestra.run.smithi002.stdout:/usr/bin/ceph: stderr
2022-09-07T19:54:12.511+0000 7f7e3c23f700 1 -- start start
2022-09-07T19:54:13.214 INFO:teuthology.orchestra.run.smithi002.stdout:/usr/bin/ceph: stderr
2022-09-07T19:54:12.511+0000 7f7e3c23f700 1 --2- >> [v2:172.21.15.2:3300/0,v1:172.21.15.2:6789/0] conn(0x7f7e341058a0 0x7f7e34199450 unknown :-1 s=NONE pgs=0 cs=0 l=1 rev1=0 crypto rx=0 tx=0 comp rx=0 tx=0).connect
2022-09-07T19:54:13.214 INFO:teuthology.orchestra.run.smithi002.stdout:/usr/bin/ceph: stderr
2022-09-07T19:54:12.511+0000 7f7e3c23f700 1 -- --> [v2:172.21.15.2:3300/0,v1:172.21.15.2:6789/0] -- mon_getmap magic: 0 v1 -- 0x7f7e34199990 con 0x7f7e341058a0
2022-09-07T19:54:13.214 INFO:teuthology.orchestra.run.smithi002.stdout:/usr/bin/ceph: stderr
2022-09-07T19:54:12.511+0000 7f7e39fdb700 1 --2- >> [v2:172.21.15.2:3300/0,v1:172.21.15.2:6789/0] conn(0x7f7e341058a0 0x7f7e34199450 unknown :-1 s=BANNER_CONNECTING pgs=0 cs=0 l=1 rev1=0 crypto rx=0 tx=0 comp rx=0 tx=0)._handle_peer_banner_payload supported=3 required=0
2022-09-07T19:54:13.215 INFO:teuthology.orchestra.run.smithi002.stdout:/usr/bin/ceph: stderr
2022-09-07T19:54:12.512+0000 7f7e39fdb700 1 --2- >> [v2:172.21.15.2:3300/0,v1:172.21.15.2:6789/0] conn(0x7f7e341058a0 0x7f7e34199450 unknown :-1 s=HELLO_CONNECTING pgs=0 cs=0 l=1 rev1=1 crypto rx=0 tx=0 comp rx=0 tx=0).handle_hello peer v2:172.21.15.2:3300/0 says I am v2:172.21.15.2:35022/0 (socket says 172.21.15.2:35022)
2022-09-07T19:54:13.215 INFO:teuthology.orchestra.run.smithi002.stdout:/usr/bin/ceph: stderr
2022-09-07T19:54:12.512+0000 7f7e39fdb700 1 -- 172.21.15.2:0/3654601707 learned_addr learned my addr 172.21.15.2:0/3654601707 (peer_addr_for_me v2:172.21.15.2:0/0)
2022-09-07T19:54:13.215 INFO:teuthology.orchestra.run.smithi002.stdout:/usr/bin/ceph: stderr
2022-09-07T19:54:12.512+0000 7f7e39fdb700 1 -- 172.21.15.2:0/3654601707 --> [v2:172.21.15.2:3300/0,v1:172.21.15.2:6789/0] -- mon_subscribe({config=0+,monmap=0+}) v3 -- 0x7f7e300093e0 con 0x7f7e341058a0
2022-09-07T19:54:13.216 INFO:teuthology.orchestra.run.smithi002.stdout:/usr/bin/ceph: stderr
2022-09-07T19:54:12.512+0000 7f7e39fdb700 1 --2- 172.21.15.2:0/3654601707 >> [v2:172.21.15.2:3300/0,v1:172.21.15.2:6789/0] conn(0x7f7e341058a0 0x7f7e34199450 secure :-1 s=READY pgs=79 cs=0 l=1 rev1=1 crypto rx=0x7f7e30004090 tx=0x7f7e30004170 comp rx=0 tx=0).ready entity=mon.0 client_cookie=0 server_cookie=0 in_seq=0 out_seq=0
2022-09-07T19:54:13.216 INFO:teuthology.orchestra.run.smithi002.stdout:/usr/bin/ceph: stderr
2022-09-07T19:54:12.513+0000 7f7e22ffd700 1 -- 172.21.15.2:0/3654601707 <== mon.0 v2:172.21.15.2:3300/0 1 ==== mon_map magic: 0 v1 ==== 205+0+0 (secure 0 0 0) 0x7f7e30011840 con 0x7f7e341058a0
2022-09-07T19:54:13.217 INFO:teuthology.orchestra.run.smithi002.stdout:/usr/bin/ceph: stderr
2022-09-07T19:54:12.513+0000 7f7e22ffd700 1 -- 172.21.15.2:0/3654601707 <== mon.0 v2:172.21.15.2:3300/0 2 ==== config(28 keys) v1 ==== 1149+0+0 (secure 0 0 0) 0x7f7e3001a430 con 0x7f7e341058a0
2022-09-07T19:54:13.217 INFO:teuthology.orchestra.run.smithi002.stdout:/usr/bin/ceph: stderr
2022-09-07T19:54:12.513+0000 7f7e22ffd700 1 -- 172.21.15.2:0/3654601707 <== mon.0 v2:172.21.15.2:3300/0 3 ==== mon_map magic: 0 v1 ==== 205+0+0 (secure 0 0 0) 0x7f7e30019550 con 0x7f7e341058a0
2022-09-07T19:54:13.217 INFO:teuthology.orchestra.run.smithi002.stdout:/usr/bin/ceph: stderr
2022-09-07T19:54:12.513+0000 7f7e3c23f700 1 -- 172.21.15.2:0/3654601707 --> [v2:172.21.15.2:3300/0,v1:172.21.15.2:6789/0] -- mon_subscribe({mgrmap=0+}) v3 -- 0x7f7e34199b90 con 0x7f7e341058a0
2022-09-07T19:54:13.217 INFO:teuthology.orchestra.run.smithi002.stdout:/usr/bin/ceph: stderr
2022-09-07T19:54:12.514+0000 7f7e3c23f700 1 -- 172.21.15.2:0/3654601707 --> [v2:172.21.15.2:3300/0,v1:172.21.15.2:6789/0] -- mon_subscribe({osdmap=0}) v3 -- 0x7f7e34199fc0 con 0x7f7e341058a0
2022-09-07T19:54:13.217 INFO:teuthology.orchestra.run.smithi002.stdout:/usr/bin/ceph: stderr
2022-09-07T19:54:12.515+0000 7f7e22ffd700 1 -- 172.21.15.2:0/3654601707 <== mon.0 v2:172.21.15.2:3300/0 4 ==== mgrmap(e 13) v1 ==== 42745+0+0 (secure 0 0 0) 0x7f7e3002a020 con 0x7f7e341058a0
2022-09-07T19:54:13.218 INFO:teuthology.orchestra.run.smithi002.stdout:/usr/bin/ceph: stderr
2022-09-07T19:54:12.515+0000 7f7e3c23f700 1 -- 172.21.15.2:0/3654601707 --> [v2:172.21.15.2:3300/0,v1:172.21.15.2:6789/0] -- mon_command({"prefix": "get_command_descriptions"} v 0) v1 -- 0x7f7e341077c0 con 0x7f7e341058a0
2022-09-07T19:54:13.218 INFO:teuthology.orchestra.run.smithi002.stdout:/usr/bin/ceph: stderr
2022-09-07T19:54:12.515+0000 7f7e22ffd700 1 --2- 172.21.15.2:0/3654601707 >> [v2:172.21.15.2:6800/332297307,v1:172.21.15.2:6801/332297307] conn(0x7f7e1c0359d0 0x7f7e1c037e80 unknown :-1 s=NONE pgs=0 cs=0 l=1 rev1=0 crypto rx=0 tx=0 comp rx=0 tx=0).connect
2022-09-07T19:54:13.218 INFO:teuthology.orchestra.run.smithi002.stdout:/usr/bin/ceph: stderr
2022-09-07T19:54:12.515+0000 7f7e22ffd700 1 -- 172.21.15.2:0/3654601707 <== mon.0 v2:172.21.15.2:3300/0 5 ==== osd_map(3..3 src has 1..3) v4 ==== 1151+0+0 (secure 0 0 0) 0x7f7e30048970 con 0x7f7e341058a0
2022-09-07T19:54:13.218 INFO:teuthology.orchestra.run.smithi002.stdout:/usr/bin/ceph: stderr
2022-09-07T19:54:12.517+0000 7f7e397da700 1 --2- 172.21.15.2:0/3654601707 >> [v2:172.21.15.2:6800/332297307,v1:172.21.15.2:6801/332297307] conn(0x7f7e1c0359d0 0x7f7e1c037e80 unknown :-1 s=BANNER_CONNECTING pgs=0 cs=0 l=1 rev1=0 crypto rx=0 tx=0 comp rx=0 tx=0)._handle_peer_banner_payload supported=3 required=0
2022-09-07T19:54:13.219 INFO:teuthology.orchestra.run.smithi002.stdout:/usr/bin/ceph: stderr
2022-09-07T19:54:12.518+0000 7f7e397da700 1 --2- 172.21.15.2:0/3654601707 >> [v2:172.21.15.2:6800/332297307,v1:172.21.15.2:6801/332297307] conn(0x7f7e1c0359d0 0x7f7e1c037e80 secure :-1 s=READY pgs=10 cs=0 l=1 rev1=1 crypto rx=0x7f7e24009750 tx=0x7f7e24006cc0 comp rx=0 tx=0).ready entity=mgr.14154 client_cookie=0 server_cookie=0 in_seq=0 out_seq=0
2022-09-07T19:54:13.219 INFO:teuthology.orchestra.run.smithi002.stdout:/usr/bin/ceph: stderr
2022-09-07T19:54:12.521+0000 7f7e22ffd700 1 -- 172.21.15.2:0/3654601707 <== mon.0 v2:172.21.15.2:3300/0 6 ==== mon_command_ack([{"prefix": "get_command_descriptions"}]=0 v0) v1 ==== 72+0+171119 (secure 0 0 0) 0x7f7e3002b340 con 0x7f7e341058a0
2022-09-07T19:54:13.219 INFO:teuthology.orchestra.run.smithi002.stdout:/usr/bin/ceph: stderr
2022-09-07T19:54:12.758+0000 7f7e3c23f700 1 -- 172.21.15.2:0/3654601707 --> [v2:172.21.15.2:3300/0,v1:172.21.15.2:6789/0] -- mon_command([{prefix=config set, name=osd_memory_target_autotune}] v 0) v1 -- 0x7f7e3419d2c0 con 0x7f7e341058a0
2022-09-07T19:54:13.219 INFO:teuthology.orchestra.run.smithi002.stdout:/usr/bin/ceph: stderr
2022-09-07T19:54:12.758+0000 7f7e22ffd700 1 -- 172.21.15.2:0/3654601707 <== mon.0 v2:172.21.15.2:3300/0 7 ==== mon_command_ack([{prefix=config set, name=osd_memory_target_autotune}]=0 v8)=0 v8) v1 ==== 127+0+0 (secure 0 0 0) 0x7f7e30018b40 con 0x7f7e341058a0
2022-09-07T19:54:13.220 INFO:teuthology.orchestra.run.smithi002.stdout:/usr/bin/ceph: stderr
2022-09-07T19:54:12.761+0000 7f7e3c23f700 1 -- 172.21.15.2:0/3654601707 >> [v2:172.21.15.2:6800/332297307,v1:172.21.15.2:6801/332297307] conn(0x7f7e1c0359d0 msgr2=0x7f7e1c037e80 secure :-1 s=STATE_CONNECTION_ESTABLISHED l=1).mark_down
2022-09-07T19:54:13.220 INFO:teuthology.orchestra.run.smithi002.stdout:/usr/bin/ceph: stderr
2022-09-07T19:54:12.761+0000 7f7e3c23f700 1 --2- 172.21.15.2:0/3654601707 >> [v2:172.21.15.2:6800/332297307,v1:172.21.15.2:6801/332297307] conn(0x7f7e1c0359d0 0x7f7e1c037e80 secure :-1 s=READY pgs=10 cs=0 l=1 rev1=1 crypto rx=0x7f7e24009750 tx=0x7f7e24006cc0 comp rx=0 tx=0).stop
2022-09-07T19:54:13.220 INFO:teuthology.orchestra.run.smithi002.stdout:/usr/bin/ceph: stderr
2022-09-07T19:54:12.761+0000 7f7e3c23f700 1 -- 172.21.15.2:0/3654601707 >> [v2:172.21.15.2:3300/0,v1:172.21.15.2:6789/0] conn(0x7f7e341058a0 msgr2=0x7f7e34199450 secure :-1 s=STATE_CONNECTION_ESTABLISHED l=1).mark_down
2022-09-07T19:54:13.221 INFO:teuthology.orchestra.run.smithi002.stdout:/usr/bin/ceph: stderr
2022-09-07T19:54:12.761+0000 7f7e3c23f700 1 --2- 172.21.15.2:0/3654601707 >> [v2:172.21.15.2:3300/0,v1:172.21.15.2:6789/0] conn(0x7f7e341058a0 0x7f7e34199450 secure :-1 s=READY pgs=79 cs=0 l=1 rev1=1 crypto rx=0x7f7e30004090 tx=0x7f7e30004170 comp rx=0 tx=0).stop
2022-09-07T19:54:13.221 INFO:teuthology.orchestra.run.smithi002.stdout:/usr/bin/ceph: stderr
2022-09-07T19:54:12.761+0000 7f7e3c23f700 1 -- 172.21.15.2:0/3654601707 shutdown_connections
2022-09-07T19:54:13.222 INFO:teuthology.orchestra.run.smithi002.stdout:/usr/bin/ceph: stderr
2022-09-07T19:54:12.761+0000 7f7e3c23f700 1 --2- 172.21.15.2:0/3654601707 >> [v2:172.21.15.2:6800/332297307,v1:172.21.15.2:6801/332297307] conn(0x7f7e1c0359d0 0x7f7e1c037e80 unknown :-1 s=CLOSED pgs=10 cs=0 l=1 rev1=1 crypto rx=0 tx=0 comp rx=0 tx=0).stop
2022-09-07T19:54:13.222 INFO:teuthology.orchestra.run.smithi002.stdout:/usr/bin/ceph: stderr
2022-09-07T19:54:12.761+0000 7f7e3c23f700 1 --2- 172.21.15.2:0/3654601707 >> [v2:172.21.15.2:3300/0,v1:172.21.15.2:6789/0] conn(0x7f7e341058a0 0x7f7e34199450 unknown :-1 s=CLOSED pgs=79 cs=0 l=1 rev1=1 crypto rx=0 tx=0 comp rx=0 tx=0).stop
2022-09-07T19:54:13.223 INFO:teuthology.orchestra.run.smithi002.stdout:/usr/bin/ceph: stderr
2022-09-07T19:54:12.761+0000 7f7e3c23f700 1 -- 172.21.15.2:0/3654601707 >> 172.21.15.2:0/3654601707 conn(0x7f7e34078de0 msgr2=0x7f7e341036e0 unknown :-1 s=STATE_NONE l=0).mark_down
2022-09-07T19:54:13.223 INFO:teuthology.orchestra.run.smithi002.stdout:/usr/bin/ceph: stderr
2022-09-07T19:54:12.762+0000 7f7e3c23f700 1 -- 172.21.15.2:0/3654601707 shutdown_connections
2022-09-07T19:54:13.223 INFO:teuthology.orchestra.run.smithi002.stdout:/usr/bin/ceph: stderr
2022-09-07T19:54:12.762+0000 7f7e3c23f700 1 -- 172.21.15.2:0/3654601707 wait complete.
2022-09-07T19:54:14.821 INFO:teuthology.orchestra.run.smithi002.stdout:/usr/bin/ceph: stderr
2022-09-07T19:54:14.077+0000 7f909b58e700 1 Processor -- start
2022-09-07T19:54:14.821 INFO:teuthology.orchestra.run.smithi002.stdout:/usr/bin/ceph: stderr
2022-09-07T19:54:14.077+0000 7f909b58e700 1 -- start start
2022-09-07T19:54:14.822 INFO:teuthology.orchestra.run.smithi002.stdout:/usr/bin/ceph: stderr
2022-09-07T19:54:14.078+0000 7f909b58e700 1 --2- >> [v2:172.21.15.2:3300/0,v1:172.21.15.2:6789/0] conn(0x7f9094104e20 0x7f9094105230 unknown :-1 s=NONE pgs=0 cs=0 l=0 rev1=0 crypto rx=0 tx=0 comp rx=0 tx=0).connect
2022-09-07T19:54:14.822 INFO:teuthology.orchestra.run.smithi002.stdout:/usr/bin/ceph: stderr
2022-09-07T19:54:14.078+0000 7f909b58e700 1 -- --> [v2:172.21.15.2:3300/0,v1:172.21.15.2:6789/0] -- mon_getmap magic: 0 v1 -- 0x7f9094105770 con 0x7f9094104e20
2022-09-07T19:54:14.822 INFO:teuthology.orchestra.run.smithi002.stdout:/usr/bin/ceph: stderr
2022-09-07T19:54:14.078+0000 7f909932a700 1 --2- >> [v2:172.21.15.2:3300/0,v1:172.21.15.2:6789/0] conn(0x7f9094104e20 0x7f9094105230 unknown :-1 s=BANNER_CONNECTING pgs=0 cs=0 l=0 rev1=0 crypto rx=0 tx=0 comp rx=0 tx=0)._handle_peer_banner_payload supported=3 required=0
2022-09-07T19:54:14.822 INFO:teuthology.orchestra.run.smithi002.stdout:/usr/bin/ceph: stderr
2022-09-07T19:54:14.078+0000 7f909932a700 1 --2- >> [v2:172.21.15.2:3300/0,v1:172.21.15.2:6789/0] conn(0x7f9094104e20 0x7f9094105230 unknown :-1 s=HELLO_CONNECTING pgs=0 cs=0 l=0 rev1=1 crypto rx=0 tx=0 comp rx=0 tx=0).handle_hello peer v2:172.21.15.2:3300/0 says I am v2:172.21.15.2:35026/0 (socket says 172.21.15.2:35026)
2022-09-07T19:54:14.823 INFO:teuthology.orchestra.run.smithi002.stdout:/usr/bin/ceph: stderr
2022-09-07T19:54:14.078+0000 7f909932a700 1 -- 172.21.15.2:0/3198757423 learned_addr learned my addr 172.21.15.2:0/3198757423 (peer_addr_for_me v2:172.21.15.2:0/0)
2022-09-07T19:54:14.823 INFO:teuthology.orchestra.run.smithi002.stdout:/usr/bin/ceph: stderr
2022-09-07T19:54:14.079+0000 7f909932a700 1 -- 172.21.15.2:0/3198757423 --> [v2:172.21.15.2:3300/0,v1:172.21.15.2:6789/0] -- mon_subscribe({config=0+,monmap=0+}) v3 -- 0x7f90941058b0 con 0x7f9094104e20
2022-09-07T19:54:14.823 INFO:teuthology.orchestra.run.smithi002.stdout:/usr/bin/ceph: stderr
2022-09-07T19:54:14.079+0000 7f909932a700 1 --2- 172.21.15.2:0/3198757423 >> [v2:172.21.15.2:3300/0,v1:172.21.15.2:6789/0] conn(0x7f9094104e20 0x7f9094105230 secure :-1 s=READY pgs=80 cs=0 l=1 rev1=1 crypto rx=0x7f9090009700 tx=0x7f9090009a10 comp rx=0 tx=0).ready entity=mon.0 client_cookie=8f07ab6a44f16a8b server_cookie=0 in_seq=0 out_seq=0
2022-09-07T19:54:14.824 INFO:teuthology.orchestra.run.smithi002.stdout:/usr/bin/ceph: stderr
2022-09-07T19:54:14.079+0000 7f9083fff700 1 -- 172.21.15.2:0/3198757423 <== mon.0 v2:172.21.15.2:3300/0 1 ==== mon_map magic: 0 v1 ==== 205+0+0 (secure 0 0 0) 0x7f9090004160 con 0x7f9094104e20
2022-09-07T19:54:14.825 INFO:teuthology.orchestra.run.smithi002.stdout:/usr/bin/ceph: stderr
2022-09-07T19:54:14.079+0000 7f9083fff700 1 -- 172.21.15.2:0/3198757423 <== mon.0 v2:172.21.15.2:3300/0 2 ==== config(28 keys) v1 ==== 1149+0+0 (secure 0 0 0) 0x7f90900042c0 con 0x7f9094104e20
2022-09-07T19:54:14.825 INFO:teuthology.orchestra.run.smithi002.stdout:/usr/bin/ceph: stderr
2022-09-07T19:54:14.079+0000 7f9083fff700 1 -- 172.21.15.2:0/3198757423 <== mon.0 v2:172.21.15.2:3300/0 3 ==== mon_map magic: 0 v1 ==== 205+0+0 (secure 0 0 0) 0x7f9090003bc0 con 0x7f9094104e20
2022-09-07T19:54:14.825 INFO:teuthology.orchestra.run.smithi002.stdout:/usr/bin/ceph: stderr
2022-09-07T19:54:14.080+0000 7f909b58e700 1 -- 172.21.15.2:0/3198757423 >> [v2:172.21.15.2:3300/0,v1:172.21.15.2:6789/0] conn(0x7f9094104e20 msgr2=0x7f9094105230 secure :-1 s=STATE_CONNECTION_ESTABLISHED l=1).mark_down
2022-09-07T19:54:14.825 INFO:teuthology.orchestra.run.smithi002.stdout:/usr/bin/ceph: stderr
2022-09-07T19:54:14.080+0000 7f909b58e700 1 --2- 172.21.15.2:0/3198757423 >> [v2:172.21.15.2:3300/0,v1:172.21.15.2:6789/0] conn(0x7f9094104e20 0x7f9094105230 secure :-1 s=READY pgs=80 cs=0 l=1 rev1=1 crypto rx=0x7f9090009700 tx=0x7f9090009a10 comp rx=0 tx=0).stop
2022-09-07T19:54:14.826 INFO:teuthology.orchestra.run.smithi002.stdout:/usr/bin/ceph: stderr
2022-09-07T19:54:14.080+0000 7f909b58e700 1 -- 172.21.15.2:0/3198757423 shutdown_connections
2022-09-07T19:54:14.826 INFO:teuthology.orchestra.run.smithi002.stdout:/usr/bin/ceph: stderr
2022-09-07T19:54:14.080+0000 7f909b58e700 1 --2- 172.21.15.2:0/3198757423 >> [v2:172.21.15.2:3300/0,v1:172.21.15.2:6789/0] conn(0x7f9094104e20 0x7f9094105230 unknown :-1 s=CLOSED pgs=80 cs=0 l=1 rev1=1 crypto rx=0 tx=0 comp rx=0 tx=0).stop
2022-09-07T19:54:14.826 INFO:teuthology.orchestra.run.smithi002.stdout:/usr/bin/ceph: stderr
2022-09-07T19:54:14.080+0000 7f909b58e700 1 -- 172.21.15.2:0/3198757423 >> 172.21.15.2:0/3198757423 conn(0x7f90940fee60 msgr2=0x7f9094101290 unknown :-1 s=STATE_NONE l=0).mark_down
2022-09-07T19:54:14.826 INFO:teuthology.orchestra.run.smithi002.stdout:/usr/bin/ceph: stderr
2022-09-07T19:54:14.080+0000 7f909b58e700 1 -- 172.21.15.2:0/3198757423 shutdown_connections
2022-09-07T19:54:14.827 INFO:teuthology.orchestra.run.smithi002.stdout:/usr/bin/ceph: stderr
2022-09-07T19:54:14.080+0000 7f909b58e700 1 -- 172.21.15.2:0/3198757423 wait complete.
2022-09-07T19:54:14.827 INFO:teuthology.orchestra.run.smithi002.stdout:/usr/bin/ceph: stderr
2022-09-07T19:54:14.082+0000 7f909b58e700 1 Processor -- start
2022-09-07T19:54:14.827 INFO:teuthology.orchestra.run.smithi002.stdout:/usr/bin/ceph: stderr
2022-09-07T19:54:14.082+0000 7f909b58e700 1 -- start start
2022-09-07T19:54:14.827 INFO:teuthology.orchestra.run.smithi002.stdout:/usr/bin/ceph: stderr
2022-09-07T19:54:14.083+0000 7f909b58e700 1 --2- >> [v2:172.21.15.2:3300/0,v1:172.21.15.2:6789/0] conn(0x7f9094104e20 0x7f9094079c30 unknown :-1 s=NONE pgs=0 cs=0 l=1 rev1=0 crypto rx=0 tx=0 comp rx=0 tx=0).connect
2022-09-07T19:54:14.828 INFO:teuthology.orchestra.run.smithi002.stdout:/usr/bin/ceph: stderr
2022-09-07T19:54:14.083+0000 7f909b58e700 1 -- --> [v2:172.21.15.2:3300/0,v1:172.21.15.2:6789/0] -- mon_getmap magic: 0 v1 -- 0x7f909407a170 con 0x7f9094104e20
2022-09-07T19:54:14.828 INFO:teuthology.orchestra.run.smithi002.stdout:/usr/bin/ceph: stderr
2022-09-07T19:54:14.083+0000 7f909932a700 1 --2- >> [v2:172.21.15.2:3300/0,v1:172.21.15.2:6789/0] conn(0x7f9094104e20 0x7f9094079c30 unknown :-1 s=BANNER_CONNECTING pgs=0 cs=0 l=1 rev1=0 crypto rx=0 tx=0 comp rx=0 tx=0)._handle_peer_banner_payload supported=3 required=0
2022-09-07T19:54:14.828 INFO:teuthology.orchestra.run.smithi002.stdout:/usr/bin/ceph: stderr
2022-09-07T19:54:14.083+0000 7f909932a700 1 --2- >> [v2:172.21.15.2:3300/0,v1:172.21.15.2:6789/0] conn(0x7f9094104e20 0x7f9094079c30 unknown :-1 s=HELLO_CONNECTING pgs=0 cs=0 l=1 rev1=1 crypto rx=0 tx=0 comp rx=0 tx=0).handle_hello peer v2:172.21.15.2:3300/0 says I am v2:172.21.15.2:35030/0 (socket says 172.21.15.2:35030)
2022-09-07T19:54:14.829 INFO:teuthology.orchestra.run.smithi002.stdout:/usr/bin/ceph: stderr
2022-09-07T19:54:14.083+0000 7f909932a700 1 -- 172.21.15.2:0/4292736796 learned_addr learned my addr 172.21.15.2:0/4292736796 (peer_addr_for_me v2:172.21.15.2:0/0)
2022-09-07T19:54:14.829 INFO:teuthology.orchestra.run.smithi002.stdout:/usr/bin/ceph: stderr
2022-09-07T19:54:14.083+0000 7f909932a700 1 -- 172.21.15.2:0/4292736796 --> [v2:172.21.15.2:3300/0,v1:172.21.15.2:6789/0] -- mon_subscribe({config=0+,monmap=0+}) v3 -- 0x7f90900093e0 con 0x7f9094104e20
2022-09-07T19:54:14.829 INFO:teuthology.orchestra.run.smithi002.stdout:/usr/bin/ceph: stderr
2022-09-07T19:54:14.084+0000 7f909932a700 1 --2- 172.21.15.2:0/4292736796 >> [v2:172.21.15.2:3300/0,v1:172.21.15.2:6789/0] conn(0x7f9094104e20 0x7f9094079c30 secure :-1 s=READY pgs=81 cs=0 l=1 rev1=1 crypto rx=0x7f9090004090 tx=0x7f9090004170 comp rx=0 tx=0).ready entity=mon.0 client_cookie=0 server_cookie=0 in_seq=0 out_seq=0
2022-09-07T19:54:14.829 INFO:teuthology.orchestra.run.smithi002.stdout:/usr/bin/ceph: stderr
2022-09-07T19:54:14.084+0000 7f90827fc700 1 -- 172.21.15.2:0/4292736796 <== mon.0 v2:172.21.15.2:3300/0 1 ==== mon_map magic: 0 v1 ==== 205+0+0 (secure 0 0 0) 0x7f9090011840 con 0x7f9094104e20
2022-09-07T19:54:14.830 INFO:teuthology.orchestra.run.smithi002.stdout:/usr/bin/ceph: stderr
2022-09-07T19:54:14.084+0000 7f90827fc700 1 -- 172.21.15.2:0/4292736796 <== mon.0 v2:172.21.15.2:3300/0 2 ==== config(28 keys) v1 ==== 1149+0+0 (secure 0 0 0) 0x7f909001a430 con 0x7f9094104e20
2022-09-07T19:54:14.830 INFO:teuthology.orchestra.run.smithi002.stdout:/usr/bin/ceph: stderr
2022-09-07T19:54:14.084+0000 7f90827fc700 1 -- 172.21.15.2:0/4292736796 <== mon.0 v2:172.21.15.2:3300/0 3 ==== mon_map magic: 0 v1 ==== 205+0+0 (secure 0 0 0) 0x7f9090019550 con 0x7f9094104e20
2022-09-07T19:54:14.830 INFO:teuthology.orchestra.run.smithi002.stdout:/usr/bin/ceph: stderr
2022-09-07T19:54:14.084+0000 7f909b58e700 1 -- 172.21.15.2:0/4292736796 --> [v2:172.21.15.2:3300/0,v1:172.21.15.2:6789/0] -- mon_subscribe({mgrmap=0+}) v3 -- 0x7f9094078270 con 0x7f9094104e20
2022-09-07T19:54:14.830 INFO:teuthology.orchestra.run.smithi002.stdout:/usr/bin/ceph: stderr
2022-09-07T19:54:14.084+0000 7f909b58e700 1 -- 172.21.15.2:0/4292736796 --> [v2:172.21.15.2:3300/0,v1:172.21.15.2:6789/0] -- mon_subscribe({osdmap=0}) v3 -- 0x7f90940786a0 con 0x7f9094104e20
2022-09-07T19:54:14.831 INFO:teuthology.orchestra.run.smithi002.stdout:/usr/bin/ceph: stderr
2022-09-07T19:54:14.085+0000 7f90827fc700 1 -- 172.21.15.2:0/4292736796 <== mon.0 v2:172.21.15.2:3300/0 4 ==== mgrmap(e 13) v1 ==== 42745+0+0 (secure 0 0 0) 0x7f909002a020 con 0x7f9094104e20
2022-09-07T19:54:14.831 INFO:teuthology.orchestra.run.smithi002.stdout:/usr/bin/ceph: stderr
2022-09-07T19:54:14.085+0000 7f909b58e700 1 -- 172.21.15.2:0/4292736796 --> [v2:172.21.15.2:3300/0,v1:172.21.15.2:6789/0] -- mon_command({"prefix": "get_command_descriptions"} v 0) v1 -- 0x7f9094060310 con 0x7f9094104e20
2022-09-07T19:54:14.831 INFO:teuthology.orchestra.run.smithi002.stdout:/usr/bin/ceph: stderr
2022-09-07T19:54:14.086+0000 7f90827fc700 1 --2- 172.21.15.2:0/4292736796 >> [v2:172.21.15.2:6800/332297307,v1:172.21.15.2:6801/332297307] conn(0x7f907c0359d0 0x7f907c037e80 unknown :-1 s=NONE pgs=0 cs=0 l=1 rev1=0 crypto rx=0 tx=0 comp rx=0 tx=0).connect
2022-09-07T19:54:14.831 INFO:teuthology.orchestra.run.smithi002.stdout:/usr/bin/ceph: stderr
2022-09-07T19:54:14.086+0000 7f90827fc700 1 -- 172.21.15.2:0/4292736796 <== mon.0 v2:172.21.15.2:3300/0 5 ==== osd_map(3..3 src has 1..3) v4 ==== 1151+0+0 (secure 0 0 0) 0x7f9090048a10 con 0x7f9094104e20
2022-09-07T19:54:14.832 INFO:teuthology.orchestra.run.smithi002.stdout:/usr/bin/ceph: stderr
2022-09-07T19:54:14.086+0000 7f9098b29700 1 --2- 172.21.15.2:0/4292736796 >> [v2:172.21.15.2:6800/332297307,v1:172.21.15.2:6801/332297307] conn(0x7f907c0359d0 0x7f907c037e80 unknown :-1 s=BANNER_CONNECTING pgs=0 cs=0 l=1 rev1=0 crypto rx=0 tx=0 comp rx=0 tx=0)._handle_peer_banner_payload supported=3 required=0
2022-09-07T19:54:14.832 INFO:teuthology.orchestra.run.smithi002.stdout:/usr/bin/ceph: stderr
2022-09-07T19:54:14.087+0000 7f9098b29700 1 --2- 172.21.15.2:0/4292736796 >> [v2:172.21.15.2:6800/332297307,v1:172.21.15.2:6801/332297307] conn(0x7f907c0359d0 0x7f907c037e80 secure :-1 s=READY pgs=11 cs=0 l=1 rev1=1 crypto rx=0x7f9084009750 tx=0x7f9084006cc0 comp rx=0 tx=0).ready entity=mgr.14154 client_cookie=0 server_cookie=0 in_seq=0 out_seq=0
2022-09-07T19:54:14.832 INFO:teuthology.orchestra.run.smithi002.stdout:/usr/bin/ceph: stderr
2022-09-07T19:54:14.090+0000 7f90827fc700 1 -- 172.21.15.2:0/4292736796 <== mon.0 v2:172.21.15.2:3300/0 6 ==== mon_command_ack([{"prefix": "get_command_descriptions"}]=0 v0) v1 ==== 72+0+171119 (secure 0 0 0) 0x7f9090018b40 con 0x7f9094104e20
2022-09-07T19:54:14.833 INFO:teuthology.orchestra.run.smithi002.stdout:/usr/bin/ceph: stderr
2022-09-07T19:54:14.420+0000 7f909b58e700 1 -- 172.21.15.2:0/4292736796 --> [v2:172.21.15.2:3300/0,v1:172.21.15.2:6789/0] -- mon_command([{prefix=config-key set, key=mgr/dashboard/cluster/status}] v 0) v1 -- 0x7f90941041c0 con 0x7f9094104e20
2022-09-07T19:54:14.833 INFO:teuthology.orchestra.run.smithi002.stdout:/usr/bin/ceph: stderr
2022-09-07T19:54:14.423+0000 7f90827fc700 1 -- 172.21.15.2:0/4292736796 <== mon.0 v2:172.21.15.2:3300/0 7 ==== mon_command_ack([{prefix=config-key set, key=mgr/dashboard/cluster/status}]=0 set mgr/dashboard/cluster/status v29)=0 set mgr/dashboard/cluster/status v29) v1 ==== 153+0+0 (secure 0 0 0) 0x7f9090018b40 con 0x7f9094104e20
2022-09-07T19:54:14.833 INFO:teuthology.orchestra.run.smithi002.stdout:/usr/bin/ceph: stderr
2022-09-07T19:54:14.425+0000 7f909b58e700 1 -- 172.21.15.2:0/4292736796 >> [v2:172.21.15.2:6800/332297307,v1:172.21.15.2:6801/332297307] conn(0x7f907c0359d0 msgr2=0x7f907c037e80 secure :-1 s=STATE_CONNECTION_ESTABLISHED l=1).mark_down
2022-09-07T19:54:14.834 INFO:teuthology.orchestra.run.smithi002.stdout:/usr/bin/ceph: stderr
2022-09-07T19:54:14.425+0000 7f909b58e700 1 --2- 172.21.15.2:0/4292736796 >> [v2:172.21.15.2:6800/332297307,v1:172.21.15.2:6801/332297307] conn(0x7f907c0359d0 0x7f907c037e80 secure :-1 s=READY pgs=11 cs=0 l=1 rev1=1 crypto rx=0x7f9084009750 tx=0x7f9084006cc0 comp rx=0 tx=0).stop
2022-09-07T19:54:14.834 INFO:teuthology.orchestra.run.smithi002.stdout:/usr/bin/ceph: stderr
2022-09-07T19:54:14.425+0000 7f909b58e700 1 -- 172.21.15.2:0/4292736796 >> [v2:172.21.15.2:3300/0,v1:172.21.15.2:6789/0] conn(0x7f9094104e20 msgr2=0x7f9094079c30 secure :-1 s=STATE_CONNECTION_ESTABLISHED l=1).mark_down
2022-09-07T19:54:14.834 INFO:teuthology.orchestra.run.smithi002.stdout:/usr/bin/ceph: stderr
2022-09-07T19:54:14.425+0000 7f909b58e700 1 --2- 172.21.15.2:0/4292736796 >> [v2:172.21.15.2:3300/0,v1:172.21.15.2:6789/0] conn(0x7f9094104e20 0x7f9094079c30 secure :-1 s=READY pgs=81 cs=0 l=1 rev1=1 crypto rx=0x7f9090004090 tx=0x7f9090004170 comp rx=0 tx=0).stop
2022-09-07T19:54:14.835 INFO:teuthology.orchestra.run.smithi002.stdout:/usr/bin/ceph: stderr
2022-09-07T19:54:14.426+0000 7f909b58e700 1 -- 172.21.15.2:0/4292736796 shutdown_connections
2022-09-07T19:54:14.835 INFO:teuthology.orchestra.run.smithi002.stdout:/usr/bin/ceph: stderr
2022-09-07T19:54:14.426+0000 7f909b58e700 1 --2- 172.21.15.2:0/4292736796 >> [v2:172.21.15.2:6800/332297307,v1:172.21.15.2:6801/332297307] conn(0x7f907c0359d0 0x7f907c037e80 unknown :-1 s=CLOSED pgs=11 cs=0 l=1 rev1=1 crypto rx=0 tx=0 comp rx=0 tx=0).stop
2022-09-07T19:54:14.835 INFO:teuthology.orchestra.run.smithi002.stdout:/usr/bin/ceph: stderr
2022-09-07T19:54:14.426+0000 7f909b58e700 1 --2- 172.21.15.2:0/4292736796 >> [v2:172.21.15.2:3300/0,v1:172.21.15.2:6789/0] conn(0x7f9094104e20 0x7f9094079c30 unknown :-1 s=CLOSED pgs=81 cs=0 l=1 rev1=1 crypto rx=0 tx=0 comp rx=0 tx=0).stop
2022-09-07T19:54:14.835 INFO:teuthology.orchestra.run.smithi002.stdout:/usr/bin/ceph: stderr
2022-09-07T19:54:14.426+0000 7f909b58e700 1 -- 172.21.15.2:0/4292736796 >> 172.21.15.2:0/4292736796 conn(0x7f90940fee60 msgr2=0x7f90940ffbc0 unknown :-1 s=STATE_NONE l=0).mark_down
2022-09-07T19:54:14.836 INFO:teuthology.orchestra.run.smithi002.stdout:/usr/bin/ceph: stderr
2022-09-07T19:54:14.426+0000 7f909b58e700 1 -- 172.21.15.2:0/4292736796 shutdown_connections
2022-09-07T19:54:14.836 INFO:teuthology.orchestra.run.smithi002.stdout:/usr/bin/ceph: stderr
2022-09-07T19:54:14.426+0000 7f909b58e700 1 -- 172.21.15.2:0/4292736796 wait complete.
2022-09-07T19:54:14.836 INFO:teuthology.orchestra.run.smithi002.stdout:/usr/bin/ceph: stderr set mgr/dashboard/cluster/status
2022-09-07T19:54:14.836 INFO:teuthology.orchestra.run.smithi002.stdout:You can access the Ceph CLI as following in case of multi-cluster or non-default config:
2022-09-07T19:54:14.837 INFO:teuthology.orchestra.run.smithi002.stdout:
2022-09-07T19:54:14.837 INFO:teuthology.orchestra.run.smithi002.stdout: sudo /home/ubuntu/cephtest/cephadm shell --fsid 847da2de-2ee6-11ed-8431-001a4aab830c -c /etc/ceph/ceph.conf -k /etc/ceph/ceph.client.admin.keyring
2022-09-07T19:54:14.837 INFO:teuthology.orchestra.run.smithi002.stdout:
2022-09-07T19:54:14.837 INFO:teuthology.orchestra.run.smithi002.stdout:Or, if you are only running a single cluster on this host:
2022-09-07T19:54:14.838 INFO:teuthology.orchestra.run.smithi002.stdout:
2022-09-07T19:54:14.838 INFO:teuthology.orchestra.run.smithi002.stdout: sudo /home/ubuntu/cephtest/cephadm shell
2022-09-07T19:54:14.838 INFO:teuthology.orchestra.run.smithi002.stdout:
2022-09-07T19:54:14.838 INFO:teuthology.orchestra.run.smithi002.stdout:Please consider enabling telemetry to help improve Ceph:
2022-09-07T19:54:14.839 INFO:teuthology.orchestra.run.smithi002.stdout:
2022-09-07T19:54:14.839 INFO:teuthology.orchestra.run.smithi002.stdout: ceph telemetry on
2022-09-07T19:54:14.839 INFO:teuthology.orchestra.run.smithi002.stdout:
2022-09-07T19:54:14.839 INFO:teuthology.orchestra.run.smithi002.stdout:For more information see:
2022-09-07T19:54:14.840 INFO:teuthology.orchestra.run.smithi002.stdout:
2022-09-07T19:54:14.840 INFO:teuthology.orchestra.run.smithi002.stdout: https://docs.ceph.com/en/latest/mgr/telemetry/
2022-09-07T19:54:14.840 INFO:teuthology.orchestra.run.smithi002.stdout:
2022-09-07T19:54:14.840 INFO:teuthology.orchestra.run.smithi002.stdout:Bootstrap complete.
2022-09-07T19:54:14.895 INFO:tasks.cephadm:Fetching config...
2022-09-07T19:54:14.896 DEBUG:teuthology.orchestra.run.smithi002:> set -ex
2022-09-07T19:54:14.897 DEBUG:teuthology.orchestra.run.smithi002:> dd if=/etc/ceph/ceph.conf of=/dev/stdout
2022-09-07T19:54:14.959 INFO:tasks.cephadm:Fetching client.admin keyring...
2022-09-07T19:54:14.960 DEBUG:teuthology.orchestra.run.smithi002:> set -ex
2022-09-07T19:54:14.960 DEBUG:teuthology.orchestra.run.smithi002:> dd if=/etc/ceph/ceph.client.admin.keyring of=/dev/stdout
2022-09-07T19:54:15.019 INFO:tasks.cephadm:Fetching mon keyring...
2022-09-07T19:54:15.020 DEBUG:teuthology.orchestra.run.smithi002:> set -ex
2022-09-07T19:54:15.020 DEBUG:teuthology.orchestra.run.smithi002:> sudo dd if=/var/lib/ceph/847da2de-2ee6-11ed-8431-001a4aab830c/mon.a/keyring of=/dev/stdout
2022-09-07T19:54:15.111 INFO:tasks.cephadm:Fetching pub ssh key...
2022-09-07T19:54:15.112 DEBUG:teuthology.orchestra.run.smithi002:> set -ex
2022-09-07T19:54:15.113 DEBUG:teuthology.orchestra.run.smithi002:> dd if=/home/ubuntu/cephtest/ceph.pub of=/dev/stdout
2022-09-07T19:54:15.173 INFO:tasks.cephadm:Installing pub ssh key for root users...
2022-09-07T19:54:15.174 DEBUG:teuthology.orchestra.run.smithi002:> sudo install -d -m 0700 /root/.ssh && echo 'ssh-rsa AAAAB3NzaC1yc2EAAAADAQABAAABgQDIaXt27DaVqHgZsGSbI7Ohk+GpGdFlqfvuEbsKW4a2oOU08MwMIhB1Z99kG2OYZNpLDqby9xYWL861PBXBRqhU5udcW832vrbTis4rf8+ZCkM5DjX2uyCIJTkxQm+uKPABLM93+B384KGpAwZ5Zd8PkvtbWZtkxqHS0EQoBI5/5K9+Uw5DYUEeas9oqadm8/KXUkNN96umu9utp5aYCxwflhVkeqcl+1eo4B9V2lXZIZzG3UJzwZcA0Jwn3VZRs3M//cnMuaGUowaxEU+j7exQ4aQcPRTmiSq5rJkB/1v/zsDARyIyutRdwtlujvgCFVBY8Hs+zLfelPyLxtobvZat8BxBD0WOscKKmaewVjfggt6afQIL3xhVkE42zW8P/oqaxYyKyY6Vw9YZ/gYwIC9c5LG9mBtLQhHwa77huQvexMzOR1Q+9shaFojg95DkgVqPJrz/MwxIw+YcFC/ubKtU0QtMbCFcDjh2BE7OqvLZF50y7D0dot/a5/Ki8TPYt7k= ceph-847da2de-2ee6-11ed-8431-001a4aab830c' | sudo tee -a /root/.ssh/authorized_keys && sudo chmod 0600 /root/.ssh/authorized_keys
2022-09-07T19:54:15.305 INFO:teuthology.orchestra.run.smithi002.stdout:ssh-rsa AAAAB3NzaC1yc2EAAAADAQABAAABgQDIaXt27DaVqHgZsGSbI7Ohk+GpGdFlqfvuEbsKW4a2oOU08MwMIhB1Z99kG2OYZNpLDqby9xYWL861PBXBRqhU5udcW832vrbTis4rf8+ZCkM5DjX2uyCIJTkxQm+uKPABLM93+B384KGpAwZ5Zd8PkvtbWZtkxqHS0EQoBI5/5K9+Uw5DYUEeas9oqadm8/KXUkNN96umu9utp5aYCxwflhVkeqcl+1eo4B9V2lXZIZzG3UJzwZcA0Jwn3VZRs3M//cnMuaGUowaxEU+j7exQ4aQcPRTmiSq5rJkB/1v/zsDARyIyutRdwtlujvgCFVBY8Hs+zLfelPyLxtobvZat8BxBD0WOscKKmaewVjfggt6afQIL3xhVkE42zW8P/oqaxYyKyY6Vw9YZ/gYwIC9c5LG9mBtLQhHwa77huQvexMzOR1Q+9shaFojg95DkgVqPJrz/MwxIw+YcFC/ubKtU0QtMbCFcDjh2BE7OqvLZF50y7D0dot/a5/Ki8TPYt7k= ceph-847da2de-2ee6-11ed-8431-001a4aab830c
2022-09-07T19:54:15.347 DEBUG:teuthology.orchestra.run.smithi192:> sudo install -d -m 0700 /root/.ssh && echo 'ssh-rsa AAAAB3NzaC1yc2EAAAADAQABAAABgQDIaXt27DaVqHgZsGSbI7Ohk+GpGdFlqfvuEbsKW4a2oOU08MwMIhB1Z99kG2OYZNpLDqby9xYWL861PBXBRqhU5udcW832vrbTis4rf8+ZCkM5DjX2uyCIJTkxQm+uKPABLM93+B384KGpAwZ5Zd8PkvtbWZtkxqHS0EQoBI5/5K9+Uw5DYUEeas9oqadm8/KXUkNN96umu9utp5aYCxwflhVkeqcl+1eo4B9V2lXZIZzG3UJzwZcA0Jwn3VZRs3M//cnMuaGUowaxEU+j7exQ4aQcPRTmiSq5rJkB/1v/zsDARyIyutRdwtlujvgCFVBY8Hs+zLfelPyLxtobvZat8BxBD0WOscKKmaewVjfggt6afQIL3xhVkE42zW8P/oqaxYyKyY6Vw9YZ/gYwIC9c5LG9mBtLQhHwa77huQvexMzOR1Q+9shaFojg95DkgVqPJrz/MwxIw+YcFC/ubKtU0QtMbCFcDjh2BE7OqvLZF50y7D0dot/a5/Ki8TPYt7k= ceph-847da2de-2ee6-11ed-8431-001a4aab830c' | sudo tee -a /root/.ssh/authorized_keys && sudo chmod 0600 /root/.ssh/authorized_keys
2022-09-07T19:54:15.392 INFO:teuthology.orchestra.run.smithi192.stdout:ssh-rsa AAAAB3NzaC1yc2EAAAADAQABAAABgQDIaXt27DaVqHgZsGSbI7Ohk+GpGdFlqfvuEbsKW4a2oOU08MwMIhB1Z99kG2OYZNpLDqby9xYWL861PBXBRqhU5udcW832vrbTis4rf8+ZCkM5DjX2uyCIJTkxQm+uKPABLM93+B384KGpAwZ5Zd8PkvtbWZtkxqHS0EQoBI5/5K9+Uw5DYUEeas9oqadm8/KXUkNN96umu9utp5aYCxwflhVkeqcl+1eo4B9V2lXZIZzG3UJzwZcA0Jwn3VZRs3M//cnMuaGUowaxEU+j7exQ4aQcPRTmiSq5rJkB/1v/zsDARyIyutRdwtlujvgCFVBY8Hs+zLfelPyLxtobvZat8BxBD0WOscKKmaewVjfggt6afQIL3xhVkE42zW8P/oqaxYyKyY6Vw9YZ/gYwIC9c5LG9mBtLQhHwa77huQvexMzOR1Q+9shaFojg95DkgVqPJrz/MwxIw+YcFC/ubKtU0QtMbCFcDjh2BE7OqvLZF50y7D0dot/a5/Ki8TPYt7k= ceph-847da2de-2ee6-11ed-8431-001a4aab830c
2022-09-07T19:54:15.405 DEBUG:teuthology.orchestra.run.smithi197:> sudo install -d -m 0700 /root/.ssh && echo 'ssh-rsa AAAAB3NzaC1yc2EAAAADAQABAAABgQDIaXt27DaVqHgZsGSbI7Ohk+GpGdFlqfvuEbsKW4a2oOU08MwMIhB1Z99kG2OYZNpLDqby9xYWL861PBXBRqhU5udcW832vrbTis4rf8+ZCkM5DjX2uyCIJTkxQm+uKPABLM93+B384KGpAwZ5Zd8PkvtbWZtkxqHS0EQoBI5/5K9+Uw5DYUEeas9oqadm8/KXUkNN96umu9utp5aYCxwflhVkeqcl+1eo4B9V2lXZIZzG3UJzwZcA0Jwn3VZRs3M//cnMuaGUowaxEU+j7exQ4aQcPRTmiSq5rJkB/1v/zsDARyIyutRdwtlujvgCFVBY8Hs+zLfelPyLxtobvZat8BxBD0WOscKKmaewVjfggt6afQIL3xhVkE42zW8P/oqaxYyKyY6Vw9YZ/gYwIC9c5LG9mBtLQhHwa77huQvexMzOR1Q+9shaFojg95DkgVqPJrz/MwxIw+YcFC/ubKtU0QtMbCFcDjh2BE7OqvLZF50y7D0dot/a5/Ki8TPYt7k= ceph-847da2de-2ee6-11ed-8431-001a4aab830c' | sudo tee -a /root/.ssh/authorized_keys && sudo chmod 0600 /root/.ssh/authorized_keys
2022-09-07T19:54:15.451 INFO:teuthology.orchestra.run.smithi197.stdout:ssh-rsa AAAAB3NzaC1yc2EAAAADAQABAAABgQDIaXt27DaVqHgZsGSbI7Ohk+GpGdFlqfvuEbsKW4a2oOU08MwMIhB1Z99kG2OYZNpLDqby9xYWL861PBXBRqhU5udcW832vrbTis4rf8+ZCkM5DjX2uyCIJTkxQm+uKPABLM93+B384KGpAwZ5Zd8PkvtbWZtkxqHS0EQoBI5/5K9+Uw5DYUEeas9oqadm8/KXUkNN96umu9utp5aYCxwflhVkeqcl+1eo4B9V2lXZIZzG3UJzwZcA0Jwn3VZRs3M//cnMuaGUowaxEU+j7exQ4aQcPRTmiSq5rJkB/1v/zsDARyIyutRdwtlujvgCFVBY8Hs+zLfelPyLxtobvZat8BxBD0WOscKKmaewVjfggt6afQIL3xhVkE42zW8P/oqaxYyKyY6Vw9YZ/gYwIC9c5LG9mBtLQhHwa77huQvexMzOR1Q+9shaFojg95DkgVqPJrz/MwxIw+YcFC/ubKtU0QtMbCFcDjh2BE7OqvLZF50y7D0dot/a5/Ki8TPYt7k= ceph-847da2de-2ee6-11ed-8431-001a4aab830c
2022-09-07T19:54:15.464 DEBUG:teuthology.orchestra.run.smithi002:> sudo /home/ubuntu/cephtest/cephadm --image quay.ceph.io/ceph-ci/ceph:152194198413033811b31149de909a7ec5852a7f shell -c /etc/ceph/ceph.conf -k /etc/ceph/ceph.client.admin.keyring --fsid 847da2de-2ee6-11ed-8431-001a4aab830c -- ceph config set mgr mgr/cephadm/allow_ptrace true
2022-09-07T19:54:15.918 INFO:journalctl@ceph.mon.a.smithi002.stdout:Sep 07 19:54:15 smithi002 ceph-mon[90061]: from='client.? 172.21.15.2:0/4292736796' entity='client.admin'
2022-09-07T19:54:16.349 INFO:teuthology.orchestra.run.smithi002.stderr:Inferring config /var/lib/ceph/847da2de-2ee6-11ed-8431-001a4aab830c/mon.a/config
2022-09-07T19:54:18.024 INFO:teuthology.orchestra.run.smithi002.stderr:2022-09-07T19:54:18.024+0000 7f095b9f3700 1 -- 172.21.15.2:0/3449794231 >> [v2:172.21.15.2:3300/0,v1:172.21.15.2:6789/0] conn(0x7f09540fe340 msgr2=0x7f0954100720 secure :-1 s=STATE_CONNECTION_ESTABLISHED l=1).mark_down
2022-09-07T19:54:18.025 INFO:teuthology.orchestra.run.smithi002.stderr:2022-09-07T19:54:18.024+0000 7f095b9f3700 1 --2- 172.21.15.2:0/3449794231 >> [v2:172.21.15.2:3300/0,v1:172.21.15.2:6789/0] conn(0x7f09540fe340 0x7f0954100720 secure :-1 s=READY pgs=82 cs=0 l=1 rev1=1 crypto rx=0x7f0950009790 tx=0x7f0950009aa0 comp rx=0 tx=0).stop
2022-09-07T19:54:18.025 INFO:teuthology.orchestra.run.smithi002.stderr:2022-09-07T19:54:18.024+0000 7f095b9f3700 1 -- 172.21.15.2:0/3449794231 shutdown_connections
2022-09-07T19:54:18.026 INFO:teuthology.orchestra.run.smithi002.stderr:2022-09-07T19:54:18.024+0000 7f095b9f3700 1 --2- 172.21.15.2:0/3449794231 >> [v2:172.21.15.2:3300/0,v1:172.21.15.2:6789/0] conn(0x7f09540fe340 0x7f0954100720 unknown :-1 s=CLOSED pgs=82 cs=0 l=1 rev1=1 crypto rx=0 tx=0 comp rx=0 tx=0).stop
2022-09-07T19:54:18.026 INFO:teuthology.orchestra.run.smithi002.stderr:2022-09-07T19:54:18.024+0000 7f095b9f3700 1 -- 172.21.15.2:0/3449794231 >> 172.21.15.2:0/3449794231 conn(0x7f09540f7d60 msgr2=0x7f09540fa1b0 unknown :-1 s=STATE_NONE l=0).mark_down
2022-09-07T19:54:18.027 INFO:teuthology.orchestra.run.smithi002.stderr:2022-09-07T19:54:18.024+0000 7f095b9f3700 1 -- 172.21.15.2:0/3449794231 shutdown_connections
2022-09-07T19:54:18.027 INFO:teuthology.orchestra.run.smithi002.stderr:2022-09-07T19:54:18.024+0000 7f095b9f3700 1 -- 172.21.15.2:0/3449794231 wait complete.
2022-09-07T19:54:18.031 INFO:teuthology.orchestra.run.smithi002.stderr:2022-09-07T19:54:18.025+0000 7f095b9f3700 1 Processor -- start
2022-09-07T19:54:18.031 INFO:teuthology.orchestra.run.smithi002.stderr:2022-09-07T19:54:18.026+0000 7f095b9f3700 1 -- start start
2022-09-07T19:54:18.032 INFO:teuthology.orchestra.run.smithi002.stderr:2022-09-07T19:54:18.026+0000 7f095b9f3700 1 --2- >> [v2:172.21.15.2:3300/0,v1:172.21.15.2:6789/0] conn(0x7f09540fe340 0x7f0954194c50 unknown :-1 s=NONE pgs=0 cs=0 l=1 rev1=0 crypto rx=0 tx=0 comp rx=0 tx=0).connect
2022-09-07T19:54:18.032 INFO:teuthology.orchestra.run.smithi002.stderr:2022-09-07T19:54:18.026+0000 7f095b9f3700 1 -- --> [v2:172.21.15.2:3300/0,v1:172.21.15.2:6789/0] -- mon_getmap magic: 0 v1 -- 0x7f0954195190 con 0x7f09540fe340
2022-09-07T19:54:18.032 INFO:teuthology.orchestra.run.smithi002.stderr:2022-09-07T19:54:18.026+0000 7f095978f700 1 --2- >> [v2:172.21.15.2:3300/0,v1:172.21.15.2:6789/0] conn(0x7f09540fe340 0x7f0954194c50 unknown :-1 s=BANNER_CONNECTING pgs=0 cs=0 l=1 rev1=0 crypto rx=0 tx=0 comp rx=0 tx=0)._handle_peer_banner_payload supported=3 required=0
