2022-09-07T19:53:50.744+0000 7fdb1e59c700 1 --2- >> [v2:172.21.15.2:3300/0,v1:172.21.15.2:6789/0] conn(0x7fdb20079d30 0x7fdb20199330 unknown :-1 s=HELLO_CONNECTING pgs=0 cs=0 l=1 rev1=1 crypto rx=0 tx=0 comp rx=0 tx=0).handle_hello peer v2:172.21.15.2:3300/0 says I am v2:172.21.15.2:53090/0 (socket says 172.21.15.2:53090)
2022-09-07T19:53:51.444 INFO:teuthology.orchestra.run.smithi002.stdout:/usr/bin/ceph: stderr
2022-09-07T19:53:50.744+0000 7fdb1e59c700 1 -- 172.21.15.2:0/734080463 learned_addr learned my addr 172.21.15.2:0/734080463 (peer_addr_for_me v2:172.21.15.2:0/0)
2022-09-07T19:53:51.444 INFO:teuthology.orchestra.run.smithi002.stdout:/usr/bin/ceph: stderr
2022-09-07T19:53:50.744+0000 7fdb1e59c700 1 -- 172.21.15.2:0/734080463 --> [v2:172.21.15.2:3300/0,v1:172.21.15.2:6789/0] -- mon_subscribe({config=0+,monmap=0+}) v3 -- 0x7fdb100093e0 con 0x7fdb20079d30
2022-09-07T19:53:51.445 INFO:teuthology.orchestra.run.smithi002.stdout:/usr/bin/ceph: stderr
2022-09-07T19:53:50.745+0000 7fdb1e59c700 1 --2- 172.21.15.2:0/734080463 >> [v2:172.21.15.2:3300/0,v1:172.21.15.2:6789/0] conn(0x7fdb20079d30 0x7fdb20199330 secure :-1 s=READY pgs=52 cs=0 l=1 rev1=1 crypto rx=0x7fdb10004060 tx=0x7fdb10004140 comp rx=0 tx=0).ready entity=mon.0 client_cookie=0 server_cookie=0 in_seq=0 out_seq=0
2022-09-07T19:53:51.445 INFO:teuthology.orchestra.run.smithi002.stdout:/usr/bin/ceph: stderr
2022-09-07T19:53:50.745+0000 7fdb0f7fe700 1 -- 172.21.15.2:0/734080463 <== mon.0 v2:172.21.15.2:3300/0 1 ==== mon_map magic: 0 v1 ==== 205+0+0 (secure 0 0 0) 0x7fdb10011840 con 0x7fdb20079d30
2022-09-07T19:53:51.445 INFO:teuthology.orchestra.run.smithi002.stdout:/usr/bin/ceph: stderr
2022-09-07T19:53:50.745+0000 7fdb0f7fe700 1 -- 172.21.15.2:0/734080463 <== mon.0 v2:172.21.15.2:3300/0 2 ==== config(28 keys) v1 ==== 1149+0+0 (secure 0 0 0) 0x7fdb10011e80 con 0x7fdb20079d30
2022-09-07T19:53:51.445 INFO:teuthology.orchestra.run.smithi002.stdout:/usr/bin/ceph: stderr
2022-09-07T19:53:50.745+0000 7fdb0f7fe700 1 -- 172.21.15.2:0/734080463 <== mon.0 v2:172.21.15.2:3300/0 3 ==== mon_map magic: 0 v1 ==== 205+0+0 (secure 0 0 0) 0x7fdb100193c0 con 0x7fdb20079d30
2022-09-07T19:53:51.446 INFO:teuthology.orchestra.run.smithi002.stdout:/usr/bin/ceph: stderr
2022-09-07T19:53:50.745+0000 7fdb1f59e700 1 -- 172.21.15.2:0/734080463 --> [v2:172.21.15.2:3300/0,v1:172.21.15.2:6789/0] -- mon_subscribe({mgrmap=0+}) v3 -- 0x7fdb20199a70 con 0x7fdb20079d30
2022-09-07T19:53:51.446 INFO:teuthology.orchestra.run.smithi002.stdout:/usr/bin/ceph: stderr
2022-09-07T19:53:50.745+0000 7fdb1f59e700 1 -- 172.21.15.2:0/734080463 --> [v2:172.21.15.2:3300/0,v1:172.21.15.2:6789/0] -- mon_subscribe({osdmap=0}) v3 -- 0x7fdb20199ea0 con 0x7fdb20079d30
2022-09-07T19:53:51.446 INFO:teuthology.orchestra.run.smithi002.stdout:/usr/bin/ceph: stderr
2022-09-07T19:53:50.746+0000 7fdb0f7fe700 1 -- 172.21.15.2:0/734080463 <== mon.0 v2:172.21.15.2:3300/0 4 ==== mgrmap(e 8) v1 ==== 42690+0+0 (secure 0 0 0) 0x7fdb1002a020 con 0x7fdb20079d30
2022-09-07T19:53:51.447 INFO:teuthology.orchestra.run.smithi002.stdout:/usr/bin/ceph: stderr
2022-09-07T19:53:50.747+0000 7fdb1f59e700 1 -- 172.21.15.2:0/734080463 --> [v2:172.21.15.2:3300/0,v1:172.21.15.2:6789/0] -- mon_command({"prefix": "get_command_descriptions"} v 0) v1 -- 0x7fdb20060310 con 0x7fdb20079d30
2022-09-07T19:53:51.447 INFO:teuthology.orchestra.run.smithi002.stdout:/usr/bin/ceph: stderr
2022-09-07T19:53:50.747+0000 7fdb0f7fe700 1 --2- 172.21.15.2:0/734080463 >> [v2:172.21.15.2:6800/1003318464,v1:172.21.15.2:6801/1003318464] conn(0x7fdb040358f0 0x7fdb04037da0 unknown :-1 s=NONE pgs=0 cs=0 l=1 rev1=0 crypto rx=0 tx=0 comp rx=0 tx=0).connect
2022-09-07T19:53:51.447 INFO:teuthology.orchestra.run.smithi002.stdout:/usr/bin/ceph: stderr
2022-09-07T19:53:50.747+0000 7fdb0f7fe700 1 -- 172.21.15.2:0/734080463 <== mon.0 v2:172.21.15.2:3300/0 5 ==== osd_map(2..2 src has 1..2) v4 ==== 936+0+0 (secure 0 0 0) 0x7fdb10048720 con 0x7fdb20079d30
2022-09-07T19:53:51.447 INFO:teuthology.orchestra.run.smithi002.stdout:/usr/bin/ceph: stderr
2022-09-07T19:53:50.747+0000 7fdb1dd9b700 1 --2- 172.21.15.2:0/734080463 >> [v2:172.21.15.2:6800/1003318464,v1:172.21.15.2:6801/1003318464] conn(0x7fdb040358f0 0x7fdb04037da0 unknown :-1 s=BANNER_CONNECTING pgs=0 cs=0 l=1 rev1=0 crypto rx=0 tx=0 comp rx=0 tx=0)._handle_peer_banner_payload supported=3 required=0
2022-09-07T19:53:51.448 INFO:teuthology.orchestra.run.smithi002.stdout:/usr/bin/ceph: stderr
2022-09-07T19:53:50.748+0000 7fdb1dd9b700 1 --2- 172.21.15.2:0/734080463 >> [v2:172.21.15.2:6800/1003318464,v1:172.21.15.2:6801/1003318464] conn(0x7fdb040358f0 0x7fdb04037da0 secure :-1 s=READY pgs=13 cs=0 l=1 rev1=1 crypto rx=0x7fdb14009750 tx=0x7fdb14006cc0 comp rx=0 tx=0).ready entity=mgr.14122 client_cookie=0 server_cookie=0 in_seq=0 out_seq=0
2022-09-07T19:53:51.448 INFO:teuthology.orchestra.run.smithi002.stdout:/usr/bin/ceph: stderr
2022-09-07T19:53:50.754+0000 7fdb0f7fe700 1 -- 172.21.15.2:0/734080463 <== mon.0 v2:172.21.15.2:3300/0 6 ==== mon_command_ack([{"prefix": "get_command_descriptions"}]=0 v0) v1 ==== 72+0+171119 (secure 0 0 0) 0x7fdb10018b40 con 0x7fdb20079d30
2022-09-07T19:53:51.448 INFO:teuthology.orchestra.run.smithi002.stdout:/usr/bin/ceph: stderr
2022-09-07T19:53:51.007+0000 7fdb1f59e700 1 -- 172.21.15.2:0/734080463 --> [v2:172.21.15.2:6800/1003318464,v1:172.21.15.2:6801/1003318464] -- mgr_command(tid 0: {"prefix": "orch apply", "service_type": "mgr", "unmanaged": true, "target": ["mon-mgr", ""]}) v1 -- 0x7fdb2005f120 con 0x7fdb040358f0
2022-09-07T19:53:51.448 INFO:teuthology.orchestra.run.smithi002.stdout:/usr/bin/ceph: stderr
2022-09-07T19:53:51.012+0000 7fdb0f7fe700 1 -- 172.21.15.2:0/734080463 <== mgr.14122 v2:172.21.15.2:6800/1003318464 1 ==== mgr_command_reply(tid 0: 0 ) v1 ==== 8+0+24 (secure 0 0 0) 0x7fdb2005f120 con 0x7fdb040358f0
2022-09-07T19:53:51.449 INFO:teuthology.orchestra.run.smithi002.stdout:/usr/bin/ceph: stderr
2022-09-07T19:53:51.014+0000 7fdb1f59e700 1 -- 172.21.15.2:0/734080463 >> [v2:172.21.15.2:6800/1003318464,v1:172.21.15.2:6801/1003318464] conn(0x7fdb040358f0 msgr2=0x7fdb04037da0 secure :-1 s=STATE_CONNECTION_ESTABLISHED l=1).mark_down
2022-09-07T19:53:51.449 INFO:teuthology.orchestra.run.smithi002.stdout:/usr/bin/ceph: stderr
2022-09-07T19:53:51.014+0000 7fdb1f59e700 1 --2- 172.21.15.2:0/734080463 >> [v2:172.21.15.2:6800/1003318464,v1:172.21.15.2:6801/1003318464] conn(0x7fdb040358f0 0x7fdb04037da0 secure :-1 s=READY pgs=13 cs=0 l=1 rev1=1 crypto rx=0x7fdb14009750 tx=0x7fdb14006cc0 comp rx=0 tx=0).stop
2022-09-07T19:53:51.449 INFO:teuthology.orchestra.run.smithi002.stdout:/usr/bin/ceph: stderr
2022-09-07T19:53:51.014+0000 7fdb1f59e700 1 -- 172.21.15.2:0/734080463 >> [v2:172.21.15.2:3300/0,v1:172.21.15.2:6789/0] conn(0x7fdb20079d30 msgr2=0x7fdb20199330 secure :-1 s=STATE_CONNECTION_ESTABLISHED l=1).mark_down
2022-09-07T19:53:51.449 INFO:teuthology.orchestra.run.smithi002.stdout:/usr/bin/ceph: stderr
2022-09-07T19:53:51.014+0000 7fdb1f59e700 1 --2- 172.21.15.2:0/734080463 >> [v2:172.21.15.2:3300/0,v1:172.21.15.2:6789/0] conn(0x7fdb20079d30 0x7fdb20199330 secure :-1 s=READY pgs=52 cs=0 l=1 rev1=1 crypto rx=0x7fdb10004060 tx=0x7fdb10004140 comp rx=0 tx=0).stop
2022-09-07T19:53:51.450 INFO:teuthology.orchestra.run.smithi002.stdout:/usr/bin/ceph: stderr
2022-09-07T19:53:51.014+0000 7fdb1f59e700 1 -- 172.21.15.2:0/734080463 shutdown_connections
2022-09-07T19:53:51.450 INFO:teuthology.orchestra.run.smithi002.stdout:/usr/bin/ceph: stderr
2022-09-07T19:53:51.014+0000 7fdb1f59e700 1 --2- 172.21.15.2:0/734080463 >> [v2:172.21.15.2:6800/1003318464,v1:172.21.15.2:6801/1003318464] conn(0x7fdb040358f0 0x7fdb04037da0 unknown :-1 s=CLOSED pgs=13 cs=0 l=1 rev1=1 crypto rx=0 tx=0 comp rx=0 tx=0).stop
2022-09-07T19:53:51.450 INFO:teuthology.orchestra.run.smithi002.stdout:/usr/bin/ceph: stderr
2022-09-07T19:53:51.014+0000 7fdb1f59e700 1 --2- 172.21.15.2:0/734080463 >> [v2:172.21.15.2:3300/0,v1:172.21.15.2:6789/0] conn(0x7fdb20079d30 0x7fdb20199330 unknown :-1 s=CLOSED pgs=52 cs=0 l=1 rev1=1 crypto rx=0 tx=0 comp rx=0 tx=0).stop
2022-09-07T19:53:51.450 INFO:teuthology.orchestra.run.smithi002.stdout:/usr/bin/ceph: stderr
2022-09-07T19:53:51.014+0000 7fdb1f59e700 1 -- 172.21.15.2:0/734080463 >> 172.21.15.2:0/734080463 conn(0x7fdb200febd0 msgr2=0x7fdb20100310 unknown :-1 s=STATE_NONE l=0).mark_down
2022-09-07T19:53:51.451 INFO:teuthology.orchestra.run.smithi002.stdout:/usr/bin/ceph: stderr
2022-09-07T19:53:51.015+0000 7fdb1f59e700 1 -- 172.21.15.2:0/734080463 shutdown_connections
2022-09-07T19:53:51.451 INFO:teuthology.orchestra.run.smithi002.stdout:/usr/bin/ceph: stderr
2022-09-07T19:53:51.015+0000 7fdb1f59e700 1 -- 172.21.15.2:0/734080463 wait complete.
2022-09-07T19:53:51.918 INFO:journalctl@ceph.mon.a.smithi002.stdout:Sep 07 19:53:51 smithi002 ceph-mon[90061]: from='mgr.14122 172.21.15.2:0/3691503554' entity='mgr.x'
2022-09-07T19:53:51.918 INFO:journalctl@ceph.mon.a.smithi002.stdout:Sep 07 19:53:51 smithi002 ceph-mon[90061]: from='mgr.14122 172.21.15.2:0/3691503554' entity='mgr.x'
2022-09-07T19:53:51.918 INFO:journalctl@ceph.mon.a.smithi002.stdout:Sep 07 19:53:51 smithi002 ceph-mon[90061]: from='mgr.14122 172.21.15.2:0/3691503554' entity='mgr.x'
2022-09-07T19:53:52.849 INFO:teuthology.orchestra.run.smithi002.stdout:/usr/bin/ceph: stderr
2022-09-07T19:53:52.118+0000 7fa111a99700 1 Processor -- start
2022-09-07T19:53:52.850 INFO:teuthology.orchestra.run.smithi002.stdout:/usr/bin/ceph: stderr
2022-09-07T19:53:52.118+0000 7fa111a99700 1 -- start start
2022-09-07T19:53:52.850 INFO:teuthology.orchestra.run.smithi002.stdout:/usr/bin/ceph: stderr
2022-09-07T19:53:52.119+0000 7fa111a99700 1 --2- >> [v2:172.21.15.2:3300/0,v1:172.21.15.2:6789/0] conn(0x7fa10c077c30 0x7fa10c108710 unknown :-1 s=NONE pgs=0 cs=0 l=0 rev1=0 crypto rx=0 tx=0 comp rx=0 tx=0).connect
2022-09-07T19:53:52.851 INFO:teuthology.orchestra.run.smithi002.stdout:/usr/bin/ceph: stderr
2022-09-07T19:53:52.119+0000 7fa111a99700 1 -- --> [v2:172.21.15.2:3300/0,v1:172.21.15.2:6789/0] -- mon_getmap magic: 0 v1 -- 0x7fa10c104100 con 0x7fa10c077c30
2022-09-07T19:53:52.852 INFO:teuthology.orchestra.run.smithi002.stdout:/usr/bin/ceph: stderr
2022-09-07T19:53:52.119+0000 7fa10b7fe700 1 --2- >> [v2:172.21.15.2:3300/0,v1:172.21.15.2:6789/0] conn(0x7fa10c077c30 0x7fa10c108710 unknown :-1 s=BANNER_CONNECTING pgs=0 cs=0 l=0 rev1=0 crypto rx=0 tx=0 comp rx=0 tx=0)._handle_peer_banner_payload supported=3 required=0
2022-09-07T19:53:52.852 INFO:teuthology.orchestra.run.smithi002.stdout:/usr/bin/ceph: stderr
2022-09-07T19:53:52.119+0000 7fa10b7fe700 1 --2- >> [v2:172.21.15.2:3300/0,v1:172.21.15.2:6789/0] conn(0x7fa10c077c30 0x7fa10c108710 unknown :-1 s=HELLO_CONNECTING pgs=0 cs=0 l=0 rev1=1 crypto rx=0 tx=0 comp rx=0 tx=0).handle_hello peer v2:172.21.15.2:3300/0 says I am v2:172.21.15.2:53100/0 (socket says 172.21.15.2:53100)
2022-09-07T19:53:52.853 INFO:teuthology.orchestra.run.smithi002.stdout:/usr/bin/ceph: stderr
2022-09-07T19:53:52.119+0000 7fa10b7fe700 1 -- 172.21.15.2:0/432901511 learned_addr learned my addr 172.21.15.2:0/432901511 (peer_addr_for_me v2:172.21.15.2:0/0)
2022-09-07T19:53:52.853 INFO:teuthology.orchestra.run.smithi002.stdout:/usr/bin/ceph: stderr
2022-09-07T19:53:52.120+0000 7fa10b7fe700 1 -- 172.21.15.2:0/432901511 --> [v2:172.21.15.2:3300/0,v1:172.21.15.2:6789/0] -- mon_subscribe({config=0+,monmap=0+}) v3 -- 0x7fa10c108c50 con 0x7fa10c077c30
2022-09-07T19:53:52.853 INFO:teuthology.orchestra.run.smithi002.stdout:/usr/bin/ceph: stderr
2022-09-07T19:53:52.120+0000 7fa10b7fe700 1 --2- 172.21.15.2:0/432901511 >> [v2:172.21.15.2:3300/0,v1:172.21.15.2:6789/0] conn(0x7fa10c077c30 0x7fa10c108710 secure :-1 s=READY pgs=53 cs=0 l=1 rev1=1 crypto rx=0x7fa0fc009700 tx=0x7fa0fc009a10 comp rx=0 tx=0).ready entity=mon.0 client_cookie=f1fb72af1e627def server_cookie=0 in_seq=0 out_seq=0
2022-09-07T19:53:52.854 INFO:teuthology.orchestra.run.smithi002.stdout:/usr/bin/ceph: stderr
2022-09-07T19:53:52.120+0000 7fa10a7fc700 1 -- 172.21.15.2:0/432901511 <== mon.0 v2:172.21.15.2:3300/0 1 ==== mon_map magic: 0 v1 ==== 205+0+0 (secure 0 0 0) 0x7fa0fc004160 con 0x7fa10c077c30
2022-09-07T19:53:52.854 INFO:teuthology.orchestra.run.smithi002.stdout:/usr/bin/ceph: stderr
2022-09-07T19:53:52.121+0000 7fa10a7fc700 1 -- 172.21.15.2:0/432901511 <== mon.0 v2:172.21.15.2:3300/0 2 ==== config(28 keys) v1 ==== 1149+0+0 (secure 0 0 0) 0x7fa0fc0042c0 con 0x7fa10c077c30
2022-09-07T19:53:52.855 INFO:teuthology.orchestra.run.smithi002.stdout:/usr/bin/ceph: stderr
2022-09-07T19:53:52.121+0000 7fa10a7fc700 1 -- 172.21.15.2:0/432901511 <== mon.0 v2:172.21.15.2:3300/0 3 ==== mon_map magic: 0 v1 ==== 205+0+0 (secure 0 0 0) 0x7fa0fc003bc0 con 0x7fa10c077c30
2022-09-07T19:53:52.856 INFO:teuthology.orchestra.run.smithi002.stdout:/usr/bin/ceph: stderr
2022-09-07T19:53:52.121+0000 7fa111a99700 1 -- 172.21.15.2:0/432901511 >> [v2:172.21.15.2:3300/0,v1:172.21.15.2:6789/0] conn(0x7fa10c077c30 msgr2=0x7fa10c108710 secure :-1 s=STATE_CONNECTION_ESTABLISHED l=1).mark_down
2022-09-07T19:53:52.856 INFO:teuthology.orchestra.run.smithi002.stdout:/usr/bin/ceph: stderr
2022-09-07T19:53:52.121+0000 7fa111a99700 1 --2- 172.21.15.2:0/432901511 >> [v2:172.21.15.2:3300/0,v1:172.21.15.2:6789/0] conn(0x7fa10c077c30 0x7fa10c108710 secure :-1 s=READY pgs=53 cs=0 l=1 rev1=1 crypto rx=0x7fa0fc009700 tx=0x7fa0fc009a10 comp rx=0 tx=0).stop
2022-09-07T19:53:52.856 INFO:teuthology.orchestra.run.smithi002.stdout:/usr/bin/ceph: stderr
2022-09-07T19:53:52.122+0000 7fa111a99700 1 -- 172.21.15.2:0/432901511 shutdown_connections
2022-09-07T19:53:52.857 INFO:teuthology.orchestra.run.smithi002.stdout:/usr/bin/ceph: stderr
2022-09-07T19:53:52.122+0000 7fa111a99700 1 --2- 172.21.15.2:0/432901511 >> [v2:172.21.15.2:3300/0,v1:172.21.15.2:6789/0] conn(0x7fa10c077c30 0x7fa10c108710 unknown :-1 s=CLOSED pgs=53 cs=0 l=1 rev1=1 crypto rx=0 tx=0 comp rx=0 tx=0).stop
2022-09-07T19:53:52.857 INFO:teuthology.orchestra.run.smithi002.stdout:/usr/bin/ceph: stderr
2022-09-07T19:53:52.122+0000 7fa111a99700 1 -- 172.21.15.2:0/432901511 >> 172.21.15.2:0/432901511 conn(0x7fa10c0fdcc0 msgr2=0x7fa10c1000f0 unknown :-1 s=STATE_NONE l=0).mark_down
2022-09-07T19:53:52.858 INFO:teuthology.orchestra.run.smithi002.stdout:/usr/bin/ceph: stderr
2022-09-07T19:53:52.122+0000 7fa111a99700 1 -- 172.21.15.2:0/432901511 shutdown_connections
2022-09-07T19:53:52.858 INFO:teuthology.orchestra.run.smithi002.stdout:/usr/bin/ceph: stderr
2022-09-07T19:53:52.122+0000 7fa111a99700 1 -- 172.21.15.2:0/432901511 wait complete.
2022-09-07T19:53:52.858 INFO:teuthology.orchestra.run.smithi002.stdout:/usr/bin/ceph: stderr
2022-09-07T19:53:52.123+0000 7fa111a99700 1 Processor -- start
2022-09-07T19:53:52.859 INFO:teuthology.orchestra.run.smithi002.stdout:/usr/bin/ceph: stderr
2022-09-07T19:53:52.124+0000 7fa111a99700 1 -- start start
2022-09-07T19:53:52.859 INFO:teuthology.orchestra.run.smithi002.stdout:/usr/bin/ceph: stderr
2022-09-07T19:53:52.124+0000 7fa111a99700 1 --2- >> [v2:172.21.15.2:3300/0,v1:172.21.15.2:6789/0] conn(0x7fa10c077c30 0x7fa10c199520 unknown :-1 s=NONE pgs=0 cs=0 l=1 rev1=0 crypto rx=0 tx=0 comp rx=0 tx=0).connect
2022-09-07T19:53:52.859 INFO:teuthology.orchestra.run.smithi002.stdout:/usr/bin/ceph: stderr
2022-09-07T19:53:52.124+0000 7fa111a99700 1 -- --> [v2:172.21.15.2:3300/0,v1:172.21.15.2:6789/0] -- mon_getmap magic: 0 v1 -- 0x7fa10c199a60 con 0x7fa10c077c30
2022-09-07T19:53:52.860 INFO:teuthology.orchestra.run.smithi002.stdout:/usr/bin/ceph: stderr
2022-09-07T19:53:52.124+0000 7fa10b7fe700 1 --2- >> [v2:172.21.15.2:3300/0,v1:172.21.15.2:6789/0] conn(0x7fa10c077c30 0x7fa10c199520 unknown :-1 s=BANNER_CONNECTING pgs=0 cs=0 l=1 rev1=0 crypto rx=0 tx=0 comp rx=0 tx=0)._handle_peer_banner_payload supported=3 required=0
2022-09-07T19:53:52.860 INFO:teuthology.orchestra.run.smithi002.stdout:/usr/bin/ceph: stderr
2022-09-07T19:53:52.124+0000 7fa10b7fe700 1 --2- >> [v2:172.21.15.2:3300/0,v1:172.21.15.2:6789/0] conn(0x7fa10c077c30 0x7fa10c199520 unknown :-1 s=HELLO_CONNECTING pgs=0 cs=0 l=1 rev1=1 crypto rx=0 tx=0 comp rx=0 tx=0).handle_hello peer v2:172.21.15.2:3300/0 says I am v2:172.21.15.2:53110/0 (socket says 172.21.15.2:53110)
2022-09-07T19:53:52.861 INFO:teuthology.orchestra.run.smithi002.stdout:/usr/bin/ceph: stderr
2022-09-07T19:53:52.124+0000 7fa10b7fe700 1 -- 172.21.15.2:0/3496709966 learned_addr learned my addr 172.21.15.2:0/3496709966 (peer_addr_for_me v2:172.21.15.2:0/0)
2022-09-07T19:53:52.861 INFO:teuthology.orchestra.run.smithi002.stdout:/usr/bin/ceph: stderr
2022-09-07T19:53:52.125+0000 7fa10b7fe700 1 -- 172.21.15.2:0/3496709966 --> [v2:172.21.15.2:3300/0,v1:172.21.15.2:6789/0] -- mon_subscribe({config=0+,monmap=0+}) v3 -- 0x7fa0fc0093e0 con 0x7fa10c077c30
2022-09-07T19:53:52.862 INFO:teuthology.orchestra.run.smithi002.stdout:/usr/bin/ceph: stderr
2022-09-07T19:53:52.125+0000 7fa10b7fe700 1 --2- 172.21.15.2:0/3496709966 >> [v2:172.21.15.2:3300/0,v1:172.21.15.2:6789/0] conn(0x7fa10c077c30 0x7fa10c199520 secure :-1 s=READY pgs=54 cs=0 l=1 rev1=1 crypto rx=0x7fa0fc004060 tx=0x7fa0fc004140 comp rx=0 tx=0).ready entity=mon.0 client_cookie=0 server_cookie=0 in_seq=0 out_seq=0
2022-09-07T19:53:52.862 INFO:teuthology.orchestra.run.smithi002.stdout:/usr/bin/ceph: stderr
2022-09-07T19:53:52.126+0000 7fa108ff9700 1 -- 172.21.15.2:0/3496709966 <== mon.0 v2:172.21.15.2:3300/0 1 ==== mon_map magic: 0 v1 ==== 205+0+0 (secure 0 0 0) 0x7fa0fc011840 con 0x7fa10c077c30
2022-09-07T19:53:52.862 INFO:teuthology.orchestra.run.smithi002.stdout:/usr/bin/ceph: stderr
2022-09-07T19:53:52.126+0000 7fa108ff9700 1 -- 172.21.15.2:0/3496709966 <== mon.0 v2:172.21.15.2:3300/0 2 ==== config(28 keys) v1 ==== 1149+0+0 (secure 0 0 0) 0x7fa0fc01a430 con 0x7fa10c077c30
2022-09-07T19:53:52.863 INFO:teuthology.orchestra.run.smithi002.stdout:/usr/bin/ceph: stderr
2022-09-07T19:53:52.126+0000 7fa108ff9700 1 -- 172.21.15.2:0/3496709966 <== mon.0 v2:172.21.15.2:3300/0 3 ==== mon_map magic: 0 v1 ==== 205+0+0 (secure 0 0 0) 0x7fa0fc0193c0 con 0x7fa10c077c30
2022-09-07T19:53:52.864 INFO:teuthology.orchestra.run.smithi002.stdout:/usr/bin/ceph: stderr
2022-09-07T19:53:52.126+0000 7fa111a99700 1 -- 172.21.15.2:0/3496709966 --> [v2:172.21.15.2:3300/0,v1:172.21.15.2:6789/0] -- mon_subscribe({mgrmap=0+}) v3 -- 0x7fa10c199c60 con 0x7fa10c077c30
2022-09-07T19:53:52.864 INFO:teuthology.orchestra.run.smithi002.stdout:/usr/bin/ceph: stderr
2022-09-07T19:53:52.126+0000 7fa111a99700 1 -- 172.21.15.2:0/3496709966 --> [v2:172.21.15.2:3300/0,v1:172.21.15.2:6789/0] -- mon_subscribe({osdmap=0}) v3 -- 0x7fa10c19a090 con 0x7fa10c077c30
2022-09-07T19:53:52.865 INFO:teuthology.orchestra.run.smithi002.stdout:/usr/bin/ceph: stderr
2022-09-07T19:53:52.128+0000 7fa108ff9700 1 -- 172.21.15.2:0/3496709966 <== mon.0 v2:172.21.15.2:3300/0 4 ==== mgrmap(e 8) v1 ==== 42690+0+0 (secure 0 0 0) 0x7fa0fc02a020 con 0x7fa10c077c30
2022-09-07T19:53:52.865 INFO:teuthology.orchestra.run.smithi002.stdout:/usr/bin/ceph: stderr
2022-09-07T19:53:52.128+0000 7fa111a99700 1 -- 172.21.15.2:0/3496709966 --> [v2:172.21.15.2:3300/0,v1:172.21.15.2:6789/0] -- mon_command({"prefix": "get_command_descriptions"} v 0) v1 -- 0x7fa10c1099f0 con 0x7fa10c077c30
2022-09-07T19:53:52.865 INFO:teuthology.orchestra.run.smithi002.stdout:/usr/bin/ceph: stderr
2022-09-07T19:53:52.128+0000 7fa108ff9700 1 --2- 172.21.15.2:0/3496709966 >> [v2:172.21.15.2:6800/1003318464,v1:172.21.15.2:6801/1003318464] conn(0x7fa0f8035980 0x7fa0f8037e30 unknown :-1 s=NONE pgs=0 cs=0 l=1 rev1=0 crypto rx=0 tx=0 comp rx=0 tx=0).connect
2022-09-07T19:53:52.866 INFO:teuthology.orchestra.run.smithi002.stdout:/usr/bin/ceph: stderr
2022-09-07T19:53:52.128+0000 7fa108ff9700 1 -- 172.21.15.2:0/3496709966 <== mon.0 v2:172.21.15.2:3300/0 5 ==== osd_map(2..2 src has 1..2) v4 ==== 936+0+0 (secure 0 0 0) 0x7fa0fc0487e0 con 0x7fa10c077c30
2022-09-07T19:53:52.866 INFO:teuthology.orchestra.run.smithi002.stdout:/usr/bin/ceph: stderr
2022-09-07T19:53:52.129+0000 7fa10affd700 1 --2- 172.21.15.2:0/3496709966 >> [v2:172.21.15.2:6800/1003318464,v1:172.21.15.2:6801/1003318464] conn(0x7fa0f8035980 0x7fa0f8037e30 unknown :-1 s=BANNER_CONNECTING pgs=0 cs=0 l=1 rev1=0 crypto rx=0 tx=0 comp rx=0 tx=0)._handle_peer_banner_payload supported=3 required=0
2022-09-07T19:53:52.867 INFO:teuthology.orchestra.run.smithi002.stdout:/usr/bin/ceph: stderr
2022-09-07T19:53:52.130+0000 7fa10affd700 1 --2- 172.21.15.2:0/3496709966 >> [v2:172.21.15.2:6800/1003318464,v1:172.21.15.2:6801/1003318464] conn(0x7fa0f8035980 0x7fa0f8037e30 secure :-1 s=READY pgs=14 cs=0 l=1 rev1=1 crypto rx=0x7fa100009750 tx=0x7fa100006cc0 comp rx=0 tx=0).ready entity=mgr.14122 client_cookie=0 server_cookie=0 in_seq=0 out_seq=0
2022-09-07T19:53:52.867 INFO:teuthology.orchestra.run.smithi002.stdout:/usr/bin/ceph: stderr
2022-09-07T19:53:52.134+0000 7fa108ff9700 1 -- 172.21.15.2:0/3496709966 <== mon.0 v2:172.21.15.2:3300/0 6 ==== mon_command_ack([{"prefix": "get_command_descriptions"}]=0 v0) v1 ==== 72+0+171119 (secure 0 0 0) 0x7fa0fc01a9b0 con 0x7fa10c077c30
2022-09-07T19:53:52.868 INFO:teuthology.orchestra.run.smithi002.stdout:/usr/bin/ceph: stderr
2022-09-07T19:53:52.369+0000 7fa111a99700 1 -- 172.21.15.2:0/3496709966 --> [v2:172.21.15.2:3300/0,v1:172.21.15.2:6789/0] -- mon_command([{prefix=config set, name=mgr/cephadm/container_init}] v 0) v1 -- 0x7fa10c19d2b0 con 0x7fa10c077c30
2022-09-07T19:53:52.868 INFO:teuthology.orchestra.run.smithi002.stdout:/usr/bin/ceph: stderr
2022-09-07T19:53:52.372+0000 7fa108ff9700 1 -- 172.21.15.2:0/3496709966 <== mon.0 v2:172.21.15.2:3300/0 7 ==== mon_command_ack([{prefix=config set, name=mgr/cephadm/container_init}]=0 v7)=0 v7) v1 ==== 142+0+0 (secure 0 0 0) 0x7fa0fc0187c0 con 0x7fa10c077c30
2022-09-07T19:53:52.869 INFO:teuthology.orchestra.run.smithi002.stdout:/usr/bin/ceph: stderr
2022-09-07T19:53:52.375+0000 7fa111a99700 1 -- 172.21.15.2:0/3496709966 >> [v2:172.21.15.2:6800/1003318464,v1:172.21.15.2:6801/1003318464] conn(0x7fa0f8035980 msgr2=0x7fa0f8037e30 secure :-1 s=STATE_CONNECTION_ESTABLISHED l=1).mark_down
2022-09-07T19:53:52.869 INFO:teuthology.orchestra.run.smithi002.stdout:/usr/bin/ceph: stderr
2022-09-07T19:53:52.375+0000 7fa111a99700 1 --2- 172.21.15.2:0/3496709966 >> [v2:172.21.15.2:6800/1003318464,v1:172.21.15.2:6801/1003318464] conn(0x7fa0f8035980 0x7fa0f8037e30 secure :-1 s=READY pgs=14 cs=0 l=1 rev1=1 crypto rx=0x7fa100009750 tx=0x7fa100006cc0 comp rx=0 tx=0).stop
2022-09-07T19:53:52.870 INFO:teuthology.orchestra.run.smithi002.stdout:/usr/bin/ceph: stderr
2022-09-07T19:53:52.375+0000 7fa111a99700 1 -- 172.21.15.2:0/3496709966 >> [v2:172.21.15.2:3300/0,v1:172.21.15.2:6789/0] conn(0x7fa10c077c30 msgr2=0x7fa10c199520 secure :-1 s=STATE_CONNECTION_ESTABLISHED l=1).mark_down
2022-09-07T19:53:52.871 INFO:teuthology.orchestra.run.smithi002.stdout:/usr/bin/ceph: stderr
2022-09-07T19:53:52.375+0000 7fa111a99700 1 --2- 172.21.15.2:0/3496709966 >> [v2:172.21.15.2:3300/0,v1:172.21.15.2:6789/0] conn(0x7fa10c077c30 0x7fa10c199520 secure :-1 s=READY pgs=54 cs=0 l=1 rev1=1 crypto rx=0x7fa0fc004060 tx=0x7fa0fc004140 comp rx=0 tx=0).stop
2022-09-07T19:53:52.871 INFO:teuthology.orchestra.run.smithi002.stdout:/usr/bin/ceph: stderr
2022-09-07T19:53:52.375+0000 7fa111a99700 1 -- 172.21.15.2:0/3496709966 shutdown_connections
2022-09-07T19:53:52.871 INFO:teuthology.orchestra.run.smithi002.stdout:/usr/bin/ceph: stderr
2022-09-07T19:53:52.375+0000 7fa111a99700 1 --2- 172.21.15.2:0/3496709966 >> [v2:172.21.15.2:6800/1003318464,v1:172.21.15.2:6801/1003318464] conn(0x7fa0f8035980 0x7fa0f8037e30 unknown :-1 s=CLOSED pgs=14 cs=0 l=1 rev1=1 crypto rx=0 tx=0 comp rx=0 tx=0).stop
2022-09-07T19:53:52.872 INFO:teuthology.orchestra.run.smithi002.stdout:/usr/bin/ceph: stderr
2022-09-07T19:53:52.375+0000 7fa111a99700 1 --2- 172.21.15.2:0/3496709966 >> [v2:172.21.15.2:3300/0,v1:172.21.15.2:6789/0] conn(0x7fa10c077c30 0x7fa10c199520 unknown :-1 s=CLOSED pgs=54 cs=0 l=1 rev1=1 crypto rx=0 tx=0 comp rx=0 tx=0).stop
2022-09-07T19:53:52.872 INFO:teuthology.orchestra.run.smithi002.stdout:/usr/bin/ceph: stderr
2022-09-07T19:53:52.375+0000 7fa111a99700 1 -- 172.21.15.2:0/3496709966 >> 172.21.15.2:0/3496709966 conn(0x7fa10c0fdcc0 msgr2=0x7fa10c0ff3e0 unknown :-1 s=STATE_NONE l=0).mark_down
2022-09-07T19:53:52.872 INFO:teuthology.orchestra.run.smithi002.stdout:/usr/bin/ceph: stderr
2022-09-07T19:53:52.375+0000 7fa111a99700 1 -- 172.21.15.2:0/3496709966 shutdown_connections
2022-09-07T19:53:52.873 INFO:teuthology.orchestra.run.smithi002.stdout:/usr/bin/ceph: stderr
2022-09-07T19:53:52.375+0000 7fa111a99700 1 -- 172.21.15.2:0/3496709966 wait complete.
2022-09-07T19:53:53.126 INFO:journalctl@ceph.mon.a.smithi002.stdout:Sep 07 19:53:52 smithi002 ceph-mon[90061]: from='client.14146 -' entity='client.admin' cmd=[{"prefix": "orch apply", "service_type": "mgr", "unmanaged": true, "target": ["mon-mgr", ""]}]: dispatch
2022-09-07T19:53:53.127 INFO:journalctl@ceph.mon.a.smithi002.stdout:Sep 07 19:53:52 smithi002 ceph-mon[90061]: Saving service mgr spec with placement count:2
2022-09-07T19:53:53.127 INFO:journalctl@ceph.mon.a.smithi002.stdout:Sep 07 19:53:52 smithi002 ceph-mon[90061]: from='client.? 172.21.15.2:0/3496709966' entity='client.admin'
2022-09-07T19:53:54.350 INFO:teuthology.orchestra.run.smithi002.stdout:/usr/bin/ceph: stderr
2022-09-07T19:53:53.495+0000 7f503e72a700 1 Processor -- start
2022-09-07T19:53:54.350 INFO:teuthology.orchestra.run.smithi002.stdout:/usr/bin/ceph: stderr
2022-09-07T19:53:53.496+0000 7f503e72a700 1 -- start start
2022-09-07T19:53:54.351 INFO:teuthology.orchestra.run.smithi002.stdout:/usr/bin/ceph: stderr
2022-09-07T19:53:53.496+0000 7f503e72a700 1 --2- >> [v2:172.21.15.2:3300/0,v1:172.21.15.2:6789/0] conn(0x7f5038104e20 0x7f5038105230 unknown :-1 s=NONE pgs=0 cs=0 l=0 rev1=0 crypto rx=0 tx=0 comp rx=0 tx=0).connect
2022-09-07T19:53:54.351 INFO:teuthology.orchestra.run.smithi002.stdout:/usr/bin/ceph: stderr
2022-09-07T19:53:53.496+0000 7f503e72a700 1 -- --> [v2:172.21.15.2:3300/0,v1:172.21.15.2:6789/0] -- mon_getmap magic: 0 v1 -- 0x7f5038105770 con 0x7f5038104e20
2022-09-07T19:53:54.351 INFO:teuthology.orchestra.run.smithi002.stdout:/usr/bin/ceph: stderr
2022-09-07T19:53:53.496+0000 7f5037fff700 1 --2- >> [v2:172.21.15.2:3300/0,v1:172.21.15.2:6789/0] conn(0x7f5038104e20 0x7f5038105230 unknown :-1 s=BANNER_CONNECTING pgs=0 cs=0 l=0 rev1=0 crypto rx=0 tx=0 comp rx=0 tx=0)._handle_peer_banner_payload supported=3 required=0
2022-09-07T19:53:54.352 INFO:teuthology.orchestra.run.smithi002.stdout:/usr/bin/ceph: stderr
2022-09-07T19:53:53.497+0000 7f5037fff700 1 --2- >> [v2:172.21.15.2:3300/0,v1:172.21.15.2:6789/0] conn(0x7f5038104e20 0x7f5038105230 unknown :-1 s=HELLO_CONNECTING pgs=0 cs=0 l=0 rev1=1 crypto rx=0 tx=0 comp rx=0 tx=0).handle_hello peer v2:172.21.15.2:3300/0 says I am v2:172.21.15.2:53122/0 (socket says 172.21.15.2:53122)
2022-09-07T19:53:54.352 INFO:teuthology.orchestra.run.smithi002.stdout:/usr/bin/ceph: stderr
2022-09-07T19:53:53.497+0000 7f5037fff700 1 -- 172.21.15.2:0/2023002510 learned_addr learned my addr 172.21.15.2:0/2023002510 (peer_addr_for_me v2:172.21.15.2:0/0)
2022-09-07T19:53:54.352 INFO:teuthology.orchestra.run.smithi002.stdout:/usr/bin/ceph: stderr
2022-09-07T19:53:53.497+0000 7f5037fff700 1 -- 172.21.15.2:0/2023002510 --> [v2:172.21.15.2:3300/0,v1:172.21.15.2:6789/0] -- mon_subscribe({config=0+,monmap=0+}) v3 -- 0x7f50381058b0 con 0x7f5038104e20
2022-09-07T19:53:54.352 INFO:teuthology.orchestra.run.smithi002.stdout:/usr/bin/ceph: stderr
2022-09-07T19:53:53.497+0000 7f5037fff700 1 --2- 172.21.15.2:0/2023002510 >> [v2:172.21.15.2:3300/0,v1:172.21.15.2:6789/0] conn(0x7f5038104e20 0x7f5038105230 secure :-1 s=READY pgs=55 cs=0 l=1 rev1=1 crypto rx=0x7f5028009700 tx=0x7f5028009a10 comp rx=0 tx=0).ready entity=mon.0 client_cookie=a56b2d55a9309215 server_cookie=0 in_seq=0 out_seq=0
2022-09-07T19:53:54.353 INFO:teuthology.orchestra.run.smithi002.stdout:/usr/bin/ceph: stderr
2022-09-07T19:53:53.498+0000 7f5036ffd700 1 -- 172.21.15.2:0/2023002510 <== mon.0 v2:172.21.15.2:3300/0 1 ==== mon_map magic: 0 v1 ==== 205+0+0 (secure 0 0 0) 0x7f5028004160 con 0x7f5038104e20
2022-09-07T19:53:54.353 INFO:teuthology.orchestra.run.smithi002.stdout:/usr/bin/ceph: stderr
2022-09-07T19:53:53.498+0000 7f5036ffd700 1 -- 172.21.15.2:0/2023002510 <== mon.0 v2:172.21.15.2:3300/0 2 ==== config(28 keys) v1 ==== 1149+0+0 (secure 0 0 0) 0x7f50280042c0 con 0x7f5038104e20
2022-09-07T19:53:54.353 INFO:teuthology.orchestra.run.smithi002.stdout:/usr/bin/ceph: stderr
2022-09-07T19:53:53.498+0000 7f5036ffd700 1 -- 172.21.15.2:0/2023002510 <== mon.0 v2:172.21.15.2:3300/0 3 ==== mon_map magic: 0 v1 ==== 205+0+0 (secure 0 0 0) 0x7f5028003bc0 con 0x7f5038104e20
2022-09-07T19:53:54.353 INFO:teuthology.orchestra.run.smithi002.stdout:/usr/bin/ceph: stderr
2022-09-07T19:53:53.498+0000 7f503e72a700 1 -- 172.21.15.2:0/2023002510 >> [v2:172.21.15.2:3300/0,v1:172.21.15.2:6789/0] conn(0x7f5038104e20 msgr2=0x7f5038105230 secure :-1 s=STATE_CONNECTION_ESTABLISHED l=1).mark_down
2022-09-07T19:53:54.353 INFO:teuthology.orchestra.run.smithi002.stdout:/usr/bin/ceph: stderr
2022-09-07T19:53:53.498+0000 7f503e72a700 1 --2- 172.21.15.2:0/2023002510 >> [v2:172.21.15.2:3300/0,v1:172.21.15.2:6789/0] conn(0x7f5038104e20 0x7f5038105230 secure :-1 s=READY pgs=55 cs=0 l=1 rev1=1 crypto rx=0x7f5028009700 tx=0x7f5028009a10 comp rx=0 tx=0).stop
2022-09-07T19:53:54.354 INFO:teuthology.orchestra.run.smithi002.stdout:/usr/bin/ceph: stderr
2022-09-07T19:53:53.498+0000 7f503e72a700 1 -- 172.21.15.2:0/2023002510 shutdown_connections
2022-09-07T19:53:54.354 INFO:teuthology.orchestra.run.smithi002.stdout:/usr/bin/ceph: stderr
2022-09-07T19:53:53.498+0000 7f503e72a700 1 --2- 172.21.15.2:0/2023002510 >> [v2:172.21.15.2:3300/0,v1:172.21.15.2:6789/0] conn(0x7f5038104e20 0x7f5038105230 unknown :-1 s=CLOSED pgs=55 cs=0 l=1 rev1=1 crypto rx=0 tx=0 comp rx=0 tx=0).stop
2022-09-07T19:53:54.354 INFO:teuthology.orchestra.run.smithi002.stdout:/usr/bin/ceph: stderr
2022-09-07T19:53:53.498+0000 7f503e72a700 1 -- 172.21.15.2:0/2023002510 >> 172.21.15.2:0/2023002510 conn(0x7f50380fee60 msgr2=0x7f5038101290 unknown :-1 s=STATE_NONE l=0).mark_down
2022-09-07T19:53:54.355 INFO:teuthology.orchestra.run.smithi002.stdout:/usr/bin/ceph: stderr
2022-09-07T19:53:53.498+0000 7f503e72a700 1 -- 172.21.15.2:0/2023002510 shutdown_connections
2022-09-07T19:53:54.355 INFO:teuthology.orchestra.run.smithi002.stdout:/usr/bin/ceph: stderr
2022-09-07T19:53:53.499+0000 7f503e72a700 1 -- 172.21.15.2:0/2023002510 wait complete.
2022-09-07T19:53:54.355 INFO:teuthology.orchestra.run.smithi002.stdout:/usr/bin/ceph: stderr
2022-09-07T19:53:53.500+0000 7f503e72a700 1 Processor -- start
2022-09-07T19:53:54.355 INFO:teuthology.orchestra.run.smithi002.stdout:/usr/bin/ceph: stderr
2022-09-07T19:53:53.500+0000 7f503e72a700 1 -- start start
2022-09-07T19:53:54.356 INFO:teuthology.orchestra.run.smithi002.stdout:/usr/bin/ceph: stderr
2022-09-07T19:53:53.500+0000 7f503e72a700 1 --2- >> [v2:172.21.15.2:3300/0,v1:172.21.15.2:6789/0] conn(0x7f5038104e20 0x7f50381995d0 unknown :-1 s=NONE pgs=0 cs=0 l=1 rev1=0 crypto rx=0 tx=0 comp rx=0 tx=0).connect
2022-09-07T19:53:54.356 INFO:teuthology.orchestra.run.smithi002.stdout:/usr/bin/ceph: stderr
2022-09-07T19:53:53.500+0000 7f503e72a700 1 -- --> [v2:172.21.15.2:3300/0,v1:172.21.15.2:6789/0] -- mon_getmap magic: 0 v1 -- 0x7f5038199b10 con 0x7f5038104e20
2022-09-07T19:53:54.356 INFO:teuthology.orchestra.run.smithi002.stdout:/usr/bin/ceph: stderr
2022-09-07T19:53:53.500+0000 7f5037fff700 1 --2- >> [v2:172.21.15.2:3300/0,v1:172.21.15.2:6789/0] conn(0x7f5038104e20 0x7f50381995d0 unknown :-1 s=BANNER_CONNECTING pgs=0 cs=0 l=1 rev1=0 crypto rx=0 tx=0 comp rx=0 tx=0)._handle_peer_banner_payload supported=3 required=0
2022-09-07T19:53:54.357 INFO:teuthology.orchestra.run.smithi002.stdout:/usr/bin/ceph: stderr
2022-09-07T19:53:53.500+0000 7f5037fff700 1 --2- >> [v2:172.21.15.2:3300/0,v1:172.21.15.2:6789/0] conn(0x7f5038104e20 0x7f50381995d0 unknown :-1 s=HELLO_CONNECTING pgs=0 cs=0 l=1 rev1=1 crypto rx=0 tx=0 comp rx=0 tx=0).handle_hello peer v2:172.21.15.2:3300/0 says I am v2:172.21.15.2:53134/0 (socket says 172.21.15.2:53134)
2022-09-07T19:53:54.357 INFO:teuthology.orchestra.run.smithi002.stdout:/usr/bin/ceph: stderr
2022-09-07T19:53:53.500+0000 7f5037fff700 1 -- 172.21.15.2:0/221394750 learned_addr learned my addr 172.21.15.2:0/221394750 (peer_addr_for_me v2:172.21.15.2:0/0)
2022-09-07T19:53:54.357 INFO:teuthology.orchestra.run.smithi002.stdout:/usr/bin/ceph: stderr
2022-09-07T19:53:53.501+0000 7f5037fff700 1 -- 172.21.15.2:0/221394750 --> [v2:172.21.15.2:3300/0,v1:172.21.15.2:6789/0] -- mon_subscribe({config=0+,monmap=0+}) v3 -- 0x7f50280093e0 con 0x7f5038104e20
2022-09-07T19:53:54.357 INFO:teuthology.orchestra.run.smithi002.stdout:/usr/bin/ceph: stderr
2022-09-07T19:53:53.501+0000 7f5037fff700 1 --2- 172.21.15.2:0/221394750 >> [v2:172.21.15.2:3300/0,v1:172.21.15.2:6789/0] conn(0x7f5038104e20 0x7f50381995d0 secure :-1 s=READY pgs=56 cs=0 l=1 rev1=1 crypto rx=0x7f5028004090 tx=0x7f5028004170 comp rx=0 tx=0).ready entity=mon.0 client_cookie=0 server_cookie=0 in_seq=0 out_seq=0
2022-09-07T19:53:54.358 INFO:teuthology.orchestra.run.smithi002.stdout:/usr/bin/ceph: stderr
2022-09-07T19:53:53.501+0000 7f50357fa700 1 -- 172.21.15.2:0/221394750 <== mon.0 v2:172.21.15.2:3300/0 1 ==== mon_map magic: 0 v1 ==== 205+0+0 (secure 0 0 0) 0x7f5028011840 con 0x7f5038104e20
2022-09-07T19:53:54.358 INFO:teuthology.orchestra.run.smithi002.stdout:/usr/bin/ceph: stderr
2022-09-07T19:53:53.501+0000 7f50357fa700 1 -- 172.21.15.2:0/221394750 <== mon.0 v2:172.21.15.2:3300/0 2 ==== config(28 keys) v1 ==== 1149+0+0 (secure 0 0 0) 0x7f502801a430 con 0x7f5038104e20
2022-09-07T19:53:54.358 INFO:teuthology.orchestra.run.smithi002.stdout:/usr/bin/ceph: stderr
2022-09-07T19:53:53.501+0000 7f50357fa700 1 -- 172.21.15.2:0/221394750 <== mon.0 v2:172.21.15.2:3300/0 3 ==== mon_map magic: 0 v1 ==== 205+0+0 (secure 0 0 0) 0x7f5028019550 con 0x7f5038104e20
2022-09-07T19:53:54.358 INFO:teuthology.orchestra.run.smithi002.stdout:/usr/bin/ceph: stderr
2022-09-07T19:53:53.501+0000 7f503e72a700 1 -- 172.21.15.2:0/221394750 --> [v2:172.21.15.2:3300/0,v1:172.21.15.2:6789/0] -- mon_subscribe({mgrmap=0+}) v3 -- 0x7f5038199d10 con 0x7f5038104e20
2022-09-07T19:53:54.358 INFO:teuthology.orchestra.run.smithi002.stdout:/usr/bin/ceph: stderr
2022-09-07T19:53:53.502+0000 7f503e72a700 1 -- 172.21.15.2:0/221394750 --> [v2:172.21.15.2:3300/0,v1:172.21.15.2:6789/0] -- mon_subscribe({osdmap=0}) v3 -- 0x7f503819a140 con 0x7f5038104e20
2022-09-07T19:53:54.359 INFO:teuthology.orchestra.run.smithi002.stdout:/usr/bin/ceph: stderr
2022-09-07T19:53:53.503+0000 7f503e72a700 1 -- 172.21.15.2:0/221394750 --> [v2:172.21.15.2:3300/0,v1:172.21.15.2:6789/0] -- mon_command({"prefix": "get_command_descriptions"} v 0) v1 -- 0x7f5038060310 con 0x7f5038104e20
2022-09-07T19:53:54.359 INFO:teuthology.orchestra.run.smithi002.stdout:/usr/bin/ceph: stderr
2022-09-07T19:53:53.503+0000 7f50357fa700 1 -- 172.21.15.2:0/221394750 <== mon.0 v2:172.21.15.2:3300/0 4 ==== mgrmap(e 8) v1 ==== 42690+0+0 (secure 0 0 0) 0x7f502802a020 con 0x7f5038104e20
2022-09-07T19:53:54.359 INFO:teuthology.orchestra.run.smithi002.stdout:/usr/bin/ceph: stderr
2022-09-07T19:53:53.503+0000 7f50357fa700 1 --2- 172.21.15.2:0/221394750 >> [v2:172.21.15.2:6800/1003318464,v1:172.21.15.2:6801/1003318464] conn(0x7f50240358f0 0x7f5024037da0 unknown :-1 s=NONE pgs=0 cs=0 l=1 rev1=0 crypto rx=0 tx=0 comp rx=0 tx=0).connect
2022-09-07T19:53:54.360 INFO:teuthology.orchestra.run.smithi002.stdout:/usr/bin/ceph: stderr
2022-09-07T19:53:53.503+0000 7f50357fa700 1 -- 172.21.15.2:0/221394750 <== mon.0 v2:172.21.15.2:3300/0 5 ==== osd_map(2..2 src has 1..2) v4 ==== 936+0+0 (secure 0 0 0) 0x7f5028048830 con 0x7f5038104e20
2022-09-07T19:53:54.360 INFO:teuthology.orchestra.run.smithi002.stdout:/usr/bin/ceph: stderr
2022-09-07T19:53:53.503+0000 7f50377fe700 1 --2- 172.21.15.2:0/221394750 >> [v2:172.21.15.2:6800/1003318464,v1:172.21.15.2:6801/1003318464] conn(0x7f50240358f0 0x7f5024037da0 unknown :-1 s=BANNER_CONNECTING pgs=0 cs=0 l=1 rev1=0 crypto rx=0 tx=0 comp rx=0 tx=0)._handle_peer_banner_payload supported=3 required=0
2022-09-07T19:53:54.360 INFO:teuthology.orchestra.run.smithi002.stdout:/usr/bin/ceph: stderr
2022-09-07T19:53:53.504+0000 7f50377fe700 1 --2- 172.21.15.2:0/221394750 >> [v2:172.21.15.2:6800/1003318464,v1:172.21.15.2:6801/1003318464] conn(0x7f50240358f0 0x7f5024037da0 secure :-1 s=READY pgs=15 cs=0 l=1 rev1=1 crypto rx=0x7f502c009750 tx=0x7f502c006cc0 comp rx=0 tx=0).ready entity=mgr.14122 client_cookie=0 server_cookie=0 in_seq=0 out_seq=0
2022-09-07T19:53:54.360 INFO:teuthology.orchestra.run.smithi002.stdout:/usr/bin/ceph: stderr
2022-09-07T19:53:53.509+0000 7f50357fa700 1 -- 172.21.15.2:0/221394750 <== mon.0 v2:172.21.15.2:3300/0 6 ==== mon_command_ack([{"prefix": "get_command_descriptions"}]=0 v0) v1 ==== 72+0+171119 (secure 0 0 0) 0x7f5028018b40 con 0x7f5038104e20
2022-09-07T19:53:54.361 INFO:teuthology.orchestra.run.smithi002.stdout:/usr/bin/ceph: stderr
2022-09-07T19:53:53.773+0000 7f503e72a700 1 -- 172.21.15.2:0/221394750 --> [v2:172.21.15.2:3300/0,v1:172.21.15.2:6789/0] -- mon_command([{prefix=config set, name=mgr/dashboard/ssl_server_port}] v 0) v1 -- 0x7f5038104170 con 0x7f5038104e20
2022-09-07T19:53:54.361 INFO:teuthology.orchestra.run.smithi002.stdout:/usr/bin/ceph: stderr
2022-09-07T19:53:53.776+0000 7f50357fa700 1 -- 172.21.15.2:0/221394750 <== mon.0 v2:172.21.15.2:3300/0 7 ==== mon_command_ack([{prefix=config set, name=mgr/dashboard/ssl_server_port}]=0 v8)=0 v8) v1 ==== 130+0+0 (secure 0 0 0) 0x7f5028018b40 con 0x7f5038104e20
2022-09-07T19:53:54.361 INFO:teuthology.orchestra.run.smithi002.stdout:/usr/bin/ceph: stderr
2022-09-07T19:53:53.779+0000 7f503e72a700 1 -- 172.21.15.2:0/221394750 >> [v2:172.21.15.2:6800/1003318464,v1:172.21.15.2:6801/1003318464] conn(0x7f50240358f0 msgr2=0x7f5024037da0 secure :-1 s=STATE_CONNECTION_ESTABLISHED l=1).mark_down
2022-09-07T19:53:54.361 INFO:teuthology.orchestra.run.smithi002.stdout:/usr/bin/ceph: stderr
2022-09-07T19:53:53.779+0000 7f503e72a700 1 --2- 172.21.15.2:0/221394750 >> [v2:172.21.15.2:6800/1003318464,v1:172.21.15.2:6801/1003318464] conn(0x7f50240358f0 0x7f5024037da0 secure :-1 s=READY pgs=15 cs=0 l=1 rev1=1 crypto rx=0x7f502c009750 tx=0x7f502c006cc0 comp rx=0 tx=0).stop
2022-09-07T19:53:54.362 INFO:teuthology.orchestra.run.smithi002.stdout:/usr/bin/ceph: stderr
2022-09-07T19:53:53.779+0000 7f503e72a700 1 -- 172.21.15.2:0/221394750 >> [v2:172.21.15.2:3300/0,v1:172.21.15.2:6789/0] conn(0x7f5038104e20 msgr2=0x7f50381995d0 secure :-1 s=STATE_CONNECTION_ESTABLISHED l=1).mark_down
2022-09-07T19:53:54.362 INFO:teuthology.orchestra.run.smithi002.stdout:/usr/bin/ceph: stderr
2022-09-07T19:53:53.779+0000 7f503e72a700 1 --2- 172.21.15.2:0/221394750 >> [v2:172.21.15.2:3300/0,v1:172.21.15.2:6789/0] conn(0x7f5038104e20 0x7f50381995d0 secure :-1 s=READY pgs=56 cs=0 l=1 rev1=1 crypto rx=0x7f5028004090 tx=0x7f5028004170 comp rx=0 tx=0).stop
2022-09-07T19:53:54.362 INFO:teuthology.orchestra.run.smithi002.stdout:/usr/bin/ceph: stderr
2022-09-07T19:53:53.779+0000 7f503e72a700 1 -- 172.21.15.2:0/221394750 shutdown_connections
2022-09-07T19:53:54.362 INFO:teuthology.orchestra.run.smithi002.stdout:/usr/bin/ceph: stderr
2022-09-07T19:53:53.779+0000 7f503e72a700 1 --2- 172.21.15.2:0/221394750 >> [v2:172.21.15.2:6800/1003318464,v1:172.21.15.2:6801/1003318464] conn(0x7f50240358f0 0x7f5024037da0 unknown :-1 s=CLOSED pgs=15 cs=0 l=1 rev1=1 crypto rx=0 tx=0 comp rx=0 tx=0).stop
2022-09-07T19:53:54.362 INFO:teuthology.orchestra.run.smithi002.stdout:/usr/bin/ceph: stderr
2022-09-07T19:53:53.779+0000 7f503e72a700 1 --2- 172.21.15.2:0/221394750 >> [v2:172.21.15.2:3300/0,v1:172.21.15.2:6789/0] conn(0x7f5038104e20 0x7f50381995d0 unknown :-1 s=CLOSED pgs=56 cs=0 l=1 rev1=1 crypto rx=0 tx=0 comp rx=0 tx=0).stop
2022-09-07T19:53:54.363 INFO:teuthology.orchestra.run.smithi002.stdout:/usr/bin/ceph: stderr
2022-09-07T19:53:53.779+0000 7f503e72a700 1 -- 172.21.15.2:0/221394750 >> 172.21.15.2:0/221394750 conn(0x7f50380fee60 msgr2=0x7f50380ffbc0 unknown :-1 s=STATE_NONE l=0).mark_down
2022-09-07T19:53:54.363 INFO:teuthology.orchestra.run.smithi002.stdout:/usr/bin/ceph: stderr
2022-09-07T19:53:53.780+0000 7f503e72a700 1 -- 172.21.15.2:0/221394750 shutdown_connections
2022-09-07T19:53:54.363 INFO:teuthology.orchestra.run.smithi002.stdout:/usr/bin/ceph: stderr
2022-09-07T19:53:53.780+0000 7f503e72a700 1 -- 172.21.15.2:0/221394750 wait complete.
2022-09-07T19:53:54.364 INFO:teuthology.orchestra.run.smithi002.stdout:Enabling the dashboard module...
2022-09-07T19:53:54.918 INFO:journalctl@ceph.mon.a.smithi002.stdout:Sep 07 19:53:54 smithi002 ceph-mon[90061]: from='client.? 172.21.15.2:0/221394750' entity='client.admin'
2022-09-07T19:53:54.918 INFO:journalctl@ceph.mon.a.smithi002.stdout:Sep 07 19:53:54 smithi002 ceph-mon[90061]: from='mgr.14122 172.21.15.2:0/3691503554' entity='mgr.x'
2022-09-07T19:53:55.978 INFO:journalctl@ceph.mon.a.smithi002.stdout:Sep 07 19:53:55 smithi002 ceph-mon[90061]: from='client.? 172.21.15.2:0/1081187198' entity='client.admin' cmd=[{"prefix": "mgr module enable", "module": "dashboard"}]: dispatch
2022-09-07T19:53:56.252 INFO:teuthology.orchestra.run.smithi002.stdout:/usr/bin/ceph: stderr
2022-09-07T19:53:55.022+0000 7fa40bdea700 1 Processor -- start
2022-09-07T19:53:56.252 INFO:teuthology.orchestra.run.smithi002.stdout:/usr/bin/ceph: stderr
2022-09-07T19:53:55.023+0000 7fa40bdea700 1 -- start start
2022-09-07T19:53:56.252 INFO:teuthology.orchestra.run.smithi002.stdout:/usr/bin/ceph: stderr
2022-09-07T19:53:55.023+0000 7fa40bdea700 1 --2- >> [v2:172.21.15.2:3300/0,v1:172.21.15.2:6789/0] conn(0x7fa404104e20 0x7fa404105230 unknown :-1 s=NONE pgs=0 cs=0 l=0 rev1=0 crypto rx=0 tx=0 comp rx=0 tx=0).connect
2022-09-07T19:53:56.253 INFO:teuthology.orchestra.run.smithi002.stdout:/usr/bin/ceph: stderr
2022-09-07T19:53:55.023+0000 7fa40bdea700 1 -- --> [v2:172.21.15.2:3300/0,v1:172.21.15.2:6789/0] -- mon_getmap magic: 0 v1 -- 0x7fa404105770 con 0x7fa404104e20
2022-09-07T19:53:56.253 INFO:teuthology.orchestra.run.smithi002.stdout:/usr/bin/ceph: stderr
2022-09-07T19:53:55.024+0000 7fa409b86700 1 --2- >> [v2:172.21.15.2:3300/0,v1:172.21.15.2:6789/0] conn(0x7fa404104e20 0x7fa404105230 unknown :-1 s=BANNER_CONNECTING pgs=0 cs=0 l=0 rev1=0 crypto rx=0 tx=0 comp rx=0 tx=0)._handle_peer_banner_payload supported=3 required=0
2022-09-07T19:53:56.253 INFO:teuthology.orchestra.run.smithi002.stdout:/usr/bin/ceph: stderr
2022-09-07T19:53:55.024+0000 7fa409b86700 1 --2- >> [v2:172.21.15.2:3300/0,v1:172.21.15.2:6789/0] conn(0x7fa404104e20 0x7fa404105230 unknown :-1 s=HELLO_CONNECTING pgs=0 cs=0 l=0 rev1=1 crypto rx=0 tx=0 comp rx=0 tx=0).handle_hello peer v2:172.21.15.2:3300/0 says I am v2:172.21.15.2:53142/0 (socket says 172.21.15.2:53142)
2022-09-07T19:53:56.253 INFO:teuthology.orchestra.run.smithi002.stdout:/usr/bin/ceph: stderr
2022-09-07T19:53:55.024+0000 7fa409b86700 1 -- 172.21.15.2:0/294720718 learned_addr learned my addr 172.21.15.2:0/294720718 (peer_addr_for_me v2:172.21.15.2:0/0)
2022-09-07T19:53:56.254 INFO:teuthology.orchestra.run.smithi002.stdout:/usr/bin/ceph: stderr
2022-09-07T19:53:55.025+0000 7fa409b86700 1 -- 172.21.15.2:0/294720718 --> [v2:172.21.15.2:3300/0,v1:172.21.15.2:6789/0] -- mon_subscribe({config=0+,monmap=0+}) v3 -- 0x7fa4041058b0 con 0x7fa404104e20
2022-09-07T19:53:56.254 INFO:teuthology.orchestra.run.smithi002.stdout:/usr/bin/ceph: stderr
2022-09-07T19:53:55.025+0000 7fa409b86700 1 --2- 172.21.15.2:0/294720718 >> [v2:172.21.15.2:3300/0,v1:172.21.15.2:6789/0] conn(0x7fa404104e20 0x7fa404105230 secure :-1 s=READY pgs=57 cs=0 l=1 rev1=1 crypto rx=0x7fa400009700 tx=0x7fa400009a10 comp rx=0 tx=0).ready entity=mon.0 client_cookie=4f82b706df766c5 server_cookie=0 in_seq=0 out_seq=0
2022-09-07T19:53:56.254 INFO:teuthology.orchestra.run.smithi002.stdout:/usr/bin/ceph: stderr
2022-09-07T19:53:55.025+0000 7fa408b84700 1 -- 172.21.15.2:0/294720718 <== mon.0 v2:172.21.15.2:3300/0 1 ==== mon_map magic: 0 v1 ==== 205+0+0 (secure 0 0 0) 0x7fa400004160 con 0x7fa404104e20
2022-09-07T19:53:56.254 INFO:teuthology.orchestra.run.smithi002.stdout:/usr/bin/ceph: stderr
2022-09-07T19:53:55.025+0000 7fa408b84700 1 -- 172.21.15.2:0/294720718 <== mon.0 v2:172.21.15.2:3300/0 2 ==== config(28 keys) v1 ==== 1149+0+0 (secure 0 0 0) 0x7fa4000042c0 con 0x7fa404104e20
2022-09-07T19:53:56.255 INFO:teuthology.orchestra.run.smithi002.stdout:/usr/bin/ceph: stderr
2022-09-07T19:53:55.025+0000 7fa408b84700 1 -- 172.21.15.2:0/294720718 <== mon.0 v2:172.21.15.2:3300/0 3 ==== mon_map magic: 0 v1 ==== 205+0+0 (secure 0 0 0) 0x7fa400003bc0 con 0x7fa404104e20
2022-09-07T19:53:56.255 INFO:teuthology.orchestra.run.smithi002.stdout:/usr/bin/ceph: stderr
2022-09-07T19:53:55.026+0000 7fa40bdea700 1 -- 172.21.15.2:0/294720718 >> [v2:172.21.15.2:3300/0,v1:172.21.15.2:6789/0] conn(0x7fa404104e20 msgr2=0x7fa404105230 secure :-1 s=STATE_CONNECTION_ESTABLISHED l=1).mark_down
2022-09-07T19:53:56.255 INFO:teuthology.orchestra.run.smithi002.stdout:/usr/bin/ceph: stderr
2022-09-07T19:53:55.026+0000 7fa40bdea700 1 --2- 172.21.15.2:0/294720718 >> [v2:172.21.15.2:3300/0,v1:172.21.15.2:6789/0] conn(0x7fa404104e20 0x7fa404105230 secure :-1 s=READY pgs=57 cs=0 l=1 rev1=1 crypto rx=0x7fa400009700 tx=0x7fa400009a10 comp rx=0 tx=0).stop
2022-09-07T19:53:56.255 INFO:teuthology.orchestra.run.smithi002.stdout:/usr/bin/ceph: stderr
2022-09-07T19:53:55.026+0000 7fa40bdea700 1 -- 172.21.15.2:0/294720718 shutdown_connections
2022-09-07T19:53:56.256 INFO:teuthology.orchestra.run.smithi002.stdout:/usr/bin/ceph: stderr
2022-09-07T19:53:55.026+0000 7fa40bdea700 1 --2- 172.21.15.2:0/294720718 >> [v2:172.21.15.2:3300/0,v1:172.21.15.2:6789/0] conn(0x7fa404104e20 0x7fa404105230 unknown :-1 s=CLOSED pgs=57 cs=0 l=1 rev1=1 crypto rx=0 tx=0 comp rx=0 tx=0).stop
2022-09-07T19:53:56.256 INFO:teuthology.orchestra.run.smithi002.stdout:/usr/bin/ceph: stderr
2022-09-07T19:53:55.026+0000 7fa40bdea700 1 -- 172.21.15.2:0/294720718 >> 172.21.15.2:0/294720718 conn(0x7fa4040fee60 msgr2=0x7fa404101290 unknown :-1 s=STATE_NONE l=0).mark_down
2022-09-07T19:53:56.256 INFO:teuthology.orchestra.run.smithi002.stdout:/usr/bin/ceph: stderr
2022-09-07T19:53:55.026+0000 7fa40bdea700 1 -- 172.21.15.2:0/294720718 shutdown_connections
2022-09-07T19:53:56.256 INFO:teuthology.orchestra.run.smithi002.stdout:/usr/bin/ceph: stderr
2022-09-07T19:53:55.026+0000 7fa40bdea700 1 -- 172.21.15.2:0/294720718 wait complete.
2022-09-07T19:53:56.257 INFO:teuthology.orchestra.run.smithi002.stdout:/usr/bin/ceph: stderr
2022-09-07T19:53:55.027+0000 7fa40bdea700 1 Processor -- start
2022-09-07T19:53:56.257 INFO:teuthology.orchestra.run.smithi002.stdout:/usr/bin/ceph: stderr
2022-09-07T19:53:55.028+0000 7fa40bdea700 1 -- start start
2022-09-07T19:53:56.257 INFO:teuthology.orchestra.run.smithi002.stdout:/usr/bin/ceph: stderr
2022-09-07T19:53:55.028+0000 7fa40bdea700 1 --2- >> [v2:172.21.15.2:3300/0,v1:172.21.15.2:6789/0] conn(0x7fa404104e20 0x7fa4041973d0 unknown :-1 s=NONE pgs=0 cs=0 l=1 rev1=0 crypto rx=0 tx=0 comp rx=0 tx=0).connect
2022-09-07T19:53:56.257 INFO:teuthology.orchestra.run.smithi002.stdout:/usr/bin/ceph: stderr
2022-09-07T19:53:55.028+0000 7fa40bdea700 1 -- --> [v2:172.21.15.2:3300/0,v1:172.21.15.2:6789/0] -- mon_getmap magic: 0 v1 -- 0x7fa404197910 con 0x7fa404104e20
2022-09-07T19:53:56.258 INFO:teuthology.orchestra.run.smithi002.stdout:/usr/bin/ceph: stderr
2022-09-07T19:53:55.028+0000 7fa409b86700 1 --2- >> [v2:172.21.15.2:3300/0,v1:172.21.15.2:6789/0] conn(0x7fa404104e20 0x7fa4041973d0 unknown :-1 s=BANNER_CONNECTING pgs=0 cs=0 l=1 rev1=0 crypto rx=0 tx=0 comp rx=0 tx=0)._handle_peer_banner_payload supported=3 required=0
2022-09-07T19:53:56.258 INFO:teuthology.orchestra.run.smithi002.stdout:/usr/bin/ceph: stderr
2022-09-07T19:53:55.028+0000 7fa409b86700 1 --2- >> [v2:172.21.15.2:3300/0,v1:172.21.15.2:6789/0] conn(0x7fa404104e20 0x7fa4041973d0 unknown :-1 s=HELLO_CONNECTING pgs=0 cs=0 l=1 rev1=1 crypto rx=0 tx=0 comp rx=0 tx=0).handle_hello peer v2:172.21.15.2:3300/0 says I am v2:172.21.15.2:53148/0 (socket says 172.21.15.2:53148)
2022-09-07T19:53:56.258 INFO:teuthology.orchestra.run.smithi002.stdout:/usr/bin/ceph: stderr
2022-09-07T19:53:55.028+0000 7fa409b86700 1 -- 172.21.15.2:0/1081187198 learned_addr learned my addr 172.21.15.2:0/1081187198 (peer_addr_for_me v2:172.21.15.2:0/0)
2022-09-07T19:53:56.258 INFO:teuthology.orchestra.run.smithi002.stdout:/usr/bin/ceph: stderr
2022-09-07T19:53:55.029+0000 7fa409b86700 1 -- 172.21.15.2:0/1081187198 --> [v2:172.21.15.2:3300/0,v1:172.21.15.2:6789/0] -- mon_subscribe({config=0+,monmap=0+}) v3 -- 0x7fa4000093e0 con 0x7fa404104e20
2022-09-07T19:53:56.259 INFO:teuthology.orchestra.run.smithi002.stdout:/usr/bin/ceph: stderr
2022-09-07T19:53:55.029+0000 7fa409b86700 1 --2- 172.21.15.2:0/1081187198 >> [v2:172.21.15.2:3300/0,v1:172.21.15.2:6789/0] conn(0x7fa404104e20 0x7fa4041973d0 secure :-1 s=READY pgs=58 cs=0 l=1 rev1=1 crypto rx=0x7fa4000040b0 tx=0x7fa400004190 comp rx=0 tx=0).ready entity=mon.0 client_cookie=0 server_cookie=0 in_seq=0 out_seq=0
2022-09-07T19:53:56.259 INFO:teuthology.orchestra.run.smithi002.stdout:/usr/bin/ceph: stderr
2022-09-07T19:53:55.029+0000 7fa3f2ffd700 1 -- 172.21.15.2:0/1081187198 <== mon.0 v2:172.21.15.2:3300/0 1 ==== mon_map magic: 0 v1 ==== 205+0+0 (secure 0 0 0) 0x7fa400011840 con 0x7fa404104e20
2022-09-07T19:53:56.259 INFO:teuthology.orchestra.run.smithi002.stdout:/usr/bin/ceph: stderr
2022-09-07T19:53:55.029+0000 7fa3f2ffd700 1 -- 172.21.15.2:0/1081187198 <== mon.0 v2:172.21.15.2:3300/0 2 ==== config(28 keys) v1 ==== 1149+0+0 (secure 0 0 0) 0x7fa40001a430 con 0x7fa404104e20
2022-09-07T19:53:56.259 INFO:teuthology.orchestra.run.smithi002.stdout:/usr/bin/ceph: stderr
