2022-09-07T21:30:49.849 INFO:teuthology.orchestra.run.smithi047.stdout:/usr/bin/ceph: stderr
2022-09-07T21:30:48.758+0000 7f08b72f3700 1 -- 172.21.15.47:0/2327169448 --> [v2:172.21.15.47:3300/0,v1:172.21.15.47:6789/0] -- mon_subscribe({mgrmap=0+}) v3 -- 0x7f08b0199840 con 0x7f08b0071ea0
2022-09-07T21:30:49.849 INFO:teuthology.orchestra.run.smithi047.stdout:/usr/bin/ceph: stderr
2022-09-07T21:30:48.758+0000 7f08b72f3700 1 -- 172.21.15.47:0/2327169448 --> [v2:172.21.15.47:3300/0,v1:172.21.15.47:6789/0] -- mon_subscribe({osdmap=0}) v3 -- 0x7f08b0199c70 con 0x7f08b0071ea0
2022-09-07T21:30:49.849 INFO:teuthology.orchestra.run.smithi047.stdout:/usr/bin/ceph: stderr
2022-09-07T21:30:48.759+0000 7f089f7fe700 1 -- 172.21.15.47:0/2327169448 <== mon.0 v2:172.21.15.47:3300/0 4 ==== mgrmap(e 11) v1 ==== 42623+0+0 (secure 0 0 0) 0x7f08ac02a020 con 0x7f08b0071ea0
2022-09-07T21:30:49.850 INFO:teuthology.orchestra.run.smithi047.stdout:/usr/bin/ceph: stderr
2022-09-07T21:30:48.759+0000 7f08b72f3700 1 -- 172.21.15.47:0/2327169448 --> [v2:172.21.15.47:3300/0,v1:172.21.15.47:6789/0] -- mon_command({"prefix": "get_command_descriptions"} v 0) v1 -- 0x7f08b0060310 con 0x7f08b0071ea0
2022-09-07T21:30:49.850 INFO:teuthology.orchestra.run.smithi047.stdout:/usr/bin/ceph: stderr
2022-09-07T21:30:48.760+0000 7f089f7fe700 1 --2- 172.21.15.47:0/2327169448 >> [v2:172.21.15.47:6800/429234829,v1:172.21.15.47:6801/429234829] conn(0x7f08980358a0 0x7f0898037d50 unknown :-1 s=NONE pgs=0 cs=0 l=1 rev1=0 crypto rx=0 tx=0 comp rx=0 tx=0).connect
2022-09-07T21:30:49.850 INFO:teuthology.orchestra.run.smithi047.stdout:/usr/bin/ceph: stderr
2022-09-07T21:30:48.760+0000 7f089f7fe700 1 -- 172.21.15.47:0/2327169448 <== mon.0 v2:172.21.15.47:3300/0 5 ==== osd_map(3..3 src has 1..3) v4 ==== 1151+0+0 (secure 0 0 0) 0x7f08ac0487f0 con 0x7f08b0071ea0
2022-09-07T21:30:49.851 INFO:teuthology.orchestra.run.smithi047.stdout:/usr/bin/ceph: stderr
2022-09-07T21:30:48.760+0000 7f08b5af0700 1 --2- 172.21.15.47:0/2327169448 >> [v2:172.21.15.47:6800/429234829,v1:172.21.15.47:6801/429234829] conn(0x7f08980358a0 0x7f0898037d50 unknown :-1 s=BANNER_CONNECTING pgs=0 cs=0 l=1 rev1=0 crypto rx=0 tx=0 comp rx=0 tx=0)._handle_peer_banner_payload supported=3 required=0
2022-09-07T21:30:49.851 INFO:teuthology.orchestra.run.smithi047.stdout:/usr/bin/ceph: stderr
2022-09-07T21:30:48.761+0000 7f08b5af0700 1 --2- 172.21.15.47:0/2327169448 >> [v2:172.21.15.47:6800/429234829,v1:172.21.15.47:6801/429234829] conn(0x7f08980358a0 0x7f0898037d50 secure :-1 s=READY pgs=7 cs=0 l=1 rev1=1 crypto rx=0x7f08a0009750 tx=0x7f08a0006cc0 comp rx=0 tx=0).ready entity=mgr.14152 client_cookie=0 server_cookie=0 in_seq=0 out_seq=0
2022-09-07T21:30:49.851 INFO:teuthology.orchestra.run.smithi047.stdout:/usr/bin/ceph: stderr
2022-09-07T21:30:48.765+0000 7f089f7fe700 1 -- 172.21.15.47:0/2327169448 <== mon.0 v2:172.21.15.47:3300/0 6 ==== mon_command_ack([{"prefix": "get_command_descriptions"}]=0 v0) v1 ==== 72+0+171119 (secure 0 0 0) 0x7f08ac01a5a0 con 0x7f08b0071ea0
2022-09-07T21:30:49.851 INFO:teuthology.orchestra.run.smithi047.stdout:/usr/bin/ceph: stderr
2022-09-07T21:30:48.844+0000 7f089f7fe700 1 -- 172.21.15.47:0/2327169448 <== mon.0 v2:172.21.15.47:3300/0 7 ==== mgrmap(e 12) v1 ==== 42703+0+0 (secure 0 0 0) 0x7f08ac017020 con 0x7f08b0071ea0
2022-09-07T21:30:49.852 INFO:teuthology.orchestra.run.smithi047.stdout:/usr/bin/ceph: stderr
2022-09-07T21:30:49.001+0000 7f08b72f3700 1 -- 172.21.15.47:0/2327169448 --> [v2:172.21.15.47:6800/429234829,v1:172.21.15.47:6801/429234829] -- mgr_command(tid 0: {"prefix": "dashboard create-self-signed-cert", "target": ["mon-mgr", ""]}) v1 -- 0x7f08b00fee60 con 0x7f08980358a0
2022-09-07T21:30:49.852 INFO:teuthology.orchestra.run.smithi047.stdout:/usr/bin/ceph: stderr
2022-09-07T21:30:49.208+0000 7f089f7fe700 1 -- 172.21.15.47:0/2327169448 <== mgr.14152 v2:172.21.15.47:6800/429234829 1 ==== mgr_command_reply(tid 0: 0 ) v1 ==== 8+0+32 (secure 0 0 0) 0x7f08b00fee60 con 0x7f08980358a0
2022-09-07T21:30:49.852 INFO:teuthology.orchestra.run.smithi047.stdout:/usr/bin/ceph: stderr
2022-09-07T21:30:49.211+0000 7f08b72f3700 1 -- 172.21.15.47:0/2327169448 >> [v2:172.21.15.47:6800/429234829,v1:172.21.15.47:6801/429234829] conn(0x7f08980358a0 msgr2=0x7f0898037d50 secure :-1 s=STATE_CONNECTION_ESTABLISHED l=1).mark_down
2022-09-07T21:30:49.852 INFO:teuthology.orchestra.run.smithi047.stdout:/usr/bin/ceph: stderr
2022-09-07T21:30:49.211+0000 7f08b72f3700 1 --2- 172.21.15.47:0/2327169448 >> [v2:172.21.15.47:6800/429234829,v1:172.21.15.47:6801/429234829] conn(0x7f08980358a0 0x7f0898037d50 secure :-1 s=READY pgs=7 cs=0 l=1 rev1=1 crypto rx=0x7f08a0009750 tx=0x7f08a0006cc0 comp rx=0 tx=0).stop
2022-09-07T21:30:49.853 INFO:teuthology.orchestra.run.smithi047.stdout:/usr/bin/ceph: stderr
2022-09-07T21:30:49.211+0000 7f08b72f3700 1 -- 172.21.15.47:0/2327169448 >> [v2:172.21.15.47:3300/0,v1:172.21.15.47:6789/0] conn(0x7f08b0071ea0 msgr2=0x7f08b0199100 secure :-1 s=STATE_CONNECTION_ESTABLISHED l=1).mark_down
2022-09-07T21:30:49.853 INFO:teuthology.orchestra.run.smithi047.stdout:/usr/bin/ceph: stderr
2022-09-07T21:30:49.211+0000 7f08b72f3700 1 --2- 172.21.15.47:0/2327169448 >> [v2:172.21.15.47:3300/0,v1:172.21.15.47:6789/0] conn(0x7f08b0071ea0 0x7f08b0199100 secure :-1 s=READY pgs=71 cs=0 l=1 rev1=1 crypto rx=0x7f08ac003560 tx=0x7f08ac003f60 comp rx=0 tx=0).stop
2022-09-07T21:30:49.853 INFO:teuthology.orchestra.run.smithi047.stdout:/usr/bin/ceph: stderr
2022-09-07T21:30:49.211+0000 7f08b72f3700 1 -- 172.21.15.47:0/2327169448 shutdown_connections
2022-09-07T21:30:49.853 INFO:teuthology.orchestra.run.smithi047.stdout:/usr/bin/ceph: stderr
2022-09-07T21:30:49.211+0000 7f08b72f3700 1 --2- 172.21.15.47:0/2327169448 >> [v2:172.21.15.47:6800/429234829,v1:172.21.15.47:6801/429234829] conn(0x7f08980358a0 0x7f0898037d50 unknown :-1 s=CLOSED pgs=7 cs=0 l=1 rev1=1 crypto rx=0 tx=0 comp rx=0 tx=0).stop
2022-09-07T21:30:49.854 INFO:teuthology.orchestra.run.smithi047.stdout:/usr/bin/ceph: stderr
2022-09-07T21:30:49.211+0000 7f08b72f3700 1 --2- 172.21.15.47:0/2327169448 >> [v2:172.21.15.47:3300/0,v1:172.21.15.47:6789/0] conn(0x7f08b0071ea0 0x7f08b0199100 unknown :-1 s=CLOSED pgs=71 cs=0 l=1 rev1=1 crypto rx=0 tx=0 comp rx=0 tx=0).stop
2022-09-07T21:30:49.854 INFO:teuthology.orchestra.run.smithi047.stdout:/usr/bin/ceph: stderr
2022-09-07T21:30:49.211+0000 7f08b72f3700 1 -- 172.21.15.47:0/2327169448 >> 172.21.15.47:0/2327169448 conn(0x7f08b00fda80 msgr2=0x7f08b00fe750 unknown :-1 s=STATE_NONE l=0).mark_down
2022-09-07T21:30:49.854 INFO:teuthology.orchestra.run.smithi047.stdout:/usr/bin/ceph: stderr
2022-09-07T21:30:49.211+0000 7f08b72f3700 1 -- 172.21.15.47:0/2327169448 shutdown_connections
2022-09-07T21:30:49.854 INFO:teuthology.orchestra.run.smithi047.stdout:/usr/bin/ceph: stderr
2022-09-07T21:30:49.211+0000 7f08b72f3700 1 -- 172.21.15.47:0/2327169448 wait complete.
2022-09-07T21:30:49.855 INFO:teuthology.orchestra.run.smithi047.stdout:Creating initial admin user...
2022-09-07T21:30:50.095 INFO:journalctl@ceph.mon.a.smithi047.stdout:Sep 07 21:30:49 smithi047 ceph-mon[90087]: mgrmap e12: x(active, since 2s)
2022-09-07T21:30:50.096 INFO:journalctl@ceph.mon.a.smithi047.stdout:Sep 07 21:30:49 smithi047 ceph-mon[90087]: from='client.14164 -' entity='client.admin' cmd=[{"prefix": "dashboard create-self-signed-cert", "target": ["mon-mgr", ""]}]: dispatch
2022-09-07T21:30:50.096 INFO:journalctl@ceph.mon.a.smithi047.stdout:Sep 07 21:30:49 smithi047 ceph-mon[90087]: from='mgr.14152 172.21.15.47:0/3796549205' entity='mgr.x'
2022-09-07T21:30:50.096 INFO:journalctl@ceph.mon.a.smithi047.stdout:Sep 07 21:30:49 smithi047 ceph-mon[90087]: from='mgr.14152 172.21.15.47:0/3796549205' entity='mgr.x'
2022-09-07T21:30:50.903 INFO:journalctl@ceph.mon.a.smithi047.stdout:Sep 07 21:30:50 smithi047 ceph-mon[90087]: from='mgr.14152 172.21.15.47:0/3796549205' entity='mgr.x'
2022-09-07T21:30:51.554 INFO:teuthology.orchestra.run.smithi047.stdout:/usr/bin/ceph: stdout {"username": "admin", "password": "$2b$12$TUh3Uf5XOkfF7alTROhTbO0yj/scV4WjHIF060Iu5HWRYj5fY9Z/W", "roles": ["administrator"], "name": null, "email": null, "lastUpdate": 1662586251, "enabled": true, "pwdExpirationDate": null, "pwdUpdateRequired": true}
2022-09-07T21:30:51.554 INFO:teuthology.orchestra.run.smithi047.stdout:/usr/bin/ceph: stderr
2022-09-07T21:30:50.556+0000 7f0ba18ee700 1 Processor -- start
2022-09-07T21:30:51.555 INFO:teuthology.orchestra.run.smithi047.stdout:/usr/bin/ceph: stderr
2022-09-07T21:30:50.556+0000 7f0ba18ee700 1 -- start start
2022-09-07T21:30:51.556 INFO:teuthology.orchestra.run.smithi047.stdout:/usr/bin/ceph: stderr
2022-09-07T21:30:50.557+0000 7f0ba18ee700 1 --2- >> [v2:172.21.15.47:3300/0,v1:172.21.15.47:6789/0] conn(0x7f0b9c071ea0 0x7f0b9c108650 unknown :-1 s=NONE pgs=0 cs=0 l=0 rev1=0 crypto rx=0 tx=0 comp rx=0 tx=0).connect
2022-09-07T21:30:51.556 INFO:teuthology.orchestra.run.smithi047.stdout:/usr/bin/ceph: stderr
2022-09-07T21:30:50.557+0000 7f0ba18ee700 1 -- --> [v2:172.21.15.47:3300/0,v1:172.21.15.47:6789/0] -- mon_getmap magic: 0 v1 -- 0x7f0b9c104040 con 0x7f0b9c071ea0
2022-09-07T21:30:51.557 INFO:teuthology.orchestra.run.smithi047.stdout:/usr/bin/ceph: stderr
2022-09-07T21:30:50.557+0000 7f0b9affd700 1 --2- >> [v2:172.21.15.47:3300/0,v1:172.21.15.47:6789/0] conn(0x7f0b9c071ea0 0x7f0b9c108650 unknown :-1 s=BANNER_CONNECTING pgs=0 cs=0 l=0 rev1=0 crypto rx=0 tx=0 comp rx=0 tx=0)._handle_peer_banner_payload supported=3 required=0
2022-09-07T21:30:51.558 INFO:teuthology.orchestra.run.smithi047.stdout:/usr/bin/ceph: stderr
2022-09-07T21:30:50.557+0000 7f0b9affd700 1 --2- >> [v2:172.21.15.47:3300/0,v1:172.21.15.47:6789/0] conn(0x7f0b9c071ea0 0x7f0b9c108650 unknown :-1 s=HELLO_CONNECTING pgs=0 cs=0 l=0 rev1=1 crypto rx=0 tx=0 comp rx=0 tx=0).handle_hello peer v2:172.21.15.47:3300/0 says I am v2:172.21.15.47:33670/0 (socket says 172.21.15.47:33670)
2022-09-07T21:30:51.558 INFO:teuthology.orchestra.run.smithi047.stdout:/usr/bin/ceph: stderr
2022-09-07T21:30:50.557+0000 7f0b9affd700 1 -- 172.21.15.47:0/3164904342 learned_addr learned my addr 172.21.15.47:0/3164904342 (peer_addr_for_me v2:172.21.15.47:0/0)
2022-09-07T21:30:51.559 INFO:teuthology.orchestra.run.smithi047.stdout:/usr/bin/ceph: stderr
2022-09-07T21:30:50.557+0000 7f0b9affd700 1 -- 172.21.15.47:0/3164904342 --> [v2:172.21.15.47:3300/0,v1:172.21.15.47:6789/0] -- mon_subscribe({config=0+,monmap=0+}) v3 -- 0x7f0b9c108b90 con 0x7f0b9c071ea0
2022-09-07T21:30:51.559 INFO:teuthology.orchestra.run.smithi047.stdout:/usr/bin/ceph: stderr
2022-09-07T21:30:50.558+0000 7f0b9affd700 1 --2- 172.21.15.47:0/3164904342 >> [v2:172.21.15.47:3300/0,v1:172.21.15.47:6789/0] conn(0x7f0b9c071ea0 0x7f0b9c108650 secure :-1 s=READY pgs=72 cs=0 l=1 rev1=1 crypto rx=0x7f0b8c009700 tx=0x7f0b8c009a10 comp rx=0 tx=0).ready entity=mon.0 client_cookie=9593548f20de034e server_cookie=0 in_seq=0 out_seq=0
2022-09-07T21:30:51.559 INFO:teuthology.orchestra.run.smithi047.stdout:/usr/bin/ceph: stderr
2022-09-07T21:30:50.558+0000 7f0b99ffb700 1 -- 172.21.15.47:0/3164904342 <== mon.0 v2:172.21.15.47:3300/0 1 ==== mon_map magic: 0 v1 ==== 205+0+0 (secure 0 0 0) 0x7f0b8c004160 con 0x7f0b9c071ea0
2022-09-07T21:30:51.559 INFO:teuthology.orchestra.run.smithi047.stdout:/usr/bin/ceph: stderr
2022-09-07T21:30:50.558+0000 7f0b99ffb700 1 -- 172.21.15.47:0/3164904342 <== mon.0 v2:172.21.15.47:3300/0 2 ==== config(26 keys) v1 ==== 1080+0+0 (secure 0 0 0) 0x7f0b8c0042c0 con 0x7f0b9c071ea0
2022-09-07T21:30:51.560 INFO:teuthology.orchestra.run.smithi047.stdout:/usr/bin/ceph: stderr
2022-09-07T21:30:50.558+0000 7f0b99ffb700 1 -- 172.21.15.47:0/3164904342 <== mon.0 v2:172.21.15.47:3300/0 3 ==== mon_map magic: 0 v1 ==== 205+0+0 (secure 0 0 0) 0x7f0b8c003a10 con 0x7f0b9c071ea0
2022-09-07T21:30:51.560 INFO:teuthology.orchestra.run.smithi047.stdout:/usr/bin/ceph: stderr
2022-09-07T21:30:50.559+0000 7f0ba18ee700 1 -- 172.21.15.47:0/3164904342 >> [v2:172.21.15.47:3300/0,v1:172.21.15.47:6789/0] conn(0x7f0b9c071ea0 msgr2=0x7f0b9c108650 secure :-1 s=STATE_CONNECTION_ESTABLISHED l=1).mark_down
2022-09-07T21:30:51.560 INFO:teuthology.orchestra.run.smithi047.stdout:/usr/bin/ceph: stderr
2022-09-07T21:30:50.559+0000 7f0ba18ee700 1 --2- 172.21.15.47:0/3164904342 >> [v2:172.21.15.47:3300/0,v1:172.21.15.47:6789/0] conn(0x7f0b9c071ea0 0x7f0b9c108650 secure :-1 s=READY pgs=72 cs=0 l=1 rev1=1 crypto rx=0x7f0b8c009700 tx=0x7f0b8c009a10 comp rx=0 tx=0).stop
2022-09-07T21:30:51.561 INFO:teuthology.orchestra.run.smithi047.stdout:/usr/bin/ceph: stderr
2022-09-07T21:30:50.559+0000 7f0ba18ee700 1 -- 172.21.15.47:0/3164904342 shutdown_connections
2022-09-07T21:30:51.562 INFO:teuthology.orchestra.run.smithi047.stdout:/usr/bin/ceph: stderr
2022-09-07T21:30:50.559+0000 7f0ba18ee700 1 --2- 172.21.15.47:0/3164904342 >> [v2:172.21.15.47:3300/0,v1:172.21.15.47:6789/0] conn(0x7f0b9c071ea0 0x7f0b9c108650 unknown :-1 s=CLOSED pgs=72 cs=0 l=1 rev1=1 crypto rx=0 tx=0 comp rx=0 tx=0).stop
2022-09-07T21:30:51.562 INFO:teuthology.orchestra.run.smithi047.stdout:/usr/bin/ceph: stderr
2022-09-07T21:30:50.559+0000 7f0ba18ee700 1 -- 172.21.15.47:0/3164904342 >> 172.21.15.47:0/3164904342 conn(0x7f0b9c0fdc20 msgr2=0x7f0b9c100050 unknown :-1 s=STATE_NONE l=0).mark_down
2022-09-07T21:30:51.562 INFO:teuthology.orchestra.run.smithi047.stdout:/usr/bin/ceph: stderr
2022-09-07T21:30:50.559+0000 7f0ba18ee700 1 -- 172.21.15.47:0/3164904342 shutdown_connections
2022-09-07T21:30:51.563 INFO:teuthology.orchestra.run.smithi047.stdout:/usr/bin/ceph: stderr
2022-09-07T21:30:50.559+0000 7f0ba18ee700 1 -- 172.21.15.47:0/3164904342 wait complete.
2022-09-07T21:30:51.563 INFO:teuthology.orchestra.run.smithi047.stdout:/usr/bin/ceph: stderr
2022-09-07T21:30:50.560+0000 7f0ba18ee700 1 Processor -- start
2022-09-07T21:30:51.563 INFO:teuthology.orchestra.run.smithi047.stdout:/usr/bin/ceph: stderr
2022-09-07T21:30:50.560+0000 7f0ba18ee700 1 -- start start
2022-09-07T21:30:51.563 INFO:teuthology.orchestra.run.smithi047.stdout:/usr/bin/ceph: stderr
2022-09-07T21:30:50.561+0000 7f0ba18ee700 1 --2- >> [v2:172.21.15.47:3300/0,v1:172.21.15.47:6789/0] conn(0x7f0b9c071ea0 0x7f0b9c1992c0 unknown :-1 s=NONE pgs=0 cs=0 l=1 rev1=0 crypto rx=0 tx=0 comp rx=0 tx=0).connect
2022-09-07T21:30:51.563 INFO:teuthology.orchestra.run.smithi047.stdout:/usr/bin/ceph: stderr
2022-09-07T21:30:50.561+0000 7f0ba18ee700 1 -- --> [v2:172.21.15.47:3300/0,v1:172.21.15.47:6789/0] -- mon_getmap magic: 0 v1 -- 0x7f0b9c199800 con 0x7f0b9c071ea0
2022-09-07T21:30:51.564 INFO:teuthology.orchestra.run.smithi047.stdout:/usr/bin/ceph: stderr
2022-09-07T21:30:50.561+0000 7f0b9affd700 1 --2- >> [v2:172.21.15.47:3300/0,v1:172.21.15.47:6789/0] conn(0x7f0b9c071ea0 0x7f0b9c1992c0 unknown :-1 s=BANNER_CONNECTING pgs=0 cs=0 l=1 rev1=0 crypto rx=0 tx=0 comp rx=0 tx=0)._handle_peer_banner_payload supported=3 required=0
2022-09-07T21:30:51.564 INFO:teuthology.orchestra.run.smithi047.stdout:/usr/bin/ceph: stderr
2022-09-07T21:30:50.561+0000 7f0b9affd700 1 --2- >> [v2:172.21.15.47:3300/0,v1:172.21.15.47:6789/0] conn(0x7f0b9c071ea0 0x7f0b9c1992c0 unknown :-1 s=HELLO_CONNECTING pgs=0 cs=0 l=1 rev1=1 crypto rx=0 tx=0 comp rx=0 tx=0).handle_hello peer v2:172.21.15.47:3300/0 says I am v2:172.21.15.47:33686/0 (socket says 172.21.15.47:33686)
2022-09-07T21:30:51.564 INFO:teuthology.orchestra.run.smithi047.stdout:/usr/bin/ceph: stderr
2022-09-07T21:30:50.561+0000 7f0b9affd700 1 -- 172.21.15.47:0/3788445432 learned_addr learned my addr 172.21.15.47:0/3788445432 (peer_addr_for_me v2:172.21.15.47:0/0)
2022-09-07T21:30:51.564 INFO:teuthology.orchestra.run.smithi047.stdout:/usr/bin/ceph: stderr
2022-09-07T21:30:50.561+0000 7f0b9affd700 1 -- 172.21.15.47:0/3788445432 --> [v2:172.21.15.47:3300/0,v1:172.21.15.47:6789/0] -- mon_subscribe({config=0+,monmap=0+}) v3 -- 0x7f0b8c0093e0 con 0x7f0b9c071ea0
2022-09-07T21:30:51.565 INFO:teuthology.orchestra.run.smithi047.stdout:/usr/bin/ceph: stderr
2022-09-07T21:30:50.561+0000 7f0b9affd700 1 --2- 172.21.15.47:0/3788445432 >> [v2:172.21.15.47:3300/0,v1:172.21.15.47:6789/0] conn(0x7f0b9c071ea0 0x7f0b9c1992c0 secure :-1 s=READY pgs=73 cs=0 l=1 rev1=1 crypto rx=0x7f0b8c003560 tx=0x7f0b8c003f60 comp rx=0 tx=0).ready entity=mon.0 client_cookie=0 server_cookie=0 in_seq=0 out_seq=0
2022-09-07T21:30:51.565 INFO:teuthology.orchestra.run.smithi047.stdout:/usr/bin/ceph: stderr
2022-09-07T21:30:50.562+0000 7f0ba08ec700 1 -- 172.21.15.47:0/3788445432 <== mon.0 v2:172.21.15.47:3300/0 1 ==== mon_map magic: 0 v1 ==== 205+0+0 (secure 0 0 0) 0x7f0b8c011840 con 0x7f0b9c071ea0
2022-09-07T21:30:51.565 INFO:teuthology.orchestra.run.smithi047.stdout:/usr/bin/ceph: stderr
2022-09-07T21:30:50.562+0000 7f0ba08ec700 1 -- 172.21.15.47:0/3788445432 <== mon.0 v2:172.21.15.47:3300/0 2 ==== config(26 keys) v1 ==== 1080+0+0 (secure 0 0 0) 0x7f0b8c01a430 con 0x7f0b9c071ea0
2022-09-07T21:30:51.565 INFO:teuthology.orchestra.run.smithi047.stdout:/usr/bin/ceph: stderr
2022-09-07T21:30:50.562+0000 7f0ba08ec700 1 -- 172.21.15.47:0/3788445432 <== mon.0 v2:172.21.15.47:3300/0 3 ==== mon_map magic: 0 v1 ==== 205+0+0 (secure 0 0 0) 0x7f0b8c0193c0 con 0x7f0b9c071ea0
2022-09-07T21:30:51.565 INFO:teuthology.orchestra.run.smithi047.stdout:/usr/bin/ceph: stderr
2022-09-07T21:30:50.562+0000 7f0ba18ee700 1 -- 172.21.15.47:0/3788445432 --> [v2:172.21.15.47:3300/0,v1:172.21.15.47:6789/0] -- mon_subscribe({mgrmap=0+}) v3 -- 0x7f0b9c199a00 con 0x7f0b9c071ea0
2022-09-07T21:30:51.566 INFO:teuthology.orchestra.run.smithi047.stdout:/usr/bin/ceph: stderr
2022-09-07T21:30:50.562+0000 7f0ba18ee700 1 -- 172.21.15.47:0/3788445432 --> [v2:172.21.15.47:3300/0,v1:172.21.15.47:6789/0] -- mon_subscribe({osdmap=0}) v3 -- 0x7f0b9c199e30 con 0x7f0b9c071ea0
2022-09-07T21:30:51.566 INFO:teuthology.orchestra.run.smithi047.stdout:/usr/bin/ceph: stderr
2022-09-07T21:30:50.563+0000 7f0ba08ec700 1 -- 172.21.15.47:0/3788445432 <== mon.0 v2:172.21.15.47:3300/0 4 ==== mgrmap(e 12) v1 ==== 42703+0+0 (secure 0 0 0) 0x7f0b8c02a020 con 0x7f0b9c071ea0
2022-09-07T21:30:51.566 INFO:teuthology.orchestra.run.smithi047.stdout:/usr/bin/ceph: stderr
2022-09-07T21:30:50.563+0000 7f0ba18ee700 1 -- 172.21.15.47:0/3788445432 --> [v2:172.21.15.47:3300/0,v1:172.21.15.47:6789/0] -- mon_command({"prefix": "get_command_descriptions"} v 0) v1 -- 0x7f0b9c060310 con 0x7f0b9c071ea0
2022-09-07T21:30:51.566 INFO:teuthology.orchestra.run.smithi047.stdout:/usr/bin/ceph: stderr
2022-09-07T21:30:50.564+0000 7f0ba08ec700 1 --2- 172.21.15.47:0/3788445432 >> [v2:172.21.15.47:6800/429234829,v1:172.21.15.47:6801/429234829] conn(0x7f0b88035930 0x7f0b88037de0 unknown :-1 s=NONE pgs=0 cs=0 l=1 rev1=0 crypto rx=0 tx=0 comp rx=0 tx=0).connect
2022-09-07T21:30:51.567 INFO:teuthology.orchestra.run.smithi047.stdout:/usr/bin/ceph: stderr
2022-09-07T21:30:50.564+0000 7f0ba08ec700 1 -- 172.21.15.47:0/3788445432 <== mon.0 v2:172.21.15.47:3300/0 5 ==== osd_map(3..3 src has 1..3) v4 ==== 1151+0+0 (secure 0 0 0) 0x7f0b8c0488f0 con 0x7f0b9c071ea0
2022-09-07T21:30:51.567 INFO:teuthology.orchestra.run.smithi047.stdout:/usr/bin/ceph: stderr
2022-09-07T21:30:50.565+0000 7f0b9a7fc700 1 --2- 172.21.15.47:0/3788445432 >> [v2:172.21.15.47:6800/429234829,v1:172.21.15.47:6801/429234829] conn(0x7f0b88035930 0x7f0b88037de0 unknown :-1 s=BANNER_CONNECTING pgs=0 cs=0 l=1 rev1=0 crypto rx=0 tx=0 comp rx=0 tx=0)._handle_peer_banner_payload supported=3 required=0
2022-09-07T21:30:51.567 INFO:teuthology.orchestra.run.smithi047.stdout:/usr/bin/ceph: stderr
2022-09-07T21:30:50.565+0000 7f0b9a7fc700 1 --2- 172.21.15.47:0/3788445432 >> [v2:172.21.15.47:6800/429234829,v1:172.21.15.47:6801/429234829] conn(0x7f0b88035930 0x7f0b88037de0 secure :-1 s=READY pgs=8 cs=0 l=1 rev1=1 crypto rx=0x7f0b90009750 tx=0x7f0b90006cc0 comp rx=0 tx=0).ready entity=mgr.14152 client_cookie=0 server_cookie=0 in_seq=0 out_seq=0
2022-09-07T21:30:51.567 INFO:teuthology.orchestra.run.smithi047.stdout:/usr/bin/ceph: stderr
2022-09-07T21:30:50.569+0000 7f0ba08ec700 1 -- 172.21.15.47:0/3788445432 <== mon.0 v2:172.21.15.47:3300/0 6 ==== mon_command_ack([{"prefix": "get_command_descriptions"}]=0 v0) v1 ==== 72+0+171119 (secure 0 0 0) 0x7f0b8c01a5a0 con 0x7f0b9c071ea0
2022-09-07T21:30:51.568 INFO:teuthology.orchestra.run.smithi047.stdout:/usr/bin/ceph: stderr
2022-09-07T21:30:50.819+0000 7f0ba18ee700 1 -- 172.21.15.47:0/3788445432 --> [v2:172.21.15.47:6800/429234829,v1:172.21.15.47:6801/429234829] -- mgr_command(tid 0: {"prefix": "dashboard ac-user-create", "username": "admin", "rolename": "administrator", "force_password": true, "pwd_update_required": true, "target": ["mon-mgr", ""]}) v1 -- 0x7f0b9c19ce40 con 0x7f0b88035930
2022-09-07T21:30:51.568 INFO:teuthology.orchestra.run.smithi047.stdout:/usr/bin/ceph: stderr
2022-09-07T21:30:51.068+0000 7f0ba08ec700 1 -- 172.21.15.47:0/3788445432 <== mgr.14152 v2:172.21.15.47:6800/429234829 1 ==== mgr_command_reply(tid 0: 0 ) v1 ==== 8+0+252 (secure 0 0 0) 0x7f0b9c19ce40 con 0x7f0b88035930
2022-09-07T21:30:51.568 INFO:teuthology.orchestra.run.smithi047.stdout:/usr/bin/ceph: stderr
2022-09-07T21:30:51.070+0000 7f0ba18ee700 1 -- 172.21.15.47:0/3788445432 >> [v2:172.21.15.47:6800/429234829,v1:172.21.15.47:6801/429234829] conn(0x7f0b88035930 msgr2=0x7f0b88037de0 secure :-1 s=STATE_CONNECTION_ESTABLISHED l=1).mark_down
2022-09-07T21:30:51.568 INFO:teuthology.orchestra.run.smithi047.stdout:/usr/bin/ceph: stderr
2022-09-07T21:30:51.070+0000 7f0ba18ee700 1 --2- 172.21.15.47:0/3788445432 >> [v2:172.21.15.47:6800/429234829,v1:172.21.15.47:6801/429234829] conn(0x7f0b88035930 0x7f0b88037de0 secure :-1 s=READY pgs=8 cs=0 l=1 rev1=1 crypto rx=0x7f0b90009750 tx=0x7f0b90006cc0 comp rx=0 tx=0).stop
2022-09-07T21:30:51.568 INFO:teuthology.orchestra.run.smithi047.stdout:/usr/bin/ceph: stderr
2022-09-07T21:30:51.070+0000 7f0ba18ee700 1 -- 172.21.15.47:0/3788445432 >> [v2:172.21.15.47:3300/0,v1:172.21.15.47:6789/0] conn(0x7f0b9c071ea0 msgr2=0x7f0b9c1992c0 secure :-1 s=STATE_CONNECTION_ESTABLISHED l=1).mark_down
2022-09-07T21:30:51.569 INFO:teuthology.orchestra.run.smithi047.stdout:/usr/bin/ceph: stderr
2022-09-07T21:30:51.070+0000 7f0ba18ee700 1 --2- 172.21.15.47:0/3788445432 >> [v2:172.21.15.47:3300/0,v1:172.21.15.47:6789/0] conn(0x7f0b9c071ea0 0x7f0b9c1992c0 secure :-1 s=READY pgs=73 cs=0 l=1 rev1=1 crypto rx=0x7f0b8c003560 tx=0x7f0b8c003f60 comp rx=0 tx=0).stop
2022-09-07T21:30:51.569 INFO:teuthology.orchestra.run.smithi047.stdout:/usr/bin/ceph: stderr
2022-09-07T21:30:51.070+0000 7f0ba18ee700 1 -- 172.21.15.47:0/3788445432 shutdown_connections
2022-09-07T21:30:51.569 INFO:teuthology.orchestra.run.smithi047.stdout:/usr/bin/ceph: stderr
2022-09-07T21:30:51.071+0000 7f0ba18ee700 1 --2- 172.21.15.47:0/3788445432 >> [v2:172.21.15.47:6800/429234829,v1:172.21.15.47:6801/429234829] conn(0x7f0b88035930 0x7f0b88037de0 unknown :-1 s=CLOSED pgs=8 cs=0 l=1 rev1=1 crypto rx=0 tx=0 comp rx=0 tx=0).stop
2022-09-07T21:30:51.569 INFO:teuthology.orchestra.run.smithi047.stdout:/usr/bin/ceph: stderr
2022-09-07T21:30:51.071+0000 7f0ba18ee700 1 --2- 172.21.15.47:0/3788445432 >> [v2:172.21.15.47:3300/0,v1:172.21.15.47:6789/0] conn(0x7f0b9c071ea0 0x7f0b9c1992c0 unknown :-1 s=CLOSED pgs=73 cs=0 l=1 rev1=1 crypto rx=0 tx=0 comp rx=0 tx=0).stop
2022-09-07T21:30:51.570 INFO:teuthology.orchestra.run.smithi047.stdout:/usr/bin/ceph: stderr
2022-09-07T21:30:51.071+0000 7f0ba18ee700 1 -- 172.21.15.47:0/3788445432 >> 172.21.15.47:0/3788445432 conn(0x7f0b9c0fdc20 msgr2=0x7f0b9c0fe920 unknown :-1 s=STATE_NONE l=0).mark_down
2022-09-07T21:30:51.570 INFO:teuthology.orchestra.run.smithi047.stdout:/usr/bin/ceph: stderr
2022-09-07T21:30:51.071+0000 7f0ba18ee700 1 -- 172.21.15.47:0/3788445432 shutdown_connections
2022-09-07T21:30:51.570 INFO:teuthology.orchestra.run.smithi047.stdout:/usr/bin/ceph: stderr
2022-09-07T21:30:51.071+0000 7f0ba18ee700 1 -- 172.21.15.47:0/3788445432 wait complete.
2022-09-07T21:30:51.570 INFO:teuthology.orchestra.run.smithi047.stdout:Fetching dashboard port number...
2022-09-07T21:30:52.153 INFO:journalctl@ceph.mon.a.smithi047.stdout:Sep 07 21:30:52 smithi047 ceph-mon[90087]: from='client.14166 -' entity='client.admin' cmd=[{"prefix": "dashboard ac-user-create", "username": "admin", "rolename": "administrator", "force_password": true, "pwd_update_required": true, "target": ["mon-mgr", ""]}]: dispatch
2022-09-07T21:30:52.153 INFO:journalctl@ceph.mon.a.smithi047.stdout:Sep 07 21:30:52 smithi047 ceph-mon[90087]: from='mgr.14152 172.21.15.47:0/3796549205' entity='mgr.x'
2022-09-07T21:30:52.153 INFO:journalctl@ceph.mon.a.smithi047.stdout:Sep 07 21:30:52 smithi047 ceph-mon[90087]: from='mgr.14152 172.21.15.47:0/3796549205' entity='mgr.x'
2022-09-07T21:30:53.065 INFO:teuthology.orchestra.run.smithi047.stdout:/usr/bin/ceph: stdout 8443
2022-09-07T21:30:53.066 INFO:teuthology.orchestra.run.smithi047.stdout:/usr/bin/ceph: stderr
2022-09-07T21:30:52.215+0000 7fb7d8dbf700 1 Processor -- start
2022-09-07T21:30:53.066 INFO:teuthology.orchestra.run.smithi047.stdout:/usr/bin/ceph: stderr
2022-09-07T21:30:52.215+0000 7fb7d8dbf700 1 -- start start
2022-09-07T21:30:53.066 INFO:teuthology.orchestra.run.smithi047.stdout:/usr/bin/ceph: stderr
2022-09-07T21:30:52.215+0000 7fb7d8dbf700 1 --2- >> [v2:172.21.15.47:3300/0,v1:172.21.15.47:6789/0] conn(0x7fb7d4103660 0x7fb7d4103a70 unknown :-1 s=NONE pgs=0 cs=0 l=0 rev1=0 crypto rx=0 tx=0 comp rx=0 tx=0).connect
2022-09-07T21:30:53.067 INFO:teuthology.orchestra.run.smithi047.stdout:/usr/bin/ceph: stderr
2022-09-07T21:30:52.215+0000 7fb7d8dbf700 1 -- --> [v2:172.21.15.47:3300/0,v1:172.21.15.47:6789/0] -- mon_getmap magic: 0 v1 -- 0x7fb7d4103fb0 con 0x7fb7d4103660
2022-09-07T21:30:53.067 INFO:teuthology.orchestra.run.smithi047.stdout:/usr/bin/ceph: stderr
2022-09-07T21:30:52.216+0000 7fb7d259c700 1 --2- >> [v2:172.21.15.47:3300/0,v1:172.21.15.47:6789/0] conn(0x7fb7d4103660 0x7fb7d4103a70 unknown :-1 s=BANNER_CONNECTING pgs=0 cs=0 l=0 rev1=0 crypto rx=0 tx=0 comp rx=0 tx=0)._handle_peer_banner_payload supported=3 required=0
2022-09-07T21:30:53.067 INFO:teuthology.orchestra.run.smithi047.stdout:/usr/bin/ceph: stderr
2022-09-07T21:30:52.216+0000 7fb7d259c700 1 --2- >> [v2:172.21.15.47:3300/0,v1:172.21.15.47:6789/0] conn(0x7fb7d4103660 0x7fb7d4103a70 unknown :-1 s=HELLO_CONNECTING pgs=0 cs=0 l=0 rev1=1 crypto rx=0 tx=0 comp rx=0 tx=0).handle_hello peer v2:172.21.15.47:3300/0 says I am v2:172.21.15.47:33696/0 (socket says 172.21.15.47:33696)
2022-09-07T21:30:53.067 INFO:teuthology.orchestra.run.smithi047.stdout:/usr/bin/ceph: stderr
2022-09-07T21:30:52.216+0000 7fb7d259c700 1 -- 172.21.15.47:0/3558306394 learned_addr learned my addr 172.21.15.47:0/3558306394 (peer_addr_for_me v2:172.21.15.47:0/0)
2022-09-07T21:30:53.067 INFO:teuthology.orchestra.run.smithi047.stdout:/usr/bin/ceph: stderr
2022-09-07T21:30:52.216+0000 7fb7d259c700 1 -- 172.21.15.47:0/3558306394 --> [v2:172.21.15.47:3300/0,v1:172.21.15.47:6789/0] -- mon_subscribe({config=0+,monmap=0+}) v3 -- 0x7fb7d41040f0 con 0x7fb7d4103660
2022-09-07T21:30:53.068 INFO:teuthology.orchestra.run.smithi047.stdout:/usr/bin/ceph: stderr
2022-09-07T21:30:52.217+0000 7fb7d259c700 1 --2- 172.21.15.47:0/3558306394 >> [v2:172.21.15.47:3300/0,v1:172.21.15.47:6789/0] conn(0x7fb7d4103660 0x7fb7d4103a70 secure :-1 s=READY pgs=74 cs=0 l=1 rev1=1 crypto rx=0x7fb7c4009700 tx=0x7fb7c4009a10 comp rx=0 tx=0).ready entity=mon.0 client_cookie=15623d59f3cb219a server_cookie=0 in_seq=0 out_seq=0
2022-09-07T21:30:53.068 INFO:teuthology.orchestra.run.smithi047.stdout:/usr/bin/ceph: stderr
2022-09-07T21:30:52.217+0000 7fb7d159a700 1 -- 172.21.15.47:0/3558306394 <== mon.0 v2:172.21.15.47:3300/0 1 ==== mon_map magic: 0 v1 ==== 205+0+0 (secure 0 0 0) 0x7fb7c4004160 con 0x7fb7d4103660
2022-09-07T21:30:53.068 INFO:teuthology.orchestra.run.smithi047.stdout:/usr/bin/ceph: stderr
2022-09-07T21:30:52.217+0000 7fb7d159a700 1 -- 172.21.15.47:0/3558306394 <== mon.0 v2:172.21.15.47:3300/0 2 ==== config(26 keys) v1 ==== 1080+0+0 (secure 0 0 0) 0x7fb7c40042c0 con 0x7fb7d4103660
2022-09-07T21:30:53.068 INFO:teuthology.orchestra.run.smithi047.stdout:/usr/bin/ceph: stderr
2022-09-07T21:30:52.217+0000 7fb7d159a700 1 -- 172.21.15.47:0/3558306394 <== mon.0 v2:172.21.15.47:3300/0 3 ==== mon_map magic: 0 v1 ==== 205+0+0 (secure 0 0 0) 0x7fb7c4003a10 con 0x7fb7d4103660
2022-09-07T21:30:53.069 INFO:teuthology.orchestra.run.smithi047.stdout:/usr/bin/ceph: stderr
2022-09-07T21:30:52.218+0000 7fb7d8dbf700 1 -- 172.21.15.47:0/3558306394 >> [v2:172.21.15.47:3300/0,v1:172.21.15.47:6789/0] conn(0x7fb7d4103660 msgr2=0x7fb7d4103a70 secure :-1 s=STATE_CONNECTION_ESTABLISHED l=1).mark_down
2022-09-07T21:30:53.069 INFO:teuthology.orchestra.run.smithi047.stdout:/usr/bin/ceph: stderr
2022-09-07T21:30:52.218+0000 7fb7d8dbf700 1 --2- 172.21.15.47:0/3558306394 >> [v2:172.21.15.47:3300/0,v1:172.21.15.47:6789/0] conn(0x7fb7d4103660 0x7fb7d4103a70 secure :-1 s=READY pgs=74 cs=0 l=1 rev1=1 crypto rx=0x7fb7c4009700 tx=0x7fb7c4009a10 comp rx=0 tx=0).stop
2022-09-07T21:30:53.069 INFO:teuthology.orchestra.run.smithi047.stdout:/usr/bin/ceph: stderr
2022-09-07T21:30:52.218+0000 7fb7d8dbf700 1 -- 172.21.15.47:0/3558306394 shutdown_connections
2022-09-07T21:30:53.069 INFO:teuthology.orchestra.run.smithi047.stdout:/usr/bin/ceph: stderr
2022-09-07T21:30:52.218+0000 7fb7d8dbf700 1 --2- 172.21.15.47:0/3558306394 >> [v2:172.21.15.47:3300/0,v1:172.21.15.47:6789/0] conn(0x7fb7d4103660 0x7fb7d4103a70 unknown :-1 s=CLOSED pgs=74 cs=0 l=1 rev1=1 crypto rx=0 tx=0 comp rx=0 tx=0).stop
2022-09-07T21:30:53.070 INFO:teuthology.orchestra.run.smithi047.stdout:/usr/bin/ceph: stderr
2022-09-07T21:30:52.218+0000 7fb7d8dbf700 1 -- 172.21.15.47:0/3558306394 >> 172.21.15.47:0/3558306394 conn(0x7fb7d40fed50 msgr2=0x7fb7d4101180 unknown :-1 s=STATE_NONE l=0).mark_down
2022-09-07T21:30:53.070 INFO:teuthology.orchestra.run.smithi047.stdout:/usr/bin/ceph: stderr
2022-09-07T21:30:52.218+0000 7fb7d8dbf700 1 -- 172.21.15.47:0/3558306394 shutdown_connections
2022-09-07T21:30:53.071 INFO:teuthology.orchestra.run.smithi047.stdout:/usr/bin/ceph: stderr
2022-09-07T21:30:52.218+0000 7fb7d8dbf700 1 -- 172.21.15.47:0/3558306394 wait complete.
2022-09-07T21:30:53.071 INFO:teuthology.orchestra.run.smithi047.stdout:/usr/bin/ceph: stderr
2022-09-07T21:30:52.219+0000 7fb7d8dbf700 1 Processor -- start
2022-09-07T21:30:53.071 INFO:teuthology.orchestra.run.smithi047.stdout:/usr/bin/ceph: stderr
2022-09-07T21:30:52.220+0000 7fb7d8dbf700 1 -- start start
2022-09-07T21:30:53.071 INFO:teuthology.orchestra.run.smithi047.stdout:/usr/bin/ceph: stderr
2022-09-07T21:30:52.220+0000 7fb7d8dbf700 1 --2- >> [v2:172.21.15.47:3300/0,v1:172.21.15.47:6789/0] conn(0x7fb7d4103660 0x7fb7d41992f0 unknown :-1 s=NONE pgs=0 cs=0 l=1 rev1=0 crypto rx=0 tx=0 comp rx=0 tx=0).connect
2022-09-07T21:30:53.072 INFO:teuthology.orchestra.run.smithi047.stdout:/usr/bin/ceph: stderr
2022-09-07T21:30:52.220+0000 7fb7d8dbf700 1 -- --> [v2:172.21.15.47:3300/0,v1:172.21.15.47:6789/0] -- mon_getmap magic: 0 v1 -- 0x7fb7d4199830 con 0x7fb7d4103660
2022-09-07T21:30:53.072 INFO:teuthology.orchestra.run.smithi047.stdout:/usr/bin/ceph: stderr
2022-09-07T21:30:52.220+0000 7fb7d259c700 1 --2- >> [v2:172.21.15.47:3300/0,v1:172.21.15.47:6789/0] conn(0x7fb7d4103660 0x7fb7d41992f0 unknown :-1 s=BANNER_CONNECTING pgs=0 cs=0 l=1 rev1=0 crypto rx=0 tx=0 comp rx=0 tx=0)._handle_peer_banner_payload supported=3 required=0
2022-09-07T21:30:53.072 INFO:teuthology.orchestra.run.smithi047.stdout:/usr/bin/ceph: stderr
2022-09-07T21:30:52.220+0000 7fb7d259c700 1 --2- >> [v2:172.21.15.47:3300/0,v1:172.21.15.47:6789/0] conn(0x7fb7d4103660 0x7fb7d41992f0 unknown :-1 s=HELLO_CONNECTING pgs=0 cs=0 l=1 rev1=1 crypto rx=0 tx=0 comp rx=0 tx=0).handle_hello peer v2:172.21.15.47:3300/0 says I am v2:172.21.15.47:33708/0 (socket says 172.21.15.47:33708)
2022-09-07T21:30:53.072 INFO:teuthology.orchestra.run.smithi047.stdout:/usr/bin/ceph: stderr
2022-09-07T21:30:52.220+0000 7fb7d259c700 1 -- 172.21.15.47:0/4284999334 learned_addr learned my addr 172.21.15.47:0/4284999334 (peer_addr_for_me v2:172.21.15.47:0/0)
2022-09-07T21:30:53.073 INFO:teuthology.orchestra.run.smithi047.stdout:/usr/bin/ceph: stderr
2022-09-07T21:30:52.221+0000 7fb7d259c700 1 -- 172.21.15.47:0/4284999334 --> [v2:172.21.15.47:3300/0,v1:172.21.15.47:6789/0] -- mon_subscribe({config=0+,monmap=0+}) v3 -- 0x7fb7c40093e0 con 0x7fb7d4103660
2022-09-07T21:30:53.073 INFO:teuthology.orchestra.run.smithi047.stdout:/usr/bin/ceph: stderr
2022-09-07T21:30:52.221+0000 7fb7d259c700 1 --2- 172.21.15.47:0/4284999334 >> [v2:172.21.15.47:3300/0,v1:172.21.15.47:6789/0] conn(0x7fb7d4103660 0x7fb7d41992f0 secure :-1 s=READY pgs=75 cs=0 l=1 rev1=1 crypto rx=0x7fb7c4003560 tx=0x7fb7c4003f60 comp rx=0 tx=0).ready entity=mon.0 client_cookie=0 server_cookie=0 in_seq=0 out_seq=0
2022-09-07T21:30:53.073 INFO:teuthology.orchestra.run.smithi047.stdout:/usr/bin/ceph: stderr
2022-09-07T21:30:52.221+0000 7fb7c37fe700 1 -- 172.21.15.47:0/4284999334 <== mon.0 v2:172.21.15.47:3300/0 1 ==== mon_map magic: 0 v1 ==== 205+0+0 (secure 0 0 0) 0x7fb7c4011840 con 0x7fb7d4103660
2022-09-07T21:30:53.073 INFO:teuthology.orchestra.run.smithi047.stdout:/usr/bin/ceph: stderr
2022-09-07T21:30:52.221+0000 7fb7c37fe700 1 -- 172.21.15.47:0/4284999334 <== mon.0 v2:172.21.15.47:3300/0 2 ==== config(26 keys) v1 ==== 1080+0+0 (secure 0 0 0) 0x7fb7c40119a0 con 0x7fb7d4103660
2022-09-07T21:30:53.074 INFO:teuthology.orchestra.run.smithi047.stdout:/usr/bin/ceph: stderr
2022-09-07T21:30:52.221+0000 7fb7c37fe700 1 -- 172.21.15.47:0/4284999334 <== mon.0 v2:172.21.15.47:3300/0 3 ==== mon_map magic: 0 v1 ==== 205+0+0 (secure 0 0 0) 0x7fb7c40193c0 con 0x7fb7d4103660
2022-09-07T21:30:53.074 INFO:teuthology.orchestra.run.smithi047.stdout:/usr/bin/ceph: stderr
2022-09-07T21:30:52.221+0000 7fb7d8dbf700 1 -- 172.21.15.47:0/4284999334 --> [v2:172.21.15.47:3300/0,v1:172.21.15.47:6789/0] -- mon_subscribe({mgrmap=0+}) v3 -- 0x7fb7d4199a30 con 0x7fb7d4103660
2022-09-07T21:30:53.074 INFO:teuthology.orchestra.run.smithi047.stdout:/usr/bin/ceph: stderr
2022-09-07T21:30:52.222+0000 7fb7d8dbf700 1 -- 172.21.15.47:0/4284999334 --> [v2:172.21.15.47:3300/0,v1:172.21.15.47:6789/0] -- mon_subscribe({osdmap=0}) v3 -- 0x7fb7d4199e60 con 0x7fb7d4103660
2022-09-07T21:30:53.074 INFO:teuthology.orchestra.run.smithi047.stdout:/usr/bin/ceph: stderr
2022-09-07T21:30:52.222+0000 7fb7c37fe700 1 -- 172.21.15.47:0/4284999334 <== mon.0 v2:172.21.15.47:3300/0 4 ==== mgrmap(e 12) v1 ==== 42703+0+0 (secure 0 0 0) 0x7fb7c402a020 con 0x7fb7d4103660
2022-09-07T21:30:53.075 INFO:teuthology.orchestra.run.smithi047.stdout:/usr/bin/ceph: stderr
2022-09-07T21:30:52.223+0000 7fb7d8dbf700 1 -- 172.21.15.47:0/4284999334 --> [v2:172.21.15.47:3300/0,v1:172.21.15.47:6789/0] -- mon_command({"prefix": "get_command_descriptions"} v 0) v1 -- 0x7fb7d4060310 con 0x7fb7d4103660
2022-09-07T21:30:53.075 INFO:teuthology.orchestra.run.smithi047.stdout:/usr/bin/ceph: stderr
2022-09-07T21:30:52.223+0000 7fb7c37fe700 1 --2- 172.21.15.47:0/4284999334 >> [v2:172.21.15.47:6800/429234829,v1:172.21.15.47:6801/429234829] conn(0x7fb7b8035930 0x7fb7b8037de0 unknown :-1 s=NONE pgs=0 cs=0 l=1 rev1=0 crypto rx=0 tx=0 comp rx=0 tx=0).connect
2022-09-07T21:30:53.075 INFO:teuthology.orchestra.run.smithi047.stdout:/usr/bin/ceph: stderr
2022-09-07T21:30:52.223+0000 7fb7c37fe700 1 -- 172.21.15.47:0/4284999334 <== mon.0 v2:172.21.15.47:3300/0 5 ==== osd_map(3..3 src has 1..3) v4 ==== 1151+0+0 (secure 0 0 0) 0x7fb7c4048a00 con 0x7fb7d4103660
2022-09-07T21:30:53.075 INFO:teuthology.orchestra.run.smithi047.stdout:/usr/bin/ceph: stderr
2022-09-07T21:30:52.224+0000 7fb7d1d9b700 1 --2- 172.21.15.47:0/4284999334 >> [v2:172.21.15.47:6800/429234829,v1:172.21.15.47:6801/429234829] conn(0x7fb7b8035930 0x7fb7b8037de0 unknown :-1 s=BANNER_CONNECTING pgs=0 cs=0 l=1 rev1=0 crypto rx=0 tx=0 comp rx=0 tx=0)._handle_peer_banner_payload supported=3 required=0
2022-09-07T21:30:53.076 INFO:teuthology.orchestra.run.smithi047.stdout:/usr/bin/ceph: stderr
2022-09-07T21:30:52.224+0000 7fb7d1d9b700 1 --2- 172.21.15.47:0/4284999334 >> [v2:172.21.15.47:6800/429234829,v1:172.21.15.47:6801/429234829] conn(0x7fb7b8035930 0x7fb7b8037de0 secure :-1 s=READY pgs=9 cs=0 l=1 rev1=1 crypto rx=0x7fb7c8009750 tx=0x7fb7c8006cc0 comp rx=0 tx=0).ready entity=mgr.14152 client_cookie=0 server_cookie=0 in_seq=0 out_seq=0
2022-09-07T21:30:53.076 INFO:teuthology.orchestra.run.smithi047.stdout:/usr/bin/ceph: stderr
2022-09-07T21:30:52.229+0000 7fb7c37fe700 1 -- 172.21.15.47:0/4284999334 <== mon.0 v2:172.21.15.47:3300/0 6 ==== mon_command_ack([{"prefix": "get_command_descriptions"}]=0 v0) v1 ==== 72+0+171119 (secure 0 0 0) 0x7fb7c4022700 con 0x7fb7d4103660
2022-09-07T21:30:53.076 INFO:teuthology.orchestra.run.smithi047.stdout:/usr/bin/ceph: stderr
2022-09-07T21:30:52.455+0000 7fb7d8dbf700 1 -- 172.21.15.47:0/4284999334 --> [v2:172.21.15.47:3300/0,v1:172.21.15.47:6789/0] -- mon_command({"prefix": "config get", "who": "mgr", "key": "mgr/dashboard/ssl_server_port"} v 0) v1 -- 0x7fb7d419cca0 con 0x7fb7d4103660
2022-09-07T21:30:53.077 INFO:teuthology.orchestra.run.smithi047.stdout:/usr/bin/ceph: stderr
2022-09-07T21:30:52.456+0000 7fb7c37fe700 1 -- 172.21.15.47:0/4284999334 <== mon.0 v2:172.21.15.47:3300/0 7 ==== mon_command_ack([{"prefix": "config get", "who": "mgr", "key": "mgr/dashboard/ssl_server_port"}]=0 v8) v1 ==== 112+0+5 (secure 0 0 0) 0x7fb7c400ee60 con 0x7fb7d4103660
2022-09-07T21:30:53.077 INFO:teuthology.orchestra.run.smithi047.stdout:/usr/bin/ceph: stderr
2022-09-07T21:30:52.458+0000 7fb7d8dbf700 1 -- 172.21.15.47:0/4284999334 >> [v2:172.21.15.47:6800/429234829,v1:172.21.15.47:6801/429234829] conn(0x7fb7b8035930 msgr2=0x7fb7b8037de0 secure :-1 s=STATE_CONNECTION_ESTABLISHED l=1).mark_down
2022-09-07T21:30:53.077 INFO:teuthology.orchestra.run.smithi047.stdout:/usr/bin/ceph: stderr
2022-09-07T21:30:52.458+0000 7fb7d8dbf700 1 --2- 172.21.15.47:0/4284999334 >> [v2:172.21.15.47:6800/429234829,v1:172.21.15.47:6801/429234829] conn(0x7fb7b8035930 0x7fb7b8037de0 secure :-1 s=READY pgs=9 cs=0 l=1 rev1=1 crypto rx=0x7fb7c8009750 tx=0x7fb7c8006cc0 comp rx=0 tx=0).stop
2022-09-07T21:30:53.077 INFO:teuthology.orchestra.run.smithi047.stdout:/usr/bin/ceph: stderr
2022-09-07T21:30:52.458+0000 7fb7d8dbf700 1 -- 172.21.15.47:0/4284999334 >> [v2:172.21.15.47:3300/0,v1:172.21.15.47:6789/0] conn(0x7fb7d4103660 msgr2=0x7fb7d41992f0 secure :-1 s=STATE_CONNECTION_ESTABLISHED l=1).mark_down
2022-09-07T21:30:53.078 INFO:teuthology.orchestra.run.smithi047.stdout:/usr/bin/ceph: stderr
2022-09-07T21:30:52.458+0000 7fb7d8dbf700 1 --2- 172.21.15.47:0/4284999334 >> [v2:172.21.15.47:3300/0,v1:172.21.15.47:6789/0] conn(0x7fb7d4103660 0x7fb7d41992f0 secure :-1 s=READY pgs=75 cs=0 l=1 rev1=1 crypto rx=0x7fb7c4003560 tx=0x7fb7c4003f60 comp rx=0 tx=0).stop
2022-09-07T21:30:53.078 INFO:teuthology.orchestra.run.smithi047.stdout:/usr/bin/ceph: stderr
2022-09-07T21:30:52.458+0000 7fb7d8dbf700 1 -- 172.21.15.47:0/4284999334 shutdown_connections
2022-09-07T21:30:53.078 INFO:teuthology.orchestra.run.smithi047.stdout:/usr/bin/ceph: stderr
2022-09-07T21:30:52.458+0000 7fb7d8dbf700 1 --2- 172.21.15.47:0/4284999334 >> [v2:172.21.15.47:6800/429234829,v1:172.21.15.47:6801/429234829] conn(0x7fb7b8035930 0x7fb7b8037de0 unknown :-1 s=CLOSED pgs=9 cs=0 l=1 rev1=1 crypto rx=0 tx=0 comp rx=0 tx=0).stop
2022-09-07T21:30:53.078 INFO:teuthology.orchestra.run.smithi047.stdout:/usr/bin/ceph: stderr
2022-09-07T21:30:52.458+0000 7fb7d8dbf700 1 --2- 172.21.15.47:0/4284999334 >> [v2:172.21.15.47:3300/0,v1:172.21.15.47:6789/0] conn(0x7fb7d4103660 0x7fb7d41992f0 unknown :-1 s=CLOSED pgs=75 cs=0 l=1 rev1=1 crypto rx=0 tx=0 comp rx=0 tx=0).stop
2022-09-07T21:30:53.079 INFO:teuthology.orchestra.run.smithi047.stdout:/usr/bin/ceph: stderr
2022-09-07T21:30:52.458+0000 7fb7d8dbf700 1 -- 172.21.15.47:0/4284999334 >> 172.21.15.47:0/4284999334 conn(0x7fb7d40fed50 msgr2=0x7fb7d40ff990 unknown :-1 s=STATE_NONE l=0).mark_down
2022-09-07T21:30:53.079 INFO:teuthology.orchestra.run.smithi047.stdout:/usr/bin/ceph: stderr
2022-09-07T21:30:52.458+0000 7fb7d8dbf700 1 -- 172.21.15.47:0/4284999334 shutdown_connections
2022-09-07T21:30:53.079 INFO:teuthology.orchestra.run.smithi047.stdout:/usr/bin/ceph: stderr
2022-09-07T21:30:52.458+0000 7fb7d8dbf700 1 -- 172.21.15.47:0/4284999334 wait complete.
2022-09-07T21:30:53.087 INFO:teuthology.orchestra.run.smithi047.stdout:Non-zero exit code 1 from systemctl is-enabled firewalld.service
2022-09-07T21:30:53.088 INFO:teuthology.orchestra.run.smithi047.stdout:systemctl: stdout disabled
2022-09-07T21:30:53.111 INFO:teuthology.orchestra.run.smithi047.stdout:Non-zero exit code 3 from systemctl is-active firewalld.service
2022-09-07T21:30:53.112 INFO:teuthology.orchestra.run.smithi047.stdout:systemctl: stdout inactive
2022-09-07T21:30:53.112 INFO:teuthology.orchestra.run.smithi047.stdout:firewalld.service is not enabled
2022-09-07T21:30:53.112 INFO:teuthology.orchestra.run.smithi047.stdout:Not possible to open ports <[8443]>. firewalld.service is not available
2022-09-07T21:30:53.114 INFO:teuthology.orchestra.run.smithi047.stdout:Ceph Dashboard is now available at:
2022-09-07T21:30:53.115 INFO:teuthology.orchestra.run.smithi047.stdout:
2022-09-07T21:30:53.115 INFO:teuthology.orchestra.run.smithi047.stdout: URL: https://smithi047.front.sepia.ceph.com:8443/
2022-09-07T21:30:53.115 INFO:teuthology.orchestra.run.smithi047.stdout: User: admin
2022-09-07T21:30:53.116 INFO:teuthology.orchestra.run.smithi047.stdout: Password: 6qf9o094dh
2022-09-07T21:30:53.116 INFO:teuthology.orchestra.run.smithi047.stdout:
2022-09-07T21:30:53.118 INFO:teuthology.orchestra.run.smithi047.stdout:Saving cluster configuration to /var/lib/ceph/01b8396e-2ef4-11ed-8431-001a4aab830c/config directory
2022-09-07T21:30:53.118 INFO:teuthology.orchestra.run.smithi047.stdout:Enabling autotune for osd_memory_target
2022-09-07T21:30:53.403 INFO:journalctl@ceph.mon.a.smithi047.stdout:Sep 07 21:30:53 smithi047 ceph-mon[90087]: from='client.? 172.21.15.47:0/4284999334' entity='client.admin' cmd=[{"prefix": "config get", "who": "mgr", "key": "mgr/dashboard/ssl_server_port"}]: dispatch
2022-09-07T21:30:54.403 INFO:journalctl@ceph.mon.a.smithi047.stdout:Sep 07 21:30:54 smithi047 ceph-mon[90087]: mgrmap e13: x(active, since 6s)
2022-09-07T21:30:54.825 INFO:teuthology.orchestra.run.smithi047.stdout:/usr/bin/ceph: stderr
2022-09-07T21:30:53.865+0000 7f3970607700 1 Processor -- start
2022-09-07T21:30:54.826 INFO:teuthology.orchestra.run.smithi047.stdout:/usr/bin/ceph: stderr
2022-09-07T21:30:53.865+0000 7f3970607700 1 -- start start
2022-09-07T21:30:54.826 INFO:teuthology.orchestra.run.smithi047.stdout:/usr/bin/ceph: stderr
2022-09-07T21:30:53.866+0000 7f3970607700 1 --2- >> [v2:172.21.15.47:3300/0,v1:172.21.15.47:6789/0] conn(0x7f3968078cc0 0x7f3968077240 unknown :-1 s=NONE pgs=0 cs=0 l=0 rev1=0 crypto rx=0 tx=0 comp rx=0 tx=0).connect
2022-09-07T21:30:54.827 INFO:teuthology.orchestra.run.smithi047.stdout:/usr/bin/ceph: stderr
2022-09-07T21:30:53.866+0000 7f3970607700 1 -- --> [v2:172.21.15.47:3300/0,v1:172.21.15.47:6789/0] -- mon_getmap magic: 0 v1 -- 0x7f3968077780 con 0x7f3968078cc0
2022-09-07T21:30:54.827 INFO:teuthology.orchestra.run.smithi047.stdout:/usr/bin/ceph: stderr
2022-09-07T21:30:53.867+0000 7f396e3a3700 1 --2- >> [v2:172.21.15.47:3300/0,v1:172.21.15.47:6789/0] conn(0x7f3968078cc0 0x7f3968077240 unknown :-1 s=BANNER_CONNECTING pgs=0 cs=0 l=0 rev1=0 crypto rx=0 tx=0 comp rx=0 tx=0)._handle_peer_banner_payload supported=3 required=0
2022-09-07T21:30:54.827 INFO:teuthology.orchestra.run.smithi047.stdout:/usr/bin/ceph: stderr
2022-09-07T21:30:53.867+0000 7f396e3a3700 1 --2- >> [v2:172.21.15.47:3300/0,v1:172.21.15.47:6789/0] conn(0x7f3968078cc0 0x7f3968077240 unknown :-1 s=HELLO_CONNECTING pgs=0 cs=0 l=0 rev1=1 crypto rx=0 tx=0 comp rx=0 tx=0).handle_hello peer v2:172.21.15.47:3300/0 says I am v2:172.21.15.47:33718/0 (socket says 172.21.15.47:33718)
2022-09-07T21:30:54.828 INFO:teuthology.orchestra.run.smithi047.stdout:/usr/bin/ceph: stderr
2022-09-07T21:30:53.867+0000 7f396e3a3700 1 -- 172.21.15.47:0/312207265 learned_addr learned my addr 172.21.15.47:0/312207265 (peer_addr_for_me v2:172.21.15.47:0/0)
2022-09-07T21:30:54.828 INFO:teuthology.orchestra.run.smithi047.stdout:/usr/bin/ceph: stderr
2022-09-07T21:30:53.867+0000 7f396e3a3700 1 -- 172.21.15.47:0/312207265 --> [v2:172.21.15.47:3300/0,v1:172.21.15.47:6789/0] -- mon_subscribe({config=0+,monmap=0+}) v3 -- 0x7f39680778c0 con 0x7f3968078cc0
2022-09-07T21:30:54.829 INFO:teuthology.orchestra.run.smithi047.stdout:/usr/bin/ceph: stderr
2022-09-07T21:30:53.867+0000 7f396e3a3700 1 --2- 172.21.15.47:0/312207265 >> [v2:172.21.15.47:3300/0,v1:172.21.15.47:6789/0] conn(0x7f3968078cc0 0x7f3968077240 secure :-1 s=READY pgs=76 cs=0 l=1 rev1=1 crypto rx=0x7f3964009700 tx=0x7f3964009a10 comp rx=0 tx=0).ready entity=mon.0 client_cookie=1a042e6328f2af9a server_cookie=0 in_seq=0 out_seq=0
2022-09-07T21:30:54.829 INFO:teuthology.orchestra.run.smithi047.stdout:/usr/bin/ceph: stderr
2022-09-07T21:30:53.868+0000 7f396d3a1700 1 -- 172.21.15.47:0/312207265 <== mon.0 v2:172.21.15.47:3300/0 1 ==== mon_map magic: 0 v1 ==== 205+0+0 (secure 0 0 0) 0x7f3964004160 con 0x7f3968078cc0
2022-09-07T21:30:54.830 INFO:teuthology.orchestra.run.smithi047.stdout:/usr/bin/ceph: stderr
2022-09-07T21:30:53.868+0000 7f396d3a1700 1 -- 172.21.15.47:0/312207265 <== mon.0 v2:172.21.15.47:3300/0 2 ==== config(26 keys) v1 ==== 1080+0+0 (secure 0 0 0) 0x7f39640042c0 con 0x7f3968078cc0
2022-09-07T21:30:54.830 INFO:teuthology.orchestra.run.smithi047.stdout:/usr/bin/ceph: stderr
2022-09-07T21:30:53.868+0000 7f396d3a1700 1 -- 172.21.15.47:0/312207265 <== mon.0 v2:172.21.15.47:3300/0 3 ==== mon_map magic: 0 v1 ==== 205+0+0 (secure 0 0 0) 0x7f3964003a10 con 0x7f3968078cc0
2022-09-07T21:30:54.830 INFO:teuthology.orchestra.run.smithi047.stdout:/usr/bin/ceph: stderr
2022-09-07T21:30:53.868+0000 7f3970607700 1 -- 172.21.15.47:0/312207265 >> [v2:172.21.15.47:3300/0,v1:172.21.15.47:6789/0] conn(0x7f3968078cc0 msgr2=0x7f3968077240 secure :-1 s=STATE_CONNECTION_ESTABLISHED l=1).mark_down
2022-09-07T21:30:54.831 INFO:teuthology.orchestra.run.smithi047.stdout:/usr/bin/ceph: stderr
2022-09-07T21:30:53.868+0000 7f3970607700 1 --2- 172.21.15.47:0/312207265 >> [v2:172.21.15.47:3300/0,v1:172.21.15.47:6789/0] conn(0x7f3968078cc0 0x7f3968077240 secure :-1 s=READY pgs=76 cs=0 l=1 rev1=1 crypto rx=0x7f3964009700 tx=0x7f3964009a10 comp rx=0 tx=0).stop
2022-09-07T21:30:54.831 INFO:teuthology.orchestra.run.smithi047.stdout:/usr/bin/ceph: stderr
2022-09-07T21:30:53.868+0000 7f3970607700 1 -- 172.21.15.47:0/312207265 shutdown_connections
2022-09-07T21:30:54.832 INFO:teuthology.orchestra.run.smithi047.stdout:/usr/bin/ceph: stderr
2022-09-07T21:30:53.868+0000 7f3970607700 1 --2- 172.21.15.47:0/312207265 >> [v2:172.21.15.47:3300/0,v1:172.21.15.47:6789/0] conn(0x7f3968078cc0 0x7f3968077240 unknown :-1 s=CLOSED pgs=76 cs=0 l=1 rev1=1 crypto rx=0 tx=0 comp rx=0 tx=0).stop
2022-09-07T21:30:54.832 INFO:teuthology.orchestra.run.smithi047.stdout:/usr/bin/ceph: stderr
2022-09-07T21:30:53.868+0000 7f3970607700 1 -- 172.21.15.47:0/312207265 >> 172.21.15.47:0/312207265 conn(0x7f39680fed50 msgr2=0x7f3968101180 unknown :-1 s=STATE_NONE l=0).mark_down
2022-09-07T21:30:54.833 INFO:teuthology.orchestra.run.smithi047.stdout:/usr/bin/ceph: stderr
2022-09-07T21:30:53.869+0000 7f3970607700 1 -- 172.21.15.47:0/312207265 shutdown_connections
2022-09-07T21:30:54.833 INFO:teuthology.orchestra.run.smithi047.stdout:/usr/bin/ceph: stderr
2022-09-07T21:30:53.869+0000 7f3970607700 1 -- 172.21.15.47:0/312207265 wait complete.
2022-09-07T21:30:54.833 INFO:teuthology.orchestra.run.smithi047.stdout:/usr/bin/ceph: stderr
2022-09-07T21:30:53.870+0000 7f3970607700 1 Processor -- start
2022-09-07T21:30:54.834 INFO:teuthology.orchestra.run.smithi047.stdout:/usr/bin/ceph: stderr
2022-09-07T21:30:53.870+0000 7f3970607700 1 -- start start
2022-09-07T21:30:54.834 INFO:teuthology.orchestra.run.smithi047.stdout:/usr/bin/ceph: stderr
2022-09-07T21:30:53.870+0000 7f3970607700 1 --2- >> [v2:172.21.15.47:3300/0,v1:172.21.15.47:6789/0] conn(0x7f3968078cc0 0x7f396819d700 unknown :-1 s=NONE pgs=0 cs=0 l=1 rev1=0 crypto rx=0 tx=0 comp rx=0 tx=0).connect
2022-09-07T21:30:54.834 INFO:teuthology.orchestra.run.smithi047.stdout:/usr/bin/ceph: stderr
2022-09-07T21:30:53.870+0000 7f3970607700 1 -- --> [v2:172.21.15.47:3300/0,v1:172.21.15.47:6789/0] -- mon_getmap magic: 0 v1 -- 0x7f396819dc40 con 0x7f3968078cc0
2022-09-07T21:30:54.835 INFO:teuthology.orchestra.run.smithi047.stdout:/usr/bin/ceph: stderr
2022-09-07T21:30:53.871+0000 7f396e3a3700 1 --2- >> [v2:172.21.15.47:3300/0,v1:172.21.15.47:6789/0] conn(0x7f3968078cc0 0x7f396819d700 unknown :-1 s=BANNER_CONNECTING pgs=0 cs=0 l=1 rev1=0 crypto rx=0 tx=0 comp rx=0 tx=0)._handle_peer_banner_payload supported=3 required=0
2022-09-07T21:30:54.835 INFO:teuthology.orchestra.run.smithi047.stdout:/usr/bin/ceph: stderr
2022-09-07T21:30:53.871+0000 7f396e3a3700 1 --2- >> [v2:172.21.15.47:3300/0,v1:172.21.15.47:6789/0] conn(0x7f3968078cc0 0x7f396819d700 unknown :-1 s=HELLO_CONNECTING pgs=0 cs=0 l=1 rev1=1 crypto rx=0 tx=0 comp rx=0 tx=0).handle_hello peer v2:172.21.15.47:3300/0 says I am v2:172.21.15.47:33726/0 (socket says 172.21.15.47:33726)
2022-09-07T21:30:54.836 INFO:teuthology.orchestra.run.smithi047.stdout:/usr/bin/ceph: stderr
2022-09-07T21:30:53.871+0000 7f396e3a3700 1 -- 172.21.15.47:0/1162415284 learned_addr learned my addr 172.21.15.47:0/1162415284 (peer_addr_for_me v2:172.21.15.47:0/0)
2022-09-07T21:30:54.836 INFO:teuthology.orchestra.run.smithi047.stdout:/usr/bin/ceph: stderr
2022-09-07T21:30:53.871+0000 7f396e3a3700 1 -- 172.21.15.47:0/1162415284 --> [v2:172.21.15.47:3300/0,v1:172.21.15.47:6789/0] -- mon_subscribe({config=0+,monmap=0+}) v3 -- 0x7f39640093e0 con 0x7f3968078cc0
2022-09-07T21:30:54.836 INFO:teuthology.orchestra.run.smithi047.stdout:/usr/bin/ceph: stderr
