2022-09-07T21:30:23.957+0000 7f23caffd700 1 --2- >> [v2:172.21.15.47:3300/0,v1:172.21.15.47:6789/0] conn(0x7f23cc071e80 0x7f23cc199240 unknown :-1 s=HELLO_CONNECTING pgs=0 cs=0 l=1 rev1=1 crypto rx=0 tx=0 comp rx=0 tx=0).handle_hello peer v2:172.21.15.47:3300/0 says I am v2:172.21.15.47:54450/0 (socket says 172.21.15.47:54450)
2022-09-07T21:30:28.341 INFO:teuthology.orchestra.run.smithi047.stdout:/usr/bin/ceph: stderr
2022-09-07T21:30:23.957+0000 7f23caffd700 1 -- 172.21.15.47:0/2348517691 learned_addr learned my addr 172.21.15.47:0/2348517691 (peer_addr_for_me v2:172.21.15.47:0/0)
2022-09-07T21:30:28.341 INFO:teuthology.orchestra.run.smithi047.stdout:/usr/bin/ceph: stderr
2022-09-07T21:30:23.957+0000 7f23caffd700 1 -- 172.21.15.47:0/2348517691 --> [v2:172.21.15.47:3300/0,v1:172.21.15.47:6789/0] -- mon_subscribe({config=0+,monmap=0+}) v3 -- 0x7f23bc0093e0 con 0x7f23cc071e80
2022-09-07T21:30:28.342 INFO:teuthology.orchestra.run.smithi047.stdout:/usr/bin/ceph: stderr
2022-09-07T21:30:23.957+0000 7f23caffd700 1 --2- 172.21.15.47:0/2348517691 >> [v2:172.21.15.47:3300/0,v1:172.21.15.47:6789/0] conn(0x7f23cc071e80 0x7f23cc199240 secure :-1 s=READY pgs=46 cs=0 l=1 rev1=1 crypto rx=0x7f23bc009e90 tx=0x7f23bc004040 comp rx=0 tx=0).ready entity=mon.0 client_cookie=0 server_cookie=0 in_seq=0 out_seq=0
2022-09-07T21:30:28.342 INFO:teuthology.orchestra.run.smithi047.stdout:/usr/bin/ceph: stderr
2022-09-07T21:30:23.958+0000 7f23b3fff700 1 -- 172.21.15.47:0/2348517691 <== mon.0 v2:172.21.15.47:3300/0 1 ==== mon_map magic: 0 v1 ==== 205+0+0 (secure 0 0 0) 0x7f23bc011840 con 0x7f23cc071e80
2022-09-07T21:30:28.343 INFO:teuthology.orchestra.run.smithi047.stdout:/usr/bin/ceph: stderr
2022-09-07T21:30:23.958+0000 7f23d16ae700 1 -- 172.21.15.47:0/2348517691 --> [v2:172.21.15.47:3300/0,v1:172.21.15.47:6789/0] -- mon_subscribe({mgrmap=0+}) v3 -- 0x7f23cc199980 con 0x7f23cc071e80
2022-09-07T21:30:28.343 INFO:teuthology.orchestra.run.smithi047.stdout:/usr/bin/ceph: stderr
2022-09-07T21:30:23.958+0000 7f23b3fff700 1 -- 172.21.15.47:0/2348517691 <== mon.0 v2:172.21.15.47:3300/0 2 ==== config(26 keys) v1 ==== 1049+0+0 (secure 0 0 0) 0x7f23bc01a430 con 0x7f23cc071e80
2022-09-07T21:30:28.344 INFO:teuthology.orchestra.run.smithi047.stdout:/usr/bin/ceph: stderr
2022-09-07T21:30:23.958+0000 7f23b3fff700 1 -- 172.21.15.47:0/2348517691 <== mon.0 v2:172.21.15.47:3300/0 3 ==== mon_map magic: 0 v1 ==== 205+0+0 (secure 0 0 0) 0x7f23bc019550 con 0x7f23cc071e80
2022-09-07T21:30:28.344 INFO:teuthology.orchestra.run.smithi047.stdout:/usr/bin/ceph: stderr
2022-09-07T21:30:23.958+0000 7f23d16ae700 1 -- 172.21.15.47:0/2348517691 --> [v2:172.21.15.47:3300/0,v1:172.21.15.47:6789/0] -- mon_subscribe({osdmap=0}) v3 -- 0x7f23cc199db0 con 0x7f23cc071e80
2022-09-07T21:30:28.345 INFO:teuthology.orchestra.run.smithi047.stdout:/usr/bin/ceph: stderr
2022-09-07T21:30:23.959+0000 7f23b3fff700 1 -- 172.21.15.47:0/2348517691 <== mon.0 v2:172.21.15.47:3300/0 4 ==== mgrmap(e 8) v1 ==== 42690+0+0 (secure 0 0 0) 0x7f23bc02a020 con 0x7f23cc071e80
2022-09-07T21:30:28.345 INFO:teuthology.orchestra.run.smithi047.stdout:/usr/bin/ceph: stderr
2022-09-07T21:30:23.959+0000 7f23d16ae700 1 -- 172.21.15.47:0/2348517691 --> [v2:172.21.15.47:3300/0,v1:172.21.15.47:6789/0] -- mon_command({"prefix": "get_command_descriptions"} v 0) v1 -- 0x7f23cc060310 con 0x7f23cc071e80
2022-09-07T21:30:28.345 INFO:teuthology.orchestra.run.smithi047.stdout:/usr/bin/ceph: stderr
2022-09-07T21:30:23.959+0000 7f23b3fff700 1 --2- 172.21.15.47:0/2348517691 >> [v2:172.21.15.47:6800/4097349239,v1:172.21.15.47:6801/4097349239] conn(0x7f23b80358d0 0x7f23b8037d80 unknown :-1 s=NONE pgs=0 cs=0 l=1 rev1=0 crypto rx=0 tx=0 comp rx=0 tx=0).connect
2022-09-07T21:30:28.346 INFO:teuthology.orchestra.run.smithi047.stdout:/usr/bin/ceph: stderr
2022-09-07T21:30:23.959+0000 7f23b3fff700 1 -- 172.21.15.47:0/2348517691 <== mon.0 v2:172.21.15.47:3300/0 5 ==== osd_map(2..2 src has 1..2) v4 ==== 936+0+0 (secure 0 0 0) 0x7f23bc048a70 con 0x7f23cc071e80
2022-09-07T21:30:28.346 INFO:teuthology.orchestra.run.smithi047.stdout:/usr/bin/ceph: stderr
2022-09-07T21:30:23.960+0000 7f23ca7fc700 1 --2- 172.21.15.47:0/2348517691 >> [v2:172.21.15.47:6800/4097349239,v1:172.21.15.47:6801/4097349239] conn(0x7f23b80358d0 0x7f23b8037d80 unknown :-1 s=BANNER_CONNECTING pgs=0 cs=0 l=1 rev1=0 crypto rx=0 tx=0 comp rx=0 tx=0)._handle_peer_banner_payload supported=3 required=0
2022-09-07T21:30:28.347 INFO:teuthology.orchestra.run.smithi047.stdout:/usr/bin/ceph: stderr
2022-09-07T21:30:23.960+0000 7f23ca7fc700 1 --2- 172.21.15.47:0/2348517691 >> [v2:172.21.15.47:6800/4097349239,v1:172.21.15.47:6801/4097349239] conn(0x7f23b80358d0 0x7f23b8037d80 secure :-1 s=READY pgs=11 cs=0 l=1 rev1=1 crypto rx=0x7f23c0009750 tx=0x7f23c0006cc0 comp rx=0 tx=0).ready entity=mgr.14120 client_cookie=0 server_cookie=0 in_seq=0 out_seq=0
2022-09-07T21:30:28.347 INFO:teuthology.orchestra.run.smithi047.stdout:/usr/bin/ceph: stderr
2022-09-07T21:30:23.965+0000 7f23b3fff700 1 -- 172.21.15.47:0/2348517691 <== mon.0 v2:172.21.15.47:3300/0 6 ==== mon_command_ack([{"prefix": "get_command_descriptions"}]=0 v0) v1 ==== 72+0+171119 (secure 0 0 0) 0x7f23bc0119a0 con 0x7f23cc071e80
2022-09-07T21:30:28.348 INFO:teuthology.orchestra.run.smithi047.stdout:/usr/bin/ceph: stderr
2022-09-07T21:30:24.193+0000 7f23d16ae700 1 -- 172.21.15.47:0/2348517691 --> [v2:172.21.15.47:6800/4097349239,v1:172.21.15.47:6801/4097349239] -- mgr_command(tid 0: {"prefix": "orch host add", "hostname": "smithi047", "addr": "172.21.15.47", "target": ["mon-mgr", ""]}) v1 -- 0x7f23cc0fefb0 con 0x7f23b80358d0
2022-09-07T21:30:28.348 INFO:teuthology.orchestra.run.smithi047.stdout:/usr/bin/ceph: stderr
2022-09-07T21:30:27.642+0000 7f23b3fff700 1 -- 172.21.15.47:0/2348517691 <== mgr.14120 v2:172.21.15.47:6800/4097349239 1 ==== mgr_command_reply(tid 0: 0 ) v1 ==== 8+0+48 (secure 0 0 0) 0x7f23cc0fefb0 con 0x7f23b80358d0
2022-09-07T21:30:28.349 INFO:teuthology.orchestra.run.smithi047.stdout:/usr/bin/ceph: stderr
2022-09-07T21:30:27.645+0000 7f23d16ae700 1 -- 172.21.15.47:0/2348517691 >> [v2:172.21.15.47:6800/4097349239,v1:172.21.15.47:6801/4097349239] conn(0x7f23b80358d0 msgr2=0x7f23b8037d80 secure :-1 s=STATE_CONNECTION_ESTABLISHED l=1).mark_down
2022-09-07T21:30:28.349 INFO:teuthology.orchestra.run.smithi047.stdout:/usr/bin/ceph: stderr
2022-09-07T21:30:27.645+0000 7f23d16ae700 1 --2- 172.21.15.47:0/2348517691 >> [v2:172.21.15.47:6800/4097349239,v1:172.21.15.47:6801/4097349239] conn(0x7f23b80358d0 0x7f23b8037d80 secure :-1 s=READY pgs=11 cs=0 l=1 rev1=1 crypto rx=0x7f23c0009750 tx=0x7f23c0006cc0 comp rx=0 tx=0).stop
2022-09-07T21:30:28.350 INFO:teuthology.orchestra.run.smithi047.stdout:/usr/bin/ceph: stderr
2022-09-07T21:30:27.645+0000 7f23d16ae700 1 -- 172.21.15.47:0/2348517691 >> [v2:172.21.15.47:3300/0,v1:172.21.15.47:6789/0] conn(0x7f23cc071e80 msgr2=0x7f23cc199240 secure :-1 s=STATE_CONNECTION_ESTABLISHED l=1).mark_down
2022-09-07T21:30:28.350 INFO:teuthology.orchestra.run.smithi047.stdout:/usr/bin/ceph: stderr
2022-09-07T21:30:27.645+0000 7f23d16ae700 1 --2- 172.21.15.47:0/2348517691 >> [v2:172.21.15.47:3300/0,v1:172.21.15.47:6789/0] conn(0x7f23cc071e80 0x7f23cc199240 secure :-1 s=READY pgs=46 cs=0 l=1 rev1=1 crypto rx=0x7f23bc009e90 tx=0x7f23bc004040 comp rx=0 tx=0).stop
2022-09-07T21:30:28.350 INFO:teuthology.orchestra.run.smithi047.stdout:/usr/bin/ceph: stderr
2022-09-07T21:30:27.645+0000 7f23d16ae700 1 -- 172.21.15.47:0/2348517691 shutdown_connections
2022-09-07T21:30:28.351 INFO:teuthology.orchestra.run.smithi047.stdout:/usr/bin/ceph: stderr
2022-09-07T21:30:27.645+0000 7f23d16ae700 1 --2- 172.21.15.47:0/2348517691 >> [v2:172.21.15.47:6800/4097349239,v1:172.21.15.47:6801/4097349239] conn(0x7f23b80358d0 0x7f23b8037d80 unknown :-1 s=CLOSED pgs=11 cs=0 l=1 rev1=1 crypto rx=0 tx=0 comp rx=0 tx=0).stop
2022-09-07T21:30:28.351 INFO:teuthology.orchestra.run.smithi047.stdout:/usr/bin/ceph: stderr
2022-09-07T21:30:27.645+0000 7f23d16ae700 1 --2- 172.21.15.47:0/2348517691 >> [v2:172.21.15.47:3300/0,v1:172.21.15.47:6789/0] conn(0x7f23cc071e80 0x7f23cc199240 unknown :-1 s=CLOSED pgs=46 cs=0 l=1 rev1=1 crypto rx=0 tx=0 comp rx=0 tx=0).stop
2022-09-07T21:30:28.352 INFO:teuthology.orchestra.run.smithi047.stdout:/usr/bin/ceph: stderr
2022-09-07T21:30:27.645+0000 7f23d16ae700 1 -- 172.21.15.47:0/2348517691 >> 172.21.15.47:0/2348517691 conn(0x7f23cc0fdc20 msgr2=0x7f23cc0fe8a0 unknown :-1 s=STATE_NONE l=0).mark_down
2022-09-07T21:30:28.352 INFO:teuthology.orchestra.run.smithi047.stdout:/usr/bin/ceph: stderr
2022-09-07T21:30:27.646+0000 7f23d16ae700 1 -- 172.21.15.47:0/2348517691 shutdown_connections
2022-09-07T21:30:28.353 INFO:teuthology.orchestra.run.smithi047.stdout:/usr/bin/ceph: stderr
2022-09-07T21:30:27.646+0000 7f23d16ae700 1 -- 172.21.15.47:0/2348517691 wait complete.
2022-09-07T21:30:28.353 INFO:teuthology.orchestra.run.smithi047.stdout:Deploying unmanaged mon service...
2022-09-07T21:30:28.903 INFO:journalctl@ceph.mon.a.smithi047.stdout:Sep 07 21:30:28 smithi047 ceph-mon[90087]: from='mgr.14120 172.21.15.47:0/497359978' entity='mgr.x'
2022-09-07T21:30:28.903 INFO:journalctl@ceph.mon.a.smithi047.stdout:Sep 07 21:30:28 smithi047 ceph-mon[90087]: Added host smithi047
2022-09-07T21:30:28.903 INFO:journalctl@ceph.mon.a.smithi047.stdout:Sep 07 21:30:28 smithi047 ceph-mon[90087]: from='mgr.14120 172.21.15.47:0/497359978' entity='mgr.x' cmd=[{"prefix": "config dump", "format": "json"}]: dispatch
2022-09-07T21:30:29.732 INFO:teuthology.orchestra.run.smithi047.stdout:/usr/bin/ceph: stdout Scheduled mon update...
2022-09-07T21:30:29.744 INFO:teuthology.orchestra.run.smithi047.stdout:/usr/bin/ceph: stderr
2022-09-07T21:30:28.969+0000 7f1bfd152700 1 Processor -- start
2022-09-07T21:30:29.745 INFO:teuthology.orchestra.run.smithi047.stdout:/usr/bin/ceph: stderr
2022-09-07T21:30:28.969+0000 7f1bfd152700 1 -- start start
2022-09-07T21:30:29.745 INFO:teuthology.orchestra.run.smithi047.stdout:/usr/bin/ceph: stderr
2022-09-07T21:30:28.970+0000 7f1bfd152700 1 --2- >> [v2:172.21.15.47:3300/0,v1:172.21.15.47:6789/0] conn(0x7f1bf8071e80 0x7f1bf8108670 unknown :-1 s=NONE pgs=0 cs=0 l=0 rev1=0 crypto rx=0 tx=0 comp rx=0 tx=0).connect
2022-09-07T21:30:29.745 INFO:teuthology.orchestra.run.smithi047.stdout:/usr/bin/ceph: stderr
2022-09-07T21:30:28.970+0000 7f1bfd152700 1 -- --> [v2:172.21.15.47:3300/0,v1:172.21.15.47:6789/0] -- mon_getmap magic: 0 v1 -- 0x7f1bf8104060 con 0x7f1bf8071e80
2022-09-07T21:30:29.746 INFO:teuthology.orchestra.run.smithi047.stdout:/usr/bin/ceph: stderr
2022-09-07T21:30:28.970+0000 7f1bf6d9d700 1 --2- >> [v2:172.21.15.47:3300/0,v1:172.21.15.47:6789/0] conn(0x7f1bf8071e80 0x7f1bf8108670 unknown :-1 s=BANNER_CONNECTING pgs=0 cs=0 l=0 rev1=0 crypto rx=0 tx=0 comp rx=0 tx=0)._handle_peer_banner_payload supported=3 required=0
2022-09-07T21:30:29.746 INFO:teuthology.orchestra.run.smithi047.stdout:/usr/bin/ceph: stderr
2022-09-07T21:30:28.970+0000 7f1bf6d9d700 1 --2- >> [v2:172.21.15.47:3300/0,v1:172.21.15.47:6789/0] conn(0x7f1bf8071e80 0x7f1bf8108670 unknown :-1 s=HELLO_CONNECTING pgs=0 cs=0 l=0 rev1=1 crypto rx=0 tx=0 comp rx=0 tx=0).handle_hello peer v2:172.21.15.47:3300/0 says I am v2:172.21.15.47:53586/0 (socket says 172.21.15.47:53586)
2022-09-07T21:30:29.747 INFO:teuthology.orchestra.run.smithi047.stdout:/usr/bin/ceph: stderr
2022-09-07T21:30:28.970+0000 7f1bf6d9d700 1 -- 172.21.15.47:0/3629688140 learned_addr learned my addr 172.21.15.47:0/3629688140 (peer_addr_for_me v2:172.21.15.47:0/0)
2022-09-07T21:30:29.747 INFO:teuthology.orchestra.run.smithi047.stdout:/usr/bin/ceph: stderr
2022-09-07T21:30:28.971+0000 7f1bf6d9d700 1 -- 172.21.15.47:0/3629688140 --> [v2:172.21.15.47:3300/0,v1:172.21.15.47:6789/0] -- mon_subscribe({config=0+,monmap=0+}) v3 -- 0x7f1bf8108bb0 con 0x7f1bf8071e80
2022-09-07T21:30:29.747 INFO:teuthology.orchestra.run.smithi047.stdout:/usr/bin/ceph: stderr
2022-09-07T21:30:28.971+0000 7f1bf6d9d700 1 --2- 172.21.15.47:0/3629688140 >> [v2:172.21.15.47:3300/0,v1:172.21.15.47:6789/0] conn(0x7f1bf8071e80 0x7f1bf8108670 secure :-1 s=READY pgs=47 cs=0 l=1 rev1=1 crypto rx=0x7f1be8009700 tx=0x7f1be8009a10 comp rx=0 tx=0).ready entity=mon.0 client_cookie=9154b8955cf43c55 server_cookie=0 in_seq=0 out_seq=0
2022-09-07T21:30:29.748 INFO:teuthology.orchestra.run.smithi047.stdout:/usr/bin/ceph: stderr
2022-09-07T21:30:28.971+0000 7f1bf5d9b700 1 -- 172.21.15.47:0/3629688140 <== mon.0 v2:172.21.15.47:3300/0 1 ==== mon_map magic: 0 v1 ==== 205+0+0 (secure 0 0 0) 0x7f1be8004160 con 0x7f1bf8071e80
2022-09-07T21:30:29.748 INFO:teuthology.orchestra.run.smithi047.stdout:/usr/bin/ceph: stderr
2022-09-07T21:30:28.971+0000 7f1bf5d9b700 1 -- 172.21.15.47:0/3629688140 <== mon.0 v2:172.21.15.47:3300/0 2 ==== config(26 keys) v1 ==== 1049+0+0 (secure 0 0 0) 0x7f1be80042c0 con 0x7f1bf8071e80
2022-09-07T21:30:29.748 INFO:teuthology.orchestra.run.smithi047.stdout:/usr/bin/ceph: stderr
2022-09-07T21:30:28.971+0000 7f1bf5d9b700 1 -- 172.21.15.47:0/3629688140 <== mon.0 v2:172.21.15.47:3300/0 3 ==== mon_map magic: 0 v1 ==== 205+0+0 (secure 0 0 0) 0x7f1be80039d0 con 0x7f1bf8071e80
2022-09-07T21:30:29.748 INFO:teuthology.orchestra.run.smithi047.stdout:/usr/bin/ceph: stderr
2022-09-07T21:30:28.972+0000 7f1bfd152700 1 -- 172.21.15.47:0/3629688140 >> [v2:172.21.15.47:3300/0,v1:172.21.15.47:6789/0] conn(0x7f1bf8071e80 msgr2=0x7f1bf8108670 secure :-1 s=STATE_CONNECTION_ESTABLISHED l=1).mark_down
2022-09-07T21:30:29.749 INFO:teuthology.orchestra.run.smithi047.stdout:/usr/bin/ceph: stderr
2022-09-07T21:30:28.972+0000 7f1bfd152700 1 --2- 172.21.15.47:0/3629688140 >> [v2:172.21.15.47:3300/0,v1:172.21.15.47:6789/0] conn(0x7f1bf8071e80 0x7f1bf8108670 secure :-1 s=READY pgs=47 cs=0 l=1 rev1=1 crypto rx=0x7f1be8009700 tx=0x7f1be8009a10 comp rx=0 tx=0).stop
2022-09-07T21:30:29.749 INFO:teuthology.orchestra.run.smithi047.stdout:/usr/bin/ceph: stderr
2022-09-07T21:30:28.972+0000 7f1bfd152700 1 -- 172.21.15.47:0/3629688140 shutdown_connections
2022-09-07T21:30:29.749 INFO:teuthology.orchestra.run.smithi047.stdout:/usr/bin/ceph: stderr
2022-09-07T21:30:28.972+0000 7f1bfd152700 1 --2- 172.21.15.47:0/3629688140 >> [v2:172.21.15.47:3300/0,v1:172.21.15.47:6789/0] conn(0x7f1bf8071e80 0x7f1bf8108670 unknown :-1 s=CLOSED pgs=47 cs=0 l=1 rev1=1 crypto rx=0 tx=0 comp rx=0 tx=0).stop
2022-09-07T21:30:29.750 INFO:teuthology.orchestra.run.smithi047.stdout:/usr/bin/ceph: stderr
2022-09-07T21:30:28.972+0000 7f1bfd152700 1 -- 172.21.15.47:0/3629688140 >> 172.21.15.47:0/3629688140 conn(0x7f1bf80fdc20 msgr2=0x7f1bf8100050 unknown :-1 s=STATE_NONE l=0).mark_down
2022-09-07T21:30:29.750 INFO:teuthology.orchestra.run.smithi047.stdout:/usr/bin/ceph: stderr
2022-09-07T21:30:28.972+0000 7f1bfd152700 1 -- 172.21.15.47:0/3629688140 shutdown_connections
2022-09-07T21:30:29.750 INFO:teuthology.orchestra.run.smithi047.stdout:/usr/bin/ceph: stderr
2022-09-07T21:30:28.972+0000 7f1bfd152700 1 -- 172.21.15.47:0/3629688140 wait complete.
2022-09-07T21:30:29.750 INFO:teuthology.orchestra.run.smithi047.stdout:/usr/bin/ceph: stderr
2022-09-07T21:30:28.973+0000 7f1bfd152700 1 Processor -- start
2022-09-07T21:30:29.751 INFO:teuthology.orchestra.run.smithi047.stdout:/usr/bin/ceph: stderr
2022-09-07T21:30:28.973+0000 7f1bfd152700 1 -- start start
2022-09-07T21:30:29.751 INFO:teuthology.orchestra.run.smithi047.stdout:/usr/bin/ceph: stderr
2022-09-07T21:30:28.974+0000 7f1bfd152700 1 --2- >> [v2:172.21.15.47:3300/0,v1:172.21.15.47:6789/0] conn(0x7f1bf8071e80 0x7f1bf8199240 unknown :-1 s=NONE pgs=0 cs=0 l=1 rev1=0 crypto rx=0 tx=0 comp rx=0 tx=0).connect
2022-09-07T21:30:29.751 INFO:teuthology.orchestra.run.smithi047.stdout:/usr/bin/ceph: stderr
2022-09-07T21:30:28.974+0000 7f1bfd152700 1 -- --> [v2:172.21.15.47:3300/0,v1:172.21.15.47:6789/0] -- mon_getmap magic: 0 v1 -- 0x7f1bf8199780 con 0x7f1bf8071e80
2022-09-07T21:30:29.751 INFO:teuthology.orchestra.run.smithi047.stdout:/usr/bin/ceph: stderr
2022-09-07T21:30:28.974+0000 7f1bf6d9d700 1 --2- >> [v2:172.21.15.47:3300/0,v1:172.21.15.47:6789/0] conn(0x7f1bf8071e80 0x7f1bf8199240 unknown :-1 s=BANNER_CONNECTING pgs=0 cs=0 l=1 rev1=0 crypto rx=0 tx=0 comp rx=0 tx=0)._handle_peer_banner_payload supported=3 required=0
2022-09-07T21:30:29.751 INFO:teuthology.orchestra.run.smithi047.stdout:/usr/bin/ceph: stderr
2022-09-07T21:30:28.974+0000 7f1bf6d9d700 1 --2- >> [v2:172.21.15.47:3300/0,v1:172.21.15.47:6789/0] conn(0x7f1bf8071e80 0x7f1bf8199240 unknown :-1 s=HELLO_CONNECTING pgs=0 cs=0 l=1 rev1=1 crypto rx=0 tx=0 comp rx=0 tx=0).handle_hello peer v2:172.21.15.47:3300/0 says I am v2:172.21.15.47:53590/0 (socket says 172.21.15.47:53590)
2022-09-07T21:30:29.752 INFO:teuthology.orchestra.run.smithi047.stdout:/usr/bin/ceph: stderr
2022-09-07T21:30:28.974+0000 7f1bf6d9d700 1 -- 172.21.15.47:0/387690235 learned_addr learned my addr 172.21.15.47:0/387690235 (peer_addr_for_me v2:172.21.15.47:0/0)
2022-09-07T21:30:29.752 INFO:teuthology.orchestra.run.smithi047.stdout:/usr/bin/ceph: stderr
2022-09-07T21:30:28.974+0000 7f1bf6d9d700 1 -- 172.21.15.47:0/387690235 --> [v2:172.21.15.47:3300/0,v1:172.21.15.47:6789/0] -- mon_subscribe({config=0+,monmap=0+}) v3 -- 0x7f1be80093e0 con 0x7f1bf8071e80
2022-09-07T21:30:29.752 INFO:teuthology.orchestra.run.smithi047.stdout:/usr/bin/ceph: stderr
2022-09-07T21:30:28.975+0000 7f1bf6d9d700 1 --2- 172.21.15.47:0/387690235 >> [v2:172.21.15.47:3300/0,v1:172.21.15.47:6789/0] conn(0x7f1bf8071e80 0x7f1bf8199240 secure :-1 s=READY pgs=48 cs=0 l=1 rev1=1 crypto rx=0x7f1be8009e90 tx=0x7f1be8004040 comp rx=0 tx=0).ready entity=mon.0 client_cookie=0 server_cookie=0 in_seq=0 out_seq=0
2022-09-07T21:30:29.752 INFO:teuthology.orchestra.run.smithi047.stdout:/usr/bin/ceph: stderr
2022-09-07T21:30:28.975+0000 7f1bdffff700 1 -- 172.21.15.47:0/387690235 <== mon.0 v2:172.21.15.47:3300/0 1 ==== mon_map magic: 0 v1 ==== 205+0+0 (secure 0 0 0) 0x7f1be8011840 con 0x7f1bf8071e80
2022-09-07T21:30:29.753 INFO:teuthology.orchestra.run.smithi047.stdout:/usr/bin/ceph: stderr
2022-09-07T21:30:28.975+0000 7f1bfd152700 1 -- 172.21.15.47:0/387690235 --> [v2:172.21.15.47:3300/0,v1:172.21.15.47:6789/0] -- mon_subscribe({mgrmap=0+}) v3 -- 0x7f1bf8199980 con 0x7f1bf8071e80
2022-09-07T21:30:29.753 INFO:teuthology.orchestra.run.smithi047.stdout:/usr/bin/ceph: stderr
2022-09-07T21:30:28.975+0000 7f1bdffff700 1 -- 172.21.15.47:0/387690235 <== mon.0 v2:172.21.15.47:3300/0 2 ==== config(26 keys) v1 ==== 1049+0+0 (secure 0 0 0) 0x7f1be801a430 con 0x7f1bf8071e80
2022-09-07T21:30:29.753 INFO:teuthology.orchestra.run.smithi047.stdout:/usr/bin/ceph: stderr
2022-09-07T21:30:28.975+0000 7f1bdffff700 1 -- 172.21.15.47:0/387690235 <== mon.0 v2:172.21.15.47:3300/0 3 ==== mon_map magic: 0 v1 ==== 205+0+0 (secure 0 0 0) 0x7f1be8019550 con 0x7f1bf8071e80
2022-09-07T21:30:29.753 INFO:teuthology.orchestra.run.smithi047.stdout:/usr/bin/ceph: stderr
2022-09-07T21:30:28.975+0000 7f1bfd152700 1 -- 172.21.15.47:0/387690235 --> [v2:172.21.15.47:3300/0,v1:172.21.15.47:6789/0] -- mon_subscribe({osdmap=0}) v3 -- 0x7f1bf8199db0 con 0x7f1bf8071e80
2022-09-07T21:30:29.753 INFO:teuthology.orchestra.run.smithi047.stdout:/usr/bin/ceph: stderr
2022-09-07T21:30:28.977+0000 7f1bdffff700 1 -- 172.21.15.47:0/387690235 <== mon.0 v2:172.21.15.47:3300/0 4 ==== mgrmap(e 8) v1 ==== 42690+0+0 (secure 0 0 0) 0x7f1be802a020 con 0x7f1bf8071e80
2022-09-07T21:30:29.754 INFO:teuthology.orchestra.run.smithi047.stdout:/usr/bin/ceph: stderr
2022-09-07T21:30:28.977+0000 7f1bfd152700 1 -- 172.21.15.47:0/387690235 --> [v2:172.21.15.47:3300/0,v1:172.21.15.47:6789/0] -- mon_command({"prefix": "get_command_descriptions"} v 0) v1 -- 0x7f1bf8060310 con 0x7f1bf8071e80
2022-09-07T21:30:29.754 INFO:teuthology.orchestra.run.smithi047.stdout:/usr/bin/ceph: stderr
2022-09-07T21:30:28.977+0000 7f1bdffff700 1 --2- 172.21.15.47:0/387690235 >> [v2:172.21.15.47:6800/4097349239,v1:172.21.15.47:6801/4097349239] conn(0x7f1be4035890 0x7f1be4037d40 unknown :-1 s=NONE pgs=0 cs=0 l=1 rev1=0 crypto rx=0 tx=0 comp rx=0 tx=0).connect
2022-09-07T21:30:29.754 INFO:teuthology.orchestra.run.smithi047.stdout:/usr/bin/ceph: stderr
2022-09-07T21:30:28.977+0000 7f1bdffff700 1 -- 172.21.15.47:0/387690235 <== mon.0 v2:172.21.15.47:3300/0 5 ==== osd_map(2..2 src has 1..2) v4 ==== 936+0+0 (secure 0 0 0) 0x7f1be80489e0 con 0x7f1bf8071e80
2022-09-07T21:30:29.754 INFO:teuthology.orchestra.run.smithi047.stdout:/usr/bin/ceph: stderr
2022-09-07T21:30:28.977+0000 7f1bf659c700 1 --2- 172.21.15.47:0/387690235 >> [v2:172.21.15.47:6800/4097349239,v1:172.21.15.47:6801/4097349239] conn(0x7f1be4035890 0x7f1be4037d40 unknown :-1 s=BANNER_CONNECTING pgs=0 cs=0 l=1 rev1=0 crypto rx=0 tx=0 comp rx=0 tx=0)._handle_peer_banner_payload supported=3 required=0
2022-09-07T21:30:29.755 INFO:teuthology.orchestra.run.smithi047.stdout:/usr/bin/ceph: stderr
2022-09-07T21:30:28.978+0000 7f1bf659c700 1 --2- 172.21.15.47:0/387690235 >> [v2:172.21.15.47:6800/4097349239,v1:172.21.15.47:6801/4097349239] conn(0x7f1be4035890 0x7f1be4037d40 secure :-1 s=READY pgs=12 cs=0 l=1 rev1=1 crypto rx=0x7f1bec009750 tx=0x7f1bec006cc0 comp rx=0 tx=0).ready entity=mgr.14120 client_cookie=0 server_cookie=0 in_seq=0 out_seq=0
2022-09-07T21:30:29.755 INFO:teuthology.orchestra.run.smithi047.stdout:/usr/bin/ceph: stderr
2022-09-07T21:30:28.982+0000 7f1bdffff700 1 -- 172.21.15.47:0/387690235 <== mon.0 v2:172.21.15.47:3300/0 6 ==== mon_command_ack([{"prefix": "get_command_descriptions"}]=0 v0) v1 ==== 72+0+171119 (secure 0 0 0) 0x7f1be80119a0 con 0x7f1bf8071e80
2022-09-07T21:30:29.755 INFO:teuthology.orchestra.run.smithi047.stdout:/usr/bin/ceph: stderr
2022-09-07T21:30:29.221+0000 7f1bfd152700 1 -- 172.21.15.47:0/387690235 --> [v2:172.21.15.47:6800/4097349239,v1:172.21.15.47:6801/4097349239] -- mgr_command(tid 0: {"prefix": "orch apply", "service_type": "mon", "unmanaged": true, "target": ["mon-mgr", ""]}) v1 -- 0x7f1bf80fefb0 con 0x7f1be4035890
2022-09-07T21:30:29.756 INFO:teuthology.orchestra.run.smithi047.stdout:/usr/bin/ceph: stderr
2022-09-07T21:30:29.226+0000 7f1bdffff700 1 -- 172.21.15.47:0/387690235 <== mgr.14120 v2:172.21.15.47:6800/4097349239 1 ==== mgr_command_reply(tid 0: 0 ) v1 ==== 8+0+24 (secure 0 0 0) 0x7f1bf80fefb0 con 0x7f1be4035890
2022-09-07T21:30:29.756 INFO:teuthology.orchestra.run.smithi047.stdout:/usr/bin/ceph: stderr
2022-09-07T21:30:29.228+0000 7f1bfd152700 1 -- 172.21.15.47:0/387690235 >> [v2:172.21.15.47:6800/4097349239,v1:172.21.15.47:6801/4097349239] conn(0x7f1be4035890 msgr2=0x7f1be4037d40 secure :-1 s=STATE_CONNECTION_ESTABLISHED l=1).mark_down
2022-09-07T21:30:29.756 INFO:teuthology.orchestra.run.smithi047.stdout:/usr/bin/ceph: stderr
2022-09-07T21:30:29.228+0000 7f1bfd152700 1 --2- 172.21.15.47:0/387690235 >> [v2:172.21.15.47:6800/4097349239,v1:172.21.15.47:6801/4097349239] conn(0x7f1be4035890 0x7f1be4037d40 secure :-1 s=READY pgs=12 cs=0 l=1 rev1=1 crypto rx=0x7f1bec009750 tx=0x7f1bec006cc0 comp rx=0 tx=0).stop
2022-09-07T21:30:29.756 INFO:teuthology.orchestra.run.smithi047.stdout:/usr/bin/ceph: stderr
2022-09-07T21:30:29.228+0000 7f1bfd152700 1 -- 172.21.15.47:0/387690235 >> [v2:172.21.15.47:3300/0,v1:172.21.15.47:6789/0] conn(0x7f1bf8071e80 msgr2=0x7f1bf8199240 secure :-1 s=STATE_CONNECTION_ESTABLISHED l=1).mark_down
2022-09-07T21:30:29.757 INFO:teuthology.orchestra.run.smithi047.stdout:/usr/bin/ceph: stderr
2022-09-07T21:30:29.228+0000 7f1bfd152700 1 --2- 172.21.15.47:0/387690235 >> [v2:172.21.15.47:3300/0,v1:172.21.15.47:6789/0] conn(0x7f1bf8071e80 0x7f1bf8199240 secure :-1 s=READY pgs=48 cs=0 l=1 rev1=1 crypto rx=0x7f1be8009e90 tx=0x7f1be8004040 comp rx=0 tx=0).stop
2022-09-07T21:30:29.757 INFO:teuthology.orchestra.run.smithi047.stdout:/usr/bin/ceph: stderr
2022-09-07T21:30:29.228+0000 7f1bfd152700 1 -- 172.21.15.47:0/387690235 shutdown_connections
2022-09-07T21:30:29.757 INFO:teuthology.orchestra.run.smithi047.stdout:/usr/bin/ceph: stderr
2022-09-07T21:30:29.228+0000 7f1bfd152700 1 --2- 172.21.15.47:0/387690235 >> [v2:172.21.15.47:6800/4097349239,v1:172.21.15.47:6801/4097349239] conn(0x7f1be4035890 0x7f1be4037d40 unknown :-1 s=CLOSED pgs=12 cs=0 l=1 rev1=1 crypto rx=0 tx=0 comp rx=0 tx=0).stop
2022-09-07T21:30:29.757 INFO:teuthology.orchestra.run.smithi047.stdout:/usr/bin/ceph: stderr
2022-09-07T21:30:29.228+0000 7f1bfd152700 1 --2- 172.21.15.47:0/387690235 >> [v2:172.21.15.47:3300/0,v1:172.21.15.47:6789/0] conn(0x7f1bf8071e80 0x7f1bf8199240 unknown :-1 s=CLOSED pgs=48 cs=0 l=1 rev1=1 crypto rx=0 tx=0 comp rx=0 tx=0).stop
2022-09-07T21:30:29.757 INFO:teuthology.orchestra.run.smithi047.stdout:/usr/bin/ceph: stderr
2022-09-07T21:30:29.229+0000 7f1bfd152700 1 -- 172.21.15.47:0/387690235 >> 172.21.15.47:0/387690235 conn(0x7f1bf80fdc20 msgr2=0x7f1bf80fe8a0 unknown :-1 s=STATE_NONE l=0).mark_down
2022-09-07T21:30:29.758 INFO:teuthology.orchestra.run.smithi047.stdout:/usr/bin/ceph: stderr
2022-09-07T21:30:29.229+0000 7f1bfd152700 1 -- 172.21.15.47:0/387690235 shutdown_connections
2022-09-07T21:30:29.758 INFO:teuthology.orchestra.run.smithi047.stdout:/usr/bin/ceph: stderr
2022-09-07T21:30:29.229+0000 7f1bfd152700 1 -- 172.21.15.47:0/387690235 wait complete.
2022-09-07T21:30:29.758 INFO:teuthology.orchestra.run.smithi047.stdout:Deploying unmanaged mgr service...
2022-09-07T21:30:30.403 INFO:journalctl@ceph.mon.a.smithi047.stdout:Sep 07 21:30:30 smithi047 ceph-mon[90087]: from='client.14142 -' entity='client.admin' cmd=[{"prefix": "orch apply", "service_type": "mon", "unmanaged": true, "target": ["mon-mgr", ""]}]: dispatch
2022-09-07T21:30:30.403 INFO:journalctl@ceph.mon.a.smithi047.stdout:Sep 07 21:30:30 smithi047 ceph-mon[90087]: Saving service mon spec with placement count:5
2022-09-07T21:30:30.403 INFO:journalctl@ceph.mon.a.smithi047.stdout:Sep 07 21:30:30 smithi047 ceph-mon[90087]: from='mgr.14120 172.21.15.47:0/497359978' entity='mgr.x'
2022-09-07T21:30:31.146 INFO:teuthology.orchestra.run.smithi047.stdout:/usr/bin/ceph: stdout Scheduled mgr update...
2022-09-07T21:30:31.147 INFO:teuthology.orchestra.run.smithi047.stdout:/usr/bin/ceph: stderr
2022-09-07T21:30:30.367+0000 7f3ccfaeb700 1 Processor -- start
2022-09-07T21:30:31.147 INFO:teuthology.orchestra.run.smithi047.stdout:/usr/bin/ceph: stderr
2022-09-07T21:30:30.367+0000 7f3ccfaeb700 1 -- start start
2022-09-07T21:30:31.147 INFO:teuthology.orchestra.run.smithi047.stdout:/usr/bin/ceph: stderr
2022-09-07T21:30:30.367+0000 7f3ccfaeb700 1 --2- >> [v2:172.21.15.47:3300/0,v1:172.21.15.47:6789/0] conn(0x7f3cc8105850 0x7f3cc8105c60 unknown :-1 s=NONE pgs=0 cs=0 l=0 rev1=0 crypto rx=0 tx=0 comp rx=0 tx=0).connect
2022-09-07T21:30:31.147 INFO:teuthology.orchestra.run.smithi047.stdout:/usr/bin/ceph: stderr
2022-09-07T21:30:30.367+0000 7f3ccfaeb700 1 -- --> [v2:172.21.15.47:3300/0,v1:172.21.15.47:6789/0] -- mon_getmap magic: 0 v1 -- 0x7f3cc81061a0 con 0x7f3cc8105850
2022-09-07T21:30:31.148 INFO:teuthology.orchestra.run.smithi047.stdout:/usr/bin/ceph: stderr
2022-09-07T21:30:30.368+0000 7f3ccd887700 1 --2- >> [v2:172.21.15.47:3300/0,v1:172.21.15.47:6789/0] conn(0x7f3cc8105850 0x7f3cc8105c60 unknown :-1 s=BANNER_CONNECTING pgs=0 cs=0 l=0 rev1=0 crypto rx=0 tx=0 comp rx=0 tx=0)._handle_peer_banner_payload supported=3 required=0
2022-09-07T21:30:31.148 INFO:teuthology.orchestra.run.smithi047.stdout:/usr/bin/ceph: stderr
2022-09-07T21:30:30.368+0000 7f3ccd887700 1 --2- >> [v2:172.21.15.47:3300/0,v1:172.21.15.47:6789/0] conn(0x7f3cc8105850 0x7f3cc8105c60 unknown :-1 s=HELLO_CONNECTING pgs=0 cs=0 l=0 rev1=1 crypto rx=0 tx=0 comp rx=0 tx=0).handle_hello peer v2:172.21.15.47:3300/0 says I am v2:172.21.15.47:53602/0 (socket says 172.21.15.47:53602)
2022-09-07T21:30:31.148 INFO:teuthology.orchestra.run.smithi047.stdout:/usr/bin/ceph: stderr
2022-09-07T21:30:30.368+0000 7f3ccd887700 1 -- 172.21.15.47:0/1543725202 learned_addr learned my addr 172.21.15.47:0/1543725202 (peer_addr_for_me v2:172.21.15.47:0/0)
2022-09-07T21:30:31.148 INFO:teuthology.orchestra.run.smithi047.stdout:/usr/bin/ceph: stderr
2022-09-07T21:30:30.368+0000 7f3ccd887700 1 -- 172.21.15.47:0/1543725202 --> [v2:172.21.15.47:3300/0,v1:172.21.15.47:6789/0] -- mon_subscribe({config=0+,monmap=0+}) v3 -- 0x7f3cc81062e0 con 0x7f3cc8105850
2022-09-07T21:30:31.149 INFO:teuthology.orchestra.run.smithi047.stdout:/usr/bin/ceph: stderr
2022-09-07T21:30:30.369+0000 7f3ccd887700 1 --2- 172.21.15.47:0/1543725202 >> [v2:172.21.15.47:3300/0,v1:172.21.15.47:6789/0] conn(0x7f3cc8105850 0x7f3cc8105c60 secure :-1 s=READY pgs=49 cs=0 l=1 rev1=1 crypto rx=0x7f3cc4009700 tx=0x7f3cc4009a10 comp rx=0 tx=0).ready entity=mon.0 client_cookie=99d4f22c6f7d2fc server_cookie=0 in_seq=0 out_seq=0
2022-09-07T21:30:31.149 INFO:teuthology.orchestra.run.smithi047.stdout:/usr/bin/ceph: stderr
2022-09-07T21:30:30.369+0000 7f3ccc885700 1 -- 172.21.15.47:0/1543725202 <== mon.0 v2:172.21.15.47:3300/0 1 ==== mon_map magic: 0 v1 ==== 205+0+0 (secure 0 0 0) 0x7f3cc4004160 con 0x7f3cc8105850
2022-09-07T21:30:31.149 INFO:teuthology.orchestra.run.smithi047.stdout:/usr/bin/ceph: stderr
2022-09-07T21:30:30.369+0000 7f3ccc885700 1 -- 172.21.15.47:0/1543725202 <== mon.0 v2:172.21.15.47:3300/0 2 ==== config(26 keys) v1 ==== 1049+0+0 (secure 0 0 0) 0x7f3cc40042c0 con 0x7f3cc8105850
2022-09-07T21:30:31.149 INFO:teuthology.orchestra.run.smithi047.stdout:/usr/bin/ceph: stderr
2022-09-07T21:30:30.369+0000 7f3ccc885700 1 -- 172.21.15.47:0/1543725202 <== mon.0 v2:172.21.15.47:3300/0 3 ==== mon_map magic: 0 v1 ==== 205+0+0 (secure 0 0 0) 0x7f3cc40039d0 con 0x7f3cc8105850
2022-09-07T21:30:31.150 INFO:teuthology.orchestra.run.smithi047.stdout:/usr/bin/ceph: stderr
2022-09-07T21:30:30.369+0000 7f3ccfaeb700 1 -- 172.21.15.47:0/1543725202 >> [v2:172.21.15.47:3300/0,v1:172.21.15.47:6789/0] conn(0x7f3cc8105850 msgr2=0x7f3cc8105c60 secure :-1 s=STATE_CONNECTION_ESTABLISHED l=1).mark_down
2022-09-07T21:30:31.150 INFO:teuthology.orchestra.run.smithi047.stdout:/usr/bin/ceph: stderr
2022-09-07T21:30:30.369+0000 7f3ccfaeb700 1 --2- 172.21.15.47:0/1543725202 >> [v2:172.21.15.47:3300/0,v1:172.21.15.47:6789/0] conn(0x7f3cc8105850 0x7f3cc8105c60 secure :-1 s=READY pgs=49 cs=0 l=1 rev1=1 crypto rx=0x7f3cc4009700 tx=0x7f3cc4009a10 comp rx=0 tx=0).stop
2022-09-07T21:30:31.150 INFO:teuthology.orchestra.run.smithi047.stdout:/usr/bin/ceph: stderr
2022-09-07T21:30:30.370+0000 7f3ccfaeb700 1 -- 172.21.15.47:0/1543725202 shutdown_connections
2022-09-07T21:30:31.150 INFO:teuthology.orchestra.run.smithi047.stdout:/usr/bin/ceph: stderr
2022-09-07T21:30:30.370+0000 7f3ccfaeb700 1 --2- 172.21.15.47:0/1543725202 >> [v2:172.21.15.47:3300/0,v1:172.21.15.47:6789/0] conn(0x7f3cc8105850 0x7f3cc8105c60 unknown :-1 s=CLOSED pgs=49 cs=0 l=1 rev1=1 crypto rx=0 tx=0 comp rx=0 tx=0).stop
2022-09-07T21:30:31.151 INFO:teuthology.orchestra.run.smithi047.stdout:/usr/bin/ceph: stderr
2022-09-07T21:30:30.370+0000 7f3ccfaeb700 1 -- 172.21.15.47:0/1543725202 >> 172.21.15.47:0/1543725202 conn(0x7f3cc8078d90 msgr2=0x7f3cc8079190 unknown :-1 s=STATE_NONE l=0).mark_down
2022-09-07T21:30:31.151 INFO:teuthology.orchestra.run.smithi047.stdout:/usr/bin/ceph: stderr
2022-09-07T21:30:30.370+0000 7f3ccfaeb700 1 -- 172.21.15.47:0/1543725202 shutdown_connections
2022-09-07T21:30:31.151 INFO:teuthology.orchestra.run.smithi047.stdout:/usr/bin/ceph: stderr
2022-09-07T21:30:30.370+0000 7f3ccfaeb700 1 -- 172.21.15.47:0/1543725202 wait complete.
2022-09-07T21:30:31.151 INFO:teuthology.orchestra.run.smithi047.stdout:/usr/bin/ceph: stderr
2022-09-07T21:30:30.371+0000 7f3ccfaeb700 1 Processor -- start
2022-09-07T21:30:31.151 INFO:teuthology.orchestra.run.smithi047.stdout:/usr/bin/ceph: stderr
2022-09-07T21:30:30.371+0000 7f3ccfaeb700 1 -- start start
2022-09-07T21:30:31.152 INFO:teuthology.orchestra.run.smithi047.stdout:/usr/bin/ceph: stderr
2022-09-07T21:30:30.371+0000 7f3ccfaeb700 1 --2- >> [v2:172.21.15.47:3300/0,v1:172.21.15.47:6789/0] conn(0x7f3cc8105850 0x7f3cc8199260 unknown :-1 s=NONE pgs=0 cs=0 l=1 rev1=0 crypto rx=0 tx=0 comp rx=0 tx=0).connect
2022-09-07T21:30:31.152 INFO:teuthology.orchestra.run.smithi047.stdout:/usr/bin/ceph: stderr
2022-09-07T21:30:30.371+0000 7f3ccfaeb700 1 -- --> [v2:172.21.15.47:3300/0,v1:172.21.15.47:6789/0] -- mon_getmap magic: 0 v1 -- 0x7f3cc81997a0 con 0x7f3cc8105850
2022-09-07T21:30:31.152 INFO:teuthology.orchestra.run.smithi047.stdout:/usr/bin/ceph: stderr
2022-09-07T21:30:30.372+0000 7f3ccd887700 1 --2- >> [v2:172.21.15.47:3300/0,v1:172.21.15.47:6789/0] conn(0x7f3cc8105850 0x7f3cc8199260 unknown :-1 s=BANNER_CONNECTING pgs=0 cs=0 l=1 rev1=0 crypto rx=0 tx=0 comp rx=0 tx=0)._handle_peer_banner_payload supported=3 required=0
2022-09-07T21:30:31.152 INFO:teuthology.orchestra.run.smithi047.stdout:/usr/bin/ceph: stderr
2022-09-07T21:30:30.372+0000 7f3ccd887700 1 --2- >> [v2:172.21.15.47:3300/0,v1:172.21.15.47:6789/0] conn(0x7f3cc8105850 0x7f3cc8199260 unknown :-1 s=HELLO_CONNECTING pgs=0 cs=0 l=1 rev1=1 crypto rx=0 tx=0 comp rx=0 tx=0).handle_hello peer v2:172.21.15.47:3300/0 says I am v2:172.21.15.47:53606/0 (socket says 172.21.15.47:53606)
2022-09-07T21:30:31.153 INFO:teuthology.orchestra.run.smithi047.stdout:/usr/bin/ceph: stderr
2022-09-07T21:30:30.372+0000 7f3ccd887700 1 -- 172.21.15.47:0/3897540160 learned_addr learned my addr 172.21.15.47:0/3897540160 (peer_addr_for_me v2:172.21.15.47:0/0)
2022-09-07T21:30:31.153 INFO:teuthology.orchestra.run.smithi047.stdout:/usr/bin/ceph: stderr
2022-09-07T21:30:30.372+0000 7f3ccd887700 1 -- 172.21.15.47:0/3897540160 --> [v2:172.21.15.47:3300/0,v1:172.21.15.47:6789/0] -- mon_subscribe({config=0+,monmap=0+}) v3 -- 0x7f3cc40093e0 con 0x7f3cc8105850
2022-09-07T21:30:31.153 INFO:teuthology.orchestra.run.smithi047.stdout:/usr/bin/ceph: stderr
2022-09-07T21:30:30.372+0000 7f3ccd887700 1 --2- 172.21.15.47:0/3897540160 >> [v2:172.21.15.47:3300/0,v1:172.21.15.47:6789/0] conn(0x7f3cc8105850 0x7f3cc8199260 secure :-1 s=READY pgs=50 cs=0 l=1 rev1=1 crypto rx=0x7f3cc4003f00 tx=0x7f3cc4003fe0 comp rx=0 tx=0).ready entity=mon.0 client_cookie=0 server_cookie=0 in_seq=0 out_seq=0
2022-09-07T21:30:31.153 INFO:teuthology.orchestra.run.smithi047.stdout:/usr/bin/ceph: stderr
2022-09-07T21:30:30.373+0000 7f3cb6ffd700 1 -- 172.21.15.47:0/3897540160 <== mon.0 v2:172.21.15.47:3300/0 1 ==== mon_map magic: 0 v1 ==== 205+0+0 (secure 0 0 0) 0x7f3cc4011950 con 0x7f3cc8105850
2022-09-07T21:30:31.154 INFO:teuthology.orchestra.run.smithi047.stdout:/usr/bin/ceph: stderr
2022-09-07T21:30:30.373+0000 7f3cb6ffd700 1 -- 172.21.15.47:0/3897540160 <== mon.0 v2:172.21.15.47:3300/0 2 ==== config(26 keys) v1 ==== 1049+0+0 (secure 0 0 0) 0x7f3cc4011ab0 con 0x7f3cc8105850
2022-09-07T21:30:31.154 INFO:teuthology.orchestra.run.smithi047.stdout:/usr/bin/ceph: stderr
2022-09-07T21:30:30.373+0000 7f3cb6ffd700 1 -- 172.21.15.47:0/3897540160 <== mon.0 v2:172.21.15.47:3300/0 3 ==== mon_map magic: 0 v1 ==== 205+0+0 (secure 0 0 0) 0x7f3cc4019550 con 0x7f3cc8105850
2022-09-07T21:30:31.155 INFO:teuthology.orchestra.run.smithi047.stdout:/usr/bin/ceph: stderr
2022-09-07T21:30:30.373+0000 7f3ccfaeb700 1 -- 172.21.15.47:0/3897540160 --> [v2:172.21.15.47:3300/0,v1:172.21.15.47:6789/0] -- mon_subscribe({mgrmap=0+}) v3 -- 0x7f3cc81999a0 con 0x7f3cc8105850
2022-09-07T21:30:31.155 INFO:teuthology.orchestra.run.smithi047.stdout:/usr/bin/ceph: stderr
2022-09-07T21:30:30.373+0000 7f3ccfaeb700 1 -- 172.21.15.47:0/3897540160 --> [v2:172.21.15.47:3300/0,v1:172.21.15.47:6789/0] -- mon_subscribe({osdmap=0}) v3 -- 0x7f3cc8199dd0 con 0x7f3cc8105850
2022-09-07T21:30:31.155 INFO:teuthology.orchestra.run.smithi047.stdout:/usr/bin/ceph: stderr
2022-09-07T21:30:30.374+0000 7f3cb6ffd700 1 -- 172.21.15.47:0/3897540160 <== mon.0 v2:172.21.15.47:3300/0 4 ==== mgrmap(e 8) v1 ==== 42690+0+0 (secure 0 0 0) 0x7f3cc402a020 con 0x7f3cc8105850
2022-09-07T21:30:31.155 INFO:teuthology.orchestra.run.smithi047.stdout:/usr/bin/ceph: stderr
2022-09-07T21:30:30.374+0000 7f3ccfaeb700 1 -- 172.21.15.47:0/3897540160 --> [v2:172.21.15.47:3300/0,v1:172.21.15.47:6789/0] -- mon_command({"prefix": "get_command_descriptions"} v 0) v1 -- 0x7f3cc8060310 con 0x7f3cc8105850
2022-09-07T21:30:31.156 INFO:teuthology.orchestra.run.smithi047.stdout:/usr/bin/ceph: stderr
2022-09-07T21:30:30.375+0000 7f3cb6ffd700 1 --2- 172.21.15.47:0/3897540160 >> [v2:172.21.15.47:6800/4097349239,v1:172.21.15.47:6801/4097349239] conn(0x7f3cb00358f0 0x7f3cb0037da0 unknown :-1 s=NONE pgs=0 cs=0 l=1 rev1=0 crypto rx=0 tx=0 comp rx=0 tx=0).connect
2022-09-07T21:30:31.156 INFO:teuthology.orchestra.run.smithi047.stdout:/usr/bin/ceph: stderr
2022-09-07T21:30:30.375+0000 7f3cb6ffd700 1 -- 172.21.15.47:0/3897540160 <== mon.0 v2:172.21.15.47:3300/0 5 ==== osd_map(2..2 src has 1..2) v4 ==== 936+0+0 (secure 0 0 0) 0x7f3cc4048b40 con 0x7f3cc8105850
2022-09-07T21:30:31.156 INFO:teuthology.orchestra.run.smithi047.stdout:/usr/bin/ceph: stderr
2022-09-07T21:30:30.375+0000 7f3ccd086700 1 --2- 172.21.15.47:0/3897540160 >> [v2:172.21.15.47:6800/4097349239,v1:172.21.15.47:6801/4097349239] conn(0x7f3cb00358f0 0x7f3cb0037da0 unknown :-1 s=BANNER_CONNECTING pgs=0 cs=0 l=1 rev1=0 crypto rx=0 tx=0 comp rx=0 tx=0)._handle_peer_banner_payload supported=3 required=0
2022-09-07T21:30:31.156 INFO:teuthology.orchestra.run.smithi047.stdout:/usr/bin/ceph: stderr
2022-09-07T21:30:30.375+0000 7f3ccd086700 1 --2- 172.21.15.47:0/3897540160 >> [v2:172.21.15.47:6800/4097349239,v1:172.21.15.47:6801/4097349239] conn(0x7f3cb00358f0 0x7f3cb0037da0 secure :-1 s=READY pgs=13 cs=0 l=1 rev1=1 crypto rx=0x7f3cb8009750 tx=0x7f3cb8006cc0 comp rx=0 tx=0).ready entity=mgr.14120 client_cookie=0 server_cookie=0 in_seq=0 out_seq=0
2022-09-07T21:30:31.157 INFO:teuthology.orchestra.run.smithi047.stdout:/usr/bin/ceph: stderr
2022-09-07T21:30:30.379+0000 7f3cb6ffd700 1 -- 172.21.15.47:0/3897540160 <== mon.0 v2:172.21.15.47:3300/0 6 ==== mon_command_ack([{"prefix": "get_command_descriptions"}]=0 v0) v1 ==== 72+0+171119 (secure 0 0 0) 0x7f3cc4018b40 con 0x7f3cc8105850
2022-09-07T21:30:31.157 INFO:teuthology.orchestra.run.smithi047.stdout:/usr/bin/ceph: stderr
2022-09-07T21:30:30.621+0000 7f3ccfaeb700 1 -- 172.21.15.47:0/3897540160 --> [v2:172.21.15.47:6800/4097349239,v1:172.21.15.47:6801/4097349239] -- mgr_command(tid 0: {"prefix": "orch apply", "service_type": "mgr", "unmanaged": true, "target": ["mon-mgr", ""]}) v1 -- 0x7f3cc8060310 con 0x7f3cb00358f0
2022-09-07T21:30:31.157 INFO:teuthology.orchestra.run.smithi047.stdout:/usr/bin/ceph: stderr
2022-09-07T21:30:30.626+0000 7f3cb6ffd700 1 -- 172.21.15.47:0/3897540160 <== mgr.14120 v2:172.21.15.47:6800/4097349239 1 ==== mgr_command_reply(tid 0: 0 ) v1 ==== 8+0+24 (secure 0 0 0) 0x7f3cc8060310 con 0x7f3cb00358f0
2022-09-07T21:30:31.158 INFO:teuthology.orchestra.run.smithi047.stdout:/usr/bin/ceph: stderr
2022-09-07T21:30:30.628+0000 7f3ccfaeb700 1 -- 172.21.15.47:0/3897540160 >> [v2:172.21.15.47:6800/4097349239,v1:172.21.15.47:6801/4097349239] conn(0x7f3cb00358f0 msgr2=0x7f3cb0037da0 secure :-1 s=STATE_CONNECTION_ESTABLISHED l=1).mark_down
2022-09-07T21:30:31.158 INFO:teuthology.orchestra.run.smithi047.stdout:/usr/bin/ceph: stderr
2022-09-07T21:30:30.628+0000 7f3ccfaeb700 1 --2- 172.21.15.47:0/3897540160 >> [v2:172.21.15.47:6800/4097349239,v1:172.21.15.47:6801/4097349239] conn(0x7f3cb00358f0 0x7f3cb0037da0 secure :-1 s=READY pgs=13 cs=0 l=1 rev1=1 crypto rx=0x7f3cb8009750 tx=0x7f3cb8006cc0 comp rx=0 tx=0).stop
2022-09-07T21:30:31.158 INFO:teuthology.orchestra.run.smithi047.stdout:/usr/bin/ceph: stderr
2022-09-07T21:30:30.628+0000 7f3ccfaeb700 1 -- 172.21.15.47:0/3897540160 >> [v2:172.21.15.47:3300/0,v1:172.21.15.47:6789/0] conn(0x7f3cc8105850 msgr2=0x7f3cc8199260 secure :-1 s=STATE_CONNECTION_ESTABLISHED l=1).mark_down
2022-09-07T21:30:31.159 INFO:teuthology.orchestra.run.smithi047.stdout:/usr/bin/ceph: stderr
2022-09-07T21:30:30.628+0000 7f3ccfaeb700 1 --2- 172.21.15.47:0/3897540160 >> [v2:172.21.15.47:3300/0,v1:172.21.15.47:6789/0] conn(0x7f3cc8105850 0x7f3cc8199260 secure :-1 s=READY pgs=50 cs=0 l=1 rev1=1 crypto rx=0x7f3cc4003f00 tx=0x7f3cc4003fe0 comp rx=0 tx=0).stop
2022-09-07T21:30:31.159 INFO:teuthology.orchestra.run.smithi047.stdout:/usr/bin/ceph: stderr
2022-09-07T21:30:30.628+0000 7f3ccfaeb700 1 -- 172.21.15.47:0/3897540160 shutdown_connections
2022-09-07T21:30:31.159 INFO:teuthology.orchestra.run.smithi047.stdout:/usr/bin/ceph: stderr
2022-09-07T21:30:30.628+0000 7f3ccfaeb700 1 --2- 172.21.15.47:0/3897540160 >> [v2:172.21.15.47:6800/4097349239,v1:172.21.15.47:6801/4097349239] conn(0x7f3cb00358f0 0x7f3cb0037da0 unknown :-1 s=CLOSED pgs=13 cs=0 l=1 rev1=1 crypto rx=0 tx=0 comp rx=0 tx=0).stop
2022-09-07T21:30:31.161 INFO:teuthology.orchestra.run.smithi047.stdout:/usr/bin/ceph: stderr
2022-09-07T21:30:30.628+0000 7f3ccfaeb700 1 --2- 172.21.15.47:0/3897540160 >> [v2:172.21.15.47:3300/0,v1:172.21.15.47:6789/0] conn(0x7f3cc8105850 0x7f3cc8199260 unknown :-1 s=CLOSED pgs=50 cs=0 l=1 rev1=1 crypto rx=0 tx=0 comp rx=0 tx=0).stop
2022-09-07T21:30:31.161 INFO:teuthology.orchestra.run.smithi047.stdout:/usr/bin/ceph: stderr
2022-09-07T21:30:30.628+0000 7f3ccfaeb700 1 -- 172.21.15.47:0/3897540160 >> 172.21.15.47:0/3897540160 conn(0x7f3cc8078d90 msgr2=0x7f3cc8103620 unknown :-1 s=STATE_NONE l=0).mark_down
2022-09-07T21:30:31.161 INFO:teuthology.orchestra.run.smithi047.stdout:/usr/bin/ceph: stderr
2022-09-07T21:30:30.629+0000 7f3ccfaeb700 1 -- 172.21.15.47:0/3897540160 shutdown_connections
2022-09-07T21:30:31.161 INFO:teuthology.orchestra.run.smithi047.stdout:/usr/bin/ceph: stderr
2022-09-07T21:30:30.629+0000 7f3ccfaeb700 1 -- 172.21.15.47:0/3897540160 wait complete.
2022-09-07T21:30:31.903 INFO:journalctl@ceph.mon.a.smithi047.stdout:Sep 07 21:30:31 smithi047 ceph-mon[90087]: from='client.14144 -' entity='client.admin' cmd=[{"prefix": "orch apply", "service_type": "mgr", "unmanaged": true, "target": ["mon-mgr", ""]}]: dispatch
2022-09-07T21:30:31.903 INFO:journalctl@ceph.mon.a.smithi047.stdout:Sep 07 21:30:31 smithi047 ceph-mon[90087]: Saving service mgr spec with placement count:2
2022-09-07T21:30:31.903 INFO:journalctl@ceph.mon.a.smithi047.stdout:Sep 07 21:30:31 smithi047 ceph-mon[90087]: from='mgr.14120 172.21.15.47:0/497359978' entity='mgr.x'
2022-09-07T21:30:32.649 INFO:teuthology.orchestra.run.smithi047.stdout:/usr/bin/ceph: stderr
2022-09-07T21:30:31.754+0000 7ff236fac700 1 Processor -- start
2022-09-07T21:30:32.649 INFO:teuthology.orchestra.run.smithi047.stdout:/usr/bin/ceph: stderr
2022-09-07T21:30:31.755+0000 7ff236fac700 1 -- start start
2022-09-07T21:30:32.650 INFO:teuthology.orchestra.run.smithi047.stdout:/usr/bin/ceph: stderr
2022-09-07T21:30:31.755+0000 7ff236fac700 1 --2- >> [v2:172.21.15.47:3300/0,v1:172.21.15.47:6789/0] conn(0x7ff230078c80 0x7ff230077200 unknown :-1 s=NONE pgs=0 cs=0 l=0 rev1=0 crypto rx=0 tx=0 comp rx=0 tx=0).connect
2022-09-07T21:30:32.651 INFO:teuthology.orchestra.run.smithi047.stdout:/usr/bin/ceph: stderr
2022-09-07T21:30:31.755+0000 7ff236fac700 1 -- --> [v2:172.21.15.47:3300/0,v1:172.21.15.47:6789/0] -- mon_getmap magic: 0 v1 -- 0x7ff230079090 con 0x7ff230078c80
2022-09-07T21:30:32.651 INFO:teuthology.orchestra.run.smithi047.stdout:/usr/bin/ceph: stderr
2022-09-07T21:30:31.755+0000 7ff234d48700 1 --2- >> [v2:172.21.15.47:3300/0,v1:172.21.15.47:6789/0] conn(0x7ff230078c80 0x7ff230077200 unknown :-1 s=BANNER_CONNECTING pgs=0 cs=0 l=0 rev1=0 crypto rx=0 tx=0 comp rx=0 tx=0)._handle_peer_banner_payload supported=3 required=0
2022-09-07T21:30:32.651 INFO:teuthology.orchestra.run.smithi047.stdout:/usr/bin/ceph: stderr
2022-09-07T21:30:31.755+0000 7ff234d48700 1 --2- >> [v2:172.21.15.47:3300/0,v1:172.21.15.47:6789/0] conn(0x7ff230078c80 0x7ff230077200 unknown :-1 s=HELLO_CONNECTING pgs=0 cs=0 l=0 rev1=1 crypto rx=0 tx=0 comp rx=0 tx=0).handle_hello peer v2:172.21.15.47:3300/0 says I am v2:172.21.15.47:53620/0 (socket says 172.21.15.47:53620)
2022-09-07T21:30:32.651 INFO:teuthology.orchestra.run.smithi047.stdout:/usr/bin/ceph: stderr
2022-09-07T21:30:31.755+0000 7ff234d48700 1 -- 172.21.15.47:0/2119946528 learned_addr learned my addr 172.21.15.47:0/2119946528 (peer_addr_for_me v2:172.21.15.47:0/0)
2022-09-07T21:30:32.652 INFO:teuthology.orchestra.run.smithi047.stdout:/usr/bin/ceph: stderr
2022-09-07T21:30:31.756+0000 7ff234d48700 1 -- 172.21.15.47:0/2119946528 --> [v2:172.21.15.47:3300/0,v1:172.21.15.47:6789/0] -- mon_subscribe({config=0+,monmap=0+}) v3 -- 0x7ff230077740 con 0x7ff230078c80
2022-09-07T21:30:32.652 INFO:teuthology.orchestra.run.smithi047.stdout:/usr/bin/ceph: stderr
2022-09-07T21:30:31.756+0000 7ff234d48700 1 --2- 172.21.15.47:0/2119946528 >> [v2:172.21.15.47:3300/0,v1:172.21.15.47:6789/0] conn(0x7ff230078c80 0x7ff230077200 secure :-1 s=READY pgs=51 cs=0 l=1 rev1=1 crypto rx=0x7ff224009700 tx=0x7ff224009a10 comp rx=0 tx=0).ready entity=mon.0 client_cookie=d892a61fa569d3e4 server_cookie=0 in_seq=0 out_seq=0
2022-09-07T21:30:32.652 INFO:teuthology.orchestra.run.smithi047.stdout:/usr/bin/ceph: stderr
2022-09-07T21:30:31.756+0000 7ff22f7fe700 1 -- 172.21.15.47:0/2119946528 <== mon.0 v2:172.21.15.47:3300/0 1 ==== mon_map magic: 0 v1 ==== 205+0+0 (secure 0 0 0) 0x7ff224004160 con 0x7ff230078c80
2022-09-07T21:30:32.653 INFO:teuthology.orchestra.run.smithi047.stdout:/usr/bin/ceph: stderr
2022-09-07T21:30:31.756+0000 7ff22f7fe700 1 -- 172.21.15.47:0/2119946528 <== mon.0 v2:172.21.15.47:3300/0 2 ==== config(26 keys) v1 ==== 1049+0+0 (secure 0 0 0) 0x7ff2240042c0 con 0x7ff230078c80
2022-09-07T21:30:32.653 INFO:teuthology.orchestra.run.smithi047.stdout:/usr/bin/ceph: stderr
2022-09-07T21:30:31.756+0000 7ff22f7fe700 1 -- 172.21.15.47:0/2119946528 <== mon.0 v2:172.21.15.47:3300/0 3 ==== mon_map magic: 0 v1 ==== 205+0+0 (secure 0 0 0) 0x7ff2240039d0 con 0x7ff230078c80
2022-09-07T21:30:32.653 INFO:teuthology.orchestra.run.smithi047.stdout:/usr/bin/ceph: stderr
2022-09-07T21:30:31.757+0000 7ff236fac700 1 -- 172.21.15.47:0/2119946528 >> [v2:172.21.15.47:3300/0,v1:172.21.15.47:6789/0] conn(0x7ff230078c80 msgr2=0x7ff230077200 secure :-1 s=STATE_CONNECTION_ESTABLISHED l=1).mark_down
2022-09-07T21:30:32.653 INFO:teuthology.orchestra.run.smithi047.stdout:/usr/bin/ceph: stderr
2022-09-07T21:30:31.757+0000 7ff236fac700 1 --2- 172.21.15.47:0/2119946528 >> [v2:172.21.15.47:3300/0,v1:172.21.15.47:6789/0] conn(0x7ff230078c80 0x7ff230077200 secure :-1 s=READY pgs=51 cs=0 l=1 rev1=1 crypto rx=0x7ff224009700 tx=0x7ff224009a10 comp rx=0 tx=0).stop
2022-09-07T21:30:32.654 INFO:teuthology.orchestra.run.smithi047.stdout:/usr/bin/ceph: stderr
2022-09-07T21:30:31.757+0000 7ff236fac700 1 -- 172.21.15.47:0/2119946528 shutdown_connections
2022-09-07T21:30:32.654 INFO:teuthology.orchestra.run.smithi047.stdout:/usr/bin/ceph: stderr
2022-09-07T21:30:31.757+0000 7ff236fac700 1 --2- 172.21.15.47:0/2119946528 >> [v2:172.21.15.47:3300/0,v1:172.21.15.47:6789/0] conn(0x7ff230078c80 0x7ff230077200 unknown :-1 s=CLOSED pgs=51 cs=0 l=1 rev1=1 crypto rx=0 tx=0 comp rx=0 tx=0).stop
2022-09-07T21:30:32.655 INFO:teuthology.orchestra.run.smithi047.stdout:/usr/bin/ceph: stderr
2022-09-07T21:30:31.757+0000 7ff236fac700 1 -- 172.21.15.47:0/2119946528 >> 172.21.15.47:0/2119946528 conn(0x7ff2300fed50 msgr2=0x7ff230101180 unknown :-1 s=STATE_NONE l=0).mark_down
2022-09-07T21:30:32.655 INFO:teuthology.orchestra.run.smithi047.stdout:/usr/bin/ceph: stderr
2022-09-07T21:30:31.757+0000 7ff236fac700 1 -- 172.21.15.47:0/2119946528 shutdown_connections
2022-09-07T21:30:32.656 INFO:teuthology.orchestra.run.smithi047.stdout:/usr/bin/ceph: stderr
2022-09-07T21:30:31.757+0000 7ff236fac700 1 -- 172.21.15.47:0/2119946528 wait complete.
2022-09-07T21:30:32.656 INFO:teuthology.orchestra.run.smithi047.stdout:/usr/bin/ceph: stderr
2022-09-07T21:30:31.758+0000 7ff236fac700 1 Processor -- start
2022-09-07T21:30:32.657 INFO:teuthology.orchestra.run.smithi047.stdout:/usr/bin/ceph: stderr
2022-09-07T21:30:31.759+0000 7ff236fac700 1 -- start start
2022-09-07T21:30:32.657 INFO:teuthology.orchestra.run.smithi047.stdout:/usr/bin/ceph: stderr
2022-09-07T21:30:31.759+0000 7ff236fac700 1 --2- >> [v2:172.21.15.47:3300/0,v1:172.21.15.47:6789/0] conn(0x7ff230078c80 0x7ff230199270 unknown :-1 s=NONE pgs=0 cs=0 l=1 rev1=0 crypto rx=0 tx=0 comp rx=0 tx=0).connect
2022-09-07T21:30:32.659 INFO:teuthology.orchestra.run.smithi047.stdout:/usr/bin/ceph: stderr
2022-09-07T21:30:31.759+0000 7ff236fac700 1 -- --> [v2:172.21.15.47:3300/0,v1:172.21.15.47:6789/0] -- mon_getmap magic: 0 v1 -- 0x7ff2301997b0 con 0x7ff230078c80
2022-09-07T21:30:32.659 INFO:teuthology.orchestra.run.smithi047.stdout:/usr/bin/ceph: stderr
2022-09-07T21:30:31.759+0000 7ff234d48700 1 --2- >> [v2:172.21.15.47:3300/0,v1:172.21.15.47:6789/0] conn(0x7ff230078c80 0x7ff230199270 unknown :-1 s=BANNER_CONNECTING pgs=0 cs=0 l=1 rev1=0 crypto rx=0 tx=0 comp rx=0 tx=0)._handle_peer_banner_payload supported=3 required=0
2022-09-07T21:30:32.660 INFO:teuthology.orchestra.run.smithi047.stdout:/usr/bin/ceph: stderr
2022-09-07T21:30:31.759+0000 7ff234d48700 1 --2- >> [v2:172.21.15.47:3300/0,v1:172.21.15.47:6789/0] conn(0x7ff230078c80 0x7ff230199270 unknown :-1 s=HELLO_CONNECTING pgs=0 cs=0 l=1 rev1=1 crypto rx=0 tx=0 comp rx=0 tx=0).handle_hello peer v2:172.21.15.47:3300/0 says I am v2:172.21.15.47:53622/0 (socket says 172.21.15.47:53622)
2022-09-07T21:30:32.660 INFO:teuthology.orchestra.run.smithi047.stdout:/usr/bin/ceph: stderr
2022-09-07T21:30:31.759+0000 7ff234d48700 1 -- 172.21.15.47:0/2273897555 learned_addr learned my addr 172.21.15.47:0/2273897555 (peer_addr_for_me v2:172.21.15.47:0/0)
2022-09-07T21:30:32.661 INFO:teuthology.orchestra.run.smithi047.stdout:/usr/bin/ceph: stderr
2022-09-07T21:30:31.760+0000 7ff234d48700 1 -- 172.21.15.47:0/2273897555 --> [v2:172.21.15.47:3300/0,v1:172.21.15.47:6789/0] -- mon_subscribe({config=0+,monmap=0+}) v3 -- 0x7ff2240093e0 con 0x7ff230078c80
2022-09-07T21:30:32.661 INFO:teuthology.orchestra.run.smithi047.stdout:/usr/bin/ceph: stderr
2022-09-07T21:30:31.760+0000 7ff234d48700 1 --2- 172.21.15.47:0/2273897555 >> [v2:172.21.15.47:3300/0,v1:172.21.15.47:6789/0] conn(0x7ff230078c80 0x7ff230199270 secure :-1 s=READY pgs=52 cs=0 l=1 rev1=1 crypto rx=0x7ff224009e90 tx=0x7ff224004040 comp rx=0 tx=0).ready entity=mon.0 client_cookie=0 server_cookie=0 in_seq=0 out_seq=0
