2022-09-10T04:19:13.410+0000 7fbc35c46700 1 --2- 172.21.15.81:0/1325217201 >> [v2:172.21.15.81:6800/532852594,v1:172.21.15.81:6801/532852594] conn(0x7fbc1c035870 0x7fbc1c037d20 secure :-1 s=READY pgs=8 cs=0 l=1 rev1=1 crypto rx=0x7fbc24009750 tx=0x7fbc24006cc0 comp rx=0 tx=0).stop
2022-09-10T04:19:13.826 INFO:teuthology.orchestra.run.smithi081.stdout:/usr/bin/ceph: stderr
2022-09-10T04:19:13.410+0000 7fbc35c46700 1 -- 172.21.15.81:0/1325217201 >> [v2:172.21.15.81:3300/0,v1:172.21.15.81:6789/0] conn(0x7fbc30079de0 msgr2=0x7fbc30199120 secure :-1 s=STATE_CONNECTION_ESTABLISHED l=1).mark_down
2022-09-10T04:19:13.826 INFO:teuthology.orchestra.run.smithi081.stdout:/usr/bin/ceph: stderr
2022-09-10T04:19:13.410+0000 7fbc35c46700 1 --2- 172.21.15.81:0/1325217201 >> [v2:172.21.15.81:3300/0,v1:172.21.15.81:6789/0] conn(0x7fbc30079de0 0x7fbc30199120 secure :-1 s=READY pgs=71 cs=0 l=1 rev1=1 crypto rx=0x7fbc20003560 tx=0x7fbc20003f60 comp rx=0 tx=0).stop
2022-09-10T04:19:13.827 INFO:teuthology.orchestra.run.smithi081.stdout:/usr/bin/ceph: stderr
2022-09-10T04:19:13.410+0000 7fbc35c46700 1 -- 172.21.15.81:0/1325217201 shutdown_connections
2022-09-10T04:19:13.827 INFO:teuthology.orchestra.run.smithi081.stdout:/usr/bin/ceph: stderr
2022-09-10T04:19:13.410+0000 7fbc35c46700 1 --2- 172.21.15.81:0/1325217201 >> [v2:172.21.15.81:6800/532852594,v1:172.21.15.81:6801/532852594] conn(0x7fbc1c035870 0x7fbc1c037d20 unknown :-1 s=CLOSED pgs=8 cs=0 l=1 rev1=1 crypto rx=0 tx=0 comp rx=0 tx=0).stop
2022-09-10T04:19:13.827 INFO:teuthology.orchestra.run.smithi081.stdout:/usr/bin/ceph: stderr
2022-09-10T04:19:13.410+0000 7fbc35c46700 1 --2- 172.21.15.81:0/1325217201 >> [v2:172.21.15.81:3300/0,v1:172.21.15.81:6789/0] conn(0x7fbc30079de0 0x7fbc30199120 unknown :-1 s=CLOSED pgs=71 cs=0 l=1 rev1=1 crypto rx=0 tx=0 comp rx=0 tx=0).stop
2022-09-10T04:19:13.827 INFO:teuthology.orchestra.run.smithi081.stdout:/usr/bin/ceph: stderr
2022-09-10T04:19:13.410+0000 7fbc35c46700 1 -- 172.21.15.81:0/1325217201 >> 172.21.15.81:0/1325217201 conn(0x7fbc300fe9f0 msgr2=0x7fbc30100110 unknown :-1 s=STATE_NONE l=0).mark_down
2022-09-10T04:19:13.828 INFO:teuthology.orchestra.run.smithi081.stdout:/usr/bin/ceph: stderr
2022-09-10T04:19:13.410+0000 7fbc35c46700 1 -- 172.21.15.81:0/1325217201 shutdown_connections
2022-09-10T04:19:13.828 INFO:teuthology.orchestra.run.smithi081.stdout:/usr/bin/ceph: stderr
2022-09-10T04:19:13.410+0000 7fbc35c46700 1 -- 172.21.15.81:0/1325217201 wait complete.
2022-09-10T04:19:13.828 INFO:teuthology.orchestra.run.smithi081.stdout:Fetching dashboard port number...
2022-09-10T04:19:14.775 INFO:journalctl@ceph.mon.a.smithi081.stdout:Sep 10 04:19:14 smithi081 ceph-mon[90133]: from='client.14164 -' entity='client.admin' cmd=[{"prefix": "dashboard ac-user-create", "username": "admin", "rolename": "administrator", "force_password": true, "pwd_update_required": true, "target": ["mon-mgr", ""]}]: dispatch
2022-09-10T04:19:14.775 INFO:journalctl@ceph.mon.a.smithi081.stdout:Sep 10 04:19:14 smithi081 ceph-mon[90133]: from='mgr.14150 172.21.15.81:0/4048390995' entity='mgr.x'
2022-09-10T04:19:14.775 INFO:journalctl@ceph.mon.a.smithi081.stdout:Sep 10 04:19:14 smithi081 ceph-mon[90133]: from='mgr.14150 172.21.15.81:0/4048390995' entity='mgr.x'
2022-09-10T04:19:15.230 INFO:teuthology.orchestra.run.smithi081.stdout:/usr/bin/ceph: stdout 8443
2022-09-10T04:19:15.230 INFO:teuthology.orchestra.run.smithi081.stdout:/usr/bin/ceph: stderr
2022-09-10T04:19:14.504+0000 7ff5b4b38700 1 Processor -- start
2022-09-10T04:19:15.231 INFO:teuthology.orchestra.run.smithi081.stdout:/usr/bin/ceph: stderr
2022-09-10T04:19:14.505+0000 7ff5b4b38700 1 -- start start
2022-09-10T04:19:15.231 INFO:teuthology.orchestra.run.smithi081.stdout:/usr/bin/ceph: stderr
2022-09-10T04:19:14.505+0000 7ff5b4b38700 1 --2- >> [v2:172.21.15.81:3300/0,v1:172.21.15.81:6789/0] conn(0x7ff5b01058d0 0x7ff5b0105ce0 unknown :-1 s=NONE pgs=0 cs=0 l=0 rev1=0 crypto rx=0 tx=0 comp rx=0 tx=0).connect
2022-09-10T04:19:15.231 INFO:teuthology.orchestra.run.smithi081.stdout:/usr/bin/ceph: stderr
2022-09-10T04:19:14.505+0000 7ff5b4b38700 1 -- --> [v2:172.21.15.81:3300/0,v1:172.21.15.81:6789/0] -- mon_getmap magic: 0 v1 -- 0x7ff5b01062b0 con 0x7ff5b01058d0
2022-09-10T04:19:15.232 INFO:teuthology.orchestra.run.smithi081.stdout:/usr/bin/ceph: stderr
2022-09-10T04:19:14.505+0000 7ff5ae59c700 1 --2- >> [v2:172.21.15.81:3300/0,v1:172.21.15.81:6789/0] conn(0x7ff5b01058d0 0x7ff5b0105ce0 unknown :-1 s=BANNER_CONNECTING pgs=0 cs=0 l=0 rev1=0 crypto rx=0 tx=0 comp rx=0 tx=0)._handle_peer_banner_payload supported=3 required=0
2022-09-10T04:19:15.232 INFO:teuthology.orchestra.run.smithi081.stdout:/usr/bin/ceph: stderr
2022-09-10T04:19:14.506+0000 7ff5ae59c700 1 --2- >> [v2:172.21.15.81:3300/0,v1:172.21.15.81:6789/0] conn(0x7ff5b01058d0 0x7ff5b0105ce0 unknown :-1 s=HELLO_CONNECTING pgs=0 cs=0 l=0 rev1=1 crypto rx=0 tx=0 comp rx=0 tx=0).handle_hello peer v2:172.21.15.81:3300/0 says I am v2:172.21.15.81:38728/0 (socket says 172.21.15.81:38728)
2022-09-10T04:19:15.232 INFO:teuthology.orchestra.run.smithi081.stdout:/usr/bin/ceph: stderr
2022-09-10T04:19:14.506+0000 7ff5ae59c700 1 -- 172.21.15.81:0/2386829908 learned_addr learned my addr 172.21.15.81:0/2386829908 (peer_addr_for_me v2:172.21.15.81:0/0)
2022-09-10T04:19:15.232 INFO:teuthology.orchestra.run.smithi081.stdout:/usr/bin/ceph: stderr
2022-09-10T04:19:14.506+0000 7ff5ae59c700 1 -- 172.21.15.81:0/2386829908 --> [v2:172.21.15.81:3300/0,v1:172.21.15.81:6789/0] -- mon_subscribe({config=0+,monmap=0+}) v3 -- 0x7ff5b01063f0 con 0x7ff5b01058d0
2022-09-10T04:19:15.233 INFO:teuthology.orchestra.run.smithi081.stdout:/usr/bin/ceph: stderr
2022-09-10T04:19:14.506+0000 7ff5ae59c700 1 --2- 172.21.15.81:0/2386829908 >> [v2:172.21.15.81:3300/0,v1:172.21.15.81:6789/0] conn(0x7ff5b01058d0 0x7ff5b0105ce0 secure :-1 s=READY pgs=72 cs=0 l=1 rev1=1 crypto rx=0x7ff5a0009700 tx=0x7ff5a0009a10 comp rx=0 tx=0).ready entity=mon.0 client_cookie=49198adcb3724ad1 server_cookie=0 in_seq=0 out_seq=0
2022-09-10T04:19:15.233 INFO:teuthology.orchestra.run.smithi081.stdout:/usr/bin/ceph: stderr
2022-09-10T04:19:14.507+0000 7ff5ad59a700 1 -- 172.21.15.81:0/2386829908 <== mon.0 v2:172.21.15.81:3300/0 1 ==== mon_map magic: 0 v1 ==== 205+0+0 (secure 0 0 0) 0x7ff5a0004160 con 0x7ff5b01058d0
2022-09-10T04:19:15.233 INFO:teuthology.orchestra.run.smithi081.stdout:/usr/bin/ceph: stderr
2022-09-10T04:19:14.507+0000 7ff5ad59a700 1 -- 172.21.15.81:0/2386829908 <== mon.0 v2:172.21.15.81:3300/0 2 ==== config(26 keys) v1 ==== 1080+0+0 (secure 0 0 0) 0x7ff5a00042c0 con 0x7ff5b01058d0
2022-09-10T04:19:15.233 INFO:teuthology.orchestra.run.smithi081.stdout:/usr/bin/ceph: stderr
2022-09-10T04:19:14.507+0000 7ff5ad59a700 1 -- 172.21.15.81:0/2386829908 <== mon.0 v2:172.21.15.81:3300/0 3 ==== mon_map magic: 0 v1 ==== 205+0+0 (secure 0 0 0) 0x7ff5a0003a10 con 0x7ff5b01058d0
2022-09-10T04:19:15.234 INFO:teuthology.orchestra.run.smithi081.stdout:/usr/bin/ceph: stderr
2022-09-10T04:19:14.507+0000 7ff5b4b38700 1 -- 172.21.15.81:0/2386829908 >> [v2:172.21.15.81:3300/0,v1:172.21.15.81:6789/0] conn(0x7ff5b01058d0 msgr2=0x7ff5b0105ce0 secure :-1 s=STATE_CONNECTION_ESTABLISHED l=1).mark_down
2022-09-10T04:19:15.234 INFO:teuthology.orchestra.run.smithi081.stdout:/usr/bin/ceph: stderr
2022-09-10T04:19:14.507+0000 7ff5b4b38700 1 --2- 172.21.15.81:0/2386829908 >> [v2:172.21.15.81:3300/0,v1:172.21.15.81:6789/0] conn(0x7ff5b01058d0 0x7ff5b0105ce0 secure :-1 s=READY pgs=72 cs=0 l=1 rev1=1 crypto rx=0x7ff5a0009700 tx=0x7ff5a0009a10 comp rx=0 tx=0).stop
2022-09-10T04:19:15.234 INFO:teuthology.orchestra.run.smithi081.stdout:/usr/bin/ceph: stderr
2022-09-10T04:19:14.508+0000 7ff5b4b38700 1 -- 172.21.15.81:0/2386829908 shutdown_connections
2022-09-10T04:19:15.234 INFO:teuthology.orchestra.run.smithi081.stdout:/usr/bin/ceph: stderr
2022-09-10T04:19:14.508+0000 7ff5b4b38700 1 --2- 172.21.15.81:0/2386829908 >> [v2:172.21.15.81:3300/0,v1:172.21.15.81:6789/0] conn(0x7ff5b01058d0 0x7ff5b0105ce0 unknown :-1 s=CLOSED pgs=72 cs=0 l=1 rev1=1 crypto rx=0 tx=0 comp rx=0 tx=0).stop
2022-09-10T04:19:15.235 INFO:teuthology.orchestra.run.smithi081.stdout:/usr/bin/ceph: stderr
2022-09-10T04:19:14.508+0000 7ff5b4b38700 1 -- 172.21.15.81:0/2386829908 >> 172.21.15.81:0/2386829908 conn(0x7ff5b0078a20 msgr2=0x7ff5b0078e60 unknown :-1 s=STATE_NONE l=0).mark_down
2022-09-10T04:19:15.235 INFO:teuthology.orchestra.run.smithi081.stdout:/usr/bin/ceph: stderr
2022-09-10T04:19:14.508+0000 7ff5b4b38700 1 -- 172.21.15.81:0/2386829908 shutdown_connections
2022-09-10T04:19:15.235 INFO:teuthology.orchestra.run.smithi081.stdout:/usr/bin/ceph: stderr
2022-09-10T04:19:14.508+0000 7ff5b4b38700 1 -- 172.21.15.81:0/2386829908 wait complete.
2022-09-10T04:19:15.235 INFO:teuthology.orchestra.run.smithi081.stdout:/usr/bin/ceph: stderr
2022-09-10T04:19:14.509+0000 7ff5b4b38700 1 Processor -- start
2022-09-10T04:19:15.236 INFO:teuthology.orchestra.run.smithi081.stdout:/usr/bin/ceph: stderr
2022-09-10T04:19:14.509+0000 7ff5b4b38700 1 -- start start
2022-09-10T04:19:15.236 INFO:teuthology.orchestra.run.smithi081.stdout:/usr/bin/ceph: stderr
2022-09-10T04:19:14.509+0000 7ff5b4b38700 1 --2- >> [v2:172.21.15.81:3300/0,v1:172.21.15.81:6789/0] conn(0x7ff5b01058d0 0x7ff5b0199170 unknown :-1 s=NONE pgs=0 cs=0 l=1 rev1=0 crypto rx=0 tx=0 comp rx=0 tx=0).connect
2022-09-10T04:19:15.236 INFO:teuthology.orchestra.run.smithi081.stdout:/usr/bin/ceph: stderr
2022-09-10T04:19:14.509+0000 7ff5b4b38700 1 -- --> [v2:172.21.15.81:3300/0,v1:172.21.15.81:6789/0] -- mon_getmap magic: 0 v1 -- 0x7ff5b01996b0 con 0x7ff5b01058d0
2022-09-10T04:19:15.236 INFO:teuthology.orchestra.run.smithi081.stdout:/usr/bin/ceph: stderr
2022-09-10T04:19:14.510+0000 7ff5ae59c700 1 --2- >> [v2:172.21.15.81:3300/0,v1:172.21.15.81:6789/0] conn(0x7ff5b01058d0 0x7ff5b0199170 unknown :-1 s=BANNER_CONNECTING pgs=0 cs=0 l=1 rev1=0 crypto rx=0 tx=0 comp rx=0 tx=0)._handle_peer_banner_payload supported=3 required=0
2022-09-10T04:19:15.236 INFO:teuthology.orchestra.run.smithi081.stdout:/usr/bin/ceph: stderr
2022-09-10T04:19:14.510+0000 7ff5ae59c700 1 --2- >> [v2:172.21.15.81:3300/0,v1:172.21.15.81:6789/0] conn(0x7ff5b01058d0 0x7ff5b0199170 unknown :-1 s=HELLO_CONNECTING pgs=0 cs=0 l=1 rev1=1 crypto rx=0 tx=0 comp rx=0 tx=0).handle_hello peer v2:172.21.15.81:3300/0 says I am v2:172.21.15.81:38740/0 (socket says 172.21.15.81:38740)
2022-09-10T04:19:15.237 INFO:teuthology.orchestra.run.smithi081.stdout:/usr/bin/ceph: stderr
2022-09-10T04:19:14.510+0000 7ff5ae59c700 1 -- 172.21.15.81:0/2941718159 learned_addr learned my addr 172.21.15.81:0/2941718159 (peer_addr_for_me v2:172.21.15.81:0/0)
2022-09-10T04:19:15.237 INFO:teuthology.orchestra.run.smithi081.stdout:/usr/bin/ceph: stderr
2022-09-10T04:19:14.510+0000 7ff5ae59c700 1 -- 172.21.15.81:0/2941718159 --> [v2:172.21.15.81:3300/0,v1:172.21.15.81:6789/0] -- mon_subscribe({config=0+,monmap=0+}) v3 -- 0x7ff5a00093e0 con 0x7ff5b01058d0
2022-09-10T04:19:15.237 INFO:teuthology.orchestra.run.smithi081.stdout:/usr/bin/ceph: stderr
2022-09-10T04:19:14.511+0000 7ff5ae59c700 1 --2- 172.21.15.81:0/2941718159 >> [v2:172.21.15.81:3300/0,v1:172.21.15.81:6789/0] conn(0x7ff5b01058d0 0x7ff5b0199170 secure :-1 s=READY pgs=73 cs=0 l=1 rev1=1 crypto rx=0x7ff5a0003560 tx=0x7ff5a0003f60 comp rx=0 tx=0).ready entity=mon.0 client_cookie=0 server_cookie=0 in_seq=0 out_seq=0
2022-09-10T04:19:15.237 INFO:teuthology.orchestra.run.smithi081.stdout:/usr/bin/ceph: stderr
2022-09-10T04:19:14.511+0000 7ff59f7fe700 1 -- 172.21.15.81:0/2941718159 <== mon.0 v2:172.21.15.81:3300/0 1 ==== mon_map magic: 0 v1 ==== 205+0+0 (secure 0 0 0) 0x7ff5a0011840 con 0x7ff5b01058d0
2022-09-10T04:19:15.238 INFO:teuthology.orchestra.run.smithi081.stdout:/usr/bin/ceph: stderr
2022-09-10T04:19:14.511+0000 7ff59f7fe700 1 -- 172.21.15.81:0/2941718159 <== mon.0 v2:172.21.15.81:3300/0 2 ==== config(26 keys) v1 ==== 1080+0+0 (secure 0 0 0) 0x7ff5a001a430 con 0x7ff5b01058d0
2022-09-10T04:19:15.238 INFO:teuthology.orchestra.run.smithi081.stdout:/usr/bin/ceph: stderr
2022-09-10T04:19:14.511+0000 7ff5b4b38700 1 -- 172.21.15.81:0/2941718159 --> [v2:172.21.15.81:3300/0,v1:172.21.15.81:6789/0] -- mon_subscribe({mgrmap=0+}) v3 -- 0x7ff5b01998b0 con 0x7ff5b01058d0
2022-09-10T04:19:15.238 INFO:teuthology.orchestra.run.smithi081.stdout:/usr/bin/ceph: stderr
2022-09-10T04:19:14.511+0000 7ff59f7fe700 1 -- 172.21.15.81:0/2941718159 <== mon.0 v2:172.21.15.81:3300/0 3 ==== mon_map magic: 0 v1 ==== 205+0+0 (secure 0 0 0) 0x7ff5a00193c0 con 0x7ff5b01058d0
2022-09-10T04:19:15.238 INFO:teuthology.orchestra.run.smithi081.stdout:/usr/bin/ceph: stderr
2022-09-10T04:19:14.511+0000 7ff5b4b38700 1 -- 172.21.15.81:0/2941718159 --> [v2:172.21.15.81:3300/0,v1:172.21.15.81:6789/0] -- mon_subscribe({osdmap=0}) v3 -- 0x7ff5b0199ce0 con 0x7ff5b01058d0
2022-09-10T04:19:15.239 INFO:teuthology.orchestra.run.smithi081.stdout:/usr/bin/ceph: stderr
2022-09-10T04:19:14.512+0000 7ff5b4b38700 1 -- 172.21.15.81:0/2941718159 --> [v2:172.21.15.81:3300/0,v1:172.21.15.81:6789/0] -- mon_command({"prefix": "get_command_descriptions"} v 0) v1 -- 0x7ff5b0107500 con 0x7ff5b01058d0
2022-09-10T04:19:15.239 INFO:teuthology.orchestra.run.smithi081.stdout:/usr/bin/ceph: stderr
2022-09-10T04:19:14.513+0000 7ff59f7fe700 1 -- 172.21.15.81:0/2941718159 <== mon.0 v2:172.21.15.81:3300/0 4 ==== mgrmap(e 12) v1 ==== 42703+0+0 (secure 0 0 0) 0x7ff5a002a020 con 0x7ff5b01058d0
2022-09-10T04:19:15.239 INFO:teuthology.orchestra.run.smithi081.stdout:/usr/bin/ceph: stderr
2022-09-10T04:19:14.513+0000 7ff59f7fe700 1 --2- 172.21.15.81:0/2941718159 >> [v2:172.21.15.81:6800/532852594,v1:172.21.15.81:6801/532852594] conn(0x7ff594035830 0x7ff594037ce0 unknown :-1 s=NONE pgs=0 cs=0 l=1 rev1=0 crypto rx=0 tx=0 comp rx=0 tx=0).connect
2022-09-10T04:19:15.239 INFO:teuthology.orchestra.run.smithi081.stdout:/usr/bin/ceph: stderr
2022-09-10T04:19:14.513+0000 7ff59f7fe700 1 -- 172.21.15.81:0/2941718159 <== mon.0 v2:172.21.15.81:3300/0 5 ==== osd_map(3..3 src has 1..3) v4 ==== 1151+0+0 (secure 0 0 0) 0x7ff5a0048900 con 0x7ff5b01058d0
2022-09-10T04:19:15.240 INFO:teuthology.orchestra.run.smithi081.stdout:/usr/bin/ceph: stderr
2022-09-10T04:19:14.513+0000 7ff5add9b700 1 --2- 172.21.15.81:0/2941718159 >> [v2:172.21.15.81:6800/532852594,v1:172.21.15.81:6801/532852594] conn(0x7ff594035830 0x7ff594037ce0 unknown :-1 s=BANNER_CONNECTING pgs=0 cs=0 l=1 rev1=0 crypto rx=0 tx=0 comp rx=0 tx=0)._handle_peer_banner_payload supported=3 required=0
2022-09-10T04:19:15.240 INFO:teuthology.orchestra.run.smithi081.stdout:/usr/bin/ceph: stderr
2022-09-10T04:19:14.514+0000 7ff5add9b700 1 --2- 172.21.15.81:0/2941718159 >> [v2:172.21.15.81:6800/532852594,v1:172.21.15.81:6801/532852594] conn(0x7ff594035830 0x7ff594037ce0 secure :-1 s=READY pgs=9 cs=0 l=1 rev1=1 crypto rx=0x7ff5a4009750 tx=0x7ff5a4006cc0 comp rx=0 tx=0).ready entity=mgr.14150 client_cookie=0 server_cookie=0 in_seq=0 out_seq=0
2022-09-10T04:19:15.240 INFO:teuthology.orchestra.run.smithi081.stdout:/usr/bin/ceph: stderr
2022-09-10T04:19:14.518+0000 7ff59f7fe700 1 -- 172.21.15.81:0/2941718159 <== mon.0 v2:172.21.15.81:3300/0 6 ==== mon_command_ack([{"prefix": "get_command_descriptions"}]=0 v0) v1 ==== 72+0+171119 (secure 0 0 0) 0x7ff5a001a5a0 con 0x7ff5b01058d0
2022-09-10T04:19:15.240 INFO:teuthology.orchestra.run.smithi081.stdout:/usr/bin/ceph: stderr
2022-09-10T04:19:14.740+0000 7ff5b4b38700 1 -- 172.21.15.81:0/2941718159 --> [v2:172.21.15.81:3300/0,v1:172.21.15.81:6789/0] -- mon_command({"prefix": "config get", "who": "mgr", "key": "mgr/dashboard/ssl_server_port"} v 0) v1 -- 0x7ff5b019cb20 con 0x7ff5b01058d0
2022-09-10T04:19:15.241 INFO:teuthology.orchestra.run.smithi081.stdout:/usr/bin/ceph: stderr
2022-09-10T04:19:14.740+0000 7ff59f7fe700 1 -- 172.21.15.81:0/2941718159 <== mon.0 v2:172.21.15.81:3300/0 7 ==== mon_command_ack([{"prefix": "config get", "who": "mgr", "key": "mgr/dashboard/ssl_server_port"}]=0 v8) v1 ==== 112+0+5 (secure 0 0 0) 0x7ff5a002bb30 con 0x7ff5b01058d0
2022-09-10T04:19:15.241 INFO:teuthology.orchestra.run.smithi081.stdout:/usr/bin/ceph: stderr
2022-09-10T04:19:14.743+0000 7ff5b4b38700 1 -- 172.21.15.81:0/2941718159 >> [v2:172.21.15.81:6800/532852594,v1:172.21.15.81:6801/532852594] conn(0x7ff594035830 msgr2=0x7ff594037ce0 secure :-1 s=STATE_CONNECTION_ESTABLISHED l=1).mark_down
2022-09-10T04:19:15.241 INFO:teuthology.orchestra.run.smithi081.stdout:/usr/bin/ceph: stderr
2022-09-10T04:19:14.743+0000 7ff5b4b38700 1 --2- 172.21.15.81:0/2941718159 >> [v2:172.21.15.81:6800/532852594,v1:172.21.15.81:6801/532852594] conn(0x7ff594035830 0x7ff594037ce0 secure :-1 s=READY pgs=9 cs=0 l=1 rev1=1 crypto rx=0x7ff5a4009750 tx=0x7ff5a4006cc0 comp rx=0 tx=0).stop
2022-09-10T04:19:15.241 INFO:teuthology.orchestra.run.smithi081.stdout:/usr/bin/ceph: stderr
2022-09-10T04:19:14.743+0000 7ff5b4b38700 1 -- 172.21.15.81:0/2941718159 >> [v2:172.21.15.81:3300/0,v1:172.21.15.81:6789/0] conn(0x7ff5b01058d0 msgr2=0x7ff5b0199170 secure :-1 s=STATE_CONNECTION_ESTABLISHED l=1).mark_down
2022-09-10T04:19:15.242 INFO:teuthology.orchestra.run.smithi081.stdout:/usr/bin/ceph: stderr
2022-09-10T04:19:14.743+0000 7ff5b4b38700 1 --2- 172.21.15.81:0/2941718159 >> [v2:172.21.15.81:3300/0,v1:172.21.15.81:6789/0] conn(0x7ff5b01058d0 0x7ff5b0199170 secure :-1 s=READY pgs=73 cs=0 l=1 rev1=1 crypto rx=0x7ff5a0003560 tx=0x7ff5a0003f60 comp rx=0 tx=0).stop
2022-09-10T04:19:15.242 INFO:teuthology.orchestra.run.smithi081.stdout:/usr/bin/ceph: stderr
2022-09-10T04:19:14.743+0000 7ff5b4b38700 1 -- 172.21.15.81:0/2941718159 shutdown_connections
2022-09-10T04:19:15.242 INFO:teuthology.orchestra.run.smithi081.stdout:/usr/bin/ceph: stderr
2022-09-10T04:19:14.743+0000 7ff5b4b38700 1 --2- 172.21.15.81:0/2941718159 >> [v2:172.21.15.81:6800/532852594,v1:172.21.15.81:6801/532852594] conn(0x7ff594035830 0x7ff594037ce0 unknown :-1 s=CLOSED pgs=9 cs=0 l=1 rev1=1 crypto rx=0 tx=0 comp rx=0 tx=0).stop
2022-09-10T04:19:15.242 INFO:teuthology.orchestra.run.smithi081.stdout:/usr/bin/ceph: stderr
2022-09-10T04:19:14.743+0000 7ff5b4b38700 1 --2- 172.21.15.81:0/2941718159 >> [v2:172.21.15.81:3300/0,v1:172.21.15.81:6789/0] conn(0x7ff5b01058d0 0x7ff5b0199170 unknown :-1 s=CLOSED pgs=73 cs=0 l=1 rev1=1 crypto rx=0 tx=0 comp rx=0 tx=0).stop
2022-09-10T04:19:15.243 INFO:teuthology.orchestra.run.smithi081.stdout:/usr/bin/ceph: stderr
2022-09-10T04:19:14.743+0000 7ff5b4b38700 1 -- 172.21.15.81:0/2941718159 >> 172.21.15.81:0/2941718159 conn(0x7ff5b0078a20 msgr2=0x7ff5b01037f0 unknown :-1 s=STATE_NONE l=0).mark_down
2022-09-10T04:19:15.243 INFO:teuthology.orchestra.run.smithi081.stdout:/usr/bin/ceph: stderr
2022-09-10T04:19:14.743+0000 7ff5b4b38700 1 -- 172.21.15.81:0/2941718159 shutdown_connections
2022-09-10T04:19:15.243 INFO:teuthology.orchestra.run.smithi081.stdout:/usr/bin/ceph: stderr
2022-09-10T04:19:14.743+0000 7ff5b4b38700 1 -- 172.21.15.81:0/2941718159 wait complete.
2022-09-10T04:19:15.253 INFO:teuthology.orchestra.run.smithi081.stdout:Non-zero exit code 1 from systemctl is-enabled firewalld.service
2022-09-10T04:19:15.253 INFO:teuthology.orchestra.run.smithi081.stdout:systemctl: stdout disabled
2022-09-10T04:19:15.275 INFO:teuthology.orchestra.run.smithi081.stdout:Non-zero exit code 3 from systemctl is-active firewalld.service
2022-09-10T04:19:15.275 INFO:teuthology.orchestra.run.smithi081.stdout:systemctl: stdout inactive
2022-09-10T04:19:15.275 INFO:teuthology.orchestra.run.smithi081.stdout:firewalld.service is not enabled
2022-09-10T04:19:15.275 INFO:teuthology.orchestra.run.smithi081.stdout:Not possible to open ports <[8443]>. firewalld.service is not available
2022-09-10T04:19:15.277 INFO:teuthology.orchestra.run.smithi081.stdout:Ceph Dashboard is now available at:
2022-09-10T04:19:15.278 INFO:teuthology.orchestra.run.smithi081.stdout:
2022-09-10T04:19:15.278 INFO:teuthology.orchestra.run.smithi081.stdout: URL: https://smithi081.front.sepia.ceph.com:8443/
2022-09-10T04:19:15.278 INFO:teuthology.orchestra.run.smithi081.stdout: User: admin
2022-09-10T04:19:15.278 INFO:teuthology.orchestra.run.smithi081.stdout: Password: b13u1v8kgz
2022-09-10T04:19:15.279 INFO:teuthology.orchestra.run.smithi081.stdout:
2022-09-10T04:19:15.279 INFO:teuthology.orchestra.run.smithi081.stdout:Saving cluster configuration to /var/lib/ceph/70cf895c-30bf-11ed-8431-001a4aab830c/config directory
2022-09-10T04:19:15.280 INFO:teuthology.orchestra.run.smithi081.stdout:Enabling autotune for osd_memory_target
2022-09-10T04:19:15.540 INFO:journalctl@ceph.mon.a.smithi081.stdout:Sep 10 04:19:15 smithi081 ceph-mon[90133]: from='client.? 172.21.15.81:0/2941718159' entity='client.admin' cmd=[{"prefix": "config get", "who": "mgr", "key": "mgr/dashboard/ssl_server_port"}]: dispatch
2022-09-10T04:19:16.685 INFO:teuthology.orchestra.run.smithi081.stdout:/usr/bin/ceph: stderr
2022-09-10T04:19:15.897+0000 7f74b0258700 1 Processor -- start
2022-09-10T04:19:16.686 INFO:teuthology.orchestra.run.smithi081.stdout:/usr/bin/ceph: stderr
2022-09-10T04:19:15.898+0000 7f74b0258700 1 -- start start
2022-09-10T04:19:16.686 INFO:teuthology.orchestra.run.smithi081.stdout:/usr/bin/ceph: stderr
2022-09-10T04:19:15.898+0000 7f74b0258700 1 --2- >> [v2:172.21.15.81:3300/0,v1:172.21.15.81:6789/0] conn(0x7f74a81033c0 0x7f74a81037d0 unknown :-1 s=NONE pgs=0 cs=0 l=0 rev1=0 crypto rx=0 tx=0 comp rx=0 tx=0).connect
2022-09-10T04:19:16.686 INFO:teuthology.orchestra.run.smithi081.stdout:/usr/bin/ceph: stderr
2022-09-10T04:19:15.898+0000 7f74b0258700 1 -- --> [v2:172.21.15.81:3300/0,v1:172.21.15.81:6789/0] -- mon_getmap magic: 0 v1 -- 0x7f74a8103da0 con 0x7f74a81033c0
2022-09-10T04:19:16.687 INFO:teuthology.orchestra.run.smithi081.stdout:/usr/bin/ceph: stderr
2022-09-10T04:19:15.899+0000 7f74adff4700 1 --2- >> [v2:172.21.15.81:3300/0,v1:172.21.15.81:6789/0] conn(0x7f74a81033c0 0x7f74a81037d0 unknown :-1 s=BANNER_CONNECTING pgs=0 cs=0 l=0 rev1=0 crypto rx=0 tx=0 comp rx=0 tx=0)._handle_peer_banner_payload supported=3 required=0
2022-09-10T04:19:16.687 INFO:teuthology.orchestra.run.smithi081.stdout:/usr/bin/ceph: stderr
2022-09-10T04:19:15.899+0000 7f74adff4700 1 --2- >> [v2:172.21.15.81:3300/0,v1:172.21.15.81:6789/0] conn(0x7f74a81033c0 0x7f74a81037d0 unknown :-1 s=HELLO_CONNECTING pgs=0 cs=0 l=0 rev1=1 crypto rx=0 tx=0 comp rx=0 tx=0).handle_hello peer v2:172.21.15.81:3300/0 says I am v2:172.21.15.81:38754/0 (socket says 172.21.15.81:38754)
2022-09-10T04:19:16.687 INFO:teuthology.orchestra.run.smithi081.stdout:/usr/bin/ceph: stderr
2022-09-10T04:19:15.899+0000 7f74adff4700 1 -- 172.21.15.81:0/867878109 learned_addr learned my addr 172.21.15.81:0/867878109 (peer_addr_for_me v2:172.21.15.81:0/0)
2022-09-10T04:19:16.687 INFO:teuthology.orchestra.run.smithi081.stdout:/usr/bin/ceph: stderr
2022-09-10T04:19:15.899+0000 7f74adff4700 1 -- 172.21.15.81:0/867878109 --> [v2:172.21.15.81:3300/0,v1:172.21.15.81:6789/0] -- mon_subscribe({config=0+,monmap=0+}) v3 -- 0x7f74a8103ee0 con 0x7f74a81033c0
2022-09-10T04:19:16.688 INFO:teuthology.orchestra.run.smithi081.stdout:/usr/bin/ceph: stderr
2022-09-10T04:19:15.899+0000 7f74adff4700 1 --2- 172.21.15.81:0/867878109 >> [v2:172.21.15.81:3300/0,v1:172.21.15.81:6789/0] conn(0x7f74a81033c0 0x7f74a81037d0 secure :-1 s=READY pgs=74 cs=0 l=1 rev1=1 crypto rx=0x7f74a4009700 tx=0x7f74a4009a10 comp rx=0 tx=0).ready entity=mon.0 client_cookie=57d32ca272e53ac server_cookie=0 in_seq=0 out_seq=0
2022-09-10T04:19:16.688 INFO:teuthology.orchestra.run.smithi081.stdout:/usr/bin/ceph: stderr
2022-09-10T04:19:15.900+0000 7f74acff2700 1 -- 172.21.15.81:0/867878109 <== mon.0 v2:172.21.15.81:3300/0 1 ==== mon_map magic: 0 v1 ==== 205+0+0 (secure 0 0 0) 0x7f74a4004160 con 0x7f74a81033c0
2022-09-10T04:19:16.688 INFO:teuthology.orchestra.run.smithi081.stdout:/usr/bin/ceph: stderr
2022-09-10T04:19:15.900+0000 7f74acff2700 1 -- 172.21.15.81:0/867878109 <== mon.0 v2:172.21.15.81:3300/0 2 ==== config(26 keys) v1 ==== 1080+0+0 (secure 0 0 0) 0x7f74a40042c0 con 0x7f74a81033c0
2022-09-10T04:19:16.688 INFO:teuthology.orchestra.run.smithi081.stdout:/usr/bin/ceph: stderr
2022-09-10T04:19:15.900+0000 7f74acff2700 1 -- 172.21.15.81:0/867878109 <== mon.0 v2:172.21.15.81:3300/0 3 ==== mon_map magic: 0 v1 ==== 205+0+0 (secure 0 0 0) 0x7f74a4003a10 con 0x7f74a81033c0
2022-09-10T04:19:16.689 INFO:teuthology.orchestra.run.smithi081.stdout:/usr/bin/ceph: stderr
2022-09-10T04:19:15.900+0000 7f74b0258700 1 -- 172.21.15.81:0/867878109 >> [v2:172.21.15.81:3300/0,v1:172.21.15.81:6789/0] conn(0x7f74a81033c0 msgr2=0x7f74a81037d0 secure :-1 s=STATE_CONNECTION_ESTABLISHED l=1).mark_down
2022-09-10T04:19:16.689 INFO:teuthology.orchestra.run.smithi081.stdout:/usr/bin/ceph: stderr
2022-09-10T04:19:15.900+0000 7f74b0258700 1 --2- 172.21.15.81:0/867878109 >> [v2:172.21.15.81:3300/0,v1:172.21.15.81:6789/0] conn(0x7f74a81033c0 0x7f74a81037d0 secure :-1 s=READY pgs=74 cs=0 l=1 rev1=1 crypto rx=0x7f74a4009700 tx=0x7f74a4009a10 comp rx=0 tx=0).stop
2022-09-10T04:19:16.689 INFO:teuthology.orchestra.run.smithi081.stdout:/usr/bin/ceph: stderr
2022-09-10T04:19:15.901+0000 7f74b0258700 1 -- 172.21.15.81:0/867878109 shutdown_connections
2022-09-10T04:19:16.689 INFO:teuthology.orchestra.run.smithi081.stdout:/usr/bin/ceph: stderr
2022-09-10T04:19:15.901+0000 7f74b0258700 1 --2- 172.21.15.81:0/867878109 >> [v2:172.21.15.81:3300/0,v1:172.21.15.81:6789/0] conn(0x7f74a81033c0 0x7f74a81037d0 unknown :-1 s=CLOSED pgs=74 cs=0 l=1 rev1=1 crypto rx=0 tx=0 comp rx=0 tx=0).stop
2022-09-10T04:19:16.690 INFO:teuthology.orchestra.run.smithi081.stdout:/usr/bin/ceph: stderr
2022-09-10T04:19:15.901+0000 7f74b0258700 1 -- 172.21.15.81:0/867878109 >> 172.21.15.81:0/867878109 conn(0x7f74a80fe9f0 msgr2=0x7f74a8100e40 unknown :-1 s=STATE_NONE l=0).mark_down
2022-09-10T04:19:16.690 INFO:teuthology.orchestra.run.smithi081.stdout:/usr/bin/ceph: stderr
2022-09-10T04:19:15.901+0000 7f74b0258700 1 -- 172.21.15.81:0/867878109 shutdown_connections
2022-09-10T04:19:16.690 INFO:teuthology.orchestra.run.smithi081.stdout:/usr/bin/ceph: stderr
2022-09-10T04:19:15.901+0000 7f74b0258700 1 -- 172.21.15.81:0/867878109 wait complete.
2022-09-10T04:19:16.690 INFO:teuthology.orchestra.run.smithi081.stdout:/usr/bin/ceph: stderr
2022-09-10T04:19:15.902+0000 7f74b0258700 1 Processor -- start
2022-09-10T04:19:16.691 INFO:teuthology.orchestra.run.smithi081.stdout:/usr/bin/ceph: stderr
2022-09-10T04:19:15.902+0000 7f74b0258700 1 -- start start
2022-09-10T04:19:16.691 INFO:teuthology.orchestra.run.smithi081.stdout:/usr/bin/ceph: stderr
2022-09-10T04:19:15.903+0000 7f74b0258700 1 --2- >> [v2:172.21.15.81:3300/0,v1:172.21.15.81:6789/0] conn(0x7f74a81033c0 0x7f74a8079c40 unknown :-1 s=NONE pgs=0 cs=0 l=1 rev1=0 crypto rx=0 tx=0 comp rx=0 tx=0).connect
2022-09-10T04:19:16.691 INFO:teuthology.orchestra.run.smithi081.stdout:/usr/bin/ceph: stderr
2022-09-10T04:19:15.903+0000 7f74b0258700 1 -- --> [v2:172.21.15.81:3300/0,v1:172.21.15.81:6789/0] -- mon_getmap magic: 0 v1 -- 0x7f74a807a180 con 0x7f74a81033c0
2022-09-10T04:19:16.691 INFO:teuthology.orchestra.run.smithi081.stdout:/usr/bin/ceph: stderr
2022-09-10T04:19:15.903+0000 7f74adff4700 1 --2- >> [v2:172.21.15.81:3300/0,v1:172.21.15.81:6789/0] conn(0x7f74a81033c0 0x7f74a8079c40 unknown :-1 s=BANNER_CONNECTING pgs=0 cs=0 l=1 rev1=0 crypto rx=0 tx=0 comp rx=0 tx=0)._handle_peer_banner_payload supported=3 required=0
2022-09-10T04:19:16.691 INFO:teuthology.orchestra.run.smithi081.stdout:/usr/bin/ceph: stderr
2022-09-10T04:19:15.903+0000 7f74adff4700 1 --2- >> [v2:172.21.15.81:3300/0,v1:172.21.15.81:6789/0] conn(0x7f74a81033c0 0x7f74a8079c40 unknown :-1 s=HELLO_CONNECTING pgs=0 cs=0 l=1 rev1=1 crypto rx=0 tx=0 comp rx=0 tx=0).handle_hello peer v2:172.21.15.81:3300/0 says I am v2:172.21.15.81:38766/0 (socket says 172.21.15.81:38766)
2022-09-10T04:19:16.692 INFO:teuthology.orchestra.run.smithi081.stdout:/usr/bin/ceph: stderr
2022-09-10T04:19:15.903+0000 7f74adff4700 1 -- 172.21.15.81:0/3432723968 learned_addr learned my addr 172.21.15.81:0/3432723968 (peer_addr_for_me v2:172.21.15.81:0/0)
2022-09-10T04:19:16.692 INFO:teuthology.orchestra.run.smithi081.stdout:/usr/bin/ceph: stderr
2022-09-10T04:19:15.903+0000 7f74adff4700 1 -- 172.21.15.81:0/3432723968 --> [v2:172.21.15.81:3300/0,v1:172.21.15.81:6789/0] -- mon_subscribe({config=0+,monmap=0+}) v3 -- 0x7f74a40093e0 con 0x7f74a81033c0
2022-09-10T04:19:16.692 INFO:teuthology.orchestra.run.smithi081.stdout:/usr/bin/ceph: stderr
2022-09-10T04:19:15.904+0000 7f74adff4700 1 --2- 172.21.15.81:0/3432723968 >> [v2:172.21.15.81:3300/0,v1:172.21.15.81:6789/0] conn(0x7f74a81033c0 0x7f74a8079c40 secure :-1 s=READY pgs=75 cs=0 l=1 rev1=1 crypto rx=0x7f74a4003560 tx=0x7f74a4003f60 comp rx=0 tx=0).ready entity=mon.0 client_cookie=0 server_cookie=0 in_seq=0 out_seq=0
2022-09-10T04:19:16.692 INFO:teuthology.orchestra.run.smithi081.stdout:/usr/bin/ceph: stderr
2022-09-10T04:19:15.904+0000 7f7496ffd700 1 -- 172.21.15.81:0/3432723968 <== mon.0 v2:172.21.15.81:3300/0 1 ==== mon_map magic: 0 v1 ==== 205+0+0 (secure 0 0 0) 0x7f74a4011840 con 0x7f74a81033c0
2022-09-10T04:19:16.693 INFO:teuthology.orchestra.run.smithi081.stdout:/usr/bin/ceph: stderr
2022-09-10T04:19:15.904+0000 7f7496ffd700 1 -- 172.21.15.81:0/3432723968 <== mon.0 v2:172.21.15.81:3300/0 2 ==== config(26 keys) v1 ==== 1080+0+0 (secure 0 0 0) 0x7f74a40119a0 con 0x7f74a81033c0
2022-09-10T04:19:16.693 INFO:teuthology.orchestra.run.smithi081.stdout:/usr/bin/ceph: stderr
2022-09-10T04:19:15.904+0000 7f7496ffd700 1 -- 172.21.15.81:0/3432723968 <== mon.0 v2:172.21.15.81:3300/0 3 ==== mon_map magic: 0 v1 ==== 205+0+0 (secure 0 0 0) 0x7f74a40193c0 con 0x7f74a81033c0
2022-09-10T04:19:16.693 INFO:teuthology.orchestra.run.smithi081.stdout:/usr/bin/ceph: stderr
2022-09-10T04:19:15.904+0000 7f74b0258700 1 -- 172.21.15.81:0/3432723968 --> [v2:172.21.15.81:3300/0,v1:172.21.15.81:6789/0] -- mon_subscribe({mgrmap=0+}) v3 -- 0x7f74a8078280 con 0x7f74a81033c0
2022-09-10T04:19:16.693 INFO:teuthology.orchestra.run.smithi081.stdout:/usr/bin/ceph: stderr
2022-09-10T04:19:15.904+0000 7f74b0258700 1 -- 172.21.15.81:0/3432723968 --> [v2:172.21.15.81:3300/0,v1:172.21.15.81:6789/0] -- mon_subscribe({osdmap=0}) v3 -- 0x7f74a80786b0 con 0x7f74a81033c0
2022-09-10T04:19:16.693 INFO:teuthology.orchestra.run.smithi081.stdout:/usr/bin/ceph: stderr
2022-09-10T04:19:15.905+0000 7f7496ffd700 1 -- 172.21.15.81:0/3432723968 <== mon.0 v2:172.21.15.81:3300/0 4 ==== mgrmap(e 13) v1 ==== 42746+0+0 (secure 0 0 0) 0x7f74a402a020 con 0x7f74a81033c0
2022-09-10T04:19:16.694 INFO:teuthology.orchestra.run.smithi081.stdout:/usr/bin/ceph: stderr
2022-09-10T04:19:15.905+0000 7f74b0258700 1 -- 172.21.15.81:0/3432723968 --> [v2:172.21.15.81:3300/0,v1:172.21.15.81:6789/0] -- mon_command({"prefix": "get_command_descriptions"} v 0) v1 -- 0x7f74a81052b0 con 0x7f74a81033c0
2022-09-10T04:19:16.694 INFO:teuthology.orchestra.run.smithi081.stdout:/usr/bin/ceph: stderr
2022-09-10T04:19:15.906+0000 7f7496ffd700 1 --2- 172.21.15.81:0/3432723968 >> [v2:172.21.15.81:6800/532852594,v1:172.21.15.81:6801/532852594] conn(0x7f7490035910 0x7f7490037dc0 unknown :-1 s=NONE pgs=0 cs=0 l=1 rev1=0 crypto rx=0 tx=0 comp rx=0 tx=0).connect
2022-09-10T04:19:16.694 INFO:teuthology.orchestra.run.smithi081.stdout:/usr/bin/ceph: stderr
2022-09-10T04:19:15.906+0000 7f7496ffd700 1 -- 172.21.15.81:0/3432723968 <== mon.0 v2:172.21.15.81:3300/0 5 ==== osd_map(3..3 src has 1..3) v4 ==== 1151+0+0 (secure 0 0 0) 0x7f74a4048a60 con 0x7f74a81033c0
2022-09-10T04:19:16.694 INFO:teuthology.orchestra.run.smithi081.stdout:/usr/bin/ceph: stderr
2022-09-10T04:19:15.906+0000 7f74ad7f3700 1 --2- 172.21.15.81:0/3432723968 >> [v2:172.21.15.81:6800/532852594,v1:172.21.15.81:6801/532852594] conn(0x7f7490035910 0x7f7490037dc0 unknown :-1 s=BANNER_CONNECTING pgs=0 cs=0 l=1 rev1=0 crypto rx=0 tx=0 comp rx=0 tx=0)._handle_peer_banner_payload supported=3 required=0
2022-09-10T04:19:16.695 INFO:teuthology.orchestra.run.smithi081.stdout:/usr/bin/ceph: stderr
2022-09-10T04:19:15.907+0000 7f74ad7f3700 1 --2- 172.21.15.81:0/3432723968 >> [v2:172.21.15.81:6800/532852594,v1:172.21.15.81:6801/532852594] conn(0x7f7490035910 0x7f7490037dc0 secure :-1 s=READY pgs=10 cs=0 l=1 rev1=1 crypto rx=0x7f7498009750 tx=0x7f7498006cc0 comp rx=0 tx=0).ready entity=mgr.14150 client_cookie=0 server_cookie=0 in_seq=0 out_seq=0
2022-09-10T04:19:16.695 INFO:teuthology.orchestra.run.smithi081.stdout:/usr/bin/ceph: stderr
2022-09-10T04:19:15.911+0000 7f7496ffd700 1 -- 172.21.15.81:0/3432723968 <== mon.0 v2:172.21.15.81:3300/0 6 ==== mon_command_ack([{"prefix": "get_command_descriptions"}]=0 v0) v1 ==== 72+0+171119 (secure 0 0 0) 0x7f74a4011b10 con 0x7f74a81033c0
2022-09-10T04:19:16.695 INFO:teuthology.orchestra.run.smithi081.stdout:/usr/bin/ceph: stderr
2022-09-10T04:19:16.141+0000 7f74b0258700 1 -- 172.21.15.81:0/3432723968 --> [v2:172.21.15.81:3300/0,v1:172.21.15.81:6789/0] -- mon_command([{prefix=config set, name=osd_memory_target_autotune}] v 0) v1 -- 0x7f74a819cff0 con 0x7f74a81033c0
2022-09-10T04:19:16.695 INFO:teuthology.orchestra.run.smithi081.stdout:/usr/bin/ceph: stderr
2022-09-10T04:19:16.141+0000 7f7496ffd700 1 -- 172.21.15.81:0/3432723968 <== mon.0 v2:172.21.15.81:3300/0 7 ==== mon_command_ack([{prefix=config set, name=osd_memory_target_autotune}]=0 v8)=0 v8) v1 ==== 127+0+0 (secure 0 0 0) 0x7f74a402bb30 con 0x7f74a81033c0
2022-09-10T04:19:16.696 INFO:teuthology.orchestra.run.smithi081.stdout:/usr/bin/ceph: stderr
2022-09-10T04:19:16.143+0000 7f74b0258700 1 -- 172.21.15.81:0/3432723968 >> [v2:172.21.15.81:6800/532852594,v1:172.21.15.81:6801/532852594] conn(0x7f7490035910 msgr2=0x7f7490037dc0 secure :-1 s=STATE_CONNECTION_ESTABLISHED l=1).mark_down
2022-09-10T04:19:16.696 INFO:teuthology.orchestra.run.smithi081.stdout:/usr/bin/ceph: stderr
2022-09-10T04:19:16.143+0000 7f74b0258700 1 --2- 172.21.15.81:0/3432723968 >> [v2:172.21.15.81:6800/532852594,v1:172.21.15.81:6801/532852594] conn(0x7f7490035910 0x7f7490037dc0 secure :-1 s=READY pgs=10 cs=0 l=1 rev1=1 crypto rx=0x7f7498009750 tx=0x7f7498006cc0 comp rx=0 tx=0).stop
2022-09-10T04:19:16.696 INFO:teuthology.orchestra.run.smithi081.stdout:/usr/bin/ceph: stderr
2022-09-10T04:19:16.143+0000 7f74b0258700 1 -- 172.21.15.81:0/3432723968 >> [v2:172.21.15.81:3300/0,v1:172.21.15.81:6789/0] conn(0x7f74a81033c0 msgr2=0x7f74a8079c40 secure :-1 s=STATE_CONNECTION_ESTABLISHED l=1).mark_down
2022-09-10T04:19:16.696 INFO:teuthology.orchestra.run.smithi081.stdout:/usr/bin/ceph: stderr
2022-09-10T04:19:16.143+0000 7f74b0258700 1 --2- 172.21.15.81:0/3432723968 >> [v2:172.21.15.81:3300/0,v1:172.21.15.81:6789/0] conn(0x7f74a81033c0 0x7f74a8079c40 secure :-1 s=READY pgs=75 cs=0 l=1 rev1=1 crypto rx=0x7f74a4003560 tx=0x7f74a4003f60 comp rx=0 tx=0).stop
2022-09-10T04:19:16.696 INFO:teuthology.orchestra.run.smithi081.stdout:/usr/bin/ceph: stderr
2022-09-10T04:19:16.144+0000 7f74b0258700 1 -- 172.21.15.81:0/3432723968 shutdown_connections
2022-09-10T04:19:16.697 INFO:teuthology.orchestra.run.smithi081.stdout:/usr/bin/ceph: stderr
2022-09-10T04:19:16.144+0000 7f74b0258700 1 --2- 172.21.15.81:0/3432723968 >> [v2:172.21.15.81:6800/532852594,v1:172.21.15.81:6801/532852594] conn(0x7f7490035910 0x7f7490037dc0 unknown :-1 s=CLOSED pgs=10 cs=0 l=1 rev1=1 crypto rx=0 tx=0 comp rx=0 tx=0).stop
2022-09-10T04:19:16.697 INFO:teuthology.orchestra.run.smithi081.stdout:/usr/bin/ceph: stderr
2022-09-10T04:19:16.144+0000 7f74b0258700 1 --2- 172.21.15.81:0/3432723968 >> [v2:172.21.15.81:3300/0,v1:172.21.15.81:6789/0] conn(0x7f74a81033c0 0x7f74a8079c40 unknown :-1 s=CLOSED pgs=75 cs=0 l=1 rev1=1 crypto rx=0 tx=0 comp rx=0 tx=0).stop
2022-09-10T04:19:16.697 INFO:teuthology.orchestra.run.smithi081.stdout:/usr/bin/ceph: stderr
2022-09-10T04:19:16.144+0000 7f74b0258700 1 -- 172.21.15.81:0/3432723968 >> 172.21.15.81:0/3432723968 conn(0x7f74a80fe9f0 msgr2=0x7f74a81000f0 unknown :-1 s=STATE_NONE l=0).mark_down
2022-09-10T04:19:16.697 INFO:teuthology.orchestra.run.smithi081.stdout:/usr/bin/ceph: stderr
2022-09-10T04:19:16.144+0000 7f74b0258700 1 -- 172.21.15.81:0/3432723968 shutdown_connections
2022-09-10T04:19:16.697 INFO:teuthology.orchestra.run.smithi081.stdout:/usr/bin/ceph: stderr
2022-09-10T04:19:16.144+0000 7f74b0258700 1 -- 172.21.15.81:0/3432723968 wait complete.
2022-09-10T04:19:16.804 INFO:journalctl@ceph.mon.a.smithi081.stdout:Sep 10 04:19:16 smithi081 ceph-mon[90133]: mgrmap e13: x(active, since 6s)
2022-09-10T04:19:17.992 INFO:teuthology.orchestra.run.smithi081.stdout:/usr/bin/ceph: stderr
2022-09-10T04:19:17.270+0000 7f3f3422f700 1 Processor -- start
2022-09-10T04:19:17.993 INFO:teuthology.orchestra.run.smithi081.stdout:/usr/bin/ceph: stderr
2022-09-10T04:19:17.270+0000 7f3f3422f700 1 -- start start
2022-09-10T04:19:17.993 INFO:teuthology.orchestra.run.smithi081.stdout:/usr/bin/ceph: stderr
2022-09-10T04:19:17.270+0000 7f3f3422f700 1 --2- >> [v2:172.21.15.81:3300/0,v1:172.21.15.81:6789/0] conn(0x7f3f2c079e40 0x7f3f2c078320 unknown :-1 s=NONE pgs=0 cs=0 l=0 rev1=0 crypto rx=0 tx=0 comp rx=0 tx=0).connect
2022-09-10T04:19:17.994 INFO:teuthology.orchestra.run.smithi081.stdout:/usr/bin/ceph: stderr
2022-09-10T04:19:17.270+0000 7f3f3422f700 1 -- --> [v2:172.21.15.81:3300/0,v1:172.21.15.81:6789/0] -- mon_getmap magic: 0 v1 -- 0x7f3f2c0788f0 con 0x7f3f2c079e40
2022-09-10T04:19:17.994 INFO:teuthology.orchestra.run.smithi081.stdout:/usr/bin/ceph: stderr
2022-09-10T04:19:17.271+0000 7f3f31fcb700 1 --2- >> [v2:172.21.15.81:3300/0,v1:172.21.15.81:6789/0] conn(0x7f3f2c079e40 0x7f3f2c078320 unknown :-1 s=BANNER_CONNECTING pgs=0 cs=0 l=0 rev1=0 crypto rx=0 tx=0 comp rx=0 tx=0)._handle_peer_banner_payload supported=3 required=0
2022-09-10T04:19:17.995 INFO:teuthology.orchestra.run.smithi081.stdout:/usr/bin/ceph: stderr
2022-09-10T04:19:17.271+0000 7f3f31fcb700 1 --2- >> [v2:172.21.15.81:3300/0,v1:172.21.15.81:6789/0] conn(0x7f3f2c079e40 0x7f3f2c078320 unknown :-1 s=HELLO_CONNECTING pgs=0 cs=0 l=0 rev1=1 crypto rx=0 tx=0 comp rx=0 tx=0).handle_hello peer v2:172.21.15.81:3300/0 says I am v2:172.21.15.81:38772/0 (socket says 172.21.15.81:38772)
2022-09-10T04:19:17.995 INFO:teuthology.orchestra.run.smithi081.stdout:/usr/bin/ceph: stderr
2022-09-10T04:19:17.271+0000 7f3f31fcb700 1 -- 172.21.15.81:0/2016439832 learned_addr learned my addr 172.21.15.81:0/2016439832 (peer_addr_for_me v2:172.21.15.81:0/0)
2022-09-10T04:19:17.996 INFO:teuthology.orchestra.run.smithi081.stdout:/usr/bin/ceph: stderr
2022-09-10T04:19:17.271+0000 7f3f31fcb700 1 -- 172.21.15.81:0/2016439832 --> [v2:172.21.15.81:3300/0,v1:172.21.15.81:6789/0] -- mon_subscribe({config=0+,monmap=0+}) v3 -- 0x7f3f2c078a30 con 0x7f3f2c079e40
2022-09-10T04:19:17.996 INFO:teuthology.orchestra.run.smithi081.stdout:/usr/bin/ceph: stderr
2022-09-10T04:19:17.271+0000 7f3f31fcb700 1 --2- 172.21.15.81:0/2016439832 >> [v2:172.21.15.81:3300/0,v1:172.21.15.81:6789/0] conn(0x7f3f2c079e40 0x7f3f2c078320 secure :-1 s=READY pgs=76 cs=0 l=1 rev1=1 crypto rx=0x7f3f28009700 tx=0x7f3f28009a10 comp rx=0 tx=0).ready entity=mon.0 client_cookie=7abdd4ae9eb6cdbc server_cookie=0 in_seq=0 out_seq=0
2022-09-10T04:19:17.997 INFO:teuthology.orchestra.run.smithi081.stdout:/usr/bin/ceph: stderr
2022-09-10T04:19:17.272+0000 7f3f30fc9700 1 -- 172.21.15.81:0/2016439832 <== mon.0 v2:172.21.15.81:3300/0 1 ==== mon_map magic: 0 v1 ==== 205+0+0 (secure 0 0 0) 0x7f3f28004160 con 0x7f3f2c079e40
2022-09-10T04:19:17.997 INFO:teuthology.orchestra.run.smithi081.stdout:/usr/bin/ceph: stderr
2022-09-10T04:19:17.272+0000 7f3f30fc9700 1 -- 172.21.15.81:0/2016439832 <== mon.0 v2:172.21.15.81:3300/0 2 ==== config(26 keys) v1 ==== 1080+0+0 (secure 0 0 0) 0x7f3f280042c0 con 0x7f3f2c079e40
2022-09-10T04:19:17.997 INFO:teuthology.orchestra.run.smithi081.stdout:/usr/bin/ceph: stderr
2022-09-10T04:19:17.272+0000 7f3f30fc9700 1 -- 172.21.15.81:0/2016439832 <== mon.0 v2:172.21.15.81:3300/0 3 ==== mon_map magic: 0 v1 ==== 205+0+0 (secure 0 0 0) 0x7f3f28003a10 con 0x7f3f2c079e40
2022-09-10T04:19:17.998 INFO:teuthology.orchestra.run.smithi081.stdout:/usr/bin/ceph: stderr
2022-09-10T04:19:17.272+0000 7f3f3422f700 1 -- 172.21.15.81:0/2016439832 >> [v2:172.21.15.81:3300/0,v1:172.21.15.81:6789/0] conn(0x7f3f2c079e40 msgr2=0x7f3f2c078320 secure :-1 s=STATE_CONNECTION_ESTABLISHED l=1).mark_down
2022-09-10T04:19:17.998 INFO:teuthology.orchestra.run.smithi081.stdout:/usr/bin/ceph: stderr
2022-09-10T04:19:17.272+0000 7f3f3422f700 1 --2- 172.21.15.81:0/2016439832 >> [v2:172.21.15.81:3300/0,v1:172.21.15.81:6789/0] conn(0x7f3f2c079e40 0x7f3f2c078320 secure :-1 s=READY pgs=76 cs=0 l=1 rev1=1 crypto rx=0x7f3f28009700 tx=0x7f3f28009a10 comp rx=0 tx=0).stop
2022-09-10T04:19:17.999 INFO:teuthology.orchestra.run.smithi081.stdout:/usr/bin/ceph: stderr
2022-09-10T04:19:17.272+0000 7f3f3422f700 1 -- 172.21.15.81:0/2016439832 shutdown_connections
2022-09-10T04:19:17.999 INFO:teuthology.orchestra.run.smithi081.stdout:/usr/bin/ceph: stderr
2022-09-10T04:19:17.272+0000 7f3f3422f700 1 --2- 172.21.15.81:0/2016439832 >> [v2:172.21.15.81:3300/0,v1:172.21.15.81:6789/0] conn(0x7f3f2c079e40 0x7f3f2c078320 unknown :-1 s=CLOSED pgs=76 cs=0 l=1 rev1=1 crypto rx=0 tx=0 comp rx=0 tx=0).stop
2022-09-10T04:19:18.000 INFO:teuthology.orchestra.run.smithi081.stdout:/usr/bin/ceph: stderr
2022-09-10T04:19:17.272+0000 7f3f3422f700 1 -- 172.21.15.81:0/2016439832 >> 172.21.15.81:0/2016439832 conn(0x7f3f2c0fe9f0 msgr2=0x7f3f2c100e40 unknown :-1 s=STATE_NONE l=0).mark_down
2022-09-10T04:19:18.000 INFO:teuthology.orchestra.run.smithi081.stdout:/usr/bin/ceph: stderr
2022-09-10T04:19:17.272+0000 7f3f3422f700 1 -- 172.21.15.81:0/2016439832 shutdown_connections
2022-09-10T04:19:18.001 INFO:teuthology.orchestra.run.smithi081.stdout:/usr/bin/ceph: stderr
2022-09-10T04:19:17.273+0000 7f3f3422f700 1 -- 172.21.15.81:0/2016439832 wait complete.
2022-09-10T04:19:18.001 INFO:teuthology.orchestra.run.smithi081.stdout:/usr/bin/ceph: stderr
2022-09-10T04:19:17.274+0000 7f3f3422f700 1 Processor -- start
2022-09-10T04:19:18.002 INFO:teuthology.orchestra.run.smithi081.stdout:/usr/bin/ceph: stderr
2022-09-10T04:19:17.274+0000 7f3f3422f700 1 -- start start
2022-09-10T04:19:18.002 INFO:teuthology.orchestra.run.smithi081.stdout:/usr/bin/ceph: stderr
2022-09-10T04:19:17.274+0000 7f3f3422f700 1 --2- >> [v2:172.21.15.81:3300/0,v1:172.21.15.81:6789/0] conn(0x7f3f2c079e40 0x7f3f2c199100 unknown :-1 s=NONE pgs=0 cs=0 l=1 rev1=0 crypto rx=0 tx=0 comp rx=0 tx=0).connect
2022-09-10T04:19:18.003 INFO:teuthology.orchestra.run.smithi081.stdout:/usr/bin/ceph: stderr
2022-09-10T04:19:17.274+0000 7f3f3422f700 1 -- --> [v2:172.21.15.81:3300/0,v1:172.21.15.81:6789/0] -- mon_getmap magic: 0 v1 -- 0x7f3f2c199640 con 0x7f3f2c079e40
2022-09-10T04:19:18.003 INFO:teuthology.orchestra.run.smithi081.stdout:/usr/bin/ceph: stderr
2022-09-10T04:19:17.274+0000 7f3f31fcb700 1 --2- >> [v2:172.21.15.81:3300/0,v1:172.21.15.81:6789/0] conn(0x7f3f2c079e40 0x7f3f2c199100 unknown :-1 s=BANNER_CONNECTING pgs=0 cs=0 l=1 rev1=0 crypto rx=0 tx=0 comp rx=0 tx=0)._handle_peer_banner_payload supported=3 required=0
2022-09-10T04:19:18.003 INFO:teuthology.orchestra.run.smithi081.stdout:/usr/bin/ceph: stderr
2022-09-10T04:19:17.274+0000 7f3f31fcb700 1 --2- >> [v2:172.21.15.81:3300/0,v1:172.21.15.81:6789/0] conn(0x7f3f2c079e40 0x7f3f2c199100 unknown :-1 s=HELLO_CONNECTING pgs=0 cs=0 l=1 rev1=1 crypto rx=0 tx=0 comp rx=0 tx=0).handle_hello peer v2:172.21.15.81:3300/0 says I am v2:172.21.15.81:38776/0 (socket says 172.21.15.81:38776)
2022-09-10T04:19:18.004 INFO:teuthology.orchestra.run.smithi081.stdout:/usr/bin/ceph: stderr
2022-09-10T04:19:17.274+0000 7f3f31fcb700 1 -- 172.21.15.81:0/3604428277 learned_addr learned my addr 172.21.15.81:0/3604428277 (peer_addr_for_me v2:172.21.15.81:0/0)
2022-09-10T04:19:18.004 INFO:teuthology.orchestra.run.smithi081.stdout:/usr/bin/ceph: stderr
2022-09-10T04:19:17.275+0000 7f3f31fcb700 1 -- 172.21.15.81:0/3604428277 --> [v2:172.21.15.81:3300/0,v1:172.21.15.81:6789/0] -- mon_subscribe({config=0+,monmap=0+}) v3 -- 0x7f3f280093e0 con 0x7f3f2c079e40
2022-09-10T04:19:18.005 INFO:teuthology.orchestra.run.smithi081.stdout:/usr/bin/ceph: stderr
2022-09-10T04:19:17.275+0000 7f3f31fcb700 1 --2- 172.21.15.81:0/3604428277 >> [v2:172.21.15.81:3300/0,v1:172.21.15.81:6789/0] conn(0x7f3f2c079e40 0x7f3f2c199100 secure :-1 s=READY pgs=77 cs=0 l=1 rev1=1 crypto rx=0x7f3f28003560 tx=0x7f3f28003f60 comp rx=0 tx=0).ready entity=mon.0 client_cookie=0 server_cookie=0 in_seq=0 out_seq=0
2022-09-10T04:19:18.005 INFO:teuthology.orchestra.run.smithi081.stdout:/usr/bin/ceph: stderr
2022-09-10T04:19:17.275+0000 7f3f1affd700 1 -- 172.21.15.81:0/3604428277 <== mon.0 v2:172.21.15.81:3300/0 1 ==== mon_map magic: 0 v1 ==== 205+0+0 (secure 0 0 0) 0x7f3f28011840 con 0x7f3f2c079e40
2022-09-10T04:19:18.006 INFO:teuthology.orchestra.run.smithi081.stdout:/usr/bin/ceph: stderr
2022-09-10T04:19:17.275+0000 7f3f1affd700 1 -- 172.21.15.81:0/3604428277 <== mon.0 v2:172.21.15.81:3300/0 2 ==== config(26 keys) v1 ==== 1080+0+0 (secure 0 0 0) 0x7f3f280119a0 con 0x7f3f2c079e40
2022-09-10T04:19:18.006 INFO:teuthology.orchestra.run.smithi081.stdout:/usr/bin/ceph: stderr
2022-09-10T04:19:17.275+0000 7f3f1affd700 1 -- 172.21.15.81:0/3604428277 <== mon.0 v2:172.21.15.81:3300/0 3 ==== mon_map magic: 0 v1 ==== 205+0+0 (secure 0 0 0) 0x7f3f280193c0 con 0x7f3f2c079e40
2022-09-10T04:19:18.007 INFO:teuthology.orchestra.run.smithi081.stdout:/usr/bin/ceph: stderr
2022-09-10T04:19:17.275+0000 7f3f3422f700 1 -- 172.21.15.81:0/3604428277 --> [v2:172.21.15.81:3300/0,v1:172.21.15.81:6789/0] -- mon_subscribe({mgrmap=0+}) v3 -- 0x7f3f2c199840 con 0x7f3f2c079e40
2022-09-10T04:19:18.007 INFO:teuthology.orchestra.run.smithi081.stdout:/usr/bin/ceph: stderr
2022-09-10T04:19:17.276+0000 7f3f3422f700 1 -- 172.21.15.81:0/3604428277 --> [v2:172.21.15.81:3300/0,v1:172.21.15.81:6789/0] -- mon_subscribe({osdmap=0}) v3 -- 0x7f3f2c199c70 con 0x7f3f2c079e40
2022-09-10T04:19:18.008 INFO:teuthology.orchestra.run.smithi081.stdout:/usr/bin/ceph: stderr
2022-09-10T04:19:17.277+0000 7f3f1affd700 1 -- 172.21.15.81:0/3604428277 <== mon.0 v2:172.21.15.81:3300/0 4 ==== mgrmap(e 13) v1 ==== 42746+0+0 (secure 0 0 0) 0x7f3f2802a020 con 0x7f3f2c079e40
2022-09-10T04:19:18.008 INFO:teuthology.orchestra.run.smithi081.stdout:/usr/bin/ceph: stderr
2022-09-10T04:19:17.277+0000 7f3f3422f700 1 -- 172.21.15.81:0/3604428277 --> [v2:172.21.15.81:3300/0,v1:172.21.15.81:6789/0] -- mon_command({"prefix": "get_command_descriptions"} v 0) v1 -- 0x7f3f2c060310 con 0x7f3f2c079e40
2022-09-10T04:19:18.008 INFO:teuthology.orchestra.run.smithi081.stdout:/usr/bin/ceph: stderr
2022-09-10T04:19:17.277+0000 7f3f1affd700 1 --2- 172.21.15.81:0/3604428277 >> [v2:172.21.15.81:6800/532852594,v1:172.21.15.81:6801/532852594] conn(0x7f3f14035910 0x7f3f14037dc0 unknown :-1 s=NONE pgs=0 cs=0 l=1 rev1=0 crypto rx=0 tx=0 comp rx=0 tx=0).connect
2022-09-10T04:19:18.009 INFO:teuthology.orchestra.run.smithi081.stdout:/usr/bin/ceph: stderr
2022-09-10T04:19:17.277+0000 7f3f1affd700 1 -- 172.21.15.81:0/3604428277 <== mon.0 v2:172.21.15.81:3300/0 5 ==== osd_map(3..3 src has 1..3) v4 ==== 1151+0+0 (secure 0 0 0) 0x7f3f280489f0 con 0x7f3f2c079e40
2022-09-10T04:19:18.009 INFO:teuthology.orchestra.run.smithi081.stdout:/usr/bin/ceph: stderr
2022-09-10T04:19:17.277+0000 7f3f317ca700 1 --2- 172.21.15.81:0/3604428277 >> [v2:172.21.15.81:6800/532852594,v1:172.21.15.81:6801/532852594] conn(0x7f3f14035910 0x7f3f14037dc0 unknown :-1 s=BANNER_CONNECTING pgs=0 cs=0 l=1 rev1=0 crypto rx=0 tx=0 comp rx=0 tx=0)._handle_peer_banner_payload supported=3 required=0
2022-09-10T04:19:18.010 INFO:teuthology.orchestra.run.smithi081.stdout:/usr/bin/ceph: stderr
2022-09-10T04:19:17.278+0000 7f3f317ca700 1 --2- 172.21.15.81:0/3604428277 >> [v2:172.21.15.81:6800/532852594,v1:172.21.15.81:6801/532852594] conn(0x7f3f14035910 0x7f3f14037dc0 secure :-1 s=READY pgs=11 cs=0 l=1 rev1=1 crypto rx=0x7f3f1c009750 tx=0x7f3f1c006cc0 comp rx=0 tx=0).ready entity=mgr.14150 client_cookie=0 server_cookie=0 in_seq=0 out_seq=0
2022-09-10T04:19:18.010 INFO:teuthology.orchestra.run.smithi081.stdout:/usr/bin/ceph: stderr
2022-09-10T04:19:17.282+0000 7f3f1affd700 1 -- 172.21.15.81:0/3604428277 <== mon.0 v2:172.21.15.81:3300/0 6 ==== mon_command_ack([{"prefix": "get_command_descriptions"}]=0 v0) v1 ==== 72+0+171119 (secure 0 0 0) 0x7f3f2802b940 con 0x7f3f2c079e40
2022-09-10T04:19:18.011 INFO:teuthology.orchestra.run.smithi081.stdout:/usr/bin/ceph: stderr
2022-09-10T04:19:17.595+0000 7f3f3422f700 1 -- 172.21.15.81:0/3604428277 --> [v2:172.21.15.81:3300/0,v1:172.21.15.81:6789/0] -- mon_command([{prefix=config-key set, key=mgr/dashboard/cluster/status}] v 0) v1 -- 0x7f3f2c19cab0 con 0x7f3f2c079e40
2022-09-10T04:19:18.011 INFO:teuthology.orchestra.run.smithi081.stdout:/usr/bin/ceph: stderr
2022-09-10T04:19:17.597+0000 7f3f1affd700 1 -- 172.21.15.81:0/3604428277 <== mon.0 v2:172.21.15.81:3300/0 7 ==== mon_command_ack([{prefix=config-key set, key=mgr/dashboard/cluster/status}]=0 set mgr/dashboard/cluster/status v28)=0 set mgr/dashboard/cluster/status v28) v1 ==== 153+0+0 (secure 0 0 0) 0x7f3f2802b760 con 0x7f3f2c079e40
2022-09-10T04:19:18.011 INFO:teuthology.orchestra.run.smithi081.stdout:/usr/bin/ceph: stderr
2022-09-10T04:19:17.600+0000 7f3f3422f700 1 -- 172.21.15.81:0/3604428277 >> [v2:172.21.15.81:6800/532852594,v1:172.21.15.81:6801/532852594] conn(0x7f3f14035910 msgr2=0x7f3f14037dc0 secure :-1 s=STATE_CONNECTION_ESTABLISHED l=1).mark_down
2022-09-10T04:19:18.012 INFO:teuthology.orchestra.run.smithi081.stdout:/usr/bin/ceph: stderr
2022-09-10T04:19:17.600+0000 7f3f3422f700 1 --2- 172.21.15.81:0/3604428277 >> [v2:172.21.15.81:6800/532852594,v1:172.21.15.81:6801/532852594] conn(0x7f3f14035910 0x7f3f14037dc0 secure :-1 s=READY pgs=11 cs=0 l=1 rev1=1 crypto rx=0x7f3f1c009750 tx=0x7f3f1c006cc0 comp rx=0 tx=0).stop
2022-09-10T04:19:18.012 INFO:teuthology.orchestra.run.smithi081.stdout:/usr/bin/ceph: stderr
2022-09-10T04:19:17.600+0000 7f3f3422f700 1 -- 172.21.15.81:0/3604428277 >> [v2:172.21.15.81:3300/0,v1:172.21.15.81:6789/0] conn(0x7f3f2c079e40 msgr2=0x7f3f2c199100 secure :-1 s=STATE_CONNECTION_ESTABLISHED l=1).mark_down
