2022-09-26T19:37:40.478 INFO:teuthology.orchestra.run.smithi012.stdout:/usr/bin/ceph: stderr
2022-09-26T19:37:39.585+0000 7f4f59d74700 1 -- --> [v2:172.21.15.12:3300/0,v1:172.21.15.12:6789/0] -- mon_getmap magic: 0 v1 -- 0x7f4f54103890 con 0x7f4f54102f40
2022-09-26T19:37:40.478 INFO:teuthology.orchestra.run.smithi012.stdout:/usr/bin/ceph: stderr
2022-09-26T19:37:39.585+0000 7f4f537fe700 1 --2- >> [v2:172.21.15.12:3300/0,v1:172.21.15.12:6789/0] conn(0x7f4f54102f40 0x7f4f54103350 unknown :-1 s=BANNER_CONNECTING pgs=0 cs=0 l=0 rev1=0 crypto rx=0 tx=0 comp rx=0 tx=0)._handle_peer_banner_payload supported=3 required=0
2022-09-26T19:37:40.479 INFO:teuthology.orchestra.run.smithi012.stdout:/usr/bin/ceph: stderr
2022-09-26T19:37:39.585+0000 7f4f537fe700 1 --2- >> [v2:172.21.15.12:3300/0,v1:172.21.15.12:6789/0] conn(0x7f4f54102f40 0x7f4f54103350 unknown :-1 s=HELLO_CONNECTING pgs=0 cs=0 l=0 rev1=1 crypto rx=0 tx=0 comp rx=0 tx=0).handle_hello peer v2:172.21.15.12:3300/0 says I am v2:172.21.15.12:41842/0 (socket says 172.21.15.12:41842)
2022-09-26T19:37:40.479 INFO:teuthology.orchestra.run.smithi012.stdout:/usr/bin/ceph: stderr
2022-09-26T19:37:39.585+0000 7f4f537fe700 1 -- 172.21.15.12:0/2190721529 learned_addr learned my addr 172.21.15.12:0/2190721529 (peer_addr_for_me v2:172.21.15.12:0/0)
2022-09-26T19:37:40.480 INFO:teuthology.orchestra.run.smithi012.stdout:/usr/bin/ceph: stderr
2022-09-26T19:37:39.586+0000 7f4f537fe700 1 -- 172.21.15.12:0/2190721529 --> [v2:172.21.15.12:3300/0,v1:172.21.15.12:6789/0] -- mon_subscribe({config=0+,monmap=0+}) v3 -- 0x7f4f541039d0 con 0x7f4f54102f40
2022-09-26T19:37:40.480 INFO:teuthology.orchestra.run.smithi012.stdout:/usr/bin/ceph: stderr
2022-09-26T19:37:39.586+0000 7f4f537fe700 1 --2- 172.21.15.12:0/2190721529 >> [v2:172.21.15.12:3300/0,v1:172.21.15.12:6789/0] conn(0x7f4f54102f40 0x7f4f54103350 secure :-1 s=READY pgs=59 cs=0 l=1 rev1=1 crypto rx=0x7f4f440098a0 tx=0x7f4f44009bb0 comp rx=0 tx=0).ready entity=mon.0 client_cookie=bebd64be8d4fad0e server_cookie=0 in_seq=0 out_seq=0
2022-09-26T19:37:40.481 INFO:teuthology.orchestra.run.smithi012.stdout:/usr/bin/ceph: stderr
2022-09-26T19:37:39.586+0000 7f4f527fc700 1 -- 172.21.15.12:0/2190721529 <== mon.0 v2:172.21.15.12:3300/0 1 ==== mon_map magic: 0 v1 ==== 205+0+0 (secure 0 0 0) 0x7f4f44004160 con 0x7f4f54102f40
2022-09-26T19:37:40.481 INFO:teuthology.orchestra.run.smithi012.stdout:/usr/bin/ceph: stderr
2022-09-26T19:37:39.586+0000 7f4f527fc700 1 -- 172.21.15.12:0/2190721529 <== mon.0 v2:172.21.15.12:3300/0 2 ==== config(26 keys) v1 ==== 1080+0+0 (secure 0 0 0) 0x7f4f440042c0 con 0x7f4f54102f40
2022-09-26T19:37:40.481 INFO:teuthology.orchestra.run.smithi012.stdout:/usr/bin/ceph: stderr
2022-09-26T19:37:39.586+0000 7f4f527fc700 1 -- 172.21.15.12:0/2190721529 <== mon.0 v2:172.21.15.12:3300/0 3 ==== mon_map magic: 0 v1 ==== 205+0+0 (secure 0 0 0) 0x7f4f44011a00 con 0x7f4f54102f40
2022-09-26T19:37:40.482 INFO:teuthology.orchestra.run.smithi012.stdout:/usr/bin/ceph: stderr
2022-09-26T19:37:39.587+0000 7f4f59d74700 1 -- 172.21.15.12:0/2190721529 >> [v2:172.21.15.12:3300/0,v1:172.21.15.12:6789/0] conn(0x7f4f54102f40 msgr2=0x7f4f54103350 secure :-1 s=STATE_CONNECTION_ESTABLISHED l=1).mark_down
2022-09-26T19:37:40.482 INFO:teuthology.orchestra.run.smithi012.stdout:/usr/bin/ceph: stderr
2022-09-26T19:37:39.587+0000 7f4f59d74700 1 --2- 172.21.15.12:0/2190721529 >> [v2:172.21.15.12:3300/0,v1:172.21.15.12:6789/0] conn(0x7f4f54102f40 0x7f4f54103350 secure :-1 s=READY pgs=59 cs=0 l=1 rev1=1 crypto rx=0x7f4f440098a0 tx=0x7f4f44009bb0 comp rx=0 tx=0).stop
2022-09-26T19:37:40.483 INFO:teuthology.orchestra.run.smithi012.stdout:/usr/bin/ceph: stderr
2022-09-26T19:37:39.587+0000 7f4f59d74700 1 -- 172.21.15.12:0/2190721529 shutdown_connections
2022-09-26T19:37:40.483 INFO:teuthology.orchestra.run.smithi012.stdout:/usr/bin/ceph: stderr
2022-09-26T19:37:39.587+0000 7f4f59d74700 1 --2- 172.21.15.12:0/2190721529 >> [v2:172.21.15.12:3300/0,v1:172.21.15.12:6789/0] conn(0x7f4f54102f40 0x7f4f54103350 unknown :-1 s=CLOSED pgs=59 cs=0 l=1 rev1=1 crypto rx=0 tx=0 comp rx=0 tx=0).stop
2022-09-26T19:37:40.484 INFO:teuthology.orchestra.run.smithi012.stdout:/usr/bin/ceph: stderr
2022-09-26T19:37:39.587+0000 7f4f59d74700 1 -- 172.21.15.12:0/2190721529 >> 172.21.15.12:0/2190721529 conn(0x7f4f540fe580 msgr2=0x7f4f54100990 unknown :-1 s=STATE_NONE l=0).mark_down
2022-09-26T19:37:40.484 INFO:teuthology.orchestra.run.smithi012.stdout:/usr/bin/ceph: stderr
2022-09-26T19:37:39.587+0000 7f4f59d74700 1 -- 172.21.15.12:0/2190721529 shutdown_connections
2022-09-26T19:37:40.484 INFO:teuthology.orchestra.run.smithi012.stdout:/usr/bin/ceph: stderr
2022-09-26T19:37:39.587+0000 7f4f59d74700 1 -- 172.21.15.12:0/2190721529 wait complete.
2022-09-26T19:37:40.485 INFO:teuthology.orchestra.run.smithi012.stdout:/usr/bin/ceph: stderr
2022-09-26T19:37:39.588+0000 7f4f59d74700 1 Processor -- start
2022-09-26T19:37:40.485 INFO:teuthology.orchestra.run.smithi012.stdout:/usr/bin/ceph: stderr
2022-09-26T19:37:39.588+0000 7f4f59d74700 1 -- start start
2022-09-26T19:37:40.485 INFO:teuthology.orchestra.run.smithi012.stdout:/usr/bin/ceph: stderr
2022-09-26T19:37:39.588+0000 7f4f59d74700 1 --2- >> [v2:172.21.15.12:3300/0,v1:172.21.15.12:6789/0] conn(0x7f4f54102f40 0x7f4f54077b30 unknown :-1 s=NONE pgs=0 cs=0 l=1 rev1=0 crypto rx=0 tx=0 comp rx=0 tx=0).connect
2022-09-26T19:37:40.485 INFO:teuthology.orchestra.run.smithi012.stdout:/usr/bin/ceph: stderr
2022-09-26T19:37:39.588+0000 7f4f59d74700 1 -- --> [v2:172.21.15.12:3300/0,v1:172.21.15.12:6789/0] -- mon_getmap magic: 0 v1 -- 0x7f4f5419a900 con 0x7f4f54102f40
2022-09-26T19:37:40.486 INFO:teuthology.orchestra.run.smithi012.stdout:/usr/bin/ceph: stderr
2022-09-26T19:37:39.588+0000 7f4f537fe700 1 --2- >> [v2:172.21.15.12:3300/0,v1:172.21.15.12:6789/0] conn(0x7f4f54102f40 0x7f4f54077b30 unknown :-1 s=BANNER_CONNECTING pgs=0 cs=0 l=1 rev1=0 crypto rx=0 tx=0 comp rx=0 tx=0)._handle_peer_banner_payload supported=3 required=0
2022-09-26T19:37:40.486 INFO:teuthology.orchestra.run.smithi012.stdout:/usr/bin/ceph: stderr
2022-09-26T19:37:39.588+0000 7f4f537fe700 1 --2- >> [v2:172.21.15.12:3300/0,v1:172.21.15.12:6789/0] conn(0x7f4f54102f40 0x7f4f54077b30 unknown :-1 s=HELLO_CONNECTING pgs=0 cs=0 l=1 rev1=1 crypto rx=0 tx=0 comp rx=0 tx=0).handle_hello peer v2:172.21.15.12:3300/0 says I am v2:172.21.15.12:41844/0 (socket says 172.21.15.12:41844)
2022-09-26T19:37:40.486 INFO:teuthology.orchestra.run.smithi012.stdout:/usr/bin/ceph: stderr
2022-09-26T19:37:39.588+0000 7f4f537fe700 1 -- 172.21.15.12:0/533499770 learned_addr learned my addr 172.21.15.12:0/533499770 (peer_addr_for_me v2:172.21.15.12:0/0)
2022-09-26T19:37:40.486 INFO:teuthology.orchestra.run.smithi012.stdout:/usr/bin/ceph: stderr
2022-09-26T19:37:39.589+0000 7f4f537fe700 1 -- 172.21.15.12:0/533499770 --> [v2:172.21.15.12:3300/0,v1:172.21.15.12:6789/0] -- mon_subscribe({config=0+,monmap=0+}) v3 -- 0x7f4f44009550 con 0x7f4f54102f40
2022-09-26T19:37:40.487 INFO:teuthology.orchestra.run.smithi012.stdout:/usr/bin/ceph: stderr
2022-09-26T19:37:39.589+0000 7f4f537fe700 1 --2- 172.21.15.12:0/533499770 >> [v2:172.21.15.12:3300/0,v1:172.21.15.12:6789/0] conn(0x7f4f54102f40 0x7f4f54077b30 secure :-1 s=READY pgs=60 cs=0 l=1 rev1=1 crypto rx=0x7f4f44006af0 tx=0x7f4f44011ad0 comp rx=0 tx=0).ready entity=mon.0 client_cookie=0 server_cookie=0 in_seq=0 out_seq=0
2022-09-26T19:37:40.487 INFO:teuthology.orchestra.run.smithi012.stdout:/usr/bin/ceph: stderr
2022-09-26T19:37:39.589+0000 7f4f50ff9700 1 -- 172.21.15.12:0/533499770 <== mon.0 v2:172.21.15.12:3300/0 1 ==== mon_map magic: 0 v1 ==== 205+0+0 (secure 0 0 0) 0x7f4f44003a40 con 0x7f4f54102f40
2022-09-26T19:37:40.487 INFO:teuthology.orchestra.run.smithi012.stdout:/usr/bin/ceph: stderr
2022-09-26T19:37:39.589+0000 7f4f50ff9700 1 -- 172.21.15.12:0/533499770 <== mon.0 v2:172.21.15.12:3300/0 2 ==== config(26 keys) v1 ==== 1080+0+0 (secure 0 0 0) 0x7f4f44003ba0 con 0x7f4f54102f40
2022-09-26T19:37:40.487 INFO:teuthology.orchestra.run.smithi012.stdout:/usr/bin/ceph: stderr
2022-09-26T19:37:39.589+0000 7f4f59d74700 1 -- 172.21.15.12:0/533499770 --> [v2:172.21.15.12:3300/0,v1:172.21.15.12:6789/0] -- mon_subscribe({mgrmap=0+}) v3 -- 0x7f4f5419aa40 con 0x7f4f54102f40
2022-09-26T19:37:40.488 INFO:teuthology.orchestra.run.smithi012.stdout:/usr/bin/ceph: stderr
2022-09-26T19:37:39.589+0000 7f4f50ff9700 1 -- 172.21.15.12:0/533499770 <== mon.0 v2:172.21.15.12:3300/0 3 ==== mon_map magic: 0 v1 ==== 205+0+0 (secure 0 0 0) 0x7f4f4401a6e0 con 0x7f4f54102f40
2022-09-26T19:37:40.488 INFO:teuthology.orchestra.run.smithi012.stdout:/usr/bin/ceph: stderr
2022-09-26T19:37:39.589+0000 7f4f59d74700 1 -- 172.21.15.12:0/533499770 --> [v2:172.21.15.12:3300/0,v1:172.21.15.12:6789/0] -- mon_subscribe({osdmap=0}) v3 -- 0x7f4f5419ae10 con 0x7f4f54102f40
2022-09-26T19:37:40.488 INFO:teuthology.orchestra.run.smithi012.stdout:/usr/bin/ceph: stderr
2022-09-26T19:37:39.590+0000 7f4f50ff9700 1 -- 172.21.15.12:0/533499770 <== mon.0 v2:172.21.15.12:3300/0 4 ==== mgrmap(e 9) v1 ==== 43075+0+0 (secure 0 0 0) 0x7f4f44017020 con 0x7f4f54102f40
2022-09-26T19:37:40.488 INFO:teuthology.orchestra.run.smithi012.stdout:/usr/bin/ceph: stderr
2022-09-26T19:37:39.590+0000 7f4f59d74700 1 -- 172.21.15.12:0/533499770 --> [v2:172.21.15.12:3300/0,v1:172.21.15.12:6789/0] -- mon_command({"prefix": "get_command_descriptions"} v 0) v1 -- 0x7f4f54104dd0 con 0x7f4f54102f40
2022-09-26T19:37:40.488 INFO:teuthology.orchestra.run.smithi012.stdout:/usr/bin/ceph: stderr
2022-09-26T19:37:39.591+0000 7f4f50ff9700 1 --2- 172.21.15.12:0/533499770 >> [v2:172.21.15.12:6800/202882489,v1:172.21.15.12:6801/202882489] conn(0x7f4f40035fe0 0x7f4f40038490 unknown :-1 s=NONE pgs=0 cs=0 l=1 rev1=0 crypto rx=0 tx=0 comp rx=0 tx=0).connect
2022-09-26T19:37:40.489 INFO:teuthology.orchestra.run.smithi012.stdout:/usr/bin/ceph: stderr
2022-09-26T19:37:39.591+0000 7f4f50ff9700 1 -- 172.21.15.12:0/533499770 <== mon.0 v2:172.21.15.12:3300/0 5 ==== osd_map(2..2 src has 1..2) v4 ==== 936+0+0 (secure 0 0 0) 0x7f4f44049490 con 0x7f4f54102f40
2022-09-26T19:37:40.489 INFO:teuthology.orchestra.run.smithi012.stdout:/usr/bin/ceph: stderr
2022-09-26T19:37:39.591+0000 7f4f52ffd700 1 -- 172.21.15.12:0/533499770 >> [v2:172.21.15.12:6800/202882489,v1:172.21.15.12:6801/202882489] conn(0x7f4f40035fe0 msgr2=0x7f4f40038490 unknown :-1 s=STATE_CONNECTING_RE l=1).process reconnect failed to v2:172.21.15.12:6800/202882489
2022-09-26T19:37:40.489 INFO:teuthology.orchestra.run.smithi012.stdout:/usr/bin/ceph: stderr
2022-09-26T19:37:39.591+0000 7f4f52ffd700 1 --2- 172.21.15.12:0/533499770 >> [v2:172.21.15.12:6800/202882489,v1:172.21.15.12:6801/202882489] conn(0x7f4f40035fe0 0x7f4f40038490 unknown :-1 s=START_CONNECT pgs=0 cs=0 l=1 rev1=0 crypto rx=0 tx=0 comp rx=0 tx=0)._fault waiting 0.200000
2022-09-26T19:37:40.489 INFO:teuthology.orchestra.run.smithi012.stdout:/usr/bin/ceph: stderr
2022-09-26T19:37:39.595+0000 7f4f50ff9700 1 -- 172.21.15.12:0/533499770 <== mon.0 v2:172.21.15.12:3300/0 6 ==== mon_command_ack([{"prefix": "get_command_descriptions"}]=0 v0) v1 ==== 72+0+171687 (secure 0 0 0) 0x7f4f44018db0 con 0x7f4f54102f40
2022-09-26T19:37:40.490 INFO:teuthology.orchestra.run.smithi012.stdout:/usr/bin/ceph: stderr
2022-09-26T19:37:39.792+0000 7f4f52ffd700 1 -- 172.21.15.12:0/533499770 >> [v2:172.21.15.12:6800/202882489,v1:172.21.15.12:6801/202882489] conn(0x7f4f40035fe0 msgr2=0x7f4f40038490 unknown :-1 s=STATE_CONNECTING_RE l=1).process reconnect failed to v2:172.21.15.12:6800/202882489
2022-09-26T19:37:40.490 INFO:teuthology.orchestra.run.smithi012.stdout:/usr/bin/ceph: stderr
2022-09-26T19:37:39.792+0000 7f4f52ffd700 1 --2- 172.21.15.12:0/533499770 >> [v2:172.21.15.12:6800/202882489,v1:172.21.15.12:6801/202882489] conn(0x7f4f40035fe0 0x7f4f40038490 unknown :-1 s=START_CONNECT pgs=0 cs=0 l=1 rev1=0 crypto rx=0 tx=0 comp rx=0 tx=0)._fault waiting 0.400000
2022-09-26T19:37:40.490 INFO:teuthology.orchestra.run.smithi012.stdout:/usr/bin/ceph: stderr
2022-09-26T19:37:40.045+0000 7f4f59d74700 1 -- 172.21.15.12:0/533499770 --> [v2:172.21.15.12:3300/0,v1:172.21.15.12:6789/0] -- mon_command({"prefix": "mgr stat"} v 0) v1 -- 0x7f4f5419ba00 con 0x7f4f54102f40
2022-09-26T19:37:40.490 INFO:teuthology.orchestra.run.smithi012.stdout:/usr/bin/ceph: stderr
2022-09-26T19:37:40.045+0000 7f4f50ff9700 1 -- 172.21.15.12:0/533499770 <== mon.0 v2:172.21.15.12:3300/0 7 ==== mon_command_ack([{"prefix": "mgr stat"}]=0 v9) v1 ==== 56+0+88 (secure 0 0 0) 0x7f4f44018350 con 0x7f4f54102f40
2022-09-26T19:37:40.490 INFO:teuthology.orchestra.run.smithi012.stdout:/usr/bin/ceph: stderr
2022-09-26T19:37:40.049+0000 7f4f59d74700 1 -- 172.21.15.12:0/533499770 >> [v2:172.21.15.12:6800/202882489,v1:172.21.15.12:6801/202882489] conn(0x7f4f40035fe0 msgr2=0x7f4f40038490 unknown :-1 s=STATE_CONNECTING l=1).mark_down
2022-09-26T19:37:40.491 INFO:teuthology.orchestra.run.smithi012.stdout:/usr/bin/ceph: stderr
2022-09-26T19:37:40.049+0000 7f4f59d74700 1 --2- 172.21.15.12:0/533499770 >> [v2:172.21.15.12:6800/202882489,v1:172.21.15.12:6801/202882489] conn(0x7f4f40035fe0 0x7f4f40038490 unknown :-1 s=START_CONNECT pgs=0 cs=0 l=1 rev1=0 crypto rx=0 tx=0 comp rx=0 tx=0).stop
2022-09-26T19:37:40.491 INFO:teuthology.orchestra.run.smithi012.stdout:/usr/bin/ceph: stderr
2022-09-26T19:37:40.049+0000 7f4f59d74700 1 -- 172.21.15.12:0/533499770 >> [v2:172.21.15.12:3300/0,v1:172.21.15.12:6789/0] conn(0x7f4f54102f40 msgr2=0x7f4f54077b30 secure :-1 s=STATE_CONNECTION_ESTABLISHED l=1).mark_down
2022-09-26T19:37:40.491 INFO:teuthology.orchestra.run.smithi012.stdout:/usr/bin/ceph: stderr
2022-09-26T19:37:40.049+0000 7f4f59d74700 1 --2- 172.21.15.12:0/533499770 >> [v2:172.21.15.12:3300/0,v1:172.21.15.12:6789/0] conn(0x7f4f54102f40 0x7f4f54077b30 secure :-1 s=READY pgs=60 cs=0 l=1 rev1=1 crypto rx=0x7f4f44006af0 tx=0x7f4f44011ad0 comp rx=0 tx=0).stop
2022-09-26T19:37:40.491 INFO:teuthology.orchestra.run.smithi012.stdout:/usr/bin/ceph: stderr
2022-09-26T19:37:40.049+0000 7f4f59d74700 1 -- 172.21.15.12:0/533499770 shutdown_connections
2022-09-26T19:37:40.492 INFO:teuthology.orchestra.run.smithi012.stdout:/usr/bin/ceph: stderr
2022-09-26T19:37:40.049+0000 7f4f59d74700 1 --2- 172.21.15.12:0/533499770 >> [v2:172.21.15.12:6800/202882489,v1:172.21.15.12:6801/202882489] conn(0x7f4f40035fe0 0x7f4f40038490 unknown :-1 s=CLOSED pgs=0 cs=0 l=1 rev1=0 crypto rx=0 tx=0 comp rx=0 tx=0).stop
2022-09-26T19:37:40.492 INFO:teuthology.orchestra.run.smithi012.stdout:/usr/bin/ceph: stderr
2022-09-26T19:37:40.049+0000 7f4f59d74700 1 --2- 172.21.15.12:0/533499770 >> [v2:172.21.15.12:3300/0,v1:172.21.15.12:6789/0] conn(0x7f4f54102f40 0x7f4f54077b30 unknown :-1 s=CLOSED pgs=60 cs=0 l=1 rev1=1 crypto rx=0 tx=0 comp rx=0 tx=0).stop
2022-09-26T19:37:40.492 INFO:teuthology.orchestra.run.smithi012.stdout:/usr/bin/ceph: stderr
2022-09-26T19:37:40.049+0000 7f4f59d74700 1 -- 172.21.15.12:0/533499770 >> 172.21.15.12:0/533499770 conn(0x7f4f540fe580 msgr2=0x7f4f540ff350 unknown :-1 s=STATE_NONE l=0).mark_down
2022-09-26T19:37:40.492 INFO:teuthology.orchestra.run.smithi012.stdout:/usr/bin/ceph: stderr
2022-09-26T19:37:40.049+0000 7f4f59d74700 1 -- 172.21.15.12:0/533499770 shutdown_connections
2022-09-26T19:37:40.492 INFO:teuthology.orchestra.run.smithi012.stdout:/usr/bin/ceph: stderr
2022-09-26T19:37:40.049+0000 7f4f59d74700 1 -- 172.21.15.12:0/533499770 wait complete.
2022-09-26T19:37:40.493 INFO:teuthology.orchestra.run.smithi012.stdout:Waiting for the mgr to restart...
2022-09-26T19:37:40.493 INFO:teuthology.orchestra.run.smithi012.stdout:Waiting for mgr epoch 9...
2022-09-26T19:37:40.656 INFO:journalctl@ceph.mgr.x.smithi012.stdout:Sep 26 19:37:40 smithi012 ceph-3467644c-3dd2-11ed-8431-001a4aab830c-mgr-x[96601]:
2022-09-26T19:37:40.345+0000 7f4fe5095200 -1 mgr[py] Module progress has missing NOTIFY_TYPES member
2022-09-26T19:37:41.471 INFO:journalctl@ceph.mgr.x.smithi012.stdout:Sep 26 19:37:41 smithi012 ceph-3467644c-3dd2-11ed-8431-001a4aab830c-mgr-x[96601]:
2022-09-26T19:37:41.035+0000 7f4fe5095200 -1 mgr[py] Module rook has missing NOTIFY_TYPES member
2022-09-26T19:37:41.471 INFO:journalctl@ceph.mgr.x.smithi012.stdout:Sep 26 19:37:41 smithi012 ceph-3467644c-3dd2-11ed-8431-001a4aab830c-mgr-x[96601]:
2022-09-26T19:37:41.227+0000 7f4fe5095200 -1 mgr[py] Module iostat has missing NOTIFY_TYPES member
2022-09-26T19:37:42.471 INFO:journalctl@ceph.mgr.x.smithi012.stdout:Sep 26 19:37:42 smithi012 ceph-3467644c-3dd2-11ed-8431-001a4aab830c-mgr-x[96601]:
2022-09-26T19:37:42.171+0000 7f4fe5095200 -1 mgr[py] Module test_orchestrator has missing NOTIFY_TYPES member
2022-09-26T19:37:42.471 INFO:journalctl@ceph.mgr.x.smithi012.stdout:Sep 26 19:37:42 smithi012 ceph-3467644c-3dd2-11ed-8431-001a4aab830c-mgr-x[96601]:
2022-09-26T19:37:42.279+0000 7f4fe5095200 -1 mgr[py] Module osd_perf_query has missing NOTIFY_TYPES member
2022-09-26T19:37:42.897 INFO:journalctl@ceph.mgr.x.smithi012.stdout:Sep 26 19:37:42 smithi012 ceph-3467644c-3dd2-11ed-8431-001a4aab830c-mgr-x[96601]:
2022-09-26T19:37:42.493+0000 7f4fe5095200 -1 mgr[py] Module orchestrator has missing NOTIFY_TYPES member
2022-09-26T19:37:42.897 INFO:journalctl@ceph.mgr.x.smithi012.stdout:Sep 26 19:37:42 smithi012 ceph-3467644c-3dd2-11ed-8431-001a4aab830c-mgr-x[96601]:
2022-09-26T19:37:42.715+0000 7f4fe5095200 -1 mgr[py] Module influx has missing NOTIFY_TYPES member
2022-09-26T19:37:43.221 INFO:journalctl@ceph.mgr.x.smithi012.stdout:Sep 26 19:37:42 smithi012 ceph-3467644c-3dd2-11ed-8431-001a4aab830c-mgr-x[96601]:
2022-09-26T19:37:42.894+0000 7f4fe5095200 -1 mgr[py] Module telemetry has missing NOTIFY_TYPES member
2022-09-26T19:37:43.721 INFO:journalctl@ceph.mgr.x.smithi012.stdout:Sep 26 19:37:43 smithi012 ceph-3467644c-3dd2-11ed-8431-001a4aab830c-mgr-x[96601]:
2022-09-26T19:37:43.360+0000 7f4fe5095200 -1 mgr[py] Module telegraf has missing NOTIFY_TYPES member
2022-09-26T19:37:44.335 INFO:journalctl@ceph.mgr.x.smithi012.stdout:Sep 26 19:37:43 smithi012 ceph-3467644c-3dd2-11ed-8431-001a4aab830c-mgr-x[96601]:
2022-09-26T19:37:43.991+0000 7f4fe5095200 -1 mgr[py] Module balancer has missing NOTIFY_TYPES member
2022-09-26T19:37:44.705 INFO:journalctl@ceph.mgr.x.smithi012.stdout:Sep 26 19:37:44 smithi012 ceph-3467644c-3dd2-11ed-8431-001a4aab830c-mgr-x[96601]:
2022-09-26T19:37:44.332+0000 7f4fe5095200 -1 mgr[py] Module diskprediction_local has missing NOTIFY_TYPES member
2022-09-26T19:37:44.706 INFO:journalctl@ceph.mgr.x.smithi012.stdout:Sep 26 19:37:44 smithi012 ceph-3467644c-3dd2-11ed-8431-001a4aab830c-mgr-x[96601]:
2022-09-26T19:37:44.568+0000 7f4fe5095200 -1 mgr[py] Module nfs has missing NOTIFY_TYPES member
2022-09-26T19:37:45.221 INFO:journalctl@ceph.mgr.x.smithi012.stdout:Sep 26 19:37:44 smithi012 ceph-3467644c-3dd2-11ed-8431-001a4aab830c-mgr-x[96601]:
2022-09-26T19:37:44.703+0000 7f4fe5095200 -1 mgr[py] Module rbd_support has missing NOTIFY_TYPES member
2022-09-26T19:37:45.221 INFO:journalctl@ceph.mgr.x.smithi012.stdout:Sep 26 19:37:44 smithi012 ceph-3467644c-3dd2-11ed-8431-001a4aab830c-mgr-x[96601]:
2022-09-26T19:37:44.967+0000 7f4fe5095200 -1 mgr[py] Module volumes has missing NOTIFY_TYPES member
2022-09-26T19:37:46.177 INFO:journalctl@ceph.mgr.x.smithi012.stdout:Sep 26 19:37:45 smithi012 ceph-3467644c-3dd2-11ed-8431-001a4aab830c-mgr-x[96601]:
2022-09-26T19:37:45.762+0000 7f4fe5095200 -1 mgr[py] Module pg_autoscaler has missing NOTIFY_TYPES member
2022-09-26T19:37:46.178 INFO:journalctl@ceph.mon.a.smithi012.stdout:Sep 26 19:37:45 smithi012 ceph-mon[96355]: Active manager daemon x restarted
2022-09-26T19:37:46.179 INFO:journalctl@ceph.mon.a.smithi012.stdout:Sep 26 19:37:45 smithi012 ceph-mon[96355]: Activating manager daemon x
2022-09-26T19:37:46.179 INFO:journalctl@ceph.mon.a.smithi012.stdout:Sep 26 19:37:45 smithi012 ceph-mon[96355]: osdmap e3: 0 total, 0 up, 0 in
2022-09-26T19:37:47.221 INFO:journalctl@ceph.mon.a.smithi012.stdout:Sep 26 19:37:46 smithi012 ceph-mon[96355]: mgrmap e10: x(active, starting, since 0.0529006s)
2022-09-26T19:37:47.222 INFO:journalctl@ceph.mon.a.smithi012.stdout:Sep 26 19:37:46 smithi012 ceph-mon[96355]: from='mgr.14152 172.21.15.12:0/231275551' entity='mgr.x' cmd=[{"prefix": "mon metadata", "id": "a"}]: dispatch
2022-09-26T19:37:47.222 INFO:journalctl@ceph.mon.a.smithi012.stdout:Sep 26 19:37:46 smithi012 ceph-mon[96355]: from='mgr.14152 172.21.15.12:0/231275551' entity='mgr.x' cmd=[{"prefix": "mgr metadata", "who": "x", "id": "x"}]: dispatch
2022-09-26T19:37:47.222 INFO:journalctl@ceph.mon.a.smithi012.stdout:Sep 26 19:37:46 smithi012 ceph-mon[96355]: from='mgr.14152 172.21.15.12:0/231275551' entity='mgr.x' cmd=[{"prefix": "mds metadata"}]: dispatch
2022-09-26T19:37:47.222 INFO:journalctl@ceph.mon.a.smithi012.stdout:Sep 26 19:37:46 smithi012 ceph-mon[96355]: from='mgr.14152 172.21.15.12:0/231275551' entity='mgr.x' cmd=[{"prefix": "osd metadata"}]: dispatch
2022-09-26T19:37:47.223 INFO:journalctl@ceph.mon.a.smithi012.stdout:Sep 26 19:37:46 smithi012 ceph-mon[96355]: from='mgr.14152 172.21.15.12:0/231275551' entity='mgr.x' cmd=[{"prefix": "mon metadata"}]: dispatch
2022-09-26T19:37:47.223 INFO:journalctl@ceph.mon.a.smithi012.stdout:Sep 26 19:37:46 smithi012 ceph-mon[96355]: Manager daemon x is now available
2022-09-26T19:37:47.223 INFO:journalctl@ceph.mon.a.smithi012.stdout:Sep 26 19:37:46 smithi012 ceph-mon[96355]: from='mgr.14152 172.21.15.12:0/231275551' entity='mgr.x' cmd=[{"prefix": "config dump", "format": "json"}]: dispatch
2022-09-26T19:37:47.223 INFO:journalctl@ceph.mon.a.smithi012.stdout:Sep 26 19:37:46 smithi012 ceph-mon[96355]: from='mgr.14152 172.21.15.12:0/231275551' entity='mgr.x' cmd=[{"prefix": "config dump", "format": "json"}]: dispatch
2022-09-26T19:37:47.224 INFO:journalctl@ceph.mon.a.smithi012.stdout:Sep 26 19:37:46 smithi012 ceph-mon[96355]: from='mgr.14152 172.21.15.12:0/231275551' entity='mgr.x' cmd=[{"prefix":"config rm","who":"mgr","name":"mgr/rbd_support/x/mirror_snapshot_schedule"}]: dispatch
2022-09-26T19:37:47.224 INFO:journalctl@ceph.mon.a.smithi012.stdout:Sep 26 19:37:46 smithi012 ceph-mon[96355]: from='mgr.14152 172.21.15.12:0/231275551' entity='mgr.x' cmd=[{"prefix":"config rm","who":"mgr","name":"mgr/rbd_support/x/trash_purge_schedule"}]: dispatch
2022-09-26T19:37:47.234 INFO:teuthology.orchestra.run.smithi012.stdout:/usr/bin/ceph: stdout {
2022-09-26T19:37:47.234 INFO:teuthology.orchestra.run.smithi012.stdout:/usr/bin/ceph: stdout "mgrmap_epoch": 11,
2022-09-26T19:37:47.234 INFO:teuthology.orchestra.run.smithi012.stdout:/usr/bin/ceph: stdout "initialized": true
2022-09-26T19:37:47.235 INFO:teuthology.orchestra.run.smithi012.stdout:/usr/bin/ceph: stdout }
2022-09-26T19:37:47.235 INFO:teuthology.orchestra.run.smithi012.stdout:/usr/bin/ceph: stderr
2022-09-26T19:37:40.982+0000 7fa0f2a40700 1 Processor -- start
2022-09-26T19:37:47.235 INFO:teuthology.orchestra.run.smithi012.stdout:/usr/bin/ceph: stderr
2022-09-26T19:37:40.982+0000 7fa0f2a40700 1 -- start start
2022-09-26T19:37:47.235 INFO:teuthology.orchestra.run.smithi012.stdout:/usr/bin/ceph: stderr
2022-09-26T19:37:40.982+0000 7fa0f2a40700 1 --2- >> [v2:172.21.15.12:3300/0,v1:172.21.15.12:6789/0] conn(0x7fa0ec104b40 0x7fa0ec106f20 unknown :-1 s=NONE pgs=0 cs=0 l=0 rev1=0 crypto rx=0 tx=0 comp rx=0 tx=0).connect
2022-09-26T19:37:47.236 INFO:teuthology.orchestra.run.smithi012.stdout:/usr/bin/ceph: stderr
2022-09-26T19:37:40.982+0000 7fa0f2a40700 1 -- --> [v2:172.21.15.12:3300/0,v1:172.21.15.12:6789/0] -- mon_getmap magic: 0 v1 -- 0x7fa0ec077d80 con 0x7fa0ec104b40
2022-09-26T19:37:47.236 INFO:teuthology.orchestra.run.smithi012.stdout:/usr/bin/ceph: stderr
2022-09-26T19:37:40.982+0000 7fa0ebfff700 1 --2- >> [v2:172.21.15.12:3300/0,v1:172.21.15.12:6789/0] conn(0x7fa0ec104b40 0x7fa0ec106f20 unknown :-1 s=BANNER_CONNECTING pgs=0 cs=0 l=0 rev1=0 crypto rx=0 tx=0 comp rx=0 tx=0)._handle_peer_banner_payload supported=3 required=0
2022-09-26T19:37:47.236 INFO:teuthology.orchestra.run.smithi012.stdout:/usr/bin/ceph: stderr
2022-09-26T19:37:40.982+0000 7fa0ebfff700 1 --2- >> [v2:172.21.15.12:3300/0,v1:172.21.15.12:6789/0] conn(0x7fa0ec104b40 0x7fa0ec106f20 unknown :-1 s=HELLO_CONNECTING pgs=0 cs=0 l=0 rev1=1 crypto rx=0 tx=0 comp rx=0 tx=0).handle_hello peer v2:172.21.15.12:3300/0 says I am v2:172.21.15.12:41852/0 (socket says 172.21.15.12:41852)
2022-09-26T19:37:47.236 INFO:teuthology.orchestra.run.smithi012.stdout:/usr/bin/ceph: stderr
2022-09-26T19:37:40.982+0000 7fa0ebfff700 1 -- 172.21.15.12:0/3185877534 learned_addr learned my addr 172.21.15.12:0/3185877534 (peer_addr_for_me v2:172.21.15.12:0/0)
2022-09-26T19:37:47.236 INFO:teuthology.orchestra.run.smithi012.stdout:/usr/bin/ceph: stderr
2022-09-26T19:37:40.983+0000 7fa0ebfff700 1 -- 172.21.15.12:0/3185877534 --> [v2:172.21.15.12:3300/0,v1:172.21.15.12:6789/0] -- mon_subscribe({config=0+,monmap=0+}) v3 -- 0x7fa0ec077ec0 con 0x7fa0ec104b40
2022-09-26T19:37:47.237 INFO:teuthology.orchestra.run.smithi012.stdout:/usr/bin/ceph: stderr
2022-09-26T19:37:40.983+0000 7fa0ebfff700 1 --2- 172.21.15.12:0/3185877534 >> [v2:172.21.15.12:3300/0,v1:172.21.15.12:6789/0] conn(0x7fa0ec104b40 0x7fa0ec106f20 secure :-1 s=READY pgs=61 cs=0 l=1 rev1=1 crypto rx=0x7fa0dc0098a0 tx=0x7fa0dc009bb0 comp rx=0 tx=0).ready entity=mon.0 client_cookie=fd6b30cf1afbaa8 server_cookie=0 in_seq=0 out_seq=0
2022-09-26T19:37:47.237 INFO:teuthology.orchestra.run.smithi012.stdout:/usr/bin/ceph: stderr
2022-09-26T19:37:40.983+0000 7fa0eaffd700 1 -- 172.21.15.12:0/3185877534 <== mon.0 v2:172.21.15.12:3300/0 1 ==== mon_map magic: 0 v1 ==== 205+0+0 (secure 0 0 0) 0x7fa0dc004160 con 0x7fa0ec104b40
2022-09-26T19:37:47.237 INFO:teuthology.orchestra.run.smithi012.stdout:/usr/bin/ceph: stderr
2022-09-26T19:37:40.983+0000 7fa0eaffd700 1 -- 172.21.15.12:0/3185877534 <== mon.0 v2:172.21.15.12:3300/0 2 ==== config(26 keys) v1 ==== 1080+0+0 (secure 0 0 0) 0x7fa0dc0042c0 con 0x7fa0ec104b40
2022-09-26T19:37:47.237 INFO:teuthology.orchestra.run.smithi012.stdout:/usr/bin/ceph: stderr
2022-09-26T19:37:40.983+0000 7fa0eaffd700 1 -- 172.21.15.12:0/3185877534 <== mon.0 v2:172.21.15.12:3300/0 3 ==== mon_map magic: 0 v1 ==== 205+0+0 (secure 0 0 0) 0x7fa0dc011a00 con 0x7fa0ec104b40
2022-09-26T19:37:47.238 INFO:teuthology.orchestra.run.smithi012.stdout:/usr/bin/ceph: stderr
2022-09-26T19:37:40.984+0000 7fa0f2a40700 1 -- 172.21.15.12:0/3185877534 >> [v2:172.21.15.12:3300/0,v1:172.21.15.12:6789/0] conn(0x7fa0ec104b40 msgr2=0x7fa0ec106f20 secure :-1 s=STATE_CONNECTION_ESTABLISHED l=1).mark_down
2022-09-26T19:37:47.238 INFO:teuthology.orchestra.run.smithi012.stdout:/usr/bin/ceph: stderr
2022-09-26T19:37:40.984+0000 7fa0f2a40700 1 --2- 172.21.15.12:0/3185877534 >> [v2:172.21.15.12:3300/0,v1:172.21.15.12:6789/0] conn(0x7fa0ec104b40 0x7fa0ec106f20 secure :-1 s=READY pgs=61 cs=0 l=1 rev1=1 crypto rx=0x7fa0dc0098a0 tx=0x7fa0dc009bb0 comp rx=0 tx=0).stop
2022-09-26T19:37:47.238 INFO:teuthology.orchestra.run.smithi012.stdout:/usr/bin/ceph: stderr
2022-09-26T19:37:40.984+0000 7fa0f2a40700 1 -- 172.21.15.12:0/3185877534 shutdown_connections
2022-09-26T19:37:47.238 INFO:teuthology.orchestra.run.smithi012.stdout:/usr/bin/ceph: stderr
2022-09-26T19:37:40.984+0000 7fa0f2a40700 1 --2- 172.21.15.12:0/3185877534 >> [v2:172.21.15.12:3300/0,v1:172.21.15.12:6789/0] conn(0x7fa0ec104b40 0x7fa0ec106f20 unknown :-1 s=CLOSED pgs=61 cs=0 l=1 rev1=1 crypto rx=0 tx=0 comp rx=0 tx=0).stop
2022-09-26T19:37:47.238 INFO:teuthology.orchestra.run.smithi012.stdout:/usr/bin/ceph: stderr
2022-09-26T19:37:40.984+0000 7fa0f2a40700 1 -- 172.21.15.12:0/3185877534 >> 172.21.15.12:0/3185877534 conn(0x7fa0ec0fe580 msgr2=0x7fa0ec100990 unknown :-1 s=STATE_NONE l=0).mark_down
2022-09-26T19:37:47.239 INFO:teuthology.orchestra.run.smithi012.stdout:/usr/bin/ceph: stderr
2022-09-26T19:37:40.984+0000 7fa0f2a40700 1 -- 172.21.15.12:0/3185877534 shutdown_connections
2022-09-26T19:37:47.239 INFO:teuthology.orchestra.run.smithi012.stdout:/usr/bin/ceph: stderr
2022-09-26T19:37:40.984+0000 7fa0f2a40700 1 -- 172.21.15.12:0/3185877534 wait complete.
2022-09-26T19:37:47.239 INFO:teuthology.orchestra.run.smithi012.stdout:/usr/bin/ceph: stderr
2022-09-26T19:37:40.984+0000 7fa0f2a40700 1 Processor -- start
2022-09-26T19:37:47.239 INFO:teuthology.orchestra.run.smithi012.stdout:/usr/bin/ceph: stderr
2022-09-26T19:37:40.984+0000 7fa0f2a40700 1 -- start start
2022-09-26T19:37:47.240 INFO:teuthology.orchestra.run.smithi012.stdout:/usr/bin/ceph: stderr
2022-09-26T19:37:40.985+0000 7fa0f2a40700 1 --2- >> [v2:172.21.15.12:3300/0,v1:172.21.15.12:6789/0] conn(0x7fa0ec104b40 0x7fa0ec1044b0 unknown :-1 s=NONE pgs=0 cs=0 l=1 rev1=0 crypto rx=0 tx=0 comp rx=0 tx=0).connect
2022-09-26T19:37:47.240 INFO:teuthology.orchestra.run.smithi012.stdout:/usr/bin/ceph: stderr
2022-09-26T19:37:40.985+0000 7fa0f2a40700 1 -- --> [v2:172.21.15.12:3300/0,v1:172.21.15.12:6789/0] -- mon_getmap magic: 0 v1 -- 0x7fa0ec1049f0 con 0x7fa0ec104b40
2022-09-26T19:37:47.240 INFO:teuthology.orchestra.run.smithi012.stdout:/usr/bin/ceph: stderr
2022-09-26T19:37:40.985+0000 7fa0ebfff700 1 --2- >> [v2:172.21.15.12:3300/0,v1:172.21.15.12:6789/0] conn(0x7fa0ec104b40 0x7fa0ec1044b0 unknown :-1 s=BANNER_CONNECTING pgs=0 cs=0 l=1 rev1=0 crypto rx=0 tx=0 comp rx=0 tx=0)._handle_peer_banner_payload supported=3 required=0
2022-09-26T19:37:47.240 INFO:teuthology.orchestra.run.smithi012.stdout:/usr/bin/ceph: stderr
2022-09-26T19:37:40.985+0000 7fa0ebfff700 1 --2- >> [v2:172.21.15.12:3300/0,v1:172.21.15.12:6789/0] conn(0x7fa0ec104b40 0x7fa0ec1044b0 unknown :-1 s=HELLO_CONNECTING pgs=0 cs=0 l=1 rev1=1 crypto rx=0 tx=0 comp rx=0 tx=0).handle_hello peer v2:172.21.15.12:3300/0 says I am v2:172.21.15.12:41854/0 (socket says 172.21.15.12:41854)
2022-09-26T19:37:47.240 INFO:teuthology.orchestra.run.smithi012.stdout:/usr/bin/ceph: stderr
2022-09-26T19:37:40.985+0000 7fa0ebfff700 1 -- 172.21.15.12:0/1703606416 learned_addr learned my addr 172.21.15.12:0/1703606416 (peer_addr_for_me v2:172.21.15.12:0/0)
2022-09-26T19:37:47.241 INFO:teuthology.orchestra.run.smithi012.stdout:/usr/bin/ceph: stderr
2022-09-26T19:37:40.985+0000 7fa0ebfff700 1 -- 172.21.15.12:0/1703606416 --> [v2:172.21.15.12:3300/0,v1:172.21.15.12:6789/0] -- mon_subscribe({config=0+,monmap=0+}) v3 -- 0x7fa0dc009550 con 0x7fa0ec104b40
2022-09-26T19:37:47.241 INFO:teuthology.orchestra.run.smithi012.stdout:/usr/bin/ceph: stderr
2022-09-26T19:37:40.985+0000 7fa0ebfff700 1 --2- 172.21.15.12:0/1703606416 >> [v2:172.21.15.12:3300/0,v1:172.21.15.12:6789/0] conn(0x7fa0ec104b40 0x7fa0ec1044b0 secure :-1 s=READY pgs=62 cs=0 l=1 rev1=1 crypto rx=0x7fa0dc009fb0 tx=0x7fa0dc011ad0 comp rx=0 tx=0).ready entity=mon.0 client_cookie=0 server_cookie=0 in_seq=0 out_seq=0
2022-09-26T19:37:47.241 INFO:teuthology.orchestra.run.smithi012.stdout:/usr/bin/ceph: stderr
2022-09-26T19:37:40.985+0000 7fa0e97fa700 1 -- 172.21.15.12:0/1703606416 <== mon.0 v2:172.21.15.12:3300/0 1 ==== mon_map magic: 0 v1 ==== 205+0+0 (secure 0 0 0) 0x7fa0dc003930 con 0x7fa0ec104b40
2022-09-26T19:37:47.241 INFO:teuthology.orchestra.run.smithi012.stdout:/usr/bin/ceph: stderr
2022-09-26T19:37:40.986+0000 7fa0e97fa700 1 -- 172.21.15.12:0/1703606416 <== mon.0 v2:172.21.15.12:3300/0 2 ==== config(26 keys) v1 ==== 1080+0+0 (secure 0 0 0) 0x7fa0dc003a90 con 0x7fa0ec104b40
2022-09-26T19:37:47.242 INFO:teuthology.orchestra.run.smithi012.stdout:/usr/bin/ceph: stderr
2022-09-26T19:37:40.986+0000 7fa0f2a40700 1 -- 172.21.15.12:0/1703606416 --> [v2:172.21.15.12:3300/0,v1:172.21.15.12:6789/0] -- mon_subscribe({mgrmap=0+}) v3 -- 0x7fa0ec102af0 con 0x7fa0ec104b40
2022-09-26T19:37:47.242 INFO:teuthology.orchestra.run.smithi012.stdout:/usr/bin/ceph: stderr
2022-09-26T19:37:40.986+0000 7fa0e97fa700 1 -- 172.21.15.12:0/1703606416 <== mon.0 v2:172.21.15.12:3300/0 3 ==== mon_map magic: 0 v1 ==== 205+0+0 (secure 0 0 0) 0x7fa0dc0195e0 con 0x7fa0ec104b40
2022-09-26T19:37:47.242 INFO:teuthology.orchestra.run.smithi012.stdout:/usr/bin/ceph: stderr
2022-09-26T19:37:40.986+0000 7fa0f2a40700 1 -- 172.21.15.12:0/1703606416 --> [v2:172.21.15.12:3300/0,v1:172.21.15.12:6789/0] -- mon_subscribe({osdmap=0}) v3 -- 0x7fa0ec102f20 con 0x7fa0ec104b40
2022-09-26T19:37:47.242 INFO:teuthology.orchestra.run.smithi012.stdout:/usr/bin/ceph: stderr
2022-09-26T19:37:40.986+0000 7fa0e97fa700 1 -- 172.21.15.12:0/1703606416 <== mon.0 v2:172.21.15.12:3300/0 4 ==== mgrmap(e 9) v1 ==== 43075+0+0 (secure 0 0 0) 0x7fa0dc02a020 con 0x7fa0ec104b40
2022-09-26T19:37:47.242 INFO:teuthology.orchestra.run.smithi012.stdout:/usr/bin/ceph: stderr
2022-09-26T19:37:40.987+0000 7fa0e97fa700 1 --2- 172.21.15.12:0/1703606416 >> [v2:172.21.15.12:6800/202882489,v1:172.21.15.12:6801/202882489] conn(0x7fa0d8035fd0 0x7fa0d8038480 unknown :-1 s=NONE pgs=0 cs=0 l=1 rev1=0 crypto rx=0 tx=0 comp rx=0 tx=0).connect
2022-09-26T19:37:47.243 INFO:teuthology.orchestra.run.smithi012.stdout:/usr/bin/ceph: stderr
2022-09-26T19:37:40.987+0000 7fa0f2a40700 1 -- 172.21.15.12:0/1703606416 --> [v2:172.21.15.12:6800/202882489,v1:172.21.15.12:6801/202882489] -- command(tid 0: {"prefix": "get_command_descriptions"}) v1 -- 0x7fa0ec1080c0 con 0x7fa0d8035fd0
2022-09-26T19:37:47.243 INFO:teuthology.orchestra.run.smithi012.stdout:/usr/bin/ceph: stderr
2022-09-26T19:37:40.987+0000 7fa0eb7fe700 1 -- 172.21.15.12:0/1703606416 >> [v2:172.21.15.12:6800/202882489,v1:172.21.15.12:6801/202882489] conn(0x7fa0d8035fd0 msgr2=0x7fa0d8038480 unknown :-1 s=STATE_CONNECTING_RE l=1).process reconnect failed to v2:172.21.15.12:6800/202882489
2022-09-26T19:37:47.243 INFO:teuthology.orchestra.run.smithi012.stdout:/usr/bin/ceph: stderr
2022-09-26T19:37:40.987+0000 7fa0e97fa700 1 -- 172.21.15.12:0/1703606416 <== mon.0 v2:172.21.15.12:3300/0 5 ==== osd_map(2..2 src has 1..2) v4 ==== 936+0+0 (secure 0 0 0) 0x7fa0dc04a460 con 0x7fa0ec104b40
2022-09-26T19:37:47.243 INFO:teuthology.orchestra.run.smithi012.stdout:/usr/bin/ceph: stderr
2022-09-26T19:37:40.987+0000 7fa0eb7fe700 1 --2- 172.21.15.12:0/1703606416 >> [v2:172.21.15.12:6800/202882489,v1:172.21.15.12:6801/202882489] conn(0x7fa0d8035fd0 0x7fa0d8038480 unknown :-1 s=START_CONNECT pgs=0 cs=0 l=1 rev1=0 crypto rx=0 tx=0 comp rx=0 tx=0)._fault waiting 0.200000
2022-09-26T19:37:47.244 INFO:teuthology.orchestra.run.smithi012.stdout:/usr/bin/ceph: stderr
2022-09-26T19:37:41.188+0000 7fa0eb7fe700 1 -- 172.21.15.12:0/1703606416 >> [v2:172.21.15.12:6800/202882489,v1:172.21.15.12:6801/202882489] conn(0x7fa0d8035fd0 msgr2=0x7fa0d8038480 unknown :-1 s=STATE_CONNECTING_RE l=1).process reconnect failed to v2:172.21.15.12:6800/202882489
2022-09-26T19:37:47.244 INFO:teuthology.orchestra.run.smithi012.stdout:/usr/bin/ceph: stderr
2022-09-26T19:37:41.188+0000 7fa0eb7fe700 1 --2- 172.21.15.12:0/1703606416 >> [v2:172.21.15.12:6800/202882489,v1:172.21.15.12:6801/202882489] conn(0x7fa0d8035fd0 0x7fa0d8038480 unknown :-1 s=START_CONNECT pgs=0 cs=0 l=1 rev1=0 crypto rx=0 tx=0 comp rx=0 tx=0)._fault waiting 0.400000
2022-09-26T19:37:47.244 INFO:teuthology.orchestra.run.smithi012.stdout:/usr/bin/ceph: stderr
2022-09-26T19:37:41.589+0000 7fa0eb7fe700 1 -- 172.21.15.12:0/1703606416 >> [v2:172.21.15.12:6800/202882489,v1:172.21.15.12:6801/202882489] conn(0x7fa0d8035fd0 msgr2=0x7fa0d8038480 unknown :-1 s=STATE_CONNECTING_RE l=1).process reconnect failed to v2:172.21.15.12:6800/202882489
2022-09-26T19:37:47.244 INFO:teuthology.orchestra.run.smithi012.stdout:/usr/bin/ceph: stderr
2022-09-26T19:37:41.589+0000 7fa0eb7fe700 1 --2- 172.21.15.12:0/1703606416 >> [v2:172.21.15.12:6800/202882489,v1:172.21.15.12:6801/202882489] conn(0x7fa0d8035fd0 0x7fa0d8038480 unknown :-1 s=START_CONNECT pgs=0 cs=0 l=1 rev1=0 crypto rx=0 tx=0 comp rx=0 tx=0)._fault waiting 0.800000
2022-09-26T19:37:47.244 INFO:teuthology.orchestra.run.smithi012.stdout:/usr/bin/ceph: stderr
2022-09-26T19:37:42.390+0000 7fa0eb7fe700 1 -- 172.21.15.12:0/1703606416 >> [v2:172.21.15.12:6800/202882489,v1:172.21.15.12:6801/202882489] conn(0x7fa0d8035fd0 msgr2=0x7fa0d8038480 unknown :-1 s=STATE_CONNECTING_RE l=1).process reconnect failed to v2:172.21.15.12:6800/202882489
2022-09-26T19:37:47.245 INFO:teuthology.orchestra.run.smithi012.stdout:/usr/bin/ceph: stderr
2022-09-26T19:37:42.390+0000 7fa0eb7fe700 1 --2- 172.21.15.12:0/1703606416 >> [v2:172.21.15.12:6800/202882489,v1:172.21.15.12:6801/202882489] conn(0x7fa0d8035fd0 0x7fa0d8038480 unknown :-1 s=START_CONNECT pgs=0 cs=0 l=1 rev1=0 crypto rx=0 tx=0 comp rx=0 tx=0)._fault waiting 1.600000
2022-09-26T19:37:47.245 INFO:teuthology.orchestra.run.smithi012.stdout:/usr/bin/ceph: stderr
2022-09-26T19:37:43.991+0000 7fa0eb7fe700 1 -- 172.21.15.12:0/1703606416 >> [v2:172.21.15.12:6800/202882489,v1:172.21.15.12:6801/202882489] conn(0x7fa0d8035fd0 msgr2=0x7fa0d8038480 unknown :-1 s=STATE_CONNECTING_RE l=1).process reconnect failed to v2:172.21.15.12:6800/202882489
2022-09-26T19:37:47.245 INFO:teuthology.orchestra.run.smithi012.stdout:/usr/bin/ceph: stderr
2022-09-26T19:37:43.991+0000 7fa0eb7fe700 1 --2- 172.21.15.12:0/1703606416 >> [v2:172.21.15.12:6800/202882489,v1:172.21.15.12:6801/202882489] conn(0x7fa0d8035fd0 0x7fa0d8038480 unknown :-1 s=START_CONNECT pgs=0 cs=0 l=1 rev1=0 crypto rx=0 tx=0 comp rx=0 tx=0)._fault waiting 3.200000
2022-09-26T19:37:47.245 INFO:teuthology.orchestra.run.smithi012.stdout:/usr/bin/ceph: stderr
2022-09-26T19:37:45.828+0000 7fa0e97fa700 1 -- 172.21.15.12:0/1703606416 <== mon.0 v2:172.21.15.12:3300/0 6 ==== mgrmap(e 10) v1 ==== 42885+0+0 (secure 0 0 0) 0x7fa0dc017020 con 0x7fa0ec104b40
2022-09-26T19:37:47.245 INFO:teuthology.orchestra.run.smithi012.stdout:/usr/bin/ceph: stderr
2022-09-26T19:37:45.828+0000 7fa0e97fa700 1 -- 172.21.15.12:0/1703606416 >> [v2:172.21.15.12:6800/202882489,v1:172.21.15.12:6801/202882489] conn(0x7fa0d8035fd0 msgr2=0x7fa0d8038480 unknown :-1 s=STATE_CONNECTING l=1).mark_down
2022-09-26T19:37:47.246 INFO:teuthology.orchestra.run.smithi012.stdout:/usr/bin/ceph: stderr
2022-09-26T19:37:45.828+0000 7fa0e97fa700 1 --2- 172.21.15.12:0/1703606416 >> [v2:172.21.15.12:6800/202882489,v1:172.21.15.12:6801/202882489] conn(0x7fa0d8035fd0 0x7fa0d8038480 unknown :-1 s=START_CONNECT pgs=0 cs=0 l=1 rev1=0 crypto rx=0 tx=0 comp rx=0 tx=0).stop
2022-09-26T19:37:47.246 INFO:teuthology.orchestra.run.smithi012.stdout:/usr/bin/ceph: stderr
2022-09-26T19:37:46.835+0000 7fa0e97fa700 1 -- 172.21.15.12:0/1703606416 <== mon.0 v2:172.21.15.12:3300/0 7 ==== mgrmap(e 11) v1 ==== 42995+0+0 (secure 0 0 0) 0x7fa0dc00f050 con 0x7fa0ec104b40
2022-09-26T19:37:47.246 INFO:teuthology.orchestra.run.smithi012.stdout:/usr/bin/ceph: stderr
2022-09-26T19:37:46.835+0000 7fa0e97fa700 1 --2- 172.21.15.12:0/1703606416 >> [v2:172.21.15.12:6800/644889798,v1:172.21.15.12:6801/644889798] conn(0x7fa0d8039840 0x7fa0d803bc20 unknown :-1 s=NONE pgs=0 cs=0 l=1 rev1=0 crypto rx=0 tx=0 comp rx=0 tx=0).connect
2022-09-26T19:37:47.246 INFO:teuthology.orchestra.run.smithi012.stdout:/usr/bin/ceph: stderr
2022-09-26T19:37:46.835+0000 7fa0e97fa700 1 -- 172.21.15.12:0/1703606416 --> [v2:172.21.15.12:6800/644889798,v1:172.21.15.12:6801/644889798] -- command(tid 0: {"prefix": "get_command_descriptions"}) v1 -- 0x7fa0ec1080c0 con 0x7fa0d8039840
2022-09-26T19:37:47.247 INFO:teuthology.orchestra.run.smithi012.stdout:/usr/bin/ceph: stderr
2022-09-26T19:37:46.835+0000 7fa0eb7fe700 1 --2- 172.21.15.12:0/1703606416 >> [v2:172.21.15.12:6800/644889798,v1:172.21.15.12:6801/644889798] conn(0x7fa0d8039840 0x7fa0d803bc20 unknown :-1 s=BANNER_CONNECTING pgs=0 cs=0 l=1 rev1=0 crypto rx=0 tx=0 comp rx=0 tx=0)._handle_peer_banner_payload supported=3 required=0
2022-09-26T19:37:47.247 INFO:teuthology.orchestra.run.smithi012.stdout:/usr/bin/ceph: stderr
2022-09-26T19:37:46.836+0000 7fa0eb7fe700 1 --2- 172.21.15.12:0/1703606416 >> [v2:172.21.15.12:6800/644889798,v1:172.21.15.12:6801/644889798] conn(0x7fa0d8039840 0x7fa0d803bc20 secure :-1 s=READY pgs=1 cs=0 l=1 rev1=1 crypto rx=0x7fa0e0003a10 tx=0x7fa0e0009270 comp rx=0 tx=0).ready entity=mgr.14152 client_cookie=0 server_cookie=0 in_seq=0 out_seq=0
2022-09-26T19:37:47.247 INFO:teuthology.orchestra.run.smithi012.stdout:/usr/bin/ceph: stderr
2022-09-26T19:37:46.837+0000 7fa0e97fa700 1 -- 172.21.15.12:0/1703606416 <== mgr.14152 v2:172.21.15.12:6800/644889798 1 ==== command_reply(tid 0: 0 ) v1 ==== 8+0+6549 (secure 0 0 0) 0x7fa0ec1080c0 con 0x7fa0d8039840
2022-09-26T19:37:47.247 INFO:teuthology.orchestra.run.smithi012.stdout:/usr/bin/ceph: stderr
2022-09-26T19:37:46.847+0000 7fa0f2a40700 1 -- 172.21.15.12:0/1703606416 --> [v2:172.21.15.12:6800/644889798,v1:172.21.15.12:6801/644889798] -- command(tid 1: {"prefix": "mgr_status"}) v1 -- 0x7fa0ec104040 con 0x7fa0d8039840
2022-09-26T19:37:47.247 INFO:teuthology.orchestra.run.smithi012.stdout:/usr/bin/ceph: stderr
2022-09-26T19:37:46.847+0000 7fa0e97fa700 1 -- 172.21.15.12:0/1703606416 <== mgr.14152 v2:172.21.15.12:6800/644889798 2 ==== command_reply(tid 1: 0 ) v1 ==== 8+0+52 (secure 0 0 0) 0x7fa0ec104040 con 0x7fa0d8039840
2022-09-26T19:37:47.248 INFO:teuthology.orchestra.run.smithi012.stdout:/usr/bin/ceph: stderr
2022-09-26T19:37:46.848+0000 7fa0f2a40700 1 -- 172.21.15.12:0/1703606416 >> [v2:172.21.15.12:6800/644889798,v1:172.21.15.12:6801/644889798] conn(0x7fa0d8039840 msgr2=0x7fa0d803bc20 secure :-1 s=STATE_CONNECTION_ESTABLISHED l=1).mark_down
2022-09-26T19:37:47.248 INFO:teuthology.orchestra.run.smithi012.stdout:/usr/bin/ceph: stderr
2022-09-26T19:37:46.848+0000 7fa0f2a40700 1 --2- 172.21.15.12:0/1703606416 >> [v2:172.21.15.12:6800/644889798,v1:172.21.15.12:6801/644889798] conn(0x7fa0d8039840 0x7fa0d803bc20 secure :-1 s=READY pgs=1 cs=0 l=1 rev1=1 crypto rx=0x7fa0e0003a10 tx=0x7fa0e0009270 comp rx=0 tx=0).stop
2022-09-26T19:37:47.248 INFO:teuthology.orchestra.run.smithi012.stdout:/usr/bin/ceph: stderr
2022-09-26T19:37:46.848+0000 7fa0f2a40700 1 -- 172.21.15.12:0/1703606416 >> [v2:172.21.15.12:3300/0,v1:172.21.15.12:6789/0] conn(0x7fa0ec104b40 msgr2=0x7fa0ec1044b0 secure :-1 s=STATE_CONNECTION_ESTABLISHED l=1).mark_down
2022-09-26T19:37:47.248 INFO:teuthology.orchestra.run.smithi012.stdout:/usr/bin/ceph: stderr
2022-09-26T19:37:46.848+0000 7fa0f2a40700 1 --2- 172.21.15.12:0/1703606416 >> [v2:172.21.15.12:3300/0,v1:172.21.15.12:6789/0] conn(0x7fa0ec104b40 0x7fa0ec1044b0 secure :-1 s=READY pgs=62 cs=0 l=1 rev1=1 crypto rx=0x7fa0dc009fb0 tx=0x7fa0dc011ad0 comp rx=0 tx=0).stop
2022-09-26T19:37:47.249 INFO:teuthology.orchestra.run.smithi012.stdout:/usr/bin/ceph: stderr
2022-09-26T19:37:46.848+0000 7fa0f2a40700 1 -- 172.21.15.12:0/1703606416 shutdown_connections
2022-09-26T19:37:47.249 INFO:teuthology.orchestra.run.smithi012.stdout:/usr/bin/ceph: stderr
2022-09-26T19:37:46.848+0000 7fa0f2a40700 1 --2- 172.21.15.12:0/1703606416 >> [v2:172.21.15.12:6800/644889798,v1:172.21.15.12:6801/644889798] conn(0x7fa0d8039840 0x7fa0d803bc20 unknown :-1 s=CLOSED pgs=1 cs=0 l=1 rev1=1 crypto rx=0 tx=0 comp rx=0 tx=0).stop
2022-09-26T19:37:47.249 INFO:teuthology.orchestra.run.smithi012.stdout:/usr/bin/ceph: stderr
2022-09-26T19:37:46.848+0000 7fa0f2a40700 1 --2- 172.21.15.12:0/1703606416 >> [v2:172.21.15.12:3300/0,v1:172.21.15.12:6789/0] conn(0x7fa0ec104b40 0x7fa0ec1044b0 unknown :-1 s=CLOSED pgs=62 cs=0 l=1 rev1=1 crypto rx=0 tx=0 comp rx=0 tx=0).stop
2022-09-26T19:37:47.249 INFO:teuthology.orchestra.run.smithi012.stdout:/usr/bin/ceph: stderr
2022-09-26T19:37:46.848+0000 7fa0f2a40700 1 --2- 172.21.15.12:0/1703606416 >> [v2:172.21.15.12:6800/202882489,v1:172.21.15.12:6801/202882489] conn(0x7fa0d8035fd0 0x7fa0d8038480 unknown :-1 s=CLOSED pgs=0 cs=0 l=1 rev1=0 crypto rx=0 tx=0 comp rx=0 tx=0).stop
2022-09-26T19:37:47.249 INFO:teuthology.orchestra.run.smithi012.stdout:/usr/bin/ceph: stderr
2022-09-26T19:37:46.848+0000 7fa0f2a40700 1 -- 172.21.15.12:0/1703606416 >> 172.21.15.12:0/1703606416 conn(0x7fa0ec0fe580 msgr2=0x7fa0ec0ffc20 unknown :-1 s=STATE_NONE l=0).mark_down
2022-09-26T19:37:47.250 INFO:teuthology.orchestra.run.smithi012.stdout:/usr/bin/ceph: stderr
2022-09-26T19:37:46.848+0000 7fa0f2a40700 1 -- 172.21.15.12:0/1703606416 shutdown_connections
2022-09-26T19:37:47.250 INFO:teuthology.orchestra.run.smithi012.stdout:/usr/bin/ceph: stderr
2022-09-26T19:37:46.848+0000 7fa0f2a40700 1 -- 172.21.15.12:0/1703606416 wait complete.
2022-09-26T19:37:47.250 INFO:teuthology.orchestra.run.smithi012.stdout:mgr epoch 9 is available
2022-09-26T19:37:47.250 INFO:teuthology.orchestra.run.smithi012.stdout:Generating a dashboard self-signed certificate...
2022-09-26T19:37:48.221 INFO:journalctl@ceph.mon.a.smithi012.stdout:Sep 26 19:37:47 smithi012 ceph-mon[96355]: from='client.14156 -' entity='client.admin' cmd=[{"prefix": "get_command_descriptions"}]: dispatch
2022-09-26T19:37:48.222 INFO:journalctl@ceph.mon.a.smithi012.stdout:Sep 26 19:37:47 smithi012 ceph-mon[96355]: mgrmap e11: x(active, since 1.06146s)
2022-09-26T19:37:48.222 INFO:journalctl@ceph.mon.a.smithi012.stdout:Sep 26 19:37:47 smithi012 ceph-mon[96355]: from='client.14156 -' entity='client.admin' cmd=[{"prefix": "mgr_status"}]: dispatch
2022-09-26T19:37:48.681 INFO:teuthology.orchestra.run.smithi012.stdout:/usr/bin/ceph: stdout Self-signed certificate created
2022-09-26T19:37:48.682 INFO:teuthology.orchestra.run.smithi012.stdout:/usr/bin/ceph: stderr
2022-09-26T19:37:47.767+0000 7f00e88d8700 1 Processor -- start
2022-09-26T19:37:48.682 INFO:teuthology.orchestra.run.smithi012.stdout:/usr/bin/ceph: stderr
2022-09-26T19:37:47.767+0000 7f00e88d8700 1 -- start start
2022-09-26T19:37:48.682 INFO:teuthology.orchestra.run.smithi012.stdout:/usr/bin/ceph: stderr
2022-09-26T19:37:47.768+0000 7f00e88d8700 1 --2- >> [v2:172.21.15.12:3300/0,v1:172.21.15.12:6789/0] conn(0x7f00e4102f40 0x7f00e4103350 unknown :-1 s=NONE pgs=0 cs=0 l=0 rev1=0 crypto rx=0 tx=0 comp rx=0 tx=0).connect
2022-09-26T19:37:48.683 INFO:teuthology.orchestra.run.smithi012.stdout:/usr/bin/ceph: stderr
2022-09-26T19:37:47.768+0000 7f00e88d8700 1 -- --> [v2:172.21.15.12:3300/0,v1:172.21.15.12:6789/0] -- mon_getmap magic: 0 v1 -- 0x7f00e4103890 con 0x7f00e4102f40
2022-09-26T19:37:48.683 INFO:teuthology.orchestra.run.smithi012.stdout:/usr/bin/ceph: stderr
2022-09-26T19:37:47.768+0000 7f00e259c700 1 --2- >> [v2:172.21.15.12:3300/0,v1:172.21.15.12:6789/0] conn(0x7f00e4102f40 0x7f00e4103350 unknown :-1 s=BANNER_CONNECTING pgs=0 cs=0 l=0 rev1=0 crypto rx=0 tx=0 comp rx=0 tx=0)._handle_peer_banner_payload supported=3 required=0
2022-09-26T19:37:48.683 INFO:teuthology.orchestra.run.smithi012.stdout:/usr/bin/ceph: stderr
2022-09-26T19:37:47.768+0000 7f00e259c700 1 --2- >> [v2:172.21.15.12:3300/0,v1:172.21.15.12:6789/0] conn(0x7f00e4102f40 0x7f00e4103350 unknown :-1 s=HELLO_CONNECTING pgs=0 cs=0 l=0 rev1=1 crypto rx=0 tx=0 comp rx=0 tx=0).handle_hello peer v2:172.21.15.12:3300/0 says I am v2:172.21.15.12:41900/0 (socket says 172.21.15.12:41900)
2022-09-26T19:37:48.683 INFO:teuthology.orchestra.run.smithi012.stdout:/usr/bin/ceph: stderr
2022-09-26T19:37:47.768+0000 7f00e259c700 1 -- 172.21.15.12:0/3760673928 learned_addr learned my addr 172.21.15.12:0/3760673928 (peer_addr_for_me v2:172.21.15.12:0/0)
2022-09-26T19:37:48.684 INFO:teuthology.orchestra.run.smithi012.stdout:/usr/bin/ceph: stderr
2022-09-26T19:37:47.769+0000 7f00e259c700 1 -- 172.21.15.12:0/3760673928 --> [v2:172.21.15.12:3300/0,v1:172.21.15.12:6789/0] -- mon_subscribe({config=0+,monmap=0+}) v3 -- 0x7f00e41039d0 con 0x7f00e4102f40
2022-09-26T19:37:48.684 INFO:teuthology.orchestra.run.smithi012.stdout:/usr/bin/ceph: stderr
2022-09-26T19:37:47.769+0000 7f00e259c700 1 --2- 172.21.15.12:0/3760673928 >> [v2:172.21.15.12:3300/0,v1:172.21.15.12:6789/0] conn(0x7f00e4102f40 0x7f00e4103350 secure :-1 s=READY pgs=70 cs=0 l=1 rev1=1 crypto rx=0x7f00d400bb40 tx=0x7f00d400be50 comp rx=0 tx=0).ready entity=mon.0 client_cookie=cd030a25d115c3c4 server_cookie=0 in_seq=0 out_seq=0
2022-09-26T19:37:48.684 INFO:teuthology.orchestra.run.smithi012.stdout:/usr/bin/ceph: stderr
2022-09-26T19:37:47.769+0000 7f00e159a700 1 -- 172.21.15.12:0/3760673928 <== mon.0 v2:172.21.15.12:3300/0 1 ==== mon_map magic: 0 v1 ==== 205+0+0 (secure 0 0 0) 0x7f00d400dbe0 con 0x7f00e4102f40
2022-09-26T19:37:48.684 INFO:teuthology.orchestra.run.smithi012.stdout:/usr/bin/ceph: stderr
2022-09-26T19:37:47.769+0000 7f00e159a700 1 -- 172.21.15.12:0/3760673928 <== mon.0 v2:172.21.15.12:3300/0 2 ==== config(26 keys) v1 ==== 1080+0+0 (secure 0 0 0) 0x7f00d40044d0 con 0x7f00e4102f40
2022-09-26T19:37:48.685 INFO:teuthology.orchestra.run.smithi012.stdout:/usr/bin/ceph: stderr
2022-09-26T19:37:47.769+0000 7f00e159a700 1 -- 172.21.15.12:0/3760673928 <== mon.0 v2:172.21.15.12:3300/0 3 ==== mon_map magic: 0 v1 ==== 205+0+0 (secure 0 0 0) 0x7f00d4010470 con 0x7f00e4102f40
2022-09-26T19:37:48.685 INFO:teuthology.orchestra.run.smithi012.stdout:/usr/bin/ceph: stderr
2022-09-26T19:37:47.770+0000 7f00e88d8700 1 -- 172.21.15.12:0/3760673928 >> [v2:172.21.15.12:3300/0,v1:172.21.15.12:6789/0] conn(0x7f00e4102f40 msgr2=0x7f00e4103350 secure :-1 s=STATE_CONNECTION_ESTABLISHED l=1).mark_down
2022-09-26T19:37:48.685 INFO:teuthology.orchestra.run.smithi012.stdout:/usr/bin/ceph: stderr
2022-09-26T19:37:47.770+0000 7f00e88d8700 1 --2- 172.21.15.12:0/3760673928 >> [v2:172.21.15.12:3300/0,v1:172.21.15.12:6789/0] conn(0x7f00e4102f40 0x7f00e4103350 secure :-1 s=READY pgs=70 cs=0 l=1 rev1=1 crypto rx=0x7f00d400bb40 tx=0x7f00d400be50 comp rx=0 tx=0).stop
2022-09-26T19:37:48.686 INFO:teuthology.orchestra.run.smithi012.stdout:/usr/bin/ceph: stderr
2022-09-26T19:37:47.770+0000 7f00e88d8700 1 -- 172.21.15.12:0/3760673928 shutdown_connections
2022-09-26T19:37:48.686 INFO:teuthology.orchestra.run.smithi012.stdout:/usr/bin/ceph: stderr
2022-09-26T19:37:47.770+0000 7f00e88d8700 1 --2- 172.21.15.12:0/3760673928 >> [v2:172.21.15.12:3300/0,v1:172.21.15.12:6789/0] conn(0x7f00e4102f40 0x7f00e4103350 unknown :-1 s=CLOSED pgs=70 cs=0 l=1 rev1=1 crypto rx=0 tx=0 comp rx=0 tx=0).stop
2022-09-26T19:37:48.686 INFO:teuthology.orchestra.run.smithi012.stdout:/usr/bin/ceph: stderr
2022-09-26T19:37:47.770+0000 7f00e88d8700 1 -- 172.21.15.12:0/3760673928 >> 172.21.15.12:0/3760673928 conn(0x7f00e40fe580 msgr2=0x7f00e4100990 unknown :-1 s=STATE_NONE l=0).mark_down
