2023-03-17T07:49:02.690 INFO:teuthology.orchestra.run.smithi035.stdout:/usr/bin/ceph: stderr
2023-03-17T07:46:18.750+0000 7f75f7023700 1 Processor -- start
2023-03-17T07:49:04.780 INFO:teuthology.orchestra.run.smithi035.stdout:/usr/bin/ceph: stderr
2023-03-17T07:46:18.750+0000 7f75f7023700 1 -- start start
2023-03-17T07:49:04.780 INFO:teuthology.orchestra.run.smithi035.stdout:/usr/bin/ceph: stderr
2023-03-17T07:46:18.750+0000 7f75f7023700 1 --2- >> [v2:172.21.15.35:3300/0,v1:172.21.15.35:6789/0] conn(0x7f75f007ac80 0x7f75f0079180 unknown :-1 s=NONE pgs=0 cs=0 l=0 rev1=0 crypto rx=0 tx=0 comp rx=0 tx=0).connect
2023-03-17T07:49:04.780 INFO:teuthology.orchestra.run.smithi035.stdout:/usr/bin/ceph: stderr
2023-03-17T07:46:18.750+0000 7f75f7023700 1 -- --> [v2:172.21.15.35:3300/0,v1:172.21.15.35:6789/0] -- mon_getmap magic: 0 v1 -- 0x7f75f00796c0 con 0x7f75f007ac80
2023-03-17T07:49:04.780 INFO:teuthology.orchestra.run.smithi035.stdout:/usr/bin/ceph: stderr
2023-03-17T07:46:18.751+0000 7f75f4dbf700 1 --2- >> [v2:172.21.15.35:3300/0,v1:172.21.15.35:6789/0] conn(0x7f75f007ac80 0x7f75f0079180 unknown :-1 s=BANNER_CONNECTING pgs=0 cs=0 l=0 rev1=0 crypto rx=0 tx=0 comp rx=0 tx=0)._handle_peer_banner_payload supported=3 required=0
2023-03-17T07:49:06.290 INFO:teuthology.orchestra.run.smithi035.stdout:/usr/bin/ceph: stderr
2023-03-17T07:46:18.751+0000 7f75f4dbf700 1 --2- >> [v2:172.21.15.35:3300/0,v1:172.21.15.35:6789/0] conn(0x7f75f007ac80 0x7f75f0079180 unknown :-1 s=HELLO_CONNECTING pgs=0 cs=0 l=0 rev1=1 crypto rx=0 tx=0 comp rx=0 tx=0).handle_hello peer v2:172.21.15.35:3300/0 says I am v2:172.21.15.35:38964/0 (socket says 172.21.15.35:38964)
2023-03-17T07:49:06.290 INFO:teuthology.orchestra.run.smithi035.stdout:/usr/bin/ceph: stderr
2023-03-17T07:46:18.751+0000 7f75f4dbf700 1 -- 172.21.15.35:0/154573582 learned_addr learned my addr 172.21.15.35:0/154573582 (peer_addr_for_me v2:172.21.15.35:0/0)
2023-03-17T07:49:06.290 INFO:teuthology.orchestra.run.smithi035.stdout:/usr/bin/ceph: stderr
2023-03-17T07:46:18.751+0000 7f75f4dbf700 1 -- 172.21.15.35:0/154573582 --> [v2:172.21.15.35:3300/0,v1:172.21.15.35:6789/0] -- mon_subscribe({config=0+,monmap=0+}) v3 -- 0x7f75f0079800 con 0x7f75f007ac80
2023-03-17T07:49:06.290 INFO:teuthology.orchestra.run.smithi035.stdout:/usr/bin/ceph: stderr
2023-03-17T07:46:18.751+0000 7f75f4dbf700 1 --2- 172.21.15.35:0/154573582 >> [v2:172.21.15.35:3300/0,v1:172.21.15.35:6789/0] conn(0x7f75f007ac80 0x7f75f0079180 secure :-1 s=READY pgs=37 cs=0 l=1 rev1=1 crypto rx=0x7f75d80098a0 tx=0x7f75d8009bb0 comp rx=0 tx=0).ready entity=mon.0 client_cookie=8fe40027c3fee2b4 server_cookie=0 in_seq=0 out_seq=0
2023-03-17T07:49:06.290 INFO:teuthology.orchestra.run.smithi035.stdout:/usr/bin/ceph: stderr
2023-03-17T07:46:18.751+0000 7f75ef7fe700 1 -- 172.21.15.35:0/154573582 <== mon.0 v2:172.21.15.35:3300/0 1 ==== mon_map magic: 0 v1 ==== 205+0+0 (secure 0 0 0) 0x7f75d8004160 con 0x7f75f007ac80
2023-03-17T07:49:06.290 INFO:teuthology.orchestra.run.smithi035.stdout:/usr/bin/ceph: stderr
2023-03-17T07:46:18.751+0000 7f75ef7fe700 1 -- 172.21.15.35:0/154573582 <== mon.0 v2:172.21.15.35:3300/0 2 ==== config(25 keys) v1 ==== 1036+0+0 (secure 0 0 0) 0x7f75d80042c0 con 0x7f75f007ac80
2023-03-17T07:49:06.290 INFO:teuthology.orchestra.run.smithi035.stdout:/usr/bin/ceph: stderr
2023-03-17T07:46:18.751+0000 7f75ef7fe700 1 -- 172.21.15.35:0/154573582 <== mon.0 v2:172.21.15.35:3300/0 3 ==== mon_map magic: 0 v1 ==== 205+0+0 (secure 0 0 0) 0x7f75d8011940 con 0x7f75f007ac80
2023-03-17T07:49:06.290 INFO:teuthology.orchestra.run.smithi035.stdout:/usr/bin/ceph: stderr
2023-03-17T07:46:18.752+0000 7f75f7023700 1 -- 172.21.15.35:0/154573582 >> [v2:172.21.15.35:3300/0,v1:172.21.15.35:6789/0] conn(0x7f75f007ac80 msgr2=0x7f75f0079180 secure :-1 s=STATE_CONNECTION_ESTABLISHED l=1).mark_down
2023-03-17T07:49:06.290 INFO:teuthology.orchestra.run.smithi035.stdout:/usr/bin/ceph: stderr
2023-03-17T07:46:18.752+0000 7f75f7023700 1 --2- 172.21.15.35:0/154573582 >> [v2:172.21.15.35:3300/0,v1:172.21.15.35:6789/0] conn(0x7f75f007ac80 0x7f75f0079180 secure :-1 s=READY pgs=37 cs=0 l=1 rev1=1 crypto rx=0x7f75d80098a0 tx=0x7f75d8009bb0 comp rx=0 tx=0).stop
2023-03-17T07:49:06.291 INFO:teuthology.orchestra.run.smithi035.stdout:/usr/bin/ceph: stderr
2023-03-17T07:46:18.752+0000 7f75f7023700 1 -- 172.21.15.35:0/154573582 shutdown_connections
2023-03-17T07:49:06.291 INFO:teuthology.orchestra.run.smithi035.stdout:/usr/bin/ceph: stderr
2023-03-17T07:46:18.752+0000 7f75f7023700 1 --2- 172.21.15.35:0/154573582 >> [v2:172.21.15.35:3300/0,v1:172.21.15.35:6789/0] conn(0x7f75f007ac80 0x7f75f0079180 unknown :-1 s=CLOSED pgs=37 cs=0 l=1 rev1=1 crypto rx=0 tx=0 comp rx=0 tx=0).stop
2023-03-17T07:49:06.291 INFO:teuthology.orchestra.run.smithi035.stdout:/usr/bin/ceph: stderr
2023-03-17T07:46:18.752+0000 7f75f7023700 1 -- 172.21.15.35:0/154573582 >> 172.21.15.35:0/154573582 conn(0x7f75f0100f30 msgr2=0x7f75f0103340 unknown :-1 s=STATE_NONE l=0).mark_down
2023-03-17T07:49:06.291 INFO:teuthology.orchestra.run.smithi035.stdout:/usr/bin/ceph: stderr
2023-03-17T07:46:18.752+0000 7f75f7023700 1 -- 172.21.15.35:0/154573582 shutdown_connections
2023-03-17T07:49:06.951 INFO:teuthology.orchestra.run.smithi035.stdout:/usr/bin/ceph: stderr
2023-03-17T07:46:18.752+0000 7f75f7023700 1 -- 172.21.15.35:0/154573582 wait complete.
2023-03-17T07:49:06.951 INFO:teuthology.orchestra.run.smithi035.stdout:/usr/bin/ceph: stderr
2023-03-17T07:46:18.752+0000 7f75f7023700 1 Processor -- start
2023-03-17T07:49:06.951 INFO:teuthology.orchestra.run.smithi035.stdout:/usr/bin/ceph: stderr
2023-03-17T07:46:18.753+0000 7f75f7023700 1 -- start start
2023-03-17T07:49:06.951 INFO:teuthology.orchestra.run.smithi035.stdout:/usr/bin/ceph: stderr
2023-03-17T07:46:18.753+0000 7f75f7023700 1 --2- >> [v2:172.21.15.35:3300/0,v1:172.21.15.35:6789/0] conn(0x7f75f019b920 0x7f75f019bd30 unknown :-1 s=NONE pgs=0 cs=0 l=1 rev1=0 crypto rx=0 tx=0 comp rx=0 tx=0).connect
2023-03-17T07:49:06.951 INFO:teuthology.orchestra.run.smithi035.stdout:/usr/bin/ceph: stderr
2023-03-17T07:46:18.753+0000 7f75f7023700 1 -- --> [v2:172.21.15.35:3300/0,v1:172.21.15.35:6789/0] -- mon_getmap magic: 0 v1 -- 0x7f75f019c270 con 0x7f75f019b920
2023-03-17T07:49:06.951 INFO:teuthology.orchestra.run.smithi035.stdout:/usr/bin/ceph: stderr
2023-03-17T07:46:18.753+0000 7f75f4dbf700 1 --2- >> [v2:172.21.15.35:3300/0,v1:172.21.15.35:6789/0] conn(0x7f75f019b920 0x7f75f019bd30 unknown :-1 s=BANNER_CONNECTING pgs=0 cs=0 l=1 rev1=0 crypto rx=0 tx=0 comp rx=0 tx=0)._handle_peer_banner_payload supported=3 required=0
2023-03-17T07:49:06.951 INFO:teuthology.orchestra.run.smithi035.stdout:/usr/bin/ceph: stderr
2023-03-17T07:46:18.753+0000 7f75f4dbf700 1 --2- >> [v2:172.21.15.35:3300/0,v1:172.21.15.35:6789/0] conn(0x7f75f019b920 0x7f75f019bd30 unknown :-1 s=HELLO_CONNECTING pgs=0 cs=0 l=1 rev1=1 crypto rx=0 tx=0 comp rx=0 tx=0).handle_hello peer v2:172.21.15.35:3300/0 says I am v2:172.21.15.35:38966/0 (socket says 172.21.15.35:38966)
2023-03-17T07:49:06.951 INFO:teuthology.orchestra.run.smithi035.stdout:/usr/bin/ceph: stderr
2023-03-17T07:46:18.753+0000 7f75f4dbf700 1 -- 172.21.15.35:0/3546517444 learned_addr learned my addr 172.21.15.35:0/3546517444 (peer_addr_for_me v2:172.21.15.35:0/0)
2023-03-17T07:49:06.951 INFO:teuthology.orchestra.run.smithi035.stdout:/usr/bin/ceph: stderr
2023-03-17T07:46:18.753+0000 7f75f4dbf700 1 -- 172.21.15.35:0/3546517444 --> [v2:172.21.15.35:3300/0,v1:172.21.15.35:6789/0] -- mon_subscribe({config=0+,monmap=0+}) v3 -- 0x7f75d8009550 con 0x7f75f019b920
2023-03-17T07:49:06.951 INFO:teuthology.orchestra.run.smithi035.stdout:/usr/bin/ceph: stderr
2023-03-17T07:46:18.753+0000 7f75f4dbf700 1 --2- 172.21.15.35:0/3546517444 >> [v2:172.21.15.35:3300/0,v1:172.21.15.35:6789/0] conn(0x7f75f019b920 0x7f75f019bd30 secure :-1 s=READY pgs=38 cs=0 l=1 rev1=1 crypto rx=0x7f75d8000c00 tx=0x7f75d8003a40 comp rx=0 tx=0).ready entity=mon.0 client_cookie=0 server_cookie=0 in_seq=0 out_seq=0
2023-03-17T07:49:06.951 INFO:teuthology.orchestra.run.smithi035.stdout:/usr/bin/ceph: stderr
2023-03-17T07:46:18.753+0000 7f75edffb700 1 -- 172.21.15.35:0/3546517444 <== mon.0 v2:172.21.15.35:3300/0 1 ==== mon_map magic: 0 v1 ==== 205+0+0 (secure 0 0 0) 0x7f75d80118f0 con 0x7f75f019b920
2023-03-17T07:49:06.951 INFO:teuthology.orchestra.run.smithi035.stdout:/usr/bin/ceph: stderr
2023-03-17T07:46:18.754+0000 7f75edffb700 1 -- 172.21.15.35:0/3546517444 <== mon.0 v2:172.21.15.35:3300/0 2 ==== config(25 keys) v1 ==== 1036+0+0 (secure 0 0 0) 0x7f75d801b470 con 0x7f75f019b920
2023-03-17T07:49:06.952 INFO:teuthology.orchestra.run.smithi035.stdout:/usr/bin/ceph: stderr
2023-03-17T07:46:18.754+0000 7f75edffb700 1 -- 172.21.15.35:0/3546517444 <== mon.0 v2:172.21.15.35:3300/0 3 ==== mon_map magic: 0 v1 ==== 205+0+0 (secure 0 0 0) 0x7f75d801c450 con 0x7f75f019b920
2023-03-17T07:49:06.952 INFO:teuthology.orchestra.run.smithi035.stdout:/usr/bin/ceph: stderr
2023-03-17T07:46:18.754+0000 7f75f7023700 1 -- 172.21.15.35:0/3546517444 --> [v2:172.21.15.35:3300/0,v1:172.21.15.35:6789/0] -- mon_subscribe({mgrmap=0+}) v3 -- 0x7f75f010bd50 con 0x7f75f019b920
2023-03-17T07:49:06.952 INFO:teuthology.orchestra.run.smithi035.stdout:/usr/bin/ceph: stderr
2023-03-17T07:46:18.754+0000 7f75f7023700 1 -- 172.21.15.35:0/3546517444 --> [v2:172.21.15.35:3300/0,v1:172.21.15.35:6789/0] -- mon_subscribe({osdmap=0}) v3 -- 0x7f75f010bbc0 con 0x7f75f019b920
2023-03-17T07:49:06.952 INFO:teuthology.orchestra.run.smithi035.stdout:/usr/bin/ceph: stderr
2023-03-17T07:46:18.755+0000 7f75edffb700 1 -- 172.21.15.35:0/3546517444 <== mon.0 v2:172.21.15.35:3300/0 4 ==== mgrmap(e 7) v1 ==== 44559+0+0 (secure 0 0 0) 0x7f75d8022070 con 0x7f75f019b920
2023-03-17T07:49:06.952 INFO:teuthology.orchestra.run.smithi035.stdout:/usr/bin/ceph: stderr
2023-03-17T07:46:18.755+0000 7f75edffb700 1 --2- 172.21.15.35:0/3546517444 >> [v2:172.21.15.35:6800/1582063547,v1:172.21.15.35:6801/1582063547] conn(0x7f75dc037d70 0x7f75dc03a220 unknown :-1 s=NONE pgs=0 cs=0 l=1 rev1=0 crypto rx=0 tx=0 comp rx=0 tx=0).connect
2023-03-17T07:49:06.952 INFO:teuthology.orchestra.run.smithi035.stdout:/usr/bin/ceph: stderr
2023-03-17T07:46:18.755+0000 7f75edffb700 1 -- 172.21.15.35:0/3546517444 <== mon.0 v2:172.21.15.35:3300/0 5 ==== osd_map(2..2 src has 1..2) v4 ==== 940+0+0 (secure 0 0 0) 0x7f75d804b7c0 con 0x7f75f019b920
2023-03-17T07:49:06.952 INFO:teuthology.orchestra.run.smithi035.stdout:/usr/bin/ceph: stderr
2023-03-17T07:46:18.755+0000 7f75effff700 1 --2- 172.21.15.35:0/3546517444 >> [v2:172.21.15.35:6800/1582063547,v1:172.21.15.35:6801/1582063547] conn(0x7f75dc037d70 0x7f75dc03a220 unknown :-1 s=BANNER_CONNECTING pgs=0 cs=0 l=1 rev1=0 crypto rx=0 tx=0 comp rx=0 tx=0)._handle_peer_banner_payload supported=3 required=0
2023-03-17T07:49:06.952 INFO:teuthology.orchestra.run.smithi035.stdout:/usr/bin/ceph: stderr
2023-03-17T07:46:18.755+0000 7f75f7023700 1 -- 172.21.15.35:0/3546517444 --> [v2:172.21.15.35:3300/0,v1:172.21.15.35:6789/0] -- mon_command({"prefix": "get_command_descriptions"} v 0) v1 -- 0x7f75f010bee0 con 0x7f75f019b920
2023-03-17T07:49:06.952 INFO:teuthology.orchestra.run.smithi035.stdout:/usr/bin/ceph: stderr
2023-03-17T07:46:18.756+0000 7f75effff700 1 --2- 172.21.15.35:0/3546517444 >> [v2:172.21.15.35:6800/1582063547,v1:172.21.15.35:6801/1582063547] conn(0x7f75dc037d70 0x7f75dc03a220 secure :-1 s=READY pgs=7 cs=0 l=1 rev1=1 crypto rx=0x7f75e0006fd0 tx=0x7f75e0006e40 comp rx=0 tx=0).ready entity=mgr.14120 client_cookie=0 server_cookie=0 in_seq=0 out_seq=0
2023-03-17T07:49:06.952 INFO:teuthology.orchestra.run.smithi035.stdout:/usr/bin/ceph: stderr
2023-03-17T07:46:18.760+0000 7f75edffb700 1 -- 172.21.15.35:0/3546517444 <== mon.0 v2:172.21.15.35:3300/0 6 ==== mon_command_ack([{"prefix": "get_command_descriptions"}]=0 v0) v1 ==== 72+0+177564 (secure 0 0 0) 0x7f75d801b5e0 con 0x7f75f019b920
2023-03-17T07:49:08.226 INFO:teuthology.orchestra.run.smithi035.stdout:/usr/bin/ceph: stderr
2023-03-17T07:46:19.155+0000 7f75f7023700 1 -- 172.21.15.35:0/3546517444 --> [v2:172.21.15.35:6800/1582063547,v1:172.21.15.35:6801/1582063547] -- mgr_command(tid 0: {"prefix": "orch set backend", "module_name": "cephadm", "target": ["mon-mgr", ""]}) v1 -- 0x7f75f0060f20 con 0x7f75dc037d70
2023-03-17T07:49:08.226 INFO:teuthology.orchestra.run.smithi035.stdout:/usr/bin/ceph: stderr
2023-03-17T07:46:19.161+0000 7f75edffb700 1 -- 172.21.15.35:0/3546517444 <== mgr.14120 v2:172.21.15.35:6800/1582063547 1 ==== mgr_command_reply(tid 0: 0 ) v1 ==== 8+0+0 (secure 0 0 0) 0x7f75f0060f20 con 0x7f75dc037d70
2023-03-17T07:49:08.227 INFO:teuthology.orchestra.run.smithi035.stdout:/usr/bin/ceph: stderr
2023-03-17T07:46:19.163+0000 7f75f7023700 1 -- 172.21.15.35:0/3546517444 >> [v2:172.21.15.35:6800/1582063547,v1:172.21.15.35:6801/1582063547] conn(0x7f75dc037d70 msgr2=0x7f75dc03a220 secure :-1 s=STATE_CONNECTION_ESTABLISHED l=1).mark_down
2023-03-17T07:49:08.227 INFO:teuthology.orchestra.run.smithi035.stdout:/usr/bin/ceph: stderr
2023-03-17T07:46:19.163+0000 7f75f7023700 1 --2- 172.21.15.35:0/3546517444 >> [v2:172.21.15.35:6800/1582063547,v1:172.21.15.35:6801/1582063547] conn(0x7f75dc037d70 0x7f75dc03a220 secure :-1 s=READY pgs=7 cs=0 l=1 rev1=1 crypto rx=0x7f75e0006fd0 tx=0x7f75e0006e40 comp rx=0 tx=0).stop
2023-03-17T07:49:08.227 INFO:teuthology.orchestra.run.smithi035.stdout:/usr/bin/ceph: stderr
2023-03-17T07:46:19.163+0000 7f75f7023700 1 -- 172.21.15.35:0/3546517444 >> [v2:172.21.15.35:3300/0,v1:172.21.15.35:6789/0] conn(0x7f75f019b920 msgr2=0x7f75f019bd30 secure :-1 s=STATE_CONNECTION_ESTABLISHED l=1).mark_down
2023-03-17T07:49:08.227 INFO:teuthology.orchestra.run.smithi035.stdout:/usr/bin/ceph: stderr
2023-03-17T07:46:19.163+0000 7f75f7023700 1 --2- 172.21.15.35:0/3546517444 >> [v2:172.21.15.35:3300/0,v1:172.21.15.35:6789/0] conn(0x7f75f019b920 0x7f75f019bd30 secure :-1 s=READY pgs=38 cs=0 l=1 rev1=1 crypto rx=0x7f75d8000c00 tx=0x7f75d8003a40 comp rx=0 tx=0).stop
2023-03-17T07:49:08.680 INFO:teuthology.orchestra.run.smithi035.stdout:/usr/bin/ceph: stderr
2023-03-17T07:46:19.163+0000 7f75f7023700 1 -- 172.21.15.35:0/3546517444 shutdown_connections
2023-03-17T07:49:08.681 INFO:teuthology.orchestra.run.smithi035.stdout:/usr/bin/ceph: stderr
2023-03-17T07:46:19.163+0000 7f75f7023700 1 --2- 172.21.15.35:0/3546517444 >> [v2:172.21.15.35:6800/1582063547,v1:172.21.15.35:6801/1582063547] conn(0x7f75dc037d70 0x7f75dc03a220 unknown :-1 s=CLOSED pgs=7 cs=0 l=1 rev1=1 crypto rx=0 tx=0 comp rx=0 tx=0).stop
2023-03-17T07:49:08.681 INFO:teuthology.orchestra.run.smithi035.stdout:/usr/bin/ceph: stderr
2023-03-17T07:46:19.163+0000 7f75f7023700 1 --2- 172.21.15.35:0/3546517444 >> [v2:172.21.15.35:3300/0,v1:172.21.15.35:6789/0] conn(0x7f75f019b920 0x7f75f019bd30 unknown :-1 s=CLOSED pgs=38 cs=0 l=1 rev1=1 crypto rx=0 tx=0 comp rx=0 tx=0).stop
2023-03-17T07:49:08.681 INFO:teuthology.orchestra.run.smithi035.stdout:/usr/bin/ceph: stderr
2023-03-17T07:46:19.163+0000 7f75f7023700 1 -- 172.21.15.35:0/3546517444 >> 172.21.15.35:0/3546517444 conn(0x7f75f0100f30 msgr2=0x7f75f01032f0 unknown :-1 s=STATE_NONE l=0).mark_down
2023-03-17T07:49:08.681 INFO:teuthology.orchestra.run.smithi035.stdout:/usr/bin/ceph: stderr
2023-03-17T07:46:19.164+0000 7f75f7023700 1 -- 172.21.15.35:0/3546517444 shutdown_connections
2023-03-17T07:49:08.681 INFO:teuthology.orchestra.run.smithi035.stdout:/usr/bin/ceph: stderr
2023-03-17T07:46:19.164+0000 7f75f7023700 1 -- 172.21.15.35:0/3546517444 wait complete.
2023-03-17T07:49:09.661 INFO:journalctl@ceph.mon.a.smithi035.stdout:Mar 17 07:46:19 smithi035 ceph-mon[92535]: from='client.14124 -' entity='client.admin' cmd=[{"prefix": "get_command_descriptions"}]: dispatch
2023-03-17T07:49:09.661 INFO:journalctl@ceph.mon.a.smithi035.stdout:Mar 17 07:46:19 smithi035 ceph-mon[92535]: from='client.14124 -' entity='client.admin' cmd=[{"prefix": "mgr_status"}]: dispatch
2023-03-17T07:49:09.661 INFO:journalctl@ceph.mon.a.smithi035.stdout:Mar 17 07:46:19 smithi035 ceph-mon[92535]: from='mgr.14120 172.21.15.35:0/3746611832' entity='mgr.x'
2023-03-17T07:49:10.901 INFO:journalctl@ceph.mon.a.smithi035.stdout:Mar 17 07:46:19 smithi035 ceph-mon[92535]: from='mgr.14120 172.21.15.35:0/3746611832' entity='mgr.x' cmd=[{"prefix": "config dump", "format": "json"}]: dispatch
2023-03-17T07:49:11.995 INFO:teuthology.orchestra.run.smithi035.stdout:/usr/bin/ceph: stdout value unchanged
2023-03-17T07:49:12.731 INFO:teuthology.orchestra.run.smithi035.stdout:/usr/bin/ceph: stderr
2023-03-17T07:46:19.968+0000 7fa242b3a700 1 Processor -- start
2023-03-17T07:49:12.731 INFO:teuthology.orchestra.run.smithi035.stdout:/usr/bin/ceph: stderr
2023-03-17T07:46:19.968+0000 7fa242b3a700 1 -- start start
2023-03-17T07:49:13.069 INFO:teuthology.orchestra.run.smithi035.stdout:/usr/bin/ceph: stderr
2023-03-17T07:46:19.968+0000 7fa242b3a700 1 --2- >> [v2:172.21.15.35:3300/0,v1:172.21.15.35:6789/0] conn(0x7fa23c1063f0 0x7fa23c1087d0 unknown :-1 s=NONE pgs=0 cs=0 l=0 rev1=0 crypto rx=0 tx=0 comp rx=0 tx=0).connect
2023-03-17T07:49:13.069 INFO:teuthology.orchestra.run.smithi035.stdout:/usr/bin/ceph: stderr
2023-03-17T07:46:19.968+0000 7fa242b3a700 1 -- --> [v2:172.21.15.35:3300/0,v1:172.21.15.35:6789/0] -- mon_getmap magic: 0 v1 -- 0x7fa23c074050 con 0x7fa23c1063f0
2023-03-17T07:49:13.069 INFO:teuthology.orchestra.run.smithi035.stdout:/usr/bin/ceph: stderr
2023-03-17T07:46:19.969+0000 7fa2408d6700 1 --2- >> [v2:172.21.15.35:3300/0,v1:172.21.15.35:6789/0] conn(0x7fa23c1063f0 0x7fa23c1087d0 unknown :-1 s=BANNER_CONNECTING pgs=0 cs=0 l=0 rev1=0 crypto rx=0 tx=0 comp rx=0 tx=0)._handle_peer_banner_payload supported=3 required=0
2023-03-17T07:49:13.069 INFO:teuthology.orchestra.run.smithi035.stdout:/usr/bin/ceph: stderr
2023-03-17T07:46:19.969+0000 7fa2408d6700 1 --2- >> [v2:172.21.15.35:3300/0,v1:172.21.15.35:6789/0] conn(0x7fa23c1063f0 0x7fa23c1087d0 unknown :-1 s=HELLO_CONNECTING pgs=0 cs=0 l=0 rev1=1 crypto rx=0 tx=0 comp rx=0 tx=0).handle_hello peer v2:172.21.15.35:3300/0 says I am v2:172.21.15.35:38978/0 (socket says 172.21.15.35:38978)
2023-03-17T07:49:13.069 INFO:teuthology.orchestra.run.smithi035.stdout:/usr/bin/ceph: stderr
2023-03-17T07:46:19.969+0000 7fa2408d6700 1 -- 172.21.15.35:0/2667754393 learned_addr learned my addr 172.21.15.35:0/2667754393 (peer_addr_for_me v2:172.21.15.35:0/0)
2023-03-17T07:49:13.069 INFO:teuthology.orchestra.run.smithi035.stdout:/usr/bin/ceph: stderr
2023-03-17T07:46:19.969+0000 7fa2408d6700 1 -- 172.21.15.35:0/2667754393 --> [v2:172.21.15.35:3300/0,v1:172.21.15.35:6789/0] -- mon_subscribe({config=0+,monmap=0+}) v3 -- 0x7fa23c074190 con 0x7fa23c1063f0
2023-03-17T07:49:13.070 INFO:teuthology.orchestra.run.smithi035.stdout:/usr/bin/ceph: stderr
2023-03-17T07:46:19.969+0000 7fa2408d6700 1 --2- 172.21.15.35:0/2667754393 >> [v2:172.21.15.35:3300/0,v1:172.21.15.35:6789/0] conn(0x7fa23c1063f0 0x7fa23c1087d0 secure :-1 s=READY pgs=39 cs=0 l=1 rev1=1 crypto rx=0x7fa2300098a0 tx=0x7fa230009bb0 comp rx=0 tx=0).ready entity=mon.0 client_cookie=73ea5ef2705cee server_cookie=0 in_seq=0 out_seq=0
2023-03-17T07:49:13.577 INFO:teuthology.orchestra.run.smithi035.stdout:/usr/bin/ceph: stderr
2023-03-17T07:46:19.969+0000 7fa23b7fe700 1 -- 172.21.15.35:0/2667754393 <== mon.0 v2:172.21.15.35:3300/0 1 ==== mon_map magic: 0 v1 ==== 205+0+0 (secure 0 0 0) 0x7fa230004160 con 0x7fa23c1063f0
2023-03-17T07:49:13.577 INFO:teuthology.orchestra.run.smithi035.stdout:/usr/bin/ceph: stderr
2023-03-17T07:46:19.969+0000 7fa23b7fe700 1 -- 172.21.15.35:0/2667754393 <== mon.0 v2:172.21.15.35:3300/0 2 ==== config(25 keys) v1 ==== 1036+0+0 (secure 0 0 0) 0x7fa2300042c0 con 0x7fa23c1063f0
2023-03-17T07:49:13.968 INFO:teuthology.orchestra.run.smithi035.stdout:/usr/bin/ceph: stderr
2023-03-17T07:46:19.969+0000 7fa23b7fe700 1 -- 172.21.15.35:0/2667754393 <== mon.0 v2:172.21.15.35:3300/0 3 ==== mon_map magic: 0 v1 ==== 205+0+0 (secure 0 0 0) 0x7fa230011940 con 0x7fa23c1063f0
2023-03-17T07:49:13.968 INFO:teuthology.orchestra.run.smithi035.stdout:/usr/bin/ceph: stderr
2023-03-17T07:46:19.970+0000 7fa242b3a700 1 -- 172.21.15.35:0/2667754393 >> [v2:172.21.15.35:3300/0,v1:172.21.15.35:6789/0] conn(0x7fa23c1063f0 msgr2=0x7fa23c1087d0 secure :-1 s=STATE_CONNECTION_ESTABLISHED l=1).mark_down
2023-03-17T07:49:13.968 INFO:teuthology.orchestra.run.smithi035.stdout:/usr/bin/ceph: stderr
2023-03-17T07:46:19.970+0000 7fa242b3a700 1 --2- 172.21.15.35:0/2667754393 >> [v2:172.21.15.35:3300/0,v1:172.21.15.35:6789/0] conn(0x7fa23c1063f0 0x7fa23c1087d0 secure :-1 s=READY pgs=39 cs=0 l=1 rev1=1 crypto rx=0x7fa2300098a0 tx=0x7fa230009bb0 comp rx=0 tx=0).stop
2023-03-17T07:49:13.968 INFO:teuthology.orchestra.run.smithi035.stdout:/usr/bin/ceph: stderr
2023-03-17T07:46:19.970+0000 7fa242b3a700 1 -- 172.21.15.35:0/2667754393 shutdown_connections
2023-03-17T07:49:13.968 INFO:teuthology.orchestra.run.smithi035.stdout:/usr/bin/ceph: stderr
2023-03-17T07:46:19.970+0000 7fa242b3a700 1 --2- 172.21.15.35:0/2667754393 >> [v2:172.21.15.35:3300/0,v1:172.21.15.35:6789/0] conn(0x7fa23c1063f0 0x7fa23c1087d0 unknown :-1 s=CLOSED pgs=39 cs=0 l=1 rev1=1 crypto rx=0 tx=0 comp rx=0 tx=0).stop
2023-03-17T07:49:13.968 INFO:teuthology.orchestra.run.smithi035.stdout:/usr/bin/ceph: stderr
2023-03-17T07:46:19.970+0000 7fa242b3a700 1 -- 172.21.15.35:0/2667754393 >> 172.21.15.35:0/2667754393 conn(0x7fa23c0ffeb0 msgr2=0x7fa23c1022c0 unknown :-1 s=STATE_NONE l=0).mark_down
2023-03-17T07:49:13.968 INFO:teuthology.orchestra.run.smithi035.stdout:/usr/bin/ceph: stderr
2023-03-17T07:46:19.970+0000 7fa242b3a700 1 -- 172.21.15.35:0/2667754393 shutdown_connections
2023-03-17T07:49:13.968 INFO:teuthology.orchestra.run.smithi035.stdout:/usr/bin/ceph: stderr
2023-03-17T07:46:19.970+0000 7fa242b3a700 1 -- 172.21.15.35:0/2667754393 wait complete.
2023-03-17T07:49:13.968 INFO:teuthology.orchestra.run.smithi035.stdout:/usr/bin/ceph: stderr
2023-03-17T07:46:19.970+0000 7fa242b3a700 1 Processor -- start
2023-03-17T07:49:13.968 INFO:teuthology.orchestra.run.smithi035.stdout:/usr/bin/ceph: stderr
2023-03-17T07:46:19.971+0000 7fa242b3a700 1 -- start start
2023-03-17T07:49:13.968 INFO:teuthology.orchestra.run.smithi035.stdout:/usr/bin/ceph: stderr
2023-03-17T07:46:19.971+0000 7fa242b3a700 1 --2- >> [v2:172.21.15.35:3300/0,v1:172.21.15.35:6789/0] conn(0x7fa23c1063f0 0x7fa23c105d50 unknown :-1 s=NONE pgs=0 cs=0 l=1 rev1=0 crypto rx=0 tx=0 comp rx=0 tx=0).connect
2023-03-17T07:49:13.968 INFO:teuthology.orchestra.run.smithi035.stdout:/usr/bin/ceph: stderr
2023-03-17T07:46:19.971+0000 7fa242b3a700 1 -- --> [v2:172.21.15.35:3300/0,v1:172.21.15.35:6789/0] -- mon_getmap magic: 0 v1 -- 0x7fa23c106290 con 0x7fa23c1063f0
2023-03-17T07:49:13.968 INFO:teuthology.orchestra.run.smithi035.stdout:/usr/bin/ceph: stderr
2023-03-17T07:46:19.971+0000 7fa2408d6700 1 --2- >> [v2:172.21.15.35:3300/0,v1:172.21.15.35:6789/0] conn(0x7fa23c1063f0 0x7fa23c105d50 unknown :-1 s=BANNER_CONNECTING pgs=0 cs=0 l=1 rev1=0 crypto rx=0 tx=0 comp rx=0 tx=0)._handle_peer_banner_payload supported=3 required=0
2023-03-17T07:49:13.968 INFO:teuthology.orchestra.run.smithi035.stdout:/usr/bin/ceph: stderr
2023-03-17T07:46:19.971+0000 7fa2408d6700 1 --2- >> [v2:172.21.15.35:3300/0,v1:172.21.15.35:6789/0] conn(0x7fa23c1063f0 0x7fa23c105d50 unknown :-1 s=HELLO_CONNECTING pgs=0 cs=0 l=1 rev1=1 crypto rx=0 tx=0 comp rx=0 tx=0).handle_hello peer v2:172.21.15.35:3300/0 says I am v2:172.21.15.35:38980/0 (socket says 172.21.15.35:38980)
2023-03-17T07:49:13.969 INFO:teuthology.orchestra.run.smithi035.stdout:/usr/bin/ceph: stderr
2023-03-17T07:46:19.971+0000 7fa2408d6700 1 -- 172.21.15.35:0/699865918 learned_addr learned my addr 172.21.15.35:0/699865918 (peer_addr_for_me v2:172.21.15.35:0/0)
2023-03-17T07:49:13.969 INFO:teuthology.orchestra.run.smithi035.stdout:/usr/bin/ceph: stderr
2023-03-17T07:46:19.971+0000 7fa2408d6700 1 -- 172.21.15.35:0/699865918 --> [v2:172.21.15.35:3300/0,v1:172.21.15.35:6789/0] -- mon_subscribe({config=0+,monmap=0+}) v3 -- 0x7fa230009550 con 0x7fa23c1063f0
2023-03-17T07:49:13.969 INFO:teuthology.orchestra.run.smithi035.stdout:/usr/bin/ceph: stderr
2023-03-17T07:46:19.971+0000 7fa2408d6700 1 --2- 172.21.15.35:0/699865918 >> [v2:172.21.15.35:3300/0,v1:172.21.15.35:6789/0] conn(0x7fa23c1063f0 0x7fa23c105d50 secure :-1 s=READY pgs=40 cs=0 l=1 rev1=1 crypto rx=0x7fa230000c00 tx=0x7fa230011e70 comp rx=0 tx=0).ready entity=mon.0 client_cookie=0 server_cookie=0 in_seq=0 out_seq=0
2023-03-17T07:49:13.969 INFO:teuthology.orchestra.run.smithi035.stdout:/usr/bin/ceph: stderr
2023-03-17T07:46:19.971+0000 7fa239ffb700 1 -- 172.21.15.35:0/699865918 <== mon.0 v2:172.21.15.35:3300/0 1 ==== mon_map magic: 0 v1 ==== 205+0+0 (secure 0 0 0) 0x7fa2300036a0 con 0x7fa23c1063f0
2023-03-17T07:49:13.969 INFO:teuthology.orchestra.run.smithi035.stdout:/usr/bin/ceph: stderr
2023-03-17T07:46:19.971+0000 7fa239ffb700 1 -- 172.21.15.35:0/699865918 <== mon.0 v2:172.21.15.35:3300/0 2 ==== config(25 keys) v1 ==== 1036+0+0 (secure 0 0 0) 0x7fa23001b440 con 0x7fa23c1063f0
2023-03-17T07:49:13.969 INFO:teuthology.orchestra.run.smithi035.stdout:/usr/bin/ceph: stderr
2023-03-17T07:46:19.971+0000 7fa242b3a700 1 -- 172.21.15.35:0/699865918 --> [v2:172.21.15.35:3300/0,v1:172.21.15.35:6789/0] -- mon_subscribe({mgrmap=0+}) v3 -- 0x7fa23c109b10 con 0x7fa23c1063f0
2023-03-17T07:49:14.421 INFO:teuthology.orchestra.run.smithi035.stdout:/usr/bin/ceph: stderr
2023-03-17T07:46:19.972+0000 7fa239ffb700 1 -- 172.21.15.35:0/699865918 <== mon.0 v2:172.21.15.35:3300/0 3 ==== mon_map magic: 0 v1 ==== 205+0+0 (secure 0 0 0) 0x7fa2300193f0 con 0x7fa23c1063f0
2023-03-17T07:49:14.421 INFO:teuthology.orchestra.run.smithi035.stdout:/usr/bin/ceph: stderr
2023-03-17T07:46:19.972+0000 7fa242b3a700 1 -- 172.21.15.35:0/699865918 --> [v2:172.21.15.35:3300/0,v1:172.21.15.35:6789/0] -- mon_subscribe({osdmap=0}) v3 -- 0x7fa23c109980 con 0x7fa23c1063f0
2023-03-17T07:49:14.421 INFO:teuthology.orchestra.run.smithi035.stdout:/usr/bin/ceph: stderr
2023-03-17T07:46:19.973+0000 7fa239ffb700 1 -- 172.21.15.35:0/699865918 <== mon.0 v2:172.21.15.35:3300/0 4 ==== mgrmap(e 8) v1 ==== 44665+0+0 (secure 0 0 0) 0x7fa230019630 con 0x7fa23c1063f0
2023-03-17T07:49:14.421 INFO:teuthology.orchestra.run.smithi035.stdout:/usr/bin/ceph: stderr
2023-03-17T07:46:19.973+0000 7fa242b3a700 1 -- 172.21.15.35:0/699865918 --> [v2:172.21.15.35:3300/0,v1:172.21.15.35:6789/0] -- mon_command({"prefix": "get_command_descriptions"} v 0) v1 -- 0x7fa23c0620b0 con 0x7fa23c1063f0
2023-03-17T07:49:14.421 INFO:teuthology.orchestra.run.smithi035.stdout:/usr/bin/ceph: stderr
2023-03-17T07:46:19.973+0000 7fa239ffb700 1 --2- 172.21.15.35:0/699865918 >> [v2:172.21.15.35:6800/1582063547,v1:172.21.15.35:6801/1582063547] conn(0x7fa22c037e50 0x7fa22c03a300 unknown :-1 s=NONE pgs=0 cs=0 l=1 rev1=0 crypto rx=0 tx=0 comp rx=0 tx=0).connect
2023-03-17T07:49:14.421 INFO:teuthology.orchestra.run.smithi035.stdout:/usr/bin/ceph: stderr
2023-03-17T07:46:19.973+0000 7fa239ffb700 1 -- 172.21.15.35:0/699865918 <== mon.0 v2:172.21.15.35:3300/0 5 ==== osd_map(2..2 src has 1..2) v4 ==== 940+0+0 (secure 0 0 0) 0x7fa23004bba0 con 0x7fa23c1063f0
2023-03-17T07:49:14.421 INFO:teuthology.orchestra.run.smithi035.stdout:/usr/bin/ceph: stderr
2023-03-17T07:46:19.973+0000 7fa23bfff700 1 --2- 172.21.15.35:0/699865918 >> [v2:172.21.15.35:6800/1582063547,v1:172.21.15.35:6801/1582063547] conn(0x7fa22c037e50 0x7fa22c03a300 unknown :-1 s=BANNER_CONNECTING pgs=0 cs=0 l=1 rev1=0 crypto rx=0 tx=0 comp rx=0 tx=0)._handle_peer_banner_payload supported=3 required=0
2023-03-17T07:49:14.421 INFO:teuthology.orchestra.run.smithi035.stdout:/usr/bin/ceph: stderr
2023-03-17T07:46:19.974+0000 7fa23bfff700 1 --2- 172.21.15.35:0/699865918 >> [v2:172.21.15.35:6800/1582063547,v1:172.21.15.35:6801/1582063547] conn(0x7fa22c037e50 0x7fa22c03a300 secure :-1 s=READY pgs=8 cs=0 l=1 rev1=1 crypto rx=0x7fa228006fd0 tx=0x7fa228006e40 comp rx=0 tx=0).ready entity=mgr.14120 client_cookie=0 server_cookie=0 in_seq=0 out_seq=0
2023-03-17T07:49:14.421 INFO:teuthology.orchestra.run.smithi035.stdout:/usr/bin/ceph: stderr
2023-03-17T07:46:19.978+0000 7fa239ffb700 1 -- 172.21.15.35:0/699865918 <== mon.0 v2:172.21.15.35:3300/0 6 ==== mon_command_ack([{"prefix": "get_command_descriptions"}]=0 v0) v1 ==== 72+0+177564 (secure 0 0 0) 0x7fa230018d20 con 0x7fa23c1063f0
2023-03-17T07:49:14.422 INFO:teuthology.orchestra.run.smithi035.stdout:/usr/bin/ceph: stderr
2023-03-17T07:46:20.337+0000 7fa242b3a700 1 -- 172.21.15.35:0/699865918 --> [v2:172.21.15.35:6800/1582063547,v1:172.21.15.35:6801/1582063547] -- mgr_command(tid 0: {"prefix": "cephadm set-user", "user": "root", "target": ["mon-mgr", ""]}) v1 -- 0x7fa23c105270 con 0x7fa22c037e50
2023-03-17T07:49:14.422 INFO:teuthology.orchestra.run.smithi035.stdout:/usr/bin/ceph: stderr
2023-03-17T07:46:20.338+0000 7fa239ffb700 1 -- 172.21.15.35:0/699865918 <== mgr.14120 v2:172.21.15.35:6800/1582063547 1 ==== mgr_command_reply(tid 0: 0 ) v1 ==== 8+0+16 (secure 0 0 0) 0x7fa23c105270 con 0x7fa22c037e50
2023-03-17T07:49:15.688 INFO:teuthology.orchestra.run.smithi035.stdout:/usr/bin/ceph: stderr
2023-03-17T07:46:20.340+0000 7fa242b3a700 1 -- 172.21.15.35:0/699865918 >> [v2:172.21.15.35:6800/1582063547,v1:172.21.15.35:6801/1582063547] conn(0x7fa22c037e50 msgr2=0x7fa22c03a300 secure :-1 s=STATE_CONNECTION_ESTABLISHED l=1).mark_down
2023-03-17T07:49:15.689 INFO:teuthology.orchestra.run.smithi035.stdout:/usr/bin/ceph: stderr
2023-03-17T07:46:20.340+0000 7fa242b3a700 1 --2- 172.21.15.35:0/699865918 >> [v2:172.21.15.35:6800/1582063547,v1:172.21.15.35:6801/1582063547] conn(0x7fa22c037e50 0x7fa22c03a300 secure :-1 s=READY pgs=8 cs=0 l=1 rev1=1 crypto rx=0x7fa228006fd0 tx=0x7fa228006e40 comp rx=0 tx=0).stop
2023-03-17T07:49:15.689 INFO:teuthology.orchestra.run.smithi035.stdout:/usr/bin/ceph: stderr
2023-03-17T07:46:20.340+0000 7fa242b3a700 1 -- 172.21.15.35:0/699865918 >> [v2:172.21.15.35:3300/0,v1:172.21.15.35:6789/0] conn(0x7fa23c1063f0 msgr2=0x7fa23c105d50 secure :-1 s=STATE_CONNECTION_ESTABLISHED l=1).mark_down
2023-03-17T07:49:15.689 INFO:teuthology.orchestra.run.smithi035.stdout:/usr/bin/ceph: stderr
2023-03-17T07:46:20.340+0000 7fa242b3a700 1 --2- 172.21.15.35:0/699865918 >> [v2:172.21.15.35:3300/0,v1:172.21.15.35:6789/0] conn(0x7fa23c1063f0 0x7fa23c105d50 secure :-1 s=READY pgs=40 cs=0 l=1 rev1=1 crypto rx=0x7fa230000c00 tx=0x7fa230011e70 comp rx=0 tx=0).stop
2023-03-17T07:49:15.689 INFO:teuthology.orchestra.run.smithi035.stdout:/usr/bin/ceph: stderr
2023-03-17T07:46:20.340+0000 7fa242b3a700 1 -- 172.21.15.35:0/699865918 shutdown_connections
2023-03-17T07:49:15.689 INFO:teuthology.orchestra.run.smithi035.stdout:/usr/bin/ceph: stderr
2023-03-17T07:46:20.340+0000 7fa242b3a700 1 --2- 172.21.15.35:0/699865918 >> [v2:172.21.15.35:6800/1582063547,v1:172.21.15.35:6801/1582063547] conn(0x7fa22c037e50 0x7fa22c03a300 unknown :-1 s=CLOSED pgs=8 cs=0 l=1 rev1=1 crypto rx=0 tx=0 comp rx=0 tx=0).stop
2023-03-17T07:49:15.689 INFO:teuthology.orchestra.run.smithi035.stdout:/usr/bin/ceph: stderr
2023-03-17T07:46:20.340+0000 7fa242b3a700 1 --2- 172.21.15.35:0/699865918 >> [v2:172.21.15.35:3300/0,v1:172.21.15.35:6789/0] conn(0x7fa23c1063f0 0x7fa23c105d50 unknown :-1 s=CLOSED pgs=40 cs=0 l=1 rev1=1 crypto rx=0 tx=0 comp rx=0 tx=0).stop
2023-03-17T07:49:16.701 INFO:teuthology.orchestra.run.smithi035.stdout:/usr/bin/ceph: stderr
2023-03-17T07:46:20.340+0000 7fa242b3a700 1 -- 172.21.15.35:0/699865918 >> 172.21.15.35:0/699865918 conn(0x7fa23c0ffeb0 msgr2=0x7fa23c100bd0 unknown :-1 s=STATE_NONE l=0).mark_down
2023-03-17T07:49:16.701 INFO:teuthology.orchestra.run.smithi035.stdout:/usr/bin/ceph: stderr
2023-03-17T07:46:20.340+0000 7fa242b3a700 1 -- 172.21.15.35:0/699865918 shutdown_connections
2023-03-17T07:49:16.701 INFO:teuthology.orchestra.run.smithi035.stdout:/usr/bin/ceph: stderr
2023-03-17T07:46:20.340+0000 7fa242b3a700 1 -- 172.21.15.35:0/699865918 wait complete.
2023-03-17T07:49:16.701 INFO:teuthology.orchestra.run.smithi035.stdout:Generating ssh key...
2023-03-17T07:49:16.702 INFO:journalctl@ceph.mon.a.smithi035.stdout:Mar 17 07:46:20 smithi035 ceph-mon[92535]: from='client.14132 -' entity='client.admin' cmd=[{"prefix": "orch set backend", "module_name": "cephadm", "target": ["mon-mgr", ""]}]: dispatch
2023-03-17T07:49:16.702 INFO:journalctl@ceph.mon.a.smithi035.stdout:Mar 17 07:46:20 smithi035 ceph-mon[92535]: [17/Mar/2023:07:46:19] ENGINE Bus STARTING
2023-03-17T07:49:16.702 INFO:journalctl@ceph.mon.a.smithi035.stdout:Mar 17 07:46:20 smithi035 ceph-mon[92535]: [17/Mar/2023:07:46:19] ENGINE Serving on http://172.21.15.35:8765
2023-03-17T07:49:16.702 INFO:journalctl@ceph.mon.a.smithi035.stdout:Mar 17 07:46:20 smithi035 ceph-mon[92535]: mgrmap e8: x(active, since 3s)
2023-03-17T07:49:16.702 INFO:journalctl@ceph.mon.a.smithi035.stdout:Mar 17 07:46:20 smithi035 ceph-mon[92535]: from='mgr.14120 172.21.15.35:0/3746611832' entity='mgr.x' cmd=[{"prefix": "config dump", "format": "json"}]: dispatch
2023-03-17T07:49:17.208 INFO:journalctl@ceph.mon.a.smithi035.stdout:Mar 17 07:46:21 smithi035 ceph-mon[92535]: [17/Mar/2023:07:46:19] ENGINE Serving on https://172.21.15.35:7150
2023-03-17T07:49:17.208 INFO:journalctl@ceph.mon.a.smithi035.stdout:Mar 17 07:46:21 smithi035 ceph-mon[92535]: [17/Mar/2023:07:46:19] ENGINE Bus STARTED
2023-03-17T07:49:17.208 INFO:journalctl@ceph.mon.a.smithi035.stdout:Mar 17 07:46:21 smithi035 ceph-mon[92535]: from='client.14134 -' entity='client.admin' cmd=[{"prefix": "cephadm set-user", "user": "root", "target": ["mon-mgr", ""]}]: dispatch
2023-03-17T07:49:17.208 INFO:journalctl@ceph.mon.a.smithi035.stdout:Mar 17 07:46:21 smithi035 ceph-mon[92535]: from='mgr.14120 172.21.15.35:0/3746611832' entity='mgr.x'
2023-03-17T07:49:17.208 INFO:journalctl@ceph.mon.a.smithi035.stdout:Mar 17 07:46:21 smithi035 ceph-mon[92535]: from='mgr.14120 172.21.15.35:0/3746611832' entity='mgr.x'
2023-03-17T07:49:18.081 INFO:journalctl@ceph.mgr.x.smithi035.stdout:Mar 17 07:46:21 smithi035 ceph-80b32574-c497-11ed-9afb-001a4aab830c-mgr-x[92781]: Generating public/private rsa key pair.
2023-03-17T07:49:18.081 INFO:journalctl@ceph.mgr.x.smithi035.stdout:Mar 17 07:46:21 smithi035 ceph-80b32574-c497-11ed-9afb-001a4aab830c-mgr-x[92781]: Your identification has been saved in /tmp/tmpw7q1b42i/key.
2023-03-17T07:49:18.081 INFO:journalctl@ceph.mgr.x.smithi035.stdout:Mar 17 07:46:21 smithi035 ceph-80b32574-c497-11ed-9afb-001a4aab830c-mgr-x[92781]: Your public key has been saved in /tmp/tmpw7q1b42i/key.pub.
2023-03-17T07:49:18.082 INFO:journalctl@ceph.mgr.x.smithi035.stdout:Mar 17 07:46:21 smithi035 ceph-80b32574-c497-11ed-9afb-001a4aab830c-mgr-x[92781]: The key fingerprint is:
2023-03-17T07:49:18.082 INFO:journalctl@ceph.mgr.x.smithi035.stdout:Mar 17 07:46:21 smithi035 ceph-80b32574-c497-11ed-9afb-001a4aab830c-mgr-x[92781]: SHA256:/oSl3F3cIQw6idiFPGKPpQH5f7jUDMO5lK9anPacll0 ceph-80b32574-c497-11ed-9afb-001a4aab830c
2023-03-17T07:49:18.082 INFO:journalctl@ceph.mgr.x.smithi035.stdout:Mar 17 07:46:21 smithi035 ceph-80b32574-c497-11ed-9afb-001a4aab830c-mgr-x[92781]: The key's randomart image is:
2023-03-17T07:49:18.082 INFO:journalctl@ceph.mgr.x.smithi035.stdout:Mar 17 07:46:21 smithi035 ceph-80b32574-c497-11ed-9afb-001a4aab830c-mgr-x[92781]: +---[RSA 3072]----+
2023-03-17T07:49:18.082 INFO:journalctl@ceph.mgr.x.smithi035.stdout:Mar 17 07:46:21 smithi035 ceph-80b32574-c497-11ed-9afb-001a4aab830c-mgr-x[92781]: | .o . .. . |
2023-03-17T07:49:18.082 INFO:journalctl@ceph.mgr.x.smithi035.stdout:Mar 17 07:46:21 smithi035 ceph-80b32574-c497-11ed-9afb-001a4aab830c-mgr-x[92781]: | . +o=o o o |
2023-03-17T07:49:18.082 INFO:journalctl@ceph.mgr.x.smithi035.stdout:Mar 17 07:46:21 smithi035 ceph-80b32574-c497-11ed-9afb-001a4aab830c-mgr-x[92781]: | o.Oo++ o . |
2023-03-17T07:49:18.082 INFO:journalctl@ceph.mgr.x.smithi035.stdout:Mar 17 07:46:21 smithi035 ceph-80b32574-c497-11ed-9afb-001a4aab830c-mgr-x[92781]: | + O . ....|
2023-03-17T07:49:18.082 INFO:journalctl@ceph.mgr.x.smithi035.stdout:Mar 17 07:46:21 smithi035 ceph-80b32574-c497-11ed-9afb-001a4aab830c-mgr-x[92781]: | o S . o .|
2023-03-17T07:49:18.082 INFO:journalctl@ceph.mgr.x.smithi035.stdout:Mar 17 07:46:21 smithi035 ceph-80b32574-c497-11ed-9afb-001a4aab830c-mgr-x[92781]: | .B.X . E |
2023-03-17T07:49:18.082 INFO:journalctl@ceph.mgr.x.smithi035.stdout:Mar 17 07:46:21 smithi035 ceph-80b32574-c497-11ed-9afb-001a4aab830c-mgr-x[92781]: | .=O = o |
2023-03-17T07:49:18.082 INFO:journalctl@ceph.mgr.x.smithi035.stdout:Mar 17 07:46:21 smithi035 ceph-80b32574-c497-11ed-9afb-001a4aab830c-mgr-x[92781]: | ooo=.. |
2023-03-17T07:49:18.082 INFO:journalctl@ceph.mgr.x.smithi035.stdout:Mar 17 07:46:21 smithi035 ceph-80b32574-c497-11ed-9afb-001a4aab830c-mgr-x[92781]: | .. .+. |
2023-03-17T07:49:18.082 INFO:journalctl@ceph.mgr.x.smithi035.stdout:Mar 17 07:46:21 smithi035 ceph-80b32574-c497-11ed-9afb-001a4aab830c-mgr-x[92781]: +----[SHA256]-----+
2023-03-17T07:49:18.086 INFO:teuthology.orchestra.run.smithi035.stdout:/usr/bin/ceph: stderr
2023-03-17T07:46:21.208+0000 7f3b65183700 1 Processor -- start
2023-03-17T07:49:18.962 INFO:teuthology.orchestra.run.smithi035.stdout:/usr/bin/ceph: stderr
2023-03-17T07:46:21.208+0000 7f3b65183700 1 -- start start
2023-03-17T07:49:18.962 INFO:teuthology.orchestra.run.smithi035.stdout:/usr/bin/ceph: stderr
2023-03-17T07:46:21.208+0000 7f3b65183700 1 --2- >> [v2:172.21.15.35:3300/0,v1:172.21.15.35:6789/0] conn(0x7f3b601058e0 0x7f3b60105cf0 unknown :-1 s=NONE pgs=0 cs=0 l=0 rev1=0 crypto rx=0 tx=0 comp rx=0 tx=0).connect
2023-03-17T07:49:18.963 INFO:teuthology.orchestra.run.smithi035.stdout:/usr/bin/ceph: stderr
2023-03-17T07:46:21.208+0000 7f3b65183700 1 -- --> [v2:172.21.15.35:3300/0,v1:172.21.15.35:6789/0] -- mon_getmap magic: 0 v1 -- 0x7f3b60106230 con 0x7f3b601058e0
2023-03-17T07:49:18.963 INFO:teuthology.orchestra.run.smithi035.stdout:/usr/bin/ceph: stderr
2023-03-17T07:46:21.208+0000 7f3b5ed9d700 1 --2- >> [v2:172.21.15.35:3300/0,v1:172.21.15.35:6789/0] conn(0x7f3b601058e0 0x7f3b60105cf0 unknown :-1 s=BANNER_CONNECTING pgs=0 cs=0 l=0 rev1=0 crypto rx=0 tx=0 comp rx=0 tx=0)._handle_peer_banner_payload supported=3 required=0
2023-03-17T07:49:18.963 INFO:teuthology.orchestra.run.smithi035.stdout:/usr/bin/ceph: stderr
2023-03-17T07:46:21.209+0000 7f3b5ed9d700 1 --2- >> [v2:172.21.15.35:3300/0,v1:172.21.15.35:6789/0] conn(0x7f3b601058e0 0x7f3b60105cf0 unknown :-1 s=HELLO_CONNECTING pgs=0 cs=0 l=0 rev1=1 crypto rx=0 tx=0 comp rx=0 tx=0).handle_hello peer v2:172.21.15.35:3300/0 says I am v2:172.21.15.35:38984/0 (socket says 172.21.15.35:38984)
2023-03-17T07:49:18.963 INFO:teuthology.orchestra.run.smithi035.stdout:/usr/bin/ceph: stderr
2023-03-17T07:46:21.209+0000 7f3b5ed9d700 1 -- 172.21.15.35:0/1304301915 learned_addr learned my addr 172.21.15.35:0/1304301915 (peer_addr_for_me v2:172.21.15.35:0/0)
2023-03-17T07:49:18.963 INFO:teuthology.orchestra.run.smithi035.stdout:/usr/bin/ceph: stderr
2023-03-17T07:46:21.209+0000 7f3b5ed9d700 1 -- 172.21.15.35:0/1304301915 --> [v2:172.21.15.35:3300/0,v1:172.21.15.35:6789/0] -- mon_subscribe({config=0+,monmap=0+}) v3 -- 0x7f3b60106370 con 0x7f3b601058e0
2023-03-17T07:49:18.963 INFO:teuthology.orchestra.run.smithi035.stdout:/usr/bin/ceph: stderr
2023-03-17T07:46:21.209+0000 7f3b5ed9d700 1 --2- 172.21.15.35:0/1304301915 >> [v2:172.21.15.35:3300/0,v1:172.21.15.35:6789/0] conn(0x7f3b601058e0 0x7f3b60105cf0 secure :-1 s=READY pgs=41 cs=0 l=1 rev1=1 crypto rx=0x7f3b540098a0 tx=0x7f3b54009bb0 comp rx=0 tx=0).ready entity=mon.0 client_cookie=f9569476e103a14b server_cookie=0 in_seq=0 out_seq=0
2023-03-17T07:49:18.963 INFO:teuthology.orchestra.run.smithi035.stdout:/usr/bin/ceph: stderr
2023-03-17T07:46:21.209+0000 7f3b5dd9b700 1 -- 172.21.15.35:0/1304301915 <== mon.0 v2:172.21.15.35:3300/0 1 ==== mon_map magic: 0 v1 ==== 205+0+0 (secure 0 0 0) 0x7f3b54004160 con 0x7f3b601058e0
2023-03-17T07:49:18.963 INFO:teuthology.orchestra.run.smithi035.stdout:/usr/bin/ceph: stderr
2023-03-17T07:46:21.209+0000 7f3b5dd9b700 1 -- 172.21.15.35:0/1304301915 <== mon.0 v2:172.21.15.35:3300/0 2 ==== config(25 keys) v1 ==== 1036+0+0 (secure 0 0 0) 0x7f3b540042c0 con 0x7f3b601058e0
2023-03-17T07:49:18.963 INFO:teuthology.orchestra.run.smithi035.stdout:/usr/bin/ceph: stderr
2023-03-17T07:46:21.209+0000 7f3b5dd9b700 1 -- 172.21.15.35:0/1304301915 <== mon.0 v2:172.21.15.35:3300/0 3 ==== mon_map magic: 0 v1 ==== 205+0+0 (secure 0 0 0) 0x7f3b54011940 con 0x7f3b601058e0
2023-03-17T07:49:18.963 INFO:teuthology.orchestra.run.smithi035.stdout:/usr/bin/ceph: stderr
2023-03-17T07:46:21.210+0000 7f3b65183700 1 -- 172.21.15.35:0/1304301915 >> [v2:172.21.15.35:3300/0,v1:172.21.15.35:6789/0] conn(0x7f3b601058e0 msgr2=0x7f3b60105cf0 secure :-1 s=STATE_CONNECTION_ESTABLISHED l=1).mark_down
2023-03-17T07:49:18.963 INFO:teuthology.orchestra.run.smithi035.stdout:/usr/bin/ceph: stderr
2023-03-17T07:46:21.210+0000 7f3b65183700 1 --2- 172.21.15.35:0/1304301915 >> [v2:172.21.15.35:3300/0,v1:172.21.15.35:6789/0] conn(0x7f3b601058e0 0x7f3b60105cf0 secure :-1 s=READY pgs=41 cs=0 l=1 rev1=1 crypto rx=0x7f3b540098a0 tx=0x7f3b54009bb0 comp rx=0 tx=0).stop
2023-03-17T07:49:18.963 INFO:teuthology.orchestra.run.smithi035.stdout:/usr/bin/ceph: stderr
2023-03-17T07:46:21.210+0000 7f3b65183700 1 -- 172.21.15.35:0/1304301915 shutdown_connections
2023-03-17T07:49:18.963 INFO:teuthology.orchestra.run.smithi035.stdout:/usr/bin/ceph: stderr
2023-03-17T07:46:21.210+0000 7f3b65183700 1 --2- 172.21.15.35:0/1304301915 >> [v2:172.21.15.35:3300/0,v1:172.21.15.35:6789/0] conn(0x7f3b601058e0 0x7f3b60105cf0 unknown :-1 s=CLOSED pgs=41 cs=0 l=1 rev1=1 crypto rx=0 tx=0 comp rx=0 tx=0).stop
2023-03-17T07:49:18.963 INFO:teuthology.orchestra.run.smithi035.stdout:/usr/bin/ceph: stderr
2023-03-17T07:46:21.210+0000 7f3b65183700 1 -- 172.21.15.35:0/1304301915 >> 172.21.15.35:0/1304301915 conn(0x7f3b60100fd0 msgr2=0x7f3b601033e0 unknown :-1 s=STATE_NONE l=0).mark_down
2023-03-17T07:49:18.963 INFO:teuthology.orchestra.run.smithi035.stdout:/usr/bin/ceph: stderr
2023-03-17T07:46:21.210+0000 7f3b65183700 1 -- 172.21.15.35:0/1304301915 shutdown_connections
2023-03-17T07:49:18.964 INFO:teuthology.orchestra.run.smithi035.stdout:/usr/bin/ceph: stderr
2023-03-17T07:46:21.210+0000 7f3b65183700 1 -- 172.21.15.35:0/1304301915 wait complete.
2023-03-17T07:49:18.964 INFO:teuthology.orchestra.run.smithi035.stdout:/usr/bin/ceph: stderr
2023-03-17T07:46:21.211+0000 7f3b65183700 1 Processor -- start
2023-03-17T07:49:20.307 INFO:teuthology.orchestra.run.smithi035.stdout:/usr/bin/ceph: stderr
2023-03-17T07:46:21.211+0000 7f3b65183700 1 -- start start
2023-03-17T07:49:20.307 INFO:teuthology.orchestra.run.smithi035.stdout:/usr/bin/ceph: stderr
2023-03-17T07:46:21.211+0000 7f3b65183700 1 --2- >> [v2:172.21.15.35:3300/0,v1:172.21.15.35:6789/0] conn(0x7f3b601058e0 0x7f3b601994e0 unknown :-1 s=NONE pgs=0 cs=0 l=1 rev1=0 crypto rx=0 tx=0 comp rx=0 tx=0).connect
2023-03-17T07:49:20.307 INFO:teuthology.orchestra.run.smithi035.stdout:/usr/bin/ceph: stderr
2023-03-17T07:46:21.211+0000 7f3b65183700 1 -- --> [v2:172.21.15.35:3300/0,v1:172.21.15.35:6789/0] -- mon_getmap magic: 0 v1 -- 0x7f3b60199a20 con 0x7f3b601058e0
2023-03-17T07:49:20.307 INFO:teuthology.orchestra.run.smithi035.stdout:/usr/bin/ceph: stderr
2023-03-17T07:46:21.211+0000 7f3b5ed9d700 1 --2- >> [v2:172.21.15.35:3300/0,v1:172.21.15.35:6789/0] conn(0x7f3b601058e0 0x7f3b601994e0 unknown :-1 s=BANNER_CONNECTING pgs=0 cs=0 l=1 rev1=0 crypto rx=0 tx=0 comp rx=0 tx=0)._handle_peer_banner_payload supported=3 required=0
2023-03-17T07:49:20.307 INFO:teuthology.orchestra.run.smithi035.stdout:/usr/bin/ceph: stderr
2023-03-17T07:46:21.211+0000 7f3b5ed9d700 1 --2- >> [v2:172.21.15.35:3300/0,v1:172.21.15.35:6789/0] conn(0x7f3b601058e0 0x7f3b601994e0 unknown :-1 s=HELLO_CONNECTING pgs=0 cs=0 l=1 rev1=1 crypto rx=0 tx=0 comp rx=0 tx=0).handle_hello peer v2:172.21.15.35:3300/0 says I am v2:172.21.15.35:38986/0 (socket says 172.21.15.35:38986)
2023-03-17T07:49:20.741 INFO:teuthology.orchestra.run.smithi035.stdout:/usr/bin/ceph: stderr
2023-03-17T07:46:21.211+0000 7f3b5ed9d700 1 -- 172.21.15.35:0/4177171880 learned_addr learned my addr 172.21.15.35:0/4177171880 (peer_addr_for_me v2:172.21.15.35:0/0)
2023-03-17T07:49:21.117 INFO:teuthology.orchestra.run.smithi035.stdout:/usr/bin/ceph: stderr
2023-03-17T07:46:21.211+0000 7f3b5ed9d700 1 -- 172.21.15.35:0/4177171880 --> [v2:172.21.15.35:3300/0,v1:172.21.15.35:6789/0] -- mon_subscribe({config=0+,monmap=0+}) v3 -- 0x7f3b54009550 con 0x7f3b601058e0
2023-03-17T07:49:21.117 INFO:teuthology.orchestra.run.smithi035.stdout:/usr/bin/ceph: stderr
2023-03-17T07:46:21.212+0000 7f3b5ed9d700 1 --2- 172.21.15.35:0/4177171880 >> [v2:172.21.15.35:3300/0,v1:172.21.15.35:6789/0] conn(0x7f3b601058e0 0x7f3b601994e0 secure :-1 s=READY pgs=42 cs=0 l=1 rev1=1 crypto rx=0x7f3b54011dc0 tx=0x7f3b54011ea0 comp rx=0 tx=0).ready entity=mon.0 client_cookie=0 server_cookie=0 in_seq=0 out_seq=0
2023-03-17T07:49:21.117 INFO:teuthology.orchestra.run.smithi035.stdout:/usr/bin/ceph: stderr
2023-03-17T07:46:21.212+0000 7f3b47fff700 1 -- 172.21.15.35:0/4177171880 <== mon.0 v2:172.21.15.35:3300/0 1 ==== mon_map magic: 0 v1 ==== 205+0+0 (secure 0 0 0) 0x7f3b540037d0 con 0x7f3b601058e0
2023-03-17T07:49:21.455 INFO:teuthology.orchestra.run.smithi035.stdout:/usr/bin/ceph: stderr
2023-03-17T07:46:21.212+0000 7f3b47fff700 1 -- 172.21.15.35:0/4177171880 <== mon.0 v2:172.21.15.35:3300/0 2 ==== config(25 keys) v1 ==== 1036+0+0 (secure 0 0 0) 0x7f3b5401b440 con 0x7f3b601058e0
2023-03-17T07:49:21.455 INFO:teuthology.orchestra.run.smithi035.stdout:/usr/bin/ceph: stderr
2023-03-17T07:46:21.212+0000 7f3b65183700 1 -- 172.21.15.35:0/4177171880 --> [v2:172.21.15.35:3300/0,v1:172.21.15.35:6789/0] -- mon_subscribe({mgrmap=0+}) v3 -- 0x7f3b601078d0 con 0x7f3b601058e0
2023-03-17T07:49:21.455 INFO:teuthology.orchestra.run.smithi035.stdout:/usr/bin/ceph: stderr
2023-03-17T07:46:21.212+0000 7f3b47fff700 1 -- 172.21.15.35:0/4177171880 <== mon.0 v2:172.21.15.35:3300/0 3 ==== mon_map magic: 0 v1 ==== 205+0+0 (secure 0 0 0) 0x7f3b5401a560 con 0x7f3b601058e0
2023-03-17T07:49:21.455 INFO:teuthology.orchestra.run.smithi035.stdout:/usr/bin/ceph: stderr
2023-03-17T07:46:21.212+0000 7f3b65183700 1 -- 172.21.15.35:0/4177171880 --> [v2:172.21.15.35:3300/0,v1:172.21.15.35:6789/0] -- mon_subscribe({osdmap=0}) v3 -- 0x7f3b60107740 con 0x7f3b601058e0
2023-03-17T07:49:21.820 INFO:teuthology.orchestra.run.smithi035.stdout:/usr/bin/ceph: stderr
2023-03-17T07:46:21.213+0000 7f3b47fff700 1 -- 172.21.15.35:0/4177171880 <== mon.0 v2:172.21.15.35:3300/0 4 ==== mgrmap(e 8) v1 ==== 44665+0+0 (secure 0 0 0) 0x7f3b5401a7d0 con 0x7f3b601058e0
2023-03-17T07:49:21.820 INFO:teuthology.orchestra.run.smithi035.stdout:/usr/bin/ceph: stderr
2023-03-17T07:46:21.213+0000 7f3b65183700 1 -- 172.21.15.35:0/4177171880 --> [v2:172.21.15.35:3300/0,v1:172.21.15.35:6789/0] -- mon_command({"prefix": "get_command_descriptions"} v 0) v1 -- 0x7f3b60109db0 con 0x7f3b601058e0
2023-03-17T07:49:21.821 INFO:teuthology.orchestra.run.smithi035.stdout:/usr/bin/ceph: stderr
2023-03-17T07:46:21.213+0000 7f3b47fff700 1 --2- 172.21.15.35:0/4177171880 >> [v2:172.21.15.35:6800/1582063547,v1:172.21.15.35:6801/1582063547] conn(0x7f3b48037ea0 0x7f3b4803a350 unknown :-1 s=NONE pgs=0 cs=0 l=1 rev1=0 crypto rx=0 tx=0 comp rx=0 tx=0).connect
2023-03-17T07:49:21.821 INFO:teuthology.orchestra.run.smithi035.stdout:/usr/bin/ceph: stderr
2023-03-17T07:46:21.213+0000 7f3b47fff700 1 -- 172.21.15.35:0/4177171880 <== mon.0 v2:172.21.15.35:3300/0 5 ==== osd_map(2..2 src has 1..2) v4 ==== 940+0+0 (secure 0 0 0) 0x7f3b5404b910 con 0x7f3b601058e0
2023-03-17T07:49:21.821 INFO:teuthology.orchestra.run.smithi035.stdout:/usr/bin/ceph: stderr
2023-03-17T07:46:21.213+0000 7f3b5e59c700 1 --2- 172.21.15.35:0/4177171880 >> [v2:172.21.15.35:6800/1582063547,v1:172.21.15.35:6801/1582063547] conn(0x7f3b48037ea0 0x7f3b4803a350 unknown :-1 s=BANNER_CONNECTING pgs=0 cs=0 l=1 rev1=0 crypto rx=0 tx=0 comp rx=0 tx=0)._handle_peer_banner_payload supported=3 required=0
2023-03-17T07:49:21.821 INFO:teuthology.orchestra.run.smithi035.stdout:/usr/bin/ceph: stderr
2023-03-17T07:46:21.214+0000 7f3b5e59c700 1 --2- 172.21.15.35:0/4177171880 >> [v2:172.21.15.35:6800/1582063547,v1:172.21.15.35:6801/1582063547] conn(0x7f3b48037ea0 0x7f3b4803a350 secure :-1 s=READY pgs=9 cs=0 l=1 rev1=1 crypto rx=0x7f3b50006fd0 tx=0x7f3b50006e40 comp rx=0 tx=0).ready entity=mgr.14120 client_cookie=0 server_cookie=0 in_seq=0 out_seq=0
2023-03-17T07:49:21.821 INFO:teuthology.orchestra.run.smithi035.stdout:/usr/bin/ceph: stderr
2023-03-17T07:46:21.218+0000 7f3b47fff700 1 -- 172.21.15.35:0/4177171880 <== mon.0 v2:172.21.15.35:3300/0 6 ==== mon_command_ack([{"prefix": "get_command_descriptions"}]=0 v0) v1 ==== 72+0+177564 (secure 0 0 0) 0x7f3b54023770 con 0x7f3b601058e0
2023-03-17T07:49:21.821 INFO:teuthology.orchestra.run.smithi035.stdout:/usr/bin/ceph: stderr
2023-03-17T07:46:21.579+0000 7f3b65183700 1 -- 172.21.15.35:0/4177171880 --> [v2:172.21.15.35:6800/1582063547,v1:172.21.15.35:6801/1582063547] -- mgr_command(tid 0: {"prefix": "cephadm generate-key", "target": ["mon-mgr", ""]}) v1 -- 0x7f3b60102350 con 0x7f3b48037ea0
2023-03-17T07:49:21.821 INFO:teuthology.orchestra.run.smithi035.stdout:/usr/bin/ceph: stderr
2023-03-17T07:46:21.775+0000 7f3b47fff700 1 -- 172.21.15.35:0/4177171880 <== mgr.14120 v2:172.21.15.35:6800/1582063547 1 ==== mgr_command_reply(tid 0: 0 ) v1 ==== 8+0+0 (secure 0 0 0) 0x7f3b60102350 con 0x7f3b48037ea0
2023-03-17T07:49:21.822 INFO:teuthology.orchestra.run.smithi035.stdout:/usr/bin/ceph: stderr
2023-03-17T07:46:21.777+0000 7f3b65183700 1 -- 172.21.15.35:0/4177171880 >> [v2:172.21.15.35:6800/1582063547,v1:172.21.15.35:6801/1582063547] conn(0x7f3b48037ea0 msgr2=0x7f3b4803a350 secure :-1 s=STATE_CONNECTION_ESTABLISHED l=1).mark_down
2023-03-17T07:49:21.822 INFO:teuthology.orchestra.run.smithi035.stdout:/usr/bin/ceph: stderr
