2023-03-17T07:49:47.027 INFO:teuthology.orchestra.run.smithi035.stdout:/usr/bin/ceph: stderr
2023-03-17T07:46:27.686+0000 7f8a98292700 1 --2- 172.21.15.35:0/3035020983 >> [v2:172.21.15.35:3300/0,v1:172.21.15.35:6789/0] conn(0x7f8a90104d70 0x7f8a901973e0 secure :-1 s=READY pgs=48 cs=0 l=1 rev1=1 crypto rx=0x7f8a8c003df0 tx=0x7f8a8c003ed0 comp rx=0 tx=0).stop
2023-03-17T07:49:47.027 INFO:teuthology.orchestra.run.smithi035.stdout:/usr/bin/ceph: stderr
2023-03-17T07:46:27.686+0000 7f8a98292700 1 -- 172.21.15.35:0/3035020983 shutdown_connections
2023-03-17T07:49:47.027 INFO:teuthology.orchestra.run.smithi035.stdout:/usr/bin/ceph: stderr
2023-03-17T07:46:27.686+0000 7f8a98292700 1 --2- 172.21.15.35:0/3035020983 >> [v2:172.21.15.35:6800/1582063547,v1:172.21.15.35:6801/1582063547] conn(0x7f8a7c037e00 0x7f8a7c03a2b0 unknown :-1 s=CLOSED pgs=12 cs=0 l=1 rev1=1 crypto rx=0 tx=0 comp rx=0 tx=0).stop
2023-03-17T07:49:47.027 INFO:teuthology.orchestra.run.smithi035.stdout:/usr/bin/ceph: stderr
2023-03-17T07:46:27.686+0000 7f8a98292700 1 --2- 172.21.15.35:0/3035020983 >> [v2:172.21.15.35:3300/0,v1:172.21.15.35:6789/0] conn(0x7f8a90104d70 0x7f8a901973e0 unknown :-1 s=CLOSED pgs=48 cs=0 l=1 rev1=1 crypto rx=0 tx=0 comp rx=0 tx=0).stop
2023-03-17T07:49:47.027 INFO:teuthology.orchestra.run.smithi035.stdout:/usr/bin/ceph: stderr
2023-03-17T07:46:27.686+0000 7f8a98292700 1 -- 172.21.15.35:0/3035020983 >> 172.21.15.35:0/3035020983 conn(0x7f8a900ff680 msgr2=0x7f8a9018e300 unknown :-1 s=STATE_NONE l=0).mark_down
2023-03-17T07:49:47.027 INFO:teuthology.orchestra.run.smithi035.stdout:/usr/bin/ceph: stderr
2023-03-17T07:46:27.686+0000 7f8a98292700 1 -- 172.21.15.35:0/3035020983 shutdown_connections
2023-03-17T07:49:48.740 INFO:teuthology.orchestra.run.smithi035.stdout:/usr/bin/ceph: stderr
2023-03-17T07:46:27.686+0000 7f8a98292700 1 -- 172.21.15.35:0/3035020983 wait complete.
2023-03-17T07:49:48.740 INFO:teuthology.orchestra.run.smithi035.stdout:Deploying unmanaged mgr service...
2023-03-17T07:49:49.584 INFO:journalctl@ceph.mon.a.smithi035.stdout:Mar 17 07:46:28 smithi035 ceph-mon[92535]: from='client.14142 -' entity='client.admin' cmd=[{"prefix": "orch apply", "service_type": "mon", "unmanaged": true, "target": ["mon-mgr", ""]}]: dispatch
2023-03-17T07:49:49.584 INFO:journalctl@ceph.mon.a.smithi035.stdout:Mar 17 07:46:28 smithi035 ceph-mon[92535]: Saving service mon spec with placement count:5
2023-03-17T07:49:49.584 INFO:journalctl@ceph.mon.a.smithi035.stdout:Mar 17 07:46:28 smithi035 ceph-mon[92535]: from='mgr.14120 172.21.15.35:0/3746611832' entity='mgr.x'
2023-03-17T07:49:49.584 INFO:journalctl@ceph.mon.a.smithi035.stdout:Mar 17 07:46:28 smithi035 ceph-mon[92535]: from='mgr.14120 172.21.15.35:0/3746611832' entity='mgr.x'
2023-03-17T07:49:49.588 INFO:teuthology.orchestra.run.smithi035.stdout:/usr/bin/ceph: stdout Scheduled mgr update...
2023-03-17T07:49:51.608 INFO:teuthology.orchestra.run.smithi035.stdout:/usr/bin/ceph: stderr
2023-03-17T07:46:28.941+0000 7f7f09447700 1 Processor -- start
2023-03-17T07:49:51.608 INFO:teuthology.orchestra.run.smithi035.stdout:/usr/bin/ceph: stderr
2023-03-17T07:46:28.941+0000 7f7f09447700 1 -- start start
2023-03-17T07:49:51.608 INFO:teuthology.orchestra.run.smithi035.stdout:/usr/bin/ceph: stderr
2023-03-17T07:46:28.941+0000 7f7f09447700 1 --2- >> [v2:172.21.15.35:3300/0,v1:172.21.15.35:6789/0] conn(0x7f7f04104d70 0x7f7f04105180 unknown :-1 s=NONE pgs=0 cs=0 l=0 rev1=0 crypto rx=0 tx=0 comp rx=0 tx=0).connect
2023-03-17T07:49:51.608 INFO:teuthology.orchestra.run.smithi035.stdout:/usr/bin/ceph: stderr
2023-03-17T07:46:28.941+0000 7f7f09447700 1 -- --> [v2:172.21.15.35:3300/0,v1:172.21.15.35:6789/0] -- mon_getmap magic: 0 v1 -- 0x7f7f041056c0 con 0x7f7f04104d70
2023-03-17T07:49:51.608 INFO:teuthology.orchestra.run.smithi035.stdout:/usr/bin/ceph: stderr
2023-03-17T07:46:28.942+0000 7f7f02ffd700 1 --2- >> [v2:172.21.15.35:3300/0,v1:172.21.15.35:6789/0] conn(0x7f7f04104d70 0x7f7f04105180 unknown :-1 s=BANNER_CONNECTING pgs=0 cs=0 l=0 rev1=0 crypto rx=0 tx=0 comp rx=0 tx=0)._handle_peer_banner_payload supported=3 required=0
2023-03-17T07:49:51.608 INFO:teuthology.orchestra.run.smithi035.stdout:/usr/bin/ceph: stderr
2023-03-17T07:46:28.942+0000 7f7f02ffd700 1 --2- >> [v2:172.21.15.35:3300/0,v1:172.21.15.35:6789/0] conn(0x7f7f04104d70 0x7f7f04105180 unknown :-1 s=HELLO_CONNECTING pgs=0 cs=0 l=0 rev1=1 crypto rx=0 tx=0 comp rx=0 tx=0).handle_hello peer v2:172.21.15.35:3300/0 says I am v2:172.21.15.35:39038/0 (socket says 172.21.15.35:39038)
2023-03-17T07:49:52.284 INFO:teuthology.orchestra.run.smithi035.stdout:/usr/bin/ceph: stderr
2023-03-17T07:46:28.942+0000 7f7f02ffd700 1 -- 172.21.15.35:0/1424605860 learned_addr learned my addr 172.21.15.35:0/1424605860 (peer_addr_for_me v2:172.21.15.35:0/0)
2023-03-17T07:49:52.284 INFO:teuthology.orchestra.run.smithi035.stdout:/usr/bin/ceph: stderr
2023-03-17T07:46:28.942+0000 7f7f02ffd700 1 -- 172.21.15.35:0/1424605860 --> [v2:172.21.15.35:3300/0,v1:172.21.15.35:6789/0] -- mon_subscribe({config=0+,monmap=0+}) v3 -- 0x7f7f04105800 con 0x7f7f04104d70
2023-03-17T07:49:52.284 INFO:teuthology.orchestra.run.smithi035.stdout:/usr/bin/ceph: stderr
2023-03-17T07:46:28.942+0000 7f7f02ffd700 1 --2- 172.21.15.35:0/1424605860 >> [v2:172.21.15.35:3300/0,v1:172.21.15.35:6789/0] conn(0x7f7f04104d70 0x7f7f04105180 secure :-1 s=READY pgs=49 cs=0 l=1 rev1=1 crypto rx=0x7f7ef40098a0 tx=0x7f7ef4009bb0 comp rx=0 tx=0).ready entity=mon.0 client_cookie=35ddbb2a88df9456 server_cookie=0 in_seq=0 out_seq=0
2023-03-17T07:49:52.284 INFO:teuthology.orchestra.run.smithi035.stdout:/usr/bin/ceph: stderr
2023-03-17T07:46:28.942+0000 7f7f01ffb700 1 -- 172.21.15.35:0/1424605860 <== mon.0 v2:172.21.15.35:3300/0 1 ==== mon_map magic: 0 v1 ==== 205+0+0 (secure 0 0 0) 0x7f7ef4004160 con 0x7f7f04104d70
2023-03-17T07:49:52.284 INFO:teuthology.orchestra.run.smithi035.stdout:/usr/bin/ceph: stderr
2023-03-17T07:46:28.942+0000 7f7f01ffb700 1 -- 172.21.15.35:0/1424605860 <== mon.0 v2:172.21.15.35:3300/0 2 ==== config(25 keys) v1 ==== 1067+0+0 (secure 0 0 0) 0x7f7ef40042c0 con 0x7f7f04104d70
2023-03-17T07:49:52.284 INFO:teuthology.orchestra.run.smithi035.stdout:/usr/bin/ceph: stderr
2023-03-17T07:46:28.942+0000 7f7f01ffb700 1 -- 172.21.15.35:0/1424605860 <== mon.0 v2:172.21.15.35:3300/0 3 ==== mon_map magic: 0 v1 ==== 205+0+0 (secure 0 0 0) 0x7f7ef40118e0 con 0x7f7f04104d70
2023-03-17T07:49:53.009 INFO:teuthology.orchestra.run.smithi035.stdout:/usr/bin/ceph: stderr
2023-03-17T07:46:28.943+0000 7f7f09447700 1 -- 172.21.15.35:0/1424605860 >> [v2:172.21.15.35:3300/0,v1:172.21.15.35:6789/0] conn(0x7f7f04104d70 msgr2=0x7f7f04105180 secure :-1 s=STATE_CONNECTION_ESTABLISHED l=1).mark_down
2023-03-17T07:49:53.010 INFO:teuthology.orchestra.run.smithi035.stdout:/usr/bin/ceph: stderr
2023-03-17T07:46:28.943+0000 7f7f09447700 1 --2- 172.21.15.35:0/1424605860 >> [v2:172.21.15.35:3300/0,v1:172.21.15.35:6789/0] conn(0x7f7f04104d70 0x7f7f04105180 secure :-1 s=READY pgs=49 cs=0 l=1 rev1=1 crypto rx=0x7f7ef40098a0 tx=0x7f7ef4009bb0 comp rx=0 tx=0).stop
2023-03-17T07:49:53.010 INFO:teuthology.orchestra.run.smithi035.stdout:/usr/bin/ceph: stderr
2023-03-17T07:46:28.944+0000 7f7f09447700 1 -- 172.21.15.35:0/1424605860 shutdown_connections
2023-03-17T07:49:53.010 INFO:teuthology.orchestra.run.smithi035.stdout:/usr/bin/ceph: stderr
2023-03-17T07:46:28.944+0000 7f7f09447700 1 --2- 172.21.15.35:0/1424605860 >> [v2:172.21.15.35:3300/0,v1:172.21.15.35:6789/0] conn(0x7f7f04104d70 0x7f7f04105180 unknown :-1 s=CLOSED pgs=49 cs=0 l=1 rev1=1 crypto rx=0 tx=0 comp rx=0 tx=0).stop
2023-03-17T07:49:53.010 INFO:teuthology.orchestra.run.smithi035.stdout:/usr/bin/ceph: stderr
2023-03-17T07:46:28.944+0000 7f7f09447700 1 -- 172.21.15.35:0/1424605860 >> 172.21.15.35:0/1424605860 conn(0x7f7f040ff680 msgr2=0x7f7f04101a90 unknown :-1 s=STATE_NONE l=0).mark_down
2023-03-17T07:49:53.010 INFO:teuthology.orchestra.run.smithi035.stdout:/usr/bin/ceph: stderr
2023-03-17T07:46:28.944+0000 7f7f09447700 1 -- 172.21.15.35:0/1424605860 shutdown_connections
2023-03-17T07:49:53.010 INFO:teuthology.orchestra.run.smithi035.stdout:/usr/bin/ceph: stderr
2023-03-17T07:46:28.944+0000 7f7f09447700 1 -- 172.21.15.35:0/1424605860 wait complete.
2023-03-17T07:49:53.010 INFO:teuthology.orchestra.run.smithi035.stdout:/usr/bin/ceph: stderr
2023-03-17T07:46:28.944+0000 7f7f09447700 1 Processor -- start
2023-03-17T07:49:53.010 INFO:teuthology.orchestra.run.smithi035.stdout:/usr/bin/ceph: stderr
2023-03-17T07:46:28.945+0000 7f7f09447700 1 -- start start
2023-03-17T07:49:53.010 INFO:teuthology.orchestra.run.smithi035.stdout:/usr/bin/ceph: stderr
2023-03-17T07:46:28.945+0000 7f7f09447700 1 --2- >> [v2:172.21.15.35:3300/0,v1:172.21.15.35:6789/0] conn(0x7f7f04104d70 0x7f7f0418f9d0 unknown :-1 s=NONE pgs=0 cs=0 l=1 rev1=0 crypto rx=0 tx=0 comp rx=0 tx=0).connect
2023-03-17T07:49:53.010 INFO:teuthology.orchestra.run.smithi035.stdout:/usr/bin/ceph: stderr
2023-03-17T07:46:28.945+0000 7f7f09447700 1 -- --> [v2:172.21.15.35:3300/0,v1:172.21.15.35:6789/0] -- mon_getmap magic: 0 v1 -- 0x7f7f0418ff10 con 0x7f7f04104d70
2023-03-17T07:49:53.010 INFO:teuthology.orchestra.run.smithi035.stdout:/usr/bin/ceph: stderr
2023-03-17T07:46:28.945+0000 7f7f02ffd700 1 --2- >> [v2:172.21.15.35:3300/0,v1:172.21.15.35:6789/0] conn(0x7f7f04104d70 0x7f7f0418f9d0 unknown :-1 s=BANNER_CONNECTING pgs=0 cs=0 l=1 rev1=0 crypto rx=0 tx=0 comp rx=0 tx=0)._handle_peer_banner_payload supported=3 required=0
2023-03-17T07:49:53.010 INFO:teuthology.orchestra.run.smithi035.stdout:/usr/bin/ceph: stderr
2023-03-17T07:46:28.945+0000 7f7f02ffd700 1 --2- >> [v2:172.21.15.35:3300/0,v1:172.21.15.35:6789/0] conn(0x7f7f04104d70 0x7f7f0418f9d0 unknown :-1 s=HELLO_CONNECTING pgs=0 cs=0 l=1 rev1=1 crypto rx=0 tx=0 comp rx=0 tx=0).handle_hello peer v2:172.21.15.35:3300/0 says I am v2:172.21.15.35:39040/0 (socket says 172.21.15.35:39040)
2023-03-17T07:49:53.010 INFO:teuthology.orchestra.run.smithi035.stdout:/usr/bin/ceph: stderr
2023-03-17T07:46:28.945+0000 7f7f02ffd700 1 -- 172.21.15.35:0/1230396238 learned_addr learned my addr 172.21.15.35:0/1230396238 (peer_addr_for_me v2:172.21.15.35:0/0)
2023-03-17T07:49:53.010 INFO:teuthology.orchestra.run.smithi035.stdout:/usr/bin/ceph: stderr
2023-03-17T07:46:28.945+0000 7f7f02ffd700 1 -- 172.21.15.35:0/1230396238 --> [v2:172.21.15.35:3300/0,v1:172.21.15.35:6789/0] -- mon_subscribe({config=0+,monmap=0+}) v3 -- 0x7f7ef4009550 con 0x7f7f04104d70
2023-03-17T07:49:53.010 INFO:teuthology.orchestra.run.smithi035.stdout:/usr/bin/ceph: stderr
2023-03-17T07:46:28.945+0000 7f7f02ffd700 1 --2- 172.21.15.35:0/1230396238 >> [v2:172.21.15.35:3300/0,v1:172.21.15.35:6789/0] conn(0x7f7f04104d70 0x7f7f0418f9d0 secure :-1 s=READY pgs=50 cs=0 l=1 rev1=1 crypto rx=0x7f7ef4006af0 tx=0x7f7ef4011e80 comp rx=0 tx=0).ready entity=mon.0 client_cookie=0 server_cookie=0 in_seq=0 out_seq=0
2023-03-17T07:49:53.011 INFO:teuthology.orchestra.run.smithi035.stdout:/usr/bin/ceph: stderr
2023-03-17T07:46:28.945+0000 7f7eebfff700 1 -- 172.21.15.35:0/1230396238 <== mon.0 v2:172.21.15.35:3300/0 1 ==== mon_map magic: 0 v1 ==== 205+0+0 (secure 0 0 0) 0x7f7ef40037d0 con 0x7f7f04104d70
2023-03-17T07:49:53.011 INFO:teuthology.orchestra.run.smithi035.stdout:/usr/bin/ceph: stderr
2023-03-17T07:46:28.946+0000 7f7eebfff700 1 -- 172.21.15.35:0/1230396238 <== mon.0 v2:172.21.15.35:3300/0 2 ==== config(25 keys) v1 ==== 1067+0+0 (secure 0 0 0) 0x7f7ef401b440 con 0x7f7f04104d70
2023-03-17T07:49:53.011 INFO:teuthology.orchestra.run.smithi035.stdout:/usr/bin/ceph: stderr
2023-03-17T07:46:28.946+0000 7f7eebfff700 1 -- 172.21.15.35:0/1230396238 <== mon.0 v2:172.21.15.35:3300/0 3 ==== mon_map magic: 0 v1 ==== 205+0+0 (secure 0 0 0) 0x7f7ef4019560 con 0x7f7f04104d70
2023-03-17T07:49:53.011 INFO:teuthology.orchestra.run.smithi035.stdout:/usr/bin/ceph: stderr
2023-03-17T07:46:28.946+0000 7f7f09447700 1 -- 172.21.15.35:0/1230396238 --> [v2:172.21.15.35:3300/0,v1:172.21.15.35:6789/0] -- mon_subscribe({mgrmap=0+}) v3 -- 0x7f7f04106910 con 0x7f7f04104d70
2023-03-17T07:49:53.011 INFO:teuthology.orchestra.run.smithi035.stdout:/usr/bin/ceph: stderr
2023-03-17T07:46:28.946+0000 7f7f09447700 1 -- 172.21.15.35:0/1230396238 --> [v2:172.21.15.35:3300/0,v1:172.21.15.35:6789/0] -- mon_subscribe({osdmap=0}) v3 -- 0x7f7f04106780 con 0x7f7f04104d70
2023-03-17T07:49:53.011 INFO:teuthology.orchestra.run.smithi035.stdout:/usr/bin/ceph: stderr
2023-03-17T07:46:28.947+0000 7f7eebfff700 1 -- 172.21.15.35:0/1230396238 <== mon.0 v2:172.21.15.35:3300/0 4 ==== mgrmap(e 8) v1 ==== 44665+0+0 (secure 0 0 0) 0x7f7ef40197d0 con 0x7f7f04104d70
2023-03-17T07:49:53.011 INFO:teuthology.orchestra.run.smithi035.stdout:/usr/bin/ceph: stderr
2023-03-17T07:46:28.947+0000 7f7f09447700 1 -- 172.21.15.35:0/1230396238 --> [v2:172.21.15.35:3300/0,v1:172.21.15.35:6789/0] -- mon_command({"prefix": "get_command_descriptions"} v 0) v1 -- 0x7f7f040620b0 con 0x7f7f04104d70
2023-03-17T07:49:53.011 INFO:teuthology.orchestra.run.smithi035.stdout:/usr/bin/ceph: stderr
2023-03-17T07:46:28.947+0000 7f7eebfff700 1 --2- 172.21.15.35:0/1230396238 >> [v2:172.21.15.35:6800/1582063547,v1:172.21.15.35:6801/1582063547] conn(0x7f7eec037e50 0x7f7eec03a300 unknown :-1 s=NONE pgs=0 cs=0 l=1 rev1=0 crypto rx=0 tx=0 comp rx=0 tx=0).connect
2023-03-17T07:49:53.011 INFO:teuthology.orchestra.run.smithi035.stdout:/usr/bin/ceph: stderr
2023-03-17T07:46:28.947+0000 7f7eebfff700 1 -- 172.21.15.35:0/1230396238 <== mon.0 v2:172.21.15.35:3300/0 5 ==== osd_map(2..2 src has 1..2) v4 ==== 940+0+0 (secure 0 0 0) 0x7f7ef404b870 con 0x7f7f04104d70
2023-03-17T07:49:53.011 INFO:teuthology.orchestra.run.smithi035.stdout:/usr/bin/ceph: stderr
2023-03-17T07:46:28.947+0000 7f7f027fc700 1 --2- 172.21.15.35:0/1230396238 >> [v2:172.21.15.35:6800/1582063547,v1:172.21.15.35:6801/1582063547] conn(0x7f7eec037e50 0x7f7eec03a300 unknown :-1 s=BANNER_CONNECTING pgs=0 cs=0 l=1 rev1=0 crypto rx=0 tx=0 comp rx=0 tx=0)._handle_peer_banner_payload supported=3 required=0
2023-03-17T07:49:53.011 INFO:teuthology.orchestra.run.smithi035.stdout:/usr/bin/ceph: stderr
2023-03-17T07:46:28.948+0000 7f7f027fc700 1 --2- 172.21.15.35:0/1230396238 >> [v2:172.21.15.35:6800/1582063547,v1:172.21.15.35:6801/1582063547] conn(0x7f7eec037e50 0x7f7eec03a300 secure :-1 s=READY pgs=13 cs=0 l=1 rev1=1 crypto rx=0x7f7ef8006fd0 tx=0x7f7ef8006e40 comp rx=0 tx=0).ready entity=mgr.14120 client_cookie=0 server_cookie=0 in_seq=0 out_seq=0
2023-03-17T07:49:53.011 INFO:teuthology.orchestra.run.smithi035.stdout:/usr/bin/ceph: stderr
2023-03-17T07:46:28.953+0000 7f7eebfff700 1 -- 172.21.15.35:0/1230396238 <== mon.0 v2:172.21.15.35:3300/0 6 ==== mon_command_ack([{"prefix": "get_command_descriptions"}]=0 v0) v1 ==== 72+0+177564 (secure 0 0 0) 0x7f7ef4018db0 con 0x7f7f04104d70
2023-03-17T07:49:53.011 INFO:teuthology.orchestra.run.smithi035.stdout:/usr/bin/ceph: stderr
2023-03-17T07:46:29.335+0000 7f7f09447700 1 -- 172.21.15.35:0/1230396238 --> [v2:172.21.15.35:6800/1582063547,v1:172.21.15.35:6801/1582063547] -- mgr_command(tid 0: {"prefix": "orch apply", "service_type": "mgr", "unmanaged": true, "target": ["mon-mgr", ""]}) v1 -- 0x7f7f0418eed0 con 0x7f7eec037e50
2023-03-17T07:49:53.011 INFO:teuthology.orchestra.run.smithi035.stdout:/usr/bin/ceph: stderr
2023-03-17T07:46:29.340+0000 7f7eebfff700 1 -- 172.21.15.35:0/1230396238 <== mgr.14120 v2:172.21.15.35:6800/1582063547 1 ==== mgr_command_reply(tid 0: 0 ) v1 ==== 8+0+24 (secure 0 0 0) 0x7f7f0418eed0 con 0x7f7eec037e50
2023-03-17T07:49:53.011 INFO:teuthology.orchestra.run.smithi035.stdout:/usr/bin/ceph: stderr
2023-03-17T07:46:29.343+0000 7f7f09447700 1 -- 172.21.15.35:0/1230396238 >> [v2:172.21.15.35:6800/1582063547,v1:172.21.15.35:6801/1582063547] conn(0x7f7eec037e50 msgr2=0x7f7eec03a300 secure :-1 s=STATE_CONNECTION_ESTABLISHED l=1).mark_down
2023-03-17T07:49:53.012 INFO:teuthology.orchestra.run.smithi035.stdout:/usr/bin/ceph: stderr
2023-03-17T07:46:29.343+0000 7f7f09447700 1 --2- 172.21.15.35:0/1230396238 >> [v2:172.21.15.35:6800/1582063547,v1:172.21.15.35:6801/1582063547] conn(0x7f7eec037e50 0x7f7eec03a300 secure :-1 s=READY pgs=13 cs=0 l=1 rev1=1 crypto rx=0x7f7ef8006fd0 tx=0x7f7ef8006e40 comp rx=0 tx=0).stop
2023-03-17T07:49:53.012 INFO:teuthology.orchestra.run.smithi035.stdout:/usr/bin/ceph: stderr
2023-03-17T07:46:29.343+0000 7f7f09447700 1 -- 172.21.15.35:0/1230396238 >> [v2:172.21.15.35:3300/0,v1:172.21.15.35:6789/0] conn(0x7f7f04104d70 msgr2=0x7f7f0418f9d0 secure :-1 s=STATE_CONNECTION_ESTABLISHED l=1).mark_down
2023-03-17T07:49:53.012 INFO:teuthology.orchestra.run.smithi035.stdout:/usr/bin/ceph: stderr
2023-03-17T07:46:29.343+0000 7f7f09447700 1 --2- 172.21.15.35:0/1230396238 >> [v2:172.21.15.35:3300/0,v1:172.21.15.35:6789/0] conn(0x7f7f04104d70 0x7f7f0418f9d0 secure :-1 s=READY pgs=50 cs=0 l=1 rev1=1 crypto rx=0x7f7ef4006af0 tx=0x7f7ef4011e80 comp rx=0 tx=0).stop
2023-03-17T07:49:53.012 INFO:teuthology.orchestra.run.smithi035.stdout:/usr/bin/ceph: stderr
2023-03-17T07:46:29.343+0000 7f7f09447700 1 -- 172.21.15.35:0/1230396238 shutdown_connections
2023-03-17T07:49:53.012 INFO:teuthology.orchestra.run.smithi035.stdout:/usr/bin/ceph: stderr
2023-03-17T07:46:29.343+0000 7f7f09447700 1 --2- 172.21.15.35:0/1230396238 >> [v2:172.21.15.35:6800/1582063547,v1:172.21.15.35:6801/1582063547] conn(0x7f7eec037e50 0x7f7eec03a300 unknown :-1 s=CLOSED pgs=13 cs=0 l=1 rev1=1 crypto rx=0 tx=0 comp rx=0 tx=0).stop
2023-03-17T07:49:53.012 INFO:teuthology.orchestra.run.smithi035.stdout:/usr/bin/ceph: stderr
2023-03-17T07:46:29.343+0000 7f7f09447700 1 --2- 172.21.15.35:0/1230396238 >> [v2:172.21.15.35:3300/0,v1:172.21.15.35:6789/0] conn(0x7f7f04104d70 0x7f7f0418f9d0 unknown :-1 s=CLOSED pgs=50 cs=0 l=1 rev1=1 crypto rx=0 tx=0 comp rx=0 tx=0).stop
2023-03-17T07:49:53.012 INFO:teuthology.orchestra.run.smithi035.stdout:/usr/bin/ceph: stderr
2023-03-17T07:46:29.343+0000 7f7f09447700 1 -- 172.21.15.35:0/1230396238 >> 172.21.15.35:0/1230396238 conn(0x7f7f040ff680 msgr2=0x7f7f04104200 unknown :-1 s=STATE_NONE l=0).mark_down
2023-03-17T07:49:53.012 INFO:teuthology.orchestra.run.smithi035.stdout:/usr/bin/ceph: stderr
2023-03-17T07:46:29.343+0000 7f7f09447700 1 -- 172.21.15.35:0/1230396238 shutdown_connections
2023-03-17T07:49:54.302 INFO:teuthology.orchestra.run.smithi035.stdout:/usr/bin/ceph: stderr
2023-03-17T07:46:29.343+0000 7f7f09447700 1 -- 172.21.15.35:0/1230396238 wait complete.
2023-03-17T07:49:54.303 INFO:journalctl@ceph.mon.a.smithi035.stdout:Mar 17 07:46:30 smithi035 ceph-mon[92535]: from='mgr.14120 172.21.15.35:0/3746611832' entity='mgr.x'
2023-03-17T07:49:55.536 INFO:journalctl@ceph.mon.a.smithi035.stdout:Mar 17 07:46:30 smithi035 ceph-mon[92535]: from='client.14144 -' entity='client.admin' cmd=[{"prefix": "orch apply", "service_type": "mgr", "unmanaged": true, "target": ["mon-mgr", ""]}]: dispatch
2023-03-17T07:49:55.536 INFO:journalctl@ceph.mon.a.smithi035.stdout:Mar 17 07:46:30 smithi035 ceph-mon[92535]: Saving service mgr spec with placement count:2
2023-03-17T07:49:55.536 INFO:journalctl@ceph.mon.a.smithi035.stdout:Mar 17 07:46:30 smithi035 ceph-mon[92535]: from='mgr.14120 172.21.15.35:0/3746611832' entity='mgr.x'
2023-03-17T07:49:55.540 INFO:teuthology.orchestra.run.smithi035.stdout:/usr/bin/ceph: stderr
2023-03-17T07:46:30.181+0000 7fef2eefe700 1 Processor -- start
2023-03-17T07:49:56.798 INFO:teuthology.orchestra.run.smithi035.stdout:/usr/bin/ceph: stderr
2023-03-17T07:46:30.181+0000 7fef2eefe700 1 -- start start
2023-03-17T07:49:56.798 INFO:teuthology.orchestra.run.smithi035.stdout:/usr/bin/ceph: stderr
2023-03-17T07:46:30.181+0000 7fef2eefe700 1 --2- >> [v2:172.21.15.35:3300/0,v1:172.21.15.35:6789/0] conn(0x7fef28103f60 0x7fef28104370 unknown :-1 s=NONE pgs=0 cs=0 l=0 rev1=0 crypto rx=0 tx=0 comp rx=0 tx=0).connect
2023-03-17T07:49:56.799 INFO:teuthology.orchestra.run.smithi035.stdout:/usr/bin/ceph: stderr
2023-03-17T07:46:30.181+0000 7fef2eefe700 1 -- --> [v2:172.21.15.35:3300/0,v1:172.21.15.35:6789/0] -- mon_getmap magic: 0 v1 -- 0x7fef281048b0 con 0x7fef28103f60
2023-03-17T07:49:56.799 INFO:teuthology.orchestra.run.smithi035.stdout:/usr/bin/ceph: stderr
2023-03-17T07:46:30.181+0000 7fef2cc9a700 1 --2- >> [v2:172.21.15.35:3300/0,v1:172.21.15.35:6789/0] conn(0x7fef28103f60 0x7fef28104370 unknown :-1 s=BANNER_CONNECTING pgs=0 cs=0 l=0 rev1=0 crypto rx=0 tx=0 comp rx=0 tx=0)._handle_peer_banner_payload supported=3 required=0
2023-03-17T07:49:56.799 INFO:teuthology.orchestra.run.smithi035.stdout:/usr/bin/ceph: stderr
2023-03-17T07:46:30.181+0000 7fef2cc9a700 1 --2- >> [v2:172.21.15.35:3300/0,v1:172.21.15.35:6789/0] conn(0x7fef28103f60 0x7fef28104370 unknown :-1 s=HELLO_CONNECTING pgs=0 cs=0 l=0 rev1=1 crypto rx=0 tx=0 comp rx=0 tx=0).handle_hello peer v2:172.21.15.35:3300/0 says I am v2:172.21.15.35:39044/0 (socket says 172.21.15.35:39044)
2023-03-17T07:49:56.799 INFO:teuthology.orchestra.run.smithi035.stdout:/usr/bin/ceph: stderr
2023-03-17T07:46:30.181+0000 7fef2cc9a700 1 -- 172.21.15.35:0/3705683573 learned_addr learned my addr 172.21.15.35:0/3705683573 (peer_addr_for_me v2:172.21.15.35:0/0)
2023-03-17T07:49:56.799 INFO:teuthology.orchestra.run.smithi035.stdout:/usr/bin/ceph: stderr
2023-03-17T07:46:30.182+0000 7fef2cc9a700 1 -- 172.21.15.35:0/3705683573 --> [v2:172.21.15.35:3300/0,v1:172.21.15.35:6789/0] -- mon_subscribe({config=0+,monmap=0+}) v3 -- 0x7fef281049f0 con 0x7fef28103f60
2023-03-17T07:49:56.800 INFO:teuthology.orchestra.run.smithi035.stdout:/usr/bin/ceph: stderr
2023-03-17T07:46:30.182+0000 7fef2cc9a700 1 --2- 172.21.15.35:0/3705683573 >> [v2:172.21.15.35:3300/0,v1:172.21.15.35:6789/0] conn(0x7fef28103f60 0x7fef28104370 secure :-1 s=READY pgs=51 cs=0 l=1 rev1=1 crypto rx=0x7fef1c0098a0 tx=0x7fef1c009bb0 comp rx=0 tx=0).ready entity=mon.0 client_cookie=d28ff397874658c4 server_cookie=0 in_seq=0 out_seq=0
2023-03-17T07:49:56.800 INFO:teuthology.orchestra.run.smithi035.stdout:/usr/bin/ceph: stderr
2023-03-17T07:46:30.182+0000 7fef277fe700 1 -- 172.21.15.35:0/3705683573 <== mon.0 v2:172.21.15.35:3300/0 1 ==== mon_map magic: 0 v1 ==== 205+0+0 (secure 0 0 0) 0x7fef1c004160 con 0x7fef28103f60
2023-03-17T07:49:56.800 INFO:teuthology.orchestra.run.smithi035.stdout:/usr/bin/ceph: stderr
2023-03-17T07:46:30.182+0000 7fef277fe700 1 -- 172.21.15.35:0/3705683573 <== mon.0 v2:172.21.15.35:3300/0 2 ==== config(25 keys) v1 ==== 1067+0+0 (secure 0 0 0) 0x7fef1c0042c0 con 0x7fef28103f60
2023-03-17T07:49:56.800 INFO:teuthology.orchestra.run.smithi035.stdout:/usr/bin/ceph: stderr
2023-03-17T07:46:30.182+0000 7fef277fe700 1 -- 172.21.15.35:0/3705683573 <== mon.0 v2:172.21.15.35:3300/0 3 ==== mon_map magic: 0 v1 ==== 205+0+0 (secure 0 0 0) 0x7fef1c0118e0 con 0x7fef28103f60
2023-03-17T07:49:56.800 INFO:teuthology.orchestra.run.smithi035.stdout:/usr/bin/ceph: stderr
2023-03-17T07:46:30.183+0000 7fef2eefe700 1 -- 172.21.15.35:0/3705683573 >> [v2:172.21.15.35:3300/0,v1:172.21.15.35:6789/0] conn(0x7fef28103f60 msgr2=0x7fef28104370 secure :-1 s=STATE_CONNECTION_ESTABLISHED l=1).mark_down
2023-03-17T07:49:56.800 INFO:teuthology.orchestra.run.smithi035.stdout:/usr/bin/ceph: stderr
2023-03-17T07:46:30.183+0000 7fef2eefe700 1 --2- 172.21.15.35:0/3705683573 >> [v2:172.21.15.35:3300/0,v1:172.21.15.35:6789/0] conn(0x7fef28103f60 0x7fef28104370 secure :-1 s=READY pgs=51 cs=0 l=1 rev1=1 crypto rx=0x7fef1c0098a0 tx=0x7fef1c009bb0 comp rx=0 tx=0).stop
2023-03-17T07:49:56.800 INFO:teuthology.orchestra.run.smithi035.stdout:/usr/bin/ceph: stderr
2023-03-17T07:46:30.183+0000 7fef2eefe700 1 -- 172.21.15.35:0/3705683573 shutdown_connections
2023-03-17T07:49:56.800 INFO:teuthology.orchestra.run.smithi035.stdout:/usr/bin/ceph: stderr
2023-03-17T07:46:30.183+0000 7fef2eefe700 1 --2- 172.21.15.35:0/3705683573 >> [v2:172.21.15.35:3300/0,v1:172.21.15.35:6789/0] conn(0x7fef28103f60 0x7fef28104370 unknown :-1 s=CLOSED pgs=51 cs=0 l=1 rev1=1 crypto rx=0 tx=0 comp rx=0 tx=0).stop
2023-03-17T07:49:56.800 INFO:teuthology.orchestra.run.smithi035.stdout:/usr/bin/ceph: stderr
2023-03-17T07:46:30.183+0000 7fef2eefe700 1 -- 172.21.15.35:0/3705683573 >> 172.21.15.35:0/3705683573 conn(0x7fef280ff650 msgr2=0x7fef28101a60 unknown :-1 s=STATE_NONE l=0).mark_down
2023-03-17T07:49:56.800 INFO:teuthology.orchestra.run.smithi035.stdout:/usr/bin/ceph: stderr
2023-03-17T07:46:30.183+0000 7fef2eefe700 1 -- 172.21.15.35:0/3705683573 shutdown_connections
2023-03-17T07:49:56.800 INFO:teuthology.orchestra.run.smithi035.stdout:/usr/bin/ceph: stderr
2023-03-17T07:46:30.183+0000 7fef2eefe700 1 -- 172.21.15.35:0/3705683573 wait complete.
2023-03-17T07:49:58.006 INFO:teuthology.orchestra.run.smithi035.stdout:/usr/bin/ceph: stderr
2023-03-17T07:46:30.184+0000 7fef2eefe700 1 Processor -- start
2023-03-17T07:49:58.006 INFO:teuthology.orchestra.run.smithi035.stdout:/usr/bin/ceph: stderr
2023-03-17T07:46:30.184+0000 7fef2eefe700 1 -- start start
2023-03-17T07:49:58.007 INFO:teuthology.orchestra.run.smithi035.stdout:/usr/bin/ceph: stderr
2023-03-17T07:46:30.184+0000 7fef2eefe700 1 --2- >> [v2:172.21.15.35:3300/0,v1:172.21.15.35:6789/0] conn(0x7fef28103f60 0x7fef28199540 unknown :-1 s=NONE pgs=0 cs=0 l=1 rev1=0 crypto rx=0 tx=0 comp rx=0 tx=0).connect
2023-03-17T07:49:58.007 INFO:teuthology.orchestra.run.smithi035.stdout:/usr/bin/ceph: stderr
2023-03-17T07:46:30.184+0000 7fef2eefe700 1 -- --> [v2:172.21.15.35:3300/0,v1:172.21.15.35:6789/0] -- mon_getmap magic: 0 v1 -- 0x7fef28199a80 con 0x7fef28103f60
2023-03-17T07:49:59.202 INFO:teuthology.orchestra.run.smithi035.stdout:/usr/bin/ceph: stderr
2023-03-17T07:46:30.184+0000 7fef2cc9a700 1 --2- >> [v2:172.21.15.35:3300/0,v1:172.21.15.35:6789/0] conn(0x7fef28103f60 0x7fef28199540 unknown :-1 s=BANNER_CONNECTING pgs=0 cs=0 l=1 rev1=0 crypto rx=0 tx=0 comp rx=0 tx=0)._handle_peer_banner_payload supported=3 required=0
2023-03-17T07:49:59.202 INFO:teuthology.orchestra.run.smithi035.stdout:/usr/bin/ceph: stderr
2023-03-17T07:46:30.184+0000 7fef2cc9a700 1 --2- >> [v2:172.21.15.35:3300/0,v1:172.21.15.35:6789/0] conn(0x7fef28103f60 0x7fef28199540 unknown :-1 s=HELLO_CONNECTING pgs=0 cs=0 l=1 rev1=1 crypto rx=0 tx=0 comp rx=0 tx=0).handle_hello peer v2:172.21.15.35:3300/0 says I am v2:172.21.15.35:39046/0 (socket says 172.21.15.35:39046)
2023-03-17T07:49:59.202 INFO:teuthology.orchestra.run.smithi035.stdout:/usr/bin/ceph: stderr
2023-03-17T07:46:30.184+0000 7fef2cc9a700 1 -- 172.21.15.35:0/1756316049 learned_addr learned my addr 172.21.15.35:0/1756316049 (peer_addr_for_me v2:172.21.15.35:0/0)
2023-03-17T07:49:59.202 INFO:teuthology.orchestra.run.smithi035.stdout:/usr/bin/ceph: stderr
2023-03-17T07:46:30.184+0000 7fef2cc9a700 1 -- 172.21.15.35:0/1756316049 --> [v2:172.21.15.35:3300/0,v1:172.21.15.35:6789/0] -- mon_subscribe({config=0+,monmap=0+}) v3 -- 0x7fef1c009550 con 0x7fef28103f60
2023-03-17T07:50:01.065 INFO:teuthology.orchestra.run.smithi035.stdout:/usr/bin/ceph: stderr
2023-03-17T07:46:30.184+0000 7fef2cc9a700 1 --2- 172.21.15.35:0/1756316049 >> [v2:172.21.15.35:3300/0,v1:172.21.15.35:6789/0] conn(0x7fef28103f60 0x7fef28199540 secure :-1 s=READY pgs=52 cs=0 l=1 rev1=1 crypto rx=0x7fef1c006af0 tx=0x7fef1c011e80 comp rx=0 tx=0).ready entity=mon.0 client_cookie=0 server_cookie=0 in_seq=0 out_seq=0
2023-03-17T07:50:01.065 INFO:teuthology.orchestra.run.smithi035.stdout:/usr/bin/ceph: stderr
2023-03-17T07:46:30.185+0000 7fef25ffb700 1 -- 172.21.15.35:0/1756316049 <== mon.0 v2:172.21.15.35:3300/0 1 ==== mon_map magic: 0 v1 ==== 205+0+0 (secure 0 0 0) 0x7fef1c0037d0 con 0x7fef28103f60
2023-03-17T07:50:01.065 INFO:teuthology.orchestra.run.smithi035.stdout:/usr/bin/ceph: stderr
2023-03-17T07:46:30.185+0000 7fef2eefe700 1 -- 172.21.15.35:0/1756316049 --> [v2:172.21.15.35:3300/0,v1:172.21.15.35:6789/0] -- mon_subscribe({mgrmap=0+}) v3 -- 0x7fef28105f90 con 0x7fef28103f60
2023-03-17T07:50:01.065 INFO:teuthology.orchestra.run.smithi035.stdout:/usr/bin/ceph: stderr
2023-03-17T07:46:30.185+0000 7fef25ffb700 1 -- 172.21.15.35:0/1756316049 <== mon.0 v2:172.21.15.35:3300/0 2 ==== config(25 keys) v1 ==== 1067+0+0 (secure 0 0 0) 0x7fef1c01b440 con 0x7fef28103f60
2023-03-17T07:50:01.065 INFO:teuthology.orchestra.run.smithi035.stdout:/usr/bin/ceph: stderr
2023-03-17T07:46:30.185+0000 7fef25ffb700 1 -- 172.21.15.35:0/1756316049 <== mon.0 v2:172.21.15.35:3300/0 3 ==== mon_map magic: 0 v1 ==== 205+0+0 (secure 0 0 0) 0x7fef1c0193d0 con 0x7fef28103f60
2023-03-17T07:50:01.065 INFO:teuthology.orchestra.run.smithi035.stdout:/usr/bin/ceph: stderr
2023-03-17T07:46:30.185+0000 7fef2eefe700 1 -- 172.21.15.35:0/1756316049 --> [v2:172.21.15.35:3300/0,v1:172.21.15.35:6789/0] -- mon_subscribe({osdmap=0}) v3 -- 0x7fef28105e00 con 0x7fef28103f60
2023-03-17T07:50:01.065 INFO:teuthology.orchestra.run.smithi035.stdout:/usr/bin/ceph: stderr
2023-03-17T07:46:30.186+0000 7fef25ffb700 1 -- 172.21.15.35:0/1756316049 <== mon.0 v2:172.21.15.35:3300/0 4 ==== mgrmap(e 8) v1 ==== 44665+0+0 (secure 0 0 0) 0x7fef1c019690 con 0x7fef28103f60
2023-03-17T07:50:01.065 INFO:teuthology.orchestra.run.smithi035.stdout:/usr/bin/ceph: stderr
2023-03-17T07:46:30.186+0000 7fef25ffb700 1 --2- 172.21.15.35:0/1756316049 >> [v2:172.21.15.35:6800/1582063547,v1:172.21.15.35:6801/1582063547] conn(0x7fef18037e00 0x7fef1803a2b0 unknown :-1 s=NONE pgs=0 cs=0 l=1 rev1=0 crypto rx=0 tx=0 comp rx=0 tx=0).connect
2023-03-17T07:50:01.065 INFO:teuthology.orchestra.run.smithi035.stdout:/usr/bin/ceph: stderr
2023-03-17T07:46:30.186+0000 7fef25ffb700 1 -- 172.21.15.35:0/1756316049 <== mon.0 v2:172.21.15.35:3300/0 5 ==== osd_map(2..2 src has 1..2) v4 ==== 940+0+0 (secure 0 0 0) 0x7fef1c04b940 con 0x7fef28103f60
2023-03-17T07:50:01.065 INFO:teuthology.orchestra.run.smithi035.stdout:/usr/bin/ceph: stderr
2023-03-17T07:46:30.186+0000 7fef2eefe700 1 -- 172.21.15.35:0/1756316049 --> [v2:172.21.15.35:3300/0,v1:172.21.15.35:6789/0] -- mon_command({"prefix": "get_command_descriptions"} v 0) v1 -- 0x7fef28108430 con 0x7fef28103f60
2023-03-17T07:50:01.066 INFO:teuthology.orchestra.run.smithi035.stdout:/usr/bin/ceph: stderr
2023-03-17T07:46:30.186+0000 7fef27fff700 1 --2- 172.21.15.35:0/1756316049 >> [v2:172.21.15.35:6800/1582063547,v1:172.21.15.35:6801/1582063547] conn(0x7fef18037e00 0x7fef1803a2b0 unknown :-1 s=BANNER_CONNECTING pgs=0 cs=0 l=1 rev1=0 crypto rx=0 tx=0 comp rx=0 tx=0)._handle_peer_banner_payload supported=3 required=0
2023-03-17T07:50:01.066 INFO:teuthology.orchestra.run.smithi035.stdout:/usr/bin/ceph: stderr
2023-03-17T07:46:30.187+0000 7fef27fff700 1 --2- 172.21.15.35:0/1756316049 >> [v2:172.21.15.35:6800/1582063547,v1:172.21.15.35:6801/1582063547] conn(0x7fef18037e00 0x7fef1803a2b0 secure :-1 s=READY pgs=14 cs=0 l=1 rev1=1 crypto rx=0x7fef14006fd0 tx=0x7fef14006e40 comp rx=0 tx=0).ready entity=mgr.14120 client_cookie=0 server_cookie=0 in_seq=0 out_seq=0
2023-03-17T07:50:01.066 INFO:teuthology.orchestra.run.smithi035.stdout:/usr/bin/ceph: stderr
2023-03-17T07:46:30.195+0000 7fef25ffb700 1 -- 172.21.15.35:0/1756316049 <== mon.0 v2:172.21.15.35:3300/0 6 ==== mon_command_ack([{"prefix": "get_command_descriptions"}]=0 v0) v1 ==== 72+0+177564 (secure 0 0 0) 0x7fef1c01a3d0 con 0x7fef28103f60
2023-03-17T07:50:01.066 INFO:teuthology.orchestra.run.smithi035.stdout:/usr/bin/ceph: stderr
2023-03-17T07:46:30.564+0000 7fef2eefe700 1 -- 172.21.15.35:0/1756316049 --> [v2:172.21.15.35:3300/0,v1:172.21.15.35:6789/0] -- mon_command([{prefix=config set, name=mgr/cephadm/container_init}] v 0) v1 -- 0x7fef280620b0 con 0x7fef28103f60
2023-03-17T07:50:01.066 INFO:teuthology.orchestra.run.smithi035.stdout:/usr/bin/ceph: stderr
2023-03-17T07:46:30.568+0000 7fef25ffb700 1 -- 172.21.15.35:0/1756316049 <== mon.0 v2:172.21.15.35:3300/0 7 ==== mon_command_ack([{prefix=config set, name=mgr/cephadm/container_init}]=0 v7)=0 v7) v1 ==== 142+0+0 (secure 0 0 0) 0x7fef1c049020 con 0x7fef28103f60
2023-03-17T07:50:01.066 INFO:teuthology.orchestra.run.smithi035.stdout:/usr/bin/ceph: stderr
2023-03-17T07:46:30.570+0000 7fef2eefe700 1 -- 172.21.15.35:0/1756316049 >> [v2:172.21.15.35:6800/1582063547,v1:172.21.15.35:6801/1582063547] conn(0x7fef18037e00 msgr2=0x7fef1803a2b0 secure :-1 s=STATE_CONNECTION_ESTABLISHED l=1).mark_down
2023-03-17T07:50:01.066 INFO:teuthology.orchestra.run.smithi035.stdout:/usr/bin/ceph: stderr
2023-03-17T07:46:30.570+0000 7fef2eefe700 1 --2- 172.21.15.35:0/1756316049 >> [v2:172.21.15.35:6800/1582063547,v1:172.21.15.35:6801/1582063547] conn(0x7fef18037e00 0x7fef1803a2b0 secure :-1 s=READY pgs=14 cs=0 l=1 rev1=1 crypto rx=0x7fef14006fd0 tx=0x7fef14006e40 comp rx=0 tx=0).stop
2023-03-17T07:50:01.066 INFO:teuthology.orchestra.run.smithi035.stdout:/usr/bin/ceph: stderr
2023-03-17T07:46:30.570+0000 7fef2eefe700 1 -- 172.21.15.35:0/1756316049 >> [v2:172.21.15.35:3300/0,v1:172.21.15.35:6789/0] conn(0x7fef28103f60 msgr2=0x7fef28199540 secure :-1 s=STATE_CONNECTION_ESTABLISHED l=1).mark_down
2023-03-17T07:50:01.066 INFO:teuthology.orchestra.run.smithi035.stdout:/usr/bin/ceph: stderr
2023-03-17T07:46:30.570+0000 7fef2eefe700 1 --2- 172.21.15.35:0/1756316049 >> [v2:172.21.15.35:3300/0,v1:172.21.15.35:6789/0] conn(0x7fef28103f60 0x7fef28199540 secure :-1 s=READY pgs=52 cs=0 l=1 rev1=1 crypto rx=0x7fef1c006af0 tx=0x7fef1c011e80 comp rx=0 tx=0).stop
2023-03-17T07:50:01.066 INFO:teuthology.orchestra.run.smithi035.stdout:/usr/bin/ceph: stderr
2023-03-17T07:46:30.570+0000 7fef2eefe700 1 -- 172.21.15.35:0/1756316049 shutdown_connections
2023-03-17T07:50:01.066 INFO:teuthology.orchestra.run.smithi035.stdout:/usr/bin/ceph: stderr
2023-03-17T07:46:30.570+0000 7fef2eefe700 1 --2- 172.21.15.35:0/1756316049 >> [v2:172.21.15.35:6800/1582063547,v1:172.21.15.35:6801/1582063547] conn(0x7fef18037e00 0x7fef1803a2b0 unknown :-1 s=CLOSED pgs=14 cs=0 l=1 rev1=1 crypto rx=0 tx=0 comp rx=0 tx=0).stop
2023-03-17T07:50:01.066 INFO:teuthology.orchestra.run.smithi035.stdout:/usr/bin/ceph: stderr
2023-03-17T07:46:30.570+0000 7fef2eefe700 1 --2- 172.21.15.35:0/1756316049 >> [v2:172.21.15.35:3300/0,v1:172.21.15.35:6789/0] conn(0x7fef28103f60 0x7fef28199540 unknown :-1 s=CLOSED pgs=52 cs=0 l=1 rev1=1 crypto rx=0 tx=0 comp rx=0 tx=0).stop
2023-03-17T07:50:01.066 INFO:teuthology.orchestra.run.smithi035.stdout:/usr/bin/ceph: stderr
2023-03-17T07:46:30.570+0000 7fef2eefe700 1 -- 172.21.15.35:0/1756316049 >> 172.21.15.35:0/1756316049 conn(0x7fef280ff650 msgr2=0x7fef28100b40 unknown :-1 s=STATE_NONE l=0).mark_down
2023-03-17T07:50:01.066 INFO:teuthology.orchestra.run.smithi035.stdout:/usr/bin/ceph: stderr
2023-03-17T07:46:30.571+0000 7fef2eefe700 1 -- 172.21.15.35:0/1756316049 shutdown_connections
2023-03-17T07:50:01.066 INFO:teuthology.orchestra.run.smithi035.stdout:/usr/bin/ceph: stderr
2023-03-17T07:46:30.571+0000 7fef2eefe700 1 -- 172.21.15.35:0/1756316049 wait complete.
2023-03-17T07:50:01.067 INFO:journalctl@ceph.mon.a.smithi035.stdout:Mar 17 07:46:31 smithi035 ceph-mon[92535]: from='client.? 172.21.15.35:0/1756316049' entity='client.admin'
2023-03-17T07:50:01.067 INFO:journalctl@ceph.mon.a.smithi035.stdout:Mar 17 07:46:31 smithi035 ceph-mon[92535]: from='mgr.14120 172.21.15.35:0/3746611832' entity='mgr.x'
2023-03-17T07:50:01.071 INFO:teuthology.orchestra.run.smithi035.stdout:/usr/bin/ceph: stderr
2023-03-17T07:46:31.685+0000 7f428ea09700 1 Processor -- start
2023-03-17T07:50:03.149 INFO:teuthology.orchestra.run.smithi035.stdout:/usr/bin/ceph: stderr
2023-03-17T07:46:31.685+0000 7f428ea09700 1 -- start start
2023-03-17T07:50:03.149 INFO:teuthology.orchestra.run.smithi035.stdout:/usr/bin/ceph: stderr
2023-03-17T07:46:31.685+0000 7f428ea09700 1 --2- >> [v2:172.21.15.35:3300/0,v1:172.21.15.35:6789/0] conn(0x7f42881064a0 0x7f4288108880 unknown :-1 s=NONE pgs=0 cs=0 l=0 rev1=0 crypto rx=0 tx=0 comp rx=0 tx=0).connect
2023-03-17T07:50:03.149 INFO:teuthology.orchestra.run.smithi035.stdout:/usr/bin/ceph: stderr
2023-03-17T07:46:31.685+0000 7f428ea09700 1 -- --> [v2:172.21.15.35:3300/0,v1:172.21.15.35:6789/0] -- mon_getmap magic: 0 v1 -- 0x7f4288079cf0 con 0x7f42881064a0
2023-03-17T07:50:03.150 INFO:teuthology.orchestra.run.smithi035.stdout:/usr/bin/ceph: stderr
2023-03-17T07:46:31.686+0000 7f4287fff700 1 --2- >> [v2:172.21.15.35:3300/0,v1:172.21.15.35:6789/0] conn(0x7f42881064a0 0x7f4288108880 unknown :-1 s=BANNER_CONNECTING pgs=0 cs=0 l=0 rev1=0 crypto rx=0 tx=0 comp rx=0 tx=0)._handle_peer_banner_payload supported=3 required=0
2023-03-17T07:50:03.150 INFO:teuthology.orchestra.run.smithi035.stdout:/usr/bin/ceph: stderr
2023-03-17T07:46:31.686+0000 7f4287fff700 1 --2- >> [v2:172.21.15.35:3300/0,v1:172.21.15.35:6789/0] conn(0x7f42881064a0 0x7f4288108880 unknown :-1 s=HELLO_CONNECTING pgs=0 cs=0 l=0 rev1=1 crypto rx=0 tx=0 comp rx=0 tx=0).handle_hello peer v2:172.21.15.35:3300/0 says I am v2:172.21.15.35:39050/0 (socket says 172.21.15.35:39050)
2023-03-17T07:50:03.150 INFO:teuthology.orchestra.run.smithi035.stdout:/usr/bin/ceph: stderr
2023-03-17T07:46:31.686+0000 7f4287fff700 1 -- 172.21.15.35:0/3701158513 learned_addr learned my addr 172.21.15.35:0/3701158513 (peer_addr_for_me v2:172.21.15.35:0/0)
2023-03-17T07:50:03.150 INFO:teuthology.orchestra.run.smithi035.stdout:/usr/bin/ceph: stderr
2023-03-17T07:46:31.686+0000 7f4287fff700 1 -- 172.21.15.35:0/3701158513 --> [v2:172.21.15.35:3300/0,v1:172.21.15.35:6789/0] -- mon_subscribe({config=0+,monmap=0+}) v3 -- 0x7f4288079e30 con 0x7f42881064a0
2023-03-17T07:50:03.150 INFO:teuthology.orchestra.run.smithi035.stdout:/usr/bin/ceph: stderr
2023-03-17T07:46:31.686+0000 7f4287fff700 1 --2- 172.21.15.35:0/3701158513 >> [v2:172.21.15.35:3300/0,v1:172.21.15.35:6789/0] conn(0x7f42881064a0 0x7f4288108880 secure :-1 s=READY pgs=53 cs=0 l=1 rev1=1 crypto rx=0x7f42780098a0 tx=0x7f4278009bb0 comp rx=0 tx=0).ready entity=mon.0 client_cookie=7e9252b2f69f4ad1 server_cookie=0 in_seq=0 out_seq=0
2023-03-17T07:50:03.150 INFO:teuthology.orchestra.run.smithi035.stdout:/usr/bin/ceph: stderr
2023-03-17T07:46:31.686+0000 7f4286ffd700 1 -- 172.21.15.35:0/3701158513 <== mon.0 v2:172.21.15.35:3300/0 1 ==== mon_map magic: 0 v1 ==== 205+0+0 (secure 0 0 0) 0x7f4278004160 con 0x7f42881064a0
2023-03-17T07:50:03.150 INFO:teuthology.orchestra.run.smithi035.stdout:/usr/bin/ceph: stderr
2023-03-17T07:46:31.686+0000 7f4286ffd700 1 -- 172.21.15.35:0/3701158513 <== mon.0 v2:172.21.15.35:3300/0 2 ==== config(25 keys) v1 ==== 1067+0+0 (secure 0 0 0) 0x7f42780042c0 con 0x7f42881064a0
2023-03-17T07:50:03.150 INFO:teuthology.orchestra.run.smithi035.stdout:/usr/bin/ceph: stderr
2023-03-17T07:46:31.686+0000 7f4286ffd700 1 -- 172.21.15.35:0/3701158513 <== mon.0 v2:172.21.15.35:3300/0 3 ==== mon_map magic: 0 v1 ==== 205+0+0 (secure 0 0 0) 0x7f42780118e0 con 0x7f42881064a0
2023-03-17T07:50:03.150 INFO:teuthology.orchestra.run.smithi035.stdout:/usr/bin/ceph: stderr
2023-03-17T07:46:31.687+0000 7f428ea09700 1 -- 172.21.15.35:0/3701158513 >> [v2:172.21.15.35:3300/0,v1:172.21.15.35:6789/0] conn(0x7f42881064a0 msgr2=0x7f4288108880 secure :-1 s=STATE_CONNECTION_ESTABLISHED l=1).mark_down
2023-03-17T07:50:03.150 INFO:teuthology.orchestra.run.smithi035.stdout:/usr/bin/ceph: stderr
2023-03-17T07:46:31.687+0000 7f428ea09700 1 --2- 172.21.15.35:0/3701158513 >> [v2:172.21.15.35:3300/0,v1:172.21.15.35:6789/0] conn(0x7f42881064a0 0x7f4288108880 secure :-1 s=READY pgs=53 cs=0 l=1 rev1=1 crypto rx=0x7f42780098a0 tx=0x7f4278009bb0 comp rx=0 tx=0).stop
2023-03-17T07:50:03.150 INFO:teuthology.orchestra.run.smithi035.stdout:/usr/bin/ceph: stderr
2023-03-17T07:46:31.687+0000 7f428ea09700 1 -- 172.21.15.35:0/3701158513 shutdown_connections
2023-03-17T07:50:03.150 INFO:teuthology.orchestra.run.smithi035.stdout:/usr/bin/ceph: stderr
2023-03-17T07:46:31.687+0000 7f428ea09700 1 --2- 172.21.15.35:0/3701158513 >> [v2:172.21.15.35:3300/0,v1:172.21.15.35:6789/0] conn(0x7f42881064a0 0x7f4288108880 unknown :-1 s=CLOSED pgs=53 cs=0 l=1 rev1=1 crypto rx=0 tx=0 comp rx=0 tx=0).stop
2023-03-17T07:50:03.150 INFO:teuthology.orchestra.run.smithi035.stdout:/usr/bin/ceph: stderr
2023-03-17T07:46:31.687+0000 7f428ea09700 1 -- 172.21.15.35:0/3701158513 >> 172.21.15.35:0/3701158513 conn(0x7f42880ffee0 msgr2=0x7f42881022f0 unknown :-1 s=STATE_NONE l=0).mark_down
2023-03-17T07:50:03.150 INFO:teuthology.orchestra.run.smithi035.stdout:/usr/bin/ceph: stderr
2023-03-17T07:46:31.687+0000 7f428ea09700 1 -- 172.21.15.35:0/3701158513 shutdown_connections
2023-03-17T07:50:03.150 INFO:teuthology.orchestra.run.smithi035.stdout:/usr/bin/ceph: stderr
2023-03-17T07:46:31.687+0000 7f428ea09700 1 -- 172.21.15.35:0/3701158513 wait complete.
2023-03-17T07:50:03.151 INFO:teuthology.orchestra.run.smithi035.stdout:/usr/bin/ceph: stderr
2023-03-17T07:46:31.688+0000 7f428ea09700 1 Processor -- start
2023-03-17T07:50:03.151 INFO:teuthology.orchestra.run.smithi035.stdout:/usr/bin/ceph: stderr
2023-03-17T07:46:31.688+0000 7f428ea09700 1 -- start start
2023-03-17T07:50:03.151 INFO:teuthology.orchestra.run.smithi035.stdout:/usr/bin/ceph: stderr
2023-03-17T07:46:31.688+0000 7f428ea09700 1 --2- >> [v2:172.21.15.35:3300/0,v1:172.21.15.35:6789/0] conn(0x7f42881064a0 0x7f4288105e00 unknown :-1 s=NONE pgs=0 cs=0 l=1 rev1=0 crypto rx=0 tx=0 comp rx=0 tx=0).connect
2023-03-17T07:50:03.151 INFO:teuthology.orchestra.run.smithi035.stdout:/usr/bin/ceph: stderr
2023-03-17T07:46:31.688+0000 7f428ea09700 1 -- --> [v2:172.21.15.35:3300/0,v1:172.21.15.35:6789/0] -- mon_getmap magic: 0 v1 -- 0x7f4288106340 con 0x7f42881064a0
2023-03-17T07:50:03.151 INFO:teuthology.orchestra.run.smithi035.stdout:/usr/bin/ceph: stderr
2023-03-17T07:46:31.688+0000 7f4287fff700 1 --2- >> [v2:172.21.15.35:3300/0,v1:172.21.15.35:6789/0] conn(0x7f42881064a0 0x7f4288105e00 unknown :-1 s=BANNER_CONNECTING pgs=0 cs=0 l=1 rev1=0 crypto rx=0 tx=0 comp rx=0 tx=0)._handle_peer_banner_payload supported=3 required=0
2023-03-17T07:50:03.151 INFO:teuthology.orchestra.run.smithi035.stdout:/usr/bin/ceph: stderr
2023-03-17T07:46:31.688+0000 7f4287fff700 1 --2- >> [v2:172.21.15.35:3300/0,v1:172.21.15.35:6789/0] conn(0x7f42881064a0 0x7f4288105e00 unknown :-1 s=HELLO_CONNECTING pgs=0 cs=0 l=1 rev1=1 crypto rx=0 tx=0 comp rx=0 tx=0).handle_hello peer v2:172.21.15.35:3300/0 says I am v2:172.21.15.35:39052/0 (socket says 172.21.15.35:39052)
2023-03-17T07:50:03.151 INFO:teuthology.orchestra.run.smithi035.stdout:/usr/bin/ceph: stderr
2023-03-17T07:46:31.688+0000 7f4287fff700 1 -- 172.21.15.35:0/807830183 learned_addr learned my addr 172.21.15.35:0/807830183 (peer_addr_for_me v2:172.21.15.35:0/0)
2023-03-17T07:50:03.151 INFO:teuthology.orchestra.run.smithi035.stdout:/usr/bin/ceph: stderr
2023-03-17T07:46:31.688+0000 7f4287fff700 1 -- 172.21.15.35:0/807830183 --> [v2:172.21.15.35:3300/0,v1:172.21.15.35:6789/0] -- mon_subscribe({config=0+,monmap=0+}) v3 -- 0x7f4278009550 con 0x7f42881064a0
2023-03-17T07:50:03.151 INFO:teuthology.orchestra.run.smithi035.stdout:/usr/bin/ceph: stderr
2023-03-17T07:46:31.689+0000 7f4287fff700 1 --2- 172.21.15.35:0/807830183 >> [v2:172.21.15.35:3300/0,v1:172.21.15.35:6789/0] conn(0x7f42881064a0 0x7f4288105e00 secure :-1 s=READY pgs=54 cs=0 l=1 rev1=1 crypto rx=0x7f4278000c00 tx=0x7f42780119a0 comp rx=0 tx=0).ready entity=mon.0 client_cookie=0 server_cookie=0 in_seq=0 out_seq=0
2023-03-17T07:50:03.151 INFO:teuthology.orchestra.run.smithi035.stdout:/usr/bin/ceph: stderr
2023-03-17T07:46:31.689+0000 7f42857fa700 1 -- 172.21.15.35:0/807830183 <== mon.0 v2:172.21.15.35:3300/0 1 ==== mon_map magic: 0 v1 ==== 205+0+0 (secure 0 0 0) 0x7f42780036a0 con 0x7f42881064a0
2023-03-17T07:50:03.151 INFO:teuthology.orchestra.run.smithi035.stdout:/usr/bin/ceph: stderr
2023-03-17T07:46:31.689+0000 7f42857fa700 1 -- 172.21.15.35:0/807830183 <== mon.0 v2:172.21.15.35:3300/0 2 ==== config(25 keys) v1 ==== 1067+0+0 (secure 0 0 0) 0x7f427801b440 con 0x7f42881064a0
2023-03-17T07:50:03.151 INFO:teuthology.orchestra.run.smithi035.stdout:/usr/bin/ceph: stderr
2023-03-17T07:46:31.689+0000 7f428ea09700 1 -- 172.21.15.35:0/807830183 --> [v2:172.21.15.35:3300/0,v1:172.21.15.35:6789/0] -- mon_subscribe({mgrmap=0+}) v3 -- 0x7f4288109b40 con 0x7f42881064a0
2023-03-17T07:50:03.151 INFO:teuthology.orchestra.run.smithi035.stdout:/usr/bin/ceph: stderr
2023-03-17T07:46:31.689+0000 7f42857fa700 1 -- 172.21.15.35:0/807830183 <== mon.0 v2:172.21.15.35:3300/0 3 ==== mon_map magic: 0 v1 ==== 205+0+0 (secure 0 0 0) 0x7f427801a3d0 con 0x7f42881064a0
2023-03-17T07:50:03.151 INFO:teuthology.orchestra.run.smithi035.stdout:/usr/bin/ceph: stderr
2023-03-17T07:46:31.689+0000 7f428ea09700 1 -- 172.21.15.35:0/807830183 --> [v2:172.21.15.35:3300/0,v1:172.21.15.35:6789/0] -- mon_subscribe({osdmap=0}) v3 -- 0x7f42881099b0 con 0x7f42881064a0
2023-03-17T07:50:05.213 INFO:teuthology.orchestra.run.smithi035.stdout:/usr/bin/ceph: stderr
2023-03-17T07:46:31.690+0000 7f42857fa700 1 -- 172.21.15.35:0/807830183 <== mon.0 v2:172.21.15.35:3300/0 4 ==== mgrmap(e 8) v1 ==== 44665+0+0 (secure 0 0 0) 0x7f427801a690 con 0x7f42881064a0
2023-03-17T07:50:05.213 INFO:teuthology.orchestra.run.smithi035.stdout:/usr/bin/ceph: stderr
2023-03-17T07:46:31.690+0000 7f42857fa700 1 --2- 172.21.15.35:0/807830183 >> [v2:172.21.15.35:6800/1582063547,v1:172.21.15.35:6801/1582063547] conn(0x7f4270037e50 0x7f427003a300 unknown :-1 s=NONE pgs=0 cs=0 l=1 rev1=0 crypto rx=0 tx=0 comp rx=0 tx=0).connect
2023-03-17T07:50:05.213 INFO:teuthology.orchestra.run.smithi035.stdout:/usr/bin/ceph: stderr
2023-03-17T07:46:31.690+0000 7f42857fa700 1 -- 172.21.15.35:0/807830183 <== mon.0 v2:172.21.15.35:3300/0 5 ==== osd_map(2..2 src has 1..2) v4 ==== 940+0+0 (secure 0 0 0) 0x7f427804b930 con 0x7f42881064a0
2023-03-17T07:50:05.213 INFO:teuthology.orchestra.run.smithi035.stdout:/usr/bin/ceph: stderr
2023-03-17T07:46:31.690+0000 7f42877fe700 1 --2- 172.21.15.35:0/807830183 >> [v2:172.21.15.35:6800/1582063547,v1:172.21.15.35:6801/1582063547] conn(0x7f4270037e50 0x7f427003a300 unknown :-1 s=BANNER_CONNECTING pgs=0 cs=0 l=1 rev1=0 crypto rx=0 tx=0 comp rx=0 tx=0)._handle_peer_banner_payload supported=3 required=0
2023-03-17T07:50:05.213 INFO:teuthology.orchestra.run.smithi035.stdout:/usr/bin/ceph: stderr
2023-03-17T07:46:31.690+0000 7f428ea09700 1 -- 172.21.15.35:0/807830183 --> [v2:172.21.15.35:3300/0,v1:172.21.15.35:6789/0] -- mon_command({"prefix": "get_command_descriptions"} v 0) v1 -- 0x7f42880620b0 con 0x7f42881064a0
2023-03-17T07:50:05.213 INFO:teuthology.orchestra.run.smithi035.stdout:/usr/bin/ceph: stderr
2023-03-17T07:46:31.691+0000 7f42877fe700 1 --2- 172.21.15.35:0/807830183 >> [v2:172.21.15.35:6800/1582063547,v1:172.21.15.35:6801/1582063547] conn(0x7f4270037e50 0x7f427003a300 secure :-1 s=READY pgs=15 cs=0 l=1 rev1=1 crypto rx=0x7f427c006fd0 tx=0x7f427c006e40 comp rx=0 tx=0).ready entity=mgr.14120 client_cookie=0 server_cookie=0 in_seq=0 out_seq=0
2023-03-17T07:50:05.214 INFO:teuthology.orchestra.run.smithi035.stdout:/usr/bin/ceph: stderr
2023-03-17T07:46:31.695+0000 7f42857fa700 1 -- 172.21.15.35:0/807830183 <== mon.0 v2:172.21.15.35:3300/0 6 ==== mon_command_ack([{"prefix": "get_command_descriptions"}]=0 v0) v1 ==== 72+0+177564 (secure 0 0 0) 0x7f427801f020 con 0x7f42881064a0
2023-03-17T07:50:05.214 INFO:teuthology.orchestra.run.smithi035.stdout:/usr/bin/ceph: stderr
2023-03-17T07:46:32.064+0000 7f428ea09700 1 -- 172.21.15.35:0/807830183 --> [v2:172.21.15.35:3300/0,v1:172.21.15.35:6789/0] -- mon_command([{prefix=config set, name=mgr/dashboard/ssl_server_port}] v 0) v1 -- 0x7f4288105330 con 0x7f42881064a0
2023-03-17T07:50:05.214 INFO:teuthology.orchestra.run.smithi035.stdout:/usr/bin/ceph: stderr
2023-03-17T07:46:32.067+0000 7f42857fa700 1 -- 172.21.15.35:0/807830183 <== mon.0 v2:172.21.15.35:3300/0 7 ==== mon_command_ack([{prefix=config set, name=mgr/dashboard/ssl_server_port}]=0 v8)=0 v8) v1 ==== 130+0+0 (secure 0 0 0) 0x7f427804a0c0 con 0x7f42881064a0
2023-03-17T07:50:05.214 INFO:teuthology.orchestra.run.smithi035.stdout:/usr/bin/ceph: stderr
2023-03-17T07:46:32.070+0000 7f428ea09700 1 -- 172.21.15.35:0/807830183 >> [v2:172.21.15.35:6800/1582063547,v1:172.21.15.35:6801/1582063547] conn(0x7f4270037e50 msgr2=0x7f427003a300 secure :-1 s=STATE_CONNECTION_ESTABLISHED l=1).mark_down
2023-03-17T07:50:05.214 INFO:teuthology.orchestra.run.smithi035.stdout:/usr/bin/ceph: stderr
2023-03-17T07:46:32.070+0000 7f428ea09700 1 --2- 172.21.15.35:0/807830183 >> [v2:172.21.15.35:6800/1582063547,v1:172.21.15.35:6801/1582063547] conn(0x7f4270037e50 0x7f427003a300 secure :-1 s=READY pgs=15 cs=0 l=1 rev1=1 crypto rx=0x7f427c006fd0 tx=0x7f427c006e40 comp rx=0 tx=0).stop
2023-03-17T07:50:05.214 INFO:teuthology.orchestra.run.smithi035.stdout:/usr/bin/ceph: stderr
2023-03-17T07:46:32.070+0000 7f428ea09700 1 -- 172.21.15.35:0/807830183 >> [v2:172.21.15.35:3300/0,v1:172.21.15.35:6789/0] conn(0x7f42881064a0 msgr2=0x7f4288105e00 secure :-1 s=STATE_CONNECTION_ESTABLISHED l=1).mark_down
2023-03-17T07:50:05.214 INFO:teuthology.orchestra.run.smithi035.stdout:/usr/bin/ceph: stderr
2023-03-17T07:46:32.070+0000 7f428ea09700 1 --2- 172.21.15.35:0/807830183 >> [v2:172.21.15.35:3300/0,v1:172.21.15.35:6789/0] conn(0x7f42881064a0 0x7f4288105e00 secure :-1 s=READY pgs=54 cs=0 l=1 rev1=1 crypto rx=0x7f4278000c00 tx=0x7f42780119a0 comp rx=0 tx=0).stop
2023-03-17T07:50:05.214 INFO:teuthology.orchestra.run.smithi035.stdout:/usr/bin/ceph: stderr
2023-03-17T07:46:32.070+0000 7f428ea09700 1 -- 172.21.15.35:0/807830183 shutdown_connections
2023-03-17T07:50:05.214 INFO:teuthology.orchestra.run.smithi035.stdout:/usr/bin/ceph: stderr
2023-03-17T07:46:32.070+0000 7f428ea09700 1 --2- 172.21.15.35:0/807830183 >> [v2:172.21.15.35:6800/1582063547,v1:172.21.15.35:6801/1582063547] conn(0x7f4270037e50 0x7f427003a300 unknown :-1 s=CLOSED pgs=15 cs=0 l=1 rev1=1 crypto rx=0 tx=0 comp rx=0 tx=0).stop
2023-03-17T07:50:05.214 INFO:teuthology.orchestra.run.smithi035.stdout:/usr/bin/ceph: stderr
2023-03-17T07:46:32.070+0000 7f428ea09700 1 --2- 172.21.15.35:0/807830183 >> [v2:172.21.15.35:3300/0,v1:172.21.15.35:6789/0] conn(0x7f42881064a0 0x7f4288105e00 unknown :-1 s=CLOSED pgs=54 cs=0 l=1 rev1=1 crypto rx=0 tx=0 comp rx=0 tx=0).stop
2023-03-17T07:50:05.214 INFO:teuthology.orchestra.run.smithi035.stdout:/usr/bin/ceph: stderr
