2023-03-22T14:19:38.720 INFO:journalctl@ceph.mgr.x.smithi045.stdout:Mar 22 14:19:38 smithi045 ceph-54899176-c8bc-11ed-9afe-001a4aab830c-mgr-x[91977]:
2023-03-22T14:19:38.577+0000 7f533abb9200 -1 mgr[py] Module diskprediction_local has missing NOTIFY_TYPES member
2023-03-22T14:19:39.219 INFO:journalctl@ceph.mgr.x.smithi045.stdout:Mar 22 14:19:38 smithi045 ceph-54899176-c8bc-11ed-9afe-001a4aab830c-mgr-x[91977]:
2023-03-22T14:19:38.822+0000 7f533abb9200 -1 mgr[py] Module nfs has missing NOTIFY_TYPES member
2023-03-22T14:19:39.220 INFO:journalctl@ceph.mgr.x.smithi045.stdout:Mar 22 14:19:38 smithi045 ceph-54899176-c8bc-11ed-9afe-001a4aab830c-mgr-x[91977]:
2023-03-22T14:19:38.969+0000 7f533abb9200 -1 mgr[py] Module rbd_support has missing NOTIFY_TYPES member
2023-03-22T14:19:39.719 INFO:journalctl@ceph.mgr.x.smithi045.stdout:Mar 22 14:19:39 smithi045 ceph-54899176-c8bc-11ed-9afe-001a4aab830c-mgr-x[91977]:
2023-03-22T14:19:39.244+0000 7f533abb9200 -1 mgr[py] Module volumes has missing NOTIFY_TYPES member
2023-03-22T14:19:40.719 INFO:journalctl@ceph.mon.a.smithi045.stdout:Mar 22 14:19:40 smithi045 ceph-mon[91728]: Active manager daemon x restarted
2023-03-22T14:19:40.720 INFO:journalctl@ceph.mon.a.smithi045.stdout:Mar 22 14:19:40 smithi045 ceph-mon[91728]: Activating manager daemon x
2023-03-22T14:19:40.720 INFO:journalctl@ceph.mon.a.smithi045.stdout:Mar 22 14:19:40 smithi045 ceph-mon[91728]: osdmap e3: 0 total, 0 up, 0 in
2023-03-22T14:19:40.721 INFO:journalctl@ceph.mgr.x.smithi045.stdout:Mar 22 14:19:40 smithi045 ceph-54899176-c8bc-11ed-9afe-001a4aab830c-mgr-x[91977]:
2023-03-22T14:19:40.310+0000 7f533abb9200 -1 mgr[py] Module pg_autoscaler has missing NOTIFY_TYPES member
2023-03-22T14:19:41.719 INFO:journalctl@ceph.mon.a.smithi045.stdout:Mar 22 14:19:41 smithi045 ceph-mon[91728]: mgrmap e10: x(active, starting, since 0.0529169s)
2023-03-22T14:19:41.720 INFO:journalctl@ceph.mon.a.smithi045.stdout:Mar 22 14:19:41 smithi045 ceph-mon[91728]: from='mgr.14150 172.21.15.45:0/1497530946' entity='mgr.x' cmd=[{"prefix": "mon metadata", "id": "a"}]: dispatch
2023-03-22T14:19:41.720 INFO:journalctl@ceph.mon.a.smithi045.stdout:Mar 22 14:19:41 smithi045 ceph-mon[91728]: from='mgr.14150 172.21.15.45:0/1497530946' entity='mgr.x' cmd=[{"prefix": "mgr metadata", "who": "x", "id": "x"}]: dispatch
2023-03-22T14:19:41.720 INFO:journalctl@ceph.mon.a.smithi045.stdout:Mar 22 14:19:41 smithi045 ceph-mon[91728]: from='mgr.14150 172.21.15.45:0/1497530946' entity='mgr.x' cmd=[{"prefix": "mds metadata"}]: dispatch
2023-03-22T14:19:41.720 INFO:journalctl@ceph.mon.a.smithi045.stdout:Mar 22 14:19:41 smithi045 ceph-mon[91728]: from='mgr.14150 172.21.15.45:0/1497530946' entity='mgr.x' cmd=[{"prefix": "osd metadata"}]: dispatch
2023-03-22T14:19:41.720 INFO:journalctl@ceph.mon.a.smithi045.stdout:Mar 22 14:19:41 smithi045 ceph-mon[91728]: from='mgr.14150 172.21.15.45:0/1497530946' entity='mgr.x' cmd=[{"prefix": "mon metadata"}]: dispatch
2023-03-22T14:19:41.721 INFO:journalctl@ceph.mon.a.smithi045.stdout:Mar 22 14:19:41 smithi045 ceph-mon[91728]: Manager daemon x is now available
2023-03-22T14:19:41.721 INFO:journalctl@ceph.mon.a.smithi045.stdout:Mar 22 14:19:41 smithi045 ceph-mon[91728]: from='mgr.14150 172.21.15.45:0/1497530946' entity='mgr.x' cmd=[{"prefix": "config dump", "format": "json"}]: dispatch
2023-03-22T14:19:41.721 INFO:journalctl@ceph.mon.a.smithi045.stdout:Mar 22 14:19:41 smithi045 ceph-mon[91728]: from='mgr.14150 172.21.15.45:0/1497530946' entity='mgr.x' cmd=[{"prefix": "config dump", "format": "json"}]: dispatch
2023-03-22T14:19:41.721 INFO:journalctl@ceph.mon.a.smithi045.stdout:Mar 22 14:19:41 smithi045 ceph-mon[91728]: from='mgr.14150 172.21.15.45:0/1497530946' entity='mgr.x' cmd=[{"prefix":"config rm","who":"mgr","name":"mgr/rbd_support/x/mirror_snapshot_schedule"}]: dispatch
2023-03-22T14:19:41.721 INFO:journalctl@ceph.mon.a.smithi045.stdout:Mar 22 14:19:41 smithi045 ceph-mon[91728]: from='mgr.14150 172.21.15.45:0/1497530946' entity='mgr.x' cmd=[{"prefix":"config rm","who":"mgr","name":"mgr/rbd_support/x/trash_purge_schedule"}]: dispatch
2023-03-22T14:19:41.838 INFO:teuthology.orchestra.run.smithi045.stdout:/usr/bin/ceph: stdout {
2023-03-22T14:19:41.838 INFO:teuthology.orchestra.run.smithi045.stdout:/usr/bin/ceph: stdout "mgrmap_epoch": 11,
2023-03-22T14:19:41.838 INFO:teuthology.orchestra.run.smithi045.stdout:/usr/bin/ceph: stdout "initialized": true
2023-03-22T14:19:41.838 INFO:teuthology.orchestra.run.smithi045.stdout:/usr/bin/ceph: stdout }
2023-03-22T14:19:41.839 INFO:teuthology.orchestra.run.smithi045.stdout:/usr/bin/ceph: stderr
2023-03-22T14:19:33.971+0000 7f4e7e3cb700 1 Processor -- start
2023-03-22T14:19:41.839 INFO:teuthology.orchestra.run.smithi045.stdout:/usr/bin/ceph: stderr
2023-03-22T14:19:33.971+0000 7f4e7e3cb700 1 -- start start
2023-03-22T14:19:41.839 INFO:teuthology.orchestra.run.smithi045.stdout:/usr/bin/ceph: stderr
2023-03-22T14:19:33.972+0000 7f4e7e3cb700 1 --2- >> [v2:172.21.15.45:3300/0,v1:172.21.15.45:6789/0] conn(0x7f4e78074190 0x7f4e781087a0 unknown :-1 s=NONE pgs=0 cs=0 l=0 rev1=0 crypto rx=0 tx=0 comp rx=0 tx=0).connect
2023-03-22T14:19:41.839 INFO:teuthology.orchestra.run.smithi045.stdout:/usr/bin/ceph: stderr
2023-03-22T14:19:33.972+0000 7f4e7e3cb700 1 -- --> [v2:172.21.15.45:3300/0,v1:172.21.15.45:6789/0] -- mon_getmap magic: 0 v1 -- 0x7f4e78108ce0 con 0x7f4e78074190
2023-03-22T14:19:41.839 INFO:teuthology.orchestra.run.smithi045.stdout:/usr/bin/ceph: stderr
2023-03-22T14:19:33.972+0000 7f4e77fff700 1 --2- >> [v2:172.21.15.45:3300/0,v1:172.21.15.45:6789/0] conn(0x7f4e78074190 0x7f4e781087a0 unknown :-1 s=BANNER_CONNECTING pgs=0 cs=0 l=0 rev1=0 crypto rx=0 tx=0 comp rx=0 tx=0)._handle_peer_banner_payload supported=3 required=0
2023-03-22T14:19:41.839 INFO:teuthology.orchestra.run.smithi045.stdout:/usr/bin/ceph: stderr
2023-03-22T14:19:33.972+0000 7f4e77fff700 1 --2- >> [v2:172.21.15.45:3300/0,v1:172.21.15.45:6789/0] conn(0x7f4e78074190 0x7f4e781087a0 unknown :-1 s=HELLO_CONNECTING pgs=0 cs=0 l=0 rev1=1 crypto rx=0 tx=0 comp rx=0 tx=0).handle_hello peer v2:172.21.15.45:3300/0 says I am v2:172.21.15.45:60732/0 (socket says 172.21.15.45:60732)
2023-03-22T14:19:41.839 INFO:teuthology.orchestra.run.smithi045.stdout:/usr/bin/ceph: stderr
2023-03-22T14:19:33.972+0000 7f4e77fff700 1 -- 172.21.15.45:0/2697127500 learned_addr learned my addr 172.21.15.45:0/2697127500 (peer_addr_for_me v2:172.21.15.45:0/0)
2023-03-22T14:19:41.840 INFO:teuthology.orchestra.run.smithi045.stdout:/usr/bin/ceph: stderr
2023-03-22T14:19:33.972+0000 7f4e77fff700 1 -- 172.21.15.45:0/2697127500 --> [v2:172.21.15.45:3300/0,v1:172.21.15.45:6789/0] -- mon_subscribe({config=0+,monmap=0+}) v3 -- 0x7f4e78108e20 con 0x7f4e78074190
2023-03-22T14:19:41.840 INFO:teuthology.orchestra.run.smithi045.stdout:/usr/bin/ceph: stderr
2023-03-22T14:19:33.973+0000 7f4e77fff700 1 --2- 172.21.15.45:0/2697127500 >> [v2:172.21.15.45:3300/0,v1:172.21.15.45:6789/0] conn(0x7f4e78074190 0x7f4e781087a0 secure :-1 s=READY pgs=59 cs=0 l=1 rev1=1 crypto rx=0x7f4e680098a0 tx=0x7f4e68009bb0 comp rx=0 tx=0).ready entity=mon.0 client_cookie=a1ffbbf8b11f32b1 server_cookie=0 in_seq=0 out_seq=0
2023-03-22T14:19:41.840 INFO:teuthology.orchestra.run.smithi045.stdout:/usr/bin/ceph: stderr
2023-03-22T14:19:33.973+0000 7f4e76ffd700 1 -- 172.21.15.45:0/2697127500 <== mon.0 v2:172.21.15.45:3300/0 1 ==== mon_map magic: 0 v1 ==== 205+0+0 (secure 0 0 0) 0x7f4e68004160 con 0x7f4e78074190
2023-03-22T14:19:41.840 INFO:teuthology.orchestra.run.smithi045.stdout:/usr/bin/ceph: stderr
2023-03-22T14:19:33.973+0000 7f4e76ffd700 1 -- 172.21.15.45:0/2697127500 <== mon.0 v2:172.21.15.45:3300/0 2 ==== config(26 keys) v1 ==== 1105+0+0 (secure 0 0 0) 0x7f4e680042c0 con 0x7f4e78074190
2023-03-22T14:19:41.840 INFO:teuthology.orchestra.run.smithi045.stdout:/usr/bin/ceph: stderr
2023-03-22T14:19:33.973+0000 7f4e76ffd700 1 -- 172.21.15.45:0/2697127500 <== mon.0 v2:172.21.15.45:3300/0 3 ==== mon_map magic: 0 v1 ==== 205+0+0 (secure 0 0 0) 0x7f4e680119b0 con 0x7f4e78074190
2023-03-22T14:19:41.840 INFO:teuthology.orchestra.run.smithi045.stdout:/usr/bin/ceph: stderr
2023-03-22T14:19:33.974+0000 7f4e7e3cb700 1 -- 172.21.15.45:0/2697127500 >> [v2:172.21.15.45:3300/0,v1:172.21.15.45:6789/0] conn(0x7f4e78074190 msgr2=0x7f4e781087a0 secure :-1 s=STATE_CONNECTION_ESTABLISHED l=1).mark_down
2023-03-22T14:19:41.840 INFO:teuthology.orchestra.run.smithi045.stdout:/usr/bin/ceph: stderr
2023-03-22T14:19:33.974+0000 7f4e7e3cb700 1 --2- 172.21.15.45:0/2697127500 >> [v2:172.21.15.45:3300/0,v1:172.21.15.45:6789/0] conn(0x7f4e78074190 0x7f4e781087a0 secure :-1 s=READY pgs=59 cs=0 l=1 rev1=1 crypto rx=0x7f4e680098a0 tx=0x7f4e68009bb0 comp rx=0 tx=0).stop
2023-03-22T14:19:41.840 INFO:teuthology.orchestra.run.smithi045.stdout:/usr/bin/ceph: stderr
2023-03-22T14:19:33.974+0000 7f4e7e3cb700 1 -- 172.21.15.45:0/2697127500 shutdown_connections
2023-03-22T14:19:41.841 INFO:teuthology.orchestra.run.smithi045.stdout:/usr/bin/ceph: stderr
2023-03-22T14:19:33.974+0000 7f4e7e3cb700 1 --2- 172.21.15.45:0/2697127500 >> [v2:172.21.15.45:3300/0,v1:172.21.15.45:6789/0] conn(0x7f4e78074190 0x7f4e781087a0 unknown :-1 s=CLOSED pgs=59 cs=0 l=1 rev1=1 crypto rx=0 tx=0 comp rx=0 tx=0).stop
2023-03-22T14:19:41.841 INFO:teuthology.orchestra.run.smithi045.stdout:/usr/bin/ceph: stderr
2023-03-22T14:19:33.974+0000 7f4e7e3cb700 1 -- 172.21.15.45:0/2697127500 >> 172.21.15.45:0/2697127500 conn(0x7f4e78100110 msgr2=0x7f4e78102540 unknown :-1 s=STATE_NONE l=0).mark_down
2023-03-22T14:19:41.841 INFO:teuthology.orchestra.run.smithi045.stdout:/usr/bin/ceph: stderr
2023-03-22T14:19:33.974+0000 7f4e7e3cb700 1 -- 172.21.15.45:0/2697127500 shutdown_connections
2023-03-22T14:19:41.841 INFO:teuthology.orchestra.run.smithi045.stdout:/usr/bin/ceph: stderr
2023-03-22T14:19:33.974+0000 7f4e7e3cb700 1 -- 172.21.15.45:0/2697127500 wait complete.
2023-03-22T14:19:41.841 INFO:teuthology.orchestra.run.smithi045.stdout:/usr/bin/ceph: stderr
2023-03-22T14:19:33.975+0000 7f4e7e3cb700 1 Processor -- start
2023-03-22T14:19:41.841 INFO:teuthology.orchestra.run.smithi045.stdout:/usr/bin/ceph: stderr
2023-03-22T14:19:33.975+0000 7f4e7e3cb700 1 -- start start
2023-03-22T14:19:41.842 INFO:teuthology.orchestra.run.smithi045.stdout:/usr/bin/ceph: stderr
2023-03-22T14:19:33.976+0000 7f4e7e3cb700 1 --2- >> [v2:172.21.15.45:3300/0,v1:172.21.15.45:6789/0] conn(0x7f4e78074190 0x7f4e78199840 unknown :-1 s=NONE pgs=0 cs=0 l=1 rev1=0 crypto rx=0 tx=0 comp rx=0 tx=0).connect
2023-03-22T14:19:41.842 INFO:teuthology.orchestra.run.smithi045.stdout:/usr/bin/ceph: stderr
2023-03-22T14:19:33.976+0000 7f4e7e3cb700 1 -- --> [v2:172.21.15.45:3300/0,v1:172.21.15.45:6789/0] -- mon_getmap magic: 0 v1 -- 0x7f4e78199d80 con 0x7f4e78074190
2023-03-22T14:19:41.842 INFO:teuthology.orchestra.run.smithi045.stdout:/usr/bin/ceph: stderr
2023-03-22T14:19:33.976+0000 7f4e77fff700 1 --2- >> [v2:172.21.15.45:3300/0,v1:172.21.15.45:6789/0] conn(0x7f4e78074190 0x7f4e78199840 unknown :-1 s=BANNER_CONNECTING pgs=0 cs=0 l=1 rev1=0 crypto rx=0 tx=0 comp rx=0 tx=0)._handle_peer_banner_payload supported=3 required=0
2023-03-22T14:19:41.842 INFO:teuthology.orchestra.run.smithi045.stdout:/usr/bin/ceph: stderr
2023-03-22T14:19:33.976+0000 7f4e77fff700 1 --2- >> [v2:172.21.15.45:3300/0,v1:172.21.15.45:6789/0] conn(0x7f4e78074190 0x7f4e78199840 unknown :-1 s=HELLO_CONNECTING pgs=0 cs=0 l=1 rev1=1 crypto rx=0 tx=0 comp rx=0 tx=0).handle_hello peer v2:172.21.15.45:3300/0 says I am v2:172.21.15.45:60744/0 (socket says 172.21.15.45:60744)
2023-03-22T14:19:41.842 INFO:teuthology.orchestra.run.smithi045.stdout:/usr/bin/ceph: stderr
2023-03-22T14:19:33.976+0000 7f4e77fff700 1 -- 172.21.15.45:0/702068109 learned_addr learned my addr 172.21.15.45:0/702068109 (peer_addr_for_me v2:172.21.15.45:0/0)
2023-03-22T14:19:41.842 INFO:teuthology.orchestra.run.smithi045.stdout:/usr/bin/ceph: stderr
2023-03-22T14:19:33.977+0000 7f4e77fff700 1 -- 172.21.15.45:0/702068109 --> [v2:172.21.15.45:3300/0,v1:172.21.15.45:6789/0] -- mon_subscribe({config=0+,monmap=0+}) v3 -- 0x7f4e68009550 con 0x7f4e78074190
2023-03-22T14:19:41.842 INFO:teuthology.orchestra.run.smithi045.stdout:/usr/bin/ceph: stderr
2023-03-22T14:19:33.977+0000 7f4e77fff700 1 --2- 172.21.15.45:0/702068109 >> [v2:172.21.15.45:3300/0,v1:172.21.15.45:6789/0] conn(0x7f4e78074190 0x7f4e78199840 secure :-1 s=READY pgs=60 cs=0 l=1 rev1=1 crypto rx=0x7f4e68006af0 tx=0x7f4e68011a30 comp rx=0 tx=0).ready entity=mon.0 client_cookie=0 server_cookie=0 in_seq=0 out_seq=0
2023-03-22T14:19:41.842 INFO:teuthology.orchestra.run.smithi045.stdout:/usr/bin/ceph: stderr
2023-03-22T14:19:33.977+0000 7f4e757fa700 1 -- 172.21.15.45:0/702068109 <== mon.0 v2:172.21.15.45:3300/0 1 ==== mon_map magic: 0 v1 ==== 205+0+0 (secure 0 0 0) 0x7f4e68003a40 con 0x7f4e78074190
2023-03-22T14:19:41.843 INFO:teuthology.orchestra.run.smithi045.stdout:/usr/bin/ceph: stderr
2023-03-22T14:19:33.977+0000 7f4e757fa700 1 -- 172.21.15.45:0/702068109 <== mon.0 v2:172.21.15.45:3300/0 2 ==== config(26 keys) v1 ==== 1105+0+0 (secure 0 0 0) 0x7f4e68003ba0 con 0x7f4e78074190
2023-03-22T14:19:41.843 INFO:teuthology.orchestra.run.smithi045.stdout:/usr/bin/ceph: stderr
2023-03-22T14:19:33.977+0000 7f4e757fa700 1 -- 172.21.15.45:0/702068109 <== mon.0 v2:172.21.15.45:3300/0 3 ==== mon_map magic: 0 v1 ==== 205+0+0 (secure 0 0 0) 0x7f4e68019730 con 0x7f4e78074190
2023-03-22T14:19:41.843 INFO:teuthology.orchestra.run.smithi045.stdout:/usr/bin/ceph: stderr
2023-03-22T14:19:33.977+0000 7f4e7e3cb700 1 -- 172.21.15.45:0/702068109 --> [v2:172.21.15.45:3300/0,v1:172.21.15.45:6789/0] -- mon_subscribe({mgrmap=0+}) v3 -- 0x7f4e78109eb0 con 0x7f4e78074190
2023-03-22T14:19:41.843 INFO:teuthology.orchestra.run.smithi045.stdout:/usr/bin/ceph: stderr
2023-03-22T14:19:33.977+0000 7f4e7e3cb700 1 -- 172.21.15.45:0/702068109 --> [v2:172.21.15.45:3300/0,v1:172.21.15.45:6789/0] -- mon_subscribe({osdmap=0}) v3 -- 0x7f4e78109d20 con 0x7f4e78074190
2023-03-22T14:19:41.844 INFO:teuthology.orchestra.run.smithi045.stdout:/usr/bin/ceph: stderr
2023-03-22T14:19:33.979+0000 7f4e757fa700 1 -- 172.21.15.45:0/702068109 <== mon.0 v2:172.21.15.45:3300/0 4 ==== mgrmap(e 9) v1 ==== 44782+0+0 (secure 0 0 0) 0x7f4e6801aaf0 con 0x7f4e78074190
2023-03-22T14:19:41.844 INFO:teuthology.orchestra.run.smithi045.stdout:/usr/bin/ceph: stderr
2023-03-22T14:19:33.979+0000 7f4e757fa700 1 --2- 172.21.15.45:0/702068109 >> [v2:172.21.15.45:6800/743263651,v1:172.21.15.45:6801/743263651] conn(0x7f4e600380a0 0x7f4e6003a550 unknown :-1 s=NONE pgs=0 cs=0 l=1 rev1=0 crypto rx=0 tx=0 comp rx=0 tx=0).connect
2023-03-22T14:19:41.844 INFO:teuthology.orchestra.run.smithi045.stdout:/usr/bin/ceph: stderr
2023-03-22T14:19:33.979+0000 7f4e757fa700 1 -- 172.21.15.45:0/702068109 --> [v2:172.21.15.45:6800/743263651,v1:172.21.15.45:6801/743263651] -- command(tid 0: {"prefix": "get_command_descriptions"}) v1 -- 0x7f4e6003ac60 con 0x7f4e600380a0
2023-03-22T14:19:41.844 INFO:teuthology.orchestra.run.smithi045.stdout:/usr/bin/ceph: stderr
2023-03-22T14:19:33.979+0000 7f4e757fa700 1 -- 172.21.15.45:0/702068109 <== mon.0 v2:172.21.15.45:3300/0 5 ==== osd_map(2..2 src has 1..2) v4 ==== 940+0+0 (secure 0 0 0) 0x7f4e6804bd20 con 0x7f4e78074190
2023-03-22T14:19:41.845 INFO:teuthology.orchestra.run.smithi045.stdout:/usr/bin/ceph: stderr
2023-03-22T14:19:33.979+0000 7f4e777fe700 1 -- 172.21.15.45:0/702068109 >> [v2:172.21.15.45:6800/743263651,v1:172.21.15.45:6801/743263651] conn(0x7f4e600380a0 msgr2=0x7f4e6003a550 unknown :-1 s=STATE_CONNECTING_RE l=1).process reconnect failed to v2:172.21.15.45:6800/743263651
2023-03-22T14:19:41.845 INFO:teuthology.orchestra.run.smithi045.stdout:/usr/bin/ceph: stderr
2023-03-22T14:19:33.979+0000 7f4e777fe700 1 --2- 172.21.15.45:0/702068109 >> [v2:172.21.15.45:6800/743263651,v1:172.21.15.45:6801/743263651] conn(0x7f4e600380a0 0x7f4e6003a550 unknown :-1 s=START_CONNECT pgs=0 cs=0 l=1 rev1=0 crypto rx=0 tx=0 comp rx=0 tx=0)._fault waiting 0.200000
2023-03-22T14:19:41.845 INFO:teuthology.orchestra.run.smithi045.stdout:/usr/bin/ceph: stderr
2023-03-22T14:19:34.180+0000 7f4e777fe700 1 -- 172.21.15.45:0/702068109 >> [v2:172.21.15.45:6800/743263651,v1:172.21.15.45:6801/743263651] conn(0x7f4e600380a0 msgr2=0x7f4e6003a550 unknown :-1 s=STATE_CONNECTING_RE l=1).process reconnect failed to v2:172.21.15.45:6800/743263651
2023-03-22T14:19:41.845 INFO:teuthology.orchestra.run.smithi045.stdout:/usr/bin/ceph: stderr
2023-03-22T14:19:34.180+0000 7f4e777fe700 1 --2- 172.21.15.45:0/702068109 >> [v2:172.21.15.45:6800/743263651,v1:172.21.15.45:6801/743263651] conn(0x7f4e600380a0 0x7f4e6003a550 unknown :-1 s=START_CONNECT pgs=0 cs=0 l=1 rev1=0 crypto rx=0 tx=0 comp rx=0 tx=0)._fault waiting 0.400000
2023-03-22T14:19:41.846 INFO:teuthology.orchestra.run.smithi045.stdout:/usr/bin/ceph: stderr
2023-03-22T14:19:34.581+0000 7f4e777fe700 1 -- 172.21.15.45:0/702068109 >> [v2:172.21.15.45:6800/743263651,v1:172.21.15.45:6801/743263651] conn(0x7f4e600380a0 msgr2=0x7f4e6003a550 unknown :-1 s=STATE_CONNECTING_RE l=1).process reconnect failed to v2:172.21.15.45:6800/743263651
2023-03-22T14:19:41.846 INFO:teuthology.orchestra.run.smithi045.stdout:/usr/bin/ceph: stderr
2023-03-22T14:19:34.581+0000 7f4e777fe700 1 --2- 172.21.15.45:0/702068109 >> [v2:172.21.15.45:6800/743263651,v1:172.21.15.45:6801/743263651] conn(0x7f4e600380a0 0x7f4e6003a550 unknown :-1 s=START_CONNECT pgs=0 cs=0 l=1 rev1=0 crypto rx=0 tx=0 comp rx=0 tx=0)._fault waiting 0.800000
2023-03-22T14:19:41.846 INFO:teuthology.orchestra.run.smithi045.stdout:/usr/bin/ceph: stderr
2023-03-22T14:19:35.382+0000 7f4e777fe700 1 -- 172.21.15.45:0/702068109 >> [v2:172.21.15.45:6800/743263651,v1:172.21.15.45:6801/743263651] conn(0x7f4e600380a0 msgr2=0x7f4e6003a550 unknown :-1 s=STATE_CONNECTING_RE l=1).process reconnect failed to v2:172.21.15.45:6800/743263651
2023-03-22T14:19:41.847 INFO:teuthology.orchestra.run.smithi045.stdout:/usr/bin/ceph: stderr
2023-03-22T14:19:35.382+0000 7f4e777fe700 1 --2- 172.21.15.45:0/702068109 >> [v2:172.21.15.45:6800/743263651,v1:172.21.15.45:6801/743263651] conn(0x7f4e600380a0 0x7f4e6003a550 unknown :-1 s=START_CONNECT pgs=0 cs=0 l=1 rev1=0 crypto rx=0 tx=0 comp rx=0 tx=0)._fault waiting 1.600000
2023-03-22T14:19:41.847 INFO:teuthology.orchestra.run.smithi045.stdout:/usr/bin/ceph: stderr
2023-03-22T14:19:36.983+0000 7f4e777fe700 1 -- 172.21.15.45:0/702068109 >> [v2:172.21.15.45:6800/743263651,v1:172.21.15.45:6801/743263651] conn(0x7f4e600380a0 msgr2=0x7f4e6003a550 unknown :-1 s=STATE_CONNECTING_RE l=1).process reconnect failed to v2:172.21.15.45:6800/743263651
2023-03-22T14:19:41.847 INFO:teuthology.orchestra.run.smithi045.stdout:/usr/bin/ceph: stderr
2023-03-22T14:19:36.983+0000 7f4e777fe700 1 --2- 172.21.15.45:0/702068109 >> [v2:172.21.15.45:6800/743263651,v1:172.21.15.45:6801/743263651] conn(0x7f4e600380a0 0x7f4e6003a550 unknown :-1 s=START_CONNECT pgs=0 cs=0 l=1 rev1=0 crypto rx=0 tx=0 comp rx=0 tx=0)._fault waiting 3.200000
2023-03-22T14:19:41.847 INFO:teuthology.orchestra.run.smithi045.stdout:/usr/bin/ceph: stderr
2023-03-22T14:19:40.187+0000 7f4e777fe700 1 -- 172.21.15.45:0/702068109 >> [v2:172.21.15.45:6800/743263651,v1:172.21.15.45:6801/743263651] conn(0x7f4e600380a0 msgr2=0x7f4e6003a550 unknown :-1 s=STATE_CONNECTING_RE l=1).process reconnect failed to v2:172.21.15.45:6800/743263651
2023-03-22T14:19:41.848 INFO:teuthology.orchestra.run.smithi045.stdout:/usr/bin/ceph: stderr
2023-03-22T14:19:40.187+0000 7f4e777fe700 1 --2- 172.21.15.45:0/702068109 >> [v2:172.21.15.45:6800/743263651,v1:172.21.15.45:6801/743263651] conn(0x7f4e600380a0 0x7f4e6003a550 unknown :-1 s=START_CONNECT pgs=0 cs=0 l=1 rev1=0 crypto rx=0 tx=0 comp rx=0 tx=0)._fault waiting 6.400000
2023-03-22T14:19:41.848 INFO:teuthology.orchestra.run.smithi045.stdout:/usr/bin/ceph: stderr
2023-03-22T14:19:40.364+0000 7f4e757fa700 1 -- 172.21.15.45:0/702068109 <== mon.0 v2:172.21.15.45:3300/0 6 ==== mgrmap(e 10) v1 ==== 44549+0+0 (secure 0 0 0) 0x7f4e6800bd00 con 0x7f4e78074190
2023-03-22T14:19:41.848 INFO:teuthology.orchestra.run.smithi045.stdout:/usr/bin/ceph: stderr
2023-03-22T14:19:40.365+0000 7f4e757fa700 1 -- 172.21.15.45:0/702068109 >> [v2:172.21.15.45:6800/743263651,v1:172.21.15.45:6801/743263651] conn(0x7f4e600380a0 msgr2=0x7f4e6003a550 unknown :-1 s=STATE_CONNECTING l=1).mark_down
2023-03-22T14:19:41.849 INFO:teuthology.orchestra.run.smithi045.stdout:/usr/bin/ceph: stderr
2023-03-22T14:19:40.365+0000 7f4e757fa700 1 --2- 172.21.15.45:0/702068109 >> [v2:172.21.15.45:6800/743263651,v1:172.21.15.45:6801/743263651] conn(0x7f4e600380a0 0x7f4e6003a550 unknown :-1 s=START_CONNECT pgs=0 cs=0 l=1 rev1=0 crypto rx=0 tx=0 comp rx=0 tx=0).stop
2023-03-22T14:19:41.849 INFO:teuthology.orchestra.run.smithi045.stdout:/usr/bin/ceph: stderr
2023-03-22T14:19:41.372+0000 7f4e757fa700 1 -- 172.21.15.45:0/702068109 <== mon.0 v2:172.21.15.45:3300/0 7 ==== mgrmap(e 11) v1 ==== 44676+0+0 (secure 0 0 0) 0x7f4e6804d890 con 0x7f4e78074190
2023-03-22T14:19:41.849 INFO:teuthology.orchestra.run.smithi045.stdout:/usr/bin/ceph: stderr
2023-03-22T14:19:41.372+0000 7f4e757fa700 1 --2- 172.21.15.45:0/702068109 >> [v2:172.21.15.45:6800/3954219341,v1:172.21.15.45:6801/3954219341] conn(0x7f4e6003bb20 0x7f4e6003df00 unknown :-1 s=NONE pgs=0 cs=0 l=1 rev1=0 crypto rx=0 tx=0 comp rx=0 tx=0).connect
2023-03-22T14:19:41.849 INFO:teuthology.orchestra.run.smithi045.stdout:/usr/bin/ceph: stderr
2023-03-22T14:19:41.373+0000 7f4e757fa700 1 -- 172.21.15.45:0/702068109 --> [v2:172.21.15.45:6800/3954219341,v1:172.21.15.45:6801/3954219341] -- command(tid 0: {"prefix": "get_command_descriptions"}) v1 -- 0x7f4e6003ac60 con 0x7f4e6003bb20
2023-03-22T14:19:41.849 INFO:teuthology.orchestra.run.smithi045.stdout:/usr/bin/ceph: stderr
2023-03-22T14:19:41.373+0000 7f4e777fe700 1 --2- 172.21.15.45:0/702068109 >> [v2:172.21.15.45:6800/3954219341,v1:172.21.15.45:6801/3954219341] conn(0x7f4e6003bb20 0x7f4e6003df00 unknown :-1 s=BANNER_CONNECTING pgs=0 cs=0 l=1 rev1=0 crypto rx=0 tx=0 comp rx=0 tx=0)._handle_peer_banner_payload supported=3 required=0
2023-03-22T14:19:41.849 INFO:teuthology.orchestra.run.smithi045.stdout:/usr/bin/ceph: stderr
2023-03-22T14:19:41.374+0000 7f4e777fe700 1 --2- 172.21.15.45:0/702068109 >> [v2:172.21.15.45:6800/3954219341,v1:172.21.15.45:6801/3954219341] conn(0x7f4e6003bb20 0x7f4e6003df00 secure :-1 s=READY pgs=3 cs=0 l=1 rev1=1 crypto rx=0x7f4e6c003a10 tx=0x7f4e6c009270 comp rx=0 tx=0).ready entity=mgr.14150 client_cookie=0 server_cookie=0 in_seq=0 out_seq=0
2023-03-22T14:19:41.850 INFO:teuthology.orchestra.run.smithi045.stdout:/usr/bin/ceph: stderr
2023-03-22T14:19:41.375+0000 7f4e757fa700 1 -- 172.21.15.45:0/702068109 <== mgr.14150 v2:172.21.15.45:6800/3954219341 1 ==== command_reply(tid 0: 0 ) v1 ==== 8+0+6910 (secure 0 0 0) 0x7f4e6003ac60 con 0x7f4e6003bb20
2023-03-22T14:19:41.850 INFO:teuthology.orchestra.run.smithi045.stdout:/usr/bin/ceph: stderr
2023-03-22T14:19:41.382+0000 7f4e7e3cb700 1 -- 172.21.15.45:0/702068109 --> [v2:172.21.15.45:6800/3954219341,v1:172.21.15.45:6801/3954219341] -- command(tid 1: {"prefix": "mgr_status"}) v1 -- 0x7f4e7819ab80 con 0x7f4e6003bb20
2023-03-22T14:19:41.850 INFO:teuthology.orchestra.run.smithi045.stdout:/usr/bin/ceph: stderr
2023-03-22T14:19:41.382+0000 7f4e757fa700 1 -- 172.21.15.45:0/702068109 <== mgr.14150 v2:172.21.15.45:6800/3954219341 2 ==== command_reply(tid 1: 0 ) v1 ==== 8+0+52 (secure 0 0 0) 0x7f4e7819ab80 con 0x7f4e6003bb20
2023-03-22T14:19:41.850 INFO:teuthology.orchestra.run.smithi045.stdout:/usr/bin/ceph: stderr
2023-03-22T14:19:41.383+0000 7f4e7e3cb700 1 -- 172.21.15.45:0/702068109 >> [v2:172.21.15.45:6800/3954219341,v1:172.21.15.45:6801/3954219341] conn(0x7f4e6003bb20 msgr2=0x7f4e6003df00 secure :-1 s=STATE_CONNECTION_ESTABLISHED l=1).mark_down
2023-03-22T14:19:41.850 INFO:teuthology.orchestra.run.smithi045.stdout:/usr/bin/ceph: stderr
2023-03-22T14:19:41.383+0000 7f4e7e3cb700 1 --2- 172.21.15.45:0/702068109 >> [v2:172.21.15.45:6800/3954219341,v1:172.21.15.45:6801/3954219341] conn(0x7f4e6003bb20 0x7f4e6003df00 secure :-1 s=READY pgs=3 cs=0 l=1 rev1=1 crypto rx=0x7f4e6c003a10 tx=0x7f4e6c009270 comp rx=0 tx=0).stop
2023-03-22T14:19:41.850 INFO:teuthology.orchestra.run.smithi045.stdout:/usr/bin/ceph: stderr
2023-03-22T14:19:41.383+0000 7f4e7e3cb700 1 -- 172.21.15.45:0/702068109 >> [v2:172.21.15.45:3300/0,v1:172.21.15.45:6789/0] conn(0x7f4e78074190 msgr2=0x7f4e78199840 secure :-1 s=STATE_CONNECTION_ESTABLISHED l=1).mark_down
2023-03-22T14:19:41.850 INFO:teuthology.orchestra.run.smithi045.stdout:/usr/bin/ceph: stderr
2023-03-22T14:19:41.383+0000 7f4e7e3cb700 1 --2- 172.21.15.45:0/702068109 >> [v2:172.21.15.45:3300/0,v1:172.21.15.45:6789/0] conn(0x7f4e78074190 0x7f4e78199840 secure :-1 s=READY pgs=60 cs=0 l=1 rev1=1 crypto rx=0x7f4e68006af0 tx=0x7f4e68011a30 comp rx=0 tx=0).stop
2023-03-22T14:19:41.851 INFO:teuthology.orchestra.run.smithi045.stdout:/usr/bin/ceph: stderr
2023-03-22T14:19:41.383+0000 7f4e7e3cb700 1 -- 172.21.15.45:0/702068109 shutdown_connections
2023-03-22T14:19:41.851 INFO:teuthology.orchestra.run.smithi045.stdout:/usr/bin/ceph: stderr
2023-03-22T14:19:41.383+0000 7f4e7e3cb700 1 --2- 172.21.15.45:0/702068109 >> [v2:172.21.15.45:6800/3954219341,v1:172.21.15.45:6801/3954219341] conn(0x7f4e6003bb20 0x7f4e6003df00 unknown :-1 s=CLOSED pgs=3 cs=0 l=1 rev1=1 crypto rx=0 tx=0 comp rx=0 tx=0).stop
2023-03-22T14:19:41.851 INFO:teuthology.orchestra.run.smithi045.stdout:/usr/bin/ceph: stderr
2023-03-22T14:19:41.383+0000 7f4e7e3cb700 1 --2- 172.21.15.45:0/702068109 >> [v2:172.21.15.45:3300/0,v1:172.21.15.45:6789/0] conn(0x7f4e78074190 0x7f4e78199840 unknown :-1 s=CLOSED pgs=60 cs=0 l=1 rev1=1 crypto rx=0 tx=0 comp rx=0 tx=0).stop
2023-03-22T14:19:41.851 INFO:teuthology.orchestra.run.smithi045.stdout:/usr/bin/ceph: stderr
2023-03-22T14:19:41.383+0000 7f4e7e3cb700 1 --2- 172.21.15.45:0/702068109 >> [v2:172.21.15.45:6800/743263651,v1:172.21.15.45:6801/743263651] conn(0x7f4e600380a0 0x7f4e6003a550 unknown :-1 s=CLOSED pgs=0 cs=0 l=1 rev1=0 crypto rx=0 tx=0 comp rx=0 tx=0).stop
2023-03-22T14:19:41.851 INFO:teuthology.orchestra.run.smithi045.stdout:/usr/bin/ceph: stderr
2023-03-22T14:19:41.383+0000 7f4e7e3cb700 1 -- 172.21.15.45:0/702068109 >> 172.21.15.45:0/702068109 conn(0x7f4e78100110 msgr2=0x7f4e78100e40 unknown :-1 s=STATE_NONE l=0).mark_down
2023-03-22T14:19:41.851 INFO:teuthology.orchestra.run.smithi045.stdout:/usr/bin/ceph: stderr
2023-03-22T14:19:41.383+0000 7f4e7e3cb700 1 -- 172.21.15.45:0/702068109 shutdown_connections
2023-03-22T14:19:41.851 INFO:teuthology.orchestra.run.smithi045.stdout:/usr/bin/ceph: stderr
2023-03-22T14:19:41.383+0000 7f4e7e3cb700 1 -- 172.21.15.45:0/702068109 wait complete.
2023-03-22T14:19:41.852 INFO:teuthology.orchestra.run.smithi045.stdout:mgr epoch 9 is available
2023-03-22T14:19:41.852 INFO:teuthology.orchestra.run.smithi045.stdout:Generating a dashboard self-signed certificate...
2023-03-22T14:19:42.719 INFO:journalctl@ceph.mon.a.smithi045.stdout:Mar 22 14:19:42 smithi045 ceph-mon[91728]: [22/Mar/2023:14:19:41] ENGINE Bus STARTING
2023-03-22T14:19:42.720 INFO:journalctl@ceph.mon.a.smithi045.stdout:Mar 22 14:19:42 smithi045 ceph-mon[91728]: mgrmap e11: x(active, since 1.06217s)
2023-03-22T14:19:42.720 INFO:journalctl@ceph.mon.a.smithi045.stdout:Mar 22 14:19:42 smithi045 ceph-mon[91728]: from='client.14154 -' entity='client.admin' cmd=[{"prefix": "get_command_descriptions"}]: dispatch
2023-03-22T14:19:42.720 INFO:journalctl@ceph.mon.a.smithi045.stdout:Mar 22 14:19:42 smithi045 ceph-mon[91728]: [22/Mar/2023:14:19:41] ENGINE Serving on http://172.21.15.45:8765
2023-03-22T14:19:42.720 INFO:journalctl@ceph.mon.a.smithi045.stdout:Mar 22 14:19:42 smithi045 ceph-mon[91728]: from='client.14154 -' entity='client.admin' cmd=[{"prefix": "mgr_status"}]: dispatch
2023-03-22T14:19:42.720 INFO:journalctl@ceph.mon.a.smithi045.stdout:Mar 22 14:19:42 smithi045 ceph-mon[91728]: [22/Mar/2023:14:19:41] ENGINE Serving on https://172.21.15.45:7150
2023-03-22T14:19:42.720 INFO:journalctl@ceph.mon.a.smithi045.stdout:Mar 22 14:19:42 smithi045 ceph-mon[91728]: [22/Mar/2023:14:19:41] ENGINE Bus STARTED
2023-03-22T14:19:43.218 INFO:teuthology.orchestra.run.smithi045.stdout:/usr/bin/ceph: stdout Self-signed certificate created
2023-03-22T14:19:43.218 INFO:teuthology.orchestra.run.smithi045.stdout:/usr/bin/ceph: stderr
2023-03-22T14:19:42.507+0000 7fd5c367b700 1 Processor -- start
2023-03-22T14:19:43.218 INFO:teuthology.orchestra.run.smithi045.stdout:/usr/bin/ceph: stderr
2023-03-22T14:19:42.508+0000 7fd5c367b700 1 -- start start
2023-03-22T14:19:43.218 INFO:teuthology.orchestra.run.smithi045.stdout:/usr/bin/ceph: stderr
2023-03-22T14:19:42.508+0000 7fd5c367b700 1 --2- >> [v2:172.21.15.45:3300/0,v1:172.21.15.45:6789/0] conn(0x7fd5bc07ad00 0x7fd5bc079200 unknown :-1 s=NONE pgs=0 cs=0 l=0 rev1=0 crypto rx=0 tx=0 comp rx=0 tx=0).connect
2023-03-22T14:19:43.219 INFO:teuthology.orchestra.run.smithi045.stdout:/usr/bin/ceph: stderr
2023-03-22T14:19:42.508+0000 7fd5c367b700 1 -- --> [v2:172.21.15.45:3300/0,v1:172.21.15.45:6789/0] -- mon_getmap magic: 0 v1 -- 0x7fd5bc079740 con 0x7fd5bc07ad00
2023-03-22T14:19:43.219 INFO:teuthology.orchestra.run.smithi045.stdout:/usr/bin/ceph: stderr
2023-03-22T14:19:42.508+0000 7fd5c1417700 1 --2- >> [v2:172.21.15.45:3300/0,v1:172.21.15.45:6789/0] conn(0x7fd5bc07ad00 0x7fd5bc079200 unknown :-1 s=BANNER_CONNECTING pgs=0 cs=0 l=0 rev1=0 crypto rx=0 tx=0 comp rx=0 tx=0)._handle_peer_banner_payload supported=3 required=0
2023-03-22T14:19:43.219 INFO:teuthology.orchestra.run.smithi045.stdout:/usr/bin/ceph: stderr
2023-03-22T14:19:42.508+0000 7fd5c1417700 1 --2- >> [v2:172.21.15.45:3300/0,v1:172.21.15.45:6789/0] conn(0x7fd5bc07ad00 0x7fd5bc079200 unknown :-1 s=HELLO_CONNECTING pgs=0 cs=0 l=0 rev1=1 crypto rx=0 tx=0 comp rx=0 tx=0).handle_hello peer v2:172.21.15.45:3300/0 says I am v2:172.21.15.45:36318/0 (socket says 172.21.15.45:36318)
2023-03-22T14:19:43.219 INFO:teuthology.orchestra.run.smithi045.stdout:/usr/bin/ceph: stderr
2023-03-22T14:19:42.508+0000 7fd5c1417700 1 -- 172.21.15.45:0/1816181570 learned_addr learned my addr 172.21.15.45:0/1816181570 (peer_addr_for_me v2:172.21.15.45:0/0)
2023-03-22T14:19:43.219 INFO:teuthology.orchestra.run.smithi045.stdout:/usr/bin/ceph: stderr
2023-03-22T14:19:42.509+0000 7fd5c1417700 1 -- 172.21.15.45:0/1816181570 --> [v2:172.21.15.45:3300/0,v1:172.21.15.45:6789/0] -- mon_subscribe({config=0+,monmap=0+}) v3 -- 0x7fd5bc079880 con 0x7fd5bc07ad00
2023-03-22T14:19:43.219 INFO:teuthology.orchestra.run.smithi045.stdout:/usr/bin/ceph: stderr
2023-03-22T14:19:42.509+0000 7fd5c1417700 1 --2- 172.21.15.45:0/1816181570 >> [v2:172.21.15.45:3300/0,v1:172.21.15.45:6789/0] conn(0x7fd5bc07ad00 0x7fd5bc079200 secure :-1 s=READY pgs=68 cs=0 l=1 rev1=1 crypto rx=0x7fd5b80098a0 tx=0x7fd5b8009bb0 comp rx=0 tx=0).ready entity=mon.0 client_cookie=17678f94c26919bb server_cookie=0 in_seq=0 out_seq=0
2023-03-22T14:19:43.219 INFO:teuthology.orchestra.run.smithi045.stdout:/usr/bin/ceph: stderr
2023-03-22T14:19:42.509+0000 7fd5b3fff700 1 -- 172.21.15.45:0/1816181570 <== mon.0 v2:172.21.15.45:3300/0 1 ==== mon_map magic: 0 v1 ==== 205+0+0 (secure 0 0 0) 0x7fd5b8004160 con 0x7fd5bc07ad00
2023-03-22T14:19:43.220 INFO:teuthology.orchestra.run.smithi045.stdout:/usr/bin/ceph: stderr
2023-03-22T14:19:42.509+0000 7fd5b3fff700 1 -- 172.21.15.45:0/1816181570 <== mon.0 v2:172.21.15.45:3300/0 2 ==== config(26 keys) v1 ==== 1105+0+0 (secure 0 0 0) 0x7fd5b80042c0 con 0x7fd5bc07ad00
2023-03-22T14:19:43.220 INFO:teuthology.orchestra.run.smithi045.stdout:/usr/bin/ceph: stderr
2023-03-22T14:19:42.509+0000 7fd5b3fff700 1 -- 172.21.15.45:0/1816181570 <== mon.0 v2:172.21.15.45:3300/0 3 ==== mon_map magic: 0 v1 ==== 205+0+0 (secure 0 0 0) 0x7fd5b80119b0 con 0x7fd5bc07ad00
2023-03-22T14:19:43.220 INFO:teuthology.orchestra.run.smithi045.stdout:/usr/bin/ceph: stderr
2023-03-22T14:19:42.510+0000 7fd5c367b700 1 -- 172.21.15.45:0/1816181570 >> [v2:172.21.15.45:3300/0,v1:172.21.15.45:6789/0] conn(0x7fd5bc07ad00 msgr2=0x7fd5bc079200 secure :-1 s=STATE_CONNECTION_ESTABLISHED l=1).mark_down
2023-03-22T14:19:43.220 INFO:teuthology.orchestra.run.smithi045.stdout:/usr/bin/ceph: stderr
2023-03-22T14:19:42.510+0000 7fd5c367b700 1 --2- 172.21.15.45:0/1816181570 >> [v2:172.21.15.45:3300/0,v1:172.21.15.45:6789/0] conn(0x7fd5bc07ad00 0x7fd5bc079200 secure :-1 s=READY pgs=68 cs=0 l=1 rev1=1 crypto rx=0x7fd5b80098a0 tx=0x7fd5b8009bb0 comp rx=0 tx=0).stop
2023-03-22T14:19:43.220 INFO:teuthology.orchestra.run.smithi045.stdout:/usr/bin/ceph: stderr
2023-03-22T14:19:42.510+0000 7fd5c367b700 1 -- 172.21.15.45:0/1816181570 shutdown_connections
2023-03-22T14:19:43.220 INFO:teuthology.orchestra.run.smithi045.stdout:/usr/bin/ceph: stderr
2023-03-22T14:19:42.510+0000 7fd5c367b700 1 --2- 172.21.15.45:0/1816181570 >> [v2:172.21.15.45:3300/0,v1:172.21.15.45:6789/0] conn(0x7fd5bc07ad00 0x7fd5bc079200 unknown :-1 s=CLOSED pgs=68 cs=0 l=1 rev1=1 crypto rx=0 tx=0 comp rx=0 tx=0).stop
2023-03-22T14:19:43.220 INFO:teuthology.orchestra.run.smithi045.stdout:/usr/bin/ceph: stderr
2023-03-22T14:19:42.510+0000 7fd5c367b700 1 -- 172.21.15.45:0/1816181570 >> 172.21.15.45:0/1816181570 conn(0x7fd5bc101240 msgr2=0x7fd5bc103650 unknown :-1 s=STATE_NONE l=0).mark_down
2023-03-22T14:19:43.220 INFO:teuthology.orchestra.run.smithi045.stdout:/usr/bin/ceph: stderr
2023-03-22T14:19:42.510+0000 7fd5c367b700 1 -- 172.21.15.45:0/1816181570 shutdown_connections
2023-03-22T14:19:43.221 INFO:teuthology.orchestra.run.smithi045.stdout:/usr/bin/ceph: stderr
2023-03-22T14:19:42.510+0000 7fd5c367b700 1 -- 172.21.15.45:0/1816181570 wait complete.
2023-03-22T14:19:43.221 INFO:teuthology.orchestra.run.smithi045.stdout:/usr/bin/ceph: stderr
2023-03-22T14:19:42.511+0000 7fd5c367b700 1 Processor -- start
2023-03-22T14:19:43.221 INFO:teuthology.orchestra.run.smithi045.stdout:/usr/bin/ceph: stderr
2023-03-22T14:19:42.511+0000 7fd5c367b700 1 -- start start
2023-03-22T14:19:43.221 INFO:teuthology.orchestra.run.smithi045.stdout:/usr/bin/ceph: stderr
2023-03-22T14:19:42.511+0000 7fd5c367b700 1 --2- >> [v2:172.21.15.45:3300/0,v1:172.21.15.45:6789/0] conn(0x7fd5bc07ad00 0x7fd5bc19bab0 unknown :-1 s=NONE pgs=0 cs=0 l=1 rev1=0 crypto rx=0 tx=0 comp rx=0 tx=0).connect
2023-03-22T14:19:43.224 INFO:teuthology.orchestra.run.smithi045.stdout:/usr/bin/ceph: stderr
2023-03-22T14:19:42.511+0000 7fd5c367b700 1 -- --> [v2:172.21.15.45:3300/0,v1:172.21.15.45:6789/0] -- mon_getmap magic: 0 v1 -- 0x7fd5bc19bff0 con 0x7fd5bc07ad00
2023-03-22T14:19:43.224 INFO:teuthology.orchestra.run.smithi045.stdout:/usr/bin/ceph: stderr
2023-03-22T14:19:42.512+0000 7fd5c1417700 1 --2- >> [v2:172.21.15.45:3300/0,v1:172.21.15.45:6789/0] conn(0x7fd5bc07ad00 0x7fd5bc19bab0 unknown :-1 s=BANNER_CONNECTING pgs=0 cs=0 l=1 rev1=0 crypto rx=0 tx=0 comp rx=0 tx=0)._handle_peer_banner_payload supported=3 required=0
2023-03-22T14:19:43.224 INFO:teuthology.orchestra.run.smithi045.stdout:/usr/bin/ceph: stderr
2023-03-22T14:19:42.512+0000 7fd5c1417700 1 --2- >> [v2:172.21.15.45:3300/0,v1:172.21.15.45:6789/0] conn(0x7fd5bc07ad00 0x7fd5bc19bab0 unknown :-1 s=HELLO_CONNECTING pgs=0 cs=0 l=1 rev1=1 crypto rx=0 tx=0 comp rx=0 tx=0).handle_hello peer v2:172.21.15.45:3300/0 says I am v2:172.21.15.45:36322/0 (socket says 172.21.15.45:36322)
2023-03-22T14:19:43.224 INFO:teuthology.orchestra.run.smithi045.stdout:/usr/bin/ceph: stderr
2023-03-22T14:19:42.512+0000 7fd5c1417700 1 -- 172.21.15.45:0/1736193450 learned_addr learned my addr 172.21.15.45:0/1736193450 (peer_addr_for_me v2:172.21.15.45:0/0)
2023-03-22T14:19:43.225 INFO:teuthology.orchestra.run.smithi045.stdout:/usr/bin/ceph: stderr
2023-03-22T14:19:42.512+0000 7fd5c1417700 1 -- 172.21.15.45:0/1736193450 --> [v2:172.21.15.45:3300/0,v1:172.21.15.45:6789/0] -- mon_subscribe({config=0+,monmap=0+}) v3 -- 0x7fd5b8009550 con 0x7fd5bc07ad00
2023-03-22T14:19:43.225 INFO:teuthology.orchestra.run.smithi045.stdout:/usr/bin/ceph: stderr
2023-03-22T14:19:42.512+0000 7fd5c1417700 1 --2- 172.21.15.45:0/1736193450 >> [v2:172.21.15.45:3300/0,v1:172.21.15.45:6789/0] conn(0x7fd5bc07ad00 0x7fd5bc19bab0 secure :-1 s=READY pgs=69 cs=0 l=1 rev1=1 crypto rx=0x7fd5b8003e60 tx=0x7fd5b8011a30 comp rx=0 tx=0).ready entity=mon.0 client_cookie=0 server_cookie=0 in_seq=0 out_seq=0
2023-03-22T14:19:43.225 INFO:teuthology.orchestra.run.smithi045.stdout:/usr/bin/ceph: stderr
2023-03-22T14:19:42.512+0000 7fd5b27fc700 1 -- 172.21.15.45:0/1736193450 <== mon.0 v2:172.21.15.45:3300/0 1 ==== mon_map magic: 0 v1 ==== 205+0+0 (secure 0 0 0) 0x7fd5b8003b20 con 0x7fd5bc07ad00
2023-03-22T14:19:43.225 INFO:teuthology.orchestra.run.smithi045.stdout:/usr/bin/ceph: stderr
2023-03-22T14:19:42.512+0000 7fd5c367b700 1 -- 172.21.15.45:0/1736193450 --> [v2:172.21.15.45:3300/0,v1:172.21.15.45:6789/0] -- mon_subscribe({mgrmap=0+}) v3 -- 0x7fd5bc10c0f0 con 0x7fd5bc07ad00
2023-03-22T14:19:43.225 INFO:teuthology.orchestra.run.smithi045.stdout:/usr/bin/ceph: stderr
2023-03-22T14:19:42.512+0000 7fd5b27fc700 1 -- 172.21.15.45:0/1736193450 <== mon.0 v2:172.21.15.45:3300/0 2 ==== config(26 keys) v1 ==== 1105+0+0 (secure 0 0 0) 0x7fd5b8003c80 con 0x7fd5bc07ad00
2023-03-22T14:19:43.225 INFO:teuthology.orchestra.run.smithi045.stdout:/usr/bin/ceph: stderr
2023-03-22T14:19:42.512+0000 7fd5b27fc700 1 -- 172.21.15.45:0/1736193450 <== mon.0 v2:172.21.15.45:3300/0 3 ==== mon_map magic: 0 v1 ==== 205+0+0 (secure 0 0 0) 0x7fd5b8024760 con 0x7fd5bc07ad00
2023-03-22T14:19:43.225 INFO:teuthology.orchestra.run.smithi045.stdout:/usr/bin/ceph: stderr
2023-03-22T14:19:42.513+0000 7fd5c367b700 1 -- 172.21.15.45:0/1736193450 --> [v2:172.21.15.45:3300/0,v1:172.21.15.45:6789/0] -- mon_subscribe({osdmap=0}) v3 -- 0x7fd5bc10bf60 con 0x7fd5bc07ad00
2023-03-22T14:19:43.226 INFO:teuthology.orchestra.run.smithi045.stdout:/usr/bin/ceph: stderr
2023-03-22T14:19:42.514+0000 7fd5b27fc700 1 -- 172.21.15.45:0/1736193450 <== mon.0 v2:172.21.15.45:3300/0 4 ==== mgrmap(e 12) v1 ==== 44782+0+0 (secure 0 0 0) 0x7fd5b801ab10 con 0x7fd5bc07ad00
2023-03-22T14:19:43.226 INFO:teuthology.orchestra.run.smithi045.stdout:/usr/bin/ceph: stderr
2023-03-22T14:19:42.514+0000 7fd5c367b700 1 -- 172.21.15.45:0/1736193450 --> [v2:172.21.15.45:3300/0,v1:172.21.15.45:6789/0] -- mon_command({"prefix": "get_command_descriptions"} v 0) v1 -- 0x7fd5bc10c280 con 0x7fd5bc07ad00
2023-03-22T14:19:43.226 INFO:teuthology.orchestra.run.smithi045.stdout:/usr/bin/ceph: stderr
2023-03-22T14:19:42.514+0000 7fd5b27fc700 1 --2- 172.21.15.45:0/1736193450 >> [v2:172.21.15.45:6800/3954219341,v1:172.21.15.45:6801/3954219341] conn(0x7fd5a80380a0 0x7fd5a803a550 unknown :-1 s=NONE pgs=0 cs=0 l=1 rev1=0 crypto rx=0 tx=0 comp rx=0 tx=0).connect
2023-03-22T14:19:43.226 INFO:teuthology.orchestra.run.smithi045.stdout:/usr/bin/ceph: stderr
2023-03-22T14:19:42.514+0000 7fd5b27fc700 1 -- 172.21.15.45:0/1736193450 <== mon.0 v2:172.21.15.45:3300/0 5 ==== osd_map(3..3 src has 1..3) v4 ==== 1155+0+0 (secure 0 0 0) 0x7fd5b804c0e0 con 0x7fd5bc07ad00
2023-03-22T14:19:43.227 INFO:teuthology.orchestra.run.smithi045.stdout:/usr/bin/ceph: stderr
2023-03-22T14:19:42.515+0000 7fd5c0c16700 1 --2- 172.21.15.45:0/1736193450 >> [v2:172.21.15.45:6800/3954219341,v1:172.21.15.45:6801/3954219341] conn(0x7fd5a80380a0 0x7fd5a803a550 unknown :-1 s=BANNER_CONNECTING pgs=0 cs=0 l=1 rev1=0 crypto rx=0 tx=0 comp rx=0 tx=0)._handle_peer_banner_payload supported=3 required=0
2023-03-22T14:19:43.227 INFO:teuthology.orchestra.run.smithi045.stdout:/usr/bin/ceph: stderr
2023-03-22T14:19:42.515+0000 7fd5c0c16700 1 --2- 172.21.15.45:0/1736193450 >> [v2:172.21.15.45:6800/3954219341,v1:172.21.15.45:6801/3954219341] conn(0x7fd5a80380a0 0x7fd5a803a550 secure :-1 s=READY pgs=7 cs=0 l=1 rev1=1 crypto rx=0x7fd5ac006fd0 tx=0x7fd5ac006e40 comp rx=0 tx=0).ready entity=mgr.14150 client_cookie=0 server_cookie=0 in_seq=0 out_seq=0
2023-03-22T14:19:43.227 INFO:teuthology.orchestra.run.smithi045.stdout:/usr/bin/ceph: stderr
2023-03-22T14:19:42.520+0000 7fd5b27fc700 1 -- 172.21.15.45:0/1736193450 <== mon.0 v2:172.21.15.45:3300/0 6 ==== mon_command_ack([{"prefix": "get_command_descriptions"}]=0 v0) v1 ==== 72+0+177574 (secure 0 0 0) 0x7fd5b8018920 con 0x7fd5bc07ad00
2023-03-22T14:19:43.227 INFO:teuthology.orchestra.run.smithi045.stdout:/usr/bin/ceph: stderr
2023-03-22T14:19:42.750+0000 7fd5c367b700 1 -- 172.21.15.45:0/1736193450 --> [v2:172.21.15.45:6800/3954219341,v1:172.21.15.45:6801/3954219341] -- mgr_command(tid 0: {"prefix": "dashboard create-self-signed-cert", "target": ["mon-mgr", ""]}) v1 -- 0x7fd5bc102640 con 0x7fd5a80380a0
2023-03-22T14:19:43.227 INFO:teuthology.orchestra.run.smithi045.stdout:/usr/bin/ceph: stderr
2023-03-22T14:19:42.810+0000 7fd5b27fc700 1 -- 172.21.15.45:0/1736193450 <== mgr.14150 v2:172.21.15.45:6800/3954219341 1 ==== mgr_command_reply(tid 0: 0 ) v1 ==== 8+0+32 (secure 0 0 0) 0x7fd5bc102640 con 0x7fd5a80380a0
2023-03-22T14:19:43.227 INFO:teuthology.orchestra.run.smithi045.stdout:/usr/bin/ceph: stderr
2023-03-22T14:19:42.813+0000 7fd5c367b700 1 -- 172.21.15.45:0/1736193450 >> [v2:172.21.15.45:6800/3954219341,v1:172.21.15.45:6801/3954219341] conn(0x7fd5a80380a0 msgr2=0x7fd5a803a550 secure :-1 s=STATE_CONNECTION_ESTABLISHED l=1).mark_down
2023-03-22T14:19:43.227 INFO:teuthology.orchestra.run.smithi045.stdout:/usr/bin/ceph: stderr
2023-03-22T14:19:42.813+0000 7fd5c367b700 1 --2- 172.21.15.45:0/1736193450 >> [v2:172.21.15.45:6800/3954219341,v1:172.21.15.45:6801/3954219341] conn(0x7fd5a80380a0 0x7fd5a803a550 secure :-1 s=READY pgs=7 cs=0 l=1 rev1=1 crypto rx=0x7fd5ac006fd0 tx=0x7fd5ac006e40 comp rx=0 tx=0).stop
2023-03-22T14:19:43.228 INFO:teuthology.orchestra.run.smithi045.stdout:/usr/bin/ceph: stderr
2023-03-22T14:19:42.813+0000 7fd5c367b700 1 -- 172.21.15.45:0/1736193450 >> [v2:172.21.15.45:3300/0,v1:172.21.15.45:6789/0] conn(0x7fd5bc07ad00 msgr2=0x7fd5bc19bab0 secure :-1 s=STATE_CONNECTION_ESTABLISHED l=1).mark_down
2023-03-22T14:19:43.228 INFO:teuthology.orchestra.run.smithi045.stdout:/usr/bin/ceph: stderr
2023-03-22T14:19:42.813+0000 7fd5c367b700 1 --2- 172.21.15.45:0/1736193450 >> [v2:172.21.15.45:3300/0,v1:172.21.15.45:6789/0] conn(0x7fd5bc07ad00 0x7fd5bc19bab0 secure :-1 s=READY pgs=69 cs=0 l=1 rev1=1 crypto rx=0x7fd5b8003e60 tx=0x7fd5b8011a30 comp rx=0 tx=0).stop
2023-03-22T14:19:43.228 INFO:teuthology.orchestra.run.smithi045.stdout:/usr/bin/ceph: stderr
2023-03-22T14:19:42.813+0000 7fd5c367b700 1 -- 172.21.15.45:0/1736193450 shutdown_connections
2023-03-22T14:19:43.228 INFO:teuthology.orchestra.run.smithi045.stdout:/usr/bin/ceph: stderr
2023-03-22T14:19:42.813+0000 7fd5c367b700 1 --2- 172.21.15.45:0/1736193450 >> [v2:172.21.15.45:6800/3954219341,v1:172.21.15.45:6801/3954219341] conn(0x7fd5a80380a0 0x7fd5a803a550 unknown :-1 s=CLOSED pgs=7 cs=0 l=1 rev1=1 crypto rx=0 tx=0 comp rx=0 tx=0).stop
2023-03-22T14:19:43.228 INFO:teuthology.orchestra.run.smithi045.stdout:/usr/bin/ceph: stderr
2023-03-22T14:19:42.813+0000 7fd5c367b700 1 --2- 172.21.15.45:0/1736193450 >> [v2:172.21.15.45:3300/0,v1:172.21.15.45:6789/0] conn(0x7fd5bc07ad00 0x7fd5bc19bab0 unknown :-1 s=CLOSED pgs=69 cs=0 l=1 rev1=1 crypto rx=0 tx=0 comp rx=0 tx=0).stop
2023-03-22T14:19:43.228 INFO:teuthology.orchestra.run.smithi045.stdout:/usr/bin/ceph: stderr
2023-03-22T14:19:42.813+0000 7fd5c367b700 1 -- 172.21.15.45:0/1736193450 >> 172.21.15.45:0/1736193450 conn(0x7fd5bc101240 msgr2=0x7fd5bc101f30 unknown :-1 s=STATE_NONE l=0).mark_down
2023-03-22T14:19:43.228 INFO:teuthology.orchestra.run.smithi045.stdout:/usr/bin/ceph: stderr
2023-03-22T14:19:42.813+0000 7fd5c367b700 1 -- 172.21.15.45:0/1736193450 shutdown_connections
2023-03-22T14:19:43.228 INFO:teuthology.orchestra.run.smithi045.stdout:/usr/bin/ceph: stderr
2023-03-22T14:19:42.813+0000 7fd5c367b700 1 -- 172.21.15.45:0/1736193450 wait complete.
2023-03-22T14:19:43.229 INFO:teuthology.orchestra.run.smithi045.stdout:Creating initial admin user...
2023-03-22T14:19:43.469 INFO:journalctl@ceph.mon.a.smithi045.stdout:Mar 22 14:19:43 smithi045 ceph-mon[91728]: mgrmap e12: x(active, since 2s)
2023-03-22T14:19:43.469 INFO:journalctl@ceph.mon.a.smithi045.stdout:Mar 22 14:19:43 smithi045 ceph-mon[91728]: from='mgr.14150 172.21.15.45:0/1497530946' entity='mgr.x'
2023-03-22T14:19:43.469 INFO:journalctl@ceph.mon.a.smithi045.stdout:Mar 22 14:19:43 smithi045 ceph-mon[91728]: from='client.14162 -' entity='client.admin' cmd=[{"prefix": "dashboard create-self-signed-cert", "target": ["mon-mgr", ""]}]: dispatch
2023-03-22T14:19:43.469 INFO:journalctl@ceph.mon.a.smithi045.stdout:Mar 22 14:19:43 smithi045 ceph-mon[91728]: from='mgr.14150 172.21.15.45:0/1497530946' entity='mgr.x'
2023-03-22T14:19:43.470 INFO:journalctl@ceph.mon.a.smithi045.stdout:Mar 22 14:19:43 smithi045 ceph-mon[91728]: from='mgr.14150 172.21.15.45:0/1497530946' entity='mgr.x'
2023-03-22T14:19:44.705 INFO:teuthology.orchestra.run.smithi045.stdout:/usr/bin/ceph: stdout {"username": "admin", "password": "$2b$12$iyqIFwU2oJzejpysG1fXBeKH5B1gYVr5oXoTQsBV5j/8OX1zcSiCC", "roles": ["administrator"], "name": null, "email": null, "lastUpdate": 1679494784, "enabled": true, "pwdExpirationDate": null, "pwdUpdateRequired": true}
2023-03-22T14:19:44.705 INFO:teuthology.orchestra.run.smithi045.stdout:/usr/bin/ceph: stderr
2023-03-22T14:19:43.794+0000 7f8086ead700 1 Processor -- start
2023-03-22T14:19:44.705 INFO:teuthology.orchestra.run.smithi045.stdout:/usr/bin/ceph: stderr
2023-03-22T14:19:43.794+0000 7f8086ead700 1 -- start start
2023-03-22T14:19:44.705 INFO:teuthology.orchestra.run.smithi045.stdout:/usr/bin/ceph: stderr
2023-03-22T14:19:43.794+0000 7f8086ead700 1 --2- >> [v2:172.21.15.45:3300/0,v1:172.21.15.45:6789/0] conn(0x7f80801066d0 0x7f8080108ab0 unknown :-1 s=NONE pgs=0 cs=0 l=0 rev1=0 crypto rx=0 tx=0 comp rx=0 tx=0).connect
2023-03-22T14:19:44.705 INFO:teuthology.orchestra.run.smithi045.stdout:/usr/bin/ceph: stderr
2023-03-22T14:19:43.794+0000 7f8086ead700 1 -- --> [v2:172.21.15.45:3300/0,v1:172.21.15.45:6789/0] -- mon_getmap magic: 0 v1 -- 0x7f8080074250 con 0x7f80801066d0
2023-03-22T14:19:44.706 INFO:teuthology.orchestra.run.smithi045.stdout:/usr/bin/ceph: stderr
2023-03-22T14:19:43.795+0000 7f8084c49700 1 --2- >> [v2:172.21.15.45:3300/0,v1:172.21.15.45:6789/0] conn(0x7f80801066d0 0x7f8080108ab0 unknown :-1 s=BANNER_CONNECTING pgs=0 cs=0 l=0 rev1=0 crypto rx=0 tx=0 comp rx=0 tx=0)._handle_peer_banner_payload supported=3 required=0
2023-03-22T14:19:44.706 INFO:teuthology.orchestra.run.smithi045.stdout:/usr/bin/ceph: stderr
2023-03-22T14:19:43.795+0000 7f8084c49700 1 --2- >> [v2:172.21.15.45:3300/0,v1:172.21.15.45:6789/0] conn(0x7f80801066d0 0x7f8080108ab0 unknown :-1 s=HELLO_CONNECTING pgs=0 cs=0 l=0 rev1=1 crypto rx=0 tx=0 comp rx=0 tx=0).handle_hello peer v2:172.21.15.45:3300/0 says I am v2:172.21.15.45:36338/0 (socket says 172.21.15.45:36338)
2023-03-22T14:19:44.706 INFO:teuthology.orchestra.run.smithi045.stdout:/usr/bin/ceph: stderr
2023-03-22T14:19:43.795+0000 7f8084c49700 1 -- 172.21.15.45:0/1868806140 learned_addr learned my addr 172.21.15.45:0/1868806140 (peer_addr_for_me v2:172.21.15.45:0/0)
2023-03-22T14:19:44.706 INFO:teuthology.orchestra.run.smithi045.stdout:/usr/bin/ceph: stderr
2023-03-22T14:19:43.795+0000 7f8084c49700 1 -- 172.21.15.45:0/1868806140 --> [v2:172.21.15.45:3300/0,v1:172.21.15.45:6789/0] -- mon_subscribe({config=0+,monmap=0+}) v3 -- 0x7f8080074390 con 0x7f80801066d0
2023-03-22T14:19:44.706 INFO:teuthology.orchestra.run.smithi045.stdout:/usr/bin/ceph: stderr
2023-03-22T14:19:43.795+0000 7f8084c49700 1 --2- 172.21.15.45:0/1868806140 >> [v2:172.21.15.45:3300/0,v1:172.21.15.45:6789/0] conn(0x7f80801066d0 0x7f8080108ab0 secure :-1 s=READY pgs=70 cs=0 l=1 rev1=1 crypto rx=0x7f80740098a0 tx=0x7f8074009bb0 comp rx=0 tx=0).ready entity=mon.0 client_cookie=faa1306bee631670 server_cookie=0 in_seq=0 out_seq=0
2023-03-22T14:19:44.706 INFO:teuthology.orchestra.run.smithi045.stdout:/usr/bin/ceph: stderr
2023-03-22T14:19:43.796+0000 7f807f7fe700 1 -- 172.21.15.45:0/1868806140 <== mon.0 v2:172.21.15.45:3300/0 1 ==== mon_map magic: 0 v1 ==== 205+0+0 (secure 0 0 0) 0x7f8074004160 con 0x7f80801066d0
2023-03-22T14:19:44.707 INFO:teuthology.orchestra.run.smithi045.stdout:/usr/bin/ceph: stderr
2023-03-22T14:19:43.796+0000 7f807f7fe700 1 -- 172.21.15.45:0/1868806140 <== mon.0 v2:172.21.15.45:3300/0 2 ==== config(26 keys) v1 ==== 1105+0+0 (secure 0 0 0) 0x7f80740042c0 con 0x7f80801066d0
2023-03-22T14:19:44.707 INFO:teuthology.orchestra.run.smithi045.stdout:/usr/bin/ceph: stderr
2023-03-22T14:19:43.796+0000 7f807f7fe700 1 -- 172.21.15.45:0/1868806140 <== mon.0 v2:172.21.15.45:3300/0 3 ==== mon_map magic: 0 v1 ==== 205+0+0 (secure 0 0 0) 0x7f80740119b0 con 0x7f80801066d0
2023-03-22T14:19:44.707 INFO:teuthology.orchestra.run.smithi045.stdout:/usr/bin/ceph: stderr
2023-03-22T14:19:43.796+0000 7f8086ead700 1 -- 172.21.15.45:0/1868806140 >> [v2:172.21.15.45:3300/0,v1:172.21.15.45:6789/0] conn(0x7f80801066d0 msgr2=0x7f8080108ab0 secure :-1 s=STATE_CONNECTION_ESTABLISHED l=1).mark_down
2023-03-22T14:19:44.707 INFO:teuthology.orchestra.run.smithi045.stdout:/usr/bin/ceph: stderr
2023-03-22T14:19:43.796+0000 7f8086ead700 1 --2- 172.21.15.45:0/1868806140 >> [v2:172.21.15.45:3300/0,v1:172.21.15.45:6789/0] conn(0x7f80801066d0 0x7f8080108ab0 secure :-1 s=READY pgs=70 cs=0 l=1 rev1=1 crypto rx=0x7f80740098a0 tx=0x7f8074009bb0 comp rx=0 tx=0).stop
2023-03-22T14:19:44.707 INFO:teuthology.orchestra.run.smithi045.stdout:/usr/bin/ceph: stderr
2023-03-22T14:19:43.797+0000 7f8086ead700 1 -- 172.21.15.45:0/1868806140 shutdown_connections
2023-03-22T14:19:44.708 INFO:teuthology.orchestra.run.smithi045.stdout:/usr/bin/ceph: stderr
2023-03-22T14:19:43.797+0000 7f8086ead700 1 --2- 172.21.15.45:0/1868806140 >> [v2:172.21.15.45:3300/0,v1:172.21.15.45:6789/0] conn(0x7f80801066d0 0x7f8080108ab0 unknown :-1 s=CLOSED pgs=70 cs=0 l=1 rev1=1 crypto rx=0 tx=0 comp rx=0 tx=0).stop
2023-03-22T14:19:44.708 INFO:teuthology.orchestra.run.smithi045.stdout:/usr/bin/ceph: stderr
