2023-03-22T14:19:26.483 INFO:teuthology.orchestra.run.smithi045.stdout:/usr/bin/ceph: stderr
2023-03-22T14:19:25.837+0000 7f6d89419700 1 -- 172.21.15.45:0/3308999133 <== mon.0 v2:172.21.15.45:3300/0 3 ==== mon_map magic: 0 v1 ==== 205+0+0 (secure 0 0 0) 0x7f6d80011a00 con 0x7f6d84105bd0
2023-03-22T14:19:26.483 INFO:teuthology.orchestra.run.smithi045.stdout:/usr/bin/ceph: stderr
2023-03-22T14:19:25.838+0000 7f6d8c67f700 1 -- 172.21.15.45:0/3308999133 >> [v2:172.21.15.45:3300/0,v1:172.21.15.45:6789/0] conn(0x7f6d84105bd0 msgr2=0x7f6d84105fe0 secure :-1 s=STATE_CONNECTION_ESTABLISHED l=1).mark_down
2023-03-22T14:19:26.483 INFO:teuthology.orchestra.run.smithi045.stdout:/usr/bin/ceph: stderr
2023-03-22T14:19:25.838+0000 7f6d8c67f700 1 --2- 172.21.15.45:0/3308999133 >> [v2:172.21.15.45:3300/0,v1:172.21.15.45:6789/0] conn(0x7f6d84105bd0 0x7f6d84105fe0 secure :-1 s=READY pgs=45 cs=0 l=1 rev1=1 crypto rx=0x7f6d800098a0 tx=0x7f6d80009bb0 comp rx=0 tx=0).stop
2023-03-22T14:19:26.483 INFO:teuthology.orchestra.run.smithi045.stdout:/usr/bin/ceph: stderr
2023-03-22T14:19:25.838+0000 7f6d8c67f700 1 -- 172.21.15.45:0/3308999133 shutdown_connections
2023-03-22T14:19:26.483 INFO:teuthology.orchestra.run.smithi045.stdout:/usr/bin/ceph: stderr
2023-03-22T14:19:25.838+0000 7f6d8c67f700 1 --2- 172.21.15.45:0/3308999133 >> [v2:172.21.15.45:3300/0,v1:172.21.15.45:6789/0] conn(0x7f6d84105bd0 0x7f6d84105fe0 unknown :-1 s=CLOSED pgs=45 cs=0 l=1 rev1=1 crypto rx=0 tx=0 comp rx=0 tx=0).stop
2023-03-22T14:19:26.483 INFO:teuthology.orchestra.run.smithi045.stdout:/usr/bin/ceph: stderr
2023-03-22T14:19:25.838+0000 7f6d8c67f700 1 -- 172.21.15.45:0/3308999133 >> 172.21.15.45:0/3308999133 conn(0x7f6d84101240 msgr2=0x7f6d84103650 unknown :-1 s=STATE_NONE l=0).mark_down
2023-03-22T14:19:26.483 INFO:teuthology.orchestra.run.smithi045.stdout:/usr/bin/ceph: stderr
2023-03-22T14:19:25.838+0000 7f6d8c67f700 1 -- 172.21.15.45:0/3308999133 shutdown_connections
2023-03-22T14:19:26.483 INFO:teuthology.orchestra.run.smithi045.stdout:/usr/bin/ceph: stderr
2023-03-22T14:19:25.838+0000 7f6d8c67f700 1 -- 172.21.15.45:0/3308999133 wait complete.
2023-03-22T14:19:26.484 INFO:teuthology.orchestra.run.smithi045.stdout:/usr/bin/ceph: stderr
2023-03-22T14:19:25.839+0000 7f6d8c67f700 1 Processor -- start
2023-03-22T14:19:26.484 INFO:teuthology.orchestra.run.smithi045.stdout:/usr/bin/ceph: stderr
2023-03-22T14:19:25.839+0000 7f6d8c67f700 1 -- start start
2023-03-22T14:19:26.484 INFO:teuthology.orchestra.run.smithi045.stdout:/usr/bin/ceph: stderr
2023-03-22T14:19:25.839+0000 7f6d8c67f700 1 --2- >> [v2:172.21.15.45:3300/0,v1:172.21.15.45:6789/0] conn(0x7f6d84105bd0 0x7f6d841997d0 unknown :-1 s=NONE pgs=0 cs=0 l=1 rev1=0 crypto rx=0 tx=0 comp rx=0 tx=0).connect
2023-03-22T14:19:26.484 INFO:teuthology.orchestra.run.smithi045.stdout:/usr/bin/ceph: stderr
2023-03-22T14:19:25.839+0000 7f6d8c67f700 1 -- --> [v2:172.21.15.45:3300/0,v1:172.21.15.45:6789/0] -- mon_getmap magic: 0 v1 -- 0x7f6d84199d10 con 0x7f6d84105bd0
2023-03-22T14:19:26.484 INFO:teuthology.orchestra.run.smithi045.stdout:/usr/bin/ceph: stderr
2023-03-22T14:19:25.840+0000 7f6d8a41b700 1 --2- >> [v2:172.21.15.45:3300/0,v1:172.21.15.45:6789/0] conn(0x7f6d84105bd0 0x7f6d841997d0 unknown :-1 s=BANNER_CONNECTING pgs=0 cs=0 l=1 rev1=0 crypto rx=0 tx=0 comp rx=0 tx=0)._handle_peer_banner_payload supported=3 required=0
2023-03-22T14:19:26.484 INFO:teuthology.orchestra.run.smithi045.stdout:/usr/bin/ceph: stderr
2023-03-22T14:19:25.840+0000 7f6d8a41b700 1 --2- >> [v2:172.21.15.45:3300/0,v1:172.21.15.45:6789/0] conn(0x7f6d84105bd0 0x7f6d841997d0 unknown :-1 s=HELLO_CONNECTING pgs=0 cs=0 l=1 rev1=1 crypto rx=0 tx=0 comp rx=0 tx=0).handle_hello peer v2:172.21.15.45:3300/0 says I am v2:172.21.15.45:60618/0 (socket says 172.21.15.45:60618)
2023-03-22T14:19:26.484 INFO:teuthology.orchestra.run.smithi045.stdout:/usr/bin/ceph: stderr
2023-03-22T14:19:25.840+0000 7f6d8a41b700 1 -- 172.21.15.45:0/4222568629 learned_addr learned my addr 172.21.15.45:0/4222568629 (peer_addr_for_me v2:172.21.15.45:0/0)
2023-03-22T14:19:26.485 INFO:teuthology.orchestra.run.smithi045.stdout:/usr/bin/ceph: stderr
2023-03-22T14:19:25.840+0000 7f6d8a41b700 1 -- 172.21.15.45:0/4222568629 --> [v2:172.21.15.45:3300/0,v1:172.21.15.45:6789/0] -- mon_subscribe({config=0+,monmap=0+}) v3 -- 0x7f6d80009550 con 0x7f6d84105bd0
2023-03-22T14:19:26.485 INFO:teuthology.orchestra.run.smithi045.stdout:/usr/bin/ceph: stderr
2023-03-22T14:19:25.840+0000 7f6d8a41b700 1 --2- 172.21.15.45:0/4222568629 >> [v2:172.21.15.45:3300/0,v1:172.21.15.45:6789/0] conn(0x7f6d84105bd0 0x7f6d841997d0 secure :-1 s=READY pgs=46 cs=0 l=1 rev1=1 crypto rx=0x7f6d80006af0 tx=0x7f6d80011ad0 comp rx=0 tx=0).ready entity=mon.0 client_cookie=0 server_cookie=0 in_seq=0 out_seq=0
2023-03-22T14:19:26.485 INFO:teuthology.orchestra.run.smithi045.stdout:/usr/bin/ceph: stderr
2023-03-22T14:19:25.840+0000 7f6d7b7fe700 1 -- 172.21.15.45:0/4222568629 <== mon.0 v2:172.21.15.45:3300/0 1 ==== mon_map magic: 0 v1 ==== 205+0+0 (secure 0 0 0) 0x7f6d80003a40 con 0x7f6d84105bd0
2023-03-22T14:19:26.485 INFO:teuthology.orchestra.run.smithi045.stdout:/usr/bin/ceph: stderr
2023-03-22T14:19:25.841+0000 7f6d7b7fe700 1 -- 172.21.15.45:0/4222568629 <== mon.0 v2:172.21.15.45:3300/0 2 ==== config(26 keys) v1 ==== 1074+0+0 (secure 0 0 0) 0x7f6d80003ba0 con 0x7f6d84105bd0
2023-03-22T14:19:26.485 INFO:teuthology.orchestra.run.smithi045.stdout:/usr/bin/ceph: stderr
2023-03-22T14:19:25.841+0000 7f6d8c67f700 1 -- 172.21.15.45:0/4222568629 --> [v2:172.21.15.45:3300/0,v1:172.21.15.45:6789/0] -- mon_subscribe({mgrmap=0+}) v3 -- 0x7f6d84107c20 con 0x7f6d84105bd0
2023-03-22T14:19:26.485 INFO:teuthology.orchestra.run.smithi045.stdout:/usr/bin/ceph: stderr
2023-03-22T14:19:25.841+0000 7f6d7b7fe700 1 -- 172.21.15.45:0/4222568629 <== mon.0 v2:172.21.15.45:3300/0 3 ==== mon_map magic: 0 v1 ==== 205+0+0 (secure 0 0 0) 0x7f6d8001a6e0 con 0x7f6d84105bd0
2023-03-22T14:19:26.485 INFO:teuthology.orchestra.run.smithi045.stdout:/usr/bin/ceph: stderr
2023-03-22T14:19:25.841+0000 7f6d8c67f700 1 -- 172.21.15.45:0/4222568629 --> [v2:172.21.15.45:3300/0,v1:172.21.15.45:6789/0] -- mon_subscribe({osdmap=0}) v3 -- 0x7f6d84107a90 con 0x7f6d84105bd0
2023-03-22T14:19:26.485 INFO:teuthology.orchestra.run.smithi045.stdout:/usr/bin/ceph: stderr
2023-03-22T14:19:25.842+0000 7f6d7b7fe700 1 -- 172.21.15.45:0/4222568629 <== mon.0 v2:172.21.15.45:3300/0 4 ==== mgrmap(e 8) v1 ==== 44769+0+0 (secure 0 0 0) 0x7f6d80024a60 con 0x7f6d84105bd0
2023-03-22T14:19:26.486 INFO:teuthology.orchestra.run.smithi045.stdout:/usr/bin/ceph: stderr
2023-03-22T14:19:25.842+0000 7f6d8c67f700 1 -- 172.21.15.45:0/4222568629 --> [v2:172.21.15.45:3300/0,v1:172.21.15.45:6789/0] -- mon_command({"prefix": "get_command_descriptions"} v 0) v1 -- 0x7f6d840620b0 con 0x7f6d84105bd0
2023-03-22T14:19:26.486 INFO:teuthology.orchestra.run.smithi045.stdout:/usr/bin/ceph: stderr
2023-03-22T14:19:25.842+0000 7f6d7b7fe700 1 --2- 172.21.15.45:0/4222568629 >> [v2:172.21.15.45:6800/743263651,v1:172.21.15.45:6801/743263651] conn(0x7f6d700380a0 0x7f6d7003a550 unknown :-1 s=NONE pgs=0 cs=0 l=1 rev1=0 crypto rx=0 tx=0 comp rx=0 tx=0).connect
2023-03-22T14:19:26.486 INFO:teuthology.orchestra.run.smithi045.stdout:/usr/bin/ceph: stderr
2023-03-22T14:19:25.842+0000 7f6d7b7fe700 1 -- 172.21.15.45:0/4222568629 <== mon.0 v2:172.21.15.45:3300/0 5 ==== osd_map(2..2 src has 1..2) v4 ==== 940+0+0 (secure 0 0 0) 0x7f6d8004bc60 con 0x7f6d84105bd0
2023-03-22T14:19:26.486 INFO:teuthology.orchestra.run.smithi045.stdout:/usr/bin/ceph: stderr
2023-03-22T14:19:25.843+0000 7f6d89c1a700 1 --2- 172.21.15.45:0/4222568629 >> [v2:172.21.15.45:6800/743263651,v1:172.21.15.45:6801/743263651] conn(0x7f6d700380a0 0x7f6d7003a550 unknown :-1 s=BANNER_CONNECTING pgs=0 cs=0 l=1 rev1=0 crypto rx=0 tx=0 comp rx=0 tx=0)._handle_peer_banner_payload supported=3 required=0
2023-03-22T14:19:26.486 INFO:teuthology.orchestra.run.smithi045.stdout:/usr/bin/ceph: stderr
2023-03-22T14:19:25.843+0000 7f6d89c1a700 1 --2- 172.21.15.45:0/4222568629 >> [v2:172.21.15.45:6800/743263651,v1:172.21.15.45:6801/743263651] conn(0x7f6d700380a0 0x7f6d7003a550 secure :-1 s=READY pgs=12 cs=0 l=1 rev1=1 crypto rx=0x7f6d74006fd0 tx=0x7f6d74006e40 comp rx=0 tx=0).ready entity=mgr.14118 client_cookie=0 server_cookie=0 in_seq=0 out_seq=0
2023-03-22T14:19:26.486 INFO:teuthology.orchestra.run.smithi045.stdout:/usr/bin/ceph: stderr
2023-03-22T14:19:25.848+0000 7f6d7b7fe700 1 -- 172.21.15.45:0/4222568629 <== mon.0 v2:172.21.15.45:3300/0 6 ==== mon_command_ack([{"prefix": "get_command_descriptions"}]=0 v0) v1 ==== 72+0+177574 (secure 0 0 0) 0x7f6d80024430 con 0x7f6d84105bd0
2023-03-22T14:19:26.486 INFO:teuthology.orchestra.run.smithi045.stdout:/usr/bin/ceph: stderr
2023-03-22T14:19:26.069+0000 7f6d8c67f700 1 -- 172.21.15.45:0/4222568629 --> [v2:172.21.15.45:6800/743263651,v1:172.21.15.45:6801/743263651] -- mgr_command(tid 0: {"prefix": "orch apply", "service_type": "mon", "unmanaged": true, "target": ["mon-mgr", ""]}) v1 -- 0x7f6d84102590 con 0x7f6d700380a0
2023-03-22T14:19:26.487 INFO:teuthology.orchestra.run.smithi045.stdout:/usr/bin/ceph: stderr
2023-03-22T14:19:26.075+0000 7f6d7b7fe700 1 -- 172.21.15.45:0/4222568629 <== mgr.14118 v2:172.21.15.45:6800/743263651 1 ==== mgr_command_reply(tid 0: 0 ) v1 ==== 8+0+24 (secure 0 0 0) 0x7f6d84102590 con 0x7f6d700380a0
2023-03-22T14:19:26.487 INFO:teuthology.orchestra.run.smithi045.stdout:/usr/bin/ceph: stderr
2023-03-22T14:19:26.077+0000 7f6d8c67f700 1 -- 172.21.15.45:0/4222568629 >> [v2:172.21.15.45:6800/743263651,v1:172.21.15.45:6801/743263651] conn(0x7f6d700380a0 msgr2=0x7f6d7003a550 secure :-1 s=STATE_CONNECTION_ESTABLISHED l=1).mark_down
2023-03-22T14:19:26.487 INFO:teuthology.orchestra.run.smithi045.stdout:/usr/bin/ceph: stderr
2023-03-22T14:19:26.077+0000 7f6d8c67f700 1 --2- 172.21.15.45:0/4222568629 >> [v2:172.21.15.45:6800/743263651,v1:172.21.15.45:6801/743263651] conn(0x7f6d700380a0 0x7f6d7003a550 secure :-1 s=READY pgs=12 cs=0 l=1 rev1=1 crypto rx=0x7f6d74006fd0 tx=0x7f6d74006e40 comp rx=0 tx=0).stop
2023-03-22T14:19:26.487 INFO:teuthology.orchestra.run.smithi045.stdout:/usr/bin/ceph: stderr
2023-03-22T14:19:26.078+0000 7f6d8c67f700 1 -- 172.21.15.45:0/4222568629 >> [v2:172.21.15.45:3300/0,v1:172.21.15.45:6789/0] conn(0x7f6d84105bd0 msgr2=0x7f6d841997d0 secure :-1 s=STATE_CONNECTION_ESTABLISHED l=1).mark_down
2023-03-22T14:19:26.487 INFO:teuthology.orchestra.run.smithi045.stdout:/usr/bin/ceph: stderr
2023-03-22T14:19:26.078+0000 7f6d8c67f700 1 --2- 172.21.15.45:0/4222568629 >> [v2:172.21.15.45:3300/0,v1:172.21.15.45:6789/0] conn(0x7f6d84105bd0 0x7f6d841997d0 secure :-1 s=READY pgs=46 cs=0 l=1 rev1=1 crypto rx=0x7f6d80006af0 tx=0x7f6d80011ad0 comp rx=0 tx=0).stop
2023-03-22T14:19:26.487 INFO:teuthology.orchestra.run.smithi045.stdout:/usr/bin/ceph: stderr
2023-03-22T14:19:26.078+0000 7f6d8c67f700 1 -- 172.21.15.45:0/4222568629 shutdown_connections
2023-03-22T14:19:26.487 INFO:teuthology.orchestra.run.smithi045.stdout:/usr/bin/ceph: stderr
2023-03-22T14:19:26.078+0000 7f6d8c67f700 1 --2- 172.21.15.45:0/4222568629 >> [v2:172.21.15.45:6800/743263651,v1:172.21.15.45:6801/743263651] conn(0x7f6d700380a0 0x7f6d7003a550 unknown :-1 s=CLOSED pgs=12 cs=0 l=1 rev1=1 crypto rx=0 tx=0 comp rx=0 tx=0).stop
2023-03-22T14:19:26.487 INFO:teuthology.orchestra.run.smithi045.stdout:/usr/bin/ceph: stderr
2023-03-22T14:19:26.078+0000 7f6d8c67f700 1 --2- 172.21.15.45:0/4222568629 >> [v2:172.21.15.45:3300/0,v1:172.21.15.45:6789/0] conn(0x7f6d84105bd0 0x7f6d841997d0 unknown :-1 s=CLOSED pgs=46 cs=0 l=1 rev1=1 crypto rx=0 tx=0 comp rx=0 tx=0).stop
2023-03-22T14:19:26.488 INFO:teuthology.orchestra.run.smithi045.stdout:/usr/bin/ceph: stderr
2023-03-22T14:19:26.078+0000 7f6d8c67f700 1 -- 172.21.15.45:0/4222568629 >> 172.21.15.45:0/4222568629 conn(0x7f6d84101240 msgr2=0x7f6d84101e80 unknown :-1 s=STATE_NONE l=0).mark_down
2023-03-22T14:19:26.488 INFO:teuthology.orchestra.run.smithi045.stdout:/usr/bin/ceph: stderr
2023-03-22T14:19:26.078+0000 7f6d8c67f700 1 -- 172.21.15.45:0/4222568629 shutdown_connections
2023-03-22T14:19:26.488 INFO:teuthology.orchestra.run.smithi045.stdout:/usr/bin/ceph: stderr
2023-03-22T14:19:26.078+0000 7f6d8c67f700 1 -- 172.21.15.45:0/4222568629 wait complete.
2023-03-22T14:19:26.488 INFO:teuthology.orchestra.run.smithi045.stdout:Deploying unmanaged mgr service...
2023-03-22T14:19:27.201 INFO:journalctl@ceph.mon.a.smithi045.stdout:Mar 22 14:19:27 smithi045 ceph-mon[91728]: from='client.14140 -' entity='client.admin' cmd=[{"prefix": "orch apply", "service_type": "mon", "unmanaged": true, "target": ["mon-mgr", ""]}]: dispatch
2023-03-22T14:19:27.201 INFO:journalctl@ceph.mon.a.smithi045.stdout:Mar 22 14:19:27 smithi045 ceph-mon[91728]: Saving service mon spec with placement count:5
2023-03-22T14:19:27.201 INFO:journalctl@ceph.mon.a.smithi045.stdout:Mar 22 14:19:27 smithi045 ceph-mon[91728]: from='mgr.14118 172.21.15.45:0/4086916187' entity='mgr.x'
2023-03-22T14:19:27.796 INFO:teuthology.orchestra.run.smithi045.stdout:/usr/bin/ceph: stdout Scheduled mgr update...
2023-03-22T14:19:27.796 INFO:teuthology.orchestra.run.smithi045.stdout:/usr/bin/ceph: stderr
2023-03-22T14:19:27.187+0000 7f26f94c7700 1 Processor -- start
2023-03-22T14:19:27.796 INFO:teuthology.orchestra.run.smithi045.stdout:/usr/bin/ceph: stderr
2023-03-22T14:19:27.188+0000 7f26f94c7700 1 -- start start
2023-03-22T14:19:27.796 INFO:teuthology.orchestra.run.smithi045.stdout:/usr/bin/ceph: stderr
2023-03-22T14:19:27.188+0000 7f26f94c7700 1 --2- >> [v2:172.21.15.45:3300/0,v1:172.21.15.45:6789/0] conn(0x7f26f4104ac0 0x7f26f4104ed0 unknown :-1 s=NONE pgs=0 cs=0 l=0 rev1=0 crypto rx=0 tx=0 comp rx=0 tx=0).connect
2023-03-22T14:19:27.796 INFO:teuthology.orchestra.run.smithi045.stdout:/usr/bin/ceph: stderr
2023-03-22T14:19:27.188+0000 7f26f94c7700 1 -- --> [v2:172.21.15.45:3300/0,v1:172.21.15.45:6789/0] -- mon_getmap magic: 0 v1 -- 0x7f26f4105410 con 0x7f26f4104ac0
2023-03-22T14:19:27.800 INFO:teuthology.orchestra.run.smithi045.stdout:/usr/bin/ceph: stderr
2023-03-22T14:19:27.188+0000 7f26f2ffd700 1 --2- >> [v2:172.21.15.45:3300/0,v1:172.21.15.45:6789/0] conn(0x7f26f4104ac0 0x7f26f4104ed0 unknown :-1 s=BANNER_CONNECTING pgs=0 cs=0 l=0 rev1=0 crypto rx=0 tx=0 comp rx=0 tx=0)._handle_peer_banner_payload supported=3 required=0
2023-03-22T14:19:27.800 INFO:teuthology.orchestra.run.smithi045.stdout:/usr/bin/ceph: stderr
2023-03-22T14:19:27.188+0000 7f26f2ffd700 1 --2- >> [v2:172.21.15.45:3300/0,v1:172.21.15.45:6789/0] conn(0x7f26f4104ac0 0x7f26f4104ed0 unknown :-1 s=HELLO_CONNECTING pgs=0 cs=0 l=0 rev1=1 crypto rx=0 tx=0 comp rx=0 tx=0).handle_hello peer v2:172.21.15.45:3300/0 says I am v2:172.21.15.45:60632/0 (socket says 172.21.15.45:60632)
2023-03-22T14:19:27.800 INFO:teuthology.orchestra.run.smithi045.stdout:/usr/bin/ceph: stderr
2023-03-22T14:19:27.188+0000 7f26f2ffd700 1 -- 172.21.15.45:0/3351144678 learned_addr learned my addr 172.21.15.45:0/3351144678 (peer_addr_for_me v2:172.21.15.45:0/0)
2023-03-22T14:19:27.800 INFO:teuthology.orchestra.run.smithi045.stdout:/usr/bin/ceph: stderr
2023-03-22T14:19:27.189+0000 7f26f2ffd700 1 -- 172.21.15.45:0/3351144678 --> [v2:172.21.15.45:3300/0,v1:172.21.15.45:6789/0] -- mon_subscribe({config=0+,monmap=0+}) v3 -- 0x7f26f4105550 con 0x7f26f4104ac0
2023-03-22T14:19:27.801 INFO:teuthology.orchestra.run.smithi045.stdout:/usr/bin/ceph: stderr
2023-03-22T14:19:27.189+0000 7f26f2ffd700 1 --2- 172.21.15.45:0/3351144678 >> [v2:172.21.15.45:3300/0,v1:172.21.15.45:6789/0] conn(0x7f26f4104ac0 0x7f26f4104ed0 secure :-1 s=READY pgs=47 cs=0 l=1 rev1=1 crypto rx=0x7f26e40098a0 tx=0x7f26e4009bb0 comp rx=0 tx=0).ready entity=mon.0 client_cookie=9240d425734ee4e7 server_cookie=0 in_seq=0 out_seq=0
2023-03-22T14:19:27.801 INFO:teuthology.orchestra.run.smithi045.stdout:/usr/bin/ceph: stderr
2023-03-22T14:19:27.189+0000 7f26f1ffb700 1 -- 172.21.15.45:0/3351144678 <== mon.0 v2:172.21.15.45:3300/0 1 ==== mon_map magic: 0 v1 ==== 205+0+0 (secure 0 0 0) 0x7f26e4004160 con 0x7f26f4104ac0
2023-03-22T14:19:27.801 INFO:teuthology.orchestra.run.smithi045.stdout:/usr/bin/ceph: stderr
2023-03-22T14:19:27.189+0000 7f26f1ffb700 1 -- 172.21.15.45:0/3351144678 <== mon.0 v2:172.21.15.45:3300/0 2 ==== config(26 keys) v1 ==== 1074+0+0 (secure 0 0 0) 0x7f26e40042c0 con 0x7f26f4104ac0
2023-03-22T14:19:27.801 INFO:teuthology.orchestra.run.smithi045.stdout:/usr/bin/ceph: stderr
2023-03-22T14:19:27.189+0000 7f26f1ffb700 1 -- 172.21.15.45:0/3351144678 <== mon.0 v2:172.21.15.45:3300/0 3 ==== mon_map magic: 0 v1 ==== 205+0+0 (secure 0 0 0) 0x7f26e4011a00 con 0x7f26f4104ac0
2023-03-22T14:19:27.801 INFO:teuthology.orchestra.run.smithi045.stdout:/usr/bin/ceph: stderr
2023-03-22T14:19:27.190+0000 7f26f94c7700 1 -- 172.21.15.45:0/3351144678 >> [v2:172.21.15.45:3300/0,v1:172.21.15.45:6789/0] conn(0x7f26f4104ac0 msgr2=0x7f26f4104ed0 secure :-1 s=STATE_CONNECTION_ESTABLISHED l=1).mark_down
2023-03-22T14:19:27.801 INFO:teuthology.orchestra.run.smithi045.stdout:/usr/bin/ceph: stderr
2023-03-22T14:19:27.190+0000 7f26f94c7700 1 --2- 172.21.15.45:0/3351144678 >> [v2:172.21.15.45:3300/0,v1:172.21.15.45:6789/0] conn(0x7f26f4104ac0 0x7f26f4104ed0 secure :-1 s=READY pgs=47 cs=0 l=1 rev1=1 crypto rx=0x7f26e40098a0 tx=0x7f26e4009bb0 comp rx=0 tx=0).stop
2023-03-22T14:19:27.801 INFO:teuthology.orchestra.run.smithi045.stdout:/usr/bin/ceph: stderr
2023-03-22T14:19:27.190+0000 7f26f94c7700 1 -- 172.21.15.45:0/3351144678 shutdown_connections
2023-03-22T14:19:27.802 INFO:teuthology.orchestra.run.smithi045.stdout:/usr/bin/ceph: stderr
2023-03-22T14:19:27.190+0000 7f26f94c7700 1 --2- 172.21.15.45:0/3351144678 >> [v2:172.21.15.45:3300/0,v1:172.21.15.45:6789/0] conn(0x7f26f4104ac0 0x7f26f4104ed0 unknown :-1 s=CLOSED pgs=47 cs=0 l=1 rev1=1 crypto rx=0 tx=0 comp rx=0 tx=0).stop
2023-03-22T14:19:27.802 INFO:teuthology.orchestra.run.smithi045.stdout:/usr/bin/ceph: stderr
2023-03-22T14:19:27.190+0000 7f26f94c7700 1 -- 172.21.15.45:0/3351144678 >> 172.21.15.45:0/3351144678 conn(0x7f26f4100110 msgr2=0x7f26f4102540 unknown :-1 s=STATE_NONE l=0).mark_down
2023-03-22T14:19:27.802 INFO:teuthology.orchestra.run.smithi045.stdout:/usr/bin/ceph: stderr
2023-03-22T14:19:27.190+0000 7f26f94c7700 1 -- 172.21.15.45:0/3351144678 shutdown_connections
2023-03-22T14:19:27.802 INFO:teuthology.orchestra.run.smithi045.stdout:/usr/bin/ceph: stderr
2023-03-22T14:19:27.190+0000 7f26f94c7700 1 -- 172.21.15.45:0/3351144678 wait complete.
2023-03-22T14:19:27.802 INFO:teuthology.orchestra.run.smithi045.stdout:/usr/bin/ceph: stderr
2023-03-22T14:19:27.191+0000 7f26f94c7700 1 Processor -- start
2023-03-22T14:19:27.802 INFO:teuthology.orchestra.run.smithi045.stdout:/usr/bin/ceph: stderr
2023-03-22T14:19:27.191+0000 7f26f94c7700 1 -- start start
2023-03-22T14:19:27.802 INFO:teuthology.orchestra.run.smithi045.stdout:/usr/bin/ceph: stderr
2023-03-22T14:19:27.192+0000 7f26f94c7700 1 --2- >> [v2:172.21.15.45:3300/0,v1:172.21.15.45:6789/0] conn(0x7f26f4104ac0 0x7f26f41997d0 unknown :-1 s=NONE pgs=0 cs=0 l=1 rev1=0 crypto rx=0 tx=0 comp rx=0 tx=0).connect
2023-03-22T14:19:27.803 INFO:teuthology.orchestra.run.smithi045.stdout:/usr/bin/ceph: stderr
2023-03-22T14:19:27.192+0000 7f26f94c7700 1 -- --> [v2:172.21.15.45:3300/0,v1:172.21.15.45:6789/0] -- mon_getmap magic: 0 v1 -- 0x7f26f4199d10 con 0x7f26f4104ac0
2023-03-22T14:19:27.803 INFO:teuthology.orchestra.run.smithi045.stdout:/usr/bin/ceph: stderr
2023-03-22T14:19:27.192+0000 7f26f2ffd700 1 --2- >> [v2:172.21.15.45:3300/0,v1:172.21.15.45:6789/0] conn(0x7f26f4104ac0 0x7f26f41997d0 unknown :-1 s=BANNER_CONNECTING pgs=0 cs=0 l=1 rev1=0 crypto rx=0 tx=0 comp rx=0 tx=0)._handle_peer_banner_payload supported=3 required=0
2023-03-22T14:19:27.803 INFO:teuthology.orchestra.run.smithi045.stdout:/usr/bin/ceph: stderr
2023-03-22T14:19:27.192+0000 7f26f2ffd700 1 --2- >> [v2:172.21.15.45:3300/0,v1:172.21.15.45:6789/0] conn(0x7f26f4104ac0 0x7f26f41997d0 unknown :-1 s=HELLO_CONNECTING pgs=0 cs=0 l=1 rev1=1 crypto rx=0 tx=0 comp rx=0 tx=0).handle_hello peer v2:172.21.15.45:3300/0 says I am v2:172.21.15.45:60646/0 (socket says 172.21.15.45:60646)
2023-03-22T14:19:27.803 INFO:teuthology.orchestra.run.smithi045.stdout:/usr/bin/ceph: stderr
2023-03-22T14:19:27.192+0000 7f26f2ffd700 1 -- 172.21.15.45:0/1880218385 learned_addr learned my addr 172.21.15.45:0/1880218385 (peer_addr_for_me v2:172.21.15.45:0/0)
2023-03-22T14:19:27.803 INFO:teuthology.orchestra.run.smithi045.stdout:/usr/bin/ceph: stderr
2023-03-22T14:19:27.192+0000 7f26f2ffd700 1 -- 172.21.15.45:0/1880218385 --> [v2:172.21.15.45:3300/0,v1:172.21.15.45:6789/0] -- mon_subscribe({config=0+,monmap=0+}) v3 -- 0x7f26e4009550 con 0x7f26f4104ac0
2023-03-22T14:19:27.803 INFO:teuthology.orchestra.run.smithi045.stdout:/usr/bin/ceph: stderr
2023-03-22T14:19:27.192+0000 7f26f2ffd700 1 --2- 172.21.15.45:0/1880218385 >> [v2:172.21.15.45:3300/0,v1:172.21.15.45:6789/0] conn(0x7f26f4104ac0 0x7f26f41997d0 secure :-1 s=READY pgs=48 cs=0 l=1 rev1=1 crypto rx=0x7f26e4009fb0 tx=0x7f26e4011ad0 comp rx=0 tx=0).ready entity=mon.0 client_cookie=0 server_cookie=0 in_seq=0 out_seq=0
2023-03-22T14:19:27.804 INFO:teuthology.orchestra.run.smithi045.stdout:/usr/bin/ceph: stderr
2023-03-22T14:19:27.193+0000 7f26dbfff700 1 -- 172.21.15.45:0/1880218385 <== mon.0 v2:172.21.15.45:3300/0 1 ==== mon_map magic: 0 v1 ==== 205+0+0 (secure 0 0 0) 0x7f26e4003930 con 0x7f26f4104ac0
2023-03-22T14:19:27.804 INFO:teuthology.orchestra.run.smithi045.stdout:/usr/bin/ceph: stderr
2023-03-22T14:19:27.193+0000 7f26dbfff700 1 -- 172.21.15.45:0/1880218385 <== mon.0 v2:172.21.15.45:3300/0 2 ==== config(26 keys) v1 ==== 1074+0+0 (secure 0 0 0) 0x7f26e4003a90 con 0x7f26f4104ac0
2023-03-22T14:19:27.804 INFO:teuthology.orchestra.run.smithi045.stdout:/usr/bin/ceph: stderr
2023-03-22T14:19:27.193+0000 7f26f94c7700 1 -- 172.21.15.45:0/1880218385 --> [v2:172.21.15.45:3300/0,v1:172.21.15.45:6789/0] -- mon_subscribe({mgrmap=0+}) v3 -- 0x7f26f4106b10 con 0x7f26f4104ac0
2023-03-22T14:19:27.804 INFO:teuthology.orchestra.run.smithi045.stdout:/usr/bin/ceph: stderr
2023-03-22T14:19:27.193+0000 7f26dbfff700 1 -- 172.21.15.45:0/1880218385 <== mon.0 v2:172.21.15.45:3300/0 3 ==== mon_map magic: 0 v1 ==== 205+0+0 (secure 0 0 0) 0x7f26e4019610 con 0x7f26f4104ac0
2023-03-22T14:19:27.804 INFO:teuthology.orchestra.run.smithi045.stdout:/usr/bin/ceph: stderr
2023-03-22T14:19:27.193+0000 7f26f94c7700 1 -- 172.21.15.45:0/1880218385 --> [v2:172.21.15.45:3300/0,v1:172.21.15.45:6789/0] -- mon_subscribe({osdmap=0}) v3 -- 0x7f26f4106980 con 0x7f26f4104ac0
2023-03-22T14:19:27.804 INFO:teuthology.orchestra.run.smithi045.stdout:/usr/bin/ceph: stderr
2023-03-22T14:19:27.194+0000 7f26dbfff700 1 -- 172.21.15.45:0/1880218385 <== mon.0 v2:172.21.15.45:3300/0 4 ==== mgrmap(e 8) v1 ==== 44769+0+0 (secure 0 0 0) 0x7f26e401a430 con 0x7f26f4104ac0
2023-03-22T14:19:27.804 INFO:teuthology.orchestra.run.smithi045.stdout:/usr/bin/ceph: stderr
2023-03-22T14:19:27.194+0000 7f26f94c7700 1 -- 172.21.15.45:0/1880218385 --> [v2:172.21.15.45:3300/0,v1:172.21.15.45:6789/0] -- mon_command({"prefix": "get_command_descriptions"} v 0) v1 -- 0x7f26f40620b0 con 0x7f26f4104ac0
2023-03-22T14:19:27.804 INFO:teuthology.orchestra.run.smithi045.stdout:/usr/bin/ceph: stderr
2023-03-22T14:19:27.194+0000 7f26dbfff700 1 --2- 172.21.15.45:0/1880218385 >> [v2:172.21.15.45:6800/743263651,v1:172.21.15.45:6801/743263651] conn(0x7f26dc038050 0x7f26dc03a500 unknown :-1 s=NONE pgs=0 cs=0 l=1 rev1=0 crypto rx=0 tx=0 comp rx=0 tx=0).connect
2023-03-22T14:19:27.805 INFO:teuthology.orchestra.run.smithi045.stdout:/usr/bin/ceph: stderr
2023-03-22T14:19:27.194+0000 7f26dbfff700 1 -- 172.21.15.45:0/1880218385 <== mon.0 v2:172.21.15.45:3300/0 5 ==== osd_map(2..2 src has 1..2) v4 ==== 940+0+0 (secure 0 0 0) 0x7f26e404be40 con 0x7f26f4104ac0
2023-03-22T14:19:27.805 INFO:teuthology.orchestra.run.smithi045.stdout:/usr/bin/ceph: stderr
2023-03-22T14:19:27.195+0000 7f26f27fc700 1 --2- 172.21.15.45:0/1880218385 >> [v2:172.21.15.45:6800/743263651,v1:172.21.15.45:6801/743263651] conn(0x7f26dc038050 0x7f26dc03a500 unknown :-1 s=BANNER_CONNECTING pgs=0 cs=0 l=1 rev1=0 crypto rx=0 tx=0 comp rx=0 tx=0)._handle_peer_banner_payload supported=3 required=0
2023-03-22T14:19:27.805 INFO:teuthology.orchestra.run.smithi045.stdout:/usr/bin/ceph: stderr
2023-03-22T14:19:27.195+0000 7f26f27fc700 1 --2- 172.21.15.45:0/1880218385 >> [v2:172.21.15.45:6800/743263651,v1:172.21.15.45:6801/743263651] conn(0x7f26dc038050 0x7f26dc03a500 secure :-1 s=READY pgs=13 cs=0 l=1 rev1=1 crypto rx=0x7f26e8006fd0 tx=0x7f26e8006e40 comp rx=0 tx=0).ready entity=mgr.14118 client_cookie=0 server_cookie=0 in_seq=0 out_seq=0
2023-03-22T14:19:27.805 INFO:teuthology.orchestra.run.smithi045.stdout:/usr/bin/ceph: stderr
2023-03-22T14:19:27.200+0000 7f26dbfff700 1 -- 172.21.15.45:0/1880218385 <== mon.0 v2:172.21.15.45:3300/0 6 ==== mon_command_ack([{"prefix": "get_command_descriptions"}]=0 v0) v1 ==== 72+0+177574 (secure 0 0 0) 0x7f26e4023b80 con 0x7f26f4104ac0
2023-03-22T14:19:27.805 INFO:teuthology.orchestra.run.smithi045.stdout:/usr/bin/ceph: stderr
2023-03-22T14:19:27.421+0000 7f26f94c7700 1 -- 172.21.15.45:0/1880218385 --> [v2:172.21.15.45:6800/743263651,v1:172.21.15.45:6801/743263651] -- mgr_command(tid 0: {"prefix": "orch apply", "service_type": "mgr", "unmanaged": true, "target": ["mon-mgr", ""]}) v1 -- 0x7f26f4102140 con 0x7f26dc038050
2023-03-22T14:19:27.805 INFO:teuthology.orchestra.run.smithi045.stdout:/usr/bin/ceph: stderr
2023-03-22T14:19:27.426+0000 7f26dbfff700 1 -- 172.21.15.45:0/1880218385 <== mgr.14118 v2:172.21.15.45:6800/743263651 1 ==== mgr_command_reply(tid 0: 0 ) v1 ==== 8+0+24 (secure 0 0 0) 0x7f26f4102140 con 0x7f26dc038050
2023-03-22T14:19:27.805 INFO:teuthology.orchestra.run.smithi045.stdout:/usr/bin/ceph: stderr
2023-03-22T14:19:27.428+0000 7f26f94c7700 1 -- 172.21.15.45:0/1880218385 >> [v2:172.21.15.45:6800/743263651,v1:172.21.15.45:6801/743263651] conn(0x7f26dc038050 msgr2=0x7f26dc03a500 secure :-1 s=STATE_CONNECTION_ESTABLISHED l=1).mark_down
2023-03-22T14:19:27.806 INFO:teuthology.orchestra.run.smithi045.stdout:/usr/bin/ceph: stderr
2023-03-22T14:19:27.428+0000 7f26f94c7700 1 --2- 172.21.15.45:0/1880218385 >> [v2:172.21.15.45:6800/743263651,v1:172.21.15.45:6801/743263651] conn(0x7f26dc038050 0x7f26dc03a500 secure :-1 s=READY pgs=13 cs=0 l=1 rev1=1 crypto rx=0x7f26e8006fd0 tx=0x7f26e8006e40 comp rx=0 tx=0).stop
2023-03-22T14:19:27.806 INFO:teuthology.orchestra.run.smithi045.stdout:/usr/bin/ceph: stderr
2023-03-22T14:19:27.428+0000 7f26f94c7700 1 -- 172.21.15.45:0/1880218385 >> [v2:172.21.15.45:3300/0,v1:172.21.15.45:6789/0] conn(0x7f26f4104ac0 msgr2=0x7f26f41997d0 secure :-1 s=STATE_CONNECTION_ESTABLISHED l=1).mark_down
2023-03-22T14:19:27.806 INFO:teuthology.orchestra.run.smithi045.stdout:/usr/bin/ceph: stderr
2023-03-22T14:19:27.428+0000 7f26f94c7700 1 --2- 172.21.15.45:0/1880218385 >> [v2:172.21.15.45:3300/0,v1:172.21.15.45:6789/0] conn(0x7f26f4104ac0 0x7f26f41997d0 secure :-1 s=READY pgs=48 cs=0 l=1 rev1=1 crypto rx=0x7f26e4009fb0 tx=0x7f26e4011ad0 comp rx=0 tx=0).stop
2023-03-22T14:19:27.806 INFO:teuthology.orchestra.run.smithi045.stdout:/usr/bin/ceph: stderr
2023-03-22T14:19:27.428+0000 7f26f94c7700 1 -- 172.21.15.45:0/1880218385 shutdown_connections
2023-03-22T14:19:27.806 INFO:teuthology.orchestra.run.smithi045.stdout:/usr/bin/ceph: stderr
2023-03-22T14:19:27.428+0000 7f26f94c7700 1 --2- 172.21.15.45:0/1880218385 >> [v2:172.21.15.45:6800/743263651,v1:172.21.15.45:6801/743263651] conn(0x7f26dc038050 0x7f26dc03a500 unknown :-1 s=CLOSED pgs=13 cs=0 l=1 rev1=1 crypto rx=0 tx=0 comp rx=0 tx=0).stop
2023-03-22T14:19:27.806 INFO:teuthology.orchestra.run.smithi045.stdout:/usr/bin/ceph: stderr
2023-03-22T14:19:27.428+0000 7f26f94c7700 1 --2- 172.21.15.45:0/1880218385 >> [v2:172.21.15.45:3300/0,v1:172.21.15.45:6789/0] conn(0x7f26f4104ac0 0x7f26f41997d0 unknown :-1 s=CLOSED pgs=48 cs=0 l=1 rev1=1 crypto rx=0 tx=0 comp rx=0 tx=0).stop
2023-03-22T14:19:27.806 INFO:teuthology.orchestra.run.smithi045.stdout:/usr/bin/ceph: stderr
2023-03-22T14:19:27.428+0000 7f26f94c7700 1 -- 172.21.15.45:0/1880218385 >> 172.21.15.45:0/1880218385 conn(0x7f26f4100110 msgr2=0x7f26f4073d50 unknown :-1 s=STATE_NONE l=0).mark_down
2023-03-22T14:19:27.807 INFO:teuthology.orchestra.run.smithi045.stdout:/usr/bin/ceph: stderr
2023-03-22T14:19:27.429+0000 7f26f94c7700 1 -- 172.21.15.45:0/1880218385 shutdown_connections
2023-03-22T14:19:27.807 INFO:teuthology.orchestra.run.smithi045.stdout:/usr/bin/ceph: stderr
2023-03-22T14:19:27.429+0000 7f26f94c7700 1 -- 172.21.15.45:0/1880218385 wait complete.
2023-03-22T14:19:28.708 INFO:journalctl@ceph.mon.a.smithi045.stdout:Mar 22 14:19:28 smithi045 ceph-mon[91728]: from='client.14142 -' entity='client.admin' cmd=[{"prefix": "orch apply", "service_type": "mgr", "unmanaged": true, "target": ["mon-mgr", ""]}]: dispatch
2023-03-22T14:19:28.708 INFO:journalctl@ceph.mon.a.smithi045.stdout:Mar 22 14:19:28 smithi045 ceph-mon[91728]: Saving service mgr spec with placement count:2
2023-03-22T14:19:28.708 INFO:journalctl@ceph.mon.a.smithi045.stdout:Mar 22 14:19:28 smithi045 ceph-mon[91728]: from='mgr.14118 172.21.15.45:0/4086916187' entity='mgr.x'
2023-03-22T14:19:28.708 INFO:journalctl@ceph.mon.a.smithi045.stdout:Mar 22 14:19:28 smithi045 ceph-mon[91728]: from='mgr.14118 172.21.15.45:0/4086916187' entity='mgr.x'
2023-03-22T14:19:28.709 INFO:journalctl@ceph.mon.a.smithi045.stdout:Mar 22 14:19:28 smithi045 ceph-mon[91728]: from='mgr.14118 172.21.15.45:0/4086916187' entity='mgr.x'
2023-03-22T14:19:28.983 INFO:teuthology.orchestra.run.smithi045.stdout:/usr/bin/ceph: stderr
2023-03-22T14:19:28.352+0000 7fdc25c45700 1 Processor -- start
2023-03-22T14:19:28.983 INFO:teuthology.orchestra.run.smithi045.stdout:/usr/bin/ceph: stderr
2023-03-22T14:19:28.353+0000 7fdc25c45700 1 -- start start
2023-03-22T14:19:28.984 INFO:teuthology.orchestra.run.smithi045.stdout:/usr/bin/ceph: stderr
2023-03-22T14:19:28.353+0000 7fdc25c45700 1 --2- >> [v2:172.21.15.45:3300/0,v1:172.21.15.45:6789/0] conn(0x7fdc2007ace0 0x7fdc200791e0 unknown :-1 s=NONE pgs=0 cs=0 l=0 rev1=0 crypto rx=0 tx=0 comp rx=0 tx=0).connect
2023-03-22T14:19:28.984 INFO:teuthology.orchestra.run.smithi045.stdout:/usr/bin/ceph: stderr
2023-03-22T14:19:28.353+0000 7fdc25c45700 1 -- --> [v2:172.21.15.45:3300/0,v1:172.21.15.45:6789/0] -- mon_getmap magic: 0 v1 -- 0x7fdc20079720 con 0x7fdc2007ace0
2023-03-22T14:19:28.984 INFO:teuthology.orchestra.run.smithi045.stdout:/usr/bin/ceph: stderr
2023-03-22T14:19:28.353+0000 7fdc1f7fe700 1 --2- >> [v2:172.21.15.45:3300/0,v1:172.21.15.45:6789/0] conn(0x7fdc2007ace0 0x7fdc200791e0 unknown :-1 s=BANNER_CONNECTING pgs=0 cs=0 l=0 rev1=0 crypto rx=0 tx=0 comp rx=0 tx=0)._handle_peer_banner_payload supported=3 required=0
2023-03-22T14:19:28.984 INFO:teuthology.orchestra.run.smithi045.stdout:/usr/bin/ceph: stderr
2023-03-22T14:19:28.353+0000 7fdc1f7fe700 1 --2- >> [v2:172.21.15.45:3300/0,v1:172.21.15.45:6789/0] conn(0x7fdc2007ace0 0x7fdc200791e0 unknown :-1 s=HELLO_CONNECTING pgs=0 cs=0 l=0 rev1=1 crypto rx=0 tx=0 comp rx=0 tx=0).handle_hello peer v2:172.21.15.45:3300/0 says I am v2:172.21.15.45:60656/0 (socket says 172.21.15.45:60656)
2023-03-22T14:19:28.984 INFO:teuthology.orchestra.run.smithi045.stdout:/usr/bin/ceph: stderr
2023-03-22T14:19:28.353+0000 7fdc1f7fe700 1 -- 172.21.15.45:0/760939730 learned_addr learned my addr 172.21.15.45:0/760939730 (peer_addr_for_me v2:172.21.15.45:0/0)
2023-03-22T14:19:28.984 INFO:teuthology.orchestra.run.smithi045.stdout:/usr/bin/ceph: stderr
2023-03-22T14:19:28.354+0000 7fdc1f7fe700 1 -- 172.21.15.45:0/760939730 --> [v2:172.21.15.45:3300/0,v1:172.21.15.45:6789/0] -- mon_subscribe({config=0+,monmap=0+}) v3 -- 0x7fdc20079860 con 0x7fdc2007ace0
2023-03-22T14:19:28.985 INFO:teuthology.orchestra.run.smithi045.stdout:/usr/bin/ceph: stderr
2023-03-22T14:19:28.354+0000 7fdc1f7fe700 1 --2- 172.21.15.45:0/760939730 >> [v2:172.21.15.45:3300/0,v1:172.21.15.45:6789/0] conn(0x7fdc2007ace0 0x7fdc200791e0 secure :-1 s=READY pgs=49 cs=0 l=1 rev1=1 crypto rx=0x7fdc100098a0 tx=0x7fdc10009bb0 comp rx=0 tx=0).ready entity=mon.0 client_cookie=9c5267215a9a6013 server_cookie=0 in_seq=0 out_seq=0
2023-03-22T14:19:28.985 INFO:teuthology.orchestra.run.smithi045.stdout:/usr/bin/ceph: stderr
2023-03-22T14:19:28.354+0000 7fdc1e7fc700 1 -- 172.21.15.45:0/760939730 <== mon.0 v2:172.21.15.45:3300/0 1 ==== mon_map magic: 0 v1 ==== 205+0+0 (secure 0 0 0) 0x7fdc10004160 con 0x7fdc2007ace0
2023-03-22T14:19:28.985 INFO:teuthology.orchestra.run.smithi045.stdout:/usr/bin/ceph: stderr
2023-03-22T14:19:28.354+0000 7fdc1e7fc700 1 -- 172.21.15.45:0/760939730 <== mon.0 v2:172.21.15.45:3300/0 2 ==== config(26 keys) v1 ==== 1105+0+0 (secure 0 0 0) 0x7fdc100042c0 con 0x7fdc2007ace0
2023-03-22T14:19:28.985 INFO:teuthology.orchestra.run.smithi045.stdout:/usr/bin/ceph: stderr
2023-03-22T14:19:28.354+0000 7fdc1e7fc700 1 -- 172.21.15.45:0/760939730 <== mon.0 v2:172.21.15.45:3300/0 3 ==== mon_map magic: 0 v1 ==== 205+0+0 (secure 0 0 0) 0x7fdc100119b0 con 0x7fdc2007ace0
2023-03-22T14:19:28.985 INFO:teuthology.orchestra.run.smithi045.stdout:/usr/bin/ceph: stderr
2023-03-22T14:19:28.355+0000 7fdc25c45700 1 -- 172.21.15.45:0/760939730 >> [v2:172.21.15.45:3300/0,v1:172.21.15.45:6789/0] conn(0x7fdc2007ace0 msgr2=0x7fdc200791e0 secure :-1 s=STATE_CONNECTION_ESTABLISHED l=1).mark_down
2023-03-22T14:19:28.985 INFO:teuthology.orchestra.run.smithi045.stdout:/usr/bin/ceph: stderr
2023-03-22T14:19:28.355+0000 7fdc25c45700 1 --2- 172.21.15.45:0/760939730 >> [v2:172.21.15.45:3300/0,v1:172.21.15.45:6789/0] conn(0x7fdc2007ace0 0x7fdc200791e0 secure :-1 s=READY pgs=49 cs=0 l=1 rev1=1 crypto rx=0x7fdc100098a0 tx=0x7fdc10009bb0 comp rx=0 tx=0).stop
2023-03-22T14:19:28.985 INFO:teuthology.orchestra.run.smithi045.stdout:/usr/bin/ceph: stderr
2023-03-22T14:19:28.355+0000 7fdc25c45700 1 -- 172.21.15.45:0/760939730 shutdown_connections
2023-03-22T14:19:28.986 INFO:teuthology.orchestra.run.smithi045.stdout:/usr/bin/ceph: stderr
2023-03-22T14:19:28.355+0000 7fdc25c45700 1 --2- 172.21.15.45:0/760939730 >> [v2:172.21.15.45:3300/0,v1:172.21.15.45:6789/0] conn(0x7fdc2007ace0 0x7fdc200791e0 unknown :-1 s=CLOSED pgs=49 cs=0 l=1 rev1=1 crypto rx=0 tx=0 comp rx=0 tx=0).stop
2023-03-22T14:19:28.986 INFO:teuthology.orchestra.run.smithi045.stdout:/usr/bin/ceph: stderr
2023-03-22T14:19:28.355+0000 7fdc25c45700 1 -- 172.21.15.45:0/760939730 >> 172.21.15.45:0/760939730 conn(0x7fdc20101240 msgr2=0x7fdc20103650 unknown :-1 s=STATE_NONE l=0).mark_down
2023-03-22T14:19:28.986 INFO:teuthology.orchestra.run.smithi045.stdout:/usr/bin/ceph: stderr
2023-03-22T14:19:28.355+0000 7fdc25c45700 1 -- 172.21.15.45:0/760939730 shutdown_connections
2023-03-22T14:19:28.986 INFO:teuthology.orchestra.run.smithi045.stdout:/usr/bin/ceph: stderr
2023-03-22T14:19:28.355+0000 7fdc25c45700 1 -- 172.21.15.45:0/760939730 wait complete.
2023-03-22T14:19:28.986 INFO:teuthology.orchestra.run.smithi045.stdout:/usr/bin/ceph: stderr
2023-03-22T14:19:28.356+0000 7fdc25c45700 1 Processor -- start
2023-03-22T14:19:28.986 INFO:teuthology.orchestra.run.smithi045.stdout:/usr/bin/ceph: stderr
2023-03-22T14:19:28.356+0000 7fdc25c45700 1 -- start start
2023-03-22T14:19:28.986 INFO:teuthology.orchestra.run.smithi045.stdout:/usr/bin/ceph: stderr
2023-03-22T14:19:28.357+0000 7fdc25c45700 1 --2- >> [v2:172.21.15.45:3300/0,v1:172.21.15.45:6789/0] conn(0x7fdc2007ace0 0x7fdc2019ba60 unknown :-1 s=NONE pgs=0 cs=0 l=1 rev1=0 crypto rx=0 tx=0 comp rx=0 tx=0).connect
2023-03-22T14:19:28.987 INFO:teuthology.orchestra.run.smithi045.stdout:/usr/bin/ceph: stderr
2023-03-22T14:19:28.357+0000 7fdc25c45700 1 -- --> [v2:172.21.15.45:3300/0,v1:172.21.15.45:6789/0] -- mon_getmap magic: 0 v1 -- 0x7fdc2019bfa0 con 0x7fdc2007ace0
2023-03-22T14:19:28.987 INFO:teuthology.orchestra.run.smithi045.stdout:/usr/bin/ceph: stderr
2023-03-22T14:19:28.357+0000 7fdc1f7fe700 1 --2- >> [v2:172.21.15.45:3300/0,v1:172.21.15.45:6789/0] conn(0x7fdc2007ace0 0x7fdc2019ba60 unknown :-1 s=BANNER_CONNECTING pgs=0 cs=0 l=1 rev1=0 crypto rx=0 tx=0 comp rx=0 tx=0)._handle_peer_banner_payload supported=3 required=0
2023-03-22T14:19:28.987 INFO:teuthology.orchestra.run.smithi045.stdout:/usr/bin/ceph: stderr
2023-03-22T14:19:28.357+0000 7fdc1f7fe700 1 --2- >> [v2:172.21.15.45:3300/0,v1:172.21.15.45:6789/0] conn(0x7fdc2007ace0 0x7fdc2019ba60 unknown :-1 s=HELLO_CONNECTING pgs=0 cs=0 l=1 rev1=1 crypto rx=0 tx=0 comp rx=0 tx=0).handle_hello peer v2:172.21.15.45:3300/0 says I am v2:172.21.15.45:60658/0 (socket says 172.21.15.45:60658)
2023-03-22T14:19:28.987 INFO:teuthology.orchestra.run.smithi045.stdout:/usr/bin/ceph: stderr
2023-03-22T14:19:28.357+0000 7fdc1f7fe700 1 -- 172.21.15.45:0/2366626344 learned_addr learned my addr 172.21.15.45:0/2366626344 (peer_addr_for_me v2:172.21.15.45:0/0)
2023-03-22T14:19:28.987 INFO:teuthology.orchestra.run.smithi045.stdout:/usr/bin/ceph: stderr
2023-03-22T14:19:28.357+0000 7fdc1f7fe700 1 -- 172.21.15.45:0/2366626344 --> [v2:172.21.15.45:3300/0,v1:172.21.15.45:6789/0] -- mon_subscribe({config=0+,monmap=0+}) v3 -- 0x7fdc10009550 con 0x7fdc2007ace0
2023-03-22T14:19:28.987 INFO:teuthology.orchestra.run.smithi045.stdout:/usr/bin/ceph: stderr
2023-03-22T14:19:28.358+0000 7fdc1f7fe700 1 --2- 172.21.15.45:0/2366626344 >> [v2:172.21.15.45:3300/0,v1:172.21.15.45:6789/0] conn(0x7fdc2007ace0 0x7fdc2019ba60 secure :-1 s=READY pgs=50 cs=0 l=1 rev1=1 crypto rx=0x7fdc10000c00 tx=0x7fdc10011a30 comp rx=0 tx=0).ready entity=mon.0 client_cookie=0 server_cookie=0 in_seq=0 out_seq=0
2023-03-22T14:19:28.987 INFO:teuthology.orchestra.run.smithi045.stdout:/usr/bin/ceph: stderr
2023-03-22T14:19:28.358+0000 7fdc1cff9700 1 -- 172.21.15.45:0/2366626344 <== mon.0 v2:172.21.15.45:3300/0 1 ==== mon_map magic: 0 v1 ==== 205+0+0 (secure 0 0 0) 0x7fdc100039f0 con 0x7fdc2007ace0
2023-03-22T14:19:28.988 INFO:teuthology.orchestra.run.smithi045.stdout:/usr/bin/ceph: stderr
2023-03-22T14:19:28.358+0000 7fdc1cff9700 1 -- 172.21.15.45:0/2366626344 <== mon.0 v2:172.21.15.45:3300/0 2 ==== config(26 keys) v1 ==== 1105+0+0 (secure 0 0 0) 0x7fdc10003b50 con 0x7fdc2007ace0
2023-03-22T14:19:28.988 INFO:teuthology.orchestra.run.smithi045.stdout:/usr/bin/ceph: stderr
2023-03-22T14:19:28.358+0000 7fdc25c45700 1 -- 172.21.15.45:0/2366626344 --> [v2:172.21.15.45:3300/0,v1:172.21.15.45:6789/0] -- mon_subscribe({mgrmap=0+}) v3 -- 0x7fdc2010c110 con 0x7fdc2007ace0
2023-03-22T14:19:28.988 INFO:teuthology.orchestra.run.smithi045.stdout:/usr/bin/ceph: stderr
2023-03-22T14:19:28.358+0000 7fdc1cff9700 1 -- 172.21.15.45:0/2366626344 <== mon.0 v2:172.21.15.45:3300/0 3 ==== mon_map magic: 0 v1 ==== 205+0+0 (secure 0 0 0) 0x7fdc1001a780 con 0x7fdc2007ace0
2023-03-22T14:19:28.988 INFO:teuthology.orchestra.run.smithi045.stdout:/usr/bin/ceph: stderr
2023-03-22T14:19:28.358+0000 7fdc25c45700 1 -- 172.21.15.45:0/2366626344 --> [v2:172.21.15.45:3300/0,v1:172.21.15.45:6789/0] -- mon_subscribe({osdmap=0}) v3 -- 0x7fdc2010bf80 con 0x7fdc2007ace0
2023-03-22T14:19:28.988 INFO:teuthology.orchestra.run.smithi045.stdout:/usr/bin/ceph: stderr
2023-03-22T14:19:28.359+0000 7fdc1cff9700 1 -- 172.21.15.45:0/2366626344 <== mon.0 v2:172.21.15.45:3300/0 4 ==== mgrmap(e 8) v1 ==== 44769+0+0 (secure 0 0 0) 0x7fdc1001a9f0 con 0x7fdc2007ace0
2023-03-22T14:19:28.988 INFO:teuthology.orchestra.run.smithi045.stdout:/usr/bin/ceph: stderr
2023-03-22T14:19:28.359+0000 7fdc25c45700 1 -- 172.21.15.45:0/2366626344 --> [v2:172.21.15.45:3300/0,v1:172.21.15.45:6789/0] -- mon_command({"prefix": "get_command_descriptions"} v 0) v1 -- 0x7fdc2010c2a0 con 0x7fdc2007ace0
2023-03-22T14:19:28.988 INFO:teuthology.orchestra.run.smithi045.stdout:/usr/bin/ceph: stderr
2023-03-22T14:19:28.360+0000 7fdc1cff9700 1 --2- 172.21.15.45:0/2366626344 >> [v2:172.21.15.45:6800/743263651,v1:172.21.15.45:6801/743263651] conn(0x7fdc080380a0 0x7fdc0803a550 unknown :-1 s=NONE pgs=0 cs=0 l=1 rev1=0 crypto rx=0 tx=0 comp rx=0 tx=0).connect
2023-03-22T14:19:28.989 INFO:teuthology.orchestra.run.smithi045.stdout:/usr/bin/ceph: stderr
2023-03-22T14:19:28.360+0000 7fdc1cff9700 1 -- 172.21.15.45:0/2366626344 <== mon.0 v2:172.21.15.45:3300/0 5 ==== osd_map(2..2 src has 1..2) v4 ==== 940+0+0 (secure 0 0 0) 0x7fdc1004bfd0 con 0x7fdc2007ace0
2023-03-22T14:19:28.989 INFO:teuthology.orchestra.run.smithi045.stdout:/usr/bin/ceph: stderr
2023-03-22T14:19:28.360+0000 7fdc1effd700 1 --2- 172.21.15.45:0/2366626344 >> [v2:172.21.15.45:6800/743263651,v1:172.21.15.45:6801/743263651] conn(0x7fdc080380a0 0x7fdc0803a550 unknown :-1 s=BANNER_CONNECTING pgs=0 cs=0 l=1 rev1=0 crypto rx=0 tx=0 comp rx=0 tx=0)._handle_peer_banner_payload supported=3 required=0
2023-03-22T14:19:28.989 INFO:teuthology.orchestra.run.smithi045.stdout:/usr/bin/ceph: stderr
2023-03-22T14:19:28.361+0000 7fdc1effd700 1 --2- 172.21.15.45:0/2366626344 >> [v2:172.21.15.45:6800/743263651,v1:172.21.15.45:6801/743263651] conn(0x7fdc080380a0 0x7fdc0803a550 secure :-1 s=READY pgs=14 cs=0 l=1 rev1=1 crypto rx=0x7fdc14006fd0 tx=0x7fdc14006e40 comp rx=0 tx=0).ready entity=mgr.14118 client_cookie=0 server_cookie=0 in_seq=0 out_seq=0
2023-03-22T14:19:28.989 INFO:teuthology.orchestra.run.smithi045.stdout:/usr/bin/ceph: stderr
2023-03-22T14:19:28.365+0000 7fdc1cff9700 1 -- 172.21.15.45:0/2366626344 <== mon.0 v2:172.21.15.45:3300/0 6 ==== mon_command_ack([{"prefix": "get_command_descriptions"}]=0 v0) v1 ==== 72+0+177574 (secure 0 0 0) 0x7fdc1001aca0 con 0x7fdc2007ace0
2023-03-22T14:19:28.989 INFO:teuthology.orchestra.run.smithi045.stdout:/usr/bin/ceph: stderr
2023-03-22T14:19:28.573+0000 7fdc25c45700 1 -- 172.21.15.45:0/2366626344 --> [v2:172.21.15.45:3300/0,v1:172.21.15.45:6789/0] -- mon_command([{prefix=config set, name=mgr/cephadm/container_init}] v 0) v1 -- 0x7fdc2019f670 con 0x7fdc2007ace0
2023-03-22T14:19:28.989 INFO:teuthology.orchestra.run.smithi045.stdout:/usr/bin/ceph: stderr
2023-03-22T14:19:28.576+0000 7fdc1cff9700 1 -- 172.21.15.45:0/2366626344 <== mon.0 v2:172.21.15.45:3300/0 7 ==== mon_command_ack([{prefix=config set, name=mgr/cephadm/container_init}]=0 v7)=0 v7) v1 ==== 142+0+0 (secure 0 0 0) 0x7fdc1002c350 con 0x7fdc2007ace0
2023-03-22T14:19:28.990 INFO:teuthology.orchestra.run.smithi045.stdout:/usr/bin/ceph: stderr
2023-03-22T14:19:28.580+0000 7fdc25c45700 1 -- 172.21.15.45:0/2366626344 >> [v2:172.21.15.45:6800/743263651,v1:172.21.15.45:6801/743263651] conn(0x7fdc080380a0 msgr2=0x7fdc0803a550 secure :-1 s=STATE_CONNECTION_ESTABLISHED l=1).mark_down
2023-03-22T14:19:28.990 INFO:teuthology.orchestra.run.smithi045.stdout:/usr/bin/ceph: stderr
2023-03-22T14:19:28.580+0000 7fdc25c45700 1 --2- 172.21.15.45:0/2366626344 >> [v2:172.21.15.45:6800/743263651,v1:172.21.15.45:6801/743263651] conn(0x7fdc080380a0 0x7fdc0803a550 secure :-1 s=READY pgs=14 cs=0 l=1 rev1=1 crypto rx=0x7fdc14006fd0 tx=0x7fdc14006e40 comp rx=0 tx=0).stop
2023-03-22T14:19:28.990 INFO:teuthology.orchestra.run.smithi045.stdout:/usr/bin/ceph: stderr
2023-03-22T14:19:28.580+0000 7fdc25c45700 1 -- 172.21.15.45:0/2366626344 >> [v2:172.21.15.45:3300/0,v1:172.21.15.45:6789/0] conn(0x7fdc2007ace0 msgr2=0x7fdc2019ba60 secure :-1 s=STATE_CONNECTION_ESTABLISHED l=1).mark_down
2023-03-22T14:19:28.990 INFO:teuthology.orchestra.run.smithi045.stdout:/usr/bin/ceph: stderr
2023-03-22T14:19:28.580+0000 7fdc25c45700 1 --2- 172.21.15.45:0/2366626344 >> [v2:172.21.15.45:3300/0,v1:172.21.15.45:6789/0] conn(0x7fdc2007ace0 0x7fdc2019ba60 secure :-1 s=READY pgs=50 cs=0 l=1 rev1=1 crypto rx=0x7fdc10000c00 tx=0x7fdc10011a30 comp rx=0 tx=0).stop
2023-03-22T14:19:28.990 INFO:teuthology.orchestra.run.smithi045.stdout:/usr/bin/ceph: stderr
2023-03-22T14:19:28.580+0000 7fdc25c45700 1 -- 172.21.15.45:0/2366626344 shutdown_connections
2023-03-22T14:19:28.990 INFO:teuthology.orchestra.run.smithi045.stdout:/usr/bin/ceph: stderr
2023-03-22T14:19:28.580+0000 7fdc25c45700 1 --2- 172.21.15.45:0/2366626344 >> [v2:172.21.15.45:6800/743263651,v1:172.21.15.45:6801/743263651] conn(0x7fdc080380a0 0x7fdc0803a550 unknown :-1 s=CLOSED pgs=14 cs=0 l=1 rev1=1 crypto rx=0 tx=0 comp rx=0 tx=0).stop
2023-03-22T14:19:28.990 INFO:teuthology.orchestra.run.smithi045.stdout:/usr/bin/ceph: stderr
2023-03-22T14:19:28.580+0000 7fdc25c45700 1 --2- 172.21.15.45:0/2366626344 >> [v2:172.21.15.45:3300/0,v1:172.21.15.45:6789/0] conn(0x7fdc2007ace0 0x7fdc2019ba60 unknown :-1 s=CLOSED pgs=50 cs=0 l=1 rev1=1 crypto rx=0 tx=0 comp rx=0 tx=0).stop
2023-03-22T14:19:28.991 INFO:teuthology.orchestra.run.smithi045.stdout:/usr/bin/ceph: stderr
2023-03-22T14:19:28.580+0000 7fdc25c45700 1 -- 172.21.15.45:0/2366626344 >> 172.21.15.45:0/2366626344 conn(0x7fdc20101240 msgr2=0x7fdc20101f80 unknown :-1 s=STATE_NONE l=0).mark_down
2023-03-22T14:19:28.991 INFO:teuthology.orchestra.run.smithi045.stdout:/usr/bin/ceph: stderr
2023-03-22T14:19:28.580+0000 7fdc25c45700 1 -- 172.21.15.45:0/2366626344 shutdown_connections
2023-03-22T14:19:28.991 INFO:teuthology.orchestra.run.smithi045.stdout:/usr/bin/ceph: stderr
2023-03-22T14:19:28.580+0000 7fdc25c45700 1 -- 172.21.15.45:0/2366626344 wait complete.
2023-03-22T14:19:29.962 INFO:journalctl@ceph.mon.a.smithi045.stdout:Mar 22 14:19:29 smithi045 ceph-mon[91728]: from='client.? 172.21.15.45:0/2366626344' entity='client.admin'
2023-03-22T14:19:30.361 INFO:teuthology.orchestra.run.smithi045.stdout:/usr/bin/ceph: stderr
2023-03-22T14:19:29.526+0000 7f2bd4f4c700 1 Processor -- start
2023-03-22T14:19:30.361 INFO:teuthology.orchestra.run.smithi045.stdout:/usr/bin/ceph: stderr
2023-03-22T14:19:29.526+0000 7f2bd4f4c700 1 -- start start
2023-03-22T14:19:30.362 INFO:teuthology.orchestra.run.smithi045.stdout:/usr/bin/ceph: stderr
2023-03-22T14:19:29.526+0000 7f2bd4f4c700 1 --2- >> [v2:172.21.15.45:3300/0,v1:172.21.15.45:6789/0] conn(0x7f2bd007acc0 0x7f2bd00791c0 unknown :-1 s=NONE pgs=0 cs=0 l=0 rev1=0 crypto rx=0 tx=0 comp rx=0 tx=0).connect
2023-03-22T14:19:30.362 INFO:teuthology.orchestra.run.smithi045.stdout:/usr/bin/ceph: stderr
2023-03-22T14:19:29.526+0000 7f2bd4f4c700 1 -- --> [v2:172.21.15.45:3300/0,v1:172.21.15.45:6789/0] -- mon_getmap magic: 0 v1 -- 0x7f2bd0079700 con 0x7f2bd007acc0
2023-03-22T14:19:30.362 INFO:teuthology.orchestra.run.smithi045.stdout:/usr/bin/ceph: stderr
2023-03-22T14:19:29.527+0000 7f2bce59c700 1 --2- >> [v2:172.21.15.45:3300/0,v1:172.21.15.45:6789/0] conn(0x7f2bd007acc0 0x7f2bd00791c0 unknown :-1 s=BANNER_CONNECTING pgs=0 cs=0 l=0 rev1=0 crypto rx=0 tx=0 comp rx=0 tx=0)._handle_peer_banner_payload supported=3 required=0
2023-03-22T14:19:30.362 INFO:teuthology.orchestra.run.smithi045.stdout:/usr/bin/ceph: stderr
2023-03-22T14:19:29.527+0000 7f2bce59c700 1 --2- >> [v2:172.21.15.45:3300/0,v1:172.21.15.45:6789/0] conn(0x7f2bd007acc0 0x7f2bd00791c0 unknown :-1 s=HELLO_CONNECTING pgs=0 cs=0 l=0 rev1=1 crypto rx=0 tx=0 comp rx=0 tx=0).handle_hello peer v2:172.21.15.45:3300/0 says I am v2:172.21.15.45:60674/0 (socket says 172.21.15.45:60674)
2023-03-22T14:19:30.362 INFO:teuthology.orchestra.run.smithi045.stdout:/usr/bin/ceph: stderr
2023-03-22T14:19:29.527+0000 7f2bce59c700 1 -- 172.21.15.45:0/1255846103 learned_addr learned my addr 172.21.15.45:0/1255846103 (peer_addr_for_me v2:172.21.15.45:0/0)
2023-03-22T14:19:30.362 INFO:teuthology.orchestra.run.smithi045.stdout:/usr/bin/ceph: stderr
2023-03-22T14:19:29.527+0000 7f2bce59c700 1 -- 172.21.15.45:0/1255846103 --> [v2:172.21.15.45:3300/0,v1:172.21.15.45:6789/0] -- mon_subscribe({config=0+,monmap=0+}) v3 -- 0x7f2bd0079840 con 0x7f2bd007acc0
2023-03-22T14:19:30.362 INFO:teuthology.orchestra.run.smithi045.stdout:/usr/bin/ceph: stderr
2023-03-22T14:19:29.527+0000 7f2bce59c700 1 --2- 172.21.15.45:0/1255846103 >> [v2:172.21.15.45:3300/0,v1:172.21.15.45:6789/0] conn(0x7f2bd007acc0 0x7f2bd00791c0 secure :-1 s=READY pgs=51 cs=0 l=1 rev1=1 crypto rx=0x7f2bc00098a0 tx=0x7f2bc0009bb0 comp rx=0 tx=0).ready entity=mon.0 client_cookie=f4c748ab3bce914b server_cookie=0 in_seq=0 out_seq=0
2023-03-22T14:19:30.363 INFO:teuthology.orchestra.run.smithi045.stdout:/usr/bin/ceph: stderr
2023-03-22T14:19:29.528+0000 7f2bcd59a700 1 -- 172.21.15.45:0/1255846103 <== mon.0 v2:172.21.15.45:3300/0 1 ==== mon_map magic: 0 v1 ==== 205+0+0 (secure 0 0 0) 0x7f2bc0004160 con 0x7f2bd007acc0
2023-03-22T14:19:30.363 INFO:teuthology.orchestra.run.smithi045.stdout:/usr/bin/ceph: stderr
2023-03-22T14:19:29.528+0000 7f2bcd59a700 1 -- 172.21.15.45:0/1255846103 <== mon.0 v2:172.21.15.45:3300/0 2 ==== config(26 keys) v1 ==== 1105+0+0 (secure 0 0 0) 0x7f2bc00042c0 con 0x7f2bd007acc0
2023-03-22T14:19:30.363 INFO:teuthology.orchestra.run.smithi045.stdout:/usr/bin/ceph: stderr
2023-03-22T14:19:29.528+0000 7f2bcd59a700 1 -- 172.21.15.45:0/1255846103 <== mon.0 v2:172.21.15.45:3300/0 3 ==== mon_map magic: 0 v1 ==== 205+0+0 (secure 0 0 0) 0x7f2bc00119b0 con 0x7f2bd007acc0
2023-03-22T14:19:30.363 INFO:teuthology.orchestra.run.smithi045.stdout:/usr/bin/ceph: stderr
2023-03-22T14:19:29.528+0000 7f2bd4f4c700 1 -- 172.21.15.45:0/1255846103 >> [v2:172.21.15.45:3300/0,v1:172.21.15.45:6789/0] conn(0x7f2bd007acc0 msgr2=0x7f2bd00791c0 secure :-1 s=STATE_CONNECTION_ESTABLISHED l=1).mark_down
2023-03-22T14:19:30.363 INFO:teuthology.orchestra.run.smithi045.stdout:/usr/bin/ceph: stderr
2023-03-22T14:19:29.528+0000 7f2bd4f4c700 1 --2- 172.21.15.45:0/1255846103 >> [v2:172.21.15.45:3300/0,v1:172.21.15.45:6789/0] conn(0x7f2bd007acc0 0x7f2bd00791c0 secure :-1 s=READY pgs=51 cs=0 l=1 rev1=1 crypto rx=0x7f2bc00098a0 tx=0x7f2bc0009bb0 comp rx=0 tx=0).stop
2023-03-22T14:19:30.363 INFO:teuthology.orchestra.run.smithi045.stdout:/usr/bin/ceph: stderr
2023-03-22T14:19:29.528+0000 7f2bd4f4c700 1 -- 172.21.15.45:0/1255846103 shutdown_connections
2023-03-22T14:19:30.363 INFO:teuthology.orchestra.run.smithi045.stdout:/usr/bin/ceph: stderr
2023-03-22T14:19:29.528+0000 7f2bd4f4c700 1 --2- 172.21.15.45:0/1255846103 >> [v2:172.21.15.45:3300/0,v1:172.21.15.45:6789/0] conn(0x7f2bd007acc0 0x7f2bd00791c0 unknown :-1 s=CLOSED pgs=51 cs=0 l=1 rev1=1 crypto rx=0 tx=0 comp rx=0 tx=0).stop
2023-03-22T14:19:30.364 INFO:teuthology.orchestra.run.smithi045.stdout:/usr/bin/ceph: stderr
