2023-03-22T19:24:34.205+0000 7fa9e93f9700 1 -- 172.21.15.157:0/2133496485 >> 172.21.15.157:0/2133496485 conn(0x7fa9e40ffee0 msgr2=0x7fa9e4102310 unknown :-1 s=STATE_NONE l=0).mark_down
2023-03-22T19:24:35.583 INFO:teuthology.orchestra.run.smithi157.stdout:/usr/bin/ceph: stderr
2023-03-22T19:24:34.205+0000 7fa9e93f9700 1 -- 172.21.15.157:0/2133496485 shutdown_connections
2023-03-22T19:24:35.583 INFO:teuthology.orchestra.run.smithi157.stdout:/usr/bin/ceph: stderr
2023-03-22T19:24:34.205+0000 7fa9e93f9700 1 -- 172.21.15.157:0/2133496485 wait complete.
2023-03-22T19:24:35.583 INFO:teuthology.orchestra.run.smithi157.stdout:/usr/bin/ceph: stderr
2023-03-22T19:24:34.205+0000 7fa9e93f9700 1 Processor -- start
2023-03-22T19:24:35.583 INFO:teuthology.orchestra.run.smithi157.stdout:/usr/bin/ceph: stderr
2023-03-22T19:24:34.205+0000 7fa9e93f9700 1 -- start start
2023-03-22T19:24:35.584 INFO:teuthology.orchestra.run.smithi157.stdout:/usr/bin/ceph: stderr
2023-03-22T19:24:34.206+0000 7fa9e93f9700 1 --2- >> [v2:172.21.15.157:3300/0,v1:172.21.15.157:6789/0] conn(0x7fa9e4104890 0x7fa9e4197460 unknown :-1 s=NONE pgs=0 cs=0 l=1 rev1=0 crypto rx=0 tx=0 comp rx=0 tx=0).connect
2023-03-22T19:24:35.584 INFO:teuthology.orchestra.run.smithi157.stdout:/usr/bin/ceph: stderr
2023-03-22T19:24:34.206+0000 7fa9e93f9700 1 -- --> [v2:172.21.15.157:3300/0,v1:172.21.15.157:6789/0] -- mon_getmap magic: 0 v1 -- 0x7fa9e41979a0 con 0x7fa9e4104890
2023-03-22T19:24:35.584 INFO:teuthology.orchestra.run.smithi157.stdout:/usr/bin/ceph: stderr
2023-03-22T19:24:34.206+0000 7fa9e2ffd700 1 --2- >> [v2:172.21.15.157:3300/0,v1:172.21.15.157:6789/0] conn(0x7fa9e4104890 0x7fa9e4197460 unknown :-1 s=BANNER_CONNECTING pgs=0 cs=0 l=1 rev1=0 crypto rx=0 tx=0 comp rx=0 tx=0)._handle_peer_banner_payload supported=3 required=0
2023-03-22T19:24:35.584 INFO:teuthology.orchestra.run.smithi157.stdout:/usr/bin/ceph: stderr
2023-03-22T19:24:34.206+0000 7fa9e2ffd700 1 --2- >> [v2:172.21.15.157:3300/0,v1:172.21.15.157:6789/0] conn(0x7fa9e4104890 0x7fa9e4197460 unknown :-1 s=HELLO_CONNECTING pgs=0 cs=0 l=1 rev1=1 crypto rx=0 tx=0 comp rx=0 tx=0).handle_hello peer v2:172.21.15.157:3300/0 says I am v2:172.21.15.157:54812/0 (socket says 172.21.15.157:54812)
2023-03-22T19:24:35.584 INFO:teuthology.orchestra.run.smithi157.stdout:/usr/bin/ceph: stderr
2023-03-22T19:24:34.206+0000 7fa9e2ffd700 1 -- 172.21.15.157:0/3567310982 learned_addr learned my addr 172.21.15.157:0/3567310982 (peer_addr_for_me v2:172.21.15.157:0/0)
2023-03-22T19:24:35.584 INFO:teuthology.orchestra.run.smithi157.stdout:/usr/bin/ceph: stderr
2023-03-22T19:24:34.206+0000 7fa9e2ffd700 1 -- 172.21.15.157:0/3567310982 --> [v2:172.21.15.157:3300/0,v1:172.21.15.157:6789/0] -- mon_subscribe({config=0+,monmap=0+}) v3 -- 0x7fa9d400b7f0 con 0x7fa9e4104890
2023-03-22T19:24:35.584 INFO:teuthology.orchestra.run.smithi157.stdout:/usr/bin/ceph: stderr
2023-03-22T19:24:34.206+0000 7fa9e2ffd700 1 --2- 172.21.15.157:0/3567310982 >> [v2:172.21.15.157:3300/0,v1:172.21.15.157:6789/0] conn(0x7fa9e4104890 0x7fa9e4197460 secure :-1 s=READY pgs=56 cs=0 l=1 rev1=1 crypto rx=0x7fa9d40046e0 tx=0x7fa9d4004020 comp rx=0 tx=0).ready entity=mon.0 client_cookie=0 server_cookie=0 in_seq=0 out_seq=0
2023-03-22T19:24:35.585 INFO:teuthology.orchestra.run.smithi157.stdout:/usr/bin/ceph: stderr
2023-03-22T19:24:34.206+0000 7fa9cbfff700 1 -- 172.21.15.157:0/3567310982 <== mon.0 v2:172.21.15.157:3300/0 1 ==== mon_map magic: 0 v1 ==== 205+0+0 (secure 0 0 0) 0x7fa9d401e070 con 0x7fa9e4104890
2023-03-22T19:24:35.585 INFO:teuthology.orchestra.run.smithi157.stdout:/usr/bin/ceph: stderr
2023-03-22T19:24:34.206+0000 7fa9cbfff700 1 -- 172.21.15.157:0/3567310982 <== mon.0 v2:172.21.15.157:3300/0 2 ==== config(26 keys) v1 ==== 1105+0+0 (secure 0 0 0) 0x7fa9d4010c20 con 0x7fa9e4104890
2023-03-22T19:24:35.585 INFO:teuthology.orchestra.run.smithi157.stdout:/usr/bin/ceph: stderr
2023-03-22T19:24:34.206+0000 7fa9e93f9700 1 -- 172.21.15.157:0/3567310982 --> [v2:172.21.15.157:3300/0,v1:172.21.15.157:6789/0] -- mon_subscribe({mgrmap=0+}) v3 -- 0x7fa9e4106920 con 0x7fa9e4104890
2023-03-22T19:24:35.585 INFO:teuthology.orchestra.run.smithi157.stdout:/usr/bin/ceph: stderr
2023-03-22T19:24:34.206+0000 7fa9cbfff700 1 -- 172.21.15.157:0/3567310982 <== mon.0 v2:172.21.15.157:3300/0 3 ==== mon_map magic: 0 v1 ==== 205+0+0 (secure 0 0 0) 0x7fa9d4022b60 con 0x7fa9e4104890
2023-03-22T19:24:35.585 INFO:teuthology.orchestra.run.smithi157.stdout:/usr/bin/ceph: stderr
2023-03-22T19:24:34.206+0000 7fa9e93f9700 1 -- 172.21.15.157:0/3567310982 --> [v2:172.21.15.157:3300/0,v1:172.21.15.157:6789/0] -- mon_subscribe({osdmap=0}) v3 -- 0x7fa9e4106790 con 0x7fa9e4104890
2023-03-22T19:24:35.585 INFO:teuthology.orchestra.run.smithi157.stdout:/usr/bin/ceph: stderr
2023-03-22T19:24:34.207+0000 7fa9cbfff700 1 -- 172.21.15.157:0/3567310982 <== mon.0 v2:172.21.15.157:3300/0 4 ==== mgrmap(e 8) v1 ==== 44769+0+0 (secure 0 0 0) 0x7fa9d402c440 con 0x7fa9e4104890
2023-03-22T19:24:35.585 INFO:teuthology.orchestra.run.smithi157.stdout:/usr/bin/ceph: stderr
2023-03-22T19:24:34.208+0000 7fa9cbfff700 1 --2- 172.21.15.157:0/3567310982 >> [v2:172.21.15.157:6800/2704211606,v1:172.21.15.157:6801/2704211606] conn(0x7fa9cc038050 0x7fa9cc03a500 unknown :-1 s=NONE pgs=0 cs=0 l=1 rev1=0 crypto rx=0 tx=0 comp rx=0 tx=0).connect
2023-03-22T19:24:35.585 INFO:teuthology.orchestra.run.smithi157.stdout:/usr/bin/ceph: stderr
2023-03-22T19:24:34.208+0000 7fa9cbfff700 1 -- 172.21.15.157:0/3567310982 <== mon.0 v2:172.21.15.157:3300/0 5 ==== osd_map(2..2 src has 1..2) v4 ==== 940+0+0 (secure 0 0 0) 0x7fa9d404e810 con 0x7fa9e4104890
2023-03-22T19:24:35.586 INFO:teuthology.orchestra.run.smithi157.stdout:/usr/bin/ceph: stderr
2023-03-22T19:24:34.208+0000 7fa9e93f9700 1 -- 172.21.15.157:0/3567310982 --> [v2:172.21.15.157:3300/0,v1:172.21.15.157:6789/0] -- mon_command({"prefix": "get_command_descriptions"} v 0) v1 -- 0x7fa9e4078fc0 con 0x7fa9e4104890
2023-03-22T19:24:35.586 INFO:teuthology.orchestra.run.smithi157.stdout:/usr/bin/ceph: stderr
2023-03-22T19:24:34.208+0000 7fa9e27fc700 1 --2- 172.21.15.157:0/3567310982 >> [v2:172.21.15.157:6800/2704211606,v1:172.21.15.157:6801/2704211606] conn(0x7fa9cc038050 0x7fa9cc03a500 unknown :-1 s=BANNER_CONNECTING pgs=0 cs=0 l=1 rev1=0 crypto rx=0 tx=0 comp rx=0 tx=0)._handle_peer_banner_payload supported=3 required=0
2023-03-22T19:24:35.586 INFO:teuthology.orchestra.run.smithi157.stdout:/usr/bin/ceph: stderr
2023-03-22T19:24:34.208+0000 7fa9e27fc700 1 --2- 172.21.15.157:0/3567310982 >> [v2:172.21.15.157:6800/2704211606,v1:172.21.15.157:6801/2704211606] conn(0x7fa9cc038050 0x7fa9cc03a500 secure :-1 s=READY pgs=16 cs=0 l=1 rev1=1 crypto rx=0x7fa9d8006fd0 tx=0x7fa9d8006e40 comp rx=0 tx=0).ready entity=mgr.14120 client_cookie=0 server_cookie=0 in_seq=0 out_seq=0
2023-03-22T19:24:35.586 INFO:teuthology.orchestra.run.smithi157.stdout:/usr/bin/ceph: stderr
2023-03-22T19:24:34.212+0000 7fa9cbfff700 1 -- 172.21.15.157:0/3567310982 <== mon.0 v2:172.21.15.157:3300/0 6 ==== mon_command_ack([{"prefix": "get_command_descriptions"}]=0 v0) v1 ==== 72+0+177574 (secure 0 0 0) 0x7fa9d4027030 con 0x7fa9e4104890
2023-03-22T19:24:35.586 INFO:teuthology.orchestra.run.smithi157.stdout:/usr/bin/ceph: stderr
2023-03-22T19:24:34.462+0000 7fa9e93f9700 1 -- 172.21.15.157:0/3567310982 --> [v2:172.21.15.157:3300/0,v1:172.21.15.157:6789/0] -- mon_command({"prefix": "mgr module enable", "module": "dashboard"} v 0) v1 -- 0x7fa9e41911c0 con 0x7fa9e4104890
2023-03-22T19:24:35.586 INFO:teuthology.orchestra.run.smithi157.stdout:/usr/bin/ceph: stderr
2023-03-22T19:24:35.118+0000 7fa9cbfff700 1 -- 172.21.15.157:0/3567310982 <== mon.0 v2:172.21.15.157:3300/0 7 ==== mgrmap(e 9) v1 ==== 44782+0+0 (secure 0 0 0) 0x7fa9d4022410 con 0x7fa9e4104890
2023-03-22T19:24:35.586 INFO:teuthology.orchestra.run.smithi157.stdout:/usr/bin/ceph: stderr
2023-03-22T19:24:35.119+0000 7fa9cbfff700 1 -- 172.21.15.157:0/3567310982 <== mon.0 v2:172.21.15.157:3300/0 8 ==== mon_command_ack([{"prefix": "mgr module enable", "module": "dashboard"}]=0 v9) v1 ==== 88+0+0 (secure 0 0 0) 0x7fa9d4010e00 con 0x7fa9e4104890
2023-03-22T19:24:35.587 INFO:teuthology.orchestra.run.smithi157.stdout:/usr/bin/ceph: stderr
2023-03-22T19:24:35.121+0000 7fa9e93f9700 1 -- 172.21.15.157:0/3567310982 >> [v2:172.21.15.157:6800/2704211606,v1:172.21.15.157:6801/2704211606] conn(0x7fa9cc038050 msgr2=0x7fa9cc03a500 secure :-1 s=STATE_CONNECTION_ESTABLISHED l=1).mark_down
2023-03-22T19:24:35.587 INFO:teuthology.orchestra.run.smithi157.stdout:/usr/bin/ceph: stderr
2023-03-22T19:24:35.121+0000 7fa9e93f9700 1 --2- 172.21.15.157:0/3567310982 >> [v2:172.21.15.157:6800/2704211606,v1:172.21.15.157:6801/2704211606] conn(0x7fa9cc038050 0x7fa9cc03a500 secure :-1 s=READY pgs=16 cs=0 l=1 rev1=1 crypto rx=0x7fa9d8006fd0 tx=0x7fa9d8006e40 comp rx=0 tx=0).stop
2023-03-22T19:24:35.587 INFO:teuthology.orchestra.run.smithi157.stdout:/usr/bin/ceph: stderr
2023-03-22T19:24:35.121+0000 7fa9e93f9700 1 -- 172.21.15.157:0/3567310982 >> [v2:172.21.15.157:3300/0,v1:172.21.15.157:6789/0] conn(0x7fa9e4104890 msgr2=0x7fa9e4197460 secure :-1 s=STATE_CONNECTION_ESTABLISHED l=1).mark_down
2023-03-22T19:24:35.587 INFO:teuthology.orchestra.run.smithi157.stdout:/usr/bin/ceph: stderr
2023-03-22T19:24:35.121+0000 7fa9e93f9700 1 --2- 172.21.15.157:0/3567310982 >> [v2:172.21.15.157:3300/0,v1:172.21.15.157:6789/0] conn(0x7fa9e4104890 0x7fa9e4197460 secure :-1 s=READY pgs=56 cs=0 l=1 rev1=1 crypto rx=0x7fa9d40046e0 tx=0x7fa9d4004020 comp rx=0 tx=0).stop
2023-03-22T19:24:35.587 INFO:teuthology.orchestra.run.smithi157.stdout:/usr/bin/ceph: stderr
2023-03-22T19:24:35.121+0000 7fa9e93f9700 1 -- 172.21.15.157:0/3567310982 shutdown_connections
2023-03-22T19:24:35.587 INFO:teuthology.orchestra.run.smithi157.stdout:/usr/bin/ceph: stderr
2023-03-22T19:24:35.121+0000 7fa9e93f9700 1 --2- 172.21.15.157:0/3567310982 >> [v2:172.21.15.157:6800/2704211606,v1:172.21.15.157:6801/2704211606] conn(0x7fa9cc038050 0x7fa9cc03a500 unknown :-1 s=CLOSED pgs=16 cs=0 l=1 rev1=1 crypto rx=0 tx=0 comp rx=0 tx=0).stop
2023-03-22T19:24:35.587 INFO:teuthology.orchestra.run.smithi157.stdout:/usr/bin/ceph: stderr
2023-03-22T19:24:35.121+0000 7fa9e93f9700 1 --2- 172.21.15.157:0/3567310982 >> [v2:172.21.15.157:3300/0,v1:172.21.15.157:6789/0] conn(0x7fa9e4104890 0x7fa9e4197460 unknown :-1 s=CLOSED pgs=56 cs=0 l=1 rev1=1 crypto rx=0 tx=0 comp rx=0 tx=0).stop
2023-03-22T19:24:35.588 INFO:teuthology.orchestra.run.smithi157.stdout:/usr/bin/ceph: stderr
2023-03-22T19:24:35.121+0000 7fa9e93f9700 1 -- 172.21.15.157:0/3567310982 >> 172.21.15.157:0/3567310982 conn(0x7fa9e40ffee0 msgr2=0x7fa9e418e300 unknown :-1 s=STATE_NONE l=0).mark_down
2023-03-22T19:24:35.588 INFO:teuthology.orchestra.run.smithi157.stdout:/usr/bin/ceph: stderr
2023-03-22T19:24:35.122+0000 7fa9e93f9700 1 -- 172.21.15.157:0/3567310982 shutdown_connections
2023-03-22T19:24:35.588 INFO:teuthology.orchestra.run.smithi157.stdout:/usr/bin/ceph: stderr
2023-03-22T19:24:35.122+0000 7fa9e93f9700 1 -- 172.21.15.157:0/3567310982 wait complete.
2023-03-22T19:24:35.849 INFO:journalctl@ceph.mgr.x.smithi157.stdout:Mar 22 19:24:35 smithi157 ceph-ec44e892-c8e6-11ed-9afe-001a4aab830c-mgr-x[93271]:
2023-03-22T19:24:35.570+0000 7f591f2aa200 -1 mgr[py] Module zabbix has missing NOTIFY_TYPES member
2023-03-22T19:24:35.850 INFO:journalctl@ceph.mgr.x.smithi157.stdout:Mar 22 19:24:35 smithi157 ceph-ec44e892-c8e6-11ed-9afe-001a4aab830c-mgr-x[93271]:
2023-03-22T19:24:35.751+0000 7f591f2aa200 -1 mgr[py] Module crash has missing NOTIFY_TYPES member
2023-03-22T19:24:36.119 INFO:journalctl@ceph.mgr.x.smithi157.stdout:Mar 22 19:24:36 smithi157 ceph-ec44e892-c8e6-11ed-9afe-001a4aab830c-mgr-x[93271]:
2023-03-22T19:24:36.077+0000 7f591f2aa200 -1 mgr[py] Module prometheus has missing NOTIFY_TYPES member
2023-03-22T19:24:36.394 INFO:journalctl@ceph.mon.a.smithi157.stdout:Mar 22 19:24:36 smithi157 ceph-mon[93025]: from='client.? 172.21.15.157:0/3567310982' entity='client.admin' cmd='[{"prefix": "mgr module enable", "module": "dashboard"}]': finished
2023-03-22T19:24:36.394 INFO:journalctl@ceph.mon.a.smithi157.stdout:Mar 22 19:24:36 smithi157 ceph-mon[93025]: mgrmap e9: x(active, since 15s)
2023-03-22T19:24:36.395 INFO:journalctl@ceph.mgr.x.smithi157.stdout:Mar 22 19:24:36 smithi157 ceph-ec44e892-c8e6-11ed-9afe-001a4aab830c-mgr-x[93271]:
2023-03-22T19:24:36.171+0000 7f591f2aa200 -1 mgr[py] Module status has missing NOTIFY_TYPES member
2023-03-22T19:24:36.395 INFO:journalctl@ceph.mgr.x.smithi157.stdout:Mar 22 19:24:36 smithi157 ceph-ec44e892-c8e6-11ed-9afe-001a4aab830c-mgr-x[93271]:
2023-03-22T19:24:36.305+0000 7f591f2aa200 -1 mgr[py] Module selftest has missing NOTIFY_TYPES member
2023-03-22T19:24:36.672 INFO:journalctl@ceph.mgr.x.smithi157.stdout:Mar 22 19:24:36 smithi157 ceph-ec44e892-c8e6-11ed-9afe-001a4aab830c-mgr-x[93271]:
2023-03-22T19:24:36.402+0000 7f591f2aa200 -1 mgr[py] Module alerts has missing NOTIFY_TYPES member
2023-03-22T19:24:36.728 INFO:teuthology.orchestra.run.smithi157.stdout:/usr/bin/ceph: stdout {
2023-03-22T19:24:36.729 INFO:teuthology.orchestra.run.smithi157.stdout:/usr/bin/ceph: stdout "epoch": 9,
2023-03-22T19:24:36.729 INFO:teuthology.orchestra.run.smithi157.stdout:/usr/bin/ceph: stdout "available": true,
2023-03-22T19:24:36.729 INFO:teuthology.orchestra.run.smithi157.stdout:/usr/bin/ceph: stdout "active_name": "x",
2023-03-22T19:24:36.729 INFO:teuthology.orchestra.run.smithi157.stdout:/usr/bin/ceph: stdout "num_standby": 0
2023-03-22T19:24:36.729 INFO:teuthology.orchestra.run.smithi157.stdout:/usr/bin/ceph: stdout }
2023-03-22T19:24:36.729 INFO:teuthology.orchestra.run.smithi157.stdout:/usr/bin/ceph: stderr
2023-03-22T19:24:36.098+0000 7fa593938700 1 Processor -- start
2023-03-22T19:24:36.729 INFO:teuthology.orchestra.run.smithi157.stdout:/usr/bin/ceph: stderr
2023-03-22T19:24:36.098+0000 7fa593938700 1 -- start start
2023-03-22T19:24:36.730 INFO:teuthology.orchestra.run.smithi157.stdout:/usr/bin/ceph: stderr
2023-03-22T19:24:36.098+0000 7fa593938700 1 --2- >> [v2:172.21.15.157:3300/0,v1:172.21.15.157:6789/0] conn(0x7fa58c1064e0 0x7fa58c1088c0 unknown :-1 s=NONE pgs=0 cs=0 l=0 rev1=0 crypto rx=0 tx=0 comp rx=0 tx=0).connect
2023-03-22T19:24:36.730 INFO:teuthology.orchestra.run.smithi157.stdout:/usr/bin/ceph: stderr
2023-03-22T19:24:36.098+0000 7fa593938700 1 -- --> [v2:172.21.15.157:3300/0,v1:172.21.15.157:6789/0] -- mon_getmap magic: 0 v1 -- 0x7fa58c079d30 con 0x7fa58c1064e0
2023-03-22T19:24:36.730 INFO:teuthology.orchestra.run.smithi157.stdout:/usr/bin/ceph: stderr
2023-03-22T19:24:36.098+0000 7fa5916d4700 1 --2- >> [v2:172.21.15.157:3300/0,v1:172.21.15.157:6789/0] conn(0x7fa58c1064e0 0x7fa58c1088c0 unknown :-1 s=BANNER_CONNECTING pgs=0 cs=0 l=0 rev1=0 crypto rx=0 tx=0 comp rx=0 tx=0)._handle_peer_banner_payload supported=3 required=0
2023-03-22T19:24:36.730 INFO:teuthology.orchestra.run.smithi157.stdout:/usr/bin/ceph: stderr
2023-03-22T19:24:36.098+0000 7fa5916d4700 1 --2- >> [v2:172.21.15.157:3300/0,v1:172.21.15.157:6789/0] conn(0x7fa58c1064e0 0x7fa58c1088c0 unknown :-1 s=HELLO_CONNECTING pgs=0 cs=0 l=0 rev1=1 crypto rx=0 tx=0 comp rx=0 tx=0).handle_hello peer v2:172.21.15.157:3300/0 says I am v2:172.21.15.157:54826/0 (socket says 172.21.15.157:54826)
2023-03-22T19:24:36.730 INFO:teuthology.orchestra.run.smithi157.stdout:/usr/bin/ceph: stderr
2023-03-22T19:24:36.098+0000 7fa5916d4700 1 -- 172.21.15.157:0/1350864540 learned_addr learned my addr 172.21.15.157:0/1350864540 (peer_addr_for_me v2:172.21.15.157:0/0)
2023-03-22T19:24:36.730 INFO:teuthology.orchestra.run.smithi157.stdout:/usr/bin/ceph: stderr
2023-03-22T19:24:36.099+0000 7fa5916d4700 1 -- 172.21.15.157:0/1350864540 --> [v2:172.21.15.157:3300/0,v1:172.21.15.157:6789/0] -- mon_subscribe({config=0+,monmap=0+}) v3 -- 0x7fa58c079e70 con 0x7fa58c1064e0
2023-03-22T19:24:36.730 INFO:teuthology.orchestra.run.smithi157.stdout:/usr/bin/ceph: stderr
2023-03-22T19:24:36.099+0000 7fa5916d4700 1 --2- 172.21.15.157:0/1350864540 >> [v2:172.21.15.157:3300/0,v1:172.21.15.157:6789/0] conn(0x7fa58c1064e0 0x7fa58c1088c0 secure :-1 s=READY pgs=59 cs=0 l=1 rev1=1 crypto rx=0x7fa5880098a0 tx=0x7fa588009bb0 comp rx=0 tx=0).ready entity=mon.0 client_cookie=8ebaacd8c86b5fad server_cookie=0 in_seq=0 out_seq=0
2023-03-22T19:24:36.731 INFO:teuthology.orchestra.run.smithi157.stdout:/usr/bin/ceph: stderr
2023-03-22T19:24:36.099+0000 7fa583fff700 1 -- 172.21.15.157:0/1350864540 <== mon.0 v2:172.21.15.157:3300/0 1 ==== mon_map magic: 0 v1 ==== 205+0+0 (secure 0 0 0) 0x7fa588004160 con 0x7fa58c1064e0
2023-03-22T19:24:36.731 INFO:teuthology.orchestra.run.smithi157.stdout:/usr/bin/ceph: stderr
2023-03-22T19:24:36.099+0000 7fa583fff700 1 -- 172.21.15.157:0/1350864540 <== mon.0 v2:172.21.15.157:3300/0 2 ==== config(26 keys) v1 ==== 1105+0+0 (secure 0 0 0) 0x7fa5880042c0 con 0x7fa58c1064e0
2023-03-22T19:24:36.731 INFO:teuthology.orchestra.run.smithi157.stdout:/usr/bin/ceph: stderr
2023-03-22T19:24:36.099+0000 7fa583fff700 1 -- 172.21.15.157:0/1350864540 <== mon.0 v2:172.21.15.157:3300/0 3 ==== mon_map magic: 0 v1 ==== 205+0+0 (secure 0 0 0) 0x7fa5880119b0 con 0x7fa58c1064e0
2023-03-22T19:24:36.731 INFO:teuthology.orchestra.run.smithi157.stdout:/usr/bin/ceph: stderr
2023-03-22T19:24:36.100+0000 7fa593938700 1 -- 172.21.15.157:0/1350864540 >> [v2:172.21.15.157:3300/0,v1:172.21.15.157:6789/0] conn(0x7fa58c1064e0 msgr2=0x7fa58c1088c0 secure :-1 s=STATE_CONNECTION_ESTABLISHED l=1).mark_down
2023-03-22T19:24:36.731 INFO:teuthology.orchestra.run.smithi157.stdout:/usr/bin/ceph: stderr
2023-03-22T19:24:36.100+0000 7fa593938700 1 --2- 172.21.15.157:0/1350864540 >> [v2:172.21.15.157:3300/0,v1:172.21.15.157:6789/0] conn(0x7fa58c1064e0 0x7fa58c1088c0 secure :-1 s=READY pgs=59 cs=0 l=1 rev1=1 crypto rx=0x7fa5880098a0 tx=0x7fa588009bb0 comp rx=0 tx=0).stop
2023-03-22T19:24:36.731 INFO:teuthology.orchestra.run.smithi157.stdout:/usr/bin/ceph: stderr
2023-03-22T19:24:36.100+0000 7fa593938700 1 -- 172.21.15.157:0/1350864540 shutdown_connections
2023-03-22T19:24:36.731 INFO:teuthology.orchestra.run.smithi157.stdout:/usr/bin/ceph: stderr
2023-03-22T19:24:36.100+0000 7fa593938700 1 --2- 172.21.15.157:0/1350864540 >> [v2:172.21.15.157:3300/0,v1:172.21.15.157:6789/0] conn(0x7fa58c1064e0 0x7fa58c1088c0 unknown :-1 s=CLOSED pgs=59 cs=0 l=1 rev1=1 crypto rx=0 tx=0 comp rx=0 tx=0).stop
2023-03-22T19:24:36.732 INFO:teuthology.orchestra.run.smithi157.stdout:/usr/bin/ceph: stderr
2023-03-22T19:24:36.100+0000 7fa593938700 1 -- 172.21.15.157:0/1350864540 >> 172.21.15.157:0/1350864540 conn(0x7fa58c0ffee0 msgr2=0x7fa58c102310 unknown :-1 s=STATE_NONE l=0).mark_down
2023-03-22T19:24:36.732 INFO:teuthology.orchestra.run.smithi157.stdout:/usr/bin/ceph: stderr
2023-03-22T19:24:36.100+0000 7fa593938700 1 -- 172.21.15.157:0/1350864540 shutdown_connections
2023-03-22T19:24:36.732 INFO:teuthology.orchestra.run.smithi157.stdout:/usr/bin/ceph: stderr
2023-03-22T19:24:36.100+0000 7fa593938700 1 -- 172.21.15.157:0/1350864540 wait complete.
2023-03-22T19:24:36.732 INFO:teuthology.orchestra.run.smithi157.stdout:/usr/bin/ceph: stderr
2023-03-22T19:24:36.100+0000 7fa593938700 1 Processor -- start
2023-03-22T19:24:36.732 INFO:teuthology.orchestra.run.smithi157.stdout:/usr/bin/ceph: stderr
2023-03-22T19:24:36.100+0000 7fa593938700 1 -- start start
2023-03-22T19:24:36.732 INFO:teuthology.orchestra.run.smithi157.stdout:/usr/bin/ceph: stderr
2023-03-22T19:24:36.101+0000 7fa593938700 1 --2- >> [v2:172.21.15.157:3300/0,v1:172.21.15.157:6789/0] conn(0x7fa58c1064e0 0x7fa58c199610 unknown :-1 s=NONE pgs=0 cs=0 l=1 rev1=0 crypto rx=0 tx=0 comp rx=0 tx=0).connect
2023-03-22T19:24:36.732 INFO:teuthology.orchestra.run.smithi157.stdout:/usr/bin/ceph: stderr
2023-03-22T19:24:36.101+0000 7fa593938700 1 -- --> [v2:172.21.15.157:3300/0,v1:172.21.15.157:6789/0] -- mon_getmap magic: 0 v1 -- 0x7fa58c199b50 con 0x7fa58c1064e0
2023-03-22T19:24:36.732 INFO:teuthology.orchestra.run.smithi157.stdout:/usr/bin/ceph: stderr
2023-03-22T19:24:36.101+0000 7fa5916d4700 1 --2- >> [v2:172.21.15.157:3300/0,v1:172.21.15.157:6789/0] conn(0x7fa58c1064e0 0x7fa58c199610 unknown :-1 s=BANNER_CONNECTING pgs=0 cs=0 l=1 rev1=0 crypto rx=0 tx=0 comp rx=0 tx=0)._handle_peer_banner_payload supported=3 required=0
2023-03-22T19:24:36.733 INFO:teuthology.orchestra.run.smithi157.stdout:/usr/bin/ceph: stderr
2023-03-22T19:24:36.101+0000 7fa5916d4700 1 --2- >> [v2:172.21.15.157:3300/0,v1:172.21.15.157:6789/0] conn(0x7fa58c1064e0 0x7fa58c199610 unknown :-1 s=HELLO_CONNECTING pgs=0 cs=0 l=1 rev1=1 crypto rx=0 tx=0 comp rx=0 tx=0).handle_hello peer v2:172.21.15.157:3300/0 says I am v2:172.21.15.157:54828/0 (socket says 172.21.15.157:54828)
2023-03-22T19:24:36.733 INFO:teuthology.orchestra.run.smithi157.stdout:/usr/bin/ceph: stderr
2023-03-22T19:24:36.101+0000 7fa5916d4700 1 -- 172.21.15.157:0/219799688 learned_addr learned my addr 172.21.15.157:0/219799688 (peer_addr_for_me v2:172.21.15.157:0/0)
2023-03-22T19:24:36.733 INFO:teuthology.orchestra.run.smithi157.stdout:/usr/bin/ceph: stderr
2023-03-22T19:24:36.101+0000 7fa5916d4700 1 -- 172.21.15.157:0/219799688 --> [v2:172.21.15.157:3300/0,v1:172.21.15.157:6789/0] -- mon_subscribe({config=0+,monmap=0+}) v3 -- 0x7fa588009550 con 0x7fa58c1064e0
2023-03-22T19:24:36.733 INFO:teuthology.orchestra.run.smithi157.stdout:/usr/bin/ceph: stderr
2023-03-22T19:24:36.101+0000 7fa5916d4700 1 --2- 172.21.15.157:0/219799688 >> [v2:172.21.15.157:3300/0,v1:172.21.15.157:6789/0] conn(0x7fa58c1064e0 0x7fa58c199610 secure :-1 s=READY pgs=60 cs=0 l=1 rev1=1 crypto rx=0x7fa588003e60 tx=0x7fa588011aa0 comp rx=0 tx=0).ready entity=mon.0 client_cookie=0 server_cookie=0 in_seq=0 out_seq=0
2023-03-22T19:24:36.733 INFO:teuthology.orchestra.run.smithi157.stdout:/usr/bin/ceph: stderr
2023-03-22T19:24:36.101+0000 7fa5827fc700 1 -- 172.21.15.157:0/219799688 <== mon.0 v2:172.21.15.157:3300/0 1 ==== mon_map magic: 0 v1 ==== 205+0+0 (secure 0 0 0) 0x7fa588003970 con 0x7fa58c1064e0
2023-03-22T19:24:36.733 INFO:teuthology.orchestra.run.smithi157.stdout:/usr/bin/ceph: stderr
2023-03-22T19:24:36.101+0000 7fa5827fc700 1 -- 172.21.15.157:0/219799688 <== mon.0 v2:172.21.15.157:3300/0 2 ==== config(26 keys) v1 ==== 1105+0+0 (secure 0 0 0) 0x7fa588003ad0 con 0x7fa58c1064e0
2023-03-22T19:24:36.733 INFO:teuthology.orchestra.run.smithi157.stdout:/usr/bin/ceph: stderr
2023-03-22T19:24:36.101+0000 7fa593938700 1 -- 172.21.15.157:0/219799688 --> [v2:172.21.15.157:3300/0,v1:172.21.15.157:6789/0] -- mon_subscribe({mgrmap=0+}) v3 -- 0x7fa58c109be0 con 0x7fa58c1064e0
2023-03-22T19:24:36.734 INFO:teuthology.orchestra.run.smithi157.stdout:/usr/bin/ceph: stderr
2023-03-22T19:24:36.101+0000 7fa5827fc700 1 -- 172.21.15.157:0/219799688 <== mon.0 v2:172.21.15.157:3300/0 3 ==== mon_map magic: 0 v1 ==== 205+0+0 (secure 0 0 0) 0x7fa588019590 con 0x7fa58c1064e0
2023-03-22T19:24:36.734 INFO:teuthology.orchestra.run.smithi157.stdout:/usr/bin/ceph: stderr
2023-03-22T19:24:36.101+0000 7fa593938700 1 -- 172.21.15.157:0/219799688 --> [v2:172.21.15.157:3300/0,v1:172.21.15.157:6789/0] -- mon_subscribe({osdmap=0}) v3 -- 0x7fa58c109a50 con 0x7fa58c1064e0
2023-03-22T19:24:36.734 INFO:teuthology.orchestra.run.smithi157.stdout:/usr/bin/ceph: stderr
2023-03-22T19:24:36.102+0000 7fa5827fc700 1 -- 172.21.15.157:0/219799688 <== mon.0 v2:172.21.15.157:3300/0 4 ==== mgrmap(e 9) v1 ==== 44782+0+0 (secure 0 0 0) 0x7fa588019850 con 0x7fa58c1064e0
2023-03-22T19:24:36.734 INFO:teuthology.orchestra.run.smithi157.stdout:/usr/bin/ceph: stderr
2023-03-22T19:24:36.102+0000 7fa5827fc700 1 --2- 172.21.15.157:0/219799688 >> [v2:172.21.15.157:6800/2704211606,v1:172.21.15.157:6801/2704211606] conn(0x7fa578038030 0x7fa57803a4e0 unknown :-1 s=NONE pgs=0 cs=0 l=1 rev1=0 crypto rx=0 tx=0 comp rx=0 tx=0).connect
2023-03-22T19:24:36.734 INFO:teuthology.orchestra.run.smithi157.stdout:/usr/bin/ceph: stderr
2023-03-22T19:24:36.102+0000 7fa5827fc700 1 -- 172.21.15.157:0/219799688 <== mon.0 v2:172.21.15.157:3300/0 5 ==== osd_map(2..2 src has 1..2) v4 ==== 940+0+0 (secure 0 0 0) 0x7fa58804bff0 con 0x7fa58c1064e0
2023-03-22T19:24:36.734 INFO:teuthology.orchestra.run.smithi157.stdout:/usr/bin/ceph: stderr
2023-03-22T19:24:36.102+0000 7fa590ed3700 1 -- 172.21.15.157:0/219799688 >> [v2:172.21.15.157:6800/2704211606,v1:172.21.15.157:6801/2704211606] conn(0x7fa578038030 msgr2=0x7fa57803a4e0 unknown :-1 s=STATE_CONNECTING_RE l=1).process reconnect failed to v2:172.21.15.157:6800/2704211606
2023-03-22T19:24:36.734 INFO:teuthology.orchestra.run.smithi157.stdout:/usr/bin/ceph: stderr
2023-03-22T19:24:36.102+0000 7fa593938700 1 -- 172.21.15.157:0/219799688 --> [v2:172.21.15.157:3300/0,v1:172.21.15.157:6789/0] -- mon_command({"prefix": "get_command_descriptions"} v 0) v1 -- 0x7fa58c109d70 con 0x7fa58c1064e0
2023-03-22T19:24:36.734 INFO:teuthology.orchestra.run.smithi157.stdout:/usr/bin/ceph: stderr
2023-03-22T19:24:36.102+0000 7fa590ed3700 1 --2- 172.21.15.157:0/219799688 >> [v2:172.21.15.157:6800/2704211606,v1:172.21.15.157:6801/2704211606] conn(0x7fa578038030 0x7fa57803a4e0 unknown :-1 s=START_CONNECT pgs=0 cs=0 l=1 rev1=0 crypto rx=0 tx=0 comp rx=0 tx=0)._fault waiting 0.200000
2023-03-22T19:24:36.735 INFO:teuthology.orchestra.run.smithi157.stdout:/usr/bin/ceph: stderr
2023-03-22T19:24:36.107+0000 7fa5827fc700 1 -- 172.21.15.157:0/219799688 <== mon.0 v2:172.21.15.157:3300/0 6 ==== mon_command_ack([{"prefix": "get_command_descriptions"}]=0 v0) v1 ==== 72+0+177574 (secure 0 0 0) 0x7fa588019ba0 con 0x7fa58c1064e0
2023-03-22T19:24:36.735 INFO:teuthology.orchestra.run.smithi157.stdout:/usr/bin/ceph: stderr
2023-03-22T19:24:36.303+0000 7fa590ed3700 1 -- 172.21.15.157:0/219799688 >> [v2:172.21.15.157:6800/2704211606,v1:172.21.15.157:6801/2704211606] conn(0x7fa578038030 msgr2=0x7fa57803a4e0 unknown :-1 s=STATE_CONNECTING_RE l=1).process reconnect failed to v2:172.21.15.157:6800/2704211606
2023-03-22T19:24:36.735 INFO:teuthology.orchestra.run.smithi157.stdout:/usr/bin/ceph: stderr
2023-03-22T19:24:36.303+0000 7fa590ed3700 1 --2- 172.21.15.157:0/219799688 >> [v2:172.21.15.157:6800/2704211606,v1:172.21.15.157:6801/2704211606] conn(0x7fa578038030 0x7fa57803a4e0 unknown :-1 s=START_CONNECT pgs=0 cs=0 l=1 rev1=0 crypto rx=0 tx=0 comp rx=0 tx=0)._fault waiting 0.400000
2023-03-22T19:24:36.735 INFO:teuthology.orchestra.run.smithi157.stdout:/usr/bin/ceph: stderr
2023-03-22T19:24:36.360+0000 7fa593938700 1 -- 172.21.15.157:0/219799688 --> [v2:172.21.15.157:3300/0,v1:172.21.15.157:6789/0] -- mon_command({"prefix": "mgr stat"} v 0) v1 -- 0x7fa58c0620b0 con 0x7fa58c1064e0
2023-03-22T19:24:36.735 INFO:teuthology.orchestra.run.smithi157.stdout:/usr/bin/ceph: stderr
2023-03-22T19:24:36.361+0000 7fa5827fc700 1 -- 172.21.15.157:0/219799688 <== mon.0 v2:172.21.15.157:3300/0 7 ==== mon_command_ack([{"prefix": "mgr stat"}]=0 v9) v1 ==== 56+0+88 (secure 0 0 0) 0x7fa588018350 con 0x7fa58c1064e0
2023-03-22T19:24:36.735 INFO:teuthology.orchestra.run.smithi157.stdout:/usr/bin/ceph: stderr
2023-03-22T19:24:36.363+0000 7fa593938700 1 -- 172.21.15.157:0/219799688 >> [v2:172.21.15.157:6800/2704211606,v1:172.21.15.157:6801/2704211606] conn(0x7fa578038030 msgr2=0x7fa57803a4e0 unknown :-1 s=STATE_CONNECTING l=1).mark_down
2023-03-22T19:24:36.735 INFO:teuthology.orchestra.run.smithi157.stdout:/usr/bin/ceph: stderr
2023-03-22T19:24:36.363+0000 7fa593938700 1 --2- 172.21.15.157:0/219799688 >> [v2:172.21.15.157:6800/2704211606,v1:172.21.15.157:6801/2704211606] conn(0x7fa578038030 0x7fa57803a4e0 unknown :-1 s=START_CONNECT pgs=0 cs=0 l=1 rev1=0 crypto rx=0 tx=0 comp rx=0 tx=0).stop
2023-03-22T19:24:36.736 INFO:teuthology.orchestra.run.smithi157.stdout:/usr/bin/ceph: stderr
2023-03-22T19:24:36.363+0000 7fa593938700 1 -- 172.21.15.157:0/219799688 >> [v2:172.21.15.157:3300/0,v1:172.21.15.157:6789/0] conn(0x7fa58c1064e0 msgr2=0x7fa58c199610 secure :-1 s=STATE_CONNECTION_ESTABLISHED l=1).mark_down
2023-03-22T19:24:36.736 INFO:teuthology.orchestra.run.smithi157.stdout:/usr/bin/ceph: stderr
2023-03-22T19:24:36.363+0000 7fa593938700 1 --2- 172.21.15.157:0/219799688 >> [v2:172.21.15.157:3300/0,v1:172.21.15.157:6789/0] conn(0x7fa58c1064e0 0x7fa58c199610 secure :-1 s=READY pgs=60 cs=0 l=1 rev1=1 crypto rx=0x7fa588003e60 tx=0x7fa588011aa0 comp rx=0 tx=0).stop
2023-03-22T19:24:36.736 INFO:teuthology.orchestra.run.smithi157.stdout:/usr/bin/ceph: stderr
2023-03-22T19:24:36.363+0000 7fa593938700 1 -- 172.21.15.157:0/219799688 shutdown_connections
2023-03-22T19:24:36.736 INFO:teuthology.orchestra.run.smithi157.stdout:/usr/bin/ceph: stderr
2023-03-22T19:24:36.363+0000 7fa593938700 1 --2- 172.21.15.157:0/219799688 >> [v2:172.21.15.157:6800/2704211606,v1:172.21.15.157:6801/2704211606] conn(0x7fa578038030 0x7fa57803a4e0 unknown :-1 s=CLOSED pgs=0 cs=0 l=1 rev1=0 crypto rx=0 tx=0 comp rx=0 tx=0).stop
2023-03-22T19:24:36.736 INFO:teuthology.orchestra.run.smithi157.stdout:/usr/bin/ceph: stderr
2023-03-22T19:24:36.363+0000 7fa593938700 1 --2- 172.21.15.157:0/219799688 >> [v2:172.21.15.157:3300/0,v1:172.21.15.157:6789/0] conn(0x7fa58c1064e0 0x7fa58c199610 unknown :-1 s=CLOSED pgs=60 cs=0 l=1 rev1=1 crypto rx=0 tx=0 comp rx=0 tx=0).stop
2023-03-22T19:24:36.736 INFO:teuthology.orchestra.run.smithi157.stdout:/usr/bin/ceph: stderr
2023-03-22T19:24:36.363+0000 7fa593938700 1 -- 172.21.15.157:0/219799688 >> 172.21.15.157:0/219799688 conn(0x7fa58c0ffee0 msgr2=0x7fa58c100c70 unknown :-1 s=STATE_NONE l=0).mark_down
2023-03-22T19:24:36.736 INFO:teuthology.orchestra.run.smithi157.stdout:/usr/bin/ceph: stderr
2023-03-22T19:24:36.363+0000 7fa593938700 1 -- 172.21.15.157:0/219799688 shutdown_connections
2023-03-22T19:24:36.736 INFO:teuthology.orchestra.run.smithi157.stdout:/usr/bin/ceph: stderr
2023-03-22T19:24:36.363+0000 7fa593938700 1 -- 172.21.15.157:0/219799688 wait complete.
2023-03-22T19:24:36.737 INFO:teuthology.orchestra.run.smithi157.stdout:Waiting for the mgr to restart...
2023-03-22T19:24:36.737 INFO:teuthology.orchestra.run.smithi157.stdout:Waiting for mgr epoch 9...
2023-03-22T19:24:37.010 INFO:journalctl@ceph.mgr.x.smithi157.stdout:Mar 22 19:24:36 smithi157 ceph-ec44e892-c8e6-11ed-9afe-001a4aab830c-mgr-x[93271]:
2023-03-22T19:24:36.846+0000 7f591f2aa200 -1 mgr[py] Module progress has missing NOTIFY_TYPES member
2023-03-22T19:24:37.607 INFO:journalctl@ceph.mon.a.smithi157.stdout:Mar 22 19:24:37 smithi157 ceph-mon[93025]: from='client.? 172.21.15.157:0/219799688' entity='client.admin' cmd=[{"prefix": "mgr stat"}]: dispatch
2023-03-22T19:24:37.608 INFO:journalctl@ceph.mgr.x.smithi157.stdout:Mar 22 19:24:37 smithi157 ceph-ec44e892-c8e6-11ed-9afe-001a4aab830c-mgr-x[93271]:
2023-03-22T19:24:37.435+0000 7f591f2aa200 -1 mgr[py] Module rook has missing NOTIFY_TYPES member
2023-03-22T19:24:37.922 INFO:journalctl@ceph.mgr.x.smithi157.stdout:Mar 22 19:24:37 smithi157 ceph-ec44e892-c8e6-11ed-9afe-001a4aab830c-mgr-x[93271]:
2023-03-22T19:24:37.605+0000 7f591f2aa200 -1 mgr[py] Module iostat has missing NOTIFY_TYPES member
2023-03-22T19:24:38.617 INFO:journalctl@ceph.mgr.x.smithi157.stdout:Mar 22 19:24:38 smithi157 ceph-ec44e892-c8e6-11ed-9afe-001a4aab830c-mgr-x[93271]:
2023-03-22T19:24:38.356+0000 7f591f2aa200 -1 mgr[py] Module test_orchestrator has missing NOTIFY_TYPES member
2023-03-22T19:24:38.618 INFO:journalctl@ceph.mgr.x.smithi157.stdout:Mar 22 19:24:38 smithi157 ceph-ec44e892-c8e6-11ed-9afe-001a4aab830c-mgr-x[93271]:
2023-03-22T19:24:38.446+0000 7f591f2aa200 -1 mgr[py] Module osd_perf_query has missing NOTIFY_TYPES member
2023-03-22T19:24:38.893 INFO:journalctl@ceph.mgr.x.smithi157.stdout:Mar 22 19:24:38 smithi157 ceph-ec44e892-c8e6-11ed-9afe-001a4aab830c-mgr-x[93271]:
2023-03-22T19:24:38.615+0000 7f591f2aa200 -1 mgr[py] Module orchestrator has missing NOTIFY_TYPES member
2023-03-22T19:24:39.172 INFO:journalctl@ceph.mgr.x.smithi157.stdout:Mar 22 19:24:38 smithi157 ceph-ec44e892-c8e6-11ed-9afe-001a4aab830c-mgr-x[93271]:
2023-03-22T19:24:38.891+0000 7f591f2aa200 -1 mgr[py] Module rgw has missing NOTIFY_TYPES member
2023-03-22T19:24:39.172 INFO:journalctl@ceph.mgr.x.smithi157.stdout:Mar 22 19:24:38 smithi157 ceph-ec44e892-c8e6-11ed-9afe-001a4aab830c-mgr-x[93271]:
2023-03-22T19:24:38.978+0000 7f591f2aa200 -1 mgr[py] Module influx has missing NOTIFY_TYPES member
2023-03-22T19:24:39.527 INFO:journalctl@ceph.mgr.x.smithi157.stdout:Mar 22 19:24:39 smithi157 ceph-ec44e892-c8e6-11ed-9afe-001a4aab830c-mgr-x[93271]:
2023-03-22T19:24:39.265+0000 7f591f2aa200 -1 mgr[py] Module telemetry has missing NOTIFY_TYPES member
2023-03-22T19:24:39.922 INFO:journalctl@ceph.mgr.x.smithi157.stdout:Mar 22 19:24:39 smithi157 ceph-ec44e892-c8e6-11ed-9afe-001a4aab830c-mgr-x[93271]:
2023-03-22T19:24:39.525+0000 7f591f2aa200 -1 mgr[py] Module telegraf has missing NOTIFY_TYPES member
2023-03-22T19:24:40.546 INFO:journalctl@ceph.mgr.x.smithi157.stdout:Mar 22 19:24:40 smithi157 ceph-ec44e892-c8e6-11ed-9afe-001a4aab830c-mgr-x[93271]:
2023-03-22T19:24:40.224+0000 7f591f2aa200 -1 mgr[py] Module balancer has missing NOTIFY_TYPES member
2023-03-22T19:24:40.547 INFO:journalctl@ceph.mgr.x.smithi157.stdout:Mar 22 19:24:40 smithi157 ceph-ec44e892-c8e6-11ed-9afe-001a4aab830c-mgr-x[93271]:
2023-03-22T19:24:40.355+0000 7f591f2aa200 -1 mgr[py] Module diskprediction_local has missing NOTIFY_TYPES member
2023-03-22T19:24:40.870 INFO:journalctl@ceph.mgr.x.smithi157.stdout:Mar 22 19:24:40 smithi157 ceph-ec44e892-c8e6-11ed-9afe-001a4aab830c-mgr-x[93271]:
2023-03-22T19:24:40.544+0000 7f591f2aa200 -1 mgr[py] Module nfs has missing NOTIFY_TYPES member
2023-03-22T19:24:40.870 INFO:journalctl@ceph.mgr.x.smithi157.stdout:Mar 22 19:24:40 smithi157 ceph-ec44e892-c8e6-11ed-9afe-001a4aab830c-mgr-x[93271]:
2023-03-22T19:24:40.656+0000 7f591f2aa200 -1 mgr[py] Module rbd_support has missing NOTIFY_TYPES member
2023-03-22T19:24:41.172 INFO:journalctl@ceph.mgr.x.smithi157.stdout:Mar 22 19:24:40 smithi157 ceph-ec44e892-c8e6-11ed-9afe-001a4aab830c-mgr-x[93271]:
2023-03-22T19:24:40.867+0000 7f591f2aa200 -1 mgr[py] Module volumes has missing NOTIFY_TYPES member
2023-03-22T19:24:42.172 INFO:journalctl@ceph.mgr.x.smithi157.stdout:Mar 22 19:24:41 smithi157 ceph-ec44e892-c8e6-11ed-9afe-001a4aab830c-mgr-x[93271]:
2023-03-22T19:24:41.715+0000 7f591f2aa200 -1 mgr[py] Module pg_autoscaler has missing NOTIFY_TYPES member
2023-03-22T19:24:42.672 INFO:journalctl@ceph.mon.a.smithi157.stdout:Mar 22 19:24:42 smithi157 ceph-mon[93025]: Active manager daemon x restarted
2023-03-22T19:24:42.672 INFO:journalctl@ceph.mon.a.smithi157.stdout:Mar 22 19:24:42 smithi157 ceph-mon[93025]: Activating manager daemon x
2023-03-22T19:24:42.672 INFO:journalctl@ceph.mon.a.smithi157.stdout:Mar 22 19:24:42 smithi157 ceph-mon[93025]: osdmap e3: 0 total, 0 up, 0 in
2023-03-22T19:24:43.672 INFO:journalctl@ceph.mon.a.smithi157.stdout:Mar 22 19:24:43 smithi157 ceph-mon[93025]: mgrmap e10: x(active, starting, since 0.54654s)
2023-03-22T19:24:43.672 INFO:journalctl@ceph.mon.a.smithi157.stdout:Mar 22 19:24:43 smithi157 ceph-mon[93025]: from='mgr.14152 172.21.15.157:0/3141499460' entity='mgr.x' cmd=[{"prefix": "mon metadata", "id": "a"}]: dispatch
2023-03-22T19:24:43.672 INFO:journalctl@ceph.mon.a.smithi157.stdout:Mar 22 19:24:43 smithi157 ceph-mon[93025]: from='mgr.14152 172.21.15.157:0/3141499460' entity='mgr.x' cmd=[{"prefix": "mgr metadata", "who": "x", "id": "x"}]: dispatch
2023-03-22T19:24:43.673 INFO:journalctl@ceph.mon.a.smithi157.stdout:Mar 22 19:24:43 smithi157 ceph-mon[93025]: from='mgr.14152 172.21.15.157:0/3141499460' entity='mgr.x' cmd=[{"prefix": "mds metadata"}]: dispatch
2023-03-22T19:24:43.673 INFO:journalctl@ceph.mon.a.smithi157.stdout:Mar 22 19:24:43 smithi157 ceph-mon[93025]: from='mgr.14152 172.21.15.157:0/3141499460' entity='mgr.x' cmd=[{"prefix": "osd metadata"}]: dispatch
2023-03-22T19:24:43.673 INFO:journalctl@ceph.mon.a.smithi157.stdout:Mar 22 19:24:43 smithi157 ceph-mon[93025]: from='mgr.14152 172.21.15.157:0/3141499460' entity='mgr.x' cmd=[{"prefix": "mon metadata"}]: dispatch
2023-03-22T19:24:43.673 INFO:journalctl@ceph.mon.a.smithi157.stdout:Mar 22 19:24:43 smithi157 ceph-mon[93025]: Manager daemon x is now available
2023-03-22T19:24:43.673 INFO:journalctl@ceph.mon.a.smithi157.stdout:Mar 22 19:24:43 smithi157 ceph-mon[93025]: from='mgr.14152 172.21.15.157:0/3141499460' entity='mgr.x' cmd=[{"prefix": "config dump", "format": "json"}]: dispatch
2023-03-22T19:24:43.673 INFO:journalctl@ceph.mon.a.smithi157.stdout:Mar 22 19:24:43 smithi157 ceph-mon[93025]: from='mgr.14152 172.21.15.157:0/3141499460' entity='mgr.x' cmd=[{"prefix": "config dump", "format": "json"}]: dispatch
2023-03-22T19:24:43.673 INFO:journalctl@ceph.mon.a.smithi157.stdout:Mar 22 19:24:43 smithi157 ceph-mon[93025]: from='mgr.14152 172.21.15.157:0/3141499460' entity='mgr.x' cmd=[{"prefix":"config rm","who":"mgr","name":"mgr/rbd_support/x/mirror_snapshot_schedule"}]: dispatch
2023-03-22T19:24:43.674 INFO:journalctl@ceph.mon.a.smithi157.stdout:Mar 22 19:24:43 smithi157 ceph-mon[93025]: from='mgr.14152 172.21.15.157:0/3141499460' entity='mgr.x' cmd=[{"prefix":"config rm","who":"mgr","name":"mgr/rbd_support/x/trash_purge_schedule"}]: dispatch
2023-03-22T19:24:44.090 INFO:teuthology.orchestra.run.smithi157.stdout:/usr/bin/ceph: stdout {
2023-03-22T19:24:44.090 INFO:teuthology.orchestra.run.smithi157.stdout:/usr/bin/ceph: stdout "mgrmap_epoch": 11,
2023-03-22T19:24:44.090 INFO:teuthology.orchestra.run.smithi157.stdout:/usr/bin/ceph: stdout "initialized": true
2023-03-22T19:24:44.090 INFO:teuthology.orchestra.run.smithi157.stdout:/usr/bin/ceph: stdout }
2023-03-22T19:24:44.091 INFO:teuthology.orchestra.run.smithi157.stdout:/usr/bin/ceph: stderr
2023-03-22T19:24:37.251+0000 7fa047df6700 1 Processor -- start
2023-03-22T19:24:44.091 INFO:teuthology.orchestra.run.smithi157.stdout:/usr/bin/ceph: stderr
2023-03-22T19:24:37.251+0000 7fa047df6700 1 -- start start
2023-03-22T19:24:44.091 INFO:teuthology.orchestra.run.smithi157.stdout:/usr/bin/ceph: stderr
2023-03-22T19:24:37.252+0000 7fa047df6700 1 --2- >> [v2:172.21.15.157:3300/0,v1:172.21.15.157:6789/0] conn(0x7fa040106fb0 0x7fa0401073c0 unknown :-1 s=NONE pgs=0 cs=0 l=0 rev1=0 crypto rx=0 tx=0 comp rx=0 tx=0).connect
2023-03-22T19:24:44.091 INFO:teuthology.orchestra.run.smithi157.stdout:/usr/bin/ceph: stderr
2023-03-22T19:24:37.252+0000 7fa047df6700 1 -- --> [v2:172.21.15.157:3300/0,v1:172.21.15.157:6789/0] -- mon_getmap magic: 0 v1 -- 0x7fa040107900 con 0x7fa040106fb0
2023-03-22T19:24:44.091 INFO:teuthology.orchestra.run.smithi157.stdout:/usr/bin/ceph: stderr
2023-03-22T19:24:37.252+0000 7fa045b92700 1 --2- >> [v2:172.21.15.157:3300/0,v1:172.21.15.157:6789/0] conn(0x7fa040106fb0 0x7fa0401073c0 unknown :-1 s=BANNER_CONNECTING pgs=0 cs=0 l=0 rev1=0 crypto rx=0 tx=0 comp rx=0 tx=0)._handle_peer_banner_payload supported=3 required=0
2023-03-22T19:24:44.091 INFO:teuthology.orchestra.run.smithi157.stdout:/usr/bin/ceph: stderr
2023-03-22T19:24:37.252+0000 7fa045b92700 1 --2- >> [v2:172.21.15.157:3300/0,v1:172.21.15.157:6789/0] conn(0x7fa040106fb0 0x7fa0401073c0 unknown :-1 s=HELLO_CONNECTING pgs=0 cs=0 l=0 rev1=1 crypto rx=0 tx=0 comp rx=0 tx=0).handle_hello peer v2:172.21.15.157:3300/0 says I am v2:172.21.15.157:54836/0 (socket says 172.21.15.157:54836)
2023-03-22T19:24:44.091 INFO:teuthology.orchestra.run.smithi157.stdout:/usr/bin/ceph: stderr
2023-03-22T19:24:37.252+0000 7fa045b92700 1 -- 172.21.15.157:0/3460970148 learned_addr learned my addr 172.21.15.157:0/3460970148 (peer_addr_for_me v2:172.21.15.157:0/0)
2023-03-22T19:24:44.092 INFO:teuthology.orchestra.run.smithi157.stdout:/usr/bin/ceph: stderr
2023-03-22T19:24:37.252+0000 7fa045b92700 1 -- 172.21.15.157:0/3460970148 --> [v2:172.21.15.157:3300/0,v1:172.21.15.157:6789/0] -- mon_subscribe({config=0+,monmap=0+}) v3 -- 0x7fa040107a40 con 0x7fa040106fb0
2023-03-22T19:24:44.092 INFO:teuthology.orchestra.run.smithi157.stdout:/usr/bin/ceph: stderr
2023-03-22T19:24:37.252+0000 7fa045b92700 1 --2- 172.21.15.157:0/3460970148 >> [v2:172.21.15.157:3300/0,v1:172.21.15.157:6789/0] conn(0x7fa040106fb0 0x7fa0401073c0 secure :-1 s=READY pgs=61 cs=0 l=1 rev1=1 crypto rx=0x7fa03c0098a0 tx=0x7fa03c009bb0 comp rx=0 tx=0).ready entity=mon.0 client_cookie=45e32df37430312c server_cookie=0 in_seq=0 out_seq=0
2023-03-22T19:24:44.092 INFO:teuthology.orchestra.run.smithi157.stdout:/usr/bin/ceph: stderr
2023-03-22T19:24:37.252+0000 7fa044b90700 1 -- 172.21.15.157:0/3460970148 <== mon.0 v2:172.21.15.157:3300/0 1 ==== mon_map magic: 0 v1 ==== 205+0+0 (secure 0 0 0) 0x7fa03c004160 con 0x7fa040106fb0
2023-03-22T19:24:44.092 INFO:teuthology.orchestra.run.smithi157.stdout:/usr/bin/ceph: stderr
2023-03-22T19:24:37.252+0000 7fa044b90700 1 -- 172.21.15.157:0/3460970148 <== mon.0 v2:172.21.15.157:3300/0 2 ==== config(26 keys) v1 ==== 1105+0+0 (secure 0 0 0) 0x7fa03c0042c0 con 0x7fa040106fb0
2023-03-22T19:24:44.092 INFO:teuthology.orchestra.run.smithi157.stdout:/usr/bin/ceph: stderr
2023-03-22T19:24:37.253+0000 7fa044b90700 1 -- 172.21.15.157:0/3460970148 <== mon.0 v2:172.21.15.157:3300/0 3 ==== mon_map magic: 0 v1 ==== 205+0+0 (secure 0 0 0) 0x7fa03c0119b0 con 0x7fa040106fb0
2023-03-22T19:24:44.092 INFO:teuthology.orchestra.run.smithi157.stdout:/usr/bin/ceph: stderr
2023-03-22T19:24:37.253+0000 7fa047df6700 1 -- 172.21.15.157:0/3460970148 >> [v2:172.21.15.157:3300/0,v1:172.21.15.157:6789/0] conn(0x7fa040106fb0 msgr2=0x7fa0401073c0 secure :-1 s=STATE_CONNECTION_ESTABLISHED l=1).mark_down
2023-03-22T19:24:44.092 INFO:teuthology.orchestra.run.smithi157.stdout:/usr/bin/ceph: stderr
2023-03-22T19:24:37.253+0000 7fa047df6700 1 --2- 172.21.15.157:0/3460970148 >> [v2:172.21.15.157:3300/0,v1:172.21.15.157:6789/0] conn(0x7fa040106fb0 0x7fa0401073c0 secure :-1 s=READY pgs=61 cs=0 l=1 rev1=1 crypto rx=0x7fa03c0098a0 tx=0x7fa03c009bb0 comp rx=0 tx=0).stop
2023-03-22T19:24:44.093 INFO:teuthology.orchestra.run.smithi157.stdout:/usr/bin/ceph: stderr
2023-03-22T19:24:37.253+0000 7fa047df6700 1 -- 172.21.15.157:0/3460970148 shutdown_connections
2023-03-22T19:24:44.093 INFO:teuthology.orchestra.run.smithi157.stdout:/usr/bin/ceph: stderr
2023-03-22T19:24:37.253+0000 7fa047df6700 1 --2- 172.21.15.157:0/3460970148 >> [v2:172.21.15.157:3300/0,v1:172.21.15.157:6789/0] conn(0x7fa040106fb0 0x7fa0401073c0 unknown :-1 s=CLOSED pgs=61 cs=0 l=1 rev1=1 crypto rx=0 tx=0 comp rx=0 tx=0).stop
2023-03-22T19:24:44.093 INFO:teuthology.orchestra.run.smithi157.stdout:/usr/bin/ceph: stderr
2023-03-22T19:24:37.253+0000 7fa047df6700 1 -- 172.21.15.157:0/3460970148 >> 172.21.15.157:0/3460970148 conn(0x7fa0400ff660 msgr2=0x7fa040101a90 unknown :-1 s=STATE_NONE l=0).mark_down
2023-03-22T19:24:44.093 INFO:teuthology.orchestra.run.smithi157.stdout:/usr/bin/ceph: stderr
2023-03-22T19:24:37.253+0000 7fa047df6700 1 -- 172.21.15.157:0/3460970148 shutdown_connections
2023-03-22T19:24:44.093 INFO:teuthology.orchestra.run.smithi157.stdout:/usr/bin/ceph: stderr
2023-03-22T19:24:37.253+0000 7fa047df6700 1 -- 172.21.15.157:0/3460970148 wait complete.
2023-03-22T19:24:44.093 INFO:teuthology.orchestra.run.smithi157.stdout:/usr/bin/ceph: stderr
2023-03-22T19:24:37.254+0000 7fa047df6700 1 Processor -- start
2023-03-22T19:24:44.094 INFO:teuthology.orchestra.run.smithi157.stdout:/usr/bin/ceph: stderr
2023-03-22T19:24:37.254+0000 7fa047df6700 1 -- start start
2023-03-22T19:24:44.094 INFO:teuthology.orchestra.run.smithi157.stdout:/usr/bin/ceph: stderr
2023-03-22T19:24:37.254+0000 7fa047df6700 1 --2- >> [v2:172.21.15.157:3300/0,v1:172.21.15.157:6789/0] conn(0x7fa040106fb0 0x7fa0401995c0 unknown :-1 s=NONE pgs=0 cs=0 l=1 rev1=0 crypto rx=0 tx=0 comp rx=0 tx=0).connect
2023-03-22T19:24:44.094 INFO:teuthology.orchestra.run.smithi157.stdout:/usr/bin/ceph: stderr
2023-03-22T19:24:37.254+0000 7fa047df6700 1 -- --> [v2:172.21.15.157:3300/0,v1:172.21.15.157:6789/0] -- mon_getmap magic: 0 v1 -- 0x7fa040199b00 con 0x7fa040106fb0
2023-03-22T19:24:44.094 INFO:teuthology.orchestra.run.smithi157.stdout:/usr/bin/ceph: stderr
2023-03-22T19:24:37.254+0000 7fa045b92700 1 --2- >> [v2:172.21.15.157:3300/0,v1:172.21.15.157:6789/0] conn(0x7fa040106fb0 0x7fa0401995c0 unknown :-1 s=BANNER_CONNECTING pgs=0 cs=0 l=1 rev1=0 crypto rx=0 tx=0 comp rx=0 tx=0)._handle_peer_banner_payload supported=3 required=0
2023-03-22T19:24:44.094 INFO:teuthology.orchestra.run.smithi157.stdout:/usr/bin/ceph: stderr
2023-03-22T19:24:37.254+0000 7fa045b92700 1 --2- >> [v2:172.21.15.157:3300/0,v1:172.21.15.157:6789/0] conn(0x7fa040106fb0 0x7fa0401995c0 unknown :-1 s=HELLO_CONNECTING pgs=0 cs=0 l=1 rev1=1 crypto rx=0 tx=0 comp rx=0 tx=0).handle_hello peer v2:172.21.15.157:3300/0 says I am v2:172.21.15.157:54838/0 (socket says 172.21.15.157:54838)
2023-03-22T19:24:44.094 INFO:teuthology.orchestra.run.smithi157.stdout:/usr/bin/ceph: stderr
2023-03-22T19:24:37.254+0000 7fa045b92700 1 -- 172.21.15.157:0/972492272 learned_addr learned my addr 172.21.15.157:0/972492272 (peer_addr_for_me v2:172.21.15.157:0/0)
2023-03-22T19:24:44.095 INFO:teuthology.orchestra.run.smithi157.stdout:/usr/bin/ceph: stderr
2023-03-22T19:24:37.254+0000 7fa045b92700 1 -- 172.21.15.157:0/972492272 --> [v2:172.21.15.157:3300/0,v1:172.21.15.157:6789/0] -- mon_subscribe({config=0+,monmap=0+}) v3 -- 0x7fa03c009550 con 0x7fa040106fb0
2023-03-22T19:24:44.095 INFO:teuthology.orchestra.run.smithi157.stdout:/usr/bin/ceph: stderr
2023-03-22T19:24:37.254+0000 7fa045b92700 1 --2- 172.21.15.157:0/972492272 >> [v2:172.21.15.157:3300/0,v1:172.21.15.157:6789/0] conn(0x7fa040106fb0 0x7fa0401995c0 secure :-1 s=READY pgs=62 cs=0 l=1 rev1=1 crypto rx=0x7fa03c003e60 tx=0x7fa03c011aa0 comp rx=0 tx=0).ready entity=mon.0 client_cookie=0 server_cookie=0 in_seq=0 out_seq=0
2023-03-22T19:24:44.095 INFO:teuthology.orchestra.run.smithi157.stdout:/usr/bin/ceph: stderr
2023-03-22T19:24:37.255+0000 7fa036ffd700 1 -- 172.21.15.157:0/972492272 <== mon.0 v2:172.21.15.157:3300/0 1 ==== mon_map magic: 0 v1 ==== 205+0+0 (secure 0 0 0) 0x7fa03c003970 con 0x7fa040106fb0
2023-03-22T19:24:44.095 INFO:teuthology.orchestra.run.smithi157.stdout:/usr/bin/ceph: stderr
2023-03-22T19:24:37.255+0000 7fa047df6700 1 -- 172.21.15.157:0/972492272 --> [v2:172.21.15.157:3300/0,v1:172.21.15.157:6789/0] -- mon_subscribe({mgrmap=0+}) v3 -- 0x7fa040104760 con 0x7fa040106fb0
2023-03-22T19:24:44.095 INFO:teuthology.orchestra.run.smithi157.stdout:/usr/bin/ceph: stderr
2023-03-22T19:24:37.255+0000 7fa036ffd700 1 -- 172.21.15.157:0/972492272 <== mon.0 v2:172.21.15.157:3300/0 2 ==== config(26 keys) v1 ==== 1105+0+0 (secure 0 0 0) 0x7fa03c003ad0 con 0x7fa040106fb0
2023-03-22T19:24:44.095 INFO:teuthology.orchestra.run.smithi157.stdout:/usr/bin/ceph: stderr
2023-03-22T19:24:37.255+0000 7fa036ffd700 1 -- 172.21.15.157:0/972492272 <== mon.0 v2:172.21.15.157:3300/0 3 ==== mon_map magic: 0 v1 ==== 205+0+0 (secure 0 0 0) 0x7fa03c0195e0 con 0x7fa040106fb0
2023-03-22T19:24:44.095 INFO:teuthology.orchestra.run.smithi157.stdout:/usr/bin/ceph: stderr
2023-03-22T19:24:37.255+0000 7fa047df6700 1 -- 172.21.15.157:0/972492272 --> [v2:172.21.15.157:3300/0,v1:172.21.15.157:6789/0] -- mon_subscribe({osdmap=0}) v3 -- 0x7fa0401045d0 con 0x7fa040106fb0
2023-03-22T19:24:44.096 INFO:teuthology.orchestra.run.smithi157.stdout:/usr/bin/ceph: stderr
2023-03-22T19:24:37.256+0000 7fa036ffd700 1 -- 172.21.15.157:0/972492272 <== mon.0 v2:172.21.15.157:3300/0 4 ==== mgrmap(e 9) v1 ==== 44782+0+0 (secure 0 0 0) 0x7fa03c01a430 con 0x7fa040106fb0
2023-03-22T19:24:44.096 INFO:teuthology.orchestra.run.smithi157.stdout:/usr/bin/ceph: stderr
2023-03-22T19:24:37.256+0000 7fa036ffd700 1 --2- 172.21.15.157:0/972492272 >> [v2:172.21.15.157:6800/2704211606,v1:172.21.15.157:6801/2704211606] conn(0x7fa02c038050 0x7fa02c03a500 unknown :-1 s=NONE pgs=0 cs=0 l=1 rev1=0 crypto rx=0 tx=0 comp rx=0 tx=0).connect
2023-03-22T19:24:44.096 INFO:teuthology.orchestra.run.smithi157.stdout:/usr/bin/ceph: stderr
2023-03-22T19:24:37.256+0000 7fa036ffd700 1 -- 172.21.15.157:0/972492272 --> [v2:172.21.15.157:6800/2704211606,v1:172.21.15.157:6801/2704211606] -- command(tid 0: {"prefix": "get_command_descriptions"}) v1 -- 0x7fa02c03ac10 con 0x7fa02c038050
2023-03-22T19:24:44.096 INFO:teuthology.orchestra.run.smithi157.stdout:/usr/bin/ceph: stderr
2023-03-22T19:24:37.256+0000 7fa045391700 1 -- 172.21.15.157:0/972492272 >> [v2:172.21.15.157:6800/2704211606,v1:172.21.15.157:6801/2704211606] conn(0x7fa02c038050 msgr2=0x7fa02c03a500 unknown :-1 s=STATE_CONNECTING_RE l=1).process reconnect failed to v2:172.21.15.157:6800/2704211606
2023-03-22T19:24:44.096 INFO:teuthology.orchestra.run.smithi157.stdout:/usr/bin/ceph: stderr
2023-03-22T19:24:37.256+0000 7fa036ffd700 1 -- 172.21.15.157:0/972492272 <== mon.0 v2:172.21.15.157:3300/0 5 ==== osd_map(2..2 src has 1..2) v4 ==== 940+0+0 (secure 0 0 0) 0x7fa03c04be90 con 0x7fa040106fb0
2023-03-22T19:24:44.096 INFO:teuthology.orchestra.run.smithi157.stdout:/usr/bin/ceph: stderr
2023-03-22T19:24:37.256+0000 7fa045391700 1 --2- 172.21.15.157:0/972492272 >> [v2:172.21.15.157:6800/2704211606,v1:172.21.15.157:6801/2704211606] conn(0x7fa02c038050 0x7fa02c03a500 unknown :-1 s=START_CONNECT pgs=0 cs=0 l=1 rev1=0 crypto rx=0 tx=0 comp rx=0 tx=0)._fault waiting 0.200000
2023-03-22T19:24:44.096 INFO:teuthology.orchestra.run.smithi157.stdout:/usr/bin/ceph: stderr
2023-03-22T19:24:37.457+0000 7fa045391700 1 -- 172.21.15.157:0/972492272 >> [v2:172.21.15.157:6800/2704211606,v1:172.21.15.157:6801/2704211606] conn(0x7fa02c038050 msgr2=0x7fa02c03a500 unknown :-1 s=STATE_CONNECTING_RE l=1).process reconnect failed to v2:172.21.15.157:6800/2704211606
2023-03-22T19:24:44.097 INFO:teuthology.orchestra.run.smithi157.stdout:/usr/bin/ceph: stderr
2023-03-22T19:24:37.457+0000 7fa045391700 1 --2- 172.21.15.157:0/972492272 >> [v2:172.21.15.157:6800/2704211606,v1:172.21.15.157:6801/2704211606] conn(0x7fa02c038050 0x7fa02c03a500 unknown :-1 s=START_CONNECT pgs=0 cs=0 l=1 rev1=0 crypto rx=0 tx=0 comp rx=0 tx=0)._fault waiting 0.400000
2023-03-22T19:24:44.097 INFO:teuthology.orchestra.run.smithi157.stdout:/usr/bin/ceph: stderr
