2023-03-22T19:24:30.566+0000 7f1040508700 1 -- 172.21.15.157:0/886156518 >> 172.21.15.157:0/886156518 conn(0x7f10380fffb0 msgr2=0x7f10381023c0 unknown :-1 s=STATE_NONE l=0).mark_down
2023-03-22T19:24:31.241 INFO:teuthology.orchestra.run.smithi157.stdout:/usr/bin/ceph: stderr
2023-03-22T19:24:30.566+0000 7f1040508700 1 -- 172.21.15.157:0/886156518 shutdown_connections
2023-03-22T19:24:31.242 INFO:teuthology.orchestra.run.smithi157.stdout:/usr/bin/ceph: stderr
2023-03-22T19:24:30.566+0000 7f1040508700 1 -- 172.21.15.157:0/886156518 wait complete.
2023-03-22T19:24:31.242 INFO:teuthology.orchestra.run.smithi157.stdout:/usr/bin/ceph: stderr
2023-03-22T19:24:30.566+0000 7f1040508700 1 Processor -- start
2023-03-22T19:24:31.242 INFO:teuthology.orchestra.run.smithi157.stdout:/usr/bin/ceph: stderr
2023-03-22T19:24:30.567+0000 7f1040508700 1 -- start start
2023-03-22T19:24:31.242 INFO:teuthology.orchestra.run.smithi157.stdout:/usr/bin/ceph: stderr
2023-03-22T19:24:30.567+0000 7f1040508700 1 --2- >> [v2:172.21.15.157:3300/0,v1:172.21.15.157:6789/0] conn(0x7f1038106570 0x7f1038199650 unknown :-1 s=NONE pgs=0 cs=0 l=1 rev1=0 crypto rx=0 tx=0 comp rx=0 tx=0).connect
2023-03-22T19:24:31.242 INFO:teuthology.orchestra.run.smithi157.stdout:/usr/bin/ceph: stderr
2023-03-22T19:24:30.567+0000 7f1040508700 1 -- --> [v2:172.21.15.157:3300/0,v1:172.21.15.157:6789/0] -- mon_getmap magic: 0 v1 -- 0x7f1038199b90 con 0x7f1038106570
2023-03-22T19:24:31.242 INFO:teuthology.orchestra.run.smithi157.stdout:/usr/bin/ceph: stderr
2023-03-22T19:24:30.567+0000 7f103e2a4700 1 --2- >> [v2:172.21.15.157:3300/0,v1:172.21.15.157:6789/0] conn(0x7f1038106570 0x7f1038199650 unknown :-1 s=BANNER_CONNECTING pgs=0 cs=0 l=1 rev1=0 crypto rx=0 tx=0 comp rx=0 tx=0)._handle_peer_banner_payload supported=3 required=0
2023-03-22T19:24:31.242 INFO:teuthology.orchestra.run.smithi157.stdout:/usr/bin/ceph: stderr
2023-03-22T19:24:30.567+0000 7f103e2a4700 1 --2- >> [v2:172.21.15.157:3300/0,v1:172.21.15.157:6789/0] conn(0x7f1038106570 0x7f1038199650 unknown :-1 s=HELLO_CONNECTING pgs=0 cs=0 l=1 rev1=1 crypto rx=0 tx=0 comp rx=0 tx=0).handle_hello peer v2:172.21.15.157:3300/0 says I am v2:172.21.15.157:54794/0 (socket says 172.21.15.157:54794)
2023-03-22T19:24:31.243 INFO:teuthology.orchestra.run.smithi157.stdout:/usr/bin/ceph: stderr
2023-03-22T19:24:30.567+0000 7f103e2a4700 1 -- 172.21.15.157:0/3838429710 learned_addr learned my addr 172.21.15.157:0/3838429710 (peer_addr_for_me v2:172.21.15.157:0/0)
2023-03-22T19:24:31.243 INFO:teuthology.orchestra.run.smithi157.stdout:/usr/bin/ceph: stderr
2023-03-22T19:24:30.567+0000 7f103e2a4700 1 -- 172.21.15.157:0/3838429710 --> [v2:172.21.15.157:3300/0,v1:172.21.15.157:6789/0] -- mon_subscribe({config=0+,monmap=0+}) v3 -- 0x7f1034009550 con 0x7f1038106570
2023-03-22T19:24:31.243 INFO:teuthology.orchestra.run.smithi157.stdout:/usr/bin/ceph: stderr
2023-03-22T19:24:30.567+0000 7f103e2a4700 1 --2- 172.21.15.157:0/3838429710 >> [v2:172.21.15.157:3300/0,v1:172.21.15.157:6789/0] conn(0x7f1038106570 0x7f1038199650 secure :-1 s=READY pgs=50 cs=0 l=1 rev1=1 crypto rx=0x7f1034003e60 tx=0x7f1034011aa0 comp rx=0 tx=0).ready entity=mon.0 client_cookie=0 server_cookie=0 in_seq=0 out_seq=0
2023-03-22T19:24:31.243 INFO:teuthology.orchestra.run.smithi157.stdout:/usr/bin/ceph: stderr
2023-03-22T19:24:30.567+0000 7f102f7fe700 1 -- 172.21.15.157:0/3838429710 <== mon.0 v2:172.21.15.157:3300/0 1 ==== mon_map magic: 0 v1 ==== 205+0+0 (secure 0 0 0) 0x7f1034003970 con 0x7f1038106570
2023-03-22T19:24:31.243 INFO:teuthology.orchestra.run.smithi157.stdout:/usr/bin/ceph: stderr
2023-03-22T19:24:30.567+0000 7f102f7fe700 1 -- 172.21.15.157:0/3838429710 <== mon.0 v2:172.21.15.157:3300/0 2 ==== config(26 keys) v1 ==== 1105+0+0 (secure 0 0 0) 0x7f1034003ad0 con 0x7f1038106570
2023-03-22T19:24:31.243 INFO:teuthology.orchestra.run.smithi157.stdout:/usr/bin/ceph: stderr
2023-03-22T19:24:30.567+0000 7f1040508700 1 -- 172.21.15.157:0/3838429710 --> [v2:172.21.15.157:3300/0,v1:172.21.15.157:6789/0] -- mon_subscribe({mgrmap=0+}) v3 -- 0x7f1038109cd0 con 0x7f1038106570
2023-03-22T19:24:31.243 INFO:teuthology.orchestra.run.smithi157.stdout:/usr/bin/ceph: stderr
2023-03-22T19:24:30.567+0000 7f102f7fe700 1 -- 172.21.15.157:0/3838429710 <== mon.0 v2:172.21.15.157:3300/0 3 ==== mon_map magic: 0 v1 ==== 205+0+0 (secure 0 0 0) 0x7f10340195e0 con 0x7f1038106570
2023-03-22T19:24:31.243 INFO:teuthology.orchestra.run.smithi157.stdout:/usr/bin/ceph: stderr
2023-03-22T19:24:30.567+0000 7f1040508700 1 -- 172.21.15.157:0/3838429710 --> [v2:172.21.15.157:3300/0,v1:172.21.15.157:6789/0] -- mon_subscribe({osdmap=0}) v3 -- 0x7f1038109b40 con 0x7f1038106570
2023-03-22T19:24:31.244 INFO:teuthology.orchestra.run.smithi157.stdout:/usr/bin/ceph: stderr
2023-03-22T19:24:30.568+0000 7f102f7fe700 1 -- 172.21.15.157:0/3838429710 <== mon.0 v2:172.21.15.157:3300/0 4 ==== mgrmap(e 8) v1 ==== 44769+0+0 (secure 0 0 0) 0x7f1034019850 con 0x7f1038106570
2023-03-22T19:24:31.244 INFO:teuthology.orchestra.run.smithi157.stdout:/usr/bin/ceph: stderr
2023-03-22T19:24:30.568+0000 7f102f7fe700 1 --2- 172.21.15.157:0/3838429710 >> [v2:172.21.15.157:6800/2704211606,v1:172.21.15.157:6801/2704211606] conn(0x7f1024038050 0x7f102403a500 unknown :-1 s=NONE pgs=0 cs=0 l=1 rev1=0 crypto rx=0 tx=0 comp rx=0 tx=0).connect
2023-03-22T19:24:31.244 INFO:teuthology.orchestra.run.smithi157.stdout:/usr/bin/ceph: stderr
2023-03-22T19:24:30.568+0000 7f102f7fe700 1 -- 172.21.15.157:0/3838429710 <== mon.0 v2:172.21.15.157:3300/0 5 ==== osd_map(2..2 src has 1..2) v4 ==== 940+0+0 (secure 0 0 0) 0x7f103404bdc0 con 0x7f1038106570
2023-03-22T19:24:31.244 INFO:teuthology.orchestra.run.smithi157.stdout:/usr/bin/ceph: stderr
2023-03-22T19:24:30.568+0000 7f1040508700 1 -- 172.21.15.157:0/3838429710 --> [v2:172.21.15.157:3300/0,v1:172.21.15.157:6789/0] -- mon_command({"prefix": "get_command_descriptions"} v 0) v1 -- 0x7f1038109e60 con 0x7f1038106570
2023-03-22T19:24:31.244 INFO:teuthology.orchestra.run.smithi157.stdout:/usr/bin/ceph: stderr
2023-03-22T19:24:30.569+0000 7f103daa3700 1 --2- 172.21.15.157:0/3838429710 >> [v2:172.21.15.157:6800/2704211606,v1:172.21.15.157:6801/2704211606] conn(0x7f1024038050 0x7f102403a500 unknown :-1 s=BANNER_CONNECTING pgs=0 cs=0 l=1 rev1=0 crypto rx=0 tx=0 comp rx=0 tx=0)._handle_peer_banner_payload supported=3 required=0
2023-03-22T19:24:31.244 INFO:teuthology.orchestra.run.smithi157.stdout:/usr/bin/ceph: stderr
2023-03-22T19:24:30.569+0000 7f103daa3700 1 --2- 172.21.15.157:0/3838429710 >> [v2:172.21.15.157:6800/2704211606,v1:172.21.15.157:6801/2704211606] conn(0x7f1024038050 0x7f102403a500 secure :-1 s=READY pgs=13 cs=0 l=1 rev1=1 crypto rx=0x7f1028006fd0 tx=0x7f1028006e40 comp rx=0 tx=0).ready entity=mgr.14120 client_cookie=0 server_cookie=0 in_seq=0 out_seq=0
2023-03-22T19:24:31.244 INFO:teuthology.orchestra.run.smithi157.stdout:/usr/bin/ceph: stderr
2023-03-22T19:24:30.573+0000 7f102f7fe700 1 -- 172.21.15.157:0/3838429710 <== mon.0 v2:172.21.15.157:3300/0 6 ==== mon_command_ack([{"prefix": "get_command_descriptions"}]=0 v0) v1 ==== 72+0+177574 (secure 0 0 0) 0x7f1034003c40 con 0x7f1038106570
2023-03-22T19:24:31.245 INFO:teuthology.orchestra.run.smithi157.stdout:/usr/bin/ceph: stderr
2023-03-22T19:24:30.799+0000 7f1040508700 1 -- 172.21.15.157:0/3838429710 --> [v2:172.21.15.157:6800/2704211606,v1:172.21.15.157:6801/2704211606] -- mgr_command(tid 0: {"prefix": "orch apply", "service_type": "mgr", "unmanaged": true, "target": ["mon-mgr", ""]}) v1 -- 0x7f1038101410 con 0x7f1024038050
2023-03-22T19:24:31.245 INFO:teuthology.orchestra.run.smithi157.stdout:/usr/bin/ceph: stderr
2023-03-22T19:24:30.804+0000 7f102f7fe700 1 -- 172.21.15.157:0/3838429710 <== mgr.14120 v2:172.21.15.157:6800/2704211606 1 ==== mgr_command_reply(tid 0: 0 ) v1 ==== 8+0+24 (secure 0 0 0) 0x7f1038101410 con 0x7f1024038050
2023-03-22T19:24:31.245 INFO:teuthology.orchestra.run.smithi157.stdout:/usr/bin/ceph: stderr
2023-03-22T19:24:30.806+0000 7f1040508700 1 -- 172.21.15.157:0/3838429710 >> [v2:172.21.15.157:6800/2704211606,v1:172.21.15.157:6801/2704211606] conn(0x7f1024038050 msgr2=0x7f102403a500 secure :-1 s=STATE_CONNECTION_ESTABLISHED l=1).mark_down
2023-03-22T19:24:31.245 INFO:teuthology.orchestra.run.smithi157.stdout:/usr/bin/ceph: stderr
2023-03-22T19:24:30.806+0000 7f1040508700 1 --2- 172.21.15.157:0/3838429710 >> [v2:172.21.15.157:6800/2704211606,v1:172.21.15.157:6801/2704211606] conn(0x7f1024038050 0x7f102403a500 secure :-1 s=READY pgs=13 cs=0 l=1 rev1=1 crypto rx=0x7f1028006fd0 tx=0x7f1028006e40 comp rx=0 tx=0).stop
2023-03-22T19:24:31.245 INFO:teuthology.orchestra.run.smithi157.stdout:/usr/bin/ceph: stderr
2023-03-22T19:24:30.806+0000 7f1040508700 1 -- 172.21.15.157:0/3838429710 >> [v2:172.21.15.157:3300/0,v1:172.21.15.157:6789/0] conn(0x7f1038106570 msgr2=0x7f1038199650 secure :-1 s=STATE_CONNECTION_ESTABLISHED l=1).mark_down
2023-03-22T19:24:31.245 INFO:teuthology.orchestra.run.smithi157.stdout:/usr/bin/ceph: stderr
2023-03-22T19:24:30.806+0000 7f1040508700 1 --2- 172.21.15.157:0/3838429710 >> [v2:172.21.15.157:3300/0,v1:172.21.15.157:6789/0] conn(0x7f1038106570 0x7f1038199650 secure :-1 s=READY pgs=50 cs=0 l=1 rev1=1 crypto rx=0x7f1034003e60 tx=0x7f1034011aa0 comp rx=0 tx=0).stop
2023-03-22T19:24:31.245 INFO:teuthology.orchestra.run.smithi157.stdout:/usr/bin/ceph: stderr
2023-03-22T19:24:30.806+0000 7f1040508700 1 -- 172.21.15.157:0/3838429710 shutdown_connections
2023-03-22T19:24:31.245 INFO:teuthology.orchestra.run.smithi157.stdout:/usr/bin/ceph: stderr
2023-03-22T19:24:30.806+0000 7f1040508700 1 --2- 172.21.15.157:0/3838429710 >> [v2:172.21.15.157:6800/2704211606,v1:172.21.15.157:6801/2704211606] conn(0x7f1024038050 0x7f102403a500 unknown :-1 s=CLOSED pgs=13 cs=0 l=1 rev1=1 crypto rx=0 tx=0 comp rx=0 tx=0).stop
2023-03-22T19:24:31.246 INFO:teuthology.orchestra.run.smithi157.stdout:/usr/bin/ceph: stderr
2023-03-22T19:24:30.806+0000 7f1040508700 1 --2- 172.21.15.157:0/3838429710 >> [v2:172.21.15.157:3300/0,v1:172.21.15.157:6789/0] conn(0x7f1038106570 0x7f1038199650 unknown :-1 s=CLOSED pgs=50 cs=0 l=1 rev1=1 crypto rx=0 tx=0 comp rx=0 tx=0).stop
2023-03-22T19:24:31.246 INFO:teuthology.orchestra.run.smithi157.stdout:/usr/bin/ceph: stderr
2023-03-22T19:24:30.806+0000 7f1040508700 1 -- 172.21.15.157:0/3838429710 >> 172.21.15.157:0/3838429710 conn(0x7f10380fffb0 msgr2=0x7f1038100d00 unknown :-1 s=STATE_NONE l=0).mark_down
2023-03-22T19:24:31.246 INFO:teuthology.orchestra.run.smithi157.stdout:/usr/bin/ceph: stderr
2023-03-22T19:24:30.806+0000 7f1040508700 1 -- 172.21.15.157:0/3838429710 shutdown_connections
2023-03-22T19:24:31.246 INFO:teuthology.orchestra.run.smithi157.stdout:/usr/bin/ceph: stderr
2023-03-22T19:24:30.806+0000 7f1040508700 1 -- 172.21.15.157:0/3838429710 wait complete.
2023-03-22T19:24:31.498 INFO:journalctl@ceph.mon.a.smithi157.stdout:Mar 22 19:24:31 smithi157 ceph-mon[93025]: from='mgr.14120 172.21.15.157:0/1281168166' entity='mgr.x'
2023-03-22T19:24:31.499 INFO:journalctl@ceph.mon.a.smithi157.stdout:Mar 22 19:24:31 smithi157 ceph-mon[93025]: from='mgr.14120 172.21.15.157:0/1281168166' entity='mgr.x'
2023-03-22T19:24:31.499 INFO:journalctl@ceph.mon.a.smithi157.stdout:Mar 22 19:24:31 smithi157 ceph-mon[93025]: from='client.14144 -' entity='client.admin' cmd=[{"prefix": "orch apply", "service_type": "mgr", "unmanaged": true, "target": ["mon-mgr", ""]}]: dispatch
2023-03-22T19:24:31.499 INFO:journalctl@ceph.mon.a.smithi157.stdout:Mar 22 19:24:31 smithi157 ceph-mon[93025]: Saving service mgr spec with placement count:2
2023-03-22T19:24:31.499 INFO:journalctl@ceph.mon.a.smithi157.stdout:Mar 22 19:24:31 smithi157 ceph-mon[93025]: from='mgr.14120 172.21.15.157:0/1281168166' entity='mgr.x'
2023-03-22T19:24:32.487 INFO:teuthology.orchestra.run.smithi157.stdout:/usr/bin/ceph: stderr
2023-03-22T19:24:31.753+0000 7fb00dc31700 1 Processor -- start
2023-03-22T19:24:32.487 INFO:teuthology.orchestra.run.smithi157.stdout:/usr/bin/ceph: stderr
2023-03-22T19:24:31.753+0000 7fb00dc31700 1 -- start start
2023-03-22T19:24:32.488 INFO:teuthology.orchestra.run.smithi157.stdout:/usr/bin/ceph: stderr
2023-03-22T19:24:31.753+0000 7fb00dc31700 1 --2- >> [v2:172.21.15.157:3300/0,v1:172.21.15.157:6789/0] conn(0x7fb008106fb0 0x7fb0081073c0 unknown :-1 s=NONE pgs=0 cs=0 l=0 rev1=0 crypto rx=0 tx=0 comp rx=0 tx=0).connect
2023-03-22T19:24:32.488 INFO:teuthology.orchestra.run.smithi157.stdout:/usr/bin/ceph: stderr
2023-03-22T19:24:31.753+0000 7fb00dc31700 1 -- --> [v2:172.21.15.157:3300/0,v1:172.21.15.157:6789/0] -- mon_getmap magic: 0 v1 -- 0x7fb008107900 con 0x7fb008106fb0
2023-03-22T19:24:32.488 INFO:teuthology.orchestra.run.smithi157.stdout:/usr/bin/ceph: stderr
2023-03-22T19:24:31.753+0000 7fb0077fe700 1 --2- >> [v2:172.21.15.157:3300/0,v1:172.21.15.157:6789/0] conn(0x7fb008106fb0 0x7fb0081073c0 unknown :-1 s=BANNER_CONNECTING pgs=0 cs=0 l=0 rev1=0 crypto rx=0 tx=0 comp rx=0 tx=0)._handle_peer_banner_payload supported=3 required=0
2023-03-22T19:24:32.488 INFO:teuthology.orchestra.run.smithi157.stdout:/usr/bin/ceph: stderr
2023-03-22T19:24:31.753+0000 7fb0077fe700 1 --2- >> [v2:172.21.15.157:3300/0,v1:172.21.15.157:6789/0] conn(0x7fb008106fb0 0x7fb0081073c0 unknown :-1 s=HELLO_CONNECTING pgs=0 cs=0 l=0 rev1=1 crypto rx=0 tx=0 comp rx=0 tx=0).handle_hello peer v2:172.21.15.157:3300/0 says I am v2:172.21.15.157:54798/0 (socket says 172.21.15.157:54798)
2023-03-22T19:24:32.488 INFO:teuthology.orchestra.run.smithi157.stdout:/usr/bin/ceph: stderr
2023-03-22T19:24:31.754+0000 7fb0077fe700 1 -- 172.21.15.157:0/269796490 learned_addr learned my addr 172.21.15.157:0/269796490 (peer_addr_for_me v2:172.21.15.157:0/0)
2023-03-22T19:24:32.488 INFO:teuthology.orchestra.run.smithi157.stdout:/usr/bin/ceph: stderr
2023-03-22T19:24:31.754+0000 7fb0077fe700 1 -- 172.21.15.157:0/269796490 --> [v2:172.21.15.157:3300/0,v1:172.21.15.157:6789/0] -- mon_subscribe({config=0+,monmap=0+}) v3 -- 0x7fb008107a40 con 0x7fb008106fb0
2023-03-22T19:24:32.488 INFO:teuthology.orchestra.run.smithi157.stdout:/usr/bin/ceph: stderr
2023-03-22T19:24:31.754+0000 7fb0077fe700 1 --2- 172.21.15.157:0/269796490 >> [v2:172.21.15.157:3300/0,v1:172.21.15.157:6789/0] conn(0x7fb008106fb0 0x7fb0081073c0 secure :-1 s=READY pgs=51 cs=0 l=1 rev1=1 crypto rx=0x7faffc0098a0 tx=0x7faffc009bb0 comp rx=0 tx=0).ready entity=mon.0 client_cookie=36c653e752484bb server_cookie=0 in_seq=0 out_seq=0
2023-03-22T19:24:32.488 INFO:teuthology.orchestra.run.smithi157.stdout:/usr/bin/ceph: stderr
2023-03-22T19:24:31.754+0000 7fb0067fc700 1 -- 172.21.15.157:0/269796490 <== mon.0 v2:172.21.15.157:3300/0 1 ==== mon_map magic: 0 v1 ==== 205+0+0 (secure 0 0 0) 0x7faffc004160 con 0x7fb008106fb0
2023-03-22T19:24:32.489 INFO:teuthology.orchestra.run.smithi157.stdout:/usr/bin/ceph: stderr
2023-03-22T19:24:31.754+0000 7fb0067fc700 1 -- 172.21.15.157:0/269796490 <== mon.0 v2:172.21.15.157:3300/0 2 ==== config(26 keys) v1 ==== 1105+0+0 (secure 0 0 0) 0x7faffc0042c0 con 0x7fb008106fb0
2023-03-22T19:24:32.489 INFO:teuthology.orchestra.run.smithi157.stdout:/usr/bin/ceph: stderr
2023-03-22T19:24:31.754+0000 7fb0067fc700 1 -- 172.21.15.157:0/269796490 <== mon.0 v2:172.21.15.157:3300/0 3 ==== mon_map magic: 0 v1 ==== 205+0+0 (secure 0 0 0) 0x7faffc0119b0 con 0x7fb008106fb0
2023-03-22T19:24:32.489 INFO:teuthology.orchestra.run.smithi157.stdout:/usr/bin/ceph: stderr
2023-03-22T19:24:31.755+0000 7fb00dc31700 1 -- 172.21.15.157:0/269796490 >> [v2:172.21.15.157:3300/0,v1:172.21.15.157:6789/0] conn(0x7fb008106fb0 msgr2=0x7fb0081073c0 secure :-1 s=STATE_CONNECTION_ESTABLISHED l=1).mark_down
2023-03-22T19:24:32.489 INFO:teuthology.orchestra.run.smithi157.stdout:/usr/bin/ceph: stderr
2023-03-22T19:24:31.755+0000 7fb00dc31700 1 --2- 172.21.15.157:0/269796490 >> [v2:172.21.15.157:3300/0,v1:172.21.15.157:6789/0] conn(0x7fb008106fb0 0x7fb0081073c0 secure :-1 s=READY pgs=51 cs=0 l=1 rev1=1 crypto rx=0x7faffc0098a0 tx=0x7faffc009bb0 comp rx=0 tx=0).stop
2023-03-22T19:24:32.489 INFO:teuthology.orchestra.run.smithi157.stdout:/usr/bin/ceph: stderr
2023-03-22T19:24:31.755+0000 7fb00dc31700 1 -- 172.21.15.157:0/269796490 shutdown_connections
2023-03-22T19:24:32.489 INFO:teuthology.orchestra.run.smithi157.stdout:/usr/bin/ceph: stderr
2023-03-22T19:24:31.755+0000 7fb00dc31700 1 --2- 172.21.15.157:0/269796490 >> [v2:172.21.15.157:3300/0,v1:172.21.15.157:6789/0] conn(0x7fb008106fb0 0x7fb0081073c0 unknown :-1 s=CLOSED pgs=51 cs=0 l=1 rev1=1 crypto rx=0 tx=0 comp rx=0 tx=0).stop
2023-03-22T19:24:32.490 INFO:teuthology.orchestra.run.smithi157.stdout:/usr/bin/ceph: stderr
2023-03-22T19:24:31.755+0000 7fb00dc31700 1 -- 172.21.15.157:0/269796490 >> 172.21.15.157:0/269796490 conn(0x7fb0080ff660 msgr2=0x7fb008101a90 unknown :-1 s=STATE_NONE l=0).mark_down
2023-03-22T19:24:32.490 INFO:teuthology.orchestra.run.smithi157.stdout:/usr/bin/ceph: stderr
2023-03-22T19:24:31.755+0000 7fb00dc31700 1 -- 172.21.15.157:0/269796490 shutdown_connections
2023-03-22T19:24:32.490 INFO:teuthology.orchestra.run.smithi157.stdout:/usr/bin/ceph: stderr
2023-03-22T19:24:31.755+0000 7fb00dc31700 1 -- 172.21.15.157:0/269796490 wait complete.
2023-03-22T19:24:32.490 INFO:teuthology.orchestra.run.smithi157.stdout:/usr/bin/ceph: stderr
2023-03-22T19:24:31.755+0000 7fb00dc31700 1 Processor -- start
2023-03-22T19:24:32.490 INFO:teuthology.orchestra.run.smithi157.stdout:/usr/bin/ceph: stderr
2023-03-22T19:24:31.756+0000 7fb00dc31700 1 -- start start
2023-03-22T19:24:32.490 INFO:teuthology.orchestra.run.smithi157.stdout:/usr/bin/ceph: stderr
2023-03-22T19:24:31.756+0000 7fb00dc31700 1 --2- >> [v2:172.21.15.157:3300/0,v1:172.21.15.157:6789/0] conn(0x7fb008106fb0 0x7fb008199660 unknown :-1 s=NONE pgs=0 cs=0 l=1 rev1=0 crypto rx=0 tx=0 comp rx=0 tx=0).connect
2023-03-22T19:24:32.491 INFO:teuthology.orchestra.run.smithi157.stdout:/usr/bin/ceph: stderr
2023-03-22T19:24:31.756+0000 7fb00dc31700 1 -- --> [v2:172.21.15.157:3300/0,v1:172.21.15.157:6789/0] -- mon_getmap magic: 0 v1 -- 0x7fb008199ba0 con 0x7fb008106fb0
2023-03-22T19:24:32.491 INFO:teuthology.orchestra.run.smithi157.stdout:/usr/bin/ceph: stderr
2023-03-22T19:24:31.756+0000 7fb0077fe700 1 --2- >> [v2:172.21.15.157:3300/0,v1:172.21.15.157:6789/0] conn(0x7fb008106fb0 0x7fb008199660 unknown :-1 s=BANNER_CONNECTING pgs=0 cs=0 l=1 rev1=0 crypto rx=0 tx=0 comp rx=0 tx=0)._handle_peer_banner_payload supported=3 required=0
2023-03-22T19:24:32.491 INFO:teuthology.orchestra.run.smithi157.stdout:/usr/bin/ceph: stderr
2023-03-22T19:24:31.756+0000 7fb0077fe700 1 --2- >> [v2:172.21.15.157:3300/0,v1:172.21.15.157:6789/0] conn(0x7fb008106fb0 0x7fb008199660 unknown :-1 s=HELLO_CONNECTING pgs=0 cs=0 l=1 rev1=1 crypto rx=0 tx=0 comp rx=0 tx=0).handle_hello peer v2:172.21.15.157:3300/0 says I am v2:172.21.15.157:54800/0 (socket says 172.21.15.157:54800)
2023-03-22T19:24:32.491 INFO:teuthology.orchestra.run.smithi157.stdout:/usr/bin/ceph: stderr
2023-03-22T19:24:31.756+0000 7fb0077fe700 1 -- 172.21.15.157:0/3382856831 learned_addr learned my addr 172.21.15.157:0/3382856831 (peer_addr_for_me v2:172.21.15.157:0/0)
2023-03-22T19:24:32.491 INFO:teuthology.orchestra.run.smithi157.stdout:/usr/bin/ceph: stderr
2023-03-22T19:24:31.756+0000 7fb0077fe700 1 -- 172.21.15.157:0/3382856831 --> [v2:172.21.15.157:3300/0,v1:172.21.15.157:6789/0] -- mon_subscribe({config=0+,monmap=0+}) v3 -- 0x7faffc009550 con 0x7fb008106fb0
2023-03-22T19:24:32.491 INFO:teuthology.orchestra.run.smithi157.stdout:/usr/bin/ceph: stderr
2023-03-22T19:24:31.756+0000 7fb0077fe700 1 --2- 172.21.15.157:0/3382856831 >> [v2:172.21.15.157:3300/0,v1:172.21.15.157:6789/0] conn(0x7fb008106fb0 0x7fb008199660 secure :-1 s=READY pgs=52 cs=0 l=1 rev1=1 crypto rx=0x7faffc003e60 tx=0x7faffc011aa0 comp rx=0 tx=0).ready entity=mon.0 client_cookie=0 server_cookie=0 in_seq=0 out_seq=0
2023-03-22T19:24:32.491 INFO:teuthology.orchestra.run.smithi157.stdout:/usr/bin/ceph: stderr
2023-03-22T19:24:31.756+0000 7fb004ff9700 1 -- 172.21.15.157:0/3382856831 <== mon.0 v2:172.21.15.157:3300/0 1 ==== mon_map magic: 0 v1 ==== 205+0+0 (secure 0 0 0) 0x7faffc003970 con 0x7fb008106fb0
2023-03-22T19:24:32.492 INFO:teuthology.orchestra.run.smithi157.stdout:/usr/bin/ceph: stderr
2023-03-22T19:24:31.756+0000 7fb00dc31700 1 -- 172.21.15.157:0/3382856831 --> [v2:172.21.15.157:3300/0,v1:172.21.15.157:6789/0] -- mon_subscribe({mgrmap=0+}) v3 -- 0x7fb008104760 con 0x7fb008106fb0
2023-03-22T19:24:32.492 INFO:teuthology.orchestra.run.smithi157.stdout:/usr/bin/ceph: stderr
2023-03-22T19:24:31.756+0000 7fb004ff9700 1 -- 172.21.15.157:0/3382856831 <== mon.0 v2:172.21.15.157:3300/0 2 ==== config(26 keys) v1 ==== 1105+0+0 (secure 0 0 0) 0x7faffc003ad0 con 0x7fb008106fb0
2023-03-22T19:24:32.492 INFO:teuthology.orchestra.run.smithi157.stdout:/usr/bin/ceph: stderr
2023-03-22T19:24:31.756+0000 7fb004ff9700 1 -- 172.21.15.157:0/3382856831 <== mon.0 v2:172.21.15.157:3300/0 3 ==== mon_map magic: 0 v1 ==== 205+0+0 (secure 0 0 0) 0x7faffc0195e0 con 0x7fb008106fb0
2023-03-22T19:24:32.492 INFO:teuthology.orchestra.run.smithi157.stdout:/usr/bin/ceph: stderr
2023-03-22T19:24:31.757+0000 7fb00dc31700 1 -- 172.21.15.157:0/3382856831 --> [v2:172.21.15.157:3300/0,v1:172.21.15.157:6789/0] -- mon_subscribe({osdmap=0}) v3 -- 0x7fb0081045d0 con 0x7fb008106fb0
2023-03-22T19:24:32.492 INFO:teuthology.orchestra.run.smithi157.stdout:/usr/bin/ceph: stderr
2023-03-22T19:24:31.757+0000 7fb004ff9700 1 -- 172.21.15.157:0/3382856831 <== mon.0 v2:172.21.15.157:3300/0 4 ==== mgrmap(e 8) v1 ==== 44769+0+0 (secure 0 0 0) 0x7faffc0198a0 con 0x7fb008106fb0
2023-03-22T19:24:32.492 INFO:teuthology.orchestra.run.smithi157.stdout:/usr/bin/ceph: stderr
2023-03-22T19:24:31.758+0000 7fb004ff9700 1 --2- 172.21.15.157:0/3382856831 >> [v2:172.21.15.157:6800/2704211606,v1:172.21.15.157:6801/2704211606] conn(0x7faff0038000 0x7faff003a4b0 unknown :-1 s=NONE pgs=0 cs=0 l=1 rev1=0 crypto rx=0 tx=0 comp rx=0 tx=0).connect
2023-03-22T19:24:32.492 INFO:teuthology.orchestra.run.smithi157.stdout:/usr/bin/ceph: stderr
2023-03-22T19:24:31.758+0000 7fb004ff9700 1 -- 172.21.15.157:0/3382856831 <== mon.0 v2:172.21.15.157:3300/0 5 ==== osd_map(2..2 src has 1..2) v4 ==== 940+0+0 (secure 0 0 0) 0x7faffc04bef0 con 0x7fb008106fb0
2023-03-22T19:24:32.492 INFO:teuthology.orchestra.run.smithi157.stdout:/usr/bin/ceph: stderr
2023-03-22T19:24:31.758+0000 7fb00dc31700 1 -- 172.21.15.157:0/3382856831 --> [v2:172.21.15.157:3300/0,v1:172.21.15.157:6789/0] -- mon_command({"prefix": "get_command_descriptions"} v 0) v1 -- 0x7fb008109f80 con 0x7fb008106fb0
2023-03-22T19:24:32.493 INFO:teuthology.orchestra.run.smithi157.stdout:/usr/bin/ceph: stderr
2023-03-22T19:24:31.758+0000 7fb006ffd700 1 --2- 172.21.15.157:0/3382856831 >> [v2:172.21.15.157:6800/2704211606,v1:172.21.15.157:6801/2704211606] conn(0x7faff0038000 0x7faff003a4b0 unknown :-1 s=BANNER_CONNECTING pgs=0 cs=0 l=1 rev1=0 crypto rx=0 tx=0 comp rx=0 tx=0)._handle_peer_banner_payload supported=3 required=0
2023-03-22T19:24:32.493 INFO:teuthology.orchestra.run.smithi157.stdout:/usr/bin/ceph: stderr
2023-03-22T19:24:31.758+0000 7fb006ffd700 1 --2- 172.21.15.157:0/3382856831 >> [v2:172.21.15.157:6800/2704211606,v1:172.21.15.157:6801/2704211606] conn(0x7faff0038000 0x7faff003a4b0 secure :-1 s=READY pgs=14 cs=0 l=1 rev1=1 crypto rx=0x7faff8006fd0 tx=0x7faff8006e40 comp rx=0 tx=0).ready entity=mgr.14120 client_cookie=0 server_cookie=0 in_seq=0 out_seq=0
2023-03-22T19:24:32.493 INFO:teuthology.orchestra.run.smithi157.stdout:/usr/bin/ceph: stderr
2023-03-22T19:24:31.763+0000 7fb004ff9700 1 -- 172.21.15.157:0/3382856831 <== mon.0 v2:172.21.15.157:3300/0 6 ==== mon_command_ack([{"prefix": "get_command_descriptions"}]=0 v0) v1 ==== 72+0+177574 (secure 0 0 0) 0x7faffc019ba0 con 0x7fb008106fb0
2023-03-22T19:24:32.493 INFO:teuthology.orchestra.run.smithi157.stdout:/usr/bin/ceph: stderr
2023-03-22T19:24:31.954+0000 7fb00dc31700 1 -- 172.21.15.157:0/3382856831 --> [v2:172.21.15.157:3300/0,v1:172.21.15.157:6789/0] -- mon_command([{prefix=config set, name=mgr/cephadm/container_init}] v 0) v1 -- 0x7fb0080620b0 con 0x7fb008106fb0
2023-03-22T19:24:32.493 INFO:teuthology.orchestra.run.smithi157.stdout:/usr/bin/ceph: stderr
2023-03-22T19:24:31.957+0000 7fb004ff9700 1 -- 172.21.15.157:0/3382856831 <== mon.0 v2:172.21.15.157:3300/0 7 ==== mon_command_ack([{prefix=config set, name=mgr/cephadm/container_init}]=0 v7)=0 v7) v1 ==== 142+0+0 (secure 0 0 0) 0x7faffc003c40 con 0x7fb008106fb0
2023-03-22T19:24:32.493 INFO:teuthology.orchestra.run.smithi157.stdout:/usr/bin/ceph: stderr
2023-03-22T19:24:31.960+0000 7fb00dc31700 1 -- 172.21.15.157:0/3382856831 >> [v2:172.21.15.157:6800/2704211606,v1:172.21.15.157:6801/2704211606] conn(0x7faff0038000 msgr2=0x7faff003a4b0 secure :-1 s=STATE_CONNECTION_ESTABLISHED l=1).mark_down
2023-03-22T19:24:32.493 INFO:teuthology.orchestra.run.smithi157.stdout:/usr/bin/ceph: stderr
2023-03-22T19:24:31.960+0000 7fb00dc31700 1 --2- 172.21.15.157:0/3382856831 >> [v2:172.21.15.157:6800/2704211606,v1:172.21.15.157:6801/2704211606] conn(0x7faff0038000 0x7faff003a4b0 secure :-1 s=READY pgs=14 cs=0 l=1 rev1=1 crypto rx=0x7faff8006fd0 tx=0x7faff8006e40 comp rx=0 tx=0).stop
2023-03-22T19:24:32.494 INFO:teuthology.orchestra.run.smithi157.stdout:/usr/bin/ceph: stderr
2023-03-22T19:24:31.960+0000 7fb00dc31700 1 -- 172.21.15.157:0/3382856831 >> [v2:172.21.15.157:3300/0,v1:172.21.15.157:6789/0] conn(0x7fb008106fb0 msgr2=0x7fb008199660 secure :-1 s=STATE_CONNECTION_ESTABLISHED l=1).mark_down
2023-03-22T19:24:32.494 INFO:teuthology.orchestra.run.smithi157.stdout:/usr/bin/ceph: stderr
2023-03-22T19:24:31.960+0000 7fb00dc31700 1 --2- 172.21.15.157:0/3382856831 >> [v2:172.21.15.157:3300/0,v1:172.21.15.157:6789/0] conn(0x7fb008106fb0 0x7fb008199660 secure :-1 s=READY pgs=52 cs=0 l=1 rev1=1 crypto rx=0x7faffc003e60 tx=0x7faffc011aa0 comp rx=0 tx=0).stop
2023-03-22T19:24:32.494 INFO:teuthology.orchestra.run.smithi157.stdout:/usr/bin/ceph: stderr
2023-03-22T19:24:31.960+0000 7fb00dc31700 1 -- 172.21.15.157:0/3382856831 shutdown_connections
2023-03-22T19:24:32.494 INFO:teuthology.orchestra.run.smithi157.stdout:/usr/bin/ceph: stderr
2023-03-22T19:24:31.960+0000 7fb00dc31700 1 --2- 172.21.15.157:0/3382856831 >> [v2:172.21.15.157:6800/2704211606,v1:172.21.15.157:6801/2704211606] conn(0x7faff0038000 0x7faff003a4b0 unknown :-1 s=CLOSED pgs=14 cs=0 l=1 rev1=1 crypto rx=0 tx=0 comp rx=0 tx=0).stop
2023-03-22T19:24:32.494 INFO:teuthology.orchestra.run.smithi157.stdout:/usr/bin/ceph: stderr
2023-03-22T19:24:31.960+0000 7fb00dc31700 1 --2- 172.21.15.157:0/3382856831 >> [v2:172.21.15.157:3300/0,v1:172.21.15.157:6789/0] conn(0x7fb008106fb0 0x7fb008199660 unknown :-1 s=CLOSED pgs=52 cs=0 l=1 rev1=1 crypto rx=0 tx=0 comp rx=0 tx=0).stop
2023-03-22T19:24:32.494 INFO:teuthology.orchestra.run.smithi157.stdout:/usr/bin/ceph: stderr
2023-03-22T19:24:31.960+0000 7fb00dc31700 1 -- 172.21.15.157:0/3382856831 >> 172.21.15.157:0/3382856831 conn(0x7fb0080ff660 msgr2=0x7fb008100410 unknown :-1 s=STATE_NONE l=0).mark_down
2023-03-22T19:24:32.494 INFO:teuthology.orchestra.run.smithi157.stdout:/usr/bin/ceph: stderr
2023-03-22T19:24:31.960+0000 7fb00dc31700 1 -- 172.21.15.157:0/3382856831 shutdown_connections
2023-03-22T19:24:32.495 INFO:teuthology.orchestra.run.smithi157.stdout:/usr/bin/ceph: stderr
2023-03-22T19:24:31.960+0000 7fb00dc31700 1 -- 172.21.15.157:0/3382856831 wait complete.
2023-03-22T19:24:33.172 INFO:journalctl@ceph.mon.a.smithi157.stdout:Mar 22 19:24:32 smithi157 ceph-mon[93025]: from='client.? 172.21.15.157:0/3382856831' entity='client.admin'
2023-03-22T19:24:33.735 INFO:teuthology.orchestra.run.smithi157.stdout:/usr/bin/ceph: stderr
2023-03-22T19:24:33.104+0000 7f27f18a1700 1 Processor -- start
2023-03-22T19:24:33.736 INFO:teuthology.orchestra.run.smithi157.stdout:/usr/bin/ceph: stderr
2023-03-22T19:24:33.104+0000 7f27f18a1700 1 -- start start
2023-03-22T19:24:33.736 INFO:teuthology.orchestra.run.smithi157.stdout:/usr/bin/ceph: stderr
2023-03-22T19:24:33.104+0000 7f27f18a1700 1 --2- >> [v2:172.21.15.157:3300/0,v1:172.21.15.157:6789/0] conn(0x7f27ec105f20 0x7f27ec106330 unknown :-1 s=NONE pgs=0 cs=0 l=0 rev1=0 crypto rx=0 tx=0 comp rx=0 tx=0).connect
2023-03-22T19:24:33.737 INFO:teuthology.orchestra.run.smithi157.stdout:/usr/bin/ceph: stderr
2023-03-22T19:24:33.104+0000 7f27f18a1700 1 -- --> [v2:172.21.15.157:3300/0,v1:172.21.15.157:6789/0] -- mon_getmap magic: 0 v1 -- 0x7f27ec106870 con 0x7f27ec105f20
2023-03-22T19:24:33.737 INFO:teuthology.orchestra.run.smithi157.stdout:/usr/bin/ceph: stderr
2023-03-22T19:24:33.105+0000 7f27eaffd700 1 --2- >> [v2:172.21.15.157:3300/0,v1:172.21.15.157:6789/0] conn(0x7f27ec105f20 0x7f27ec106330 unknown :-1 s=BANNER_CONNECTING pgs=0 cs=0 l=0 rev1=0 crypto rx=0 tx=0 comp rx=0 tx=0)._handle_peer_banner_payload supported=3 required=0
2023-03-22T19:24:33.737 INFO:teuthology.orchestra.run.smithi157.stdout:/usr/bin/ceph: stderr
2023-03-22T19:24:33.105+0000 7f27eaffd700 1 --2- >> [v2:172.21.15.157:3300/0,v1:172.21.15.157:6789/0] conn(0x7f27ec105f20 0x7f27ec106330 unknown :-1 s=HELLO_CONNECTING pgs=0 cs=0 l=0 rev1=1 crypto rx=0 tx=0 comp rx=0 tx=0).handle_hello peer v2:172.21.15.157:3300/0 says I am v2:172.21.15.157:54804/0 (socket says 172.21.15.157:54804)
2023-03-22T19:24:33.737 INFO:teuthology.orchestra.run.smithi157.stdout:/usr/bin/ceph: stderr
2023-03-22T19:24:33.105+0000 7f27eaffd700 1 -- 172.21.15.157:0/1708733209 learned_addr learned my addr 172.21.15.157:0/1708733209 (peer_addr_for_me v2:172.21.15.157:0/0)
2023-03-22T19:24:33.738 INFO:teuthology.orchestra.run.smithi157.stdout:/usr/bin/ceph: stderr
2023-03-22T19:24:33.105+0000 7f27eaffd700 1 -- 172.21.15.157:0/1708733209 --> [v2:172.21.15.157:3300/0,v1:172.21.15.157:6789/0] -- mon_subscribe({config=0+,monmap=0+}) v3 -- 0x7f27ec1069b0 con 0x7f27ec105f20
2023-03-22T19:24:33.738 INFO:teuthology.orchestra.run.smithi157.stdout:/usr/bin/ceph: stderr
2023-03-22T19:24:33.105+0000 7f27eaffd700 1 --2- 172.21.15.157:0/1708733209 >> [v2:172.21.15.157:3300/0,v1:172.21.15.157:6789/0] conn(0x7f27ec105f20 0x7f27ec106330 secure :-1 s=READY pgs=53 cs=0 l=1 rev1=1 crypto rx=0x7f27e00098a0 tx=0x7f27e0009bb0 comp rx=0 tx=0).ready entity=mon.0 client_cookie=15a847e85f711a93 server_cookie=0 in_seq=0 out_seq=0
2023-03-22T19:24:33.738 INFO:teuthology.orchestra.run.smithi157.stdout:/usr/bin/ceph: stderr
2023-03-22T19:24:33.105+0000 7f27e9ffb700 1 -- 172.21.15.157:0/1708733209 <== mon.0 v2:172.21.15.157:3300/0 1 ==== mon_map magic: 0 v1 ==== 205+0+0 (secure 0 0 0) 0x7f27e0004160 con 0x7f27ec105f20
2023-03-22T19:24:33.738 INFO:teuthology.orchestra.run.smithi157.stdout:/usr/bin/ceph: stderr
2023-03-22T19:24:33.105+0000 7f27e9ffb700 1 -- 172.21.15.157:0/1708733209 <== mon.0 v2:172.21.15.157:3300/0 2 ==== config(26 keys) v1 ==== 1105+0+0 (secure 0 0 0) 0x7f27e00042c0 con 0x7f27ec105f20
2023-03-22T19:24:33.739 INFO:teuthology.orchestra.run.smithi157.stdout:/usr/bin/ceph: stderr
2023-03-22T19:24:33.105+0000 7f27e9ffb700 1 -- 172.21.15.157:0/1708733209 <== mon.0 v2:172.21.15.157:3300/0 3 ==== mon_map magic: 0 v1 ==== 205+0+0 (secure 0 0 0) 0x7f27e00119b0 con 0x7f27ec105f20
2023-03-22T19:24:33.739 INFO:teuthology.orchestra.run.smithi157.stdout:/usr/bin/ceph: stderr
2023-03-22T19:24:33.106+0000 7f27f18a1700 1 -- 172.21.15.157:0/1708733209 >> [v2:172.21.15.157:3300/0,v1:172.21.15.157:6789/0] conn(0x7f27ec105f20 msgr2=0x7f27ec106330 secure :-1 s=STATE_CONNECTION_ESTABLISHED l=1).mark_down
2023-03-22T19:24:33.739 INFO:teuthology.orchestra.run.smithi157.stdout:/usr/bin/ceph: stderr
2023-03-22T19:24:33.106+0000 7f27f18a1700 1 --2- 172.21.15.157:0/1708733209 >> [v2:172.21.15.157:3300/0,v1:172.21.15.157:6789/0] conn(0x7f27ec105f20 0x7f27ec106330 secure :-1 s=READY pgs=53 cs=0 l=1 rev1=1 crypto rx=0x7f27e00098a0 tx=0x7f27e0009bb0 comp rx=0 tx=0).stop
2023-03-22T19:24:33.739 INFO:teuthology.orchestra.run.smithi157.stdout:/usr/bin/ceph: stderr
2023-03-22T19:24:33.106+0000 7f27f18a1700 1 -- 172.21.15.157:0/1708733209 shutdown_connections
2023-03-22T19:24:33.740 INFO:teuthology.orchestra.run.smithi157.stdout:/usr/bin/ceph: stderr
2023-03-22T19:24:33.106+0000 7f27f18a1700 1 --2- 172.21.15.157:0/1708733209 >> [v2:172.21.15.157:3300/0,v1:172.21.15.157:6789/0] conn(0x7f27ec105f20 0x7f27ec106330 unknown :-1 s=CLOSED pgs=53 cs=0 l=1 rev1=1 crypto rx=0 tx=0 comp rx=0 tx=0).stop
2023-03-22T19:24:33.740 INFO:teuthology.orchestra.run.smithi157.stdout:/usr/bin/ceph: stderr
2023-03-22T19:24:33.106+0000 7f27f18a1700 1 -- 172.21.15.157:0/1708733209 >> 172.21.15.157:0/1708733209 conn(0x7f27ec0ff660 msgr2=0x7f27ec101a90 unknown :-1 s=STATE_NONE l=0).mark_down
2023-03-22T19:24:33.740 INFO:teuthology.orchestra.run.smithi157.stdout:/usr/bin/ceph: stderr
2023-03-22T19:24:33.106+0000 7f27f18a1700 1 -- 172.21.15.157:0/1708733209 shutdown_connections
2023-03-22T19:24:33.741 INFO:teuthology.orchestra.run.smithi157.stdout:/usr/bin/ceph: stderr
2023-03-22T19:24:33.106+0000 7f27f18a1700 1 -- 172.21.15.157:0/1708733209 wait complete.
2023-03-22T19:24:33.741 INFO:teuthology.orchestra.run.smithi157.stdout:/usr/bin/ceph: stderr
2023-03-22T19:24:33.107+0000 7f27f18a1700 1 Processor -- start
2023-03-22T19:24:33.741 INFO:teuthology.orchestra.run.smithi157.stdout:/usr/bin/ceph: stderr
2023-03-22T19:24:33.107+0000 7f27f18a1700 1 -- start start
2023-03-22T19:24:33.741 INFO:teuthology.orchestra.run.smithi157.stdout:/usr/bin/ceph: stderr
2023-03-22T19:24:33.107+0000 7f27f18a1700 1 --2- >> [v2:172.21.15.157:3300/0,v1:172.21.15.157:6789/0] conn(0x7f27ec105f20 0x7f27ec19b830 unknown :-1 s=NONE pgs=0 cs=0 l=1 rev1=0 crypto rx=0 tx=0 comp rx=0 tx=0).connect
2023-03-22T19:24:33.742 INFO:teuthology.orchestra.run.smithi157.stdout:/usr/bin/ceph: stderr
2023-03-22T19:24:33.107+0000 7f27f18a1700 1 -- --> [v2:172.21.15.157:3300/0,v1:172.21.15.157:6789/0] -- mon_getmap magic: 0 v1 -- 0x7f27ec19bd70 con 0x7f27ec105f20
2023-03-22T19:24:33.742 INFO:teuthology.orchestra.run.smithi157.stdout:/usr/bin/ceph: stderr
2023-03-22T19:24:33.107+0000 7f27eaffd700 1 --2- >> [v2:172.21.15.157:3300/0,v1:172.21.15.157:6789/0] conn(0x7f27ec105f20 0x7f27ec19b830 unknown :-1 s=BANNER_CONNECTING pgs=0 cs=0 l=1 rev1=0 crypto rx=0 tx=0 comp rx=0 tx=0)._handle_peer_banner_payload supported=3 required=0
2023-03-22T19:24:33.742 INFO:teuthology.orchestra.run.smithi157.stdout:/usr/bin/ceph: stderr
2023-03-22T19:24:33.107+0000 7f27eaffd700 1 --2- >> [v2:172.21.15.157:3300/0,v1:172.21.15.157:6789/0] conn(0x7f27ec105f20 0x7f27ec19b830 unknown :-1 s=HELLO_CONNECTING pgs=0 cs=0 l=1 rev1=1 crypto rx=0 tx=0 comp rx=0 tx=0).handle_hello peer v2:172.21.15.157:3300/0 says I am v2:172.21.15.157:54806/0 (socket says 172.21.15.157:54806)
2023-03-22T19:24:33.742 INFO:teuthology.orchestra.run.smithi157.stdout:/usr/bin/ceph: stderr
2023-03-22T19:24:33.107+0000 7f27eaffd700 1 -- 172.21.15.157:0/3479223101 learned_addr learned my addr 172.21.15.157:0/3479223101 (peer_addr_for_me v2:172.21.15.157:0/0)
2023-03-22T19:24:33.743 INFO:teuthology.orchestra.run.smithi157.stdout:/usr/bin/ceph: stderr
2023-03-22T19:24:33.107+0000 7f27eaffd700 1 -- 172.21.15.157:0/3479223101 --> [v2:172.21.15.157:3300/0,v1:172.21.15.157:6789/0] -- mon_subscribe({config=0+,monmap=0+}) v3 -- 0x7f27e0009550 con 0x7f27ec105f20
2023-03-22T19:24:33.743 INFO:teuthology.orchestra.run.smithi157.stdout:/usr/bin/ceph: stderr
2023-03-22T19:24:33.107+0000 7f27eaffd700 1 --2- 172.21.15.157:0/3479223101 >> [v2:172.21.15.157:3300/0,v1:172.21.15.157:6789/0] conn(0x7f27ec105f20 0x7f27ec19b830 secure :-1 s=READY pgs=54 cs=0 l=1 rev1=1 crypto rx=0x7f27e0003e60 tx=0x7f27e0011aa0 comp rx=0 tx=0).ready entity=mon.0 client_cookie=0 server_cookie=0 in_seq=0 out_seq=0
2023-03-22T19:24:33.743 INFO:teuthology.orchestra.run.smithi157.stdout:/usr/bin/ceph: stderr
2023-03-22T19:24:33.108+0000 7f27f089f700 1 -- 172.21.15.157:0/3479223101 <== mon.0 v2:172.21.15.157:3300/0 1 ==== mon_map magic: 0 v1 ==== 205+0+0 (secure 0 0 0) 0x7f27e0003970 con 0x7f27ec105f20
2023-03-22T19:24:33.743 INFO:teuthology.orchestra.run.smithi157.stdout:/usr/bin/ceph: stderr
2023-03-22T19:24:33.108+0000 7f27f089f700 1 -- 172.21.15.157:0/3479223101 <== mon.0 v2:172.21.15.157:3300/0 2 ==== config(26 keys) v1 ==== 1105+0+0 (secure 0 0 0) 0x7f27e0003ad0 con 0x7f27ec105f20
2023-03-22T19:24:33.744 INFO:teuthology.orchestra.run.smithi157.stdout:/usr/bin/ceph: stderr
2023-03-22T19:24:33.108+0000 7f27f18a1700 1 -- 172.21.15.157:0/3479223101 --> [v2:172.21.15.157:3300/0,v1:172.21.15.157:6789/0] -- mon_subscribe({mgrmap=0+}) v3 -- 0x7f27ec10be90 con 0x7f27ec105f20
2023-03-22T19:24:33.744 INFO:teuthology.orchestra.run.smithi157.stdout:/usr/bin/ceph: stderr
2023-03-22T19:24:33.108+0000 7f27f089f700 1 -- 172.21.15.157:0/3479223101 <== mon.0 v2:172.21.15.157:3300/0 3 ==== mon_map magic: 0 v1 ==== 205+0+0 (secure 0 0 0) 0x7f27e00195e0 con 0x7f27ec105f20
2023-03-22T19:24:33.744 INFO:teuthology.orchestra.run.smithi157.stdout:/usr/bin/ceph: stderr
2023-03-22T19:24:33.108+0000 7f27f18a1700 1 -- 172.21.15.157:0/3479223101 --> [v2:172.21.15.157:3300/0,v1:172.21.15.157:6789/0] -- mon_subscribe({osdmap=0}) v3 -- 0x7f27ec10bd00 con 0x7f27ec105f20
2023-03-22T19:24:33.745 INFO:teuthology.orchestra.run.smithi157.stdout:/usr/bin/ceph: stderr
2023-03-22T19:24:33.109+0000 7f27f089f700 1 -- 172.21.15.157:0/3479223101 <== mon.0 v2:172.21.15.157:3300/0 4 ==== mgrmap(e 8) v1 ==== 44769+0+0 (secure 0 0 0) 0x7f27e00198a0 con 0x7f27ec105f20
2023-03-22T19:24:33.745 INFO:teuthology.orchestra.run.smithi157.stdout:/usr/bin/ceph: stderr
2023-03-22T19:24:33.109+0000 7f27f18a1700 1 -- 172.21.15.157:0/3479223101 --> [v2:172.21.15.157:3300/0,v1:172.21.15.157:6789/0] -- mon_command({"prefix": "get_command_descriptions"} v 0) v1 -- 0x7f27ec10c020 con 0x7f27ec105f20
2023-03-22T19:24:33.746 INFO:teuthology.orchestra.run.smithi157.stdout:/usr/bin/ceph: stderr
2023-03-22T19:24:33.109+0000 7f27f089f700 1 --2- 172.21.15.157:0/3479223101 >> [v2:172.21.15.157:6800/2704211606,v1:172.21.15.157:6801/2704211606] conn(0x7f27d4038000 0x7f27d403a4b0 unknown :-1 s=NONE pgs=0 cs=0 l=1 rev1=0 crypto rx=0 tx=0 comp rx=0 tx=0).connect
2023-03-22T19:24:33.746 INFO:teuthology.orchestra.run.smithi157.stdout:/usr/bin/ceph: stderr
2023-03-22T19:24:33.109+0000 7f27f089f700 1 -- 172.21.15.157:0/3479223101 <== mon.0 v2:172.21.15.157:3300/0 5 ==== osd_map(2..2 src has 1..2) v4 ==== 940+0+0 (secure 0 0 0) 0x7f27e004cdf0 con 0x7f27ec105f20
2023-03-22T19:24:33.746 INFO:teuthology.orchestra.run.smithi157.stdout:/usr/bin/ceph: stderr
2023-03-22T19:24:33.109+0000 7f27ea7fc700 1 --2- 172.21.15.157:0/3479223101 >> [v2:172.21.15.157:6800/2704211606,v1:172.21.15.157:6801/2704211606] conn(0x7f27d4038000 0x7f27d403a4b0 unknown :-1 s=BANNER_CONNECTING pgs=0 cs=0 l=1 rev1=0 crypto rx=0 tx=0 comp rx=0 tx=0)._handle_peer_banner_payload supported=3 required=0
2023-03-22T19:24:33.747 INFO:teuthology.orchestra.run.smithi157.stdout:/usr/bin/ceph: stderr
2023-03-22T19:24:33.109+0000 7f27ea7fc700 1 --2- 172.21.15.157:0/3479223101 >> [v2:172.21.15.157:6800/2704211606,v1:172.21.15.157:6801/2704211606] conn(0x7f27d4038000 0x7f27d403a4b0 secure :-1 s=READY pgs=15 cs=0 l=1 rev1=1 crypto rx=0x7f27dc006fd0 tx=0x7f27dc006e40 comp rx=0 tx=0).ready entity=mgr.14120 client_cookie=0 server_cookie=0 in_seq=0 out_seq=0
2023-03-22T19:24:33.747 INFO:teuthology.orchestra.run.smithi157.stdout:/usr/bin/ceph: stderr
2023-03-22T19:24:33.114+0000 7f27f089f700 1 -- 172.21.15.157:0/3479223101 <== mon.0 v2:172.21.15.157:3300/0 6 ==== mon_command_ack([{"prefix": "get_command_descriptions"}]=0 v0) v1 ==== 72+0+177574 (secure 0 0 0) 0x7f27e0018d20 con 0x7f27ec105f20
2023-03-22T19:24:33.748 INFO:teuthology.orchestra.run.smithi157.stdout:/usr/bin/ceph: stderr
2023-03-22T19:24:33.312+0000 7f27f18a1700 1 -- 172.21.15.157:0/3479223101 --> [v2:172.21.15.157:3300/0,v1:172.21.15.157:6789/0] -- mon_command([{prefix=config set, name=mgr/dashboard/ssl_server_port}] v 0) v1 -- 0x7f27ec10c020 con 0x7f27ec105f20
2023-03-22T19:24:33.748 INFO:teuthology.orchestra.run.smithi157.stdout:/usr/bin/ceph: stderr
2023-03-22T19:24:33.315+0000 7f27f089f700 1 -- 172.21.15.157:0/3479223101 <== mon.0 v2:172.21.15.157:3300/0 7 ==== mon_command_ack([{prefix=config set, name=mgr/dashboard/ssl_server_port}]=0 v8)=0 v8) v1 ==== 130+0+0 (secure 0 0 0) 0x7f27e0018b40 con 0x7f27ec105f20
2023-03-22T19:24:33.749 INFO:teuthology.orchestra.run.smithi157.stdout:/usr/bin/ceph: stderr
2023-03-22T19:24:33.317+0000 7f27f18a1700 1 -- 172.21.15.157:0/3479223101 >> [v2:172.21.15.157:6800/2704211606,v1:172.21.15.157:6801/2704211606] conn(0x7f27d4038000 msgr2=0x7f27d403a4b0 secure :-1 s=STATE_CONNECTION_ESTABLISHED l=1).mark_down
2023-03-22T19:24:33.749 INFO:teuthology.orchestra.run.smithi157.stdout:/usr/bin/ceph: stderr
2023-03-22T19:24:33.317+0000 7f27f18a1700 1 --2- 172.21.15.157:0/3479223101 >> [v2:172.21.15.157:6800/2704211606,v1:172.21.15.157:6801/2704211606] conn(0x7f27d4038000 0x7f27d403a4b0 secure :-1 s=READY pgs=15 cs=0 l=1 rev1=1 crypto rx=0x7f27dc006fd0 tx=0x7f27dc006e40 comp rx=0 tx=0).stop
2023-03-22T19:24:33.750 INFO:teuthology.orchestra.run.smithi157.stdout:/usr/bin/ceph: stderr
2023-03-22T19:24:33.317+0000 7f27f18a1700 1 -- 172.21.15.157:0/3479223101 >> [v2:172.21.15.157:3300/0,v1:172.21.15.157:6789/0] conn(0x7f27ec105f20 msgr2=0x7f27ec19b830 secure :-1 s=STATE_CONNECTION_ESTABLISHED l=1).mark_down
2023-03-22T19:24:33.750 INFO:teuthology.orchestra.run.smithi157.stdout:/usr/bin/ceph: stderr
2023-03-22T19:24:33.317+0000 7f27f18a1700 1 --2- 172.21.15.157:0/3479223101 >> [v2:172.21.15.157:3300/0,v1:172.21.15.157:6789/0] conn(0x7f27ec105f20 0x7f27ec19b830 secure :-1 s=READY pgs=54 cs=0 l=1 rev1=1 crypto rx=0x7f27e0003e60 tx=0x7f27e0011aa0 comp rx=0 tx=0).stop
2023-03-22T19:24:33.750 INFO:teuthology.orchestra.run.smithi157.stdout:/usr/bin/ceph: stderr
2023-03-22T19:24:33.318+0000 7f27f18a1700 1 -- 172.21.15.157:0/3479223101 shutdown_connections
2023-03-22T19:24:33.751 INFO:teuthology.orchestra.run.smithi157.stdout:/usr/bin/ceph: stderr
2023-03-22T19:24:33.318+0000 7f27f18a1700 1 --2- 172.21.15.157:0/3479223101 >> [v2:172.21.15.157:6800/2704211606,v1:172.21.15.157:6801/2704211606] conn(0x7f27d4038000 0x7f27d403a4b0 unknown :-1 s=CLOSED pgs=15 cs=0 l=1 rev1=1 crypto rx=0 tx=0 comp rx=0 tx=0).stop
2023-03-22T19:24:33.751 INFO:teuthology.orchestra.run.smithi157.stdout:/usr/bin/ceph: stderr
2023-03-22T19:24:33.318+0000 7f27f18a1700 1 --2- 172.21.15.157:0/3479223101 >> [v2:172.21.15.157:3300/0,v1:172.21.15.157:6789/0] conn(0x7f27ec105f20 0x7f27ec19b830 unknown :-1 s=CLOSED pgs=54 cs=0 l=1 rev1=1 crypto rx=0 tx=0 comp rx=0 tx=0).stop
2023-03-22T19:24:33.752 INFO:teuthology.orchestra.run.smithi157.stdout:/usr/bin/ceph: stderr
2023-03-22T19:24:33.318+0000 7f27f18a1700 1 -- 172.21.15.157:0/3479223101 >> 172.21.15.157:0/3479223101 conn(0x7f27ec0ff660 msgr2=0x7f27ec1003a0 unknown :-1 s=STATE_NONE l=0).mark_down
2023-03-22T19:24:33.752 INFO:teuthology.orchestra.run.smithi157.stdout:/usr/bin/ceph: stderr
2023-03-22T19:24:33.318+0000 7f27f18a1700 1 -- 172.21.15.157:0/3479223101 shutdown_connections
2023-03-22T19:24:33.752 INFO:teuthology.orchestra.run.smithi157.stdout:/usr/bin/ceph: stderr
2023-03-22T19:24:33.318+0000 7f27f18a1700 1 -- 172.21.15.157:0/3479223101 wait complete.
2023-03-22T19:24:33.753 INFO:teuthology.orchestra.run.smithi157.stdout:Enabling the dashboard module...
2023-03-22T19:24:34.422 INFO:journalctl@ceph.mon.a.smithi157.stdout:Mar 22 19:24:34 smithi157 ceph-mon[93025]: from='mgr.14120 172.21.15.157:0/1281168166' entity='mgr.x'
2023-03-22T19:24:34.422 INFO:journalctl@ceph.mon.a.smithi157.stdout:Mar 22 19:24:34 smithi157 ceph-mon[93025]: from='client.? 172.21.15.157:0/3479223101' entity='client.admin'
2023-03-22T19:24:35.276 INFO:journalctl@ceph.mon.a.smithi157.stdout:Mar 22 19:24:35 smithi157 ceph-mon[93025]: from='mgr.14120 172.21.15.157:0/1281168166' entity='mgr.x'
2023-03-22T19:24:35.276 INFO:journalctl@ceph.mon.a.smithi157.stdout:Mar 22 19:24:35 smithi157 ceph-mon[93025]: from='client.? 172.21.15.157:0/3567310982' entity='client.admin' cmd=[{"prefix": "mgr module enable", "module": "dashboard"}]: dispatch
2023-03-22T19:24:35.277 INFO:journalctl@ceph.mgr.x.smithi157.stdout:Mar 22 19:24:35 smithi157 ceph-ec44e892-c8e6-11ed-9afe-001a4aab830c-mgr-x[93271]: ignoring --setuser ceph since I am not root
2023-03-22T19:24:35.277 INFO:journalctl@ceph.mgr.x.smithi157.stdout:Mar 22 19:24:35 smithi157 ceph-ec44e892-c8e6-11ed-9afe-001a4aab830c-mgr-x[93271]: ignoring --setgroup ceph since I am not root
2023-03-22T19:24:35.572 INFO:journalctl@ceph.mgr.x.smithi157.stdout:Mar 22 19:24:35 smithi157 ceph-ec44e892-c8e6-11ed-9afe-001a4aab830c-mgr-x[93271]:
2023-03-22T19:24:35.307+0000 7f591f2aa200 -1 mgr[py] Module devicehealth has missing NOTIFY_TYPES member
2023-03-22T19:24:35.572 INFO:journalctl@ceph.mgr.x.smithi157.stdout:Mar 22 19:24:35 smithi157 ceph-ec44e892-c8e6-11ed-9afe-001a4aab830c-mgr-x[93271]:
2023-03-22T19:24:35.387+0000 7f591f2aa200 -1 mgr[py] Module osd_support has missing NOTIFY_TYPES member
2023-03-22T19:24:35.573 INFO:journalctl@ceph.mgr.x.smithi157.stdout:Mar 22 19:24:35 smithi157 ceph-ec44e892-c8e6-11ed-9afe-001a4aab830c-mgr-x[93271]:
2023-03-22T19:24:35.477+0000 7f591f2aa200 -1 mgr[py] Module snap_schedule has missing NOTIFY_TYPES member
2023-03-22T19:24:35.577 INFO:teuthology.orchestra.run.smithi157.stdout:/usr/bin/ceph: stderr
2023-03-22T19:24:34.203+0000 7fa9e93f9700 1 Processor -- start
2023-03-22T19:24:35.581 INFO:teuthology.orchestra.run.smithi157.stdout:/usr/bin/ceph: stderr
2023-03-22T19:24:34.203+0000 7fa9e93f9700 1 -- start start
2023-03-22T19:24:35.581 INFO:teuthology.orchestra.run.smithi157.stdout:/usr/bin/ceph: stderr
2023-03-22T19:24:34.203+0000 7fa9e93f9700 1 --2- >> [v2:172.21.15.157:3300/0,v1:172.21.15.157:6789/0] conn(0x7fa9e4104890 0x7fa9e4104ca0 unknown :-1 s=NONE pgs=0 cs=0 l=0 rev1=0 crypto rx=0 tx=0 comp rx=0 tx=0).connect
2023-03-22T19:24:35.581 INFO:teuthology.orchestra.run.smithi157.stdout:/usr/bin/ceph: stderr
2023-03-22T19:24:34.203+0000 7fa9e93f9700 1 -- --> [v2:172.21.15.157:3300/0,v1:172.21.15.157:6789/0] -- mon_getmap magic: 0 v1 -- 0x7fa9e41051e0 con 0x7fa9e4104890
2023-03-22T19:24:35.581 INFO:teuthology.orchestra.run.smithi157.stdout:/usr/bin/ceph: stderr
2023-03-22T19:24:34.203+0000 7fa9e2ffd700 1 --2- >> [v2:172.21.15.157:3300/0,v1:172.21.15.157:6789/0] conn(0x7fa9e4104890 0x7fa9e4104ca0 unknown :-1 s=BANNER_CONNECTING pgs=0 cs=0 l=0 rev1=0 crypto rx=0 tx=0 comp rx=0 tx=0)._handle_peer_banner_payload supported=3 required=0
2023-03-22T19:24:35.581 INFO:teuthology.orchestra.run.smithi157.stdout:/usr/bin/ceph: stderr
2023-03-22T19:24:34.203+0000 7fa9e2ffd700 1 --2- >> [v2:172.21.15.157:3300/0,v1:172.21.15.157:6789/0] conn(0x7fa9e4104890 0x7fa9e4104ca0 unknown :-1 s=HELLO_CONNECTING pgs=0 cs=0 l=0 rev1=1 crypto rx=0 tx=0 comp rx=0 tx=0).handle_hello peer v2:172.21.15.157:3300/0 says I am v2:172.21.15.157:54810/0 (socket says 172.21.15.157:54810)
2023-03-22T19:24:35.582 INFO:teuthology.orchestra.run.smithi157.stdout:/usr/bin/ceph: stderr
2023-03-22T19:24:34.203+0000 7fa9e2ffd700 1 -- 172.21.15.157:0/2133496485 learned_addr learned my addr 172.21.15.157:0/2133496485 (peer_addr_for_me v2:172.21.15.157:0/0)
2023-03-22T19:24:35.582 INFO:teuthology.orchestra.run.smithi157.stdout:/usr/bin/ceph: stderr
2023-03-22T19:24:34.204+0000 7fa9e2ffd700 1 -- 172.21.15.157:0/2133496485 --> [v2:172.21.15.157:3300/0,v1:172.21.15.157:6789/0] -- mon_subscribe({config=0+,monmap=0+}) v3 -- 0x7fa9e4105320 con 0x7fa9e4104890
2023-03-22T19:24:35.582 INFO:teuthology.orchestra.run.smithi157.stdout:/usr/bin/ceph: stderr
2023-03-22T19:24:34.204+0000 7fa9e2ffd700 1 --2- 172.21.15.157:0/2133496485 >> [v2:172.21.15.157:3300/0,v1:172.21.15.157:6789/0] conn(0x7fa9e4104890 0x7fa9e4104ca0 secure :-1 s=READY pgs=55 cs=0 l=1 rev1=1 crypto rx=0x7fa9d400bb40 tx=0x7fa9d400be50 comp rx=0 tx=0).ready entity=mon.0 client_cookie=acd4ad27ca180263 server_cookie=0 in_seq=0 out_seq=0
2023-03-22T19:24:35.582 INFO:teuthology.orchestra.run.smithi157.stdout:/usr/bin/ceph: stderr
2023-03-22T19:24:34.204+0000 7fa9e1ffb700 1 -- 172.21.15.157:0/2133496485 <== mon.0 v2:172.21.15.157:3300/0 1 ==== mon_map magic: 0 v1 ==== 205+0+0 (secure 0 0 0) 0x7fa9d400dbe0 con 0x7fa9e4104890
2023-03-22T19:24:35.582 INFO:teuthology.orchestra.run.smithi157.stdout:/usr/bin/ceph: stderr
2023-03-22T19:24:34.204+0000 7fa9e1ffb700 1 -- 172.21.15.157:0/2133496485 <== mon.0 v2:172.21.15.157:3300/0 2 ==== config(26 keys) v1 ==== 1105+0+0 (secure 0 0 0) 0x7fa9d40044f0 con 0x7fa9e4104890
2023-03-22T19:24:35.582 INFO:teuthology.orchestra.run.smithi157.stdout:/usr/bin/ceph: stderr
2023-03-22T19:24:34.204+0000 7fa9e1ffb700 1 -- 172.21.15.157:0/2133496485 <== mon.0 v2:172.21.15.157:3300/0 3 ==== mon_map magic: 0 v1 ==== 205+0+0 (secure 0 0 0) 0x7fa9d4003e60 con 0x7fa9e4104890
2023-03-22T19:24:35.582 INFO:teuthology.orchestra.run.smithi157.stdout:/usr/bin/ceph: stderr
2023-03-22T19:24:34.205+0000 7fa9e93f9700 1 -- 172.21.15.157:0/2133496485 >> [v2:172.21.15.157:3300/0,v1:172.21.15.157:6789/0] conn(0x7fa9e4104890 msgr2=0x7fa9e4104ca0 secure :-1 s=STATE_CONNECTION_ESTABLISHED l=1).mark_down
2023-03-22T19:24:35.583 INFO:teuthology.orchestra.run.smithi157.stdout:/usr/bin/ceph: stderr
2023-03-22T19:24:34.205+0000 7fa9e93f9700 1 --2- 172.21.15.157:0/2133496485 >> [v2:172.21.15.157:3300/0,v1:172.21.15.157:6789/0] conn(0x7fa9e4104890 0x7fa9e4104ca0 secure :-1 s=READY pgs=55 cs=0 l=1 rev1=1 crypto rx=0x7fa9d400bb40 tx=0x7fa9d400be50 comp rx=0 tx=0).stop
2023-03-22T19:24:35.583 INFO:teuthology.orchestra.run.smithi157.stdout:/usr/bin/ceph: stderr
2023-03-22T19:24:34.205+0000 7fa9e93f9700 1 -- 172.21.15.157:0/2133496485 shutdown_connections
2023-03-22T19:24:35.583 INFO:teuthology.orchestra.run.smithi157.stdout:/usr/bin/ceph: stderr
2023-03-22T19:24:34.205+0000 7fa9e93f9700 1 --2- 172.21.15.157:0/2133496485 >> [v2:172.21.15.157:3300/0,v1:172.21.15.157:6789/0] conn(0x7fa9e4104890 0x7fa9e4104ca0 unknown :-1 s=CLOSED pgs=55 cs=0 l=1 rev1=1 crypto rx=0 tx=0 comp rx=0 tx=0).stop
2023-03-22T19:24:35.583 INFO:teuthology.orchestra.run.smithi157.stdout:/usr/bin/ceph: stderr
