2023-03-22T19:24:21.648+0000 7f222d44c700 1 --2- 172.21.15.157:0/2011439994 >> [v2:172.21.15.157:3300/0,v1:172.21.15.157:6789/0] conn(0x7f2228105e70 0x7f2228104570 secure :-1 s=READY pgs=38 cs=0 l=1 rev1=1 crypto rx=0x7f2224009fb0 tx=0x7f2224011ad0 comp rx=0 tx=0).ready entity=mon.0 client_cookie=0 server_cookie=0 in_seq=0 out_seq=0
2023-03-22T19:24:22.223 INFO:teuthology.orchestra.run.smithi157.stdout:/usr/bin/ceph: stderr
2023-03-22T19:24:21.648+0000 7f221e7fc700 1 -- 172.21.15.157:0/2011439994 <== mon.0 v2:172.21.15.157:3300/0 1 ==== mon_map magic: 0 v1 ==== 205+0+0 (secure 0 0 0) 0x7f2224003930 con 0x7f2228105e70
2023-03-22T19:24:22.223 INFO:teuthology.orchestra.run.smithi157.stdout:/usr/bin/ceph: stderr
2023-03-22T19:24:21.648+0000 7f221e7fc700 1 -- 172.21.15.157:0/2011439994 <== mon.0 v2:172.21.15.157:3300/0 2 ==== config(26 keys) v1 ==== 1074+0+0 (secure 0 0 0) 0x7f2224003a90 con 0x7f2228105e70
2023-03-22T19:24:22.223 INFO:teuthology.orchestra.run.smithi157.stdout:/usr/bin/ceph: stderr
2023-03-22T19:24:21.648+0000 7f221e7fc700 1 -- 172.21.15.157:0/2011439994 <== mon.0 v2:172.21.15.157:3300/0 3 ==== mon_map magic: 0 v1 ==== 205+0+0 (secure 0 0 0) 0x7f2224019610 con 0x7f2228105e70
2023-03-22T19:24:22.223 INFO:teuthology.orchestra.run.smithi157.stdout:/usr/bin/ceph: stderr
2023-03-22T19:24:21.648+0000 7f222f6b0700 1 -- 172.21.15.157:0/2011439994 --> [v2:172.21.15.157:3300/0,v1:172.21.15.157:6789/0] -- mon_subscribe({mgrmap=0+}) v3 -- 0x7f22281058d0 con 0x7f2228105e70
2023-03-22T19:24:22.224 INFO:teuthology.orchestra.run.smithi157.stdout:/usr/bin/ceph: stderr
2023-03-22T19:24:21.648+0000 7f222f6b0700 1 -- 172.21.15.157:0/2011439994 --> [v2:172.21.15.157:3300/0,v1:172.21.15.157:6789/0] -- mon_subscribe({osdmap=0}) v3 -- 0x7f2228105740 con 0x7f2228105e70
2023-03-22T19:24:22.224 INFO:teuthology.orchestra.run.smithi157.stdout:/usr/bin/ceph: stderr
2023-03-22T19:24:21.649+0000 7f222f6b0700 1 -- 172.21.15.157:0/2011439994 --> [v2:172.21.15.157:3300/0,v1:172.21.15.157:6789/0] -- mon_command({"prefix": "get_command_descriptions"} v 0) v1 -- 0x7f22280620b0 con 0x7f2228105e70
2023-03-22T19:24:22.224 INFO:teuthology.orchestra.run.smithi157.stdout:/usr/bin/ceph: stderr
2023-03-22T19:24:21.649+0000 7f221e7fc700 1 -- 172.21.15.157:0/2011439994 <== mon.0 v2:172.21.15.157:3300/0 4 ==== mgrmap(e 7) v1 ==== 44663+0+0 (secure 0 0 0) 0x7f222401a9d0 con 0x7f2228105e70
2023-03-22T19:24:22.224 INFO:teuthology.orchestra.run.smithi157.stdout:/usr/bin/ceph: stderr
2023-03-22T19:24:21.649+0000 7f221e7fc700 1 --2- 172.21.15.157:0/2011439994 >> [v2:172.21.15.157:6800/2704211606,v1:172.21.15.157:6801/2704211606] conn(0x7f2214037f30 0x7f221403a3e0 unknown :-1 s=NONE pgs=0 cs=0 l=1 rev1=0 crypto rx=0 tx=0 comp rx=0 tx=0).connect
2023-03-22T19:24:22.224 INFO:teuthology.orchestra.run.smithi157.stdout:/usr/bin/ceph: stderr
2023-03-22T19:24:21.649+0000 7f221e7fc700 1 -- 172.21.15.157:0/2011439994 <== mon.0 v2:172.21.15.157:3300/0 5 ==== osd_map(2..2 src has 1..2) v4 ==== 940+0+0 (secure 0 0 0) 0x7f222404bbd0 con 0x7f2228105e70
2023-03-22T19:24:22.224 INFO:teuthology.orchestra.run.smithi157.stdout:/usr/bin/ceph: stderr
2023-03-22T19:24:21.650+0000 7f222cc4b700 1 --2- 172.21.15.157:0/2011439994 >> [v2:172.21.15.157:6800/2704211606,v1:172.21.15.157:6801/2704211606] conn(0x7f2214037f30 0x7f221403a3e0 unknown :-1 s=BANNER_CONNECTING pgs=0 cs=0 l=1 rev1=0 crypto rx=0 tx=0 comp rx=0 tx=0)._handle_peer_banner_payload supported=3 required=0
2023-03-22T19:24:22.224 INFO:teuthology.orchestra.run.smithi157.stdout:/usr/bin/ceph: stderr
2023-03-22T19:24:21.650+0000 7f222cc4b700 1 --2- 172.21.15.157:0/2011439994 >> [v2:172.21.15.157:6800/2704211606,v1:172.21.15.157:6801/2704211606] conn(0x7f2214037f30 0x7f221403a3e0 secure :-1 s=READY pgs=7 cs=0 l=1 rev1=1 crypto rx=0x7f2218006fd0 tx=0x7f2218006e40 comp rx=0 tx=0).ready entity=mgr.14120 client_cookie=0 server_cookie=0 in_seq=0 out_seq=0
2023-03-22T19:24:22.225 INFO:teuthology.orchestra.run.smithi157.stdout:/usr/bin/ceph: stderr
2023-03-22T19:24:21.654+0000 7f221e7fc700 1 -- 172.21.15.157:0/2011439994 <== mon.0 v2:172.21.15.157:3300/0 6 ==== mon_command_ack([{"prefix": "get_command_descriptions"}]=0 v0) v1 ==== 72+0+177574 (secure 0 0 0) 0x7f2224018760 con 0x7f2228105e70
2023-03-22T19:24:22.225 INFO:teuthology.orchestra.run.smithi157.stdout:/usr/bin/ceph: stderr
2023-03-22T19:24:21.854+0000 7f222f6b0700 1 -- 172.21.15.157:0/2011439994 --> [v2:172.21.15.157:6800/2704211606,v1:172.21.15.157:6801/2704211606] -- mgr_command(tid 0: {"prefix": "orch set backend", "module_name": "cephadm", "target": ["mon-mgr", ""]}) v1 -- 0x7f2228100a80 con 0x7f2214037f30
2023-03-22T19:24:22.225 INFO:teuthology.orchestra.run.smithi157.stdout:/usr/bin/ceph: stderr
2023-03-22T19:24:21.860+0000 7f221e7fc700 1 -- 172.21.15.157:0/2011439994 <== mgr.14120 v2:172.21.15.157:6800/2704211606 1 ==== mgr_command_reply(tid 0: 0 ) v1 ==== 8+0+0 (secure 0 0 0) 0x7f2228100a80 con 0x7f2214037f30
2023-03-22T19:24:22.225 INFO:teuthology.orchestra.run.smithi157.stdout:/usr/bin/ceph: stderr
2023-03-22T19:24:21.862+0000 7f222f6b0700 1 -- 172.21.15.157:0/2011439994 >> [v2:172.21.15.157:6800/2704211606,v1:172.21.15.157:6801/2704211606] conn(0x7f2214037f30 msgr2=0x7f221403a3e0 secure :-1 s=STATE_CONNECTION_ESTABLISHED l=1).mark_down
2023-03-22T19:24:22.225 INFO:teuthology.orchestra.run.smithi157.stdout:/usr/bin/ceph: stderr
2023-03-22T19:24:21.862+0000 7f222f6b0700 1 --2- 172.21.15.157:0/2011439994 >> [v2:172.21.15.157:6800/2704211606,v1:172.21.15.157:6801/2704211606] conn(0x7f2214037f30 0x7f221403a3e0 secure :-1 s=READY pgs=7 cs=0 l=1 rev1=1 crypto rx=0x7f2218006fd0 tx=0x7f2218006e40 comp rx=0 tx=0).stop
2023-03-22T19:24:22.225 INFO:teuthology.orchestra.run.smithi157.stdout:/usr/bin/ceph: stderr
2023-03-22T19:24:21.862+0000 7f222f6b0700 1 -- 172.21.15.157:0/2011439994 >> [v2:172.21.15.157:3300/0,v1:172.21.15.157:6789/0] conn(0x7f2228105e70 msgr2=0x7f2228104570 secure :-1 s=STATE_CONNECTION_ESTABLISHED l=1).mark_down
2023-03-22T19:24:22.225 INFO:teuthology.orchestra.run.smithi157.stdout:/usr/bin/ceph: stderr
2023-03-22T19:24:21.862+0000 7f222f6b0700 1 --2- 172.21.15.157:0/2011439994 >> [v2:172.21.15.157:3300/0,v1:172.21.15.157:6789/0] conn(0x7f2228105e70 0x7f2228104570 secure :-1 s=READY pgs=38 cs=0 l=1 rev1=1 crypto rx=0x7f2224009fb0 tx=0x7f2224011ad0 comp rx=0 tx=0).stop
2023-03-22T19:24:22.226 INFO:teuthology.orchestra.run.smithi157.stdout:/usr/bin/ceph: stderr
2023-03-22T19:24:21.862+0000 7f222f6b0700 1 -- 172.21.15.157:0/2011439994 shutdown_connections
2023-03-22T19:24:22.226 INFO:teuthology.orchestra.run.smithi157.stdout:/usr/bin/ceph: stderr
2023-03-22T19:24:21.862+0000 7f222f6b0700 1 --2- 172.21.15.157:0/2011439994 >> [v2:172.21.15.157:6800/2704211606,v1:172.21.15.157:6801/2704211606] conn(0x7f2214037f30 0x7f221403a3e0 unknown :-1 s=CLOSED pgs=7 cs=0 l=1 rev1=1 crypto rx=0 tx=0 comp rx=0 tx=0).stop
2023-03-22T19:24:22.226 INFO:teuthology.orchestra.run.smithi157.stdout:/usr/bin/ceph: stderr
2023-03-22T19:24:21.862+0000 7f222f6b0700 1 --2- 172.21.15.157:0/2011439994 >> [v2:172.21.15.157:3300/0,v1:172.21.15.157:6789/0] conn(0x7f2228105e70 0x7f2228104570 unknown :-1 s=CLOSED pgs=38 cs=0 l=1 rev1=1 crypto rx=0 tx=0 comp rx=0 tx=0).stop
2023-03-22T19:24:22.227 INFO:teuthology.orchestra.run.smithi157.stdout:/usr/bin/ceph: stderr
2023-03-22T19:24:21.862+0000 7f222f6b0700 1 -- 172.21.15.157:0/2011439994 >> 172.21.15.157:0/2011439994 conn(0x7f22280ff660 msgr2=0x7f2228100370 unknown :-1 s=STATE_NONE l=0).mark_down
2023-03-22T19:24:22.227 INFO:teuthology.orchestra.run.smithi157.stdout:/usr/bin/ceph: stderr
2023-03-22T19:24:21.862+0000 7f222f6b0700 1 -- 172.21.15.157:0/2011439994 shutdown_connections
2023-03-22T19:24:22.227 INFO:teuthology.orchestra.run.smithi157.stdout:/usr/bin/ceph: stderr
2023-03-22T19:24:21.862+0000 7f222f6b0700 1 -- 172.21.15.157:0/2011439994 wait complete.
2023-03-22T19:24:23.140 INFO:journalctl@ceph.mon.a.smithi157.stdout:Mar 22 19:24:22 smithi157 ceph-mon[93025]: [22/Mar/2023:19:24:21] ENGINE Bus STARTING
2023-03-22T19:24:23.141 INFO:journalctl@ceph.mon.a.smithi157.stdout:Mar 22 19:24:22 smithi157 ceph-mon[93025]: [22/Mar/2023:19:24:21] ENGINE Serving on https://172.21.15.157:7150
2023-03-22T19:24:23.141 INFO:journalctl@ceph.mon.a.smithi157.stdout:Mar 22 19:24:22 smithi157 ceph-mon[93025]: [22/Mar/2023:19:24:21] ENGINE Serving on http://172.21.15.157:8765
2023-03-22T19:24:23.141 INFO:journalctl@ceph.mon.a.smithi157.stdout:Mar 22 19:24:22 smithi157 ceph-mon[93025]: [22/Mar/2023:19:24:21] ENGINE Bus STARTED
2023-03-22T19:24:23.141 INFO:journalctl@ceph.mon.a.smithi157.stdout:Mar 22 19:24:22 smithi157 ceph-mon[93025]: from='client.14132 -' entity='client.admin' cmd=[{"prefix": "orch set backend", "module_name": "cephadm", "target": ["mon-mgr", ""]}]: dispatch
2023-03-22T19:24:23.141 INFO:journalctl@ceph.mon.a.smithi157.stdout:Mar 22 19:24:22 smithi157 ceph-mon[93025]: from='mgr.14120 172.21.15.157:0/1281168166' entity='mgr.x'
2023-03-22T19:24:23.141 INFO:journalctl@ceph.mon.a.smithi157.stdout:Mar 22 19:24:22 smithi157 ceph-mon[93025]: from='mgr.14120 172.21.15.157:0/1281168166' entity='mgr.x' cmd=[{"prefix": "config dump", "format": "json"}]: dispatch
2023-03-22T19:24:23.142 INFO:journalctl@ceph.mon.a.smithi157.stdout:Mar 22 19:24:22 smithi157 ceph-mon[93025]: mgrmap e8: x(active, since 2s)
2023-03-22T19:24:23.363 INFO:teuthology.orchestra.run.smithi157.stdout:/usr/bin/ceph: stdout value unchanged
2023-03-22T19:24:23.363 INFO:teuthology.orchestra.run.smithi157.stdout:/usr/bin/ceph: stderr
2023-03-22T19:24:22.771+0000 7f8399d57700 1 Processor -- start
2023-03-22T19:24:23.363 INFO:teuthology.orchestra.run.smithi157.stdout:/usr/bin/ceph: stderr
2023-03-22T19:24:22.771+0000 7f8399d57700 1 -- start start
2023-03-22T19:24:23.364 INFO:teuthology.orchestra.run.smithi157.stdout:/usr/bin/ceph: stderr
2023-03-22T19:24:22.771+0000 7f8399d57700 1 --2- >> [v2:172.21.15.157:3300/0,v1:172.21.15.157:6789/0] conn(0x7f8394079cf0 0x7f839410a930 unknown :-1 s=NONE pgs=0 cs=0 l=0 rev1=0 crypto rx=0 tx=0 comp rx=0 tx=0).connect
2023-03-22T19:24:23.364 INFO:teuthology.orchestra.run.smithi157.stdout:/usr/bin/ceph: stderr
2023-03-22T19:24:22.771+0000 7f8399d57700 1 -- --> [v2:172.21.15.157:3300/0,v1:172.21.15.157:6789/0] -- mon_getmap magic: 0 v1 -- 0x7f8394106320 con 0x7f8394079cf0
2023-03-22T19:24:23.365 INFO:teuthology.orchestra.run.smithi157.stdout:/usr/bin/ceph: stderr
2023-03-22T19:24:22.771+0000 7f83937fe700 1 --2- >> [v2:172.21.15.157:3300/0,v1:172.21.15.157:6789/0] conn(0x7f8394079cf0 0x7f839410a930 unknown :-1 s=BANNER_CONNECTING pgs=0 cs=0 l=0 rev1=0 crypto rx=0 tx=0 comp rx=0 tx=0)._handle_peer_banner_payload supported=3 required=0
2023-03-22T19:24:23.365 INFO:teuthology.orchestra.run.smithi157.stdout:/usr/bin/ceph: stderr
2023-03-22T19:24:22.771+0000 7f83937fe700 1 --2- >> [v2:172.21.15.157:3300/0,v1:172.21.15.157:6789/0] conn(0x7f8394079cf0 0x7f839410a930 unknown :-1 s=HELLO_CONNECTING pgs=0 cs=0 l=0 rev1=1 crypto rx=0 tx=0 comp rx=0 tx=0).handle_hello peer v2:172.21.15.157:3300/0 says I am v2:172.21.15.157:54732/0 (socket says 172.21.15.157:54732)
2023-03-22T19:24:23.365 INFO:teuthology.orchestra.run.smithi157.stdout:/usr/bin/ceph: stderr
2023-03-22T19:24:22.771+0000 7f83937fe700 1 -- 172.21.15.157:0/2770975826 learned_addr learned my addr 172.21.15.157:0/2770975826 (peer_addr_for_me v2:172.21.15.157:0/0)
2023-03-22T19:24:23.365 INFO:teuthology.orchestra.run.smithi157.stdout:/usr/bin/ceph: stderr
2023-03-22T19:24:22.771+0000 7f83937fe700 1 -- 172.21.15.157:0/2770975826 --> [v2:172.21.15.157:3300/0,v1:172.21.15.157:6789/0] -- mon_subscribe({config=0+,monmap=0+}) v3 -- 0x7f839410ae70 con 0x7f8394079cf0
2023-03-22T19:24:23.365 INFO:teuthology.orchestra.run.smithi157.stdout:/usr/bin/ceph: stderr
2023-03-22T19:24:22.772+0000 7f83937fe700 1 --2- 172.21.15.157:0/2770975826 >> [v2:172.21.15.157:3300/0,v1:172.21.15.157:6789/0] conn(0x7f8394079cf0 0x7f839410a930 secure :-1 s=READY pgs=39 cs=0 l=1 rev1=1 crypto rx=0x7f83840098a0 tx=0x7f8384009bb0 comp rx=0 tx=0).ready entity=mon.0 client_cookie=f4b199cf9d0f719c server_cookie=0 in_seq=0 out_seq=0
2023-03-22T19:24:23.365 INFO:teuthology.orchestra.run.smithi157.stdout:/usr/bin/ceph: stderr
2023-03-22T19:24:22.772+0000 7f83927fc700 1 -- 172.21.15.157:0/2770975826 <== mon.0 v2:172.21.15.157:3300/0 1 ==== mon_map magic: 0 v1 ==== 205+0+0 (secure 0 0 0) 0x7f8384004160 con 0x7f8394079cf0
2023-03-22T19:24:23.366 INFO:teuthology.orchestra.run.smithi157.stdout:/usr/bin/ceph: stderr
2023-03-22T19:24:22.772+0000 7f83927fc700 1 -- 172.21.15.157:0/2770975826 <== mon.0 v2:172.21.15.157:3300/0 2 ==== config(26 keys) v1 ==== 1074+0+0 (secure 0 0 0) 0x7f83840042c0 con 0x7f8394079cf0
2023-03-22T19:24:23.366 INFO:teuthology.orchestra.run.smithi157.stdout:/usr/bin/ceph: stderr
2023-03-22T19:24:22.772+0000 7f83927fc700 1 -- 172.21.15.157:0/2770975826 <== mon.0 v2:172.21.15.157:3300/0 3 ==== mon_map magic: 0 v1 ==== 205+0+0 (secure 0 0 0) 0x7f8384011a00 con 0x7f8394079cf0
2023-03-22T19:24:23.366 INFO:teuthology.orchestra.run.smithi157.stdout:/usr/bin/ceph: stderr
2023-03-22T19:24:22.772+0000 7f8399d57700 1 -- 172.21.15.157:0/2770975826 >> [v2:172.21.15.157:3300/0,v1:172.21.15.157:6789/0] conn(0x7f8394079cf0 msgr2=0x7f839410a930 secure :-1 s=STATE_CONNECTION_ESTABLISHED l=1).mark_down
2023-03-22T19:24:23.366 INFO:teuthology.orchestra.run.smithi157.stdout:/usr/bin/ceph: stderr
2023-03-22T19:24:22.772+0000 7f8399d57700 1 --2- 172.21.15.157:0/2770975826 >> [v2:172.21.15.157:3300/0,v1:172.21.15.157:6789/0] conn(0x7f8394079cf0 0x7f839410a930 secure :-1 s=READY pgs=39 cs=0 l=1 rev1=1 crypto rx=0x7f83840098a0 tx=0x7f8384009bb0 comp rx=0 tx=0).stop
2023-03-22T19:24:23.366 INFO:teuthology.orchestra.run.smithi157.stdout:/usr/bin/ceph: stderr
2023-03-22T19:24:22.772+0000 7f8399d57700 1 -- 172.21.15.157:0/2770975826 shutdown_connections
2023-03-22T19:24:23.366 INFO:teuthology.orchestra.run.smithi157.stdout:/usr/bin/ceph: stderr
2023-03-22T19:24:22.772+0000 7f8399d57700 1 --2- 172.21.15.157:0/2770975826 >> [v2:172.21.15.157:3300/0,v1:172.21.15.157:6789/0] conn(0x7f8394079cf0 0x7f839410a930 unknown :-1 s=CLOSED pgs=39 cs=0 l=1 rev1=1 crypto rx=0 tx=0 comp rx=0 tx=0).stop
2023-03-22T19:24:23.367 INFO:teuthology.orchestra.run.smithi157.stdout:/usr/bin/ceph: stderr
2023-03-22T19:24:22.772+0000 7f8399d57700 1 -- 172.21.15.157:0/2770975826 >> 172.21.15.157:0/2770975826 conn(0x7f83940ffee0 msgr2=0x7f8394102310 unknown :-1 s=STATE_NONE l=0).mark_down
2023-03-22T19:24:23.367 INFO:teuthology.orchestra.run.smithi157.stdout:/usr/bin/ceph: stderr
2023-03-22T19:24:22.772+0000 7f8399d57700 1 -- 172.21.15.157:0/2770975826 shutdown_connections
2023-03-22T19:24:23.367 INFO:teuthology.orchestra.run.smithi157.stdout:/usr/bin/ceph: stderr
2023-03-22T19:24:22.772+0000 7f8399d57700 1 -- 172.21.15.157:0/2770975826 wait complete.
2023-03-22T19:24:23.367 INFO:teuthology.orchestra.run.smithi157.stdout:/usr/bin/ceph: stderr
2023-03-22T19:24:22.773+0000 7f8399d57700 1 Processor -- start
2023-03-22T19:24:23.367 INFO:teuthology.orchestra.run.smithi157.stdout:/usr/bin/ceph: stderr
2023-03-22T19:24:22.773+0000 7f8399d57700 1 -- start start
2023-03-22T19:24:23.367 INFO:teuthology.orchestra.run.smithi157.stdout:/usr/bin/ceph: stderr
2023-03-22T19:24:22.773+0000 7f8399d57700 1 --2- >> [v2:172.21.15.157:3300/0,v1:172.21.15.157:6789/0] conn(0x7f839419b820 0x7f839419bc30 unknown :-1 s=NONE pgs=0 cs=0 l=1 rev1=0 crypto rx=0 tx=0 comp rx=0 tx=0).connect
2023-03-22T19:24:23.367 INFO:teuthology.orchestra.run.smithi157.stdout:/usr/bin/ceph: stderr
2023-03-22T19:24:22.773+0000 7f8399d57700 1 -- --> [v2:172.21.15.157:3300/0,v1:172.21.15.157:6789/0] -- mon_getmap magic: 0 v1 -- 0x7f839419c170 con 0x7f839419b820
2023-03-22T19:24:23.368 INFO:teuthology.orchestra.run.smithi157.stdout:/usr/bin/ceph: stderr
2023-03-22T19:24:22.773+0000 7f83937fe700 1 --2- >> [v2:172.21.15.157:3300/0,v1:172.21.15.157:6789/0] conn(0x7f839419b820 0x7f839419bc30 unknown :-1 s=BANNER_CONNECTING pgs=0 cs=0 l=1 rev1=0 crypto rx=0 tx=0 comp rx=0 tx=0)._handle_peer_banner_payload supported=3 required=0
2023-03-22T19:24:23.368 INFO:teuthology.orchestra.run.smithi157.stdout:/usr/bin/ceph: stderr
2023-03-22T19:24:22.773+0000 7f83937fe700 1 --2- >> [v2:172.21.15.157:3300/0,v1:172.21.15.157:6789/0] conn(0x7f839419b820 0x7f839419bc30 unknown :-1 s=HELLO_CONNECTING pgs=0 cs=0 l=1 rev1=1 crypto rx=0 tx=0 comp rx=0 tx=0).handle_hello peer v2:172.21.15.157:3300/0 says I am v2:172.21.15.157:54734/0 (socket says 172.21.15.157:54734)
2023-03-22T19:24:23.368 INFO:teuthology.orchestra.run.smithi157.stdout:/usr/bin/ceph: stderr
2023-03-22T19:24:22.773+0000 7f83937fe700 1 -- 172.21.15.157:0/3194853922 learned_addr learned my addr 172.21.15.157:0/3194853922 (peer_addr_for_me v2:172.21.15.157:0/0)
2023-03-22T19:24:23.368 INFO:teuthology.orchestra.run.smithi157.stdout:/usr/bin/ceph: stderr
2023-03-22T19:24:22.774+0000 7f83937fe700 1 -- 172.21.15.157:0/3194853922 --> [v2:172.21.15.157:3300/0,v1:172.21.15.157:6789/0] -- mon_subscribe({config=0+,monmap=0+}) v3 -- 0x7f8384009550 con 0x7f839419b820
2023-03-22T19:24:23.368 INFO:teuthology.orchestra.run.smithi157.stdout:/usr/bin/ceph: stderr
2023-03-22T19:24:22.774+0000 7f83937fe700 1 --2- 172.21.15.157:0/3194853922 >> [v2:172.21.15.157:3300/0,v1:172.21.15.157:6789/0] conn(0x7f839419b820 0x7f839419bc30 secure :-1 s=READY pgs=40 cs=0 l=1 rev1=1 crypto rx=0x7f8384006af0 tx=0x7f8384011ad0 comp rx=0 tx=0).ready entity=mon.0 client_cookie=0 server_cookie=0 in_seq=0 out_seq=0
2023-03-22T19:24:23.368 INFO:teuthology.orchestra.run.smithi157.stdout:/usr/bin/ceph: stderr
2023-03-22T19:24:22.774+0000 7f8390ff9700 1 -- 172.21.15.157:0/3194853922 <== mon.0 v2:172.21.15.157:3300/0 1 ==== mon_map magic: 0 v1 ==== 205+0+0 (secure 0 0 0) 0x7f8384003a40 con 0x7f839419b820
2023-03-22T19:24:23.369 INFO:teuthology.orchestra.run.smithi157.stdout:/usr/bin/ceph: stderr
2023-03-22T19:24:22.774+0000 7f8399d57700 1 -- 172.21.15.157:0/3194853922 --> [v2:172.21.15.157:3300/0,v1:172.21.15.157:6789/0] -- mon_subscribe({mgrmap=0+}) v3 -- 0x7f839410be00 con 0x7f839419b820
2023-03-22T19:24:23.369 INFO:teuthology.orchestra.run.smithi157.stdout:/usr/bin/ceph: stderr
2023-03-22T19:24:22.774+0000 7f8390ff9700 1 -- 172.21.15.157:0/3194853922 <== mon.0 v2:172.21.15.157:3300/0 2 ==== config(26 keys) v1 ==== 1074+0+0 (secure 0 0 0) 0x7f8384003ba0 con 0x7f839419b820
2023-03-22T19:24:23.369 INFO:teuthology.orchestra.run.smithi157.stdout:/usr/bin/ceph: stderr
2023-03-22T19:24:22.774+0000 7f8390ff9700 1 -- 172.21.15.157:0/3194853922 <== mon.0 v2:172.21.15.157:3300/0 3 ==== mon_map magic: 0 v1 ==== 205+0+0 (secure 0 0 0) 0x7f838401a700 con 0x7f839419b820
2023-03-22T19:24:23.369 INFO:teuthology.orchestra.run.smithi157.stdout:/usr/bin/ceph: stderr
2023-03-22T19:24:22.774+0000 7f8399d57700 1 -- 172.21.15.157:0/3194853922 --> [v2:172.21.15.157:3300/0,v1:172.21.15.157:6789/0] -- mon_subscribe({osdmap=0}) v3 -- 0x7f839410bc70 con 0x7f839419b820
2023-03-22T19:24:23.369 INFO:teuthology.orchestra.run.smithi157.stdout:/usr/bin/ceph: stderr
2023-03-22T19:24:22.775+0000 7f8390ff9700 1 -- 172.21.15.157:0/3194853922 <== mon.0 v2:172.21.15.157:3300/0 4 ==== mgrmap(e 8) v1 ==== 44769+0+0 (secure 0 0 0) 0x7f838401a980 con 0x7f839419b820
2023-03-22T19:24:23.369 INFO:teuthology.orchestra.run.smithi157.stdout:/usr/bin/ceph: stderr
2023-03-22T19:24:22.775+0000 7f8399d57700 1 -- 172.21.15.157:0/3194853922 --> [v2:172.21.15.157:3300/0,v1:172.21.15.157:6789/0] -- mon_command({"prefix": "get_command_descriptions"} v 0) v1 -- 0x7f83940620b0 con 0x7f839419b820
2023-03-22T19:24:23.369 INFO:teuthology.orchestra.run.smithi157.stdout:/usr/bin/ceph: stderr
2023-03-22T19:24:22.775+0000 7f8390ff9700 1 --2- 172.21.15.157:0/3194853922 >> [v2:172.21.15.157:6800/2704211606,v1:172.21.15.157:6801/2704211606] conn(0x7f837c038050 0x7f837c03a500 unknown :-1 s=NONE pgs=0 cs=0 l=1 rev1=0 crypto rx=0 tx=0 comp rx=0 tx=0).connect
2023-03-22T19:24:23.370 INFO:teuthology.orchestra.run.smithi157.stdout:/usr/bin/ceph: stderr
2023-03-22T19:24:22.775+0000 7f8390ff9700 1 -- 172.21.15.157:0/3194853922 <== mon.0 v2:172.21.15.157:3300/0 5 ==== osd_map(2..2 src has 1..2) v4 ==== 940+0+0 (secure 0 0 0) 0x7f838404bea0 con 0x7f839419b820
2023-03-22T19:24:23.370 INFO:teuthology.orchestra.run.smithi157.stdout:/usr/bin/ceph: stderr
2023-03-22T19:24:22.775+0000 7f8392ffd700 1 --2- 172.21.15.157:0/3194853922 >> [v2:172.21.15.157:6800/2704211606,v1:172.21.15.157:6801/2704211606] conn(0x7f837c038050 0x7f837c03a500 unknown :-1 s=BANNER_CONNECTING pgs=0 cs=0 l=1 rev1=0 crypto rx=0 tx=0 comp rx=0 tx=0)._handle_peer_banner_payload supported=3 required=0
2023-03-22T19:24:23.370 INFO:teuthology.orchestra.run.smithi157.stdout:/usr/bin/ceph: stderr
2023-03-22T19:24:22.776+0000 7f8392ffd700 1 --2- 172.21.15.157:0/3194853922 >> [v2:172.21.15.157:6800/2704211606,v1:172.21.15.157:6801/2704211606] conn(0x7f837c038050 0x7f837c03a500 secure :-1 s=READY pgs=8 cs=0 l=1 rev1=1 crypto rx=0x7f8388006fd0 tx=0x7f8388006e40 comp rx=0 tx=0).ready entity=mgr.14120 client_cookie=0 server_cookie=0 in_seq=0 out_seq=0
2023-03-22T19:24:23.370 INFO:teuthology.orchestra.run.smithi157.stdout:/usr/bin/ceph: stderr
2023-03-22T19:24:22.780+0000 7f8390ff9700 1 -- 172.21.15.157:0/3194853922 <== mon.0 v2:172.21.15.157:3300/0 6 ==== mon_command_ack([{"prefix": "get_command_descriptions"}]=0 v0) v1 ==== 72+0+177574 (secure 0 0 0) 0x7f838402d9b0 con 0x7f839419b820
2023-03-22T19:24:23.370 INFO:teuthology.orchestra.run.smithi157.stdout:/usr/bin/ceph: stderr
2023-03-22T19:24:22.968+0000 7f8399d57700 1 -- 172.21.15.157:0/3194853922 --> [v2:172.21.15.157:6800/2704211606,v1:172.21.15.157:6801/2704211606] -- mgr_command(tid 0: {"prefix": "cephadm set-user", "user": "root", "target": ["mon-mgr", ""]}) v1 -- 0x7f8394079f60 con 0x7f837c038050
2023-03-22T19:24:23.370 INFO:teuthology.orchestra.run.smithi157.stdout:/usr/bin/ceph: stderr
2023-03-22T19:24:22.969+0000 7f8390ff9700 1 -- 172.21.15.157:0/3194853922 <== mgr.14120 v2:172.21.15.157:6800/2704211606 1 ==== mgr_command_reply(tid 0: 0 ) v1 ==== 8+0+16 (secure 0 0 0) 0x7f8394079f60 con 0x7f837c038050
2023-03-22T19:24:23.370 INFO:teuthology.orchestra.run.smithi157.stdout:/usr/bin/ceph: stderr
2023-03-22T19:24:22.971+0000 7f8399d57700 1 -- 172.21.15.157:0/3194853922 >> [v2:172.21.15.157:6800/2704211606,v1:172.21.15.157:6801/2704211606] conn(0x7f837c038050 msgr2=0x7f837c03a500 secure :-1 s=STATE_CONNECTION_ESTABLISHED l=1).mark_down
2023-03-22T19:24:23.370 INFO:teuthology.orchestra.run.smithi157.stdout:/usr/bin/ceph: stderr
2023-03-22T19:24:22.971+0000 7f8399d57700 1 --2- 172.21.15.157:0/3194853922 >> [v2:172.21.15.157:6800/2704211606,v1:172.21.15.157:6801/2704211606] conn(0x7f837c038050 0x7f837c03a500 secure :-1 s=READY pgs=8 cs=0 l=1 rev1=1 crypto rx=0x7f8388006fd0 tx=0x7f8388006e40 comp rx=0 tx=0).stop
2023-03-22T19:24:23.371 INFO:teuthology.orchestra.run.smithi157.stdout:/usr/bin/ceph: stderr
2023-03-22T19:24:22.971+0000 7f8399d57700 1 -- 172.21.15.157:0/3194853922 >> [v2:172.21.15.157:3300/0,v1:172.21.15.157:6789/0] conn(0x7f839419b820 msgr2=0x7f839419bc30 secure :-1 s=STATE_CONNECTION_ESTABLISHED l=1).mark_down
2023-03-22T19:24:23.371 INFO:teuthology.orchestra.run.smithi157.stdout:/usr/bin/ceph: stderr
2023-03-22T19:24:22.971+0000 7f8399d57700 1 --2- 172.21.15.157:0/3194853922 >> [v2:172.21.15.157:3300/0,v1:172.21.15.157:6789/0] conn(0x7f839419b820 0x7f839419bc30 secure :-1 s=READY pgs=40 cs=0 l=1 rev1=1 crypto rx=0x7f8384006af0 tx=0x7f8384011ad0 comp rx=0 tx=0).stop
2023-03-22T19:24:23.371 INFO:teuthology.orchestra.run.smithi157.stdout:/usr/bin/ceph: stderr
2023-03-22T19:24:22.971+0000 7f8399d57700 1 -- 172.21.15.157:0/3194853922 shutdown_connections
2023-03-22T19:24:23.371 INFO:teuthology.orchestra.run.smithi157.stdout:/usr/bin/ceph: stderr
2023-03-22T19:24:22.971+0000 7f8399d57700 1 --2- 172.21.15.157:0/3194853922 >> [v2:172.21.15.157:6800/2704211606,v1:172.21.15.157:6801/2704211606] conn(0x7f837c038050 0x7f837c03a500 unknown :-1 s=CLOSED pgs=8 cs=0 l=1 rev1=1 crypto rx=0 tx=0 comp rx=0 tx=0).stop
2023-03-22T19:24:23.371 INFO:teuthology.orchestra.run.smithi157.stdout:/usr/bin/ceph: stderr
2023-03-22T19:24:22.971+0000 7f8399d57700 1 --2- 172.21.15.157:0/3194853922 >> [v2:172.21.15.157:3300/0,v1:172.21.15.157:6789/0] conn(0x7f839419b820 0x7f839419bc30 unknown :-1 s=CLOSED pgs=40 cs=0 l=1 rev1=1 crypto rx=0 tx=0 comp rx=0 tx=0).stop
2023-03-22T19:24:23.371 INFO:teuthology.orchestra.run.smithi157.stdout:/usr/bin/ceph: stderr
2023-03-22T19:24:22.971+0000 7f8399d57700 1 -- 172.21.15.157:0/3194853922 >> 172.21.15.157:0/3194853922 conn(0x7f83940ffee0 msgr2=0x7f8394100ca0 unknown :-1 s=STATE_NONE l=0).mark_down
2023-03-22T19:24:23.371 INFO:teuthology.orchestra.run.smithi157.stdout:/usr/bin/ceph: stderr
2023-03-22T19:24:22.971+0000 7f8399d57700 1 -- 172.21.15.157:0/3194853922 shutdown_connections
2023-03-22T19:24:23.372 INFO:teuthology.orchestra.run.smithi157.stdout:/usr/bin/ceph: stderr
2023-03-22T19:24:22.971+0000 7f8399d57700 1 -- 172.21.15.157:0/3194853922 wait complete.
2023-03-22T19:24:23.372 INFO:teuthology.orchestra.run.smithi157.stdout:Generating ssh key...
2023-03-22T19:24:24.120 INFO:journalctl@ceph.mon.a.smithi157.stdout:Mar 22 19:24:23 smithi157 ceph-mon[93025]: from='client.14134 -' entity='client.admin' cmd=[{"prefix": "cephadm set-user", "user": "root", "target": ["mon-mgr", ""]}]: dispatch
2023-03-22T19:24:24.422 INFO:journalctl@ceph.mgr.x.smithi157.stdout:Mar 22 19:24:24 smithi157 ceph-ec44e892-c8e6-11ed-9afe-001a4aab830c-mgr-x[93271]: Generating public/private rsa key pair.
2023-03-22T19:24:24.422 INFO:journalctl@ceph.mgr.x.smithi157.stdout:Mar 22 19:24:24 smithi157 ceph-ec44e892-c8e6-11ed-9afe-001a4aab830c-mgr-x[93271]: Your identification has been saved in /tmp/tmp5mmi0zsf/key.
2023-03-22T19:24:24.422 INFO:journalctl@ceph.mgr.x.smithi157.stdout:Mar 22 19:24:24 smithi157 ceph-ec44e892-c8e6-11ed-9afe-001a4aab830c-mgr-x[93271]: Your public key has been saved in /tmp/tmp5mmi0zsf/key.pub.
2023-03-22T19:24:24.422 INFO:journalctl@ceph.mgr.x.smithi157.stdout:Mar 22 19:24:24 smithi157 ceph-ec44e892-c8e6-11ed-9afe-001a4aab830c-mgr-x[93271]: The key fingerprint is:
2023-03-22T19:24:24.423 INFO:journalctl@ceph.mgr.x.smithi157.stdout:Mar 22 19:24:24 smithi157 ceph-ec44e892-c8e6-11ed-9afe-001a4aab830c-mgr-x[93271]: SHA256:+g7ALzxv5t9h+ejjKnt3Xczkqm7I6tuEqUHgoF8+WPs ceph-ec44e892-c8e6-11ed-9afe-001a4aab830c
2023-03-22T19:24:24.423 INFO:journalctl@ceph.mgr.x.smithi157.stdout:Mar 22 19:24:24 smithi157 ceph-ec44e892-c8e6-11ed-9afe-001a4aab830c-mgr-x[93271]: The key's randomart image is:
2023-03-22T19:24:24.423 INFO:journalctl@ceph.mgr.x.smithi157.stdout:Mar 22 19:24:24 smithi157 ceph-ec44e892-c8e6-11ed-9afe-001a4aab830c-mgr-x[93271]: +---[RSA 3072]----+
2023-03-22T19:24:24.423 INFO:journalctl@ceph.mgr.x.smithi157.stdout:Mar 22 19:24:24 smithi157 ceph-ec44e892-c8e6-11ed-9afe-001a4aab830c-mgr-x[93271]: | |
2023-03-22T19:24:24.423 INFO:journalctl@ceph.mgr.x.smithi157.stdout:Mar 22 19:24:24 smithi157 ceph-ec44e892-c8e6-11ed-9afe-001a4aab830c-mgr-x[93271]: | |
2023-03-22T19:24:24.423 INFO:journalctl@ceph.mgr.x.smithi157.stdout:Mar 22 19:24:24 smithi157 ceph-ec44e892-c8e6-11ed-9afe-001a4aab830c-mgr-x[93271]: | . . |
2023-03-22T19:24:24.423 INFO:journalctl@ceph.mgr.x.smithi157.stdout:Mar 22 19:24:24 smithi157 ceph-ec44e892-c8e6-11ed-9afe-001a4aab830c-mgr-x[93271]: | . + . .|
2023-03-22T19:24:24.424 INFO:journalctl@ceph.mgr.x.smithi157.stdout:Mar 22 19:24:24 smithi157 ceph-ec44e892-c8e6-11ed-9afe-001a4aab830c-mgr-x[93271]: |. * . S = |
2023-03-22T19:24:24.424 INFO:journalctl@ceph.mgr.x.smithi157.stdout:Mar 22 19:24:24 smithi157 ceph-ec44e892-c8e6-11ed-9afe-001a4aab830c-mgr-x[93271]: | . * = . o . =|
2023-03-22T19:24:24.424 INFO:journalctl@ceph.mgr.x.smithi157.stdout:Mar 22 19:24:24 smithi157 ceph-ec44e892-c8e6-11ed-9afe-001a4aab830c-mgr-x[93271]: | o B = o.=. . o |
2023-03-22T19:24:24.424 INFO:journalctl@ceph.mgr.x.smithi157.stdout:Mar 22 19:24:24 smithi157 ceph-ec44e892-c8e6-11ed-9afe-001a4aab830c-mgr-x[93271]: | *+=.==+o o |
2023-03-22T19:24:24.424 INFO:journalctl@ceph.mgr.x.smithi157.stdout:Mar 22 19:24:24 smithi157 ceph-ec44e892-c8e6-11ed-9afe-001a4aab830c-mgr-x[93271]: | +EBOB*=+. |
2023-03-22T19:24:24.424 INFO:journalctl@ceph.mgr.x.smithi157.stdout:Mar 22 19:24:24 smithi157 ceph-ec44e892-c8e6-11ed-9afe-001a4aab830c-mgr-x[93271]: +----[SHA256]-----+
2023-03-22T19:24:24.506 INFO:teuthology.orchestra.run.smithi157.stdout:/usr/bin/ceph: stderr
2023-03-22T19:24:23.858+0000 7f793ffa5700 1 Processor -- start
2023-03-22T19:24:24.506 INFO:teuthology.orchestra.run.smithi157.stdout:/usr/bin/ceph: stderr
2023-03-22T19:24:23.858+0000 7f793ffa5700 1 -- start start
2023-03-22T19:24:24.506 INFO:teuthology.orchestra.run.smithi157.stdout:/usr/bin/ceph: stderr
2023-03-22T19:24:23.858+0000 7f793ffa5700 1 --2- >> [v2:172.21.15.157:3300/0,v1:172.21.15.157:6789/0] conn(0x7f7938106550 0x7f7938108930 unknown :-1 s=NONE pgs=0 cs=0 l=0 rev1=0 crypto rx=0 tx=0 comp rx=0 tx=0).connect
2023-03-22T19:24:24.507 INFO:teuthology.orchestra.run.smithi157.stdout:/usr/bin/ceph: stderr
2023-03-22T19:24:23.858+0000 7f793ffa5700 1 -- --> [v2:172.21.15.157:3300/0,v1:172.21.15.157:6789/0] -- mon_getmap magic: 0 v1 -- 0x7f7938079d30 con 0x7f7938106550
2023-03-22T19:24:24.507 INFO:teuthology.orchestra.run.smithi157.stdout:/usr/bin/ceph: stderr
2023-03-22T19:24:23.858+0000 7f793dd41700 1 --2- >> [v2:172.21.15.157:3300/0,v1:172.21.15.157:6789/0] conn(0x7f7938106550 0x7f7938108930 unknown :-1 s=BANNER_CONNECTING pgs=0 cs=0 l=0 rev1=0 crypto rx=0 tx=0 comp rx=0 tx=0)._handle_peer_banner_payload supported=3 required=0
2023-03-22T19:24:24.507 INFO:teuthology.orchestra.run.smithi157.stdout:/usr/bin/ceph: stderr
2023-03-22T19:24:23.858+0000 7f793dd41700 1 --2- >> [v2:172.21.15.157:3300/0,v1:172.21.15.157:6789/0] conn(0x7f7938106550 0x7f7938108930 unknown :-1 s=HELLO_CONNECTING pgs=0 cs=0 l=0 rev1=1 crypto rx=0 tx=0 comp rx=0 tx=0).handle_hello peer v2:172.21.15.157:3300/0 says I am v2:172.21.15.157:54738/0 (socket says 172.21.15.157:54738)
2023-03-22T19:24:24.507 INFO:teuthology.orchestra.run.smithi157.stdout:/usr/bin/ceph: stderr
2023-03-22T19:24:23.858+0000 7f793dd41700 1 -- 172.21.15.157:0/1595006673 learned_addr learned my addr 172.21.15.157:0/1595006673 (peer_addr_for_me v2:172.21.15.157:0/0)
2023-03-22T19:24:24.507 INFO:teuthology.orchestra.run.smithi157.stdout:/usr/bin/ceph: stderr
2023-03-22T19:24:23.859+0000 7f793dd41700 1 -- 172.21.15.157:0/1595006673 --> [v2:172.21.15.157:3300/0,v1:172.21.15.157:6789/0] -- mon_subscribe({config=0+,monmap=0+}) v3 -- 0x7f7938079e70 con 0x7f7938106550
2023-03-22T19:24:24.508 INFO:teuthology.orchestra.run.smithi157.stdout:/usr/bin/ceph: stderr
2023-03-22T19:24:23.859+0000 7f793dd41700 1 --2- 172.21.15.157:0/1595006673 >> [v2:172.21.15.157:3300/0,v1:172.21.15.157:6789/0] conn(0x7f7938106550 0x7f7938108930 secure :-1 s=READY pgs=41 cs=0 l=1 rev1=1 crypto rx=0x7f79340098a0 tx=0x7f7934009bb0 comp rx=0 tx=0).ready entity=mon.0 client_cookie=93a479c157db996c server_cookie=0 in_seq=0 out_seq=0
2023-03-22T19:24:24.508 INFO:teuthology.orchestra.run.smithi157.stdout:/usr/bin/ceph: stderr
2023-03-22T19:24:23.860+0000 7f793cd3f700 1 -- 172.21.15.157:0/1595006673 <== mon.0 v2:172.21.15.157:3300/0 1 ==== mon_map magic: 0 v1 ==== 205+0+0 (secure 0 0 0) 0x7f7934004160 con 0x7f7938106550
2023-03-22T19:24:24.508 INFO:teuthology.orchestra.run.smithi157.stdout:/usr/bin/ceph: stderr
2023-03-22T19:24:23.860+0000 7f793cd3f700 1 -- 172.21.15.157:0/1595006673 <== mon.0 v2:172.21.15.157:3300/0 2 ==== config(26 keys) v1 ==== 1074+0+0 (secure 0 0 0) 0x7f79340042c0 con 0x7f7938106550
2023-03-22T19:24:24.508 INFO:teuthology.orchestra.run.smithi157.stdout:/usr/bin/ceph: stderr
2023-03-22T19:24:23.860+0000 7f793cd3f700 1 -- 172.21.15.157:0/1595006673 <== mon.0 v2:172.21.15.157:3300/0 3 ==== mon_map magic: 0 v1 ==== 205+0+0 (secure 0 0 0) 0x7f7934011a00 con 0x7f7938106550
2023-03-22T19:24:24.508 INFO:teuthology.orchestra.run.smithi157.stdout:/usr/bin/ceph: stderr
2023-03-22T19:24:23.861+0000 7f793ffa5700 1 -- 172.21.15.157:0/1595006673 >> [v2:172.21.15.157:3300/0,v1:172.21.15.157:6789/0] conn(0x7f7938106550 msgr2=0x7f7938108930 secure :-1 s=STATE_CONNECTION_ESTABLISHED l=1).mark_down
2023-03-22T19:24:24.508 INFO:teuthology.orchestra.run.smithi157.stdout:/usr/bin/ceph: stderr
2023-03-22T19:24:23.861+0000 7f793ffa5700 1 --2- 172.21.15.157:0/1595006673 >> [v2:172.21.15.157:3300/0,v1:172.21.15.157:6789/0] conn(0x7f7938106550 0x7f7938108930 secure :-1 s=READY pgs=41 cs=0 l=1 rev1=1 crypto rx=0x7f79340098a0 tx=0x7f7934009bb0 comp rx=0 tx=0).stop
2023-03-22T19:24:24.508 INFO:teuthology.orchestra.run.smithi157.stdout:/usr/bin/ceph: stderr
2023-03-22T19:24:23.861+0000 7f793ffa5700 1 -- 172.21.15.157:0/1595006673 shutdown_connections
2023-03-22T19:24:24.509 INFO:teuthology.orchestra.run.smithi157.stdout:/usr/bin/ceph: stderr
2023-03-22T19:24:23.861+0000 7f793ffa5700 1 --2- 172.21.15.157:0/1595006673 >> [v2:172.21.15.157:3300/0,v1:172.21.15.157:6789/0] conn(0x7f7938106550 0x7f7938108930 unknown :-1 s=CLOSED pgs=41 cs=0 l=1 rev1=1 crypto rx=0 tx=0 comp rx=0 tx=0).stop
2023-03-22T19:24:24.509 INFO:teuthology.orchestra.run.smithi157.stdout:/usr/bin/ceph: stderr
2023-03-22T19:24:23.861+0000 7f793ffa5700 1 -- 172.21.15.157:0/1595006673 >> 172.21.15.157:0/1595006673 conn(0x7f79380fffb0 msgr2=0x7f79381023c0 unknown :-1 s=STATE_NONE l=0).mark_down
2023-03-22T19:24:24.509 INFO:teuthology.orchestra.run.smithi157.stdout:/usr/bin/ceph: stderr
2023-03-22T19:24:23.861+0000 7f793ffa5700 1 -- 172.21.15.157:0/1595006673 shutdown_connections
2023-03-22T19:24:24.509 INFO:teuthology.orchestra.run.smithi157.stdout:/usr/bin/ceph: stderr
2023-03-22T19:24:23.861+0000 7f793ffa5700 1 -- 172.21.15.157:0/1595006673 wait complete.
2023-03-22T19:24:24.509 INFO:teuthology.orchestra.run.smithi157.stdout:/usr/bin/ceph: stderr
2023-03-22T19:24:23.862+0000 7f793ffa5700 1 Processor -- start
2023-03-22T19:24:24.509 INFO:teuthology.orchestra.run.smithi157.stdout:/usr/bin/ceph: stderr
2023-03-22T19:24:23.862+0000 7f793ffa5700 1 -- start start
2023-03-22T19:24:24.509 INFO:teuthology.orchestra.run.smithi157.stdout:/usr/bin/ceph: stderr
2023-03-22T19:24:23.862+0000 7f793ffa5700 1 --2- >> [v2:172.21.15.157:3300/0,v1:172.21.15.157:6789/0] conn(0x7f7938106550 0x7f7938105eb0 unknown :-1 s=NONE pgs=0 cs=0 l=1 rev1=0 crypto rx=0 tx=0 comp rx=0 tx=0).connect
2023-03-22T19:24:24.510 INFO:teuthology.orchestra.run.smithi157.stdout:/usr/bin/ceph: stderr
2023-03-22T19:24:23.862+0000 7f793ffa5700 1 -- --> [v2:172.21.15.157:3300/0,v1:172.21.15.157:6789/0] -- mon_getmap magic: 0 v1 -- 0x7f79381063f0 con 0x7f7938106550
2023-03-22T19:24:24.510 INFO:teuthology.orchestra.run.smithi157.stdout:/usr/bin/ceph: stderr
2023-03-22T19:24:23.862+0000 7f793dd41700 1 --2- >> [v2:172.21.15.157:3300/0,v1:172.21.15.157:6789/0] conn(0x7f7938106550 0x7f7938105eb0 unknown :-1 s=BANNER_CONNECTING pgs=0 cs=0 l=1 rev1=0 crypto rx=0 tx=0 comp rx=0 tx=0)._handle_peer_banner_payload supported=3 required=0
2023-03-22T19:24:24.510 INFO:teuthology.orchestra.run.smithi157.stdout:/usr/bin/ceph: stderr
2023-03-22T19:24:23.862+0000 7f793dd41700 1 --2- >> [v2:172.21.15.157:3300/0,v1:172.21.15.157:6789/0] conn(0x7f7938106550 0x7f7938105eb0 unknown :-1 s=HELLO_CONNECTING pgs=0 cs=0 l=1 rev1=1 crypto rx=0 tx=0 comp rx=0 tx=0).handle_hello peer v2:172.21.15.157:3300/0 says I am v2:172.21.15.157:54740/0 (socket says 172.21.15.157:54740)
2023-03-22T19:24:24.510 INFO:teuthology.orchestra.run.smithi157.stdout:/usr/bin/ceph: stderr
2023-03-22T19:24:23.862+0000 7f793dd41700 1 -- 172.21.15.157:0/1693456304 learned_addr learned my addr 172.21.15.157:0/1693456304 (peer_addr_for_me v2:172.21.15.157:0/0)
2023-03-22T19:24:24.510 INFO:teuthology.orchestra.run.smithi157.stdout:/usr/bin/ceph: stderr
2023-03-22T19:24:23.862+0000 7f793dd41700 1 -- 172.21.15.157:0/1693456304 --> [v2:172.21.15.157:3300/0,v1:172.21.15.157:6789/0] -- mon_subscribe({config=0+,monmap=0+}) v3 -- 0x7f7934009550 con 0x7f7938106550
2023-03-22T19:24:24.510 INFO:teuthology.orchestra.run.smithi157.stdout:/usr/bin/ceph: stderr
2023-03-22T19:24:23.862+0000 7f793dd41700 1 --2- 172.21.15.157:0/1693456304 >> [v2:172.21.15.157:3300/0,v1:172.21.15.157:6789/0] conn(0x7f7938106550 0x7f7938105eb0 secure :-1 s=READY pgs=42 cs=0 l=1 rev1=1 crypto rx=0x7f7934009fb0 tx=0x7f7934011ad0 comp rx=0 tx=0).ready entity=mon.0 client_cookie=0 server_cookie=0 in_seq=0 out_seq=0
2023-03-22T19:24:24.511 INFO:teuthology.orchestra.run.smithi157.stdout:/usr/bin/ceph: stderr
2023-03-22T19:24:23.862+0000 7f792effd700 1 -- 172.21.15.157:0/1693456304 <== mon.0 v2:172.21.15.157:3300/0 1 ==== mon_map magic: 0 v1 ==== 205+0+0 (secure 0 0 0) 0x7f7934003930 con 0x7f7938106550
2023-03-22T19:24:24.511 INFO:teuthology.orchestra.run.smithi157.stdout:/usr/bin/ceph: stderr
2023-03-22T19:24:23.862+0000 7f792effd700 1 -- 172.21.15.157:0/1693456304 <== mon.0 v2:172.21.15.157:3300/0 2 ==== config(26 keys) v1 ==== 1074+0+0 (secure 0 0 0) 0x7f7934003a90 con 0x7f7938106550
2023-03-22T19:24:24.511 INFO:teuthology.orchestra.run.smithi157.stdout:/usr/bin/ceph: stderr
2023-03-22T19:24:23.863+0000 7f793ffa5700 1 -- 172.21.15.157:0/1693456304 --> [v2:172.21.15.157:3300/0,v1:172.21.15.157:6789/0] -- mon_subscribe({mgrmap=0+}) v3 -- 0x7f7938109c00 con 0x7f7938106550
2023-03-22T19:24:24.511 INFO:teuthology.orchestra.run.smithi157.stdout:/usr/bin/ceph: stderr
2023-03-22T19:24:23.863+0000 7f792effd700 1 -- 172.21.15.157:0/1693456304 <== mon.0 v2:172.21.15.157:3300/0 3 ==== mon_map magic: 0 v1 ==== 205+0+0 (secure 0 0 0) 0x7f79340195e0 con 0x7f7938106550
2023-03-22T19:24:24.511 INFO:teuthology.orchestra.run.smithi157.stdout:/usr/bin/ceph: stderr
2023-03-22T19:24:23.863+0000 7f793ffa5700 1 -- 172.21.15.157:0/1693456304 --> [v2:172.21.15.157:3300/0,v1:172.21.15.157:6789/0] -- mon_subscribe({osdmap=0}) v3 -- 0x7f7938109a70 con 0x7f7938106550
2023-03-22T19:24:24.511 INFO:teuthology.orchestra.run.smithi157.stdout:/usr/bin/ceph: stderr
2023-03-22T19:24:23.863+0000 7f792effd700 1 -- 172.21.15.157:0/1693456304 <== mon.0 v2:172.21.15.157:3300/0 4 ==== mgrmap(e 8) v1 ==== 44769+0+0 (secure 0 0 0) 0x7f7934019850 con 0x7f7938106550
2023-03-22T19:24:24.511 INFO:teuthology.orchestra.run.smithi157.stdout:/usr/bin/ceph: stderr
2023-03-22T19:24:23.863+0000 7f792effd700 1 --2- 172.21.15.157:0/1693456304 >> [v2:172.21.15.157:6800/2704211606,v1:172.21.15.157:6801/2704211606] conn(0x7f7924038050 0x7f792403a500 unknown :-1 s=NONE pgs=0 cs=0 l=1 rev1=0 crypto rx=0 tx=0 comp rx=0 tx=0).connect
2023-03-22T19:24:24.512 INFO:teuthology.orchestra.run.smithi157.stdout:/usr/bin/ceph: stderr
2023-03-22T19:24:23.864+0000 7f792effd700 1 -- 172.21.15.157:0/1693456304 <== mon.0 v2:172.21.15.157:3300/0 5 ==== osd_map(2..2 src has 1..2) v4 ==== 940+0+0 (secure 0 0 0) 0x7f793404bdb0 con 0x7f7938106550
2023-03-22T19:24:24.512 INFO:teuthology.orchestra.run.smithi157.stdout:/usr/bin/ceph: stderr
2023-03-22T19:24:23.864+0000 7f793d540700 1 --2- 172.21.15.157:0/1693456304 >> [v2:172.21.15.157:6800/2704211606,v1:172.21.15.157:6801/2704211606] conn(0x7f7924038050 0x7f792403a500 unknown :-1 s=BANNER_CONNECTING pgs=0 cs=0 l=1 rev1=0 crypto rx=0 tx=0 comp rx=0 tx=0)._handle_peer_banner_payload supported=3 required=0
2023-03-22T19:24:24.512 INFO:teuthology.orchestra.run.smithi157.stdout:/usr/bin/ceph: stderr
2023-03-22T19:24:23.864+0000 7f793ffa5700 1 -- 172.21.15.157:0/1693456304 --> [v2:172.21.15.157:3300/0,v1:172.21.15.157:6789/0] -- mon_command({"prefix": "get_command_descriptions"} v 0) v1 -- 0x7f79380620b0 con 0x7f7938106550
2023-03-22T19:24:24.512 INFO:teuthology.orchestra.run.smithi157.stdout:/usr/bin/ceph: stderr
2023-03-22T19:24:23.864+0000 7f793d540700 1 --2- 172.21.15.157:0/1693456304 >> [v2:172.21.15.157:6800/2704211606,v1:172.21.15.157:6801/2704211606] conn(0x7f7924038050 0x7f792403a500 secure :-1 s=READY pgs=9 cs=0 l=1 rev1=1 crypto rx=0x7f7928006fd0 tx=0x7f7928006e40 comp rx=0 tx=0).ready entity=mgr.14120 client_cookie=0 server_cookie=0 in_seq=0 out_seq=0
2023-03-22T19:24:24.512 INFO:teuthology.orchestra.run.smithi157.stdout:/usr/bin/ceph: stderr
2023-03-22T19:24:23.868+0000 7f792effd700 1 -- 172.21.15.157:0/1693456304 <== mon.0 v2:172.21.15.157:3300/0 6 ==== mon_command_ack([{"prefix": "get_command_descriptions"}]=0 v0) v1 ==== 72+0+177574 (secure 0 0 0) 0x7f7934019b50 con 0x7f7938106550
2023-03-22T19:24:24.512 INFO:teuthology.orchestra.run.smithi157.stdout:/usr/bin/ceph: stderr
2023-03-22T19:24:24.057+0000 7f793ffa5700 1 -- 172.21.15.157:0/1693456304 --> [v2:172.21.15.157:6800/2704211606,v1:172.21.15.157:6801/2704211606] -- mgr_command(tid 0: {"prefix": "cephadm generate-key", "target": ["mon-mgr", ""]}) v1 -- 0x7f7938105420 con 0x7f7924038050
2023-03-22T19:24:24.512 INFO:teuthology.orchestra.run.smithi157.stdout:/usr/bin/ceph: stderr
2023-03-22T19:24:24.124+0000 7f792effd700 1 -- 172.21.15.157:0/1693456304 <== mgr.14120 v2:172.21.15.157:6800/2704211606 1 ==== mgr_command_reply(tid 0: 0 ) v1 ==== 8+0+0 (secure 0 0 0) 0x7f7928009e20 con 0x7f7924038050
2023-03-22T19:24:24.513 INFO:teuthology.orchestra.run.smithi157.stdout:/usr/bin/ceph: stderr
2023-03-22T19:24:24.126+0000 7f793ffa5700 1 -- 172.21.15.157:0/1693456304 >> [v2:172.21.15.157:6800/2704211606,v1:172.21.15.157:6801/2704211606] conn(0x7f7924038050 msgr2=0x7f792403a500 secure :-1 s=STATE_CONNECTION_ESTABLISHED l=1).mark_down
2023-03-22T19:24:24.513 INFO:teuthology.orchestra.run.smithi157.stdout:/usr/bin/ceph: stderr
2023-03-22T19:24:24.126+0000 7f793ffa5700 1 --2- 172.21.15.157:0/1693456304 >> [v2:172.21.15.157:6800/2704211606,v1:172.21.15.157:6801/2704211606] conn(0x7f7924038050 0x7f792403a500 secure :-1 s=READY pgs=9 cs=0 l=1 rev1=1 crypto rx=0x7f7928006fd0 tx=0x7f7928006e40 comp rx=0 tx=0).stop
2023-03-22T19:24:24.513 INFO:teuthology.orchestra.run.smithi157.stdout:/usr/bin/ceph: stderr
2023-03-22T19:24:24.126+0000 7f793ffa5700 1 -- 172.21.15.157:0/1693456304 >> [v2:172.21.15.157:3300/0,v1:172.21.15.157:6789/0] conn(0x7f7938106550 msgr2=0x7f7938105eb0 secure :-1 s=STATE_CONNECTION_ESTABLISHED l=1).mark_down
2023-03-22T19:24:24.513 INFO:teuthology.orchestra.run.smithi157.stdout:/usr/bin/ceph: stderr
2023-03-22T19:24:24.126+0000 7f793ffa5700 1 --2- 172.21.15.157:0/1693456304 >> [v2:172.21.15.157:3300/0,v1:172.21.15.157:6789/0] conn(0x7f7938106550 0x7f7938105eb0 secure :-1 s=READY pgs=42 cs=0 l=1 rev1=1 crypto rx=0x7f7934009fb0 tx=0x7f7934011ad0 comp rx=0 tx=0).stop
2023-03-22T19:24:24.513 INFO:teuthology.orchestra.run.smithi157.stdout:/usr/bin/ceph: stderr
2023-03-22T19:24:24.126+0000 7f793ffa5700 1 -- 172.21.15.157:0/1693456304 shutdown_connections
2023-03-22T19:24:24.513 INFO:teuthology.orchestra.run.smithi157.stdout:/usr/bin/ceph: stderr
2023-03-22T19:24:24.126+0000 7f793ffa5700 1 --2- 172.21.15.157:0/1693456304 >> [v2:172.21.15.157:6800/2704211606,v1:172.21.15.157:6801/2704211606] conn(0x7f7924038050 0x7f792403a500 unknown :-1 s=CLOSED pgs=9 cs=0 l=1 rev1=1 crypto rx=0 tx=0 comp rx=0 tx=0).stop
2023-03-22T19:24:24.513 INFO:teuthology.orchestra.run.smithi157.stdout:/usr/bin/ceph: stderr
2023-03-22T19:24:24.126+0000 7f793ffa5700 1 --2- 172.21.15.157:0/1693456304 >> [v2:172.21.15.157:3300/0,v1:172.21.15.157:6789/0] conn(0x7f7938106550 0x7f7938105eb0 unknown :-1 s=CLOSED pgs=42 cs=0 l=1 rev1=1 crypto rx=0 tx=0 comp rx=0 tx=0).stop
2023-03-22T19:24:24.513 INFO:teuthology.orchestra.run.smithi157.stdout:/usr/bin/ceph: stderr
2023-03-22T19:24:24.126+0000 7f793ffa5700 1 -- 172.21.15.157:0/1693456304 >> 172.21.15.157:0/1693456304 conn(0x7f79380fffb0 msgr2=0x7f7938100d20 unknown :-1 s=STATE_NONE l=0).mark_down
2023-03-22T19:24:24.514 INFO:teuthology.orchestra.run.smithi157.stdout:/usr/bin/ceph: stderr
2023-03-22T19:24:24.126+0000 7f793ffa5700 1 -- 172.21.15.157:0/1693456304 shutdown_connections
2023-03-22T19:24:24.514 INFO:teuthology.orchestra.run.smithi157.stdout:/usr/bin/ceph: stderr
2023-03-22T19:24:24.126+0000 7f793ffa5700 1 -- 172.21.15.157:0/1693456304 wait complete.
2023-03-22T19:24:25.172 INFO:journalctl@ceph.mon.a.smithi157.stdout:Mar 22 19:24:24 smithi157 ceph-mon[93025]: from='client.14136 -' entity='client.admin' cmd=[{"prefix": "cephadm generate-key", "target": ["mon-mgr", ""]}]: dispatch
2023-03-22T19:24:25.172 INFO:journalctl@ceph.mon.a.smithi157.stdout:Mar 22 19:24:24 smithi157 ceph-mon[93025]: Generating ssh key...
2023-03-22T19:24:25.172 INFO:journalctl@ceph.mon.a.smithi157.stdout:Mar 22 19:24:24 smithi157 ceph-mon[93025]: from='mgr.14120 172.21.15.157:0/1281168166' entity='mgr.x'
2023-03-22T19:24:25.172 INFO:journalctl@ceph.mon.a.smithi157.stdout:Mar 22 19:24:24 smithi157 ceph-mon[93025]: from='mgr.14120 172.21.15.157:0/1281168166' entity='mgr.x'
2023-03-22T19:24:25.550 INFO:teuthology.orchestra.run.smithi157.stdout:/usr/bin/ceph: stdout ssh-rsa AAAAB3NzaC1yc2EAAAADAQABAAABgQDYP2roKkGwFbjy1YwDzOsjWkGf46Nhl6we+bzcoQM1ho2KFBi0zHyC285bAl6Jrs/a3ubKcPxp7YIF+6AaKKps5DeXf4Up+4qrNpxSUd/pyLTVJrJyiDYeIbYnix0XBZ3au6evNp6eNQ6r1xYNelN5on4reHuoEoudE/CjL2pATQDItoKbTRCLqmd7ivjeaeP5w8H8YD4m7TBOiPDLsFf1bYdCEBBlZQvxSSDhIoau0P4NYKn5bjis/fUnHTiyOgKyfr/NA3O+aYLEicCMKaJ9VBhwcGbVDtX/Eedh8EWKyMWyAArcq+r1/a21K8ptP4Z8e8R/6aYNb9zXzE63D732UiqRgSdEYp98UTOz8unDfFZSKopuet9Gu0lBOcEG/7MnvCFHbGbPlaXBP4zquWcelPtzidIAzL2fM3Wx7e+jNFfIGD2S+qFsjkx5tY6GogSiKJ0QRfZLGSfsbS89Q0NFNOgDtCUjhPeNB3532uoWE7Q5MJ5tbOzfNmgBCg1xNRE= ceph-ec44e892-c8e6-11ed-9afe-001a4aab830c
2023-03-22T19:24:25.550 INFO:teuthology.orchestra.run.smithi157.stdout:/usr/bin/ceph: stderr
2023-03-22T19:24:24.986+0000 7f4638a9d700 1 Processor -- start
2023-03-22T19:24:25.550 INFO:teuthology.orchestra.run.smithi157.stdout:/usr/bin/ceph: stderr
2023-03-22T19:24:24.986+0000 7f4638a9d700 1 -- start start
2023-03-22T19:24:25.550 INFO:teuthology.orchestra.run.smithi157.stdout:/usr/bin/ceph: stderr
2023-03-22T19:24:24.986+0000 7f4638a9d700 1 --2- >> [v2:172.21.15.157:3300/0,v1:172.21.15.157:6789/0] conn(0x7f4634105e80 0x7f4634106290 unknown :-1 s=NONE pgs=0 cs=0 l=0 rev1=0 crypto rx=0 tx=0 comp rx=0 tx=0).connect
2023-03-22T19:24:25.551 INFO:teuthology.orchestra.run.smithi157.stdout:/usr/bin/ceph: stderr
2023-03-22T19:24:24.986+0000 7f4638a9d700 1 -- --> [v2:172.21.15.157:3300/0,v1:172.21.15.157:6789/0] -- mon_getmap magic: 0 v1 -- 0x7f4634106860 con 0x7f4634105e80
2023-03-22T19:24:25.551 INFO:teuthology.orchestra.run.smithi157.stdout:/usr/bin/ceph: stderr
2023-03-22T19:24:24.987+0000 7f463259c700 1 --2- >> [v2:172.21.15.157:3300/0,v1:172.21.15.157:6789/0] conn(0x7f4634105e80 0x7f4634106290 unknown :-1 s=BANNER_CONNECTING pgs=0 cs=0 l=0 rev1=0 crypto rx=0 tx=0 comp rx=0 tx=0)._handle_peer_banner_payload supported=3 required=0
2023-03-22T19:24:25.551 INFO:teuthology.orchestra.run.smithi157.stdout:/usr/bin/ceph: stderr
2023-03-22T19:24:24.987+0000 7f463259c700 1 --2- >> [v2:172.21.15.157:3300/0,v1:172.21.15.157:6789/0] conn(0x7f4634105e80 0x7f4634106290 unknown :-1 s=HELLO_CONNECTING pgs=0 cs=0 l=0 rev1=1 crypto rx=0 tx=0 comp rx=0 tx=0).handle_hello peer v2:172.21.15.157:3300/0 says I am v2:172.21.15.157:54744/0 (socket says 172.21.15.157:54744)
2023-03-22T19:24:25.551 INFO:teuthology.orchestra.run.smithi157.stdout:/usr/bin/ceph: stderr
2023-03-22T19:24:24.987+0000 7f463259c700 1 -- 172.21.15.157:0/1300384262 learned_addr learned my addr 172.21.15.157:0/1300384262 (peer_addr_for_me v2:172.21.15.157:0/0)
2023-03-22T19:24:25.551 INFO:teuthology.orchestra.run.smithi157.stdout:/usr/bin/ceph: stderr
2023-03-22T19:24:24.987+0000 7f463259c700 1 -- 172.21.15.157:0/1300384262 --> [v2:172.21.15.157:3300/0,v1:172.21.15.157:6789/0] -- mon_subscribe({config=0+,monmap=0+}) v3 -- 0x7f46341069a0 con 0x7f4634105e80
2023-03-22T19:24:25.551 INFO:teuthology.orchestra.run.smithi157.stdout:/usr/bin/ceph: stderr
2023-03-22T19:24:24.987+0000 7f463259c700 1 --2- 172.21.15.157:0/1300384262 >> [v2:172.21.15.157:3300/0,v1:172.21.15.157:6789/0] conn(0x7f4634105e80 0x7f4634106290 secure :-1 s=READY pgs=43 cs=0 l=1 rev1=1 crypto rx=0x7f462800bb40 tx=0x7f462800be50 comp rx=0 tx=0).ready entity=mon.0 client_cookie=ec6b7053518cf748 server_cookie=0 in_seq=0 out_seq=0
2023-03-22T19:24:25.551 INFO:teuthology.orchestra.run.smithi157.stdout:/usr/bin/ceph: stderr
2023-03-22T19:24:24.987+0000 7f463159a700 1 -- 172.21.15.157:0/1300384262 <== mon.0 v2:172.21.15.157:3300/0 1 ==== mon_map magic: 0 v1 ==== 205+0+0 (secure 0 0 0) 0x7f462800dbe0 con 0x7f4634105e80
2023-03-22T19:24:25.552 INFO:teuthology.orchestra.run.smithi157.stdout:/usr/bin/ceph: stderr
2023-03-22T19:24:24.987+0000 7f463159a700 1 -- 172.21.15.157:0/1300384262 <== mon.0 v2:172.21.15.157:3300/0 2 ==== config(26 keys) v1 ==== 1074+0+0 (secure 0 0 0) 0x7f46280044d0 con 0x7f4634105e80
2023-03-22T19:24:25.552 INFO:teuthology.orchestra.run.smithi157.stdout:/usr/bin/ceph: stderr
2023-03-22T19:24:24.987+0000 7f463159a700 1 -- 172.21.15.157:0/1300384262 <== mon.0 v2:172.21.15.157:3300/0 3 ==== mon_map magic: 0 v1 ==== 205+0+0 (secure 0 0 0) 0x7f4628010470 con 0x7f4634105e80
2023-03-22T19:24:25.552 INFO:teuthology.orchestra.run.smithi157.stdout:/usr/bin/ceph: stderr
2023-03-22T19:24:24.988+0000 7f4638a9d700 1 -- 172.21.15.157:0/1300384262 >> [v2:172.21.15.157:3300/0,v1:172.21.15.157:6789/0] conn(0x7f4634105e80 msgr2=0x7f4634106290 secure :-1 s=STATE_CONNECTION_ESTABLISHED l=1).mark_down
2023-03-22T19:24:25.552 INFO:teuthology.orchestra.run.smithi157.stdout:/usr/bin/ceph: stderr
2023-03-22T19:24:24.988+0000 7f4638a9d700 1 --2- 172.21.15.157:0/1300384262 >> [v2:172.21.15.157:3300/0,v1:172.21.15.157:6789/0] conn(0x7f4634105e80 0x7f4634106290 secure :-1 s=READY pgs=43 cs=0 l=1 rev1=1 crypto rx=0x7f462800bb40 tx=0x7f462800be50 comp rx=0 tx=0).stop
2023-03-22T19:24:25.552 INFO:teuthology.orchestra.run.smithi157.stdout:/usr/bin/ceph: stderr
2023-03-22T19:24:24.988+0000 7f4638a9d700 1 -- 172.21.15.157:0/1300384262 shutdown_connections
2023-03-22T19:24:25.552 INFO:teuthology.orchestra.run.smithi157.stdout:/usr/bin/ceph: stderr
