2023-03-22T19:54:41.656 INFO:teuthology.orchestra.run.smithi029.stdout:/usr/bin/ceph: stderr
2023-03-22T19:54:40.784+0000 7fa4e43e9700 1 --2- >> [v2:172.21.15.29:3300/0,v1:172.21.15.29:6789/0] conn(0x7fa4dc104900 0x7fa4dc199620 unknown :-1 s=NONE pgs=0 cs=0 l=1 rev1=0 crypto rx=0 tx=0 comp rx=0 tx=0).connect
2023-03-22T19:54:41.656 INFO:teuthology.orchestra.run.smithi029.stdout:/usr/bin/ceph: stderr
2023-03-22T19:54:40.784+0000 7fa4e43e9700 1 -- --> [v2:172.21.15.29:3300/0,v1:172.21.15.29:6789/0] -- mon_getmap magic: 0 v1 -- 0x7fa4dc199b60 con 0x7fa4dc104900
2023-03-22T19:54:41.656 INFO:teuthology.orchestra.run.smithi029.stdout:/usr/bin/ceph: stderr
2023-03-22T19:54:40.784+0000 7fa4e2185700 1 --2- >> [v2:172.21.15.29:3300/0,v1:172.21.15.29:6789/0] conn(0x7fa4dc104900 0x7fa4dc199620 unknown :-1 s=BANNER_CONNECTING pgs=0 cs=0 l=1 rev1=0 crypto rx=0 tx=0 comp rx=0 tx=0)._handle_peer_banner_payload supported=3 required=0
2023-03-22T19:54:41.656 INFO:teuthology.orchestra.run.smithi029.stdout:/usr/bin/ceph: stderr
2023-03-22T19:54:40.784+0000 7fa4e2185700 1 --2- >> [v2:172.21.15.29:3300/0,v1:172.21.15.29:6789/0] conn(0x7fa4dc104900 0x7fa4dc199620 unknown :-1 s=HELLO_CONNECTING pgs=0 cs=0 l=1 rev1=1 crypto rx=0 tx=0 comp rx=0 tx=0).handle_hello peer v2:172.21.15.29:3300/0 says I am v2:172.21.15.29:39284/0 (socket says 172.21.15.29:39284)
2023-03-22T19:54:41.656 INFO:teuthology.orchestra.run.smithi029.stdout:/usr/bin/ceph: stderr
2023-03-22T19:54:40.784+0000 7fa4e2185700 1 -- 172.21.15.29:0/273039526 learned_addr learned my addr 172.21.15.29:0/273039526 (peer_addr_for_me v2:172.21.15.29:0/0)
2023-03-22T19:54:41.656 INFO:teuthology.orchestra.run.smithi029.stdout:/usr/bin/ceph: stderr
2023-03-22T19:54:40.784+0000 7fa4e2185700 1 -- 172.21.15.29:0/273039526 --> [v2:172.21.15.29:3300/0,v1:172.21.15.29:6789/0] -- mon_subscribe({config=0+,monmap=0+}) v3 -- 0x7fa4d8009550 con 0x7fa4dc104900
2023-03-22T19:54:41.657 INFO:teuthology.orchestra.run.smithi029.stdout:/usr/bin/ceph: stderr
2023-03-22T19:54:40.784+0000 7fa4e2185700 1 --2- 172.21.15.29:0/273039526 >> [v2:172.21.15.29:3300/0,v1:172.21.15.29:6789/0] conn(0x7fa4dc104900 0x7fa4dc199620 secure :-1 s=READY pgs=50 cs=0 l=1 rev1=1 crypto rx=0x7fa4d8011980 tx=0x7fa4d8011a60 comp rx=0 tx=0).ready entity=mon.0 client_cookie=0 server_cookie=0 in_seq=0 out_seq=0
2023-03-22T19:54:41.657 INFO:teuthology.orchestra.run.smithi029.stdout:/usr/bin/ceph: stderr
2023-03-22T19:54:40.784+0000 7fa4d37fe700 1 -- 172.21.15.29:0/273039526 <== mon.0 v2:172.21.15.29:3300/0 1 ==== mon_map magic: 0 v1 ==== 205+0+0 (secure 0 0 0) 0x7fa4d8003a60 con 0x7fa4dc104900
2023-03-22T19:54:41.657 INFO:teuthology.orchestra.run.smithi029.stdout:/usr/bin/ceph: stderr
2023-03-22T19:54:40.784+0000 7fa4e43e9700 1 -- 172.21.15.29:0/273039526 --> [v2:172.21.15.29:3300/0,v1:172.21.15.29:6789/0] -- mon_subscribe({mgrmap=0+}) v3 -- 0x7fa4dc106990 con 0x7fa4dc104900
2023-03-22T19:54:41.657 INFO:teuthology.orchestra.run.smithi029.stdout:/usr/bin/ceph: stderr
2023-03-22T19:54:40.784+0000 7fa4d37fe700 1 -- 172.21.15.29:0/273039526 <== mon.0 v2:172.21.15.29:3300/0 2 ==== config(26 keys) v1 ==== 1105+0+0 (secure 0 0 0) 0x7fa4d8003bc0 con 0x7fa4dc104900
2023-03-22T19:54:41.657 INFO:teuthology.orchestra.run.smithi029.stdout:/usr/bin/ceph: stderr
2023-03-22T19:54:40.784+0000 7fa4d37fe700 1 -- 172.21.15.29:0/273039526 <== mon.0 v2:172.21.15.29:3300/0 3 ==== mon_map magic: 0 v1 ==== 205+0+0 (secure 0 0 0) 0x7fa4d801a670 con 0x7fa4dc104900
2023-03-22T19:54:41.657 INFO:teuthology.orchestra.run.smithi029.stdout:/usr/bin/ceph: stderr
2023-03-22T19:54:40.785+0000 7fa4e43e9700 1 -- 172.21.15.29:0/273039526 --> [v2:172.21.15.29:3300/0,v1:172.21.15.29:6789/0] -- mon_subscribe({osdmap=0}) v3 -- 0x7fa4dc106800 con 0x7fa4dc104900
2023-03-22T19:54:41.657 INFO:teuthology.orchestra.run.smithi029.stdout:/usr/bin/ceph: stderr
2023-03-22T19:54:40.785+0000 7fa4d37fe700 1 -- 172.21.15.29:0/273039526 <== mon.0 v2:172.21.15.29:3300/0 4 ==== mgrmap(e 8) v1 ==== 44769+0+0 (secure 0 0 0) 0x7fa4d801a930 con 0x7fa4dc104900
2023-03-22T19:54:41.658 INFO:teuthology.orchestra.run.smithi029.stdout:/usr/bin/ceph: stderr
2023-03-22T19:54:40.786+0000 7fa4d37fe700 1 --2- 172.21.15.29:0/273039526 >> [v2:172.21.15.29:6800/661004854,v1:172.21.15.29:6801/661004854] conn(0x7fa4c8038050 0x7fa4c803a500 unknown :-1 s=NONE pgs=0 cs=0 l=1 rev1=0 crypto rx=0 tx=0 comp rx=0 tx=0).connect
2023-03-22T19:54:41.658 INFO:teuthology.orchestra.run.smithi029.stdout:/usr/bin/ceph: stderr
2023-03-22T19:54:40.786+0000 7fa4d37fe700 1 -- 172.21.15.29:0/273039526 <== mon.0 v2:172.21.15.29:3300/0 5 ==== osd_map(2..2 src has 1..2) v4 ==== 940+0+0 (secure 0 0 0) 0x7fa4d804bd50 con 0x7fa4dc104900
2023-03-22T19:54:41.658 INFO:teuthology.orchestra.run.smithi029.stdout:/usr/bin/ceph: stderr
2023-03-22T19:54:40.786+0000 7fa4e43e9700 1 -- 172.21.15.29:0/273039526 --> [v2:172.21.15.29:3300/0,v1:172.21.15.29:6789/0] -- mon_command({"prefix": "get_command_descriptions"} v 0) v1 -- 0x7fa4dc108dd0 con 0x7fa4dc104900
2023-03-22T19:54:41.658 INFO:teuthology.orchestra.run.smithi029.stdout:/usr/bin/ceph: stderr
2023-03-22T19:54:40.786+0000 7fa4e1984700 1 --2- 172.21.15.29:0/273039526 >> [v2:172.21.15.29:6800/661004854,v1:172.21.15.29:6801/661004854] conn(0x7fa4c8038050 0x7fa4c803a500 unknown :-1 s=BANNER_CONNECTING pgs=0 cs=0 l=1 rev1=0 crypto rx=0 tx=0 comp rx=0 tx=0)._handle_peer_banner_payload supported=3 required=0
2023-03-22T19:54:41.658 INFO:teuthology.orchestra.run.smithi029.stdout:/usr/bin/ceph: stderr
2023-03-22T19:54:40.786+0000 7fa4e1984700 1 --2- 172.21.15.29:0/273039526 >> [v2:172.21.15.29:6800/661004854,v1:172.21.15.29:6801/661004854] conn(0x7fa4c8038050 0x7fa4c803a500 secure :-1 s=READY pgs=13 cs=0 l=1 rev1=1 crypto rx=0x7fa4cc006fd0 tx=0x7fa4cc006e40 comp rx=0 tx=0).ready entity=mgr.14120 client_cookie=0 server_cookie=0 in_seq=0 out_seq=0
2023-03-22T19:54:41.658 INFO:teuthology.orchestra.run.smithi029.stdout:/usr/bin/ceph: stderr
2023-03-22T19:54:40.791+0000 7fa4d37fe700 1 -- 172.21.15.29:0/273039526 <== mon.0 v2:172.21.15.29:3300/0 6 ==== mon_command_ack([{"prefix": "get_command_descriptions"}]=0 v0) v1 ==== 72+0+177574 (secure 0 0 0) 0x7fa4d801abe0 con 0x7fa4dc104900
2023-03-22T19:54:41.658 INFO:teuthology.orchestra.run.smithi029.stdout:/usr/bin/ceph: stderr
2023-03-22T19:54:41.179+0000 7fa4e43e9700 1 -- 172.21.15.29:0/273039526 --> [v2:172.21.15.29:6800/661004854,v1:172.21.15.29:6801/661004854] -- mgr_command(tid 0: {"prefix": "orch apply", "service_type": "mgr", "unmanaged": true, "target": ["mon-mgr", ""]}) v1 -- 0x7fa4dc102060 con 0x7fa4c8038050
2023-03-22T19:54:41.658 INFO:teuthology.orchestra.run.smithi029.stdout:/usr/bin/ceph: stderr
2023-03-22T19:54:41.184+0000 7fa4d37fe700 1 -- 172.21.15.29:0/273039526 <== mgr.14120 v2:172.21.15.29:6800/661004854 1 ==== mgr_command_reply(tid 0: 0 ) v1 ==== 8+0+24 (secure 0 0 0) 0x7fa4dc102060 con 0x7fa4c8038050
2023-03-22T19:54:41.659 INFO:teuthology.orchestra.run.smithi029.stdout:/usr/bin/ceph: stderr
2023-03-22T19:54:41.186+0000 7fa4e43e9700 1 -- 172.21.15.29:0/273039526 >> [v2:172.21.15.29:6800/661004854,v1:172.21.15.29:6801/661004854] conn(0x7fa4c8038050 msgr2=0x7fa4c803a500 secure :-1 s=STATE_CONNECTION_ESTABLISHED l=1).mark_down
2023-03-22T19:54:41.659 INFO:teuthology.orchestra.run.smithi029.stdout:/usr/bin/ceph: stderr
2023-03-22T19:54:41.186+0000 7fa4e43e9700 1 --2- 172.21.15.29:0/273039526 >> [v2:172.21.15.29:6800/661004854,v1:172.21.15.29:6801/661004854] conn(0x7fa4c8038050 0x7fa4c803a500 secure :-1 s=READY pgs=13 cs=0 l=1 rev1=1 crypto rx=0x7fa4cc006fd0 tx=0x7fa4cc006e40 comp rx=0 tx=0).stop
2023-03-22T19:54:41.659 INFO:teuthology.orchestra.run.smithi029.stdout:/usr/bin/ceph: stderr
2023-03-22T19:54:41.186+0000 7fa4e43e9700 1 -- 172.21.15.29:0/273039526 >> [v2:172.21.15.29:3300/0,v1:172.21.15.29:6789/0] conn(0x7fa4dc104900 msgr2=0x7fa4dc199620 secure :-1 s=STATE_CONNECTION_ESTABLISHED l=1).mark_down
2023-03-22T19:54:41.659 INFO:teuthology.orchestra.run.smithi029.stdout:/usr/bin/ceph: stderr
2023-03-22T19:54:41.186+0000 7fa4e43e9700 1 --2- 172.21.15.29:0/273039526 >> [v2:172.21.15.29:3300/0,v1:172.21.15.29:6789/0] conn(0x7fa4dc104900 0x7fa4dc199620 secure :-1 s=READY pgs=50 cs=0 l=1 rev1=1 crypto rx=0x7fa4d8011980 tx=0x7fa4d8011a60 comp rx=0 tx=0).stop
2023-03-22T19:54:41.659 INFO:teuthology.orchestra.run.smithi029.stdout:/usr/bin/ceph: stderr
2023-03-22T19:54:41.187+0000 7fa4e43e9700 1 -- 172.21.15.29:0/273039526 shutdown_connections
2023-03-22T19:54:41.659 INFO:teuthology.orchestra.run.smithi029.stdout:/usr/bin/ceph: stderr
2023-03-22T19:54:41.187+0000 7fa4e43e9700 1 --2- 172.21.15.29:0/273039526 >> [v2:172.21.15.29:6800/661004854,v1:172.21.15.29:6801/661004854] conn(0x7fa4c8038050 0x7fa4c803a500 unknown :-1 s=CLOSED pgs=13 cs=0 l=1 rev1=1 crypto rx=0 tx=0 comp rx=0 tx=0).stop
2023-03-22T19:54:41.659 INFO:teuthology.orchestra.run.smithi029.stdout:/usr/bin/ceph: stderr
2023-03-22T19:54:41.187+0000 7fa4e43e9700 1 --2- 172.21.15.29:0/273039526 >> [v2:172.21.15.29:3300/0,v1:172.21.15.29:6789/0] conn(0x7fa4dc104900 0x7fa4dc199620 unknown :-1 s=CLOSED pgs=50 cs=0 l=1 rev1=1 crypto rx=0 tx=0 comp rx=0 tx=0).stop
2023-03-22T19:54:41.660 INFO:teuthology.orchestra.run.smithi029.stdout:/usr/bin/ceph: stderr
2023-03-22T19:54:41.187+0000 7fa4e43e9700 1 -- 172.21.15.29:0/273039526 >> 172.21.15.29:0/273039526 conn(0x7fa4dc0fffb0 msgr2=0x7fa4dc0798d0 unknown :-1 s=STATE_NONE l=0).mark_down
2023-03-22T19:54:41.660 INFO:teuthology.orchestra.run.smithi029.stdout:/usr/bin/ceph: stderr
2023-03-22T19:54:41.187+0000 7fa4e43e9700 1 -- 172.21.15.29:0/273039526 shutdown_connections
2023-03-22T19:54:41.660 INFO:teuthology.orchestra.run.smithi029.stdout:/usr/bin/ceph: stderr
2023-03-22T19:54:41.187+0000 7fa4e43e9700 1 -- 172.21.15.29:0/273039526 wait complete.
2023-03-22T19:54:42.587 INFO:journalctl@ceph.mon.a.smithi029.stdout:Mar 22 19:54:42 smithi029 ceph-mon[92971]: from='client.14144 -' entity='client.admin' cmd=[{"prefix": "orch apply", "service_type": "mgr", "unmanaged": true, "target": ["mon-mgr", ""]}]: dispatch
2023-03-22T19:54:42.587 INFO:journalctl@ceph.mon.a.smithi029.stdout:Mar 22 19:54:42 smithi029 ceph-mon[92971]: Saving service mgr spec with placement count:2
2023-03-22T19:54:42.898 INFO:teuthology.orchestra.run.smithi029.stdout:/usr/bin/ceph: stderr
2023-03-22T19:54:42.107+0000 7f5e6520d700 1 Processor -- start
2023-03-22T19:54:42.898 INFO:teuthology.orchestra.run.smithi029.stdout:/usr/bin/ceph: stderr
2023-03-22T19:54:42.107+0000 7f5e6520d700 1 -- start start
2023-03-22T19:54:42.898 INFO:teuthology.orchestra.run.smithi029.stdout:/usr/bin/ceph: stderr
2023-03-22T19:54:42.107+0000 7f5e6520d700 1 --2- >> [v2:172.21.15.29:3300/0,v1:172.21.15.29:6789/0] conn(0x7f5e60106510 0x7f5e601088f0 unknown :-1 s=NONE pgs=0 cs=0 l=0 rev1=0 crypto rx=0 tx=0 comp rx=0 tx=0).connect
2023-03-22T19:54:42.898 INFO:teuthology.orchestra.run.smithi029.stdout:/usr/bin/ceph: stderr
2023-03-22T19:54:42.107+0000 7f5e6520d700 1 -- --> [v2:172.21.15.29:3300/0,v1:172.21.15.29:6789/0] -- mon_getmap magic: 0 v1 -- 0x7f5e60079d70 con 0x7f5e60106510
2023-03-22T19:54:42.899 INFO:teuthology.orchestra.run.smithi029.stdout:/usr/bin/ceph: stderr
2023-03-22T19:54:42.107+0000 7f5e5ed9d700 1 --2- >> [v2:172.21.15.29:3300/0,v1:172.21.15.29:6789/0] conn(0x7f5e60106510 0x7f5e601088f0 unknown :-1 s=BANNER_CONNECTING pgs=0 cs=0 l=0 rev1=0 crypto rx=0 tx=0 comp rx=0 tx=0)._handle_peer_banner_payload supported=3 required=0
2023-03-22T19:54:42.899 INFO:teuthology.orchestra.run.smithi029.stdout:/usr/bin/ceph: stderr
2023-03-22T19:54:42.107+0000 7f5e5ed9d700 1 --2- >> [v2:172.21.15.29:3300/0,v1:172.21.15.29:6789/0] conn(0x7f5e60106510 0x7f5e601088f0 unknown :-1 s=HELLO_CONNECTING pgs=0 cs=0 l=0 rev1=1 crypto rx=0 tx=0 comp rx=0 tx=0).handle_hello peer v2:172.21.15.29:3300/0 says I am v2:172.21.15.29:39288/0 (socket says 172.21.15.29:39288)
2023-03-22T19:54:42.899 INFO:teuthology.orchestra.run.smithi029.stdout:/usr/bin/ceph: stderr
2023-03-22T19:54:42.107+0000 7f5e5ed9d700 1 -- 172.21.15.29:0/756666215 learned_addr learned my addr 172.21.15.29:0/756666215 (peer_addr_for_me v2:172.21.15.29:0/0)
2023-03-22T19:54:42.899 INFO:teuthology.orchestra.run.smithi029.stdout:/usr/bin/ceph: stderr
2023-03-22T19:54:42.107+0000 7f5e5ed9d700 1 -- 172.21.15.29:0/756666215 --> [v2:172.21.15.29:3300/0,v1:172.21.15.29:6789/0] -- mon_subscribe({config=0+,monmap=0+}) v3 -- 0x7f5e60079eb0 con 0x7f5e60106510
2023-03-22T19:54:42.899 INFO:teuthology.orchestra.run.smithi029.stdout:/usr/bin/ceph: stderr
2023-03-22T19:54:42.107+0000 7f5e5ed9d700 1 --2- 172.21.15.29:0/756666215 >> [v2:172.21.15.29:3300/0,v1:172.21.15.29:6789/0] conn(0x7f5e60106510 0x7f5e601088f0 secure :-1 s=READY pgs=51 cs=0 l=1 rev1=1 crypto rx=0x7f5e500098a0 tx=0x7f5e50009bb0 comp rx=0 tx=0).ready entity=mon.0 client_cookie=ade23a12071ebec1 server_cookie=0 in_seq=0 out_seq=0
2023-03-22T19:54:42.899 INFO:teuthology.orchestra.run.smithi029.stdout:/usr/bin/ceph: stderr
2023-03-22T19:54:42.108+0000 7f5e5dd9b700 1 -- 172.21.15.29:0/756666215 <== mon.0 v2:172.21.15.29:3300/0 1 ==== mon_map magic: 0 v1 ==== 205+0+0 (secure 0 0 0) 0x7f5e50004160 con 0x7f5e60106510
2023-03-22T19:54:42.899 INFO:teuthology.orchestra.run.smithi029.stdout:/usr/bin/ceph: stderr
2023-03-22T19:54:42.108+0000 7f5e5dd9b700 1 -- 172.21.15.29:0/756666215 <== mon.0 v2:172.21.15.29:3300/0 2 ==== config(26 keys) v1 ==== 1105+0+0 (secure 0 0 0) 0x7f5e500042c0 con 0x7f5e60106510
2023-03-22T19:54:42.900 INFO:teuthology.orchestra.run.smithi029.stdout:/usr/bin/ceph: stderr
2023-03-22T19:54:42.108+0000 7f5e5dd9b700 1 -- 172.21.15.29:0/756666215 <== mon.0 v2:172.21.15.29:3300/0 3 ==== mon_map magic: 0 v1 ==== 205+0+0 (secure 0 0 0) 0x7f5e500119b0 con 0x7f5e60106510
2023-03-22T19:54:42.900 INFO:teuthology.orchestra.run.smithi029.stdout:/usr/bin/ceph: stderr
2023-03-22T19:54:42.108+0000 7f5e6520d700 1 -- 172.21.15.29:0/756666215 >> [v2:172.21.15.29:3300/0,v1:172.21.15.29:6789/0] conn(0x7f5e60106510 msgr2=0x7f5e601088f0 secure :-1 s=STATE_CONNECTION_ESTABLISHED l=1).mark_down
2023-03-22T19:54:42.900 INFO:teuthology.orchestra.run.smithi029.stdout:/usr/bin/ceph: stderr
2023-03-22T19:54:42.108+0000 7f5e6520d700 1 --2- 172.21.15.29:0/756666215 >> [v2:172.21.15.29:3300/0,v1:172.21.15.29:6789/0] conn(0x7f5e60106510 0x7f5e601088f0 secure :-1 s=READY pgs=51 cs=0 l=1 rev1=1 crypto rx=0x7f5e500098a0 tx=0x7f5e50009bb0 comp rx=0 tx=0).stop
2023-03-22T19:54:42.900 INFO:teuthology.orchestra.run.smithi029.stdout:/usr/bin/ceph: stderr
2023-03-22T19:54:42.108+0000 7f5e6520d700 1 -- 172.21.15.29:0/756666215 shutdown_connections
2023-03-22T19:54:42.900 INFO:teuthology.orchestra.run.smithi029.stdout:/usr/bin/ceph: stderr
2023-03-22T19:54:42.108+0000 7f5e6520d700 1 --2- 172.21.15.29:0/756666215 >> [v2:172.21.15.29:3300/0,v1:172.21.15.29:6789/0] conn(0x7f5e60106510 0x7f5e601088f0 unknown :-1 s=CLOSED pgs=51 cs=0 l=1 rev1=1 crypto rx=0 tx=0 comp rx=0 tx=0).stop
2023-03-22T19:54:42.900 INFO:teuthology.orchestra.run.smithi029.stdout:/usr/bin/ceph: stderr
2023-03-22T19:54:42.108+0000 7f5e6520d700 1 -- 172.21.15.29:0/756666215 >> 172.21.15.29:0/756666215 conn(0x7f5e600fffb0 msgr2=0x7f5e601023c0 unknown :-1 s=STATE_NONE l=0).mark_down
2023-03-22T19:54:42.900 INFO:teuthology.orchestra.run.smithi029.stdout:/usr/bin/ceph: stderr
2023-03-22T19:54:42.108+0000 7f5e6520d700 1 -- 172.21.15.29:0/756666215 shutdown_connections
2023-03-22T19:54:42.900 INFO:teuthology.orchestra.run.smithi029.stdout:/usr/bin/ceph: stderr
2023-03-22T19:54:42.108+0000 7f5e6520d700 1 -- 172.21.15.29:0/756666215 wait complete.
2023-03-22T19:54:42.901 INFO:teuthology.orchestra.run.smithi029.stdout:/usr/bin/ceph: stderr
2023-03-22T19:54:42.109+0000 7f5e6520d700 1 Processor -- start
2023-03-22T19:54:42.901 INFO:teuthology.orchestra.run.smithi029.stdout:/usr/bin/ceph: stderr
2023-03-22T19:54:42.109+0000 7f5e6520d700 1 -- start start
2023-03-22T19:54:42.901 INFO:teuthology.orchestra.run.smithi029.stdout:/usr/bin/ceph: stderr
2023-03-22T19:54:42.109+0000 7f5e6520d700 1 --2- >> [v2:172.21.15.29:3300/0,v1:172.21.15.29:6789/0] conn(0x7f5e60106510 0x7f5e60199600 unknown :-1 s=NONE pgs=0 cs=0 l=1 rev1=0 crypto rx=0 tx=0 comp rx=0 tx=0).connect
2023-03-22T19:54:42.901 INFO:teuthology.orchestra.run.smithi029.stdout:/usr/bin/ceph: stderr
2023-03-22T19:54:42.109+0000 7f5e6520d700 1 -- --> [v2:172.21.15.29:3300/0,v1:172.21.15.29:6789/0] -- mon_getmap magic: 0 v1 -- 0x7f5e60199b40 con 0x7f5e60106510
2023-03-22T19:54:42.901 INFO:teuthology.orchestra.run.smithi029.stdout:/usr/bin/ceph: stderr
2023-03-22T19:54:42.110+0000 7f5e5ed9d700 1 --2- >> [v2:172.21.15.29:3300/0,v1:172.21.15.29:6789/0] conn(0x7f5e60106510 0x7f5e60199600 unknown :-1 s=BANNER_CONNECTING pgs=0 cs=0 l=1 rev1=0 crypto rx=0 tx=0 comp rx=0 tx=0)._handle_peer_banner_payload supported=3 required=0
2023-03-22T19:54:42.901 INFO:teuthology.orchestra.run.smithi029.stdout:/usr/bin/ceph: stderr
2023-03-22T19:54:42.110+0000 7f5e5ed9d700 1 --2- >> [v2:172.21.15.29:3300/0,v1:172.21.15.29:6789/0] conn(0x7f5e60106510 0x7f5e60199600 unknown :-1 s=HELLO_CONNECTING pgs=0 cs=0 l=1 rev1=1 crypto rx=0 tx=0 comp rx=0 tx=0).handle_hello peer v2:172.21.15.29:3300/0 says I am v2:172.21.15.29:39290/0 (socket says 172.21.15.29:39290)
2023-03-22T19:54:42.901 INFO:teuthology.orchestra.run.smithi029.stdout:/usr/bin/ceph: stderr
2023-03-22T19:54:42.110+0000 7f5e5ed9d700 1 -- 172.21.15.29:0/3533768850 learned_addr learned my addr 172.21.15.29:0/3533768850 (peer_addr_for_me v2:172.21.15.29:0/0)
2023-03-22T19:54:42.902 INFO:teuthology.orchestra.run.smithi029.stdout:/usr/bin/ceph: stderr
2023-03-22T19:54:42.110+0000 7f5e5ed9d700 1 -- 172.21.15.29:0/3533768850 --> [v2:172.21.15.29:3300/0,v1:172.21.15.29:6789/0] -- mon_subscribe({config=0+,monmap=0+}) v3 -- 0x7f5e50009550 con 0x7f5e60106510
2023-03-22T19:54:42.902 INFO:teuthology.orchestra.run.smithi029.stdout:/usr/bin/ceph: stderr
2023-03-22T19:54:42.110+0000 7f5e5ed9d700 1 --2- 172.21.15.29:0/3533768850 >> [v2:172.21.15.29:3300/0,v1:172.21.15.29:6789/0] conn(0x7f5e60106510 0x7f5e60199600 secure :-1 s=READY pgs=52 cs=0 l=1 rev1=1 crypto rx=0x7f5e50003e60 tx=0x7f5e50011aa0 comp rx=0 tx=0).ready entity=mon.0 client_cookie=0 server_cookie=0 in_seq=0 out_seq=0
2023-03-22T19:54:42.902 INFO:teuthology.orchestra.run.smithi029.stdout:/usr/bin/ceph: stderr
2023-03-22T19:54:42.110+0000 7f5e47fff700 1 -- 172.21.15.29:0/3533768850 <== mon.0 v2:172.21.15.29:3300/0 1 ==== mon_map magic: 0 v1 ==== 205+0+0 (secure 0 0 0) 0x7f5e50003970 con 0x7f5e60106510
2023-03-22T19:54:42.902 INFO:teuthology.orchestra.run.smithi029.stdout:/usr/bin/ceph: stderr
2023-03-22T19:54:42.110+0000 7f5e47fff700 1 -- 172.21.15.29:0/3533768850 <== mon.0 v2:172.21.15.29:3300/0 2 ==== config(26 keys) v1 ==== 1105+0+0 (secure 0 0 0) 0x7f5e50003ad0 con 0x7f5e60106510
2023-03-22T19:54:42.902 INFO:teuthology.orchestra.run.smithi029.stdout:/usr/bin/ceph: stderr
2023-03-22T19:54:42.110+0000 7f5e47fff700 1 -- 172.21.15.29:0/3533768850 <== mon.0 v2:172.21.15.29:3300/0 3 ==== mon_map magic: 0 v1 ==== 205+0+0 (secure 0 0 0) 0x7f5e500195e0 con 0x7f5e60106510
2023-03-22T19:54:42.902 INFO:teuthology.orchestra.run.smithi029.stdout:/usr/bin/ceph: stderr
2023-03-22T19:54:42.110+0000 7f5e6520d700 1 -- 172.21.15.29:0/3533768850 --> [v2:172.21.15.29:3300/0,v1:172.21.15.29:6789/0] -- mon_subscribe({mgrmap=0+}) v3 -- 0x7f5e60109cd0 con 0x7f5e60106510
2023-03-22T19:54:42.902 INFO:teuthology.orchestra.run.smithi029.stdout:/usr/bin/ceph: stderr
2023-03-22T19:54:42.110+0000 7f5e6520d700 1 -- 172.21.15.29:0/3533768850 --> [v2:172.21.15.29:3300/0,v1:172.21.15.29:6789/0] -- mon_subscribe({osdmap=0}) v3 -- 0x7f5e60109b40 con 0x7f5e60106510
2023-03-22T19:54:42.902 INFO:teuthology.orchestra.run.smithi029.stdout:/usr/bin/ceph: stderr
2023-03-22T19:54:42.111+0000 7f5e47fff700 1 -- 172.21.15.29:0/3533768850 <== mon.0 v2:172.21.15.29:3300/0 4 ==== mgrmap(e 8) v1 ==== 44769+0+0 (secure 0 0 0) 0x7f5e500198a0 con 0x7f5e60106510
2023-03-22T19:54:42.903 INFO:teuthology.orchestra.run.smithi029.stdout:/usr/bin/ceph: stderr
2023-03-22T19:54:42.111+0000 7f5e47fff700 1 --2- 172.21.15.29:0/3533768850 >> [v2:172.21.15.29:6800/661004854,v1:172.21.15.29:6801/661004854] conn(0x7f5e48038000 0x7f5e4803a4b0 unknown :-1 s=NONE pgs=0 cs=0 l=1 rev1=0 crypto rx=0 tx=0 comp rx=0 tx=0).connect
2023-03-22T19:54:42.903 INFO:teuthology.orchestra.run.smithi029.stdout:/usr/bin/ceph: stderr
2023-03-22T19:54:42.111+0000 7f5e47fff700 1 -- 172.21.15.29:0/3533768850 <== mon.0 v2:172.21.15.29:3300/0 5 ==== osd_map(2..2 src has 1..2) v4 ==== 940+0+0 (secure 0 0 0) 0x7f5e5004be10 con 0x7f5e60106510
2023-03-22T19:54:42.903 INFO:teuthology.orchestra.run.smithi029.stdout:/usr/bin/ceph: stderr
2023-03-22T19:54:42.111+0000 7f5e6520d700 1 -- 172.21.15.29:0/3533768850 --> [v2:172.21.15.29:3300/0,v1:172.21.15.29:6789/0] -- mon_command({"prefix": "get_command_descriptions"} v 0) v1 -- 0x7f5e60109e60 con 0x7f5e60106510
2023-03-22T19:54:42.903 INFO:teuthology.orchestra.run.smithi029.stdout:/usr/bin/ceph: stderr
2023-03-22T19:54:42.112+0000 7f5e5e59c700 1 --2- 172.21.15.29:0/3533768850 >> [v2:172.21.15.29:6800/661004854,v1:172.21.15.29:6801/661004854] conn(0x7f5e48038000 0x7f5e4803a4b0 unknown :-1 s=BANNER_CONNECTING pgs=0 cs=0 l=1 rev1=0 crypto rx=0 tx=0 comp rx=0 tx=0)._handle_peer_banner_payload supported=3 required=0
2023-03-22T19:54:42.903 INFO:teuthology.orchestra.run.smithi029.stdout:/usr/bin/ceph: stderr
2023-03-22T19:54:42.112+0000 7f5e5e59c700 1 --2- 172.21.15.29:0/3533768850 >> [v2:172.21.15.29:6800/661004854,v1:172.21.15.29:6801/661004854] conn(0x7f5e48038000 0x7f5e4803a4b0 secure :-1 s=READY pgs=14 cs=0 l=1 rev1=1 crypto rx=0x7f5e54006fd0 tx=0x7f5e54006e40 comp rx=0 tx=0).ready entity=mgr.14120 client_cookie=0 server_cookie=0 in_seq=0 out_seq=0
2023-03-22T19:54:42.903 INFO:teuthology.orchestra.run.smithi029.stdout:/usr/bin/ceph: stderr
2023-03-22T19:54:42.116+0000 7f5e47fff700 1 -- 172.21.15.29:0/3533768850 <== mon.0 v2:172.21.15.29:3300/0 6 ==== mon_command_ack([{"prefix": "get_command_descriptions"}]=0 v0) v1 ==== 72+0+177574 (secure 0 0 0) 0x7f5e50003c40 con 0x7f5e60106510
2023-03-22T19:54:42.903 INFO:teuthology.orchestra.run.smithi029.stdout:/usr/bin/ceph: stderr
2023-03-22T19:54:42.483+0000 7f5e6520d700 1 -- 172.21.15.29:0/3533768850 --> [v2:172.21.15.29:3300/0,v1:172.21.15.29:6789/0] -- mon_command([{prefix=config set, name=mgr/cephadm/container_init}] v 0) v1 -- 0x7f5e6019d150 con 0x7f5e60106510
2023-03-22T19:54:42.904 INFO:teuthology.orchestra.run.smithi029.stdout:/usr/bin/ceph: stderr
2023-03-22T19:54:42.487+0000 7f5e47fff700 1 -- 172.21.15.29:0/3533768850 <== mon.0 v2:172.21.15.29:3300/0 7 ==== mon_command_ack([{prefix=config set, name=mgr/cephadm/container_init}]=0 v7)=0 v7) v1 ==== 142+0+0 (secure 0 0 0) 0x7f5e50018350 con 0x7f5e60106510
2023-03-22T19:54:42.904 INFO:teuthology.orchestra.run.smithi029.stdout:/usr/bin/ceph: stderr
2023-03-22T19:54:42.490+0000 7f5e6520d700 1 -- 172.21.15.29:0/3533768850 >> [v2:172.21.15.29:6800/661004854,v1:172.21.15.29:6801/661004854] conn(0x7f5e48038000 msgr2=0x7f5e4803a4b0 secure :-1 s=STATE_CONNECTION_ESTABLISHED l=1).mark_down
2023-03-22T19:54:42.904 INFO:teuthology.orchestra.run.smithi029.stdout:/usr/bin/ceph: stderr
2023-03-22T19:54:42.490+0000 7f5e6520d700 1 --2- 172.21.15.29:0/3533768850 >> [v2:172.21.15.29:6800/661004854,v1:172.21.15.29:6801/661004854] conn(0x7f5e48038000 0x7f5e4803a4b0 secure :-1 s=READY pgs=14 cs=0 l=1 rev1=1 crypto rx=0x7f5e54006fd0 tx=0x7f5e54006e40 comp rx=0 tx=0).stop
2023-03-22T19:54:42.904 INFO:teuthology.orchestra.run.smithi029.stdout:/usr/bin/ceph: stderr
2023-03-22T19:54:42.490+0000 7f5e6520d700 1 -- 172.21.15.29:0/3533768850 >> [v2:172.21.15.29:3300/0,v1:172.21.15.29:6789/0] conn(0x7f5e60106510 msgr2=0x7f5e60199600 secure :-1 s=STATE_CONNECTION_ESTABLISHED l=1).mark_down
2023-03-22T19:54:42.904 INFO:teuthology.orchestra.run.smithi029.stdout:/usr/bin/ceph: stderr
2023-03-22T19:54:42.490+0000 7f5e6520d700 1 --2- 172.21.15.29:0/3533768850 >> [v2:172.21.15.29:3300/0,v1:172.21.15.29:6789/0] conn(0x7f5e60106510 0x7f5e60199600 secure :-1 s=READY pgs=52 cs=0 l=1 rev1=1 crypto rx=0x7f5e50003e60 tx=0x7f5e50011aa0 comp rx=0 tx=0).stop
2023-03-22T19:54:42.904 INFO:teuthology.orchestra.run.smithi029.stdout:/usr/bin/ceph: stderr
2023-03-22T19:54:42.490+0000 7f5e6520d700 1 -- 172.21.15.29:0/3533768850 shutdown_connections
2023-03-22T19:54:42.904 INFO:teuthology.orchestra.run.smithi029.stdout:/usr/bin/ceph: stderr
2023-03-22T19:54:42.490+0000 7f5e6520d700 1 --2- 172.21.15.29:0/3533768850 >> [v2:172.21.15.29:6800/661004854,v1:172.21.15.29:6801/661004854] conn(0x7f5e48038000 0x7f5e4803a4b0 unknown :-1 s=CLOSED pgs=14 cs=0 l=1 rev1=1 crypto rx=0 tx=0 comp rx=0 tx=0).stop
2023-03-22T19:54:42.904 INFO:teuthology.orchestra.run.smithi029.stdout:/usr/bin/ceph: stderr
2023-03-22T19:54:42.490+0000 7f5e6520d700 1 --2- 172.21.15.29:0/3533768850 >> [v2:172.21.15.29:3300/0,v1:172.21.15.29:6789/0] conn(0x7f5e60106510 0x7f5e60199600 unknown :-1 s=CLOSED pgs=52 cs=0 l=1 rev1=1 crypto rx=0 tx=0 comp rx=0 tx=0).stop
2023-03-22T19:54:42.905 INFO:teuthology.orchestra.run.smithi029.stdout:/usr/bin/ceph: stderr
2023-03-22T19:54:42.490+0000 7f5e6520d700 1 -- 172.21.15.29:0/3533768850 >> 172.21.15.29:0/3533768850 conn(0x7f5e600fffb0 msgr2=0x7f5e60100d10 unknown :-1 s=STATE_NONE l=0).mark_down
2023-03-22T19:54:42.905 INFO:teuthology.orchestra.run.smithi029.stdout:/usr/bin/ceph: stderr
2023-03-22T19:54:42.491+0000 7f5e6520d700 1 -- 172.21.15.29:0/3533768850 shutdown_connections
2023-03-22T19:54:42.905 INFO:teuthology.orchestra.run.smithi029.stdout:/usr/bin/ceph: stderr
2023-03-22T19:54:42.491+0000 7f5e6520d700 1 -- 172.21.15.29:0/3533768850 wait complete.
2023-03-22T19:54:43.808 INFO:journalctl@ceph.mon.a.smithi029.stdout:Mar 22 19:54:43 smithi029 ceph-mon[92971]: from='client.? 172.21.15.29:0/3533768850' entity='client.admin'
2023-03-22T19:54:43.808 INFO:journalctl@ceph.mon.a.smithi029.stdout:Mar 22 19:54:43 smithi029 ceph-mon[92971]: from='mgr.14120 172.21.15.29:0/3577663175' entity='mgr.x'
2023-03-22T19:54:44.044 INFO:teuthology.orchestra.run.smithi029.stdout:/usr/bin/ceph: stderr
2023-03-22T19:54:43.396+0000 7f8083067700 1 Processor -- start
2023-03-22T19:54:44.045 INFO:teuthology.orchestra.run.smithi029.stdout:/usr/bin/ceph: stderr
2023-03-22T19:54:43.396+0000 7f8083067700 1 -- start start
2023-03-22T19:54:44.045 INFO:teuthology.orchestra.run.smithi029.stdout:/usr/bin/ceph: stderr
2023-03-22T19:54:43.397+0000 7f8083067700 1 --2- >> [v2:172.21.15.29:3300/0,v1:172.21.15.29:6789/0] conn(0x7f807c105a20 0x7f807c105e30 unknown :-1 s=NONE pgs=0 cs=0 l=0 rev1=0 crypto rx=0 tx=0 comp rx=0 tx=0).connect
2023-03-22T19:54:44.045 INFO:teuthology.orchestra.run.smithi029.stdout:/usr/bin/ceph: stderr
2023-03-22T19:54:43.397+0000 7f8083067700 1 -- --> [v2:172.21.15.29:3300/0,v1:172.21.15.29:6789/0] -- mon_getmap magic: 0 v1 -- 0x7f807c106370 con 0x7f807c105a20
2023-03-22T19:54:44.045 INFO:teuthology.orchestra.run.smithi029.stdout:/usr/bin/ceph: stderr
2023-03-22T19:54:43.397+0000 7f8080e03700 1 --2- >> [v2:172.21.15.29:3300/0,v1:172.21.15.29:6789/0] conn(0x7f807c105a20 0x7f807c105e30 unknown :-1 s=BANNER_CONNECTING pgs=0 cs=0 l=0 rev1=0 crypto rx=0 tx=0 comp rx=0 tx=0)._handle_peer_banner_payload supported=3 required=0
2023-03-22T19:54:44.045 INFO:teuthology.orchestra.run.smithi029.stdout:/usr/bin/ceph: stderr
2023-03-22T19:54:43.397+0000 7f8080e03700 1 --2- >> [v2:172.21.15.29:3300/0,v1:172.21.15.29:6789/0] conn(0x7f807c105a20 0x7f807c105e30 unknown :-1 s=HELLO_CONNECTING pgs=0 cs=0 l=0 rev1=1 crypto rx=0 tx=0 comp rx=0 tx=0).handle_hello peer v2:172.21.15.29:3300/0 says I am v2:172.21.15.29:39294/0 (socket says 172.21.15.29:39294)
2023-03-22T19:54:44.046 INFO:teuthology.orchestra.run.smithi029.stdout:/usr/bin/ceph: stderr
2023-03-22T19:54:43.397+0000 7f8080e03700 1 -- 172.21.15.29:0/2967698973 learned_addr learned my addr 172.21.15.29:0/2967698973 (peer_addr_for_me v2:172.21.15.29:0/0)
2023-03-22T19:54:44.046 INFO:teuthology.orchestra.run.smithi029.stdout:/usr/bin/ceph: stderr
2023-03-22T19:54:43.397+0000 7f8080e03700 1 -- 172.21.15.29:0/2967698973 --> [v2:172.21.15.29:3300/0,v1:172.21.15.29:6789/0] -- mon_subscribe({config=0+,monmap=0+}) v3 -- 0x7f807c1064b0 con 0x7f807c105a20
2023-03-22T19:54:44.046 INFO:teuthology.orchestra.run.smithi029.stdout:/usr/bin/ceph: stderr
2023-03-22T19:54:43.398+0000 7f8080e03700 1 --2- 172.21.15.29:0/2967698973 >> [v2:172.21.15.29:3300/0,v1:172.21.15.29:6789/0] conn(0x7f807c105a20 0x7f807c105e30 secure :-1 s=READY pgs=53 cs=0 l=1 rev1=1 crypto rx=0x7f80700098a0 tx=0x7f8070009bb0 comp rx=0 tx=0).ready entity=mon.0 client_cookie=bb3c6b6a0a7117e3 server_cookie=0 in_seq=0 out_seq=0
2023-03-22T19:54:44.046 INFO:teuthology.orchestra.run.smithi029.stdout:/usr/bin/ceph: stderr
2023-03-22T19:54:43.398+0000 7f807b7fe700 1 -- 172.21.15.29:0/2967698973 <== mon.0 v2:172.21.15.29:3300/0 1 ==== mon_map magic: 0 v1 ==== 205+0+0 (secure 0 0 0) 0x7f8070004160 con 0x7f807c105a20
2023-03-22T19:54:44.046 INFO:teuthology.orchestra.run.smithi029.stdout:/usr/bin/ceph: stderr
2023-03-22T19:54:43.398+0000 7f807b7fe700 1 -- 172.21.15.29:0/2967698973 <== mon.0 v2:172.21.15.29:3300/0 2 ==== config(26 keys) v1 ==== 1105+0+0 (secure 0 0 0) 0x7f80700042c0 con 0x7f807c105a20
2023-03-22T19:54:44.046 INFO:teuthology.orchestra.run.smithi029.stdout:/usr/bin/ceph: stderr
2023-03-22T19:54:43.398+0000 7f807b7fe700 1 -- 172.21.15.29:0/2967698973 <== mon.0 v2:172.21.15.29:3300/0 3 ==== mon_map magic: 0 v1 ==== 205+0+0 (secure 0 0 0) 0x7f80700119b0 con 0x7f807c105a20
2023-03-22T19:54:44.046 INFO:teuthology.orchestra.run.smithi029.stdout:/usr/bin/ceph: stderr
2023-03-22T19:54:43.399+0000 7f8083067700 1 -- 172.21.15.29:0/2967698973 >> [v2:172.21.15.29:3300/0,v1:172.21.15.29:6789/0] conn(0x7f807c105a20 msgr2=0x7f807c105e30 secure :-1 s=STATE_CONNECTION_ESTABLISHED l=1).mark_down
2023-03-22T19:54:44.046 INFO:teuthology.orchestra.run.smithi029.stdout:/usr/bin/ceph: stderr
2023-03-22T19:54:43.399+0000 7f8083067700 1 --2- 172.21.15.29:0/2967698973 >> [v2:172.21.15.29:3300/0,v1:172.21.15.29:6789/0] conn(0x7f807c105a20 0x7f807c105e30 secure :-1 s=READY pgs=53 cs=0 l=1 rev1=1 crypto rx=0x7f80700098a0 tx=0x7f8070009bb0 comp rx=0 tx=0).stop
2023-03-22T19:54:44.047 INFO:teuthology.orchestra.run.smithi029.stdout:/usr/bin/ceph: stderr
2023-03-22T19:54:43.399+0000 7f8083067700 1 -- 172.21.15.29:0/2967698973 shutdown_connections
2023-03-22T19:54:44.047 INFO:teuthology.orchestra.run.smithi029.stdout:/usr/bin/ceph: stderr
2023-03-22T19:54:43.399+0000 7f8083067700 1 --2- 172.21.15.29:0/2967698973 >> [v2:172.21.15.29:3300/0,v1:172.21.15.29:6789/0] conn(0x7f807c105a20 0x7f807c105e30 unknown :-1 s=CLOSED pgs=53 cs=0 l=1 rev1=1 crypto rx=0 tx=0 comp rx=0 tx=0).stop
2023-03-22T19:54:44.047 INFO:teuthology.orchestra.run.smithi029.stdout:/usr/bin/ceph: stderr
2023-03-22T19:54:43.399+0000 7f8083067700 1 -- 172.21.15.29:0/2967698973 >> 172.21.15.29:0/2967698973 conn(0x7f807c1010b0 msgr2=0x7f807c1034c0 unknown :-1 s=STATE_NONE l=0).mark_down
2023-03-22T19:54:44.047 INFO:teuthology.orchestra.run.smithi029.stdout:/usr/bin/ceph: stderr
2023-03-22T19:54:43.399+0000 7f8083067700 1 -- 172.21.15.29:0/2967698973 shutdown_connections
2023-03-22T19:54:44.047 INFO:teuthology.orchestra.run.smithi029.stdout:/usr/bin/ceph: stderr
2023-03-22T19:54:43.399+0000 7f8083067700 1 -- 172.21.15.29:0/2967698973 wait complete.
2023-03-22T19:54:44.047 INFO:teuthology.orchestra.run.smithi029.stdout:/usr/bin/ceph: stderr
2023-03-22T19:54:43.399+0000 7f8083067700 1 Processor -- start
2023-03-22T19:54:44.047 INFO:teuthology.orchestra.run.smithi029.stdout:/usr/bin/ceph: stderr
2023-03-22T19:54:43.399+0000 7f8083067700 1 -- start start
2023-03-22T19:54:44.048 INFO:teuthology.orchestra.run.smithi029.stdout:/usr/bin/ceph: stderr
2023-03-22T19:54:43.400+0000 7f8083067700 1 --2- >> [v2:172.21.15.29:3300/0,v1:172.21.15.29:6789/0] conn(0x7f807c105a20 0x7f807c1996a0 unknown :-1 s=NONE pgs=0 cs=0 l=1 rev1=0 crypto rx=0 tx=0 comp rx=0 tx=0).connect
2023-03-22T19:54:44.048 INFO:teuthology.orchestra.run.smithi029.stdout:/usr/bin/ceph: stderr
2023-03-22T19:54:43.400+0000 7f8083067700 1 -- --> [v2:172.21.15.29:3300/0,v1:172.21.15.29:6789/0] -- mon_getmap magic: 0 v1 -- 0x7f807c199be0 con 0x7f807c105a20
2023-03-22T19:54:44.048 INFO:teuthology.orchestra.run.smithi029.stdout:/usr/bin/ceph: stderr
2023-03-22T19:54:43.400+0000 7f8080e03700 1 --2- >> [v2:172.21.15.29:3300/0,v1:172.21.15.29:6789/0] conn(0x7f807c105a20 0x7f807c1996a0 unknown :-1 s=BANNER_CONNECTING pgs=0 cs=0 l=1 rev1=0 crypto rx=0 tx=0 comp rx=0 tx=0)._handle_peer_banner_payload supported=3 required=0
2023-03-22T19:54:44.048 INFO:teuthology.orchestra.run.smithi029.stdout:/usr/bin/ceph: stderr
2023-03-22T19:54:43.400+0000 7f8080e03700 1 --2- >> [v2:172.21.15.29:3300/0,v1:172.21.15.29:6789/0] conn(0x7f807c105a20 0x7f807c1996a0 unknown :-1 s=HELLO_CONNECTING pgs=0 cs=0 l=1 rev1=1 crypto rx=0 tx=0 comp rx=0 tx=0).handle_hello peer v2:172.21.15.29:3300/0 says I am v2:172.21.15.29:39296/0 (socket says 172.21.15.29:39296)
2023-03-22T19:54:44.048 INFO:teuthology.orchestra.run.smithi029.stdout:/usr/bin/ceph: stderr
2023-03-22T19:54:43.400+0000 7f8080e03700 1 -- 172.21.15.29:0/1541549795 learned_addr learned my addr 172.21.15.29:0/1541549795 (peer_addr_for_me v2:172.21.15.29:0/0)
2023-03-22T19:54:44.048 INFO:teuthology.orchestra.run.smithi029.stdout:/usr/bin/ceph: stderr
2023-03-22T19:54:43.400+0000 7f8080e03700 1 -- 172.21.15.29:0/1541549795 --> [v2:172.21.15.29:3300/0,v1:172.21.15.29:6789/0] -- mon_subscribe({config=0+,monmap=0+}) v3 -- 0x7f8070009550 con 0x7f807c105a20
2023-03-22T19:54:44.048 INFO:teuthology.orchestra.run.smithi029.stdout:/usr/bin/ceph: stderr
2023-03-22T19:54:43.400+0000 7f8080e03700 1 --2- 172.21.15.29:0/1541549795 >> [v2:172.21.15.29:3300/0,v1:172.21.15.29:6789/0] conn(0x7f807c105a20 0x7f807c1996a0 secure :-1 s=READY pgs=54 cs=0 l=1 rev1=1 crypto rx=0x7f8070006af0 tx=0x7f8070011a10 comp rx=0 tx=0).ready entity=mon.0 client_cookie=0 server_cookie=0 in_seq=0 out_seq=0
2023-03-22T19:54:44.048 INFO:teuthology.orchestra.run.smithi029.stdout:/usr/bin/ceph: stderr
2023-03-22T19:54:43.400+0000 7f8079ffb700 1 -- 172.21.15.29:0/1541549795 <== mon.0 v2:172.21.15.29:3300/0 1 ==== mon_map magic: 0 v1 ==== 205+0+0 (secure 0 0 0) 0x7f8070003a40 con 0x7f807c105a20
2023-03-22T19:54:44.049 INFO:teuthology.orchestra.run.smithi029.stdout:/usr/bin/ceph: stderr
2023-03-22T19:54:43.400+0000 7f8079ffb700 1 -- 172.21.15.29:0/1541549795 <== mon.0 v2:172.21.15.29:3300/0 2 ==== config(26 keys) v1 ==== 1105+0+0 (secure 0 0 0) 0x7f8070003ba0 con 0x7f807c105a20
2023-03-22T19:54:44.049 INFO:teuthology.orchestra.run.smithi029.stdout:/usr/bin/ceph: stderr
2023-03-22T19:54:43.400+0000 7f8079ffb700 1 -- 172.21.15.29:0/1541549795 <== mon.0 v2:172.21.15.29:3300/0 3 ==== mon_map magic: 0 v1 ==== 205+0+0 (secure 0 0 0) 0x7f80700196c0 con 0x7f807c105a20
2023-03-22T19:54:44.049 INFO:teuthology.orchestra.run.smithi029.stdout:/usr/bin/ceph: stderr
2023-03-22T19:54:43.400+0000 7f8083067700 1 -- 172.21.15.29:0/1541549795 --> [v2:172.21.15.29:3300/0,v1:172.21.15.29:6789/0] -- mon_subscribe({mgrmap=0+}) v3 -- 0x7f807c107ab0 con 0x7f807c105a20
2023-03-22T19:54:44.049 INFO:teuthology.orchestra.run.smithi029.stdout:/usr/bin/ceph: stderr
2023-03-22T19:54:43.401+0000 7f8083067700 1 -- 172.21.15.29:0/1541549795 --> [v2:172.21.15.29:3300/0,v1:172.21.15.29:6789/0] -- mon_subscribe({osdmap=0}) v3 -- 0x7f807c107920 con 0x7f807c105a20
2023-03-22T19:54:44.049 INFO:teuthology.orchestra.run.smithi029.stdout:/usr/bin/ceph: stderr
2023-03-22T19:54:43.402+0000 7f8083067700 1 -- 172.21.15.29:0/1541549795 --> [v2:172.21.15.29:3300/0,v1:172.21.15.29:6789/0] -- mon_command({"prefix": "get_command_descriptions"} v 0) v1 -- 0x7f807c109ef0 con 0x7f807c105a20
2023-03-22T19:54:44.049 INFO:teuthology.orchestra.run.smithi029.stdout:/usr/bin/ceph: stderr
2023-03-22T19:54:43.402+0000 7f8079ffb700 1 -- 172.21.15.29:0/1541549795 <== mon.0 v2:172.21.15.29:3300/0 4 ==== mgrmap(e 8) v1 ==== 44769+0+0 (secure 0 0 0) 0x7f807001aa80 con 0x7f807c105a20
2023-03-22T19:54:44.049 INFO:teuthology.orchestra.run.smithi029.stdout:/usr/bin/ceph: stderr
2023-03-22T19:54:43.402+0000 7f8079ffb700 1 --2- 172.21.15.29:0/1541549795 >> [v2:172.21.15.29:6800/661004854,v1:172.21.15.29:6801/661004854] conn(0x7f806c038050 0x7f806c03a500 unknown :-1 s=NONE pgs=0 cs=0 l=1 rev1=0 crypto rx=0 tx=0 comp rx=0 tx=0).connect
2023-03-22T19:54:44.050 INFO:teuthology.orchestra.run.smithi029.stdout:/usr/bin/ceph: stderr
2023-03-22T19:54:43.402+0000 7f8079ffb700 1 -- 172.21.15.29:0/1541549795 <== mon.0 v2:172.21.15.29:3300/0 5 ==== osd_map(2..2 src has 1..2) v4 ==== 940+0+0 (secure 0 0 0) 0x7f807004bf60 con 0x7f807c105a20
2023-03-22T19:54:44.050 INFO:teuthology.orchestra.run.smithi029.stdout:/usr/bin/ceph: stderr
2023-03-22T19:54:43.403+0000 7f807bfff700 1 --2- 172.21.15.29:0/1541549795 >> [v2:172.21.15.29:6800/661004854,v1:172.21.15.29:6801/661004854] conn(0x7f806c038050 0x7f806c03a500 unknown :-1 s=BANNER_CONNECTING pgs=0 cs=0 l=1 rev1=0 crypto rx=0 tx=0 comp rx=0 tx=0)._handle_peer_banner_payload supported=3 required=0
2023-03-22T19:54:44.050 INFO:teuthology.orchestra.run.smithi029.stdout:/usr/bin/ceph: stderr
2023-03-22T19:54:43.403+0000 7f807bfff700 1 --2- 172.21.15.29:0/1541549795 >> [v2:172.21.15.29:6800/661004854,v1:172.21.15.29:6801/661004854] conn(0x7f806c038050 0x7f806c03a500 secure :-1 s=READY pgs=15 cs=0 l=1 rev1=1 crypto rx=0x7f8068006fd0 tx=0x7f8068006e40 comp rx=0 tx=0).ready entity=mgr.14120 client_cookie=0 server_cookie=0 in_seq=0 out_seq=0
2023-03-22T19:54:44.050 INFO:teuthology.orchestra.run.smithi029.stdout:/usr/bin/ceph: stderr
2023-03-22T19:54:43.407+0000 7f8079ffb700 1 -- 172.21.15.29:0/1541549795 <== mon.0 v2:172.21.15.29:3300/0 6 ==== mon_command_ack([{"prefix": "get_command_descriptions"}]=0 v0) v1 ==== 72+0+177574 (secure 0 0 0) 0x7f807001a430 con 0x7f807c105a20
2023-03-22T19:54:44.050 INFO:teuthology.orchestra.run.smithi029.stdout:/usr/bin/ceph: stderr
2023-03-22T19:54:43.767+0000 7f8083067700 1 -- 172.21.15.29:0/1541549795 --> [v2:172.21.15.29:3300/0,v1:172.21.15.29:6789/0] -- mon_command([{prefix=config set, name=mgr/dashboard/ssl_server_port}] v 0) v1 -- 0x7f807c19d320 con 0x7f807c105a20
2023-03-22T19:54:44.050 INFO:teuthology.orchestra.run.smithi029.stdout:/usr/bin/ceph: stderr
2023-03-22T19:54:43.771+0000 7f8079ffb700 1 -- 172.21.15.29:0/1541549795 <== mon.0 v2:172.21.15.29:3300/0 7 ==== mon_command_ack([{prefix=config set, name=mgr/dashboard/ssl_server_port}]=0 v8)=0 v8) v1 ==== 130+0+0 (secure 0 0 0) 0x7f8070023390 con 0x7f807c105a20
2023-03-22T19:54:44.050 INFO:teuthology.orchestra.run.smithi029.stdout:/usr/bin/ceph: stderr
2023-03-22T19:54:43.773+0000 7f8083067700 1 -- 172.21.15.29:0/1541549795 >> [v2:172.21.15.29:6800/661004854,v1:172.21.15.29:6801/661004854] conn(0x7f806c038050 msgr2=0x7f806c03a500 secure :-1 s=STATE_CONNECTION_ESTABLISHED l=1).mark_down
2023-03-22T19:54:44.051 INFO:teuthology.orchestra.run.smithi029.stdout:/usr/bin/ceph: stderr
2023-03-22T19:54:43.773+0000 7f8083067700 1 --2- 172.21.15.29:0/1541549795 >> [v2:172.21.15.29:6800/661004854,v1:172.21.15.29:6801/661004854] conn(0x7f806c038050 0x7f806c03a500 secure :-1 s=READY pgs=15 cs=0 l=1 rev1=1 crypto rx=0x7f8068006fd0 tx=0x7f8068006e40 comp rx=0 tx=0).stop
2023-03-22T19:54:44.051 INFO:teuthology.orchestra.run.smithi029.stdout:/usr/bin/ceph: stderr
2023-03-22T19:54:43.773+0000 7f8083067700 1 -- 172.21.15.29:0/1541549795 >> [v2:172.21.15.29:3300/0,v1:172.21.15.29:6789/0] conn(0x7f807c105a20 msgr2=0x7f807c1996a0 secure :-1 s=STATE_CONNECTION_ESTABLISHED l=1).mark_down
2023-03-22T19:54:44.051 INFO:teuthology.orchestra.run.smithi029.stdout:/usr/bin/ceph: stderr
2023-03-22T19:54:43.773+0000 7f8083067700 1 --2- 172.21.15.29:0/1541549795 >> [v2:172.21.15.29:3300/0,v1:172.21.15.29:6789/0] conn(0x7f807c105a20 0x7f807c1996a0 secure :-1 s=READY pgs=54 cs=0 l=1 rev1=1 crypto rx=0x7f8070006af0 tx=0x7f8070011a10 comp rx=0 tx=0).stop
2023-03-22T19:54:44.051 INFO:teuthology.orchestra.run.smithi029.stdout:/usr/bin/ceph: stderr
2023-03-22T19:54:43.774+0000 7f8083067700 1 -- 172.21.15.29:0/1541549795 shutdown_connections
2023-03-22T19:54:44.051 INFO:teuthology.orchestra.run.smithi029.stdout:/usr/bin/ceph: stderr
2023-03-22T19:54:43.774+0000 7f8083067700 1 --2- 172.21.15.29:0/1541549795 >> [v2:172.21.15.29:6800/661004854,v1:172.21.15.29:6801/661004854] conn(0x7f806c038050 0x7f806c03a500 unknown :-1 s=CLOSED pgs=15 cs=0 l=1 rev1=1 crypto rx=0 tx=0 comp rx=0 tx=0).stop
2023-03-22T19:54:44.051 INFO:teuthology.orchestra.run.smithi029.stdout:/usr/bin/ceph: stderr
2023-03-22T19:54:43.774+0000 7f8083067700 1 --2- 172.21.15.29:0/1541549795 >> [v2:172.21.15.29:3300/0,v1:172.21.15.29:6789/0] conn(0x7f807c105a20 0x7f807c1996a0 unknown :-1 s=CLOSED pgs=54 cs=0 l=1 rev1=1 crypto rx=0 tx=0 comp rx=0 tx=0).stop
2023-03-22T19:54:44.051 INFO:teuthology.orchestra.run.smithi029.stdout:/usr/bin/ceph: stderr
2023-03-22T19:54:43.774+0000 7f8083067700 1 -- 172.21.15.29:0/1541549795 >> 172.21.15.29:0/1541549795 conn(0x7f807c1010b0 msgr2=0x7f807c101e00 unknown :-1 s=STATE_NONE l=0).mark_down
2023-03-22T19:54:44.051 INFO:teuthology.orchestra.run.smithi029.stdout:/usr/bin/ceph: stderr
2023-03-22T19:54:43.774+0000 7f8083067700 1 -- 172.21.15.29:0/1541549795 shutdown_connections
2023-03-22T19:54:44.052 INFO:teuthology.orchestra.run.smithi029.stdout:/usr/bin/ceph: stderr
2023-03-22T19:54:43.774+0000 7f8083067700 1 -- 172.21.15.29:0/1541549795 wait complete.
2023-03-22T19:54:44.052 INFO:teuthology.orchestra.run.smithi029.stdout:Enabling the dashboard module...
2023-03-22T19:54:45.083 INFO:journalctl@ceph.mon.a.smithi029.stdout:Mar 22 19:54:44 smithi029 ceph-mon[92971]: from='client.? 172.21.15.29:0/1541549795' entity='client.admin'
2023-03-22T19:54:45.083 INFO:journalctl@ceph.mon.a.smithi029.stdout:Mar 22 19:54:44 smithi029 ceph-mon[92971]: from='mgr.14120 172.21.15.29:0/3577663175' entity='mgr.x'
2023-03-22T19:54:46.075 INFO:journalctl@ceph.mon.a.smithi029.stdout:Mar 22 19:54:45 smithi029 ceph-mon[92971]: from='client.? 172.21.15.29:0/3894805224' entity='client.admin' cmd=[{"prefix": "mgr module enable", "module": "dashboard"}]: dispatch
2023-03-22T19:54:46.076 INFO:journalctl@ceph.mgr.x.smithi029.stdout:Mar 22 19:54:45 smithi029 ceph-236bebbe-c8eb-11ed-9afe-001a4aab830c-mgr-x[93217]: ignoring --setuser ceph since I am not root
2023-03-22T19:54:46.076 INFO:journalctl@ceph.mgr.x.smithi029.stdout:Mar 22 19:54:45 smithi029 ceph-236bebbe-c8eb-11ed-9afe-001a4aab830c-mgr-x[93217]: ignoring --setgroup ceph since I am not root
2023-03-22T19:54:46.076 INFO:journalctl@ceph.mgr.x.smithi029.stdout:Mar 22 19:54:45 smithi029 ceph-236bebbe-c8eb-11ed-9afe-001a4aab830c-mgr-x[93217]:
2023-03-22T19:54:45.976+0000 7fdacc6f4200 -1 mgr[py] Module devicehealth has missing NOTIFY_TYPES member
2023-03-22T19:54:46.087 INFO:teuthology.orchestra.run.smithi029.stdout:/usr/bin/ceph: stderr
2023-03-22T19:54:44.555+0000 7f7dd562e700 1 Processor -- start
2023-03-22T19:54:46.091 INFO:teuthology.orchestra.run.smithi029.stdout:/usr/bin/ceph: stderr
2023-03-22T19:54:44.555+0000 7f7dd562e700 1 -- start start
2023-03-22T19:54:46.092 INFO:teuthology.orchestra.run.smithi029.stdout:/usr/bin/ceph: stderr
2023-03-22T19:54:44.555+0000 7f7dd562e700 1 --2- >> [v2:172.21.15.29:3300/0,v1:172.21.15.29:6789/0] conn(0x7f7dd0105a20 0x7f7dd0105e30 unknown :-1 s=NONE pgs=0 cs=0 l=0 rev1=0 crypto rx=0 tx=0 comp rx=0 tx=0).connect
2023-03-22T19:54:46.092 INFO:teuthology.orchestra.run.smithi029.stdout:/usr/bin/ceph: stderr
2023-03-22T19:54:44.555+0000 7f7dd562e700 1 -- --> [v2:172.21.15.29:3300/0,v1:172.21.15.29:6789/0] -- mon_getmap magic: 0 v1 -- 0x7f7dd0106370 con 0x7f7dd0105a20
2023-03-22T19:54:46.092 INFO:teuthology.orchestra.run.smithi029.stdout:/usr/bin/ceph: stderr
2023-03-22T19:54:44.555+0000 7f7dceffd700 1 --2- >> [v2:172.21.15.29:3300/0,v1:172.21.15.29:6789/0] conn(0x7f7dd0105a20 0x7f7dd0105e30 unknown :-1 s=BANNER_CONNECTING pgs=0 cs=0 l=0 rev1=0 crypto rx=0 tx=0 comp rx=0 tx=0)._handle_peer_banner_payload supported=3 required=0
2023-03-22T19:54:46.092 INFO:teuthology.orchestra.run.smithi029.stdout:/usr/bin/ceph: stderr
2023-03-22T19:54:44.555+0000 7f7dceffd700 1 --2- >> [v2:172.21.15.29:3300/0,v1:172.21.15.29:6789/0] conn(0x7f7dd0105a20 0x7f7dd0105e30 unknown :-1 s=HELLO_CONNECTING pgs=0 cs=0 l=0 rev1=1 crypto rx=0 tx=0 comp rx=0 tx=0).handle_hello peer v2:172.21.15.29:3300/0 says I am v2:172.21.15.29:39300/0 (socket says 172.21.15.29:39300)
2023-03-22T19:54:46.092 INFO:teuthology.orchestra.run.smithi029.stdout:/usr/bin/ceph: stderr
2023-03-22T19:54:44.555+0000 7f7dceffd700 1 -- 172.21.15.29:0/4103647981 learned_addr learned my addr 172.21.15.29:0/4103647981 (peer_addr_for_me v2:172.21.15.29:0/0)
2023-03-22T19:54:46.092 INFO:teuthology.orchestra.run.smithi029.stdout:/usr/bin/ceph: stderr
2023-03-22T19:54:44.555+0000 7f7dceffd700 1 -- 172.21.15.29:0/4103647981 --> [v2:172.21.15.29:3300/0,v1:172.21.15.29:6789/0] -- mon_subscribe({config=0+,monmap=0+}) v3 -- 0x7f7dd01064b0 con 0x7f7dd0105a20
2023-03-22T19:54:46.092 INFO:teuthology.orchestra.run.smithi029.stdout:/usr/bin/ceph: stderr
2023-03-22T19:54:44.556+0000 7f7dceffd700 1 --2- 172.21.15.29:0/4103647981 >> [v2:172.21.15.29:3300/0,v1:172.21.15.29:6789/0] conn(0x7f7dd0105a20 0x7f7dd0105e30 secure :-1 s=READY pgs=55 cs=0 l=1 rev1=1 crypto rx=0x7f7dc00098a0 tx=0x7f7dc0009bb0 comp rx=0 tx=0).ready entity=mon.0 client_cookie=b3085e5d08b7a2b7 server_cookie=0 in_seq=0 out_seq=0
2023-03-22T19:54:46.093 INFO:teuthology.orchestra.run.smithi029.stdout:/usr/bin/ceph: stderr
2023-03-22T19:54:44.556+0000 7f7dcdffb700 1 -- 172.21.15.29:0/4103647981 <== mon.0 v2:172.21.15.29:3300/0 1 ==== mon_map magic: 0 v1 ==== 205+0+0 (secure 0 0 0) 0x7f7dc0004160 con 0x7f7dd0105a20
2023-03-22T19:54:46.093 INFO:teuthology.orchestra.run.smithi029.stdout:/usr/bin/ceph: stderr
2023-03-22T19:54:44.556+0000 7f7dcdffb700 1 -- 172.21.15.29:0/4103647981 <== mon.0 v2:172.21.15.29:3300/0 2 ==== config(26 keys) v1 ==== 1105+0+0 (secure 0 0 0) 0x7f7dc00042c0 con 0x7f7dd0105a20
2023-03-22T19:54:46.093 INFO:teuthology.orchestra.run.smithi029.stdout:/usr/bin/ceph: stderr
2023-03-22T19:54:44.556+0000 7f7dcdffb700 1 -- 172.21.15.29:0/4103647981 <== mon.0 v2:172.21.15.29:3300/0 3 ==== mon_map magic: 0 v1 ==== 205+0+0 (secure 0 0 0) 0x7f7dc00119b0 con 0x7f7dd0105a20
2023-03-22T19:54:46.093 INFO:teuthology.orchestra.run.smithi029.stdout:/usr/bin/ceph: stderr
2023-03-22T19:54:44.556+0000 7f7dd562e700 1 -- 172.21.15.29:0/4103647981 >> [v2:172.21.15.29:3300/0,v1:172.21.15.29:6789/0] conn(0x7f7dd0105a20 msgr2=0x7f7dd0105e30 secure :-1 s=STATE_CONNECTION_ESTABLISHED l=1).mark_down
2023-03-22T19:54:46.093 INFO:teuthology.orchestra.run.smithi029.stdout:/usr/bin/ceph: stderr
2023-03-22T19:54:44.556+0000 7f7dd562e700 1 --2- 172.21.15.29:0/4103647981 >> [v2:172.21.15.29:3300/0,v1:172.21.15.29:6789/0] conn(0x7f7dd0105a20 0x7f7dd0105e30 secure :-1 s=READY pgs=55 cs=0 l=1 rev1=1 crypto rx=0x7f7dc00098a0 tx=0x7f7dc0009bb0 comp rx=0 tx=0).stop
2023-03-22T19:54:46.093 INFO:teuthology.orchestra.run.smithi029.stdout:/usr/bin/ceph: stderr
2023-03-22T19:54:44.556+0000 7f7dd562e700 1 -- 172.21.15.29:0/4103647981 shutdown_connections
2023-03-22T19:54:46.093 INFO:teuthology.orchestra.run.smithi029.stdout:/usr/bin/ceph: stderr
2023-03-22T19:54:44.556+0000 7f7dd562e700 1 --2- 172.21.15.29:0/4103647981 >> [v2:172.21.15.29:3300/0,v1:172.21.15.29:6789/0] conn(0x7f7dd0105a20 0x7f7dd0105e30 unknown :-1 s=CLOSED pgs=55 cs=0 l=1 rev1=1 crypto rx=0 tx=0 comp rx=0 tx=0).stop
2023-03-22T19:54:46.094 INFO:teuthology.orchestra.run.smithi029.stdout:/usr/bin/ceph: stderr
2023-03-22T19:54:44.556+0000 7f7dd562e700 1 -- 172.21.15.29:0/4103647981 >> 172.21.15.29:0/4103647981 conn(0x7f7dd01010b0 msgr2=0x7f7dd01034c0 unknown :-1 s=STATE_NONE l=0).mark_down
2023-03-22T19:54:46.094 INFO:teuthology.orchestra.run.smithi029.stdout:/usr/bin/ceph: stderr
2023-03-22T19:54:44.557+0000 7f7dd562e700 1 -- 172.21.15.29:0/4103647981 shutdown_connections
2023-03-22T19:54:46.094 INFO:teuthology.orchestra.run.smithi029.stdout:/usr/bin/ceph: stderr
2023-03-22T19:54:44.557+0000 7f7dd562e700 1 -- 172.21.15.29:0/4103647981 wait complete.
2023-03-22T19:54:46.094 INFO:teuthology.orchestra.run.smithi029.stdout:/usr/bin/ceph: stderr
2023-03-22T19:54:44.557+0000 7f7dd562e700 1 Processor -- start
2023-03-22T19:54:46.094 INFO:teuthology.orchestra.run.smithi029.stdout:/usr/bin/ceph: stderr
2023-03-22T19:54:44.557+0000 7f7dd562e700 1 -- start start
2023-03-22T19:54:46.094 INFO:teuthology.orchestra.run.smithi029.stdout:/usr/bin/ceph: stderr
2023-03-22T19:54:44.557+0000 7f7dd562e700 1 --2- >> [v2:172.21.15.29:3300/0,v1:172.21.15.29:6789/0] conn(0x7f7dd0105a20 0x7f7dd019b8a0 unknown :-1 s=NONE pgs=0 cs=0 l=1 rev1=0 crypto rx=0 tx=0 comp rx=0 tx=0).connect
2023-03-22T19:54:46.094 INFO:teuthology.orchestra.run.smithi029.stdout:/usr/bin/ceph: stderr
2023-03-22T19:54:44.557+0000 7f7dd562e700 1 -- --> [v2:172.21.15.29:3300/0,v1:172.21.15.29:6789/0] -- mon_getmap magic: 0 v1 -- 0x7f7dd019bde0 con 0x7f7dd0105a20
2023-03-22T19:54:46.094 INFO:teuthology.orchestra.run.smithi029.stdout:/usr/bin/ceph: stderr
2023-03-22T19:54:44.558+0000 7f7dceffd700 1 --2- >> [v2:172.21.15.29:3300/0,v1:172.21.15.29:6789/0] conn(0x7f7dd0105a20 0x7f7dd019b8a0 unknown :-1 s=BANNER_CONNECTING pgs=0 cs=0 l=1 rev1=0 crypto rx=0 tx=0 comp rx=0 tx=0)._handle_peer_banner_payload supported=3 required=0
2023-03-22T19:54:46.095 INFO:teuthology.orchestra.run.smithi029.stdout:/usr/bin/ceph: stderr
2023-03-22T19:54:44.558+0000 7f7dceffd700 1 --2- >> [v2:172.21.15.29:3300/0,v1:172.21.15.29:6789/0] conn(0x7f7dd0105a20 0x7f7dd019b8a0 unknown :-1 s=HELLO_CONNECTING pgs=0 cs=0 l=1 rev1=1 crypto rx=0 tx=0 comp rx=0 tx=0).handle_hello peer v2:172.21.15.29:3300/0 says I am v2:172.21.15.29:39302/0 (socket says 172.21.15.29:39302)
2023-03-22T19:54:46.095 INFO:teuthology.orchestra.run.smithi029.stdout:/usr/bin/ceph: stderr
