2023-03-22T19:54:21.285 INFO:teuthology.orchestra.run.smithi029.stdout:/usr/bin/ceph: stderr
2023-03-22T19:54:20.434+0000 7f43e548c700 1 --2- >> [v2:172.21.15.29:3300/0,v1:172.21.15.29:6789/0] conn(0x7f43e0106550 0x7f43e01995e0 unknown :-1 s=NONE pgs=0 cs=0 l=1 rev1=0 crypto rx=0 tx=0 comp rx=0 tx=0).connect
2023-03-22T19:54:21.285 INFO:teuthology.orchestra.run.smithi029.stdout:/usr/bin/ceph: stderr
2023-03-22T19:54:20.434+0000 7f43e548c700 1 -- --> [v2:172.21.15.29:3300/0,v1:172.21.15.29:6789/0] -- mon_getmap magic: 0 v1 -- 0x7f43e0199b20 con 0x7f43e0106550
2023-03-22T19:54:21.285 INFO:teuthology.orchestra.run.smithi029.stdout:/usr/bin/ceph: stderr
2023-03-22T19:54:20.434+0000 7f43deffd700 1 --2- >> [v2:172.21.15.29:3300/0,v1:172.21.15.29:6789/0] conn(0x7f43e0106550 0x7f43e01995e0 unknown :-1 s=BANNER_CONNECTING pgs=0 cs=0 l=1 rev1=0 crypto rx=0 tx=0 comp rx=0 tx=0)._handle_peer_banner_payload supported=3 required=0
2023-03-22T19:54:21.286 INFO:teuthology.orchestra.run.smithi029.stdout:/usr/bin/ceph: stderr
2023-03-22T19:54:20.434+0000 7f43deffd700 1 --2- >> [v2:172.21.15.29:3300/0,v1:172.21.15.29:6789/0] conn(0x7f43e0106550 0x7f43e01995e0 unknown :-1 s=HELLO_CONNECTING pgs=0 cs=0 l=1 rev1=1 crypto rx=0 tx=0 comp rx=0 tx=0).handle_hello peer v2:172.21.15.29:3300/0 says I am v2:172.21.15.29:39154/0 (socket says 172.21.15.29:39154)
2023-03-22T19:54:21.286 INFO:teuthology.orchestra.run.smithi029.stdout:/usr/bin/ceph: stderr
2023-03-22T19:54:20.434+0000 7f43deffd700 1 -- 172.21.15.29:0/2479575977 learned_addr learned my addr 172.21.15.29:0/2479575977 (peer_addr_for_me v2:172.21.15.29:0/0)
2023-03-22T19:54:21.286 INFO:teuthology.orchestra.run.smithi029.stdout:/usr/bin/ceph: stderr
2023-03-22T19:54:20.434+0000 7f43deffd700 1 -- 172.21.15.29:0/2479575977 --> [v2:172.21.15.29:3300/0,v1:172.21.15.29:6789/0] -- mon_subscribe({config=0+,monmap=0+}) v3 -- 0x7f43d0009550 con 0x7f43e0106550
2023-03-22T19:54:21.286 INFO:teuthology.orchestra.run.smithi029.stdout:/usr/bin/ceph: stderr
2023-03-22T19:54:20.434+0000 7f43deffd700 1 --2- 172.21.15.29:0/2479575977 >> [v2:172.21.15.29:3300/0,v1:172.21.15.29:6789/0] conn(0x7f43e0106550 0x7f43e01995e0 secure :-1 s=READY pgs=27 cs=0 l=1 rev1=1 crypto rx=0x7f43d0009fb0 tx=0x7f43d0011ad0 comp rx=0 tx=0).ready entity=mon.0 client_cookie=0 server_cookie=0 in_seq=0 out_seq=0
2023-03-22T19:54:21.286 INFO:teuthology.orchestra.run.smithi029.stdout:/usr/bin/ceph: stderr
2023-03-22T19:54:20.435+0000 7f43c7fff700 1 -- 172.21.15.29:0/2479575977 <== mon.0 v2:172.21.15.29:3300/0 1 ==== mon_map magic: 0 v1 ==== 205+0+0 (secure 0 0 0) 0x7f43d0003930 con 0x7f43e0106550
2023-03-22T19:54:21.286 INFO:teuthology.orchestra.run.smithi029.stdout:/usr/bin/ceph: stderr
2023-03-22T19:54:20.435+0000 7f43c7fff700 1 -- 172.21.15.29:0/2479575977 <== mon.0 v2:172.21.15.29:3300/0 2 ==== config(26 keys) v1 ==== 1074+0+0 (secure 0 0 0) 0x7f43d0003a90 con 0x7f43e0106550
2023-03-22T19:54:21.286 INFO:teuthology.orchestra.run.smithi029.stdout:/usr/bin/ceph: stderr
2023-03-22T19:54:20.435+0000 7f43e548c700 1 -- 172.21.15.29:0/2479575977 --> [v2:172.21.15.29:3300/0,v1:172.21.15.29:6789/0] -- mon_subscribe({mgrmap=0+}) v3 -- 0x7f43e0109c00 con 0x7f43e0106550
2023-03-22T19:54:21.287 INFO:teuthology.orchestra.run.smithi029.stdout:/usr/bin/ceph: stderr
2023-03-22T19:54:20.435+0000 7f43c7fff700 1 -- 172.21.15.29:0/2479575977 <== mon.0 v2:172.21.15.29:3300/0 3 ==== mon_map magic: 0 v1 ==== 205+0+0 (secure 0 0 0) 0x7f43d00195e0 con 0x7f43e0106550
2023-03-22T19:54:21.287 INFO:teuthology.orchestra.run.smithi029.stdout:/usr/bin/ceph: stderr
2023-03-22T19:54:20.435+0000 7f43e548c700 1 -- 172.21.15.29:0/2479575977 --> [v2:172.21.15.29:3300/0,v1:172.21.15.29:6789/0] -- mon_subscribe({osdmap=0}) v3 -- 0x7f43e0109a70 con 0x7f43e0106550
2023-03-22T19:54:21.287 INFO:teuthology.orchestra.run.smithi029.stdout:/usr/bin/ceph: stderr
2023-03-22T19:54:20.436+0000 7f43c7fff700 1 -- 172.21.15.29:0/2479575977 <== mon.0 v2:172.21.15.29:3300/0 4 ==== mgrmap(e 5) v1 ==== 44769+0+0 (secure 0 0 0) 0x7f43d0019850 con 0x7f43e0106550
2023-03-22T19:54:21.287 INFO:teuthology.orchestra.run.smithi029.stdout:/usr/bin/ceph: stderr
2023-03-22T19:54:20.436+0000 7f43c7fff700 1 --2- 172.21.15.29:0/2479575977 >> [v2:172.21.15.29:6800/2876665674,v1:172.21.15.29:6801/2876665674] conn(0x7f43c8038050 0x7f43c803a500 unknown :-1 s=NONE pgs=0 cs=0 l=1 rev1=0 crypto rx=0 tx=0 comp rx=0 tx=0).connect
2023-03-22T19:54:21.287 INFO:teuthology.orchestra.run.smithi029.stdout:/usr/bin/ceph: stderr
2023-03-22T19:54:20.436+0000 7f43c7fff700 1 -- 172.21.15.29:0/2479575977 <== mon.0 v2:172.21.15.29:3300/0 5 ==== osd_map(1..1 src has 1..1) v4 ==== 725+0+0 (secure 0 0 0) 0x7f43d004b990 con 0x7f43e0106550
2023-03-22T19:54:21.287 INFO:teuthology.orchestra.run.smithi029.stdout:/usr/bin/ceph: stderr
2023-03-22T19:54:20.436+0000 7f43de7fc700 1 -- 172.21.15.29:0/2479575977 >> [v2:172.21.15.29:6800/2876665674,v1:172.21.15.29:6801/2876665674] conn(0x7f43c8038050 msgr2=0x7f43c803a500 unknown :-1 s=STATE_CONNECTING_RE l=1).process reconnect failed to v2:172.21.15.29:6800/2876665674
2023-03-22T19:54:21.287 INFO:teuthology.orchestra.run.smithi029.stdout:/usr/bin/ceph: stderr
2023-03-22T19:54:20.436+0000 7f43de7fc700 1 --2- 172.21.15.29:0/2479575977 >> [v2:172.21.15.29:6800/2876665674,v1:172.21.15.29:6801/2876665674] conn(0x7f43c8038050 0x7f43c803a500 unknown :-1 s=START_CONNECT pgs=0 cs=0 l=1 rev1=0 crypto rx=0 tx=0 comp rx=0 tx=0)._fault waiting 0.200000
2023-03-22T19:54:21.287 INFO:teuthology.orchestra.run.smithi029.stdout:/usr/bin/ceph: stderr
2023-03-22T19:54:20.436+0000 7f43e548c700 1 -- 172.21.15.29:0/2479575977 --> [v2:172.21.15.29:3300/0,v1:172.21.15.29:6789/0] -- mon_command({"prefix": "get_command_descriptions"} v 0) v1 -- 0x7f43e0199cc0 con 0x7f43e0106550
2023-03-22T19:54:21.288 INFO:teuthology.orchestra.run.smithi029.stdout:/usr/bin/ceph: stderr
2023-03-22T19:54:20.441+0000 7f43c7fff700 1 -- 172.21.15.29:0/2479575977 <== mon.0 v2:172.21.15.29:3300/0 6 ==== mon_command_ack([{"prefix": "get_command_descriptions"}]=0 v0) v1 ==== 72+0+177574 (secure 0 0 0) 0x7f43d0019b50 con 0x7f43e0106550
2023-03-22T19:54:21.288 INFO:teuthology.orchestra.run.smithi029.stdout:/usr/bin/ceph: stderr
2023-03-22T19:54:20.637+0000 7f43de7fc700 1 -- 172.21.15.29:0/2479575977 >> [v2:172.21.15.29:6800/2876665674,v1:172.21.15.29:6801/2876665674] conn(0x7f43c8038050 msgr2=0x7f43c803a500 unknown :-1 s=STATE_CONNECTING_RE l=1).process reconnect failed to v2:172.21.15.29:6800/2876665674
2023-03-22T19:54:21.288 INFO:teuthology.orchestra.run.smithi029.stdout:/usr/bin/ceph: stderr
2023-03-22T19:54:20.637+0000 7f43de7fc700 1 --2- 172.21.15.29:0/2479575977 >> [v2:172.21.15.29:6800/2876665674,v1:172.21.15.29:6801/2876665674] conn(0x7f43c8038050 0x7f43c803a500 unknown :-1 s=START_CONNECT pgs=0 cs=0 l=1 rev1=0 crypto rx=0 tx=0 comp rx=0 tx=0)._fault waiting 0.400000
2023-03-22T19:54:21.288 INFO:teuthology.orchestra.run.smithi029.stdout:/usr/bin/ceph: stderr
2023-03-22T19:54:20.910+0000 7f43e548c700 1 -- 172.21.15.29:0/2479575977 --> [v2:172.21.15.29:3300/0,v1:172.21.15.29:6789/0] -- mon_command({"prefix": "mgr stat"} v 0) v1 -- 0x7f43e00620b0 con 0x7f43e0106550
2023-03-22T19:54:21.288 INFO:teuthology.orchestra.run.smithi029.stdout:/usr/bin/ceph: stderr
2023-03-22T19:54:20.911+0000 7f43c7fff700 1 -- 172.21.15.29:0/2479575977 <== mon.0 v2:172.21.15.29:3300/0 7 ==== mon_command_ack([{"prefix": "mgr stat"}]=0 v5) v1 ==== 56+0+88 (secure 0 0 0) 0x7f43d0049030 con 0x7f43e0106550
2023-03-22T19:54:21.288 INFO:teuthology.orchestra.run.smithi029.stdout:/usr/bin/ceph: stderr
2023-03-22T19:54:20.913+0000 7f43e548c700 1 -- 172.21.15.29:0/2479575977 >> [v2:172.21.15.29:6800/2876665674,v1:172.21.15.29:6801/2876665674] conn(0x7f43c8038050 msgr2=0x7f43c803a500 unknown :-1 s=STATE_CONNECTING l=1).mark_down
2023-03-22T19:54:21.288 INFO:teuthology.orchestra.run.smithi029.stdout:/usr/bin/ceph: stderr
2023-03-22T19:54:20.913+0000 7f43e548c700 1 --2- 172.21.15.29:0/2479575977 >> [v2:172.21.15.29:6800/2876665674,v1:172.21.15.29:6801/2876665674] conn(0x7f43c8038050 0x7f43c803a500 unknown :-1 s=START_CONNECT pgs=0 cs=0 l=1 rev1=0 crypto rx=0 tx=0 comp rx=0 tx=0).stop
2023-03-22T19:54:21.289 INFO:teuthology.orchestra.run.smithi029.stdout:/usr/bin/ceph: stderr
2023-03-22T19:54:20.913+0000 7f43e548c700 1 -- 172.21.15.29:0/2479575977 >> [v2:172.21.15.29:3300/0,v1:172.21.15.29:6789/0] conn(0x7f43e0106550 msgr2=0x7f43e01995e0 secure :-1 s=STATE_CONNECTION_ESTABLISHED l=1).mark_down
2023-03-22T19:54:21.289 INFO:teuthology.orchestra.run.smithi029.stdout:/usr/bin/ceph: stderr
2023-03-22T19:54:20.913+0000 7f43e548c700 1 --2- 172.21.15.29:0/2479575977 >> [v2:172.21.15.29:3300/0,v1:172.21.15.29:6789/0] conn(0x7f43e0106550 0x7f43e01995e0 secure :-1 s=READY pgs=27 cs=0 l=1 rev1=1 crypto rx=0x7f43d0009fb0 tx=0x7f43d0011ad0 comp rx=0 tx=0).stop
2023-03-22T19:54:21.289 INFO:teuthology.orchestra.run.smithi029.stdout:/usr/bin/ceph: stderr
2023-03-22T19:54:20.913+0000 7f43e548c700 1 -- 172.21.15.29:0/2479575977 shutdown_connections
2023-03-22T19:54:21.289 INFO:teuthology.orchestra.run.smithi029.stdout:/usr/bin/ceph: stderr
2023-03-22T19:54:20.913+0000 7f43e548c700 1 --2- 172.21.15.29:0/2479575977 >> [v2:172.21.15.29:6800/2876665674,v1:172.21.15.29:6801/2876665674] conn(0x7f43c8038050 0x7f43c803a500 unknown :-1 s=CLOSED pgs=0 cs=0 l=1 rev1=0 crypto rx=0 tx=0 comp rx=0 tx=0).stop
2023-03-22T19:54:21.289 INFO:teuthology.orchestra.run.smithi029.stdout:/usr/bin/ceph: stderr
2023-03-22T19:54:20.913+0000 7f43e548c700 1 --2- 172.21.15.29:0/2479575977 >> [v2:172.21.15.29:3300/0,v1:172.21.15.29:6789/0] conn(0x7f43e0106550 0x7f43e01995e0 unknown :-1 s=CLOSED pgs=27 cs=0 l=1 rev1=1 crypto rx=0 tx=0 comp rx=0 tx=0).stop
2023-03-22T19:54:21.289 INFO:teuthology.orchestra.run.smithi029.stdout:/usr/bin/ceph: stderr
2023-03-22T19:54:20.913+0000 7f43e548c700 1 -- 172.21.15.29:0/2479575977 >> 172.21.15.29:0/2479575977 conn(0x7f43e00fffb0 msgr2=0x7f43e0100d20 unknown :-1 s=STATE_NONE l=0).mark_down
2023-03-22T19:54:21.289 INFO:teuthology.orchestra.run.smithi029.stdout:/usr/bin/ceph: stderr
2023-03-22T19:54:20.913+0000 7f43e548c700 1 -- 172.21.15.29:0/2479575977 shutdown_connections
2023-03-22T19:54:21.290 INFO:teuthology.orchestra.run.smithi029.stdout:/usr/bin/ceph: stderr
2023-03-22T19:54:20.913+0000 7f43e548c700 1 -- 172.21.15.29:0/2479575977 wait complete.
2023-03-22T19:54:21.290 INFO:teuthology.orchestra.run.smithi029.stdout:Waiting for the mgr to restart...
2023-03-22T19:54:21.290 INFO:teuthology.orchestra.run.smithi029.stdout:Waiting for mgr epoch 5...
2023-03-22T19:54:21.531 INFO:journalctl@ceph.mgr.x.smithi029.stdout:Mar 22 19:54:21 smithi029 ceph-236bebbe-c8eb-11ed-9afe-001a4aab830c-mgr-x[93217]:
2023-03-22T19:54:21.498+0000 7fb630997200 -1 mgr[py] Module progress has missing NOTIFY_TYPES member
2023-03-22T19:54:21.837 INFO:journalctl@ceph.mon.a.smithi029.stdout:Mar 22 19:54:21 smithi029 ceph-mon[92971]: from='client.? 172.21.15.29:0/2479575977' entity='client.admin' cmd=[{"prefix": "mgr stat"}]: dispatch
2023-03-22T19:54:22.587 INFO:journalctl@ceph.mgr.x.smithi029.stdout:Mar 22 19:54:22 smithi029 ceph-236bebbe-c8eb-11ed-9afe-001a4aab830c-mgr-x[93217]:
2023-03-22T19:54:22.189+0000 7fb630997200 -1 mgr[py] Module rook has missing NOTIFY_TYPES member
2023-03-22T19:54:22.588 INFO:journalctl@ceph.mgr.x.smithi029.stdout:Mar 22 19:54:22 smithi029 ceph-236bebbe-c8eb-11ed-9afe-001a4aab830c-mgr-x[93217]:
2023-03-22T19:54:22.380+0000 7fb630997200 -1 mgr[py] Module iostat has missing NOTIFY_TYPES member
2023-03-22T19:54:23.587 INFO:journalctl@ceph.mgr.x.smithi029.stdout:Mar 22 19:54:23 smithi029 ceph-236bebbe-c8eb-11ed-9afe-001a4aab830c-mgr-x[93217]:
2023-03-22T19:54:23.323+0000 7fb630997200 -1 mgr[py] Module test_orchestrator has missing NOTIFY_TYPES member
2023-03-22T19:54:23.587 INFO:journalctl@ceph.mgr.x.smithi029.stdout:Mar 22 19:54:23 smithi029 ceph-236bebbe-c8eb-11ed-9afe-001a4aab830c-mgr-x[93217]:
2023-03-22T19:54:23.433+0000 7fb630997200 -1 mgr[py] Module osd_perf_query has missing NOTIFY_TYPES member
2023-03-22T19:54:23.992 INFO:journalctl@ceph.mgr.x.smithi029.stdout:Mar 22 19:54:23 smithi029 ceph-236bebbe-c8eb-11ed-9afe-001a4aab830c-mgr-x[93217]:
2023-03-22T19:54:23.648+0000 7fb630997200 -1 mgr[py] Module orchestrator has missing NOTIFY_TYPES member
2023-03-22T19:54:24.337 INFO:journalctl@ceph.mgr.x.smithi029.stdout:Mar 22 19:54:23 smithi029 ceph-236bebbe-c8eb-11ed-9afe-001a4aab830c-mgr-x[93217]:
2023-03-22T19:54:23.990+0000 7fb630997200 -1 mgr[py] Module rgw has missing NOTIFY_TYPES member
2023-03-22T19:54:24.338 INFO:journalctl@ceph.mgr.x.smithi029.stdout:Mar 22 19:54:24 smithi029 ceph-236bebbe-c8eb-11ed-9afe-001a4aab830c-mgr-x[93217]:
2023-03-22T19:54:24.094+0000 7fb630997200 -1 mgr[py] Module influx has missing NOTIFY_TYPES member
2023-03-22T19:54:24.748 INFO:journalctl@ceph.mgr.x.smithi029.stdout:Mar 22 19:54:24 smithi029 ceph-236bebbe-c8eb-11ed-9afe-001a4aab830c-mgr-x[93217]:
2023-03-22T19:54:24.424+0000 7fb630997200 -1 mgr[py] Module telemetry has missing NOTIFY_TYPES member
2023-03-22T19:54:25.087 INFO:journalctl@ceph.mgr.x.smithi029.stdout:Mar 22 19:54:24 smithi029 ceph-236bebbe-c8eb-11ed-9afe-001a4aab830c-mgr-x[93217]:
2023-03-22T19:54:24.746+0000 7fb630997200 -1 mgr[py] Module telegraf has missing NOTIFY_TYPES member
2023-03-22T19:54:25.837 INFO:journalctl@ceph.mgr.x.smithi029.stdout:Mar 22 19:54:25 smithi029 ceph-236bebbe-c8eb-11ed-9afe-001a4aab830c-mgr-x[93217]:
2023-03-22T19:54:25.563+0000 7fb630997200 -1 mgr[py] Module balancer has missing NOTIFY_TYPES member
2023-03-22T19:54:25.837 INFO:journalctl@ceph.mgr.x.smithi029.stdout:Mar 22 19:54:25 smithi029 ceph-236bebbe-c8eb-11ed-9afe-001a4aab830c-mgr-x[93217]:
2023-03-22T19:54:25.721+0000 7fb630997200 -1 mgr[py] Module diskprediction_local has missing NOTIFY_TYPES member
2023-03-22T19:54:26.337 INFO:journalctl@ceph.mgr.x.smithi029.stdout:Mar 22 19:54:25 smithi029 ceph-236bebbe-c8eb-11ed-9afe-001a4aab830c-mgr-x[93217]:
2023-03-22T19:54:25.960+0000 7fb630997200 -1 mgr[py] Module nfs has missing NOTIFY_TYPES member
2023-03-22T19:54:26.337 INFO:journalctl@ceph.mgr.x.smithi029.stdout:Mar 22 19:54:26 smithi029 ceph-236bebbe-c8eb-11ed-9afe-001a4aab830c-mgr-x[93217]:
2023-03-22T19:54:26.095+0000 7fb630997200 -1 mgr[py] Module rbd_support has missing NOTIFY_TYPES member
2023-03-22T19:54:26.837 INFO:journalctl@ceph.mgr.x.smithi029.stdout:Mar 22 19:54:26 smithi029 ceph-236bebbe-c8eb-11ed-9afe-001a4aab830c-mgr-x[93217]:
2023-03-22T19:54:26.361+0000 7fb630997200 -1 mgr[py] Module volumes has missing NOTIFY_TYPES member
2023-03-22T19:54:27.837 INFO:journalctl@ceph.mgr.x.smithi029.stdout:Mar 22 19:54:27 smithi029 ceph-236bebbe-c8eb-11ed-9afe-001a4aab830c-mgr-x[93217]:
2023-03-22T19:54:27.391+0000 7fb630997200 -1 mgr[py] Module pg_autoscaler has missing NOTIFY_TYPES member
2023-03-22T19:54:28.686 INFO:journalctl@ceph.mon.a.smithi029.stdout:Mar 22 19:54:28 smithi029 ceph-mon[92971]: Active manager daemon x restarted
2023-03-22T19:54:28.687 INFO:journalctl@ceph.mon.a.smithi029.stdout:Mar 22 19:54:28 smithi029 ceph-mon[92971]: Activating manager daemon x
2023-03-22T19:54:28.687 INFO:journalctl@ceph.mon.a.smithi029.stdout:Mar 22 19:54:28 smithi029 ceph-mon[92971]: osdmap e2: 0 total, 0 up, 0 in
2023-03-22T19:54:28.687 INFO:journalctl@ceph.mon.a.smithi029.stdout:Mar 22 19:54:28 smithi029 ceph-mon[92971]: mgrmap e6: x(active, starting, since 0.052954s)
2023-03-22T19:54:28.687 INFO:journalctl@ceph.mon.a.smithi029.stdout:Mar 22 19:54:28 smithi029 ceph-mon[92971]: from='mgr.14120 172.21.15.29:0/3577663175' entity='mgr.x' cmd=[{"prefix": "mon metadata", "id": "a"}]: dispatch
2023-03-22T19:54:28.687 INFO:journalctl@ceph.mon.a.smithi029.stdout:Mar 22 19:54:28 smithi029 ceph-mon[92971]: from='mgr.14120 172.21.15.29:0/3577663175' entity='mgr.x' cmd=[{"prefix": "mgr metadata", "who": "x", "id": "x"}]: dispatch
2023-03-22T19:54:28.687 INFO:journalctl@ceph.mon.a.smithi029.stdout:Mar 22 19:54:28 smithi029 ceph-mon[92971]: from='mgr.14120 172.21.15.29:0/3577663175' entity='mgr.x' cmd=[{"prefix": "mds metadata"}]: dispatch
2023-03-22T19:54:28.687 INFO:journalctl@ceph.mon.a.smithi029.stdout:Mar 22 19:54:28 smithi029 ceph-mon[92971]: from='mgr.14120 172.21.15.29:0/3577663175' entity='mgr.x' cmd=[{"prefix": "osd metadata"}]: dispatch
2023-03-22T19:54:28.688 INFO:journalctl@ceph.mon.a.smithi029.stdout:Mar 22 19:54:28 smithi029 ceph-mon[92971]: from='mgr.14120 172.21.15.29:0/3577663175' entity='mgr.x' cmd=[{"prefix": "mon metadata"}]: dispatch
2023-03-22T19:54:28.688 INFO:journalctl@ceph.mon.a.smithi029.stdout:Mar 22 19:54:28 smithi029 ceph-mon[92971]: Manager daemon x is now available
2023-03-22T19:54:28.688 INFO:journalctl@ceph.mon.a.smithi029.stdout:Mar 22 19:54:28 smithi029 ceph-mon[92971]: Found migration_current of "None". Setting to last migration.
2023-03-22T19:54:28.688 INFO:journalctl@ceph.mon.a.smithi029.stdout:Mar 22 19:54:28 smithi029 ceph-mon[92971]: from='mgr.14120 172.21.15.29:0/3577663175' entity='mgr.x'
2023-03-22T19:54:28.688 INFO:journalctl@ceph.mon.a.smithi029.stdout:Mar 22 19:54:28 smithi029 ceph-mon[92971]: from='mgr.14120 172.21.15.29:0/3577663175' entity='mgr.x'
2023-03-22T19:54:28.688 INFO:journalctl@ceph.mon.a.smithi029.stdout:Mar 22 19:54:28 smithi029 ceph-mon[92971]: from='mgr.14120 172.21.15.29:0/3577663175' entity='mgr.x' cmd=[{"prefix": "config dump", "format": "json"}]: dispatch
2023-03-22T19:54:28.688 INFO:journalctl@ceph.mon.a.smithi029.stdout:Mar 22 19:54:28 smithi029 ceph-mon[92971]: from='mgr.14120 172.21.15.29:0/3577663175' entity='mgr.x' cmd=[{"prefix": "config dump", "format": "json"}]: dispatch
2023-03-22T19:54:28.688 INFO:journalctl@ceph.mon.a.smithi029.stdout:Mar 22 19:54:28 smithi029 ceph-mon[92971]: from='mgr.14120 172.21.15.29:0/3577663175' entity='mgr.x' cmd=[{"prefix": "config dump", "format": "json"}]: dispatch
2023-03-22T19:54:28.689 INFO:journalctl@ceph.mon.a.smithi029.stdout:Mar 22 19:54:28 smithi029 ceph-mon[92971]: from='mgr.14120 172.21.15.29:0/3577663175' entity='mgr.x' cmd=[{"prefix":"config rm","who":"mgr","name":"mgr/rbd_support/x/mirror_snapshot_schedule"}]: dispatch
2023-03-22T19:54:28.689 INFO:journalctl@ceph.mon.a.smithi029.stdout:Mar 22 19:54:28 smithi029 ceph-mon[92971]: from='mgr.14120 172.21.15.29:0/3577663175' entity='mgr.x' cmd=[{"prefix":"config rm","who":"mgr","name":"mgr/rbd_support/x/trash_purge_schedule"}]: dispatch
2023-03-22T19:54:28.689 INFO:journalctl@ceph.mon.a.smithi029.stdout:Mar 22 19:54:28 smithi029 ceph-mon[92971]: from='mgr.14120 172.21.15.29:0/3577663175' entity='mgr.x'
2023-03-22T19:54:28.689 INFO:journalctl@ceph.mon.a.smithi029.stdout:Mar 22 19:54:28 smithi029 ceph-mon[92971]: from='mgr.14120 172.21.15.29:0/3577663175' entity='mgr.x'
2023-03-22T19:54:28.938 INFO:teuthology.orchestra.run.smithi029.stdout:/usr/bin/ceph: stdout {
2023-03-22T19:54:28.938 INFO:teuthology.orchestra.run.smithi029.stdout:/usr/bin/ceph: stdout "mgrmap_epoch": 7,
2023-03-22T19:54:28.938 INFO:teuthology.orchestra.run.smithi029.stdout:/usr/bin/ceph: stdout "initialized": true
2023-03-22T19:54:28.938 INFO:teuthology.orchestra.run.smithi029.stdout:/usr/bin/ceph: stdout }
2023-03-22T19:54:28.939 INFO:teuthology.orchestra.run.smithi029.stdout:/usr/bin/ceph: stderr
2023-03-22T19:54:21.767+0000 7f52f3087700 1 Processor -- start
2023-03-22T19:54:28.939 INFO:teuthology.orchestra.run.smithi029.stdout:/usr/bin/ceph: stderr
2023-03-22T19:54:21.767+0000 7f52f3087700 1 -- start start
2023-03-22T19:54:28.939 INFO:teuthology.orchestra.run.smithi029.stdout:/usr/bin/ceph: stderr
2023-03-22T19:54:21.767+0000 7f52f3087700 1 --2- >> [v2:172.21.15.29:3300/0,v1:172.21.15.29:6789/0] conn(0x7f52ec106510 0x7f52ec1088f0 unknown :-1 s=NONE pgs=0 cs=0 l=0 rev1=0 crypto rx=0 tx=0 comp rx=0 tx=0).connect
2023-03-22T19:54:28.939 INFO:teuthology.orchestra.run.smithi029.stdout:/usr/bin/ceph: stderr
2023-03-22T19:54:21.767+0000 7f52f3087700 1 -- --> [v2:172.21.15.29:3300/0,v1:172.21.15.29:6789/0] -- mon_getmap magic: 0 v1 -- 0x7f52ec079d70 con 0x7f52ec106510
2023-03-22T19:54:28.939 INFO:teuthology.orchestra.run.smithi029.stdout:/usr/bin/ceph: stderr
2023-03-22T19:54:21.768+0000 7f52f0e23700 1 --2- >> [v2:172.21.15.29:3300/0,v1:172.21.15.29:6789/0] conn(0x7f52ec106510 0x7f52ec1088f0 unknown :-1 s=BANNER_CONNECTING pgs=0 cs=0 l=0 rev1=0 crypto rx=0 tx=0 comp rx=0 tx=0)._handle_peer_banner_payload supported=3 required=0
2023-03-22T19:54:28.939 INFO:teuthology.orchestra.run.smithi029.stdout:/usr/bin/ceph: stderr
2023-03-22T19:54:21.768+0000 7f52f0e23700 1 --2- >> [v2:172.21.15.29:3300/0,v1:172.21.15.29:6789/0] conn(0x7f52ec106510 0x7f52ec1088f0 unknown :-1 s=HELLO_CONNECTING pgs=0 cs=0 l=0 rev1=1 crypto rx=0 tx=0 comp rx=0 tx=0).handle_hello peer v2:172.21.15.29:3300/0 says I am v2:172.21.15.29:39162/0 (socket says 172.21.15.29:39162)
2023-03-22T19:54:28.939 INFO:teuthology.orchestra.run.smithi029.stdout:/usr/bin/ceph: stderr
2023-03-22T19:54:21.768+0000 7f52f0e23700 1 -- 172.21.15.29:0/661993146 learned_addr learned my addr 172.21.15.29:0/661993146 (peer_addr_for_me v2:172.21.15.29:0/0)
2023-03-22T19:54:28.940 INFO:teuthology.orchestra.run.smithi029.stdout:/usr/bin/ceph: stderr
2023-03-22T19:54:21.768+0000 7f52f0e23700 1 -- 172.21.15.29:0/661993146 --> [v2:172.21.15.29:3300/0,v1:172.21.15.29:6789/0] -- mon_subscribe({config=0+,monmap=0+}) v3 -- 0x7f52ec079eb0 con 0x7f52ec106510
2023-03-22T19:54:28.940 INFO:teuthology.orchestra.run.smithi029.stdout:/usr/bin/ceph: stderr
2023-03-22T19:54:21.768+0000 7f52f0e23700 1 --2- 172.21.15.29:0/661993146 >> [v2:172.21.15.29:3300/0,v1:172.21.15.29:6789/0] conn(0x7f52ec106510 0x7f52ec1088f0 secure :-1 s=READY pgs=28 cs=0 l=1 rev1=1 crypto rx=0x7f52e00098a0 tx=0x7f52e0009bb0 comp rx=0 tx=0).ready entity=mon.0 client_cookie=9588c7c937c841ad server_cookie=0 in_seq=0 out_seq=0
2023-03-22T19:54:28.940 INFO:teuthology.orchestra.run.smithi029.stdout:/usr/bin/ceph: stderr
2023-03-22T19:54:21.768+0000 7f52eb7fe700 1 -- 172.21.15.29:0/661993146 <== mon.0 v2:172.21.15.29:3300/0 1 ==== mon_map magic: 0 v1 ==== 205+0+0 (secure 0 0 0) 0x7f52e0004160 con 0x7f52ec106510
2023-03-22T19:54:28.940 INFO:teuthology.orchestra.run.smithi029.stdout:/usr/bin/ceph: stderr
2023-03-22T19:54:21.768+0000 7f52eb7fe700 1 -- 172.21.15.29:0/661993146 <== mon.0 v2:172.21.15.29:3300/0 2 ==== config(26 keys) v1 ==== 1074+0+0 (secure 0 0 0) 0x7f52e00042c0 con 0x7f52ec106510
2023-03-22T19:54:28.940 INFO:teuthology.orchestra.run.smithi029.stdout:/usr/bin/ceph: stderr
2023-03-22T19:54:21.768+0000 7f52eb7fe700 1 -- 172.21.15.29:0/661993146 <== mon.0 v2:172.21.15.29:3300/0 3 ==== mon_map magic: 0 v1 ==== 205+0+0 (secure 0 0 0) 0x7f52e0011a00 con 0x7f52ec106510
2023-03-22T19:54:28.940 INFO:teuthology.orchestra.run.smithi029.stdout:/usr/bin/ceph: stderr
2023-03-22T19:54:21.769+0000 7f52f3087700 1 -- 172.21.15.29:0/661993146 >> [v2:172.21.15.29:3300/0,v1:172.21.15.29:6789/0] conn(0x7f52ec106510 msgr2=0x7f52ec1088f0 secure :-1 s=STATE_CONNECTION_ESTABLISHED l=1).mark_down
2023-03-22T19:54:28.940 INFO:teuthology.orchestra.run.smithi029.stdout:/usr/bin/ceph: stderr
2023-03-22T19:54:21.769+0000 7f52f3087700 1 --2- 172.21.15.29:0/661993146 >> [v2:172.21.15.29:3300/0,v1:172.21.15.29:6789/0] conn(0x7f52ec106510 0x7f52ec1088f0 secure :-1 s=READY pgs=28 cs=0 l=1 rev1=1 crypto rx=0x7f52e00098a0 tx=0x7f52e0009bb0 comp rx=0 tx=0).stop
2023-03-22T19:54:28.940 INFO:teuthology.orchestra.run.smithi029.stdout:/usr/bin/ceph: stderr
2023-03-22T19:54:21.769+0000 7f52f3087700 1 -- 172.21.15.29:0/661993146 shutdown_connections
2023-03-22T19:54:28.941 INFO:teuthology.orchestra.run.smithi029.stdout:/usr/bin/ceph: stderr
2023-03-22T19:54:21.769+0000 7f52f3087700 1 --2- 172.21.15.29:0/661993146 >> [v2:172.21.15.29:3300/0,v1:172.21.15.29:6789/0] conn(0x7f52ec106510 0x7f52ec1088f0 unknown :-1 s=CLOSED pgs=28 cs=0 l=1 rev1=1 crypto rx=0 tx=0 comp rx=0 tx=0).stop
2023-03-22T19:54:28.941 INFO:teuthology.orchestra.run.smithi029.stdout:/usr/bin/ceph: stderr
2023-03-22T19:54:21.769+0000 7f52f3087700 1 -- 172.21.15.29:0/661993146 >> 172.21.15.29:0/661993146 conn(0x7f52ec0fffb0 msgr2=0x7f52ec1023c0 unknown :-1 s=STATE_NONE l=0).mark_down
2023-03-22T19:54:28.941 INFO:teuthology.orchestra.run.smithi029.stdout:/usr/bin/ceph: stderr
2023-03-22T19:54:21.769+0000 7f52f3087700 1 -- 172.21.15.29:0/661993146 shutdown_connections
2023-03-22T19:54:28.941 INFO:teuthology.orchestra.run.smithi029.stdout:/usr/bin/ceph: stderr
2023-03-22T19:54:21.769+0000 7f52f3087700 1 -- 172.21.15.29:0/661993146 wait complete.
2023-03-22T19:54:28.941 INFO:teuthology.orchestra.run.smithi029.stdout:/usr/bin/ceph: stderr
2023-03-22T19:54:21.770+0000 7f52f3087700 1 Processor -- start
2023-03-22T19:54:28.941 INFO:teuthology.orchestra.run.smithi029.stdout:/usr/bin/ceph: stderr
2023-03-22T19:54:21.770+0000 7f52f3087700 1 -- start start
2023-03-22T19:54:28.941 INFO:teuthology.orchestra.run.smithi029.stdout:/usr/bin/ceph: stderr
2023-03-22T19:54:21.770+0000 7f52f3087700 1 --2- >> [v2:172.21.15.29:3300/0,v1:172.21.15.29:6789/0] conn(0x7f52ec106510 0x7f52ec199630 unknown :-1 s=NONE pgs=0 cs=0 l=1 rev1=0 crypto rx=0 tx=0 comp rx=0 tx=0).connect
2023-03-22T19:54:28.942 INFO:teuthology.orchestra.run.smithi029.stdout:/usr/bin/ceph: stderr
2023-03-22T19:54:21.770+0000 7f52f3087700 1 -- --> [v2:172.21.15.29:3300/0,v1:172.21.15.29:6789/0] -- mon_getmap magic: 0 v1 -- 0x7f52ec199b70 con 0x7f52ec106510
2023-03-22T19:54:28.942 INFO:teuthology.orchestra.run.smithi029.stdout:/usr/bin/ceph: stderr
2023-03-22T19:54:21.770+0000 7f52f0e23700 1 --2- >> [v2:172.21.15.29:3300/0,v1:172.21.15.29:6789/0] conn(0x7f52ec106510 0x7f52ec199630 unknown :-1 s=BANNER_CONNECTING pgs=0 cs=0 l=1 rev1=0 crypto rx=0 tx=0 comp rx=0 tx=0)._handle_peer_banner_payload supported=3 required=0
2023-03-22T19:54:28.942 INFO:teuthology.orchestra.run.smithi029.stdout:/usr/bin/ceph: stderr
2023-03-22T19:54:21.770+0000 7f52f0e23700 1 --2- >> [v2:172.21.15.29:3300/0,v1:172.21.15.29:6789/0] conn(0x7f52ec106510 0x7f52ec199630 unknown :-1 s=HELLO_CONNECTING pgs=0 cs=0 l=1 rev1=1 crypto rx=0 tx=0 comp rx=0 tx=0).handle_hello peer v2:172.21.15.29:3300/0 says I am v2:172.21.15.29:39164/0 (socket says 172.21.15.29:39164)
2023-03-22T19:54:28.942 INFO:teuthology.orchestra.run.smithi029.stdout:/usr/bin/ceph: stderr
2023-03-22T19:54:21.770+0000 7f52f0e23700 1 -- 172.21.15.29:0/3552446295 learned_addr learned my addr 172.21.15.29:0/3552446295 (peer_addr_for_me v2:172.21.15.29:0/0)
2023-03-22T19:54:28.942 INFO:teuthology.orchestra.run.smithi029.stdout:/usr/bin/ceph: stderr
2023-03-22T19:54:21.770+0000 7f52f0e23700 1 -- 172.21.15.29:0/3552446295 --> [v2:172.21.15.29:3300/0,v1:172.21.15.29:6789/0] -- mon_subscribe({config=0+,monmap=0+}) v3 -- 0x7f52e0009550 con 0x7f52ec106510
2023-03-22T19:54:28.942 INFO:teuthology.orchestra.run.smithi029.stdout:/usr/bin/ceph: stderr
2023-03-22T19:54:21.770+0000 7f52f0e23700 1 --2- 172.21.15.29:0/3552446295 >> [v2:172.21.15.29:3300/0,v1:172.21.15.29:6789/0] conn(0x7f52ec106510 0x7f52ec199630 secure :-1 s=READY pgs=29 cs=0 l=1 rev1=1 crypto rx=0x7f52e0006af0 tx=0x7f52e0011ad0 comp rx=0 tx=0).ready entity=mon.0 client_cookie=0 server_cookie=0 in_seq=0 out_seq=0
2023-03-22T19:54:28.942 INFO:teuthology.orchestra.run.smithi029.stdout:/usr/bin/ceph: stderr
2023-03-22T19:54:21.771+0000 7f52e9ffb700 1 -- 172.21.15.29:0/3552446295 <== mon.0 v2:172.21.15.29:3300/0 1 ==== mon_map magic: 0 v1 ==== 205+0+0 (secure 0 0 0) 0x7f52e0003a40 con 0x7f52ec106510
2023-03-22T19:54:28.943 INFO:teuthology.orchestra.run.smithi029.stdout:/usr/bin/ceph: stderr
2023-03-22T19:54:21.771+0000 7f52e9ffb700 1 -- 172.21.15.29:0/3552446295 <== mon.0 v2:172.21.15.29:3300/0 2 ==== config(26 keys) v1 ==== 1074+0+0 (secure 0 0 0) 0x7f52e0003ba0 con 0x7f52ec106510
2023-03-22T19:54:28.943 INFO:teuthology.orchestra.run.smithi029.stdout:/usr/bin/ceph: stderr
2023-03-22T19:54:21.771+0000 7f52f3087700 1 -- 172.21.15.29:0/3552446295 --> [v2:172.21.15.29:3300/0,v1:172.21.15.29:6789/0] -- mon_subscribe({mgrmap=0+}) v3 -- 0x7f52ec109c90 con 0x7f52ec106510
2023-03-22T19:54:28.943 INFO:teuthology.orchestra.run.smithi029.stdout:/usr/bin/ceph: stderr
2023-03-22T19:54:21.771+0000 7f52e9ffb700 1 -- 172.21.15.29:0/3552446295 <== mon.0 v2:172.21.15.29:3300/0 3 ==== mon_map magic: 0 v1 ==== 205+0+0 (secure 0 0 0) 0x7f52e001a700 con 0x7f52ec106510
2023-03-22T19:54:28.943 INFO:teuthology.orchestra.run.smithi029.stdout:/usr/bin/ceph: stderr
2023-03-22T19:54:21.771+0000 7f52f3087700 1 -- 172.21.15.29:0/3552446295 --> [v2:172.21.15.29:3300/0,v1:172.21.15.29:6789/0] -- mon_subscribe({osdmap=0}) v3 -- 0x7f52ec109b00 con 0x7f52ec106510
2023-03-22T19:54:28.943 INFO:teuthology.orchestra.run.smithi029.stdout:/usr/bin/ceph: stderr
2023-03-22T19:54:21.772+0000 7f52e9ffb700 1 -- 172.21.15.29:0/3552446295 <== mon.0 v2:172.21.15.29:3300/0 4 ==== mgrmap(e 5) v1 ==== 44769+0+0 (secure 0 0 0) 0x7f52e001a980 con 0x7f52ec106510
2023-03-22T19:54:28.944 INFO:teuthology.orchestra.run.smithi029.stdout:/usr/bin/ceph: stderr
2023-03-22T19:54:21.772+0000 7f52e9ffb700 1 --2- 172.21.15.29:0/3552446295 >> [v2:172.21.15.29:6800/2876665674,v1:172.21.15.29:6801/2876665674] conn(0x7f52dc038050 0x7f52dc03a500 unknown :-1 s=NONE pgs=0 cs=0 l=1 rev1=0 crypto rx=0 tx=0 comp rx=0 tx=0).connect
2023-03-22T19:54:28.944 INFO:teuthology.orchestra.run.smithi029.stdout:/usr/bin/ceph: stderr
2023-03-22T19:54:21.772+0000 7f52e9ffb700 1 -- 172.21.15.29:0/3552446295 --> [v2:172.21.15.29:6800/2876665674,v1:172.21.15.29:6801/2876665674] -- command(tid 0: {"prefix": "get_command_descriptions"}) v1 -- 0x7f52dc03ac10 con 0x7f52dc038050
2023-03-22T19:54:28.944 INFO:teuthology.orchestra.run.smithi029.stdout:/usr/bin/ceph: stderr
2023-03-22T19:54:21.772+0000 7f52e9ffb700 1 -- 172.21.15.29:0/3552446295 <== mon.0 v2:172.21.15.29:3300/0 5 ==== osd_map(1..1 src has 1..1) v4 ==== 725+0+0 (secure 0 0 0) 0x7f52e004be30 con 0x7f52ec106510
2023-03-22T19:54:28.944 INFO:teuthology.orchestra.run.smithi029.stdout:/usr/bin/ceph: stderr
2023-03-22T19:54:21.772+0000 7f52ebfff700 1 -- 172.21.15.29:0/3552446295 >> [v2:172.21.15.29:6800/2876665674,v1:172.21.15.29:6801/2876665674] conn(0x7f52dc038050 msgr2=0x7f52dc03a500 unknown :-1 s=STATE_CONNECTING_RE l=1).process reconnect failed to v2:172.21.15.29:6800/2876665674
2023-03-22T19:54:28.944 INFO:teuthology.orchestra.run.smithi029.stdout:/usr/bin/ceph: stderr
2023-03-22T19:54:21.772+0000 7f52ebfff700 1 --2- 172.21.15.29:0/3552446295 >> [v2:172.21.15.29:6800/2876665674,v1:172.21.15.29:6801/2876665674] conn(0x7f52dc038050 0x7f52dc03a500 unknown :-1 s=START_CONNECT pgs=0 cs=0 l=1 rev1=0 crypto rx=0 tx=0 comp rx=0 tx=0)._fault waiting 0.200000
2023-03-22T19:54:28.944 INFO:teuthology.orchestra.run.smithi029.stdout:/usr/bin/ceph: stderr
2023-03-22T19:54:21.973+0000 7f52ebfff700 1 -- 172.21.15.29:0/3552446295 >> [v2:172.21.15.29:6800/2876665674,v1:172.21.15.29:6801/2876665674] conn(0x7f52dc038050 msgr2=0x7f52dc03a500 unknown :-1 s=STATE_CONNECTING_RE l=1).process reconnect failed to v2:172.21.15.29:6800/2876665674
2023-03-22T19:54:28.944 INFO:teuthology.orchestra.run.smithi029.stdout:/usr/bin/ceph: stderr
2023-03-22T19:54:21.973+0000 7f52ebfff700 1 --2- 172.21.15.29:0/3552446295 >> [v2:172.21.15.29:6800/2876665674,v1:172.21.15.29:6801/2876665674] conn(0x7f52dc038050 0x7f52dc03a500 unknown :-1 s=START_CONNECT pgs=0 cs=0 l=1 rev1=0 crypto rx=0 tx=0 comp rx=0 tx=0)._fault waiting 0.400000
2023-03-22T19:54:28.945 INFO:teuthology.orchestra.run.smithi029.stdout:/usr/bin/ceph: stderr
2023-03-22T19:54:22.374+0000 7f52ebfff700 1 -- 172.21.15.29:0/3552446295 >> [v2:172.21.15.29:6800/2876665674,v1:172.21.15.29:6801/2876665674] conn(0x7f52dc038050 msgr2=0x7f52dc03a500 unknown :-1 s=STATE_CONNECTING_RE l=1).process reconnect failed to v2:172.21.15.29:6800/2876665674
2023-03-22T19:54:28.945 INFO:teuthology.orchestra.run.smithi029.stdout:/usr/bin/ceph: stderr
2023-03-22T19:54:22.374+0000 7f52ebfff700 1 --2- 172.21.15.29:0/3552446295 >> [v2:172.21.15.29:6800/2876665674,v1:172.21.15.29:6801/2876665674] conn(0x7f52dc038050 0x7f52dc03a500 unknown :-1 s=START_CONNECT pgs=0 cs=0 l=1 rev1=0 crypto rx=0 tx=0 comp rx=0 tx=0)._fault waiting 0.800000
2023-03-22T19:54:28.945 INFO:teuthology.orchestra.run.smithi029.stdout:/usr/bin/ceph: stderr
2023-03-22T19:54:23.175+0000 7f52ebfff700 1 -- 172.21.15.29:0/3552446295 >> [v2:172.21.15.29:6800/2876665674,v1:172.21.15.29:6801/2876665674] conn(0x7f52dc038050 msgr2=0x7f52dc03a500 unknown :-1 s=STATE_CONNECTING_RE l=1).process reconnect failed to v2:172.21.15.29:6800/2876665674
2023-03-22T19:54:28.945 INFO:teuthology.orchestra.run.smithi029.stdout:/usr/bin/ceph: stderr
2023-03-22T19:54:23.175+0000 7f52ebfff700 1 --2- 172.21.15.29:0/3552446295 >> [v2:172.21.15.29:6800/2876665674,v1:172.21.15.29:6801/2876665674] conn(0x7f52dc038050 0x7f52dc03a500 unknown :-1 s=START_CONNECT pgs=0 cs=0 l=1 rev1=0 crypto rx=0 tx=0 comp rx=0 tx=0)._fault waiting 1.600000
2023-03-22T19:54:28.945 INFO:teuthology.orchestra.run.smithi029.stdout:/usr/bin/ceph: stderr
2023-03-22T19:54:24.776+0000 7f52ebfff700 1 -- 172.21.15.29:0/3552446295 >> [v2:172.21.15.29:6800/2876665674,v1:172.21.15.29:6801/2876665674] conn(0x7f52dc038050 msgr2=0x7f52dc03a500 unknown :-1 s=STATE_CONNECTING_RE l=1).process reconnect failed to v2:172.21.15.29:6800/2876665674
2023-03-22T19:54:28.945 INFO:teuthology.orchestra.run.smithi029.stdout:/usr/bin/ceph: stderr
2023-03-22T19:54:24.776+0000 7f52ebfff700 1 --2- 172.21.15.29:0/3552446295 >> [v2:172.21.15.29:6800/2876665674,v1:172.21.15.29:6801/2876665674] conn(0x7f52dc038050 0x7f52dc03a500 unknown :-1 s=START_CONNECT pgs=0 cs=0 l=1 rev1=0 crypto rx=0 tx=0 comp rx=0 tx=0)._fault waiting 3.200000
2023-03-22T19:54:28.945 INFO:teuthology.orchestra.run.smithi029.stdout:/usr/bin/ceph: stderr
2023-03-22T19:54:27.456+0000 7f52e9ffb700 1 -- 172.21.15.29:0/3552446295 <== mon.0 v2:172.21.15.29:3300/0 6 ==== mgrmap(e 6) v1 ==== 44536+0+0 (secure 0 0 0) 0x7f52e002d440 con 0x7f52ec106510
2023-03-22T19:54:28.945 INFO:teuthology.orchestra.run.smithi029.stdout:/usr/bin/ceph: stderr
2023-03-22T19:54:27.456+0000 7f52e9ffb700 1 -- 172.21.15.29:0/3552446295 >> [v2:172.21.15.29:6800/2876665674,v1:172.21.15.29:6801/2876665674] conn(0x7f52dc038050 msgr2=0x7f52dc03a500 unknown :-1 s=STATE_CONNECTING l=1).mark_down
2023-03-22T19:54:28.946 INFO:teuthology.orchestra.run.smithi029.stdout:/usr/bin/ceph: stderr
2023-03-22T19:54:27.456+0000 7f52e9ffb700 1 --2- 172.21.15.29:0/3552446295 >> [v2:172.21.15.29:6800/2876665674,v1:172.21.15.29:6801/2876665674] conn(0x7f52dc038050 0x7f52dc03a500 unknown :-1 s=START_CONNECT pgs=0 cs=0 l=1 rev1=0 crypto rx=0 tx=0 comp rx=0 tx=0).stop
2023-03-22T19:54:28.946 INFO:teuthology.orchestra.run.smithi029.stdout:/usr/bin/ceph: stderr
2023-03-22T19:54:28.457+0000 7f52e9ffb700 1 -- 172.21.15.29:0/3552446295 <== mon.0 v2:172.21.15.29:3300/0 7 ==== mgrmap(e 7) v1 ==== 44663+0+0 (secure 0 0 0) 0x7f52e004d910 con 0x7f52ec106510
2023-03-22T19:54:28.946 INFO:teuthology.orchestra.run.smithi029.stdout:/usr/bin/ceph: stderr
2023-03-22T19:54:28.458+0000 7f52e9ffb700 1 --2- 172.21.15.29:0/3552446295 >> [v2:172.21.15.29:6800/661004854,v1:172.21.15.29:6801/661004854] conn(0x7f52dc03b940 0x7f52dc03dd20 unknown :-1 s=NONE pgs=0 cs=0 l=1 rev1=0 crypto rx=0 tx=0 comp rx=0 tx=0).connect
2023-03-22T19:54:28.946 INFO:teuthology.orchestra.run.smithi029.stdout:/usr/bin/ceph: stderr
2023-03-22T19:54:28.458+0000 7f52e9ffb700 1 -- 172.21.15.29:0/3552446295 --> [v2:172.21.15.29:6800/661004854,v1:172.21.15.29:6801/661004854] -- command(tid 0: {"prefix": "get_command_descriptions"}) v1 -- 0x7f52dc03ac10 con 0x7f52dc03b940
2023-03-22T19:54:28.946 INFO:teuthology.orchestra.run.smithi029.stdout:/usr/bin/ceph: stderr
2023-03-22T19:54:28.458+0000 7f52ebfff700 1 --2- 172.21.15.29:0/3552446295 >> [v2:172.21.15.29:6800/661004854,v1:172.21.15.29:6801/661004854] conn(0x7f52dc03b940 0x7f52dc03dd20 unknown :-1 s=BANNER_CONNECTING pgs=0 cs=0 l=1 rev1=0 crypto rx=0 tx=0 comp rx=0 tx=0)._handle_peer_banner_payload supported=3 required=0
2023-03-22T19:54:28.946 INFO:teuthology.orchestra.run.smithi029.stdout:/usr/bin/ceph: stderr
2023-03-22T19:54:28.458+0000 7f52ebfff700 1 --2- 172.21.15.29:0/3552446295 >> [v2:172.21.15.29:6800/661004854,v1:172.21.15.29:6801/661004854] conn(0x7f52dc03b940 0x7f52dc03dd20 secure :-1 s=READY pgs=1 cs=0 l=1 rev1=1 crypto rx=0x7f52d8003a10 tx=0x7f52d8009290 comp rx=0 tx=0).ready entity=mgr.14120 client_cookie=0 server_cookie=0 in_seq=0 out_seq=0
2023-03-22T19:54:28.946 INFO:teuthology.orchestra.run.smithi029.stdout:/usr/bin/ceph: stderr
2023-03-22T19:54:28.459+0000 7f52e9ffb700 1 -- 172.21.15.29:0/3552446295 <== mgr.14120 v2:172.21.15.29:6800/661004854 1 ==== command_reply(tid 0: 0 ) v1 ==== 8+0+6910 (secure 0 0 0) 0x7f52dc03ac10 con 0x7f52dc03b940
2023-03-22T19:54:28.947 INFO:teuthology.orchestra.run.smithi029.stdout:/usr/bin/ceph: stderr
2023-03-22T19:54:28.470+0000 7f52f3087700 1 -- 172.21.15.29:0/3552446295 --> [v2:172.21.15.29:6800/661004854,v1:172.21.15.29:6801/661004854] -- command(tid 1: {"prefix": "mgr_status"}) v1 -- 0x7f52ec19a970 con 0x7f52dc03b940
2023-03-22T19:54:28.947 INFO:teuthology.orchestra.run.smithi029.stdout:/usr/bin/ceph: stderr
2023-03-22T19:54:28.470+0000 7f52e9ffb700 1 -- 172.21.15.29:0/3552446295 <== mgr.14120 v2:172.21.15.29:6800/661004854 2 ==== command_reply(tid 1: 0 ) v1 ==== 8+0+51 (secure 0 0 0) 0x7f52ec19a970 con 0x7f52dc03b940
2023-03-22T19:54:28.947 INFO:teuthology.orchestra.run.smithi029.stdout:/usr/bin/ceph: stderr
2023-03-22T19:54:28.470+0000 7f52f3087700 1 -- 172.21.15.29:0/3552446295 >> [v2:172.21.15.29:6800/661004854,v1:172.21.15.29:6801/661004854] conn(0x7f52dc03b940 msgr2=0x7f52dc03dd20 secure :-1 s=STATE_CONNECTION_ESTABLISHED l=1).mark_down
2023-03-22T19:54:28.947 INFO:teuthology.orchestra.run.smithi029.stdout:/usr/bin/ceph: stderr
2023-03-22T19:54:28.471+0000 7f52f3087700 1 --2- 172.21.15.29:0/3552446295 >> [v2:172.21.15.29:6800/661004854,v1:172.21.15.29:6801/661004854] conn(0x7f52dc03b940 0x7f52dc03dd20 secure :-1 s=READY pgs=1 cs=0 l=1 rev1=1 crypto rx=0x7f52d8003a10 tx=0x7f52d8009290 comp rx=0 tx=0).stop
2023-03-22T19:54:28.947 INFO:teuthology.orchestra.run.smithi029.stdout:/usr/bin/ceph: stderr
2023-03-22T19:54:28.471+0000 7f52f3087700 1 -- 172.21.15.29:0/3552446295 >> [v2:172.21.15.29:3300/0,v1:172.21.15.29:6789/0] conn(0x7f52ec106510 msgr2=0x7f52ec199630 secure :-1 s=STATE_CONNECTION_ESTABLISHED l=1).mark_down
2023-03-22T19:54:28.947 INFO:teuthology.orchestra.run.smithi029.stdout:/usr/bin/ceph: stderr
2023-03-22T19:54:28.471+0000 7f52f3087700 1 --2- 172.21.15.29:0/3552446295 >> [v2:172.21.15.29:3300/0,v1:172.21.15.29:6789/0] conn(0x7f52ec106510 0x7f52ec199630 secure :-1 s=READY pgs=29 cs=0 l=1 rev1=1 crypto rx=0x7f52e0006af0 tx=0x7f52e0011ad0 comp rx=0 tx=0).stop
2023-03-22T19:54:28.947 INFO:teuthology.orchestra.run.smithi029.stdout:/usr/bin/ceph: stderr
2023-03-22T19:54:28.471+0000 7f52f3087700 1 -- 172.21.15.29:0/3552446295 shutdown_connections
2023-03-22T19:54:28.947 INFO:teuthology.orchestra.run.smithi029.stdout:/usr/bin/ceph: stderr
2023-03-22T19:54:28.471+0000 7f52f3087700 1 --2- 172.21.15.29:0/3552446295 >> [v2:172.21.15.29:6800/661004854,v1:172.21.15.29:6801/661004854] conn(0x7f52dc03b940 0x7f52dc03dd20 unknown :-1 s=CLOSED pgs=1 cs=0 l=1 rev1=1 crypto rx=0 tx=0 comp rx=0 tx=0).stop
2023-03-22T19:54:28.948 INFO:teuthology.orchestra.run.smithi029.stdout:/usr/bin/ceph: stderr
2023-03-22T19:54:28.471+0000 7f52f3087700 1 --2- 172.21.15.29:0/3552446295 >> [v2:172.21.15.29:3300/0,v1:172.21.15.29:6789/0] conn(0x7f52ec106510 0x7f52ec199630 unknown :-1 s=CLOSED pgs=29 cs=0 l=1 rev1=1 crypto rx=0 tx=0 comp rx=0 tx=0).stop
2023-03-22T19:54:28.948 INFO:teuthology.orchestra.run.smithi029.stdout:/usr/bin/ceph: stderr
2023-03-22T19:54:28.471+0000 7f52f3087700 1 --2- 172.21.15.29:0/3552446295 >> [v2:172.21.15.29:6800/2876665674,v1:172.21.15.29:6801/2876665674] conn(0x7f52dc038050 0x7f52dc03a500 unknown :-1 s=CLOSED pgs=0 cs=0 l=1 rev1=0 crypto rx=0 tx=0 comp rx=0 tx=0).stop
2023-03-22T19:54:28.948 INFO:teuthology.orchestra.run.smithi029.stdout:/usr/bin/ceph: stderr
2023-03-22T19:54:28.471+0000 7f52f3087700 1 -- 172.21.15.29:0/3552446295 >> 172.21.15.29:0/3552446295 conn(0x7f52ec0fffb0 msgr2=0x7f52ec100d00 unknown :-1 s=STATE_NONE l=0).mark_down
2023-03-22T19:54:28.948 INFO:teuthology.orchestra.run.smithi029.stdout:/usr/bin/ceph: stderr
2023-03-22T19:54:28.471+0000 7f52f3087700 1 -- 172.21.15.29:0/3552446295 shutdown_connections
2023-03-22T19:54:28.948 INFO:teuthology.orchestra.run.smithi029.stdout:/usr/bin/ceph: stderr
2023-03-22T19:54:28.471+0000 7f52f3087700 1 -- 172.21.15.29:0/3552446295 wait complete.
2023-03-22T19:54:28.948 INFO:teuthology.orchestra.run.smithi029.stdout:mgr epoch 5 is available
2023-03-22T19:54:28.948 INFO:teuthology.orchestra.run.smithi029.stdout:Setting orchestrator backend to cephadm...
2023-03-22T19:54:29.837 INFO:journalctl@ceph.mon.a.smithi029.stdout:Mar 22 19:54:29 smithi029 ceph-mon[92971]: [22/Mar/2023:19:54:28] ENGINE Bus STARTING
2023-03-22T19:54:29.838 INFO:journalctl@ceph.mon.a.smithi029.stdout:Mar 22 19:54:29 smithi029 ceph-mon[92971]: from='client.14124 -' entity='client.admin' cmd=[{"prefix": "get_command_descriptions"}]: dispatch
2023-03-22T19:54:29.838 INFO:journalctl@ceph.mon.a.smithi029.stdout:Mar 22 19:54:29 smithi029 ceph-mon[92971]: mgrmap e7: x(active, since 1.05542s)
2023-03-22T19:54:29.838 INFO:journalctl@ceph.mon.a.smithi029.stdout:Mar 22 19:54:29 smithi029 ceph-mon[92971]: from='client.14124 -' entity='client.admin' cmd=[{"prefix": "mgr_status"}]: dispatch
2023-03-22T19:54:29.838 INFO:journalctl@ceph.mon.a.smithi029.stdout:Mar 22 19:54:29 smithi029 ceph-mon[92971]: [22/Mar/2023:19:54:28] ENGINE Serving on http://172.21.15.29:8765
2023-03-22T19:54:29.838 INFO:journalctl@ceph.mon.a.smithi029.stdout:Mar 22 19:54:29 smithi029 ceph-mon[92971]: from='mgr.14120 172.21.15.29:0/3577663175' entity='mgr.x' cmd=[{"prefix": "config dump", "format": "json"}]: dispatch
2023-03-22T19:54:30.180 INFO:teuthology.orchestra.run.smithi029.stdout:/usr/bin/ceph: stderr
2023-03-22T19:54:29.415+0000 7fd5703d5700 1 Processor -- start
2023-03-22T19:54:30.181 INFO:teuthology.orchestra.run.smithi029.stdout:/usr/bin/ceph: stderr
2023-03-22T19:54:29.415+0000 7fd5703d5700 1 -- start start
2023-03-22T19:54:30.181 INFO:teuthology.orchestra.run.smithi029.stdout:/usr/bin/ceph: stderr
2023-03-22T19:54:29.416+0000 7fd5703d5700 1 --2- >> [v2:172.21.15.29:3300/0,v1:172.21.15.29:6789/0] conn(0x7fd568104360 0x7fd568104770 unknown :-1 s=NONE pgs=0 cs=0 l=0 rev1=0 crypto rx=0 tx=0 comp rx=0 tx=0).connect
2023-03-22T19:54:30.181 INFO:teuthology.orchestra.run.smithi029.stdout:/usr/bin/ceph: stderr
2023-03-22T19:54:29.416+0000 7fd5703d5700 1 -- --> [v2:172.21.15.29:3300/0,v1:172.21.15.29:6789/0] -- mon_getmap magic: 0 v1 -- 0x7fd568079d10 con 0x7fd568104360
2023-03-22T19:54:30.181 INFO:teuthology.orchestra.run.smithi029.stdout:/usr/bin/ceph: stderr
2023-03-22T19:54:29.416+0000 7fd56e171700 1 --2- >> [v2:172.21.15.29:3300/0,v1:172.21.15.29:6789/0] conn(0x7fd568104360 0x7fd568104770 unknown :-1 s=BANNER_CONNECTING pgs=0 cs=0 l=0 rev1=0 crypto rx=0 tx=0 comp rx=0 tx=0)._handle_peer_banner_payload supported=3 required=0
2023-03-22T19:54:30.181 INFO:teuthology.orchestra.run.smithi029.stdout:/usr/bin/ceph: stderr
2023-03-22T19:54:29.416+0000 7fd56e171700 1 --2- >> [v2:172.21.15.29:3300/0,v1:172.21.15.29:6789/0] conn(0x7fd568104360 0x7fd568104770 unknown :-1 s=HELLO_CONNECTING pgs=0 cs=0 l=0 rev1=1 crypto rx=0 tx=0 comp rx=0 tx=0).handle_hello peer v2:172.21.15.29:3300/0 says I am v2:172.21.15.29:39216/0 (socket says 172.21.15.29:39216)
2023-03-22T19:54:30.182 INFO:teuthology.orchestra.run.smithi029.stdout:/usr/bin/ceph: stderr
2023-03-22T19:54:29.416+0000 7fd56e171700 1 -- 172.21.15.29:0/492249775 learned_addr learned my addr 172.21.15.29:0/492249775 (peer_addr_for_me v2:172.21.15.29:0/0)
2023-03-22T19:54:30.182 INFO:teuthology.orchestra.run.smithi029.stdout:/usr/bin/ceph: stderr
2023-03-22T19:54:29.416+0000 7fd56e171700 1 -- 172.21.15.29:0/492249775 --> [v2:172.21.15.29:3300/0,v1:172.21.15.29:6789/0] -- mon_subscribe({config=0+,monmap=0+}) v3 -- 0x7fd568079e50 con 0x7fd568104360
2023-03-22T19:54:30.182 INFO:teuthology.orchestra.run.smithi029.stdout:/usr/bin/ceph: stderr
2023-03-22T19:54:29.416+0000 7fd56e171700 1 --2- 172.21.15.29:0/492249775 >> [v2:172.21.15.29:3300/0,v1:172.21.15.29:6789/0] conn(0x7fd568104360 0x7fd568104770 secure :-1 s=READY pgs=37 cs=0 l=1 rev1=1 crypto rx=0x7fd5640098a0 tx=0x7fd564009bb0 comp rx=0 tx=0).ready entity=mon.0 client_cookie=b2ef92f8d178abb6 server_cookie=0 in_seq=0 out_seq=0
2023-03-22T19:54:30.182 INFO:teuthology.orchestra.run.smithi029.stdout:/usr/bin/ceph: stderr
2023-03-22T19:54:29.416+0000 7fd56d16f700 1 -- 172.21.15.29:0/492249775 <== mon.0 v2:172.21.15.29:3300/0 1 ==== mon_map magic: 0 v1 ==== 205+0+0 (secure 0 0 0) 0x7fd564004160 con 0x7fd568104360
2023-03-22T19:54:30.182 INFO:teuthology.orchestra.run.smithi029.stdout:/usr/bin/ceph: stderr
2023-03-22T19:54:29.417+0000 7fd56d16f700 1 -- 172.21.15.29:0/492249775 <== mon.0 v2:172.21.15.29:3300/0 2 ==== config(26 keys) v1 ==== 1074+0+0 (secure 0 0 0) 0x7fd5640042c0 con 0x7fd568104360
2023-03-22T19:54:30.182 INFO:teuthology.orchestra.run.smithi029.stdout:/usr/bin/ceph: stderr
2023-03-22T19:54:29.417+0000 7fd56d16f700 1 -- 172.21.15.29:0/492249775 <== mon.0 v2:172.21.15.29:3300/0 3 ==== mon_map magic: 0 v1 ==== 205+0+0 (secure 0 0 0) 0x7fd564011a00 con 0x7fd568104360
2023-03-22T19:54:30.183 INFO:teuthology.orchestra.run.smithi029.stdout:/usr/bin/ceph: stderr
2023-03-22T19:54:29.417+0000 7fd5703d5700 1 -- 172.21.15.29:0/492249775 >> [v2:172.21.15.29:3300/0,v1:172.21.15.29:6789/0] conn(0x7fd568104360 msgr2=0x7fd568104770 secure :-1 s=STATE_CONNECTION_ESTABLISHED l=1).mark_down
2023-03-22T19:54:30.183 INFO:teuthology.orchestra.run.smithi029.stdout:/usr/bin/ceph: stderr
2023-03-22T19:54:29.417+0000 7fd5703d5700 1 --2- 172.21.15.29:0/492249775 >> [v2:172.21.15.29:3300/0,v1:172.21.15.29:6789/0] conn(0x7fd568104360 0x7fd568104770 secure :-1 s=READY pgs=37 cs=0 l=1 rev1=1 crypto rx=0x7fd5640098a0 tx=0x7fd564009bb0 comp rx=0 tx=0).stop
2023-03-22T19:54:30.183 INFO:teuthology.orchestra.run.smithi029.stdout:/usr/bin/ceph: stderr
2023-03-22T19:54:29.417+0000 7fd5703d5700 1 -- 172.21.15.29:0/492249775 shutdown_connections
2023-03-22T19:54:30.183 INFO:teuthology.orchestra.run.smithi029.stdout:/usr/bin/ceph: stderr
2023-03-22T19:54:29.417+0000 7fd5703d5700 1 --2- 172.21.15.29:0/492249775 >> [v2:172.21.15.29:3300/0,v1:172.21.15.29:6789/0] conn(0x7fd568104360 0x7fd568104770 unknown :-1 s=CLOSED pgs=37 cs=0 l=1 rev1=1 crypto rx=0 tx=0 comp rx=0 tx=0).stop
2023-03-22T19:54:30.184 INFO:teuthology.orchestra.run.smithi029.stdout:/usr/bin/ceph: stderr
2023-03-22T19:54:29.417+0000 7fd5703d5700 1 -- 172.21.15.29:0/492249775 >> 172.21.15.29:0/492249775 conn(0x7fd5680fffb0 msgr2=0x7fd5681023c0 unknown :-1 s=STATE_NONE l=0).mark_down
2023-03-22T19:54:30.184 INFO:teuthology.orchestra.run.smithi029.stdout:/usr/bin/ceph: stderr
2023-03-22T19:54:29.417+0000 7fd5703d5700 1 -- 172.21.15.29:0/492249775 shutdown_connections
2023-03-22T19:54:30.184 INFO:teuthology.orchestra.run.smithi029.stdout:/usr/bin/ceph: stderr
2023-03-22T19:54:29.417+0000 7fd5703d5700 1 -- 172.21.15.29:0/492249775 wait complete.
2023-03-22T19:54:30.184 INFO:teuthology.orchestra.run.smithi029.stdout:/usr/bin/ceph: stderr
2023-03-22T19:54:29.418+0000 7fd5703d5700 1 Processor -- start
2023-03-22T19:54:30.184 INFO:teuthology.orchestra.run.smithi029.stdout:/usr/bin/ceph: stderr
2023-03-22T19:54:29.418+0000 7fd5703d5700 1 -- start start
2023-03-22T19:54:30.184 INFO:teuthology.orchestra.run.smithi029.stdout:/usr/bin/ceph: stderr
2023-03-22T19:54:29.418+0000 7fd5703d5700 1 --2- >> [v2:172.21.15.29:3300/0,v1:172.21.15.29:6789/0] conn(0x7fd568104360 0x7fd56819b840 unknown :-1 s=NONE pgs=0 cs=0 l=1 rev1=0 crypto rx=0 tx=0 comp rx=0 tx=0).connect
2023-03-22T19:54:30.185 INFO:teuthology.orchestra.run.smithi029.stdout:/usr/bin/ceph: stderr
2023-03-22T19:54:29.418+0000 7fd5703d5700 1 -- --> [v2:172.21.15.29:3300/0,v1:172.21.15.29:6789/0] -- mon_getmap magic: 0 v1 -- 0x7fd56819bd80 con 0x7fd568104360
2023-03-22T19:54:30.185 INFO:teuthology.orchestra.run.smithi029.stdout:/usr/bin/ceph: stderr
2023-03-22T19:54:29.418+0000 7fd56e171700 1 --2- >> [v2:172.21.15.29:3300/0,v1:172.21.15.29:6789/0] conn(0x7fd568104360 0x7fd56819b840 unknown :-1 s=BANNER_CONNECTING pgs=0 cs=0 l=1 rev1=0 crypto rx=0 tx=0 comp rx=0 tx=0)._handle_peer_banner_payload supported=3 required=0
2023-03-22T19:54:30.185 INFO:teuthology.orchestra.run.smithi029.stdout:/usr/bin/ceph: stderr
2023-03-22T19:54:29.418+0000 7fd56e171700 1 --2- >> [v2:172.21.15.29:3300/0,v1:172.21.15.29:6789/0] conn(0x7fd568104360 0x7fd56819b840 unknown :-1 s=HELLO_CONNECTING pgs=0 cs=0 l=1 rev1=1 crypto rx=0 tx=0 comp rx=0 tx=0).handle_hello peer v2:172.21.15.29:3300/0 says I am v2:172.21.15.29:39218/0 (socket says 172.21.15.29:39218)
2023-03-22T19:54:30.185 INFO:teuthology.orchestra.run.smithi029.stdout:/usr/bin/ceph: stderr
2023-03-22T19:54:29.418+0000 7fd56e171700 1 -- 172.21.15.29:0/2755767826 learned_addr learned my addr 172.21.15.29:0/2755767826 (peer_addr_for_me v2:172.21.15.29:0/0)
2023-03-22T19:54:30.185 INFO:teuthology.orchestra.run.smithi029.stdout:/usr/bin/ceph: stderr
2023-03-22T19:54:29.419+0000 7fd56e171700 1 -- 172.21.15.29:0/2755767826 --> [v2:172.21.15.29:3300/0,v1:172.21.15.29:6789/0] -- mon_subscribe({config=0+,monmap=0+}) v3 -- 0x7fd564009550 con 0x7fd568104360
2023-03-22T19:54:30.185 INFO:teuthology.orchestra.run.smithi029.stdout:/usr/bin/ceph: stderr
2023-03-22T19:54:29.419+0000 7fd56e171700 1 --2- 172.21.15.29:0/2755767826 >> [v2:172.21.15.29:3300/0,v1:172.21.15.29:6789/0] conn(0x7fd568104360 0x7fd56819b840 secure :-1 s=READY pgs=38 cs=0 l=1 rev1=1 crypto rx=0x7fd564009fb0 tx=0x7fd564011ad0 comp rx=0 tx=0).ready entity=mon.0 client_cookie=0 server_cookie=0 in_seq=0 out_seq=0
2023-03-22T19:54:30.185 INFO:teuthology.orchestra.run.smithi029.stdout:/usr/bin/ceph: stderr
