2023-03-22T19:54:11.630 INFO:teuthology.orchestra.run.smithi029.stdout:/usr/bin/ceph: stderr
2023-03-22T19:54:06.768+0000 7fe1977fe700 1 -- 172.21.15.29:0/1442945832 <== mon.0 v2:172.21.15.29:3300/0 3 ==== mon_map magic: 0 v1 ==== 205+0+0 (secure 0 0 0) 0x7fe1980195e0 con 0x7fe1a8106510
2023-03-22T19:54:11.630 INFO:teuthology.orchestra.run.smithi029.stdout:/usr/bin/ceph: stderr
2023-03-22T19:54:06.768+0000 7fe1acf26700 1 -- 172.21.15.29:0/1442945832 --> [v2:172.21.15.29:3300/0,v1:172.21.15.29:6789/0] -- mon_subscribe({mgrmap=0+}) v3 -- 0x7fe1a8109c90 con 0x7fe1a8106510
2023-03-22T19:54:11.630 INFO:teuthology.orchestra.run.smithi029.stdout:/usr/bin/ceph: stderr
2023-03-22T19:54:06.768+0000 7fe1acf26700 1 -- 172.21.15.29:0/1442945832 --> [v2:172.21.15.29:3300/0,v1:172.21.15.29:6789/0] -- mon_subscribe({osdmap=0}) v3 -- 0x7fe1a8109b00 con 0x7fe1a8106510
2023-03-22T19:54:11.630 INFO:teuthology.orchestra.run.smithi029.stdout:/usr/bin/ceph: stderr
2023-03-22T19:54:06.769+0000 7fe1977fe700 1 -- 172.21.15.29:0/1442945832 <== mon.0 v2:172.21.15.29:3300/0 4 ==== mgrmap(e 4) v1 ==== 44758+0+0 (secure 0 0 0) 0x7fe1980198a0 con 0x7fe1a8106510
2023-03-22T19:54:11.630 INFO:teuthology.orchestra.run.smithi029.stdout:/usr/bin/ceph: stderr
2023-03-22T19:54:06.769+0000 7fe1acf26700 1 -- 172.21.15.29:0/1442945832 --> [v2:172.21.15.29:3300/0,v1:172.21.15.29:6789/0] -- mon_command({"prefix": "get_command_descriptions"} v 0) v1 -- 0x7fe1a80620b0 con 0x7fe1a8106510
2023-03-22T19:54:11.631 INFO:teuthology.orchestra.run.smithi029.stdout:/usr/bin/ceph: stderr
2023-03-22T19:54:06.769+0000 7fe1977fe700 1 --2- 172.21.15.29:0/1442945832 >> [v2:172.21.15.29:6800/2876665674,v1:172.21.15.29:6801/2876665674] conn(0x7fe190037fb0 0x7fe19003a460 unknown :-1 s=NONE pgs=0 cs=0 l=1 rev1=0 crypto rx=0 tx=0 comp rx=0 tx=0).connect
2023-03-22T19:54:11.631 INFO:teuthology.orchestra.run.smithi029.stdout:/usr/bin/ceph: stderr
2023-03-22T19:54:06.769+0000 7fe1977fe700 1 -- 172.21.15.29:0/1442945832 <== mon.0 v2:172.21.15.29:3300/0 5 ==== osd_map(1..1 src has 1..1) v4 ==== 725+0+0 (secure 0 0 0) 0x7fe19804bbc0 con 0x7fe1a8106510
2023-03-22T19:54:11.631 INFO:teuthology.orchestra.run.smithi029.stdout:/usr/bin/ceph: stderr
2023-03-22T19:54:06.769+0000 7fe1a5d9b700 1 --2- 172.21.15.29:0/1442945832 >> [v2:172.21.15.29:6800/2876665674,v1:172.21.15.29:6801/2876665674] conn(0x7fe190037fb0 0x7fe19003a460 unknown :-1 s=BANNER_CONNECTING pgs=0 cs=0 l=1 rev1=0 crypto rx=0 tx=0 comp rx=0 tx=0)._handle_peer_banner_payload supported=3 required=0
2023-03-22T19:54:11.631 INFO:teuthology.orchestra.run.smithi029.stdout:/usr/bin/ceph: stderr
2023-03-22T19:54:06.769+0000 7fe1a5d9b700 1 --2- 172.21.15.29:0/1442945832 >> [v2:172.21.15.29:6800/2876665674,v1:172.21.15.29:6801/2876665674] conn(0x7fe190037fb0 0x7fe19003a460 secure :-1 s=READY pgs=6 cs=0 l=1 rev1=1 crypto rx=0x7fe19c006fd0 tx=0x7fe19c006e40 comp rx=0 tx=0).ready entity=mgr.14100 client_cookie=0 server_cookie=0 in_seq=0 out_seq=0
2023-03-22T19:54:11.631 INFO:teuthology.orchestra.run.smithi029.stdout:/usr/bin/ceph: stderr
2023-03-22T19:54:06.774+0000 7fe1977fe700 1 -- 172.21.15.29:0/1442945832 <== mon.0 v2:172.21.15.29:3300/0 6 ==== mon_command_ack([{"prefix": "get_command_descriptions"}]=0 v0) v1 ==== 72+0+177574 (secure 0 0 0) 0x7fe198018530 con 0x7fe1a8106510
2023-03-22T19:54:11.631 INFO:teuthology.orchestra.run.smithi029.stdout:/usr/bin/ceph: stderr
2023-03-22T19:54:07.290+0000 7fe1acf26700 1 -- 172.21.15.29:0/1442945832 --> [v2:172.21.15.29:3300/0,v1:172.21.15.29:6789/0] -- mon_command({"prefix": "status", "format": "json-pretty"} v 0) v1 -- 0x7fe1a819a300 con 0x7fe1a8106510
2023-03-22T19:54:11.631 INFO:teuthology.orchestra.run.smithi029.stdout:/usr/bin/ceph: stderr
2023-03-22T19:54:07.291+0000 7fe1977fe700 1 -- 172.21.15.29:0/1442945832 <== mon.0 v2:172.21.15.29:3300/0 7 ==== mon_command_ack([{"prefix": "status", "format": "json-pretty"}]=0 v0) v1 ==== 79+0+1238 (secure 0 0 0) 0x7fe19800ba80 con 0x7fe1a8106510
2023-03-22T19:54:11.631 INFO:teuthology.orchestra.run.smithi029.stdout:/usr/bin/ceph: stderr
2023-03-22T19:54:07.293+0000 7fe1acf26700 1 -- 172.21.15.29:0/1442945832 >> [v2:172.21.15.29:6800/2876665674,v1:172.21.15.29:6801/2876665674] conn(0x7fe190037fb0 msgr2=0x7fe19003a460 secure :-1 s=STATE_CONNECTION_ESTABLISHED l=1).mark_down
2023-03-22T19:54:11.632 INFO:teuthology.orchestra.run.smithi029.stdout:/usr/bin/ceph: stderr
2023-03-22T19:54:07.293+0000 7fe1acf26700 1 --2- 172.21.15.29:0/1442945832 >> [v2:172.21.15.29:6800/2876665674,v1:172.21.15.29:6801/2876665674] conn(0x7fe190037fb0 0x7fe19003a460 secure :-1 s=READY pgs=6 cs=0 l=1 rev1=1 crypto rx=0x7fe19c006fd0 tx=0x7fe19c006e40 comp rx=0 tx=0).stop
2023-03-22T19:54:11.632 INFO:teuthology.orchestra.run.smithi029.stdout:/usr/bin/ceph: stderr
2023-03-22T19:54:07.293+0000 7fe1acf26700 1 -- 172.21.15.29:0/1442945832 >> [v2:172.21.15.29:3300/0,v1:172.21.15.29:6789/0] conn(0x7fe1a8106510 msgr2=0x7fe1a8199630 secure :-1 s=STATE_CONNECTION_ESTABLISHED l=1).mark_down
2023-03-22T19:54:11.632 INFO:teuthology.orchestra.run.smithi029.stdout:/usr/bin/ceph: stderr
2023-03-22T19:54:07.293+0000 7fe1acf26700 1 --2- 172.21.15.29:0/1442945832 >> [v2:172.21.15.29:3300/0,v1:172.21.15.29:6789/0] conn(0x7fe1a8106510 0x7fe1a8199630 secure :-1 s=READY pgs=19 cs=0 l=1 rev1=1 crypto rx=0x7fe198009fb0 tx=0x7fe198011ad0 comp rx=0 tx=0).stop
2023-03-22T19:54:11.632 INFO:teuthology.orchestra.run.smithi029.stdout:/usr/bin/ceph: stderr
2023-03-22T19:54:07.293+0000 7fe1acf26700 1 -- 172.21.15.29:0/1442945832 shutdown_connections
2023-03-22T19:54:11.632 INFO:teuthology.orchestra.run.smithi029.stdout:/usr/bin/ceph: stderr
2023-03-22T19:54:07.293+0000 7fe1acf26700 1 --2- 172.21.15.29:0/1442945832 >> [v2:172.21.15.29:6800/2876665674,v1:172.21.15.29:6801/2876665674] conn(0x7fe190037fb0 0x7fe19003a460 unknown :-1 s=CLOSED pgs=6 cs=0 l=1 rev1=1 crypto rx=0 tx=0 comp rx=0 tx=0).stop
2023-03-22T19:54:11.632 INFO:teuthology.orchestra.run.smithi029.stdout:/usr/bin/ceph: stderr
2023-03-22T19:54:07.293+0000 7fe1acf26700 1 --2- 172.21.15.29:0/1442945832 >> [v2:172.21.15.29:3300/0,v1:172.21.15.29:6789/0] conn(0x7fe1a8106510 0x7fe1a8199630 unknown :-1 s=CLOSED pgs=19 cs=0 l=1 rev1=1 crypto rx=0 tx=0 comp rx=0 tx=0).stop
2023-03-22T19:54:11.632 INFO:teuthology.orchestra.run.smithi029.stdout:/usr/bin/ceph: stderr
2023-03-22T19:54:07.293+0000 7fe1acf26700 1 -- 172.21.15.29:0/1442945832 >> 172.21.15.29:0/1442945832 conn(0x7fe1a80fffb0 msgr2=0x7fe1a8100d00 unknown :-1 s=STATE_NONE l=0).mark_down
2023-03-22T19:54:11.632 INFO:teuthology.orchestra.run.smithi029.stdout:/usr/bin/ceph: stderr
2023-03-22T19:54:07.293+0000 7fe1acf26700 1 -- 172.21.15.29:0/1442945832 shutdown_connections
2023-03-22T19:54:11.633 INFO:teuthology.orchestra.run.smithi029.stdout:/usr/bin/ceph: stderr
2023-03-22T19:54:07.293+0000 7fe1acf26700 1 -- 172.21.15.29:0/1442945832 wait complete.
2023-03-22T19:54:11.633 INFO:teuthology.orchestra.run.smithi029.stdout:mgr is available
2023-03-22T19:54:14.837 INFO:journalctl@ceph.mon.a.smithi029.stdout:Mar 22 19:54:14 smithi029 ceph-mon[92971]: from='client.? 172.21.15.29:0/2337398384' entity='client.admin' cmd=[{"prefix": "config assimilate-conf"}]: dispatch
2023-03-22T19:54:17.876 INFO:teuthology.orchestra.run.smithi029.stdout:/usr/bin/ceph: stdout
2023-03-22T19:54:17.877 INFO:teuthology.orchestra.run.smithi029.stdout:/usr/bin/ceph: stdout [global]
2023-03-22T19:54:17.877 INFO:teuthology.orchestra.run.smithi029.stdout:/usr/bin/ceph: stdout fsid = 236bebbe-c8eb-11ed-9afe-001a4aab830c
2023-03-22T19:54:17.877 INFO:teuthology.orchestra.run.smithi029.stdout:/usr/bin/ceph: stdout mon_osd_allow_pg_remap = true
2023-03-22T19:54:17.877 INFO:teuthology.orchestra.run.smithi029.stdout:/usr/bin/ceph: stdout mon_osd_allow_primary_affinity = true
2023-03-22T19:54:17.877 INFO:teuthology.orchestra.run.smithi029.stdout:/usr/bin/ceph: stdout mon_warn_on_no_sortbitwise = false
2023-03-22T19:54:17.877 INFO:teuthology.orchestra.run.smithi029.stdout:/usr/bin/ceph: stdout osd_crush_chooseleaf_type = 0
2023-03-22T19:54:17.878 INFO:teuthology.orchestra.run.smithi029.stdout:/usr/bin/ceph: stdout
2023-03-22T19:54:17.878 INFO:teuthology.orchestra.run.smithi029.stdout:/usr/bin/ceph: stdout [mgr]
2023-03-22T19:54:17.878 INFO:teuthology.orchestra.run.smithi029.stdout:/usr/bin/ceph: stdout mgr/telemetry/nag = false
2023-03-22T19:54:17.878 INFO:teuthology.orchestra.run.smithi029.stdout:/usr/bin/ceph: stdout
2023-03-22T19:54:17.878 INFO:teuthology.orchestra.run.smithi029.stdout:/usr/bin/ceph: stdout [osd]
2023-03-22T19:54:17.878 INFO:teuthology.orchestra.run.smithi029.stdout:/usr/bin/ceph: stdout mon_osd_backfillfull_ratio = 0.85
2023-03-22T19:54:17.878 INFO:teuthology.orchestra.run.smithi029.stdout:/usr/bin/ceph: stdout mon_osd_full_ratio = 0.9
2023-03-22T19:54:17.878 INFO:teuthology.orchestra.run.smithi029.stdout:/usr/bin/ceph: stdout mon_osd_nearfull_ratio = 0.8
2023-03-22T19:54:17.879 INFO:teuthology.orchestra.run.smithi029.stdout:/usr/bin/ceph: stdout osd_map_max_advance = 10
2023-03-22T19:54:17.879 INFO:teuthology.orchestra.run.smithi029.stdout:/usr/bin/ceph: stdout osd_sloppy_crc = true
2023-03-22T19:54:17.879 INFO:teuthology.orchestra.run.smithi029.stdout:/usr/bin/ceph: stderr
2023-03-22T19:54:14.189+0000 7fba2397d700 1 Processor -- start
2023-03-22T19:54:17.879 INFO:teuthology.orchestra.run.smithi029.stdout:/usr/bin/ceph: stderr
2023-03-22T19:54:14.189+0000 7fba2397d700 1 -- start start
2023-03-22T19:54:17.879 INFO:teuthology.orchestra.run.smithi029.stdout:/usr/bin/ceph: stderr
2023-03-22T19:54:14.189+0000 7fba2397d700 1 --2- >> [v2:172.21.15.29:3300/0,v1:172.21.15.29:6789/0] conn(0x7fba1c1059a0 0x7fba1c105db0 unknown :-1 s=NONE pgs=0 cs=0 l=0 rev1=0 crypto rx=0 tx=0 comp rx=0 tx=0).connect
2023-03-22T19:54:17.880 INFO:teuthology.orchestra.run.smithi029.stdout:/usr/bin/ceph: stderr
2023-03-22T19:54:14.190+0000 7fba2397d700 1 -- --> [v2:172.21.15.29:3300/0,v1:172.21.15.29:6789/0] -- mon_getmap magic: 0 v1 -- 0x7fba1c1062f0 con 0x7fba1c1059a0
2023-03-22T19:54:17.880 INFO:teuthology.orchestra.run.smithi029.stdout:/usr/bin/ceph: stderr
2023-03-22T19:54:14.190+0000 7fba21719700 1 --2- >> [v2:172.21.15.29:3300/0,v1:172.21.15.29:6789/0] conn(0x7fba1c1059a0 0x7fba1c105db0 unknown :-1 s=BANNER_CONNECTING pgs=0 cs=0 l=0 rev1=0 crypto rx=0 tx=0 comp rx=0 tx=0)._handle_peer_banner_payload supported=3 required=0
2023-03-22T19:54:17.880 INFO:teuthology.orchestra.run.smithi029.stdout:/usr/bin/ceph: stderr
2023-03-22T19:54:14.190+0000 7fba21719700 1 --2- >> [v2:172.21.15.29:3300/0,v1:172.21.15.29:6789/0] conn(0x7fba1c1059a0 0x7fba1c105db0 unknown :-1 s=HELLO_CONNECTING pgs=0 cs=0 l=0 rev1=1 crypto rx=0 tx=0 comp rx=0 tx=0).handle_hello peer v2:172.21.15.29:3300/0 says I am v2:172.21.15.29:39130/0 (socket says 172.21.15.29:39130)
2023-03-22T19:54:17.880 INFO:teuthology.orchestra.run.smithi029.stdout:/usr/bin/ceph: stderr
2023-03-22T19:54:14.190+0000 7fba21719700 1 -- 172.21.15.29:0/2435174358 learned_addr learned my addr 172.21.15.29:0/2435174358 (peer_addr_for_me v2:172.21.15.29:0/0)
2023-03-22T19:54:17.880 INFO:teuthology.orchestra.run.smithi029.stdout:/usr/bin/ceph: stderr
2023-03-22T19:54:14.190+0000 7fba21719700 1 -- 172.21.15.29:0/2435174358 --> [v2:172.21.15.29:3300/0,v1:172.21.15.29:6789/0] -- mon_subscribe({config=0+,monmap=0+}) v3 -- 0x7fba1c106430 con 0x7fba1c1059a0
2023-03-22T19:54:17.880 INFO:teuthology.orchestra.run.smithi029.stdout:/usr/bin/ceph: stderr
2023-03-22T19:54:14.190+0000 7fba21719700 1 --2- 172.21.15.29:0/2435174358 >> [v2:172.21.15.29:3300/0,v1:172.21.15.29:6789/0] conn(0x7fba1c1059a0 0x7fba1c105db0 secure :-1 s=READY pgs=20 cs=0 l=1 rev1=1 crypto rx=0x7fba180098a0 tx=0x7fba18009bb0 comp rx=0 tx=0).ready entity=mon.0 client_cookie=1e2cbc141d2d3c08 server_cookie=0 in_seq=0 out_seq=0
2023-03-22T19:54:17.881 INFO:teuthology.orchestra.run.smithi029.stdout:/usr/bin/ceph: stderr
2023-03-22T19:54:14.190+0000 7fba13fff700 1 -- 172.21.15.29:0/2435174358 <== mon.0 v2:172.21.15.29:3300/0 1 ==== mon_map magic: 0 v1 ==== 205+0+0 (secure 0 0 0) 0x7fba18004160 con 0x7fba1c1059a0
2023-03-22T19:54:17.881 INFO:teuthology.orchestra.run.smithi029.stdout:/usr/bin/ceph: stderr
2023-03-22T19:54:14.190+0000 7fba13fff700 1 -- 172.21.15.29:0/2435174358 <== mon.0 v2:172.21.15.29:3300/0 2 ==== config(26 keys) v1 ==== 1074+0+0 (secure 0 0 0) 0x7fba180042c0 con 0x7fba1c1059a0
2023-03-22T19:54:17.881 INFO:teuthology.orchestra.run.smithi029.stdout:/usr/bin/ceph: stderr
2023-03-22T19:54:14.190+0000 7fba13fff700 1 -- 172.21.15.29:0/2435174358 <== mon.0 v2:172.21.15.29:3300/0 3 ==== mon_map magic: 0 v1 ==== 205+0+0 (secure 0 0 0) 0x7fba18011a00 con 0x7fba1c1059a0
2023-03-22T19:54:17.881 INFO:teuthology.orchestra.run.smithi029.stdout:/usr/bin/ceph: stderr
2023-03-22T19:54:14.191+0000 7fba2397d700 1 -- 172.21.15.29:0/2435174358 >> [v2:172.21.15.29:3300/0,v1:172.21.15.29:6789/0] conn(0x7fba1c1059a0 msgr2=0x7fba1c105db0 secure :-1 s=STATE_CONNECTION_ESTABLISHED l=1).mark_down
2023-03-22T19:54:17.881 INFO:teuthology.orchestra.run.smithi029.stdout:/usr/bin/ceph: stderr
2023-03-22T19:54:14.191+0000 7fba2397d700 1 --2- 172.21.15.29:0/2435174358 >> [v2:172.21.15.29:3300/0,v1:172.21.15.29:6789/0] conn(0x7fba1c1059a0 0x7fba1c105db0 secure :-1 s=READY pgs=20 cs=0 l=1 rev1=1 crypto rx=0x7fba180098a0 tx=0x7fba18009bb0 comp rx=0 tx=0).stop
2023-03-22T19:54:17.881 INFO:teuthology.orchestra.run.smithi029.stdout:/usr/bin/ceph: stderr
2023-03-22T19:54:14.191+0000 7fba2397d700 1 -- 172.21.15.29:0/2435174358 shutdown_connections
2023-03-22T19:54:17.881 INFO:teuthology.orchestra.run.smithi029.stdout:/usr/bin/ceph: stderr
2023-03-22T19:54:14.191+0000 7fba2397d700 1 --2- 172.21.15.29:0/2435174358 >> [v2:172.21.15.29:3300/0,v1:172.21.15.29:6789/0] conn(0x7fba1c1059a0 0x7fba1c105db0 unknown :-1 s=CLOSED pgs=20 cs=0 l=1 rev1=1 crypto rx=0 tx=0 comp rx=0 tx=0).stop
2023-03-22T19:54:17.882 INFO:teuthology.orchestra.run.smithi029.stdout:/usr/bin/ceph: stderr
2023-03-22T19:54:14.191+0000 7fba2397d700 1 -- 172.21.15.29:0/2435174358 >> 172.21.15.29:0/2435174358 conn(0x7fba1c101010 msgr2=0x7fba1c103420 unknown :-1 s=STATE_NONE l=0).mark_down
2023-03-22T19:54:17.882 INFO:teuthology.orchestra.run.smithi029.stdout:/usr/bin/ceph: stderr
2023-03-22T19:54:14.191+0000 7fba2397d700 1 -- 172.21.15.29:0/2435174358 shutdown_connections
2023-03-22T19:54:17.882 INFO:teuthology.orchestra.run.smithi029.stdout:/usr/bin/ceph: stderr
2023-03-22T19:54:14.191+0000 7fba2397d700 1 -- 172.21.15.29:0/2435174358 wait complete.
2023-03-22T19:54:17.882 INFO:teuthology.orchestra.run.smithi029.stdout:/usr/bin/ceph: stderr
2023-03-22T19:54:14.192+0000 7fba2397d700 1 Processor -- start
2023-03-22T19:54:17.882 INFO:teuthology.orchestra.run.smithi029.stdout:/usr/bin/ceph: stderr
2023-03-22T19:54:14.192+0000 7fba2397d700 1 -- start start
2023-03-22T19:54:17.882 INFO:teuthology.orchestra.run.smithi029.stdout:/usr/bin/ceph: stderr
2023-03-22T19:54:14.192+0000 7fba2397d700 1 --2- >> [v2:172.21.15.29:3300/0,v1:172.21.15.29:6789/0] conn(0x7fba1c1059a0 0x7fba1c07bc40 unknown :-1 s=NONE pgs=0 cs=0 l=1 rev1=0 crypto rx=0 tx=0 comp rx=0 tx=0).connect
2023-03-22T19:54:17.882 INFO:teuthology.orchestra.run.smithi029.stdout:/usr/bin/ceph: stderr
2023-03-22T19:54:14.192+0000 7fba2397d700 1 -- --> [v2:172.21.15.29:3300/0,v1:172.21.15.29:6789/0] -- mon_getmap magic: 0 v1 -- 0x7fba1c07c180 con 0x7fba1c1059a0
2023-03-22T19:54:17.882 INFO:teuthology.orchestra.run.smithi029.stdout:/usr/bin/ceph: stderr
2023-03-22T19:54:14.192+0000 7fba21719700 1 --2- >> [v2:172.21.15.29:3300/0,v1:172.21.15.29:6789/0] conn(0x7fba1c1059a0 0x7fba1c07bc40 unknown :-1 s=BANNER_CONNECTING pgs=0 cs=0 l=1 rev1=0 crypto rx=0 tx=0 comp rx=0 tx=0)._handle_peer_banner_payload supported=3 required=0
2023-03-22T19:54:17.883 INFO:teuthology.orchestra.run.smithi029.stdout:/usr/bin/ceph: stderr
2023-03-22T19:54:14.192+0000 7fba21719700 1 --2- >> [v2:172.21.15.29:3300/0,v1:172.21.15.29:6789/0] conn(0x7fba1c1059a0 0x7fba1c07bc40 unknown :-1 s=HELLO_CONNECTING pgs=0 cs=0 l=1 rev1=1 crypto rx=0 tx=0 comp rx=0 tx=0).handle_hello peer v2:172.21.15.29:3300/0 says I am v2:172.21.15.29:39132/0 (socket says 172.21.15.29:39132)
2023-03-22T19:54:17.883 INFO:teuthology.orchestra.run.smithi029.stdout:/usr/bin/ceph: stderr
2023-03-22T19:54:14.192+0000 7fba21719700 1 -- 172.21.15.29:0/2337398384 learned_addr learned my addr 172.21.15.29:0/2337398384 (peer_addr_for_me v2:172.21.15.29:0/0)
2023-03-22T19:54:17.883 INFO:teuthology.orchestra.run.smithi029.stdout:/usr/bin/ceph: stderr
2023-03-22T19:54:14.192+0000 7fba21719700 1 -- 172.21.15.29:0/2337398384 --> [v2:172.21.15.29:3300/0,v1:172.21.15.29:6789/0] -- mon_subscribe({config=0+,monmap=0+}) v3 -- 0x7fba18009550 con 0x7fba1c1059a0
2023-03-22T19:54:17.883 INFO:teuthology.orchestra.run.smithi029.stdout:/usr/bin/ceph: stderr
2023-03-22T19:54:14.193+0000 7fba21719700 1 --2- 172.21.15.29:0/2337398384 >> [v2:172.21.15.29:3300/0,v1:172.21.15.29:6789/0] conn(0x7fba1c1059a0 0x7fba1c07bc40 secure :-1 s=READY pgs=21 cs=0 l=1 rev1=1 crypto rx=0x7fba18009130 tx=0x7fba18011ad0 comp rx=0 tx=0).ready entity=mon.0 client_cookie=0 server_cookie=0 in_seq=0 out_seq=0
2023-03-22T19:54:17.883 INFO:teuthology.orchestra.run.smithi029.stdout:/usr/bin/ceph: stderr
2023-03-22T19:54:14.193+0000 7fba127fc700 1 -- 172.21.15.29:0/2337398384 <== mon.0 v2:172.21.15.29:3300/0 1 ==== mon_map magic: 0 v1 ==== 205+0+0 (secure 0 0 0) 0x7fba18003b70 con 0x7fba1c1059a0
2023-03-22T19:54:17.883 INFO:teuthology.orchestra.run.smithi029.stdout:/usr/bin/ceph: stderr
2023-03-22T19:54:14.193+0000 7fba127fc700 1 -- 172.21.15.29:0/2337398384 <== mon.0 v2:172.21.15.29:3300/0 2 ==== config(26 keys) v1 ==== 1074+0+0 (secure 0 0 0) 0x7fba18003cd0 con 0x7fba1c1059a0
2023-03-22T19:54:17.883 INFO:teuthology.orchestra.run.smithi029.stdout:/usr/bin/ceph: stderr
2023-03-22T19:54:14.193+0000 7fba2397d700 1 -- 172.21.15.29:0/2337398384 --> [v2:172.21.15.29:3300/0,v1:172.21.15.29:6789/0] -- mon_subscribe({mgrmap=0+}) v3 -- 0x7fba1c1079f0 con 0x7fba1c1059a0
2023-03-22T19:54:17.885 INFO:teuthology.orchestra.run.smithi029.stdout:/usr/bin/ceph: stderr
2023-03-22T19:54:14.193+0000 7fba127fc700 1 -- 172.21.15.29:0/2337398384 <== mon.0 v2:172.21.15.29:3300/0 3 ==== mon_map magic: 0 v1 ==== 205+0+0 (secure 0 0 0) 0x7fba180197d0 con 0x7fba1c1059a0
2023-03-22T19:54:17.885 INFO:teuthology.orchestra.run.smithi029.stdout:/usr/bin/ceph: stderr
2023-03-22T19:54:14.193+0000 7fba2397d700 1 -- 172.21.15.29:0/2337398384 --> [v2:172.21.15.29:3300/0,v1:172.21.15.29:6789/0] -- mon_subscribe({osdmap=0}) v3 -- 0x7fba1c107860 con 0x7fba1c1059a0
2023-03-22T19:54:17.886 INFO:teuthology.orchestra.run.smithi029.stdout:/usr/bin/ceph: stderr
2023-03-22T19:54:14.194+0000 7fba127fc700 1 -- 172.21.15.29:0/2337398384 <== mon.0 v2:172.21.15.29:3300/0 4 ==== mgrmap(e 4) v1 ==== 44758+0+0 (secure 0 0 0) 0x7fba1801a430 con 0x7fba1c1059a0
2023-03-22T19:54:17.886 INFO:teuthology.orchestra.run.smithi029.stdout:/usr/bin/ceph: stderr
2023-03-22T19:54:14.194+0000 7fba127fc700 1 --2- 172.21.15.29:0/2337398384 >> [v2:172.21.15.29:6800/2876665674,v1:172.21.15.29:6801/2876665674] conn(0x7fba08038050 0x7fba0803a500 unknown :-1 s=NONE pgs=0 cs=0 l=1 rev1=0 crypto rx=0 tx=0 comp rx=0 tx=0).connect
2023-03-22T19:54:17.886 INFO:teuthology.orchestra.run.smithi029.stdout:/usr/bin/ceph: stderr
2023-03-22T19:54:14.194+0000 7fba2397d700 1 -- 172.21.15.29:0/2337398384 --> [v2:172.21.15.29:3300/0,v1:172.21.15.29:6789/0] -- mon_command({"prefix": "get_command_descriptions"} v 0) v1 -- 0x7fba1c0620b0 con 0x7fba1c1059a0
2023-03-22T19:54:17.886 INFO:teuthology.orchestra.run.smithi029.stdout:/usr/bin/ceph: stderr
2023-03-22T19:54:14.194+0000 7fba127fc700 1 -- 172.21.15.29:0/2337398384 <== mon.0 v2:172.21.15.29:3300/0 5 ==== osd_map(1..1 src has 1..1) v4 ==== 725+0+0 (secure 0 0 0) 0x7fba1804be40 con 0x7fba1c1059a0
2023-03-22T19:54:17.886 INFO:teuthology.orchestra.run.smithi029.stdout:/usr/bin/ceph: stderr
2023-03-22T19:54:14.194+0000 7fba20f18700 1 --2- 172.21.15.29:0/2337398384 >> [v2:172.21.15.29:6800/2876665674,v1:172.21.15.29:6801/2876665674] conn(0x7fba08038050 0x7fba0803a500 unknown :-1 s=BANNER_CONNECTING pgs=0 cs=0 l=1 rev1=0 crypto rx=0 tx=0 comp rx=0 tx=0)._handle_peer_banner_payload supported=3 required=0
2023-03-22T19:54:17.886 INFO:teuthology.orchestra.run.smithi029.stdout:/usr/bin/ceph: stderr
2023-03-22T19:54:14.195+0000 7fba20f18700 1 --2- 172.21.15.29:0/2337398384 >> [v2:172.21.15.29:6800/2876665674,v1:172.21.15.29:6801/2876665674] conn(0x7fba08038050 0x7fba0803a500 secure :-1 s=READY pgs=7 cs=0 l=1 rev1=1 crypto rx=0x7fba0c006fd0 tx=0x7fba0c006e40 comp rx=0 tx=0).ready entity=mgr.14100 client_cookie=0 server_cookie=0 in_seq=0 out_seq=0
2023-03-22T19:54:17.886 INFO:teuthology.orchestra.run.smithi029.stdout:/usr/bin/ceph: stderr
2023-03-22T19:54:14.199+0000 7fba127fc700 1 -- 172.21.15.29:0/2337398384 <== mon.0 v2:172.21.15.29:3300/0 6 ==== mon_command_ack([{"prefix": "get_command_descriptions"}]=0 v0) v1 ==== 72+0+177574 (secure 0 0 0) 0x7fba18051020 con 0x7fba1c1059a0
2023-03-22T19:54:17.887 INFO:teuthology.orchestra.run.smithi029.stdout:/usr/bin/ceph: stderr
2023-03-22T19:54:14.555+0000 7fba2397d700 1 -- 172.21.15.29:0/2337398384 --> [v2:172.21.15.29:3300/0,v1:172.21.15.29:6789/0] -- mon_command({"prefix": "config assimilate-conf"} v 0) v1 -- 0x7fba1c07b150 con 0x7fba1c1059a0
2023-03-22T19:54:17.887 INFO:teuthology.orchestra.run.smithi029.stdout:/usr/bin/ceph: stderr
2023-03-22T19:54:14.555+0000 7fba127fc700 1 -- 172.21.15.29:0/2337398384 <== mon.0 v2:172.21.15.29:3300/0 7 ==== mon_command_ack([{"prefix": "config assimilate-conf"}]=0 v3) v1 ==== 70+0+373 (secure 0 0 0) 0x7fba1802d350 con 0x7fba1c1059a0
2023-03-22T19:54:17.887 INFO:teuthology.orchestra.run.smithi029.stdout:/usr/bin/ceph: stderr
2023-03-22T19:54:14.558+0000 7fba2397d700 1 -- 172.21.15.29:0/2337398384 >> [v2:172.21.15.29:6800/2876665674,v1:172.21.15.29:6801/2876665674] conn(0x7fba08038050 msgr2=0x7fba0803a500 secure :-1 s=STATE_CONNECTION_ESTABLISHED l=1).mark_down
2023-03-22T19:54:17.887 INFO:teuthology.orchestra.run.smithi029.stdout:/usr/bin/ceph: stderr
2023-03-22T19:54:14.558+0000 7fba2397d700 1 --2- 172.21.15.29:0/2337398384 >> [v2:172.21.15.29:6800/2876665674,v1:172.21.15.29:6801/2876665674] conn(0x7fba08038050 0x7fba0803a500 secure :-1 s=READY pgs=7 cs=0 l=1 rev1=1 crypto rx=0x7fba0c006fd0 tx=0x7fba0c006e40 comp rx=0 tx=0).stop
2023-03-22T19:54:17.887 INFO:teuthology.orchestra.run.smithi029.stdout:/usr/bin/ceph: stderr
2023-03-22T19:54:14.558+0000 7fba2397d700 1 -- 172.21.15.29:0/2337398384 >> [v2:172.21.15.29:3300/0,v1:172.21.15.29:6789/0] conn(0x7fba1c1059a0 msgr2=0x7fba1c07bc40 secure :-1 s=STATE_CONNECTION_ESTABLISHED l=1).mark_down
2023-03-22T19:54:17.888 INFO:teuthology.orchestra.run.smithi029.stdout:/usr/bin/ceph: stderr
2023-03-22T19:54:14.558+0000 7fba2397d700 1 --2- 172.21.15.29:0/2337398384 >> [v2:172.21.15.29:3300/0,v1:172.21.15.29:6789/0] conn(0x7fba1c1059a0 0x7fba1c07bc40 secure :-1 s=READY pgs=21 cs=0 l=1 rev1=1 crypto rx=0x7fba18009130 tx=0x7fba18011ad0 comp rx=0 tx=0).stop
2023-03-22T19:54:17.888 INFO:teuthology.orchestra.run.smithi029.stdout:/usr/bin/ceph: stderr
2023-03-22T19:54:14.558+0000 7fba2397d700 1 -- 172.21.15.29:0/2337398384 shutdown_connections
2023-03-22T19:54:17.888 INFO:teuthology.orchestra.run.smithi029.stdout:/usr/bin/ceph: stderr
2023-03-22T19:54:14.558+0000 7fba2397d700 1 --2- 172.21.15.29:0/2337398384 >> [v2:172.21.15.29:6800/2876665674,v1:172.21.15.29:6801/2876665674] conn(0x7fba08038050 0x7fba0803a500 unknown :-1 s=CLOSED pgs=7 cs=0 l=1 rev1=1 crypto rx=0 tx=0 comp rx=0 tx=0).stop
2023-03-22T19:54:17.888 INFO:teuthology.orchestra.run.smithi029.stdout:/usr/bin/ceph: stderr
2023-03-22T19:54:14.558+0000 7fba2397d700 1 --2- 172.21.15.29:0/2337398384 >> [v2:172.21.15.29:3300/0,v1:172.21.15.29:6789/0] conn(0x7fba1c1059a0 0x7fba1c07bc40 unknown :-1 s=CLOSED pgs=21 cs=0 l=1 rev1=1 crypto rx=0 tx=0 comp rx=0 tx=0).stop
2023-03-22T19:54:17.888 INFO:teuthology.orchestra.run.smithi029.stdout:/usr/bin/ceph: stderr
2023-03-22T19:54:14.558+0000 7fba2397d700 1 -- 172.21.15.29:0/2337398384 >> 172.21.15.29:0/2337398384 conn(0x7fba1c101010 msgr2=0x7fba1c101d70 unknown :-1 s=STATE_NONE l=0).mark_down
2023-03-22T19:54:17.888 INFO:teuthology.orchestra.run.smithi029.stdout:/usr/bin/ceph: stderr
2023-03-22T19:54:14.558+0000 7fba2397d700 1 -- 172.21.15.29:0/2337398384 shutdown_connections
2023-03-22T19:54:17.888 INFO:teuthology.orchestra.run.smithi029.stdout:/usr/bin/ceph: stderr
2023-03-22T19:54:14.558+0000 7fba2397d700 1 -- 172.21.15.29:0/2337398384 wait complete.
2023-03-22T19:54:17.888 INFO:teuthology.orchestra.run.smithi029.stdout:Enabling cephadm module...
2023-03-22T19:54:19.765 INFO:journalctl@ceph.mon.a.smithi029.stdout:Mar 22 19:54:19 smithi029 ceph-mon[92971]: from='client.? 172.21.15.29:0/314936450' entity='client.admin' cmd=[{"prefix": "mgr module enable", "module": "cephadm"}]: dispatch
2023-03-22T19:54:19.766 INFO:journalctl@ceph.mgr.x.smithi029.stdout:Mar 22 19:54:19 smithi029 ceph-236bebbe-c8eb-11ed-9afe-001a4aab830c-mgr-x[93217]: ignoring --setuser ceph since I am not root
2023-03-22T19:54:19.766 INFO:journalctl@ceph.mgr.x.smithi029.stdout:Mar 22 19:54:19 smithi029 ceph-236bebbe-c8eb-11ed-9afe-001a4aab830c-mgr-x[93217]: ignoring --setgroup ceph since I am not root
2023-03-22T19:54:19.766 INFO:journalctl@ceph.mgr.x.smithi029.stdout:Mar 22 19:54:19 smithi029 ceph-236bebbe-c8eb-11ed-9afe-001a4aab830c-mgr-x[93217]:
2023-03-22T19:54:19.667+0000 7fb630997200 -1 mgr[py] Module devicehealth has missing NOTIFY_TYPES member
2023-03-22T19:54:19.766 INFO:journalctl@ceph.mgr.x.smithi029.stdout:Mar 22 19:54:19 smithi029 ceph-236bebbe-c8eb-11ed-9afe-001a4aab830c-mgr-x[93217]:
2023-03-22T19:54:19.763+0000 7fb630997200 -1 mgr[py] Module osd_support has missing NOTIFY_TYPES member
2023-03-22T19:54:19.933 INFO:teuthology.orchestra.run.smithi029.stdout:/usr/bin/ceph: stderr
2023-03-22T19:54:18.944+0000 7ff85afc4700 1 Processor -- start
2023-03-22T19:54:19.933 INFO:teuthology.orchestra.run.smithi029.stdout:/usr/bin/ceph: stderr
2023-03-22T19:54:18.944+0000 7ff85afc4700 1 -- start start
2023-03-22T19:54:19.933 INFO:teuthology.orchestra.run.smithi029.stdout:/usr/bin/ceph: stderr
2023-03-22T19:54:18.944+0000 7ff85afc4700 1 --2- >> [v2:172.21.15.29:3300/0,v1:172.21.15.29:6789/0] conn(0x7ff854106510 0x7ff8541088f0 unknown :-1 s=NONE pgs=0 cs=0 l=0 rev1=0 crypto rx=0 tx=0 comp rx=0 tx=0).connect
2023-03-22T19:54:19.933 INFO:teuthology.orchestra.run.smithi029.stdout:/usr/bin/ceph: stderr
2023-03-22T19:54:18.944+0000 7ff85afc4700 1 -- --> [v2:172.21.15.29:3300/0,v1:172.21.15.29:6789/0] -- mon_getmap magic: 0 v1 -- 0x7ff854079d70 con 0x7ff854106510
2023-03-22T19:54:19.934 INFO:teuthology.orchestra.run.smithi029.stdout:/usr/bin/ceph: stderr
2023-03-22T19:54:18.944+0000 7ff858d60700 1 --2- >> [v2:172.21.15.29:3300/0,v1:172.21.15.29:6789/0] conn(0x7ff854106510 0x7ff8541088f0 unknown :-1 s=BANNER_CONNECTING pgs=0 cs=0 l=0 rev1=0 crypto rx=0 tx=0 comp rx=0 tx=0)._handle_peer_banner_payload supported=3 required=0
2023-03-22T19:54:19.934 INFO:teuthology.orchestra.run.smithi029.stdout:/usr/bin/ceph: stderr
2023-03-22T19:54:18.944+0000 7ff858d60700 1 --2- >> [v2:172.21.15.29:3300/0,v1:172.21.15.29:6789/0] conn(0x7ff854106510 0x7ff8541088f0 unknown :-1 s=HELLO_CONNECTING pgs=0 cs=0 l=0 rev1=1 crypto rx=0 tx=0 comp rx=0 tx=0).handle_hello peer v2:172.21.15.29:3300/0 says I am v2:172.21.15.29:39136/0 (socket says 172.21.15.29:39136)
2023-03-22T19:54:19.934 INFO:teuthology.orchestra.run.smithi029.stdout:/usr/bin/ceph: stderr
2023-03-22T19:54:18.944+0000 7ff858d60700 1 -- 172.21.15.29:0/321808998 learned_addr learned my addr 172.21.15.29:0/321808998 (peer_addr_for_me v2:172.21.15.29:0/0)
2023-03-22T19:54:19.934 INFO:teuthology.orchestra.run.smithi029.stdout:/usr/bin/ceph: stderr
2023-03-22T19:54:18.944+0000 7ff858d60700 1 -- 172.21.15.29:0/321808998 --> [v2:172.21.15.29:3300/0,v1:172.21.15.29:6789/0] -- mon_subscribe({config=0+,monmap=0+}) v3 -- 0x7ff854079eb0 con 0x7ff854106510
2023-03-22T19:54:19.934 INFO:teuthology.orchestra.run.smithi029.stdout:/usr/bin/ceph: stderr
2023-03-22T19:54:18.945+0000 7ff858d60700 1 --2- 172.21.15.29:0/321808998 >> [v2:172.21.15.29:3300/0,v1:172.21.15.29:6789/0] conn(0x7ff854106510 0x7ff8541088f0 secure :-1 s=READY pgs=22 cs=0 l=1 rev1=1 crypto rx=0x7ff8480098a0 tx=0x7ff848009bb0 comp rx=0 tx=0).ready entity=mon.0 client_cookie=56ae81f9daf5dfc7 server_cookie=0 in_seq=0 out_seq=0
2023-03-22T19:54:19.934 INFO:teuthology.orchestra.run.smithi029.stdout:/usr/bin/ceph: stderr
2023-03-22T19:54:18.945+0000 7ff8537fe700 1 -- 172.21.15.29:0/321808998 <== mon.0 v2:172.21.15.29:3300/0 1 ==== mon_map magic: 0 v1 ==== 205+0+0 (secure 0 0 0) 0x7ff848004160 con 0x7ff854106510
2023-03-22T19:54:19.934 INFO:teuthology.orchestra.run.smithi029.stdout:/usr/bin/ceph: stderr
2023-03-22T19:54:18.945+0000 7ff8537fe700 1 -- 172.21.15.29:0/321808998 <== mon.0 v2:172.21.15.29:3300/0 2 ==== config(26 keys) v1 ==== 1074+0+0 (secure 0 0 0) 0x7ff8480042c0 con 0x7ff854106510
2023-03-22T19:54:19.934 INFO:teuthology.orchestra.run.smithi029.stdout:/usr/bin/ceph: stderr
2023-03-22T19:54:18.945+0000 7ff8537fe700 1 -- 172.21.15.29:0/321808998 <== mon.0 v2:172.21.15.29:3300/0 3 ==== mon_map magic: 0 v1 ==== 205+0+0 (secure 0 0 0) 0x7ff848011a00 con 0x7ff854106510
2023-03-22T19:54:19.935 INFO:teuthology.orchestra.run.smithi029.stdout:/usr/bin/ceph: stderr
2023-03-22T19:54:18.945+0000 7ff85afc4700 1 -- 172.21.15.29:0/321808998 >> [v2:172.21.15.29:3300/0,v1:172.21.15.29:6789/0] conn(0x7ff854106510 msgr2=0x7ff8541088f0 secure :-1 s=STATE_CONNECTION_ESTABLISHED l=1).mark_down
2023-03-22T19:54:19.935 INFO:teuthology.orchestra.run.smithi029.stdout:/usr/bin/ceph: stderr
2023-03-22T19:54:18.945+0000 7ff85afc4700 1 --2- 172.21.15.29:0/321808998 >> [v2:172.21.15.29:3300/0,v1:172.21.15.29:6789/0] conn(0x7ff854106510 0x7ff8541088f0 secure :-1 s=READY pgs=22 cs=0 l=1 rev1=1 crypto rx=0x7ff8480098a0 tx=0x7ff848009bb0 comp rx=0 tx=0).stop
2023-03-22T19:54:19.935 INFO:teuthology.orchestra.run.smithi029.stdout:/usr/bin/ceph: stderr
2023-03-22T19:54:18.945+0000 7ff85afc4700 1 -- 172.21.15.29:0/321808998 shutdown_connections
2023-03-22T19:54:19.935 INFO:teuthology.orchestra.run.smithi029.stdout:/usr/bin/ceph: stderr
2023-03-22T19:54:18.945+0000 7ff85afc4700 1 --2- 172.21.15.29:0/321808998 >> [v2:172.21.15.29:3300/0,v1:172.21.15.29:6789/0] conn(0x7ff854106510 0x7ff8541088f0 unknown :-1 s=CLOSED pgs=22 cs=0 l=1 rev1=1 crypto rx=0 tx=0 comp rx=0 tx=0).stop
2023-03-22T19:54:19.935 INFO:teuthology.orchestra.run.smithi029.stdout:/usr/bin/ceph: stderr
2023-03-22T19:54:18.945+0000 7ff85afc4700 1 -- 172.21.15.29:0/321808998 >> 172.21.15.29:0/321808998 conn(0x7ff8540fffb0 msgr2=0x7ff8541023c0 unknown :-1 s=STATE_NONE l=0).mark_down
2023-03-22T19:54:19.935 INFO:teuthology.orchestra.run.smithi029.stdout:/usr/bin/ceph: stderr
2023-03-22T19:54:18.946+0000 7ff85afc4700 1 -- 172.21.15.29:0/321808998 shutdown_connections
2023-03-22T19:54:19.935 INFO:teuthology.orchestra.run.smithi029.stdout:/usr/bin/ceph: stderr
2023-03-22T19:54:18.946+0000 7ff85afc4700 1 -- 172.21.15.29:0/321808998 wait complete.
2023-03-22T19:54:19.936 INFO:teuthology.orchestra.run.smithi029.stdout:/usr/bin/ceph: stderr
2023-03-22T19:54:18.946+0000 7ff85afc4700 1 Processor -- start
2023-03-22T19:54:19.936 INFO:teuthology.orchestra.run.smithi029.stdout:/usr/bin/ceph: stderr
2023-03-22T19:54:18.946+0000 7ff85afc4700 1 -- start start
2023-03-22T19:54:19.936 INFO:teuthology.orchestra.run.smithi029.stdout:/usr/bin/ceph: stderr
2023-03-22T19:54:18.946+0000 7ff85afc4700 1 --2- >> [v2:172.21.15.29:3300/0,v1:172.21.15.29:6789/0] conn(0x7ff854106510 0x7ff854199610 unknown :-1 s=NONE pgs=0 cs=0 l=1 rev1=0 crypto rx=0 tx=0 comp rx=0 tx=0).connect
2023-03-22T19:54:19.936 INFO:teuthology.orchestra.run.smithi029.stdout:/usr/bin/ceph: stderr
2023-03-22T19:54:18.946+0000 7ff85afc4700 1 -- --> [v2:172.21.15.29:3300/0,v1:172.21.15.29:6789/0] -- mon_getmap magic: 0 v1 -- 0x7ff854199b50 con 0x7ff854106510
2023-03-22T19:54:19.936 INFO:teuthology.orchestra.run.smithi029.stdout:/usr/bin/ceph: stderr
2023-03-22T19:54:18.947+0000 7ff858d60700 1 --2- >> [v2:172.21.15.29:3300/0,v1:172.21.15.29:6789/0] conn(0x7ff854106510 0x7ff854199610 unknown :-1 s=BANNER_CONNECTING pgs=0 cs=0 l=1 rev1=0 crypto rx=0 tx=0 comp rx=0 tx=0)._handle_peer_banner_payload supported=3 required=0
2023-03-22T19:54:19.936 INFO:teuthology.orchestra.run.smithi029.stdout:/usr/bin/ceph: stderr
2023-03-22T19:54:18.947+0000 7ff858d60700 1 --2- >> [v2:172.21.15.29:3300/0,v1:172.21.15.29:6789/0] conn(0x7ff854106510 0x7ff854199610 unknown :-1 s=HELLO_CONNECTING pgs=0 cs=0 l=1 rev1=1 crypto rx=0 tx=0 comp rx=0 tx=0).handle_hello peer v2:172.21.15.29:3300/0 says I am v2:172.21.15.29:39138/0 (socket says 172.21.15.29:39138)
2023-03-22T19:54:19.936 INFO:teuthology.orchestra.run.smithi029.stdout:/usr/bin/ceph: stderr
2023-03-22T19:54:18.947+0000 7ff858d60700 1 -- 172.21.15.29:0/314936450 learned_addr learned my addr 172.21.15.29:0/314936450 (peer_addr_for_me v2:172.21.15.29:0/0)
2023-03-22T19:54:19.937 INFO:teuthology.orchestra.run.smithi029.stdout:/usr/bin/ceph: stderr
2023-03-22T19:54:18.947+0000 7ff858d60700 1 -- 172.21.15.29:0/314936450 --> [v2:172.21.15.29:3300/0,v1:172.21.15.29:6789/0] -- mon_subscribe({config=0+,monmap=0+}) v3 -- 0x7ff848009550 con 0x7ff854106510
2023-03-22T19:54:19.937 INFO:teuthology.orchestra.run.smithi029.stdout:/usr/bin/ceph: stderr
2023-03-22T19:54:18.947+0000 7ff858d60700 1 --2- 172.21.15.29:0/314936450 >> [v2:172.21.15.29:3300/0,v1:172.21.15.29:6789/0] conn(0x7ff854106510 0x7ff854199610 secure :-1 s=READY pgs=23 cs=0 l=1 rev1=1 crypto rx=0x7ff848009fb0 tx=0x7ff848011ad0 comp rx=0 tx=0).ready entity=mon.0 client_cookie=0 server_cookie=0 in_seq=0 out_seq=0
2023-03-22T19:54:19.937 INFO:teuthology.orchestra.run.smithi029.stdout:/usr/bin/ceph: stderr
2023-03-22T19:54:18.947+0000 7ff851ffb700 1 -- 172.21.15.29:0/314936450 <== mon.0 v2:172.21.15.29:3300/0 1 ==== mon_map magic: 0 v1 ==== 205+0+0 (secure 0 0 0) 0x7ff848003930 con 0x7ff854106510
2023-03-22T19:54:19.937 INFO:teuthology.orchestra.run.smithi029.stdout:/usr/bin/ceph: stderr
2023-03-22T19:54:18.947+0000 7ff851ffb700 1 -- 172.21.15.29:0/314936450 <== mon.0 v2:172.21.15.29:3300/0 2 ==== config(26 keys) v1 ==== 1074+0+0 (secure 0 0 0) 0x7ff848003a90 con 0x7ff854106510
2023-03-22T19:54:19.937 INFO:teuthology.orchestra.run.smithi029.stdout:/usr/bin/ceph: stderr
2023-03-22T19:54:18.947+0000 7ff851ffb700 1 -- 172.21.15.29:0/314936450 <== mon.0 v2:172.21.15.29:3300/0 3 ==== mon_map magic: 0 v1 ==== 205+0+0 (secure 0 0 0) 0x7ff8480195e0 con 0x7ff854106510
2023-03-22T19:54:19.937 INFO:teuthology.orchestra.run.smithi029.stdout:/usr/bin/ceph: stderr
2023-03-22T19:54:18.947+0000 7ff85afc4700 1 -- 172.21.15.29:0/314936450 --> [v2:172.21.15.29:3300/0,v1:172.21.15.29:6789/0] -- mon_subscribe({mgrmap=0+}) v3 -- 0x7ff854109c90 con 0x7ff854106510
2023-03-22T19:54:19.938 INFO:teuthology.orchestra.run.smithi029.stdout:/usr/bin/ceph: stderr
2023-03-22T19:54:18.947+0000 7ff85afc4700 1 -- 172.21.15.29:0/314936450 --> [v2:172.21.15.29:3300/0,v1:172.21.15.29:6789/0] -- mon_subscribe({osdmap=0}) v3 -- 0x7ff854109b00 con 0x7ff854106510
2023-03-22T19:54:19.938 INFO:teuthology.orchestra.run.smithi029.stdout:/usr/bin/ceph: stderr
2023-03-22T19:54:18.948+0000 7ff851ffb700 1 -- 172.21.15.29:0/314936450 <== mon.0 v2:172.21.15.29:3300/0 4 ==== mgrmap(e 4) v1 ==== 44758+0+0 (secure 0 0 0) 0x7ff84801a9d0 con 0x7ff854106510
2023-03-22T19:54:19.938 INFO:teuthology.orchestra.run.smithi029.stdout:/usr/bin/ceph: stderr
2023-03-22T19:54:18.949+0000 7ff851ffb700 1 --2- 172.21.15.29:0/314936450 >> [v2:172.21.15.29:6800/2876665674,v1:172.21.15.29:6801/2876665674] conn(0x7ff844037fb0 0x7ff84403a460 unknown :-1 s=NONE pgs=0 cs=0 l=1 rev1=0 crypto rx=0 tx=0 comp rx=0 tx=0).connect
2023-03-22T19:54:19.938 INFO:teuthology.orchestra.run.smithi029.stdout:/usr/bin/ceph: stderr
2023-03-22T19:54:18.949+0000 7ff851ffb700 1 -- 172.21.15.29:0/314936450 <== mon.0 v2:172.21.15.29:3300/0 5 ==== osd_map(1..1 src has 1..1) v4 ==== 725+0+0 (secure 0 0 0) 0x7ff84804b9f0 con 0x7ff854106510
2023-03-22T19:54:19.938 INFO:teuthology.orchestra.run.smithi029.stdout:/usr/bin/ceph: stderr
2023-03-22T19:54:18.949+0000 7ff85afc4700 1 -- 172.21.15.29:0/314936450 --> [v2:172.21.15.29:3300/0,v1:172.21.15.29:6789/0] -- mon_command({"prefix": "get_command_descriptions"} v 0) v1 -- 0x7ff8540620b0 con 0x7ff854106510
2023-03-22T19:54:19.938 INFO:teuthology.orchestra.run.smithi029.stdout:/usr/bin/ceph: stderr
2023-03-22T19:54:18.949+0000 7ff853fff700 1 --2- 172.21.15.29:0/314936450 >> [v2:172.21.15.29:6800/2876665674,v1:172.21.15.29:6801/2876665674] conn(0x7ff844037fb0 0x7ff84403a460 unknown :-1 s=BANNER_CONNECTING pgs=0 cs=0 l=1 rev1=0 crypto rx=0 tx=0 comp rx=0 tx=0)._handle_peer_banner_payload supported=3 required=0
2023-03-22T19:54:19.938 INFO:teuthology.orchestra.run.smithi029.stdout:/usr/bin/ceph: stderr
2023-03-22T19:54:18.949+0000 7ff853fff700 1 --2- 172.21.15.29:0/314936450 >> [v2:172.21.15.29:6800/2876665674,v1:172.21.15.29:6801/2876665674] conn(0x7ff844037fb0 0x7ff84403a460 secure :-1 s=READY pgs=8 cs=0 l=1 rev1=1 crypto rx=0x7ff840006fd0 tx=0x7ff840006e40 comp rx=0 tx=0).ready entity=mgr.14100 client_cookie=0 server_cookie=0 in_seq=0 out_seq=0
2023-03-22T19:54:19.939 INFO:teuthology.orchestra.run.smithi029.stdout:/usr/bin/ceph: stderr
2023-03-22T19:54:18.954+0000 7ff851ffb700 1 -- 172.21.15.29:0/314936450 <== mon.0 v2:172.21.15.29:3300/0 6 ==== mon_command_ack([{"prefix": "get_command_descriptions"}]=0 v0) v1 ==== 72+0+177574 (secure 0 0 0) 0x7ff8480198a0 con 0x7ff854106510
2023-03-22T19:54:19.939 INFO:teuthology.orchestra.run.smithi029.stdout:/usr/bin/ceph: stderr
2023-03-22T19:54:19.426+0000 7ff85afc4700 1 -- 172.21.15.29:0/314936450 --> [v2:172.21.15.29:3300/0,v1:172.21.15.29:6789/0] -- mon_command({"prefix": "mgr module enable", "module": "cephadm"} v 0) v1 -- 0x7ff85419a090 con 0x7ff854106510
2023-03-22T19:54:19.939 INFO:teuthology.orchestra.run.smithi029.stdout:/usr/bin/ceph: stderr
2023-03-22T19:54:19.479+0000 7ff851ffb700 1 -- 172.21.15.29:0/314936450 <== mon.0 v2:172.21.15.29:3300/0 7 ==== mgrmap(e 5) v1 ==== 44769+0+0 (secure 0 0 0) 0x7ff848019c20 con 0x7ff854106510
2023-03-22T19:54:19.939 INFO:teuthology.orchestra.run.smithi029.stdout:/usr/bin/ceph: stderr
2023-03-22T19:54:19.480+0000 7ff851ffb700 1 -- 172.21.15.29:0/314936450 <== mon.0 v2:172.21.15.29:3300/0 8 ==== mon_command_ack([{"prefix": "mgr module enable", "module": "cephadm"}]=0 v5) v1 ==== 86+0+0 (secure 0 0 0) 0x7ff848003c00 con 0x7ff854106510
2023-03-22T19:54:19.939 INFO:teuthology.orchestra.run.smithi029.stdout:/usr/bin/ceph: stderr
2023-03-22T19:54:19.483+0000 7ff85afc4700 1 -- 172.21.15.29:0/314936450 >> [v2:172.21.15.29:6800/2876665674,v1:172.21.15.29:6801/2876665674] conn(0x7ff844037fb0 msgr2=0x7ff84403a460 secure :-1 s=STATE_CONNECTION_ESTABLISHED l=1).mark_down
2023-03-22T19:54:19.939 INFO:teuthology.orchestra.run.smithi029.stdout:/usr/bin/ceph: stderr
2023-03-22T19:54:19.483+0000 7ff85afc4700 1 --2- 172.21.15.29:0/314936450 >> [v2:172.21.15.29:6800/2876665674,v1:172.21.15.29:6801/2876665674] conn(0x7ff844037fb0 0x7ff84403a460 secure :-1 s=READY pgs=8 cs=0 l=1 rev1=1 crypto rx=0x7ff840006fd0 tx=0x7ff840006e40 comp rx=0 tx=0).stop
2023-03-22T19:54:19.939 INFO:teuthology.orchestra.run.smithi029.stdout:/usr/bin/ceph: stderr
2023-03-22T19:54:19.483+0000 7ff85afc4700 1 -- 172.21.15.29:0/314936450 >> [v2:172.21.15.29:3300/0,v1:172.21.15.29:6789/0] conn(0x7ff854106510 msgr2=0x7ff854199610 secure :-1 s=STATE_CONNECTION_ESTABLISHED l=1).mark_down
2023-03-22T19:54:19.940 INFO:teuthology.orchestra.run.smithi029.stdout:/usr/bin/ceph: stderr
2023-03-22T19:54:19.483+0000 7ff85afc4700 1 --2- 172.21.15.29:0/314936450 >> [v2:172.21.15.29:3300/0,v1:172.21.15.29:6789/0] conn(0x7ff854106510 0x7ff854199610 secure :-1 s=READY pgs=23 cs=0 l=1 rev1=1 crypto rx=0x7ff848009fb0 tx=0x7ff848011ad0 comp rx=0 tx=0).stop
2023-03-22T19:54:19.940 INFO:teuthology.orchestra.run.smithi029.stdout:/usr/bin/ceph: stderr
2023-03-22T19:54:19.483+0000 7ff85afc4700 1 -- 172.21.15.29:0/314936450 shutdown_connections
2023-03-22T19:54:19.940 INFO:teuthology.orchestra.run.smithi029.stdout:/usr/bin/ceph: stderr
2023-03-22T19:54:19.483+0000 7ff85afc4700 1 --2- 172.21.15.29:0/314936450 >> [v2:172.21.15.29:6800/2876665674,v1:172.21.15.29:6801/2876665674] conn(0x7ff844037fb0 0x7ff84403a460 unknown :-1 s=CLOSED pgs=8 cs=0 l=1 rev1=1 crypto rx=0 tx=0 comp rx=0 tx=0).stop
2023-03-22T19:54:19.940 INFO:teuthology.orchestra.run.smithi029.stdout:/usr/bin/ceph: stderr
2023-03-22T19:54:19.483+0000 7ff85afc4700 1 --2- 172.21.15.29:0/314936450 >> [v2:172.21.15.29:3300/0,v1:172.21.15.29:6789/0] conn(0x7ff854106510 0x7ff854199610 unknown :-1 s=CLOSED pgs=23 cs=0 l=1 rev1=1 crypto rx=0 tx=0 comp rx=0 tx=0).stop
2023-03-22T19:54:19.940 INFO:teuthology.orchestra.run.smithi029.stdout:/usr/bin/ceph: stderr
2023-03-22T19:54:19.483+0000 7ff85afc4700 1 -- 172.21.15.29:0/314936450 >> 172.21.15.29:0/314936450 conn(0x7ff8540fffb0 msgr2=0x7ff854100d20 unknown :-1 s=STATE_NONE l=0).mark_down
2023-03-22T19:54:19.941 INFO:teuthology.orchestra.run.smithi029.stdout:/usr/bin/ceph: stderr
2023-03-22T19:54:19.483+0000 7ff85afc4700 1 -- 172.21.15.29:0/314936450 shutdown_connections
2023-03-22T19:54:19.941 INFO:teuthology.orchestra.run.smithi029.stdout:/usr/bin/ceph: stderr
2023-03-22T19:54:19.484+0000 7ff85afc4700 1 -- 172.21.15.29:0/314936450 wait complete.
2023-03-22T19:54:20.087 INFO:journalctl@ceph.mgr.x.smithi029.stdout:Mar 22 19:54:19 smithi029 ceph-236bebbe-c8eb-11ed-9afe-001a4aab830c-mgr-x[93217]:
2023-03-22T19:54:19.873+0000 7fb630997200 -1 mgr[py] Module snap_schedule has missing NOTIFY_TYPES member
2023-03-22T19:54:20.088 INFO:journalctl@ceph.mgr.x.smithi029.stdout:Mar 22 19:54:19 smithi029 ceph-236bebbe-c8eb-11ed-9afe-001a4aab830c-mgr-x[93217]:
2023-03-22T19:54:19.988+0000 7fb630997200 -1 mgr[py] Module zabbix has missing NOTIFY_TYPES member
2023-03-22T19:54:20.485 INFO:journalctl@ceph.mgr.x.smithi029.stdout:Mar 22 19:54:20 smithi029 ceph-236bebbe-c8eb-11ed-9afe-001a4aab830c-mgr-x[93217]:
2023-03-22T19:54:20.198+0000 7fb630997200 -1 mgr[py] Module crash has missing NOTIFY_TYPES member
2023-03-22T19:54:20.838 INFO:journalctl@ceph.mon.a.smithi029.stdout:Mar 22 19:54:20 smithi029 ceph-mon[92971]: from='client.? 172.21.15.29:0/314936450' entity='client.admin' cmd='[{"prefix": "mgr module enable", "module": "cephadm"}]': finished
2023-03-22T19:54:20.838 INFO:journalctl@ceph.mon.a.smithi029.stdout:Mar 22 19:54:20 smithi029 ceph-mon[92971]: mgrmap e5: x(active, since 19s)
2023-03-22T19:54:20.839 INFO:journalctl@ceph.mgr.x.smithi029.stdout:Mar 22 19:54:20 smithi029 ceph-236bebbe-c8eb-11ed-9afe-001a4aab830c-mgr-x[93217]:
2023-03-22T19:54:20.595+0000 7fb630997200 -1 mgr[py] Module prometheus has missing NOTIFY_TYPES member
2023-03-22T19:54:20.839 INFO:journalctl@ceph.mgr.x.smithi029.stdout:Mar 22 19:54:20 smithi029 ceph-236bebbe-c8eb-11ed-9afe-001a4aab830c-mgr-x[93217]:
2023-03-22T19:54:20.704+0000 7fb630997200 -1 mgr[py] Module status has missing NOTIFY_TYPES member
2023-03-22T19:54:21.258 INFO:journalctl@ceph.mgr.x.smithi029.stdout:Mar 22 19:54:20 smithi029 ceph-236bebbe-c8eb-11ed-9afe-001a4aab830c-mgr-x[93217]:
2023-03-22T19:54:20.855+0000 7fb630997200 -1 mgr[py] Module selftest has missing NOTIFY_TYPES member
2023-03-22T19:54:21.259 INFO:journalctl@ceph.mgr.x.smithi029.stdout:Mar 22 19:54:20 smithi029 ceph-236bebbe-c8eb-11ed-9afe-001a4aab830c-mgr-x[93217]:
2023-03-22T19:54:20.971+0000 7fb630997200 -1 mgr[py] Module alerts has missing NOTIFY_TYPES member
2023-03-22T19:54:21.281 INFO:teuthology.orchestra.run.smithi029.stdout:/usr/bin/ceph: stdout {
2023-03-22T19:54:21.282 INFO:teuthology.orchestra.run.smithi029.stdout:/usr/bin/ceph: stdout "epoch": 5,
2023-03-22T19:54:21.282 INFO:teuthology.orchestra.run.smithi029.stdout:/usr/bin/ceph: stdout "available": true,
2023-03-22T19:54:21.282 INFO:teuthology.orchestra.run.smithi029.stdout:/usr/bin/ceph: stdout "active_name": "x",
2023-03-22T19:54:21.282 INFO:teuthology.orchestra.run.smithi029.stdout:/usr/bin/ceph: stdout "num_standby": 0
2023-03-22T19:54:21.282 INFO:teuthology.orchestra.run.smithi029.stdout:/usr/bin/ceph: stdout }
2023-03-22T19:54:21.282 INFO:teuthology.orchestra.run.smithi029.stdout:/usr/bin/ceph: stderr
2023-03-22T19:54:20.431+0000 7f43e548c700 1 Processor -- start
2023-03-22T19:54:21.282 INFO:teuthology.orchestra.run.smithi029.stdout:/usr/bin/ceph: stderr
2023-03-22T19:54:20.431+0000 7f43e548c700 1 -- start start
2023-03-22T19:54:21.283 INFO:teuthology.orchestra.run.smithi029.stdout:/usr/bin/ceph: stderr
2023-03-22T19:54:20.431+0000 7f43e548c700 1 --2- >> [v2:172.21.15.29:3300/0,v1:172.21.15.29:6789/0] conn(0x7f43e0106550 0x7f43e0108930 unknown :-1 s=NONE pgs=0 cs=0 l=0 rev1=0 crypto rx=0 tx=0 comp rx=0 tx=0).connect
2023-03-22T19:54:21.283 INFO:teuthology.orchestra.run.smithi029.stdout:/usr/bin/ceph: stderr
2023-03-22T19:54:20.431+0000 7f43e548c700 1 -- --> [v2:172.21.15.29:3300/0,v1:172.21.15.29:6789/0] -- mon_getmap magic: 0 v1 -- 0x7f43e0079d30 con 0x7f43e0106550
2023-03-22T19:54:21.283 INFO:teuthology.orchestra.run.smithi029.stdout:/usr/bin/ceph: stderr
2023-03-22T19:54:20.431+0000 7f43deffd700 1 --2- >> [v2:172.21.15.29:3300/0,v1:172.21.15.29:6789/0] conn(0x7f43e0106550 0x7f43e0108930 unknown :-1 s=BANNER_CONNECTING pgs=0 cs=0 l=0 rev1=0 crypto rx=0 tx=0 comp rx=0 tx=0)._handle_peer_banner_payload supported=3 required=0
2023-03-22T19:54:21.283 INFO:teuthology.orchestra.run.smithi029.stdout:/usr/bin/ceph: stderr
2023-03-22T19:54:20.431+0000 7f43deffd700 1 --2- >> [v2:172.21.15.29:3300/0,v1:172.21.15.29:6789/0] conn(0x7f43e0106550 0x7f43e0108930 unknown :-1 s=HELLO_CONNECTING pgs=0 cs=0 l=0 rev1=1 crypto rx=0 tx=0 comp rx=0 tx=0).handle_hello peer v2:172.21.15.29:3300/0 says I am v2:172.21.15.29:39152/0 (socket says 172.21.15.29:39152)
2023-03-22T19:54:21.283 INFO:teuthology.orchestra.run.smithi029.stdout:/usr/bin/ceph: stderr
2023-03-22T19:54:20.431+0000 7f43deffd700 1 -- 172.21.15.29:0/2840766005 learned_addr learned my addr 172.21.15.29:0/2840766005 (peer_addr_for_me v2:172.21.15.29:0/0)
2023-03-22T19:54:21.283 INFO:teuthology.orchestra.run.smithi029.stdout:/usr/bin/ceph: stderr
2023-03-22T19:54:20.432+0000 7f43deffd700 1 -- 172.21.15.29:0/2840766005 --> [v2:172.21.15.29:3300/0,v1:172.21.15.29:6789/0] -- mon_subscribe({config=0+,monmap=0+}) v3 -- 0x7f43e0079e70 con 0x7f43e0106550
2023-03-22T19:54:21.283 INFO:teuthology.orchestra.run.smithi029.stdout:/usr/bin/ceph: stderr
2023-03-22T19:54:20.432+0000 7f43deffd700 1 --2- 172.21.15.29:0/2840766005 >> [v2:172.21.15.29:3300/0,v1:172.21.15.29:6789/0] conn(0x7f43e0106550 0x7f43e0108930 secure :-1 s=READY pgs=26 cs=0 l=1 rev1=1 crypto rx=0x7f43d00098a0 tx=0x7f43d0009bb0 comp rx=0 tx=0).ready entity=mon.0 client_cookie=813d5c4041f3ba9c server_cookie=0 in_seq=0 out_seq=0
2023-03-22T19:54:21.284 INFO:teuthology.orchestra.run.smithi029.stdout:/usr/bin/ceph: stderr
2023-03-22T19:54:20.432+0000 7f43ddffb700 1 -- 172.21.15.29:0/2840766005 <== mon.0 v2:172.21.15.29:3300/0 1 ==== mon_map magic: 0 v1 ==== 205+0+0 (secure 0 0 0) 0x7f43d0004160 con 0x7f43e0106550
2023-03-22T19:54:21.284 INFO:teuthology.orchestra.run.smithi029.stdout:/usr/bin/ceph: stderr
2023-03-22T19:54:20.432+0000 7f43ddffb700 1 -- 172.21.15.29:0/2840766005 <== mon.0 v2:172.21.15.29:3300/0 2 ==== config(26 keys) v1 ==== 1074+0+0 (secure 0 0 0) 0x7f43d00042c0 con 0x7f43e0106550
2023-03-22T19:54:21.284 INFO:teuthology.orchestra.run.smithi029.stdout:/usr/bin/ceph: stderr
2023-03-22T19:54:20.432+0000 7f43ddffb700 1 -- 172.21.15.29:0/2840766005 <== mon.0 v2:172.21.15.29:3300/0 3 ==== mon_map magic: 0 v1 ==== 205+0+0 (secure 0 0 0) 0x7f43d0011a00 con 0x7f43e0106550
2023-03-22T19:54:21.284 INFO:teuthology.orchestra.run.smithi029.stdout:/usr/bin/ceph: stderr
2023-03-22T19:54:20.432+0000 7f43e548c700 1 -- 172.21.15.29:0/2840766005 >> [v2:172.21.15.29:3300/0,v1:172.21.15.29:6789/0] conn(0x7f43e0106550 msgr2=0x7f43e0108930 secure :-1 s=STATE_CONNECTION_ESTABLISHED l=1).mark_down
2023-03-22T19:54:21.284 INFO:teuthology.orchestra.run.smithi029.stdout:/usr/bin/ceph: stderr
2023-03-22T19:54:20.432+0000 7f43e548c700 1 --2- 172.21.15.29:0/2840766005 >> [v2:172.21.15.29:3300/0,v1:172.21.15.29:6789/0] conn(0x7f43e0106550 0x7f43e0108930 secure :-1 s=READY pgs=26 cs=0 l=1 rev1=1 crypto rx=0x7f43d00098a0 tx=0x7f43d0009bb0 comp rx=0 tx=0).stop
2023-03-22T19:54:21.284 INFO:teuthology.orchestra.run.smithi029.stdout:/usr/bin/ceph: stderr
2023-03-22T19:54:20.433+0000 7f43e548c700 1 -- 172.21.15.29:0/2840766005 shutdown_connections
2023-03-22T19:54:21.284 INFO:teuthology.orchestra.run.smithi029.stdout:/usr/bin/ceph: stderr
2023-03-22T19:54:20.433+0000 7f43e548c700 1 --2- 172.21.15.29:0/2840766005 >> [v2:172.21.15.29:3300/0,v1:172.21.15.29:6789/0] conn(0x7f43e0106550 0x7f43e0108930 unknown :-1 s=CLOSED pgs=26 cs=0 l=1 rev1=1 crypto rx=0 tx=0 comp rx=0 tx=0).stop
2023-03-22T19:54:21.285 INFO:teuthology.orchestra.run.smithi029.stdout:/usr/bin/ceph: stderr
2023-03-22T19:54:20.433+0000 7f43e548c700 1 -- 172.21.15.29:0/2840766005 >> 172.21.15.29:0/2840766005 conn(0x7f43e00fffb0 msgr2=0x7f43e01023c0 unknown :-1 s=STATE_NONE l=0).mark_down
2023-03-22T19:54:21.285 INFO:teuthology.orchestra.run.smithi029.stdout:/usr/bin/ceph: stderr
2023-03-22T19:54:20.433+0000 7f43e548c700 1 -- 172.21.15.29:0/2840766005 shutdown_connections
2023-03-22T19:54:21.285 INFO:teuthology.orchestra.run.smithi029.stdout:/usr/bin/ceph: stderr
2023-03-22T19:54:20.433+0000 7f43e548c700 1 -- 172.21.15.29:0/2840766005 wait complete.
2023-03-22T19:54:21.285 INFO:teuthology.orchestra.run.smithi029.stdout:/usr/bin/ceph: stderr
2023-03-22T19:54:20.433+0000 7f43e548c700 1 Processor -- start
2023-03-22T19:54:21.285 INFO:teuthology.orchestra.run.smithi029.stdout:/usr/bin/ceph: stderr
2023-03-22T19:54:20.434+0000 7f43e548c700 1 -- start start
