2023-07-14T17:25:23.034+0000 7fda4e433700 1 -- start start
2023-07-14T17:25:24.522 INFO:teuthology.orchestra.run.smithi119.stdout:/usr/bin/ceph: stderr
2023-07-14T17:25:23.034+0000 7fda4e433700 1 --2- >> [v2:172.21.15.119:3300/0,v1:172.21.15.119:6789/0] conn(0x7fda48104430 0x7fda48104840 unknown :-1 s=NONE pgs=0 cs=0 l=0 rev1=0 crypto rx=0 tx=0 comp rx=0 tx=0).connect
2023-07-14T17:25:24.522 INFO:teuthology.orchestra.run.smithi119.stdout:/usr/bin/ceph: stderr
2023-07-14T17:25:23.034+0000 7fda4e433700 1 -- --> [v2:172.21.15.119:3300/0,v1:172.21.15.119:6789/0] -- mon_getmap magic: 0 v1 -- 0x7fda48104d80 con 0x7fda48104430
2023-07-14T17:25:24.522 INFO:teuthology.orchestra.run.smithi119.stdout:/usr/bin/ceph: stderr
2023-07-14T17:25:23.034+0000 7fda47fff700 1 --2- >> [v2:172.21.15.119:3300/0,v1:172.21.15.119:6789/0] conn(0x7fda48104430 0x7fda48104840 unknown :-1 s=BANNER_CONNECTING pgs=0 cs=0 l=0 rev1=0 crypto rx=0 tx=0 comp rx=0 tx=0)._handle_peer_banner_payload supported=3 required=0
2023-07-14T17:25:24.522 INFO:teuthology.orchestra.run.smithi119.stdout:/usr/bin/ceph: stderr
2023-07-14T17:25:23.034+0000 7fda47fff700 1 --2- >> [v2:172.21.15.119:3300/0,v1:172.21.15.119:6789/0] conn(0x7fda48104430 0x7fda48104840 unknown :-1 s=HELLO_CONNECTING pgs=0 cs=0 l=0 rev1=1 crypto rx=0 tx=0 comp rx=0 tx=0).handle_hello peer v2:172.21.15.119:3300/0 says I am v2:172.21.15.119:43856/0 (socket says 172.21.15.119:43856)
2023-07-14T17:25:24.522 INFO:teuthology.orchestra.run.smithi119.stdout:/usr/bin/ceph: stderr
2023-07-14T17:25:23.034+0000 7fda47fff700 1 -- 172.21.15.119:0/513543940 learned_addr learned my addr 172.21.15.119:0/513543940 (peer_addr_for_me v2:172.21.15.119:0/0)
2023-07-14T17:25:24.522 INFO:teuthology.orchestra.run.smithi119.stdout:/usr/bin/ceph: stderr
2023-07-14T17:25:23.034+0000 7fda47fff700 1 -- 172.21.15.119:0/513543940 --> [v2:172.21.15.119:3300/0,v1:172.21.15.119:6789/0] -- mon_subscribe({config=0+,monmap=0+}) v3 -- 0x7fda48104ec0 con 0x7fda48104430
2023-07-14T17:25:24.522 INFO:teuthology.orchestra.run.smithi119.stdout:/usr/bin/ceph: stderr
2023-07-14T17:25:23.035+0000 7fda47fff700 1 --2- 172.21.15.119:0/513543940 >> [v2:172.21.15.119:3300/0,v1:172.21.15.119:6789/0] conn(0x7fda48104430 0x7fda48104840 secure :-1 s=READY pgs=55 cs=0 l=1 rev1=1 crypto rx=0x7fda380098a0 tx=0x7fda38009bb0 comp rx=0 tx=0).ready entity=mon.0 client_cookie=60bbb48103a1dbc2 server_cookie=0 in_seq=0 out_seq=0
2023-07-14T17:25:24.522 INFO:teuthology.orchestra.run.smithi119.stdout:/usr/bin/ceph: stderr
2023-07-14T17:25:23.035+0000 7fda46ffd700 1 -- 172.21.15.119:0/513543940 <== mon.0 v2:172.21.15.119:3300/0 1 ==== mon_map magic: 0 v1 ==== 205+0+0 (secure 0 0 0) 0x7fda38004160 con 0x7fda48104430
2023-07-14T17:25:24.523 INFO:teuthology.orchestra.run.smithi119.stdout:/usr/bin/ceph: stderr
2023-07-14T17:25:23.035+0000 7fda46ffd700 1 -- 172.21.15.119:0/513543940 <== mon.0 v2:172.21.15.119:3300/0 2 ==== config(26 keys) v1 ==== 1105+0+0 (secure 0 0 0) 0x7fda380042c0 con 0x7fda48104430
2023-07-14T17:25:24.523 INFO:teuthology.orchestra.run.smithi119.stdout:/usr/bin/ceph: stderr
2023-07-14T17:25:23.035+0000 7fda46ffd700 1 -- 172.21.15.119:0/513543940 <== mon.0 v2:172.21.15.119:3300/0 3 ==== mon_map magic: 0 v1 ==== 205+0+0 (secure 0 0 0) 0x7fda380119b0 con 0x7fda48104430
2023-07-14T17:25:24.523 INFO:teuthology.orchestra.run.smithi119.stdout:/usr/bin/ceph: stderr
2023-07-14T17:25:23.035+0000 7fda4e433700 1 -- 172.21.15.119:0/513543940 >> [v2:172.21.15.119:3300/0,v1:172.21.15.119:6789/0] conn(0x7fda48104430 msgr2=0x7fda48104840 secure :-1 s=STATE_CONNECTION_ESTABLISHED l=1).mark_down
2023-07-14T17:25:24.523 INFO:teuthology.orchestra.run.smithi119.stdout:/usr/bin/ceph: stderr
2023-07-14T17:25:23.035+0000 7fda4e433700 1 --2- 172.21.15.119:0/513543940 >> [v2:172.21.15.119:3300/0,v1:172.21.15.119:6789/0] conn(0x7fda48104430 0x7fda48104840 secure :-1 s=READY pgs=55 cs=0 l=1 rev1=1 crypto rx=0x7fda380098a0 tx=0x7fda38009bb0 comp rx=0 tx=0).stop
2023-07-14T17:25:24.523 INFO:teuthology.orchestra.run.smithi119.stdout:/usr/bin/ceph: stderr
2023-07-14T17:25:23.035+0000 7fda4e433700 1 -- 172.21.15.119:0/513543940 shutdown_connections
2023-07-14T17:25:24.523 INFO:teuthology.orchestra.run.smithi119.stdout:/usr/bin/ceph: stderr
2023-07-14T17:25:23.035+0000 7fda4e433700 1 --2- 172.21.15.119:0/513543940 >> [v2:172.21.15.119:3300/0,v1:172.21.15.119:6789/0] conn(0x7fda48104430 0x7fda48104840 unknown :-1 s=CLOSED pgs=55 cs=0 l=1 rev1=1 crypto rx=0 tx=0 comp rx=0 tx=0).stop
2023-07-14T17:25:24.523 INFO:teuthology.orchestra.run.smithi119.stdout:/usr/bin/ceph: stderr
2023-07-14T17:25:23.035+0000 7fda4e433700 1 -- 172.21.15.119:0/513543940 >> 172.21.15.119:0/513543940 conn(0x7fda480ffa80 msgr2=0x7fda48101eb0 unknown :-1 s=STATE_NONE l=0).mark_down
2023-07-14T17:25:24.524 INFO:teuthology.orchestra.run.smithi119.stdout:/usr/bin/ceph: stderr
2023-07-14T17:25:23.035+0000 7fda4e433700 1 -- 172.21.15.119:0/513543940 shutdown_connections
2023-07-14T17:25:24.524 INFO:teuthology.orchestra.run.smithi119.stdout:/usr/bin/ceph: stderr
2023-07-14T17:25:23.035+0000 7fda4e433700 1 -- 172.21.15.119:0/513543940 wait complete.
2023-07-14T17:25:24.524 INFO:teuthology.orchestra.run.smithi119.stdout:/usr/bin/ceph: stderr
2023-07-14T17:25:23.036+0000 7fda4e433700 1 Processor -- start
2023-07-14T17:25:24.524 INFO:teuthology.orchestra.run.smithi119.stdout:/usr/bin/ceph: stderr
2023-07-14T17:25:23.036+0000 7fda4e433700 1 -- start start
2023-07-14T17:25:24.524 INFO:teuthology.orchestra.run.smithi119.stdout:/usr/bin/ceph: stderr
2023-07-14T17:25:23.036+0000 7fda4e433700 1 --2- >> [v2:172.21.15.119:3300/0,v1:172.21.15.119:6789/0] conn(0x7fda48104430 0x7fda48199340 unknown :-1 s=NONE pgs=0 cs=0 l=1 rev1=0 crypto rx=0 tx=0 comp rx=0 tx=0).connect
2023-07-14T17:25:24.524 INFO:teuthology.orchestra.run.smithi119.stdout:/usr/bin/ceph: stderr
2023-07-14T17:25:23.036+0000 7fda4e433700 1 -- --> [v2:172.21.15.119:3300/0,v1:172.21.15.119:6789/0] -- mon_getmap magic: 0 v1 -- 0x7fda48199880 con 0x7fda48104430
2023-07-14T17:25:24.524 INFO:teuthology.orchestra.run.smithi119.stdout:/usr/bin/ceph: stderr
2023-07-14T17:25:23.036+0000 7fda47fff700 1 --2- >> [v2:172.21.15.119:3300/0,v1:172.21.15.119:6789/0] conn(0x7fda48104430 0x7fda48199340 unknown :-1 s=BANNER_CONNECTING pgs=0 cs=0 l=1 rev1=0 crypto rx=0 tx=0 comp rx=0 tx=0)._handle_peer_banner_payload supported=3 required=0
2023-07-14T17:25:24.524 INFO:teuthology.orchestra.run.smithi119.stdout:/usr/bin/ceph: stderr
2023-07-14T17:25:23.036+0000 7fda47fff700 1 --2- >> [v2:172.21.15.119:3300/0,v1:172.21.15.119:6789/0] conn(0x7fda48104430 0x7fda48199340 unknown :-1 s=HELLO_CONNECTING pgs=0 cs=0 l=1 rev1=1 crypto rx=0 tx=0 comp rx=0 tx=0).handle_hello peer v2:172.21.15.119:3300/0 says I am v2:172.21.15.119:43858/0 (socket says 172.21.15.119:43858)
2023-07-14T17:25:24.525 INFO:teuthology.orchestra.run.smithi119.stdout:/usr/bin/ceph: stderr
2023-07-14T17:25:23.036+0000 7fda47fff700 1 -- 172.21.15.119:0/3675149582 learned_addr learned my addr 172.21.15.119:0/3675149582 (peer_addr_for_me v2:172.21.15.119:0/0)
2023-07-14T17:25:24.525 INFO:teuthology.orchestra.run.smithi119.stdout:/usr/bin/ceph: stderr
2023-07-14T17:25:23.037+0000 7fda47fff700 1 -- 172.21.15.119:0/3675149582 --> [v2:172.21.15.119:3300/0,v1:172.21.15.119:6789/0] -- mon_subscribe({config=0+,monmap=0+}) v3 -- 0x7fda38009550 con 0x7fda48104430
2023-07-14T17:25:24.525 INFO:teuthology.orchestra.run.smithi119.stdout:/usr/bin/ceph: stderr
2023-07-14T17:25:23.037+0000 7fda47fff700 1 --2- 172.21.15.119:0/3675149582 >> [v2:172.21.15.119:3300/0,v1:172.21.15.119:6789/0] conn(0x7fda48104430 0x7fda48199340 secure :-1 s=READY pgs=56 cs=0 l=1 rev1=1 crypto rx=0x7fda38006af0 tx=0x7fda38011a10 comp rx=0 tx=0).ready entity=mon.0 client_cookie=0 server_cookie=0 in_seq=0 out_seq=0
2023-07-14T17:25:24.525 INFO:teuthology.orchestra.run.smithi119.stdout:/usr/bin/ceph: stderr
2023-07-14T17:25:23.037+0000 7fda457fa700 1 -- 172.21.15.119:0/3675149582 <== mon.0 v2:172.21.15.119:3300/0 1 ==== mon_map magic: 0 v1 ==== 205+0+0 (secure 0 0 0) 0x7fda38003a40 con 0x7fda48104430
2023-07-14T17:25:24.525 INFO:teuthology.orchestra.run.smithi119.stdout:/usr/bin/ceph: stderr
2023-07-14T17:25:23.037+0000 7fda4e433700 1 -- 172.21.15.119:0/3675149582 --> [v2:172.21.15.119:3300/0,v1:172.21.15.119:6789/0] -- mon_subscribe({mgrmap=0+}) v3 -- 0x7fda48199a80 con 0x7fda48104430
2023-07-14T17:25:24.525 INFO:teuthology.orchestra.run.smithi119.stdout:/usr/bin/ceph: stderr
2023-07-14T17:25:23.037+0000 7fda457fa700 1 -- 172.21.15.119:0/3675149582 <== mon.0 v2:172.21.15.119:3300/0 2 ==== config(26 keys) v1 ==== 1105+0+0 (secure 0 0 0) 0x7fda38003ba0 con 0x7fda48104430
2023-07-14T17:25:24.525 INFO:teuthology.orchestra.run.smithi119.stdout:/usr/bin/ceph: stderr
2023-07-14T17:25:23.037+0000 7fda457fa700 1 -- 172.21.15.119:0/3675149582 <== mon.0 v2:172.21.15.119:3300/0 3 ==== mon_map magic: 0 v1 ==== 205+0+0 (secure 0 0 0) 0x7fda380196c0 con 0x7fda48104430
2023-07-14T17:25:24.526 INFO:teuthology.orchestra.run.smithi119.stdout:/usr/bin/ceph: stderr
2023-07-14T17:25:23.037+0000 7fda4e433700 1 -- 172.21.15.119:0/3675149582 --> [v2:172.21.15.119:3300/0,v1:172.21.15.119:6789/0] -- mon_subscribe({osdmap=0}) v3 -- 0x7fda48199ea0 con 0x7fda48104430
2023-07-14T17:25:24.526 INFO:teuthology.orchestra.run.smithi119.stdout:/usr/bin/ceph: stderr
2023-07-14T17:25:23.038+0000 7fda457fa700 1 -- 172.21.15.119:0/3675149582 <== mon.0 v2:172.21.15.119:3300/0 4 ==== mgrmap(e 8) v1 ==== 45483+0+0 (secure 0 0 0) 0x7fda38019980 con 0x7fda48104430
2023-07-14T17:25:24.526 INFO:teuthology.orchestra.run.smithi119.stdout:/usr/bin/ceph: stderr
2023-07-14T17:25:23.038+0000 7fda457fa700 1 --2- 172.21.15.119:0/3675149582 >> [v2:172.21.15.119:6800/3878974925,v1:172.21.15.119:6801/3878974925] conn(0x7fda300386c0 0x7fda3003ab70 unknown :-1 s=NONE pgs=0 cs=0 l=1 rev1=0 crypto rx=0 tx=0 comp rx=0 tx=0).connect
2023-07-14T17:25:24.526 INFO:teuthology.orchestra.run.smithi119.stdout:/usr/bin/ceph: stderr
2023-07-14T17:25:23.038+0000 7fda457fa700 1 -- 172.21.15.119:0/3675149582 <== mon.0 v2:172.21.15.119:3300/0 5 ==== osd_map(2..2 src has 1..2) v4 ==== 940+0+0 (secure 0 0 0) 0x7fda3804c6c0 con 0x7fda48104430
2023-07-14T17:25:24.526 INFO:teuthology.orchestra.run.smithi119.stdout:/usr/bin/ceph: stderr
2023-07-14T17:25:23.038+0000 7fda477fe700 1 --2- 172.21.15.119:0/3675149582 >> [v2:172.21.15.119:6800/3878974925,v1:172.21.15.119:6801/3878974925] conn(0x7fda300386c0 0x7fda3003ab70 unknown :-1 s=BANNER_CONNECTING pgs=0 cs=0 l=1 rev1=0 crypto rx=0 tx=0 comp rx=0 tx=0)._handle_peer_banner_payload supported=3 required=0
2023-07-14T17:25:24.526 INFO:teuthology.orchestra.run.smithi119.stdout:/usr/bin/ceph: stderr
2023-07-14T17:25:23.038+0000 7fda4e433700 1 -- 172.21.15.119:0/3675149582 --> [v2:172.21.15.119:3300/0,v1:172.21.15.119:6789/0] -- mon_command({"prefix": "get_command_descriptions"} v 0) v1 -- 0x7fda48061c70 con 0x7fda48104430
2023-07-14T17:25:24.526 INFO:teuthology.orchestra.run.smithi119.stdout:/usr/bin/ceph: stderr
2023-07-14T17:25:23.038+0000 7fda477fe700 1 --2- 172.21.15.119:0/3675149582 >> [v2:172.21.15.119:6800/3878974925,v1:172.21.15.119:6801/3878974925] conn(0x7fda300386c0 0x7fda3003ab70 secure :-1 s=READY pgs=16 cs=0 l=1 rev1=1 crypto rx=0x7fda3c006fd0 tx=0x7fda3c006e40 comp rx=0 tx=0).ready entity=mgr.14120 client_cookie=0 server_cookie=0 in_seq=0 out_seq=0
2023-07-14T17:25:24.527 INFO:teuthology.orchestra.run.smithi119.stdout:/usr/bin/ceph: stderr
2023-07-14T17:25:23.043+0000 7fda457fa700 1 -- 172.21.15.119:0/3675149582 <== mon.0 v2:172.21.15.119:3300/0 6 ==== mon_command_ack([{"prefix": "get_command_descriptions"}]=0 v0) v1 ==== 72+0+178025 (secure 0 0 0) 0x7fda380243f0 con 0x7fda48104430
2023-07-14T17:25:24.527 INFO:teuthology.orchestra.run.smithi119.stdout:/usr/bin/ceph: stderr
2023-07-14T17:25:23.293+0000 7fda4e433700 1 -- 172.21.15.119:0/3675149582 --> [v2:172.21.15.119:3300/0,v1:172.21.15.119:6789/0] -- mon_command({"prefix": "mgr module enable", "module": "dashboard"} v 0) v1 -- 0x7fda4819ce00 con 0x7fda48104430
2023-07-14T17:25:24.527 INFO:teuthology.orchestra.run.smithi119.stdout:/usr/bin/ceph: stderr
2023-07-14T17:25:23.802+0000 7fda457fa700 1 -- 172.21.15.119:0/3675149582 <== mon.0 v2:172.21.15.119:3300/0 7 ==== mgrmap(e 9) v1 ==== 45496+0+0 (secure 0 0 0) 0x7fda38021d60 con 0x7fda48104430
2023-07-14T17:25:24.527 INFO:teuthology.orchestra.run.smithi119.stdout:/usr/bin/ceph: stderr
2023-07-14T17:25:23.803+0000 7fda457fa700 1 -- 172.21.15.119:0/3675149582 <== mon.0 v2:172.21.15.119:3300/0 8 ==== mon_command_ack([{"prefix": "mgr module enable", "module": "dashboard"}]=0 v9) v1 ==== 88+0+0 (secure 0 0 0) 0x7fda3804c270 con 0x7fda48104430
2023-07-14T17:25:24.527 INFO:teuthology.orchestra.run.smithi119.stdout:/usr/bin/ceph: stderr
2023-07-14T17:25:23.805+0000 7fda4e433700 1 -- 172.21.15.119:0/3675149582 >> [v2:172.21.15.119:6800/3878974925,v1:172.21.15.119:6801/3878974925] conn(0x7fda300386c0 msgr2=0x7fda3003ab70 secure :-1 s=STATE_CONNECTION_ESTABLISHED l=1).mark_down
2023-07-14T17:25:24.527 INFO:teuthology.orchestra.run.smithi119.stdout:/usr/bin/ceph: stderr
2023-07-14T17:25:23.805+0000 7fda4e433700 1 --2- 172.21.15.119:0/3675149582 >> [v2:172.21.15.119:6800/3878974925,v1:172.21.15.119:6801/3878974925] conn(0x7fda300386c0 0x7fda3003ab70 secure :-1 s=READY pgs=16 cs=0 l=1 rev1=1 crypto rx=0x7fda3c006fd0 tx=0x7fda3c006e40 comp rx=0 tx=0).stop
2023-07-14T17:25:24.527 INFO:teuthology.orchestra.run.smithi119.stdout:/usr/bin/ceph: stderr
2023-07-14T17:25:23.805+0000 7fda4e433700 1 -- 172.21.15.119:0/3675149582 >> [v2:172.21.15.119:3300/0,v1:172.21.15.119:6789/0] conn(0x7fda48104430 msgr2=0x7fda48199340 secure :-1 s=STATE_CONNECTION_ESTABLISHED l=1).mark_down
2023-07-14T17:25:24.527 INFO:teuthology.orchestra.run.smithi119.stdout:/usr/bin/ceph: stderr
2023-07-14T17:25:23.805+0000 7fda4e433700 1 --2- 172.21.15.119:0/3675149582 >> [v2:172.21.15.119:3300/0,v1:172.21.15.119:6789/0] conn(0x7fda48104430 0x7fda48199340 secure :-1 s=READY pgs=56 cs=0 l=1 rev1=1 crypto rx=0x7fda38006af0 tx=0x7fda38011a10 comp rx=0 tx=0).stop
2023-07-14T17:25:24.528 INFO:teuthology.orchestra.run.smithi119.stdout:/usr/bin/ceph: stderr
2023-07-14T17:25:23.805+0000 7fda4e433700 1 -- 172.21.15.119:0/3675149582 shutdown_connections
2023-07-14T17:25:24.528 INFO:teuthology.orchestra.run.smithi119.stdout:/usr/bin/ceph: stderr
2023-07-14T17:25:23.805+0000 7fda4e433700 1 --2- 172.21.15.119:0/3675149582 >> [v2:172.21.15.119:6800/3878974925,v1:172.21.15.119:6801/3878974925] conn(0x7fda300386c0 0x7fda3003ab70 unknown :-1 s=CLOSED pgs=16 cs=0 l=1 rev1=1 crypto rx=0 tx=0 comp rx=0 tx=0).stop
2023-07-14T17:25:24.528 INFO:teuthology.orchestra.run.smithi119.stdout:/usr/bin/ceph: stderr
2023-07-14T17:25:23.805+0000 7fda4e433700 1 --2- 172.21.15.119:0/3675149582 >> [v2:172.21.15.119:3300/0,v1:172.21.15.119:6789/0] conn(0x7fda48104430 0x7fda48199340 unknown :-1 s=CLOSED pgs=56 cs=0 l=1 rev1=1 crypto rx=0 tx=0 comp rx=0 tx=0).stop
2023-07-14T17:25:24.528 INFO:teuthology.orchestra.run.smithi119.stdout:/usr/bin/ceph: stderr
2023-07-14T17:25:23.805+0000 7fda4e433700 1 -- 172.21.15.119:0/3675149582 >> 172.21.15.119:0/3675149582 conn(0x7fda480ffa80 msgr2=0x7fda481011d0 unknown :-1 s=STATE_NONE l=0).mark_down
2023-07-14T17:25:24.528 INFO:teuthology.orchestra.run.smithi119.stdout:/usr/bin/ceph: stderr
2023-07-14T17:25:23.805+0000 7fda4e433700 1 -- 172.21.15.119:0/3675149582 shutdown_connections
2023-07-14T17:25:24.528 INFO:teuthology.orchestra.run.smithi119.stdout:/usr/bin/ceph: stderr
2023-07-14T17:25:23.806+0000 7fda4e433700 1 -- 172.21.15.119:0/3675149582 wait complete.
2023-07-14T17:25:24.700 INFO:journalctl@ceph.mgr.x.smithi119.stdout:Jul 14 17:25:24 smithi119 ceph-26827ed8-226b-11ee-9b33-001a4aab830c-mgr-x[127675]:
2023-07-14T17:25:24.416+0000 7f61ace8d200 -1 mgr[py] Module crash has missing NOTIFY_TYPES member
2023-07-14T17:25:25.065 INFO:journalctl@ceph.mon.a.smithi119.stdout:Jul 14 17:25:24 smithi119 ceph-mon[127428]: from='client.? 172.21.15.119:0/3675149582' entity='client.admin' cmd='[{"prefix": "mgr module enable", "module": "dashboard"}]': finished
2023-07-14T17:25:25.065 INFO:journalctl@ceph.mon.a.smithi119.stdout:Jul 14 17:25:24 smithi119 ceph-mon[127428]: mgrmap e9: x(active, since 15s)
2023-07-14T17:25:25.065 INFO:journalctl@ceph.mgr.x.smithi119.stdout:Jul 14 17:25:24 smithi119 ceph-26827ed8-226b-11ee-9b33-001a4aab830c-mgr-x[127675]:
2023-07-14T17:25:24.735+0000 7f61ace8d200 -1 mgr[py] Module prometheus has missing NOTIFY_TYPES member
2023-07-14T17:25:25.066 INFO:journalctl@ceph.mgr.x.smithi119.stdout:Jul 14 17:25:24 smithi119 ceph-26827ed8-226b-11ee-9b33-001a4aab830c-mgr-x[127675]:
2023-07-14T17:25:24.828+0000 7f61ace8d200 -1 mgr[py] Module status has missing NOTIFY_TYPES member
2023-07-14T17:25:25.066 INFO:journalctl@ceph.mgr.x.smithi119.stdout:Jul 14 17:25:24 smithi119 ceph-26827ed8-226b-11ee-9b33-001a4aab830c-mgr-x[127675]:
2023-07-14T17:25:24.964+0000 7f61ace8d200 -1 mgr[py] Module selftest has missing NOTIFY_TYPES member
2023-07-14T17:25:25.405 INFO:journalctl@ceph.mgr.x.smithi119.stdout:Jul 14 17:25:25 smithi119 ceph-26827ed8-226b-11ee-9b33-001a4aab830c-mgr-x[127675]:
2023-07-14T17:25:25.064+0000 7f61ace8d200 -1 mgr[py] Module alerts has missing NOTIFY_TYPES member
2023-07-14T17:25:25.667 INFO:teuthology.orchestra.run.smithi119.stdout:/usr/bin/ceph: stdout {
2023-07-14T17:25:25.668 INFO:teuthology.orchestra.run.smithi119.stdout:/usr/bin/ceph: stdout "epoch": 9,
2023-07-14T17:25:25.668 INFO:teuthology.orchestra.run.smithi119.stdout:/usr/bin/ceph: stdout "available": true,
2023-07-14T17:25:25.668 INFO:teuthology.orchestra.run.smithi119.stdout:/usr/bin/ceph: stdout "active_name": "x",
2023-07-14T17:25:25.668 INFO:teuthology.orchestra.run.smithi119.stdout:/usr/bin/ceph: stdout "num_standby": 0
2023-07-14T17:25:25.669 INFO:teuthology.orchestra.run.smithi119.stdout:/usr/bin/ceph: stdout }
2023-07-14T17:25:25.669 INFO:teuthology.orchestra.run.smithi119.stdout:/usr/bin/ceph: stderr
2023-07-14T17:25:25.021+0000 7fe1abc41700 1 Processor -- start
2023-07-14T17:25:25.669 INFO:teuthology.orchestra.run.smithi119.stdout:/usr/bin/ceph: stderr
2023-07-14T17:25:25.021+0000 7fe1abc41700 1 -- start start
2023-07-14T17:25:25.669 INFO:teuthology.orchestra.run.smithi119.stdout:/usr/bin/ceph: stderr
2023-07-14T17:25:25.021+0000 7fe1abc41700 1 --2- >> [v2:172.21.15.119:3300/0,v1:172.21.15.119:6789/0] conn(0x7fe1a4104430 0x7fe1a4104840 unknown :-1 s=NONE pgs=0 cs=0 l=0 rev1=0 crypto rx=0 tx=0 comp rx=0 tx=0).connect
2023-07-14T17:25:25.669 INFO:teuthology.orchestra.run.smithi119.stdout:/usr/bin/ceph: stderr
2023-07-14T17:25:25.021+0000 7fe1abc41700 1 -- --> [v2:172.21.15.119:3300/0,v1:172.21.15.119:6789/0] -- mon_getmap magic: 0 v1 -- 0x7fe1a4104d80 con 0x7fe1a4104430
2023-07-14T17:25:25.669 INFO:teuthology.orchestra.run.smithi119.stdout:/usr/bin/ceph: stderr
2023-07-14T17:25:25.021+0000 7fe1a99dd700 1 --2- >> [v2:172.21.15.119:3300/0,v1:172.21.15.119:6789/0] conn(0x7fe1a4104430 0x7fe1a4104840 unknown :-1 s=BANNER_CONNECTING pgs=0 cs=0 l=0 rev1=0 crypto rx=0 tx=0 comp rx=0 tx=0)._handle_peer_banner_payload supported=3 required=0
2023-07-14T17:25:25.670 INFO:teuthology.orchestra.run.smithi119.stdout:/usr/bin/ceph: stderr
2023-07-14T17:25:25.021+0000 7fe1a99dd700 1 --2- >> [v2:172.21.15.119:3300/0,v1:172.21.15.119:6789/0] conn(0x7fe1a4104430 0x7fe1a4104840 unknown :-1 s=HELLO_CONNECTING pgs=0 cs=0 l=0 rev1=1 crypto rx=0 tx=0 comp rx=0 tx=0).handle_hello peer v2:172.21.15.119:3300/0 says I am v2:172.21.15.119:43872/0 (socket says 172.21.15.119:43872)
2023-07-14T17:25:25.670 INFO:teuthology.orchestra.run.smithi119.stdout:/usr/bin/ceph: stderr
2023-07-14T17:25:25.021+0000 7fe1a99dd700 1 -- 172.21.15.119:0/2034054856 learned_addr learned my addr 172.21.15.119:0/2034054856 (peer_addr_for_me v2:172.21.15.119:0/0)
2023-07-14T17:25:25.670 INFO:teuthology.orchestra.run.smithi119.stdout:/usr/bin/ceph: stderr
2023-07-14T17:25:25.022+0000 7fe1a99dd700 1 -- 172.21.15.119:0/2034054856 --> [v2:172.21.15.119:3300/0,v1:172.21.15.119:6789/0] -- mon_subscribe({config=0+,monmap=0+}) v3 -- 0x7fe1a4104ec0 con 0x7fe1a4104430
2023-07-14T17:25:25.670 INFO:teuthology.orchestra.run.smithi119.stdout:/usr/bin/ceph: stderr
2023-07-14T17:25:25.022+0000 7fe1a99dd700 1 --2- 172.21.15.119:0/2034054856 >> [v2:172.21.15.119:3300/0,v1:172.21.15.119:6789/0] conn(0x7fe1a4104430 0x7fe1a4104840 secure :-1 s=READY pgs=59 cs=0 l=1 rev1=1 crypto rx=0x7fe1a00098a0 tx=0x7fe1a0009bb0 comp rx=0 tx=0).ready entity=mon.0 client_cookie=33ef22d4e1f3c924 server_cookie=0 in_seq=0 out_seq=0
2023-07-14T17:25:25.670 INFO:teuthology.orchestra.run.smithi119.stdout:/usr/bin/ceph: stderr
2023-07-14T17:25:25.022+0000 7fe1a89db700 1 -- 172.21.15.119:0/2034054856 <== mon.0 v2:172.21.15.119:3300/0 1 ==== mon_map magic: 0 v1 ==== 205+0+0 (secure 0 0 0) 0x7fe1a0004160 con 0x7fe1a4104430
2023-07-14T17:25:25.670 INFO:teuthology.orchestra.run.smithi119.stdout:/usr/bin/ceph: stderr
2023-07-14T17:25:25.022+0000 7fe1a89db700 1 -- 172.21.15.119:0/2034054856 <== mon.0 v2:172.21.15.119:3300/0 2 ==== config(26 keys) v1 ==== 1105+0+0 (secure 0 0 0) 0x7fe1a00042c0 con 0x7fe1a4104430
2023-07-14T17:25:25.671 INFO:teuthology.orchestra.run.smithi119.stdout:/usr/bin/ceph: stderr
2023-07-14T17:25:25.022+0000 7fe1a89db700 1 -- 172.21.15.119:0/2034054856 <== mon.0 v2:172.21.15.119:3300/0 3 ==== mon_map magic: 0 v1 ==== 205+0+0 (secure 0 0 0) 0x7fe1a00119b0 con 0x7fe1a4104430
2023-07-14T17:25:25.671 INFO:teuthology.orchestra.run.smithi119.stdout:/usr/bin/ceph: stderr
2023-07-14T17:25:25.023+0000 7fe1abc41700 1 -- 172.21.15.119:0/2034054856 >> [v2:172.21.15.119:3300/0,v1:172.21.15.119:6789/0] conn(0x7fe1a4104430 msgr2=0x7fe1a4104840 secure :-1 s=STATE_CONNECTION_ESTABLISHED l=1).mark_down
2023-07-14T17:25:25.671 INFO:teuthology.orchestra.run.smithi119.stdout:/usr/bin/ceph: stderr
2023-07-14T17:25:25.023+0000 7fe1abc41700 1 --2- 172.21.15.119:0/2034054856 >> [v2:172.21.15.119:3300/0,v1:172.21.15.119:6789/0] conn(0x7fe1a4104430 0x7fe1a4104840 secure :-1 s=READY pgs=59 cs=0 l=1 rev1=1 crypto rx=0x7fe1a00098a0 tx=0x7fe1a0009bb0 comp rx=0 tx=0).stop
2023-07-14T17:25:25.671 INFO:teuthology.orchestra.run.smithi119.stdout:/usr/bin/ceph: stderr
2023-07-14T17:25:25.023+0000 7fe1abc41700 1 -- 172.21.15.119:0/2034054856 shutdown_connections
2023-07-14T17:25:25.671 INFO:teuthology.orchestra.run.smithi119.stdout:/usr/bin/ceph: stderr
2023-07-14T17:25:25.023+0000 7fe1abc41700 1 --2- 172.21.15.119:0/2034054856 >> [v2:172.21.15.119:3300/0,v1:172.21.15.119:6789/0] conn(0x7fe1a4104430 0x7fe1a4104840 unknown :-1 s=CLOSED pgs=59 cs=0 l=1 rev1=1 crypto rx=0 tx=0 comp rx=0 tx=0).stop
2023-07-14T17:25:25.671 INFO:teuthology.orchestra.run.smithi119.stdout:/usr/bin/ceph: stderr
2023-07-14T17:25:25.023+0000 7fe1abc41700 1 -- 172.21.15.119:0/2034054856 >> 172.21.15.119:0/2034054856 conn(0x7fe1a40ffa80 msgr2=0x7fe1a4101eb0 unknown :-1 s=STATE_NONE l=0).mark_down
2023-07-14T17:25:25.671 INFO:teuthology.orchestra.run.smithi119.stdout:/usr/bin/ceph: stderr
2023-07-14T17:25:25.023+0000 7fe1abc41700 1 -- 172.21.15.119:0/2034054856 shutdown_connections
2023-07-14T17:25:25.672 INFO:teuthology.orchestra.run.smithi119.stdout:/usr/bin/ceph: stderr
2023-07-14T17:25:25.023+0000 7fe1abc41700 1 -- 172.21.15.119:0/2034054856 wait complete.
2023-07-14T17:25:25.672 INFO:teuthology.orchestra.run.smithi119.stdout:/usr/bin/ceph: stderr
2023-07-14T17:25:25.023+0000 7fe1abc41700 1 Processor -- start
2023-07-14T17:25:25.672 INFO:teuthology.orchestra.run.smithi119.stdout:/usr/bin/ceph: stderr
2023-07-14T17:25:25.023+0000 7fe1abc41700 1 -- start start
2023-07-14T17:25:25.672 INFO:teuthology.orchestra.run.smithi119.stdout:/usr/bin/ceph: stderr
2023-07-14T17:25:25.024+0000 7fe1abc41700 1 --2- >> [v2:172.21.15.119:3300/0,v1:172.21.15.119:6789/0] conn(0x7fe1a4104430 0x7fe1a418f5d0 unknown :-1 s=NONE pgs=0 cs=0 l=1 rev1=0 crypto rx=0 tx=0 comp rx=0 tx=0).connect
2023-07-14T17:25:25.672 INFO:teuthology.orchestra.run.smithi119.stdout:/usr/bin/ceph: stderr
2023-07-14T17:25:25.024+0000 7fe1abc41700 1 -- --> [v2:172.21.15.119:3300/0,v1:172.21.15.119:6789/0] -- mon_getmap magic: 0 v1 -- 0x7fe1a418fb10 con 0x7fe1a4104430
2023-07-14T17:25:25.672 INFO:teuthology.orchestra.run.smithi119.stdout:/usr/bin/ceph: stderr
2023-07-14T17:25:25.024+0000 7fe1a99dd700 1 --2- >> [v2:172.21.15.119:3300/0,v1:172.21.15.119:6789/0] conn(0x7fe1a4104430 0x7fe1a418f5d0 unknown :-1 s=BANNER_CONNECTING pgs=0 cs=0 l=1 rev1=0 crypto rx=0 tx=0 comp rx=0 tx=0)._handle_peer_banner_payload supported=3 required=0
2023-07-14T17:25:25.673 INFO:teuthology.orchestra.run.smithi119.stdout:/usr/bin/ceph: stderr
2023-07-14T17:25:25.024+0000 7fe1a99dd700 1 --2- >> [v2:172.21.15.119:3300/0,v1:172.21.15.119:6789/0] conn(0x7fe1a4104430 0x7fe1a418f5d0 unknown :-1 s=HELLO_CONNECTING pgs=0 cs=0 l=1 rev1=1 crypto rx=0 tx=0 comp rx=0 tx=0).handle_hello peer v2:172.21.15.119:3300/0 says I am v2:172.21.15.119:43874/0 (socket says 172.21.15.119:43874)
2023-07-14T17:25:25.673 INFO:teuthology.orchestra.run.smithi119.stdout:/usr/bin/ceph: stderr
2023-07-14T17:25:25.024+0000 7fe1a99dd700 1 -- 172.21.15.119:0/1113670798 learned_addr learned my addr 172.21.15.119:0/1113670798 (peer_addr_for_me v2:172.21.15.119:0/0)
2023-07-14T17:25:25.673 INFO:teuthology.orchestra.run.smithi119.stdout:/usr/bin/ceph: stderr
2023-07-14T17:25:25.024+0000 7fe1a99dd700 1 -- 172.21.15.119:0/1113670798 --> [v2:172.21.15.119:3300/0,v1:172.21.15.119:6789/0] -- mon_subscribe({config=0+,monmap=0+}) v3 -- 0x7fe1a0009550 con 0x7fe1a4104430
2023-07-14T17:25:25.673 INFO:teuthology.orchestra.run.smithi119.stdout:/usr/bin/ceph: stderr
2023-07-14T17:25:25.024+0000 7fe1a99dd700 1 --2- 172.21.15.119:0/1113670798 >> [v2:172.21.15.119:3300/0,v1:172.21.15.119:6789/0] conn(0x7fe1a4104430 0x7fe1a418f5d0 secure :-1 s=READY pgs=60 cs=0 l=1 rev1=1 crypto rx=0x7fe1a0003f00 tx=0x7fe1a0011a30 comp rx=0 tx=0).ready entity=mon.0 client_cookie=0 server_cookie=0 in_seq=0 out_seq=0
2023-07-14T17:25:25.673 INFO:teuthology.orchestra.run.smithi119.stdout:/usr/bin/ceph: stderr
2023-07-14T17:25:25.024+0000 7fe19affd700 1 -- 172.21.15.119:0/1113670798 <== mon.0 v2:172.21.15.119:3300/0 1 ==== mon_map magic: 0 v1 ==== 205+0+0 (secure 0 0 0) 0x7fe1a0003b20 con 0x7fe1a4104430
2023-07-14T17:25:25.674 INFO:teuthology.orchestra.run.smithi119.stdout:/usr/bin/ceph: stderr
2023-07-14T17:25:25.024+0000 7fe19affd700 1 -- 172.21.15.119:0/1113670798 <== mon.0 v2:172.21.15.119:3300/0 2 ==== config(26 keys) v1 ==== 1105+0+0 (secure 0 0 0) 0x7fe1a0003c80 con 0x7fe1a4104430
2023-07-14T17:25:25.674 INFO:teuthology.orchestra.run.smithi119.stdout:/usr/bin/ceph: stderr
2023-07-14T17:25:25.024+0000 7fe1abc41700 1 -- 172.21.15.119:0/1113670798 --> [v2:172.21.15.119:3300/0,v1:172.21.15.119:6789/0] -- mon_subscribe({mgrmap=0+}) v3 -- 0x7fe1a418dc20 con 0x7fe1a4104430
2023-07-14T17:25:25.674 INFO:teuthology.orchestra.run.smithi119.stdout:/usr/bin/ceph: stderr
2023-07-14T17:25:25.024+0000 7fe19affd700 1 -- 172.21.15.119:0/1113670798 <== mon.0 v2:172.21.15.119:3300/0 3 ==== mon_map magic: 0 v1 ==== 205+0+0 (secure 0 0 0) 0x7fe1a0019770 con 0x7fe1a4104430
2023-07-14T17:25:25.674 INFO:teuthology.orchestra.run.smithi119.stdout:/usr/bin/ceph: stderr
2023-07-14T17:25:25.024+0000 7fe1abc41700 1 -- 172.21.15.119:0/1113670798 --> [v2:172.21.15.119:3300/0,v1:172.21.15.119:6789/0] -- mon_subscribe({osdmap=0}) v3 -- 0x7fe1a418e040 con 0x7fe1a4104430
2023-07-14T17:25:25.674 INFO:teuthology.orchestra.run.smithi119.stdout:/usr/bin/ceph: stderr
2023-07-14T17:25:25.025+0000 7fe19affd700 1 -- 172.21.15.119:0/1113670798 <== mon.0 v2:172.21.15.119:3300/0 4 ==== mgrmap(e 9) v1 ==== 45496+0+0 (secure 0 0 0) 0x7fe1a0019a30 con 0x7fe1a4104430
2023-07-14T17:25:25.674 INFO:teuthology.orchestra.run.smithi119.stdout:/usr/bin/ceph: stderr
2023-07-14T17:25:25.025+0000 7fe1abc41700 1 -- 172.21.15.119:0/1113670798 --> [v2:172.21.15.119:3300/0,v1:172.21.15.119:6789/0] -- mon_command({"prefix": "get_command_descriptions"} v 0) v1 -- 0x7fe1a4061c70 con 0x7fe1a4104430
2023-07-14T17:25:25.675 INFO:teuthology.orchestra.run.smithi119.stdout:/usr/bin/ceph: stderr
2023-07-14T17:25:25.025+0000 7fe19affd700 1 --2- 172.21.15.119:0/1113670798 >> [v2:172.21.15.119:6800/3878974925,v1:172.21.15.119:6801/3878974925] conn(0x7fe190038760 0x7fe19003ac10 unknown :-1 s=NONE pgs=0 cs=0 l=1 rev1=0 crypto rx=0 tx=0 comp rx=0 tx=0).connect
2023-07-14T17:25:25.675 INFO:teuthology.orchestra.run.smithi119.stdout:/usr/bin/ceph: stderr
2023-07-14T17:25:25.025+0000 7fe19affd700 1 -- 172.21.15.119:0/1113670798 <== mon.0 v2:172.21.15.119:3300/0 5 ==== osd_map(2..2 src has 1..2) v4 ==== 940+0+0 (secure 0 0 0) 0x7fe1a004ca20 con 0x7fe1a4104430
2023-07-14T17:25:25.675 INFO:teuthology.orchestra.run.smithi119.stdout:/usr/bin/ceph: stderr
2023-07-14T17:25:25.025+0000 7fe1a91dc700 1 -- 172.21.15.119:0/1113670798 >> [v2:172.21.15.119:6800/3878974925,v1:172.21.15.119:6801/3878974925] conn(0x7fe190038760 msgr2=0x7fe19003ac10 unknown :-1 s=STATE_CONNECTING_RE l=1).process reconnect failed to v2:172.21.15.119:6800/3878974925
2023-07-14T17:25:25.675 INFO:teuthology.orchestra.run.smithi119.stdout:/usr/bin/ceph: stderr
2023-07-14T17:25:25.026+0000 7fe1a91dc700 1 --2- 172.21.15.119:0/1113670798 >> [v2:172.21.15.119:6800/3878974925,v1:172.21.15.119:6801/3878974925] conn(0x7fe190038760 0x7fe19003ac10 unknown :-1 s=START_CONNECT pgs=0 cs=0 l=1 rev1=0 crypto rx=0 tx=0 comp rx=0 tx=0)._fault waiting 0.200000
2023-07-14T17:25:25.675 INFO:teuthology.orchestra.run.smithi119.stdout:/usr/bin/ceph: stderr
2023-07-14T17:25:25.030+0000 7fe19affd700 1 -- 172.21.15.119:0/1113670798 <== mon.0 v2:172.21.15.119:3300/0 6 ==== mon_command_ack([{"prefix": "get_command_descriptions"}]=0 v0) v1 ==== 72+0+178025 (secure 0 0 0) 0x7fe1a0018db0 con 0x7fe1a4104430
2023-07-14T17:25:25.675 INFO:teuthology.orchestra.run.smithi119.stdout:/usr/bin/ceph: stderr
2023-07-14T17:25:25.227+0000 7fe1a91dc700 1 -- 172.21.15.119:0/1113670798 >> [v2:172.21.15.119:6800/3878974925,v1:172.21.15.119:6801/3878974925] conn(0x7fe190038760 msgr2=0x7fe19003ac10 unknown :-1 s=STATE_CONNECTING_RE l=1).process reconnect failed to v2:172.21.15.119:6800/3878974925
2023-07-14T17:25:25.676 INFO:teuthology.orchestra.run.smithi119.stdout:/usr/bin/ceph: stderr
2023-07-14T17:25:25.227+0000 7fe1a91dc700 1 --2- 172.21.15.119:0/1113670798 >> [v2:172.21.15.119:6800/3878974925,v1:172.21.15.119:6801/3878974925] conn(0x7fe190038760 0x7fe19003ac10 unknown :-1 s=START_CONNECT pgs=0 cs=0 l=1 rev1=0 crypto rx=0 tx=0 comp rx=0 tx=0)._fault waiting 0.400000
2023-07-14T17:25:25.676 INFO:teuthology.orchestra.run.smithi119.stdout:/usr/bin/ceph: stderr
2023-07-14T17:25:25.277+0000 7fe1abc41700 1 -- 172.21.15.119:0/1113670798 --> [v2:172.21.15.119:3300/0,v1:172.21.15.119:6789/0] -- mon_command({"prefix": "mgr stat"} v 0) v1 -- 0x7fe1a4106330 con 0x7fe1a4104430
2023-07-14T17:25:25.676 INFO:teuthology.orchestra.run.smithi119.stdout:/usr/bin/ceph: stderr
2023-07-14T17:25:25.277+0000 7fe19affd700 1 -- 172.21.15.119:0/1113670798 <== mon.0 v2:172.21.15.119:3300/0 7 ==== mon_command_ack([{"prefix": "mgr stat"}]=0 v9) v1 ==== 56+0+88 (secure 0 0 0) 0x7fe1a0018350 con 0x7fe1a4104430
2023-07-14T17:25:25.676 INFO:teuthology.orchestra.run.smithi119.stdout:/usr/bin/ceph: stderr
2023-07-14T17:25:25.279+0000 7fe1abc41700 1 -- 172.21.15.119:0/1113670798 >> [v2:172.21.15.119:6800/3878974925,v1:172.21.15.119:6801/3878974925] conn(0x7fe190038760 msgr2=0x7fe19003ac10 unknown :-1 s=STATE_CONNECTING l=1).mark_down
2023-07-14T17:25:25.676 INFO:teuthology.orchestra.run.smithi119.stdout:/usr/bin/ceph: stderr
2023-07-14T17:25:25.279+0000 7fe1abc41700 1 --2- 172.21.15.119:0/1113670798 >> [v2:172.21.15.119:6800/3878974925,v1:172.21.15.119:6801/3878974925] conn(0x7fe190038760 0x7fe19003ac10 unknown :-1 s=START_CONNECT pgs=0 cs=0 l=1 rev1=0 crypto rx=0 tx=0 comp rx=0 tx=0).stop
2023-07-14T17:25:25.676 INFO:teuthology.orchestra.run.smithi119.stdout:/usr/bin/ceph: stderr
2023-07-14T17:25:25.279+0000 7fe1abc41700 1 -- 172.21.15.119:0/1113670798 >> [v2:172.21.15.119:3300/0,v1:172.21.15.119:6789/0] conn(0x7fe1a4104430 msgr2=0x7fe1a418f5d0 secure :-1 s=STATE_CONNECTION_ESTABLISHED l=1).mark_down
2023-07-14T17:25:25.676 INFO:teuthology.orchestra.run.smithi119.stdout:/usr/bin/ceph: stderr
2023-07-14T17:25:25.279+0000 7fe1abc41700 1 --2- 172.21.15.119:0/1113670798 >> [v2:172.21.15.119:3300/0,v1:172.21.15.119:6789/0] conn(0x7fe1a4104430 0x7fe1a418f5d0 secure :-1 s=READY pgs=60 cs=0 l=1 rev1=1 crypto rx=0x7fe1a0003f00 tx=0x7fe1a0011a30 comp rx=0 tx=0).stop
2023-07-14T17:25:25.677 INFO:teuthology.orchestra.run.smithi119.stdout:/usr/bin/ceph: stderr
2023-07-14T17:25:25.280+0000 7fe1abc41700 1 -- 172.21.15.119:0/1113670798 shutdown_connections
2023-07-14T17:25:25.677 INFO:teuthology.orchestra.run.smithi119.stdout:/usr/bin/ceph: stderr
2023-07-14T17:25:25.280+0000 7fe1abc41700 1 --2- 172.21.15.119:0/1113670798 >> [v2:172.21.15.119:6800/3878974925,v1:172.21.15.119:6801/3878974925] conn(0x7fe190038760 0x7fe19003ac10 unknown :-1 s=CLOSED pgs=0 cs=0 l=1 rev1=0 crypto rx=0 tx=0 comp rx=0 tx=0).stop
2023-07-14T17:25:25.677 INFO:teuthology.orchestra.run.smithi119.stdout:/usr/bin/ceph: stderr
2023-07-14T17:25:25.280+0000 7fe1abc41700 1 --2- 172.21.15.119:0/1113670798 >> [v2:172.21.15.119:3300/0,v1:172.21.15.119:6789/0] conn(0x7fe1a4104430 0x7fe1a418f5d0 unknown :-1 s=CLOSED pgs=60 cs=0 l=1 rev1=1 crypto rx=0 tx=0 comp rx=0 tx=0).stop
2023-07-14T17:25:25.677 INFO:teuthology.orchestra.run.smithi119.stdout:/usr/bin/ceph: stderr
2023-07-14T17:25:25.280+0000 7fe1abc41700 1 -- 172.21.15.119:0/1113670798 >> 172.21.15.119:0/1113670798 conn(0x7fe1a40ffa80 msgr2=0x7fe1a4073920 unknown :-1 s=STATE_NONE l=0).mark_down
2023-07-14T17:25:25.677 INFO:teuthology.orchestra.run.smithi119.stdout:/usr/bin/ceph: stderr
2023-07-14T17:25:25.280+0000 7fe1abc41700 1 -- 172.21.15.119:0/1113670798 shutdown_connections
2023-07-14T17:25:25.677 INFO:teuthology.orchestra.run.smithi119.stdout:/usr/bin/ceph: stderr
2023-07-14T17:25:25.280+0000 7fe1abc41700 1 -- 172.21.15.119:0/1113670798 wait complete.
2023-07-14T17:25:25.678 INFO:teuthology.orchestra.run.smithi119.stdout:Waiting for the mgr to restart...
2023-07-14T17:25:25.678 INFO:teuthology.orchestra.run.smithi119.stdout:Waiting for mgr epoch 9...
2023-07-14T17:25:25.678 INFO:journalctl@ceph.mgr.x.smithi119.stdout:Jul 14 17:25:25 smithi119 ceph-26827ed8-226b-11ee-9b33-001a4aab830c-mgr-x[127675]:
2023-07-14T17:25:25.509+0000 7f61ace8d200 -1 mgr[py] Module progress has missing NOTIFY_TYPES member
2023-07-14T17:25:25.937 INFO:journalctl@ceph.mon.a.smithi119.stdout:Jul 14 17:25:25 smithi119 ceph-mon[127428]: from='client.? 172.21.15.119:0/1113670798' entity='client.admin' cmd=[{"prefix": "mgr stat"}]: dispatch
2023-07-14T17:25:26.200 INFO:journalctl@ceph.mgr.x.smithi119.stdout:Jul 14 17:25:26 smithi119 ceph-26827ed8-226b-11ee-9b33-001a4aab830c-mgr-x[127675]:
2023-07-14T17:25:26.099+0000 7f61ace8d200 -1 mgr[py] Module rook has missing NOTIFY_TYPES member
2023-07-14T17:25:26.700 INFO:journalctl@ceph.mgr.x.smithi119.stdout:Jul 14 17:25:26 smithi119 ceph-26827ed8-226b-11ee-9b33-001a4aab830c-mgr-x[127675]:
2023-07-14T17:25:26.272+0000 7f61ace8d200 -1 mgr[py] Module iostat has missing NOTIFY_TYPES member
2023-07-14T17:25:27.295 INFO:journalctl@ceph.mgr.x.smithi119.stdout:Jul 14 17:25:27 smithi119 ceph-26827ed8-226b-11ee-9b33-001a4aab830c-mgr-x[127675]:
2023-07-14T17:25:27.031+0000 7f61ace8d200 -1 mgr[py] Module test_orchestrator has missing NOTIFY_TYPES member
2023-07-14T17:25:27.296 INFO:journalctl@ceph.mgr.x.smithi119.stdout:Jul 14 17:25:27 smithi119 ceph-26827ed8-226b-11ee-9b33-001a4aab830c-mgr-x[127675]:
2023-07-14T17:25:27.123+0000 7f61ace8d200 -1 mgr[py] Module osd_perf_query has missing NOTIFY_TYPES member
2023-07-14T17:25:27.574 INFO:journalctl@ceph.mgr.x.smithi119.stdout:Jul 14 17:25:27 smithi119 ceph-26827ed8-226b-11ee-9b33-001a4aab830c-mgr-x[127675]:
2023-07-14T17:25:27.295+0000 7f61ace8d200 -1 mgr[py] Module orchestrator has missing NOTIFY_TYPES member
2023-07-14T17:25:27.949 INFO:journalctl@ceph.mgr.x.smithi119.stdout:Jul 14 17:25:27 smithi119 ceph-26827ed8-226b-11ee-9b33-001a4aab830c-mgr-x[127675]:
2023-07-14T17:25:27.574+0000 7f61ace8d200 -1 mgr[py] Module rgw has missing NOTIFY_TYPES member
2023-07-14T17:25:27.949 INFO:journalctl@ceph.mgr.x.smithi119.stdout:Jul 14 17:25:27 smithi119 ceph-26827ed8-226b-11ee-9b33-001a4aab830c-mgr-x[127675]:
2023-07-14T17:25:27.801+0000 7f61ace8d200 -1 mgr[py] Module influx has missing NOTIFY_TYPES member
2023-07-14T17:25:27.949 INFO:journalctl@ceph.mgr.x.smithi119.stdout:Jul 14 17:25:27 smithi119 ceph-26827ed8-226b-11ee-9b33-001a4aab830c-mgr-x[127675]:
2023-07-14T17:25:27.948+0000 7f61ace8d200 -1 mgr[py] Module telemetry has missing NOTIFY_TYPES member
2023-07-14T17:25:28.701 INFO:journalctl@ceph.mgr.x.smithi119.stdout:Jul 14 17:25:28 smithi119 ceph-26827ed8-226b-11ee-9b33-001a4aab830c-mgr-x[127675]:
2023-07-14T17:25:28.209+0000 7f61ace8d200 -1 mgr[py] Module telegraf has missing NOTIFY_TYPES member
2023-07-14T17:25:29.200 INFO:journalctl@ceph.mgr.x.smithi119.stdout:Jul 14 17:25:28 smithi119 ceph-26827ed8-226b-11ee-9b33-001a4aab830c-mgr-x[127675]:
2023-07-14T17:25:28.920+0000 7f61ace8d200 -1 mgr[py] Module balancer has missing NOTIFY_TYPES member
2023-07-14T17:25:29.201 INFO:journalctl@ceph.mgr.x.smithi119.stdout:Jul 14 17:25:29 smithi119 ceph-26827ed8-226b-11ee-9b33-001a4aab830c-mgr-x[127675]:
2023-07-14T17:25:29.050+0000 7f61ace8d200 -1 mgr[py] Module diskprediction_local has missing NOTIFY_TYPES member
2023-07-14T17:25:29.569 INFO:journalctl@ceph.mgr.x.smithi119.stdout:Jul 14 17:25:29 smithi119 ceph-26827ed8-226b-11ee-9b33-001a4aab830c-mgr-x[127675]:
2023-07-14T17:25:29.242+0000 7f61ace8d200 -1 mgr[py] Module nfs has missing NOTIFY_TYPES member
2023-07-14T17:25:29.569 INFO:journalctl@ceph.mgr.x.smithi119.stdout:Jul 14 17:25:29 smithi119 ceph-26827ed8-226b-11ee-9b33-001a4aab830c-mgr-x[127675]:
2023-07-14T17:25:29.355+0000 7f61ace8d200 -1 mgr[py] Module rbd_support has missing NOTIFY_TYPES member
2023-07-14T17:25:30.700 INFO:journalctl@ceph.mgr.x.smithi119.stdout:Jul 14 17:25:29 smithi119 ceph-26827ed8-226b-11ee-9b33-001a4aab830c-mgr-x[127675]:
2023-07-14T17:25:29.568+0000 7f61ace8d200 -1 mgr[py] Module volumes has missing NOTIFY_TYPES member
2023-07-14T17:25:30.701 INFO:journalctl@ceph.mgr.x.smithi119.stdout:Jul 14 17:25:30 smithi119 ceph-26827ed8-226b-11ee-9b33-001a4aab830c-mgr-x[127675]:
2023-07-14T17:25:30.448+0000 7f61ace8d200 -1 mgr[py] Module pg_autoscaler has missing NOTIFY_TYPES member
2023-07-14T17:25:30.701 INFO:journalctl@ceph.mon.a.smithi119.stdout:Jul 14 17:25:30 smithi119 ceph-mon[127428]: Active manager daemon x restarted
2023-07-14T17:25:30.701 INFO:journalctl@ceph.mon.a.smithi119.stdout:Jul 14 17:25:30 smithi119 ceph-mon[127428]: Activating manager daemon x
2023-07-14T17:25:30.701 INFO:journalctl@ceph.mon.a.smithi119.stdout:Jul 14 17:25:30 smithi119 ceph-mon[127428]: osdmap e3: 0 total, 0 up, 0 in
2023-07-14T17:25:30.701 INFO:journalctl@ceph.mon.a.smithi119.stdout:Jul 14 17:25:30 smithi119 ceph-mon[127428]: mgrmap e10: x(active, starting, since 0.00328889s)
2023-07-14T17:25:30.702 INFO:journalctl@ceph.mon.a.smithi119.stdout:Jul 14 17:25:30 smithi119 ceph-mon[127428]: from='mgr.14152 172.21.15.119:0/864093866' entity='mgr.x' cmd=[{"prefix": "mon metadata", "id": "a"}]: dispatch
2023-07-14T17:25:30.702 INFO:journalctl@ceph.mon.a.smithi119.stdout:Jul 14 17:25:30 smithi119 ceph-mon[127428]: from='mgr.14152 172.21.15.119:0/864093866' entity='mgr.x' cmd=[{"prefix": "mgr metadata", "who": "x", "id": "x"}]: dispatch
2023-07-14T17:25:30.702 INFO:journalctl@ceph.mon.a.smithi119.stdout:Jul 14 17:25:30 smithi119 ceph-mon[127428]: from='mgr.14152 172.21.15.119:0/864093866' entity='mgr.x' cmd=[{"prefix": "mds metadata"}]: dispatch
2023-07-14T17:25:30.702 INFO:journalctl@ceph.mon.a.smithi119.stdout:Jul 14 17:25:30 smithi119 ceph-mon[127428]: from='mgr.14152 172.21.15.119:0/864093866' entity='mgr.x' cmd=[{"prefix": "osd metadata"}]: dispatch
2023-07-14T17:25:30.702 INFO:journalctl@ceph.mon.a.smithi119.stdout:Jul 14 17:25:30 smithi119 ceph-mon[127428]: from='mgr.14152 172.21.15.119:0/864093866' entity='mgr.x' cmd=[{"prefix": "mon metadata"}]: dispatch
2023-07-14T17:25:30.702 INFO:journalctl@ceph.mon.a.smithi119.stdout:Jul 14 17:25:30 smithi119 ceph-mon[127428]: Manager daemon x is now available
2023-07-14T17:25:30.702 INFO:journalctl@ceph.mon.a.smithi119.stdout:Jul 14 17:25:30 smithi119 ceph-mon[127428]: from='mgr.14152 172.21.15.119:0/864093866' entity='mgr.x' cmd=[{"prefix": "config dump", "format": "json"}]: dispatch
2023-07-14T17:25:30.702 INFO:journalctl@ceph.mon.a.smithi119.stdout:Jul 14 17:25:30 smithi119 ceph-mon[127428]: from='mgr.14152 172.21.15.119:0/864093866' entity='mgr.x' cmd=[{"prefix": "config dump", "format": "json"}]: dispatch
2023-07-14T17:25:31.951 INFO:journalctl@ceph.mon.a.smithi119.stdout:Jul 14 17:25:31 smithi119 ceph-mon[127428]: from='mgr.14152 172.21.15.119:0/864093866' entity='mgr.x' cmd=[{"prefix":"config rm","who":"mgr","name":"mgr/rbd_support/x/mirror_snapshot_schedule"}]: dispatch
2023-07-14T17:25:31.951 INFO:journalctl@ceph.mon.a.smithi119.stdout:Jul 14 17:25:31 smithi119 ceph-mon[127428]: from='mgr.14152 172.21.15.119:0/864093866' entity='mgr.x' cmd=[{"prefix":"config rm","who":"mgr","name":"mgr/rbd_support/x/trash_purge_schedule"}]: dispatch
2023-07-14T17:25:31.951 INFO:journalctl@ceph.mon.a.smithi119.stdout:Jul 14 17:25:31 smithi119 ceph-mon[127428]: [14/Jul/2023:17:25:30] ENGINE Bus STARTING
2023-07-14T17:25:31.951 INFO:journalctl@ceph.mon.a.smithi119.stdout:Jul 14 17:25:31 smithi119 ceph-mon[127428]: [14/Jul/2023:17:25:30] ENGINE Serving on http://172.21.15.119:8765
2023-07-14T17:25:31.951 INFO:journalctl@ceph.mon.a.smithi119.stdout:Jul 14 17:25:31 smithi119 ceph-mon[127428]: mgrmap e11: x(active, since 1.00569s)
2023-07-14T17:25:32.128 INFO:teuthology.orchestra.run.smithi119.stdout:/usr/bin/ceph: stdout {
2023-07-14T17:25:32.128 INFO:teuthology.orchestra.run.smithi119.stdout:/usr/bin/ceph: stdout "mgrmap_epoch": 11,
2023-07-14T17:25:32.129 INFO:teuthology.orchestra.run.smithi119.stdout:/usr/bin/ceph: stdout "initialized": true
2023-07-14T17:25:32.129 INFO:teuthology.orchestra.run.smithi119.stdout:/usr/bin/ceph: stdout }
2023-07-14T17:25:32.129 INFO:teuthology.orchestra.run.smithi119.stdout:/usr/bin/ceph: stderr
2023-07-14T17:25:26.161+0000 7f050916f700 1 Processor -- start
2023-07-14T17:25:32.129 INFO:teuthology.orchestra.run.smithi119.stdout:/usr/bin/ceph: stderr
2023-07-14T17:25:26.161+0000 7f050916f700 1 -- start start
2023-07-14T17:25:32.129 INFO:teuthology.orchestra.run.smithi119.stdout:/usr/bin/ceph: stderr
2023-07-14T17:25:26.162+0000 7f050916f700 1 --2- >> [v2:172.21.15.119:3300/0,v1:172.21.15.119:6789/0] conn(0x7f0504105a20 0x7f0504105e30 unknown :-1 s=NONE pgs=0 cs=0 l=0 rev1=0 crypto rx=0 tx=0 comp rx=0 tx=0).connect
2023-07-14T17:25:32.129 INFO:teuthology.orchestra.run.smithi119.stdout:/usr/bin/ceph: stderr
2023-07-14T17:25:26.162+0000 7f050916f700 1 -- --> [v2:172.21.15.119:3300/0,v1:172.21.15.119:6789/0] -- mon_getmap magic: 0 v1 -- 0x7f0504106370 con 0x7f0504105a20
2023-07-14T17:25:32.130 INFO:teuthology.orchestra.run.smithi119.stdout:/usr/bin/ceph: stderr
2023-07-14T17:25:26.162+0000 7f0502d9d700 1 --2- >> [v2:172.21.15.119:3300/0,v1:172.21.15.119:6789/0] conn(0x7f0504105a20 0x7f0504105e30 unknown :-1 s=BANNER_CONNECTING pgs=0 cs=0 l=0 rev1=0 crypto rx=0 tx=0 comp rx=0 tx=0)._handle_peer_banner_payload supported=3 required=0
2023-07-14T17:25:32.130 INFO:teuthology.orchestra.run.smithi119.stdout:/usr/bin/ceph: stderr
2023-07-14T17:25:26.162+0000 7f0502d9d700 1 --2- >> [v2:172.21.15.119:3300/0,v1:172.21.15.119:6789/0] conn(0x7f0504105a20 0x7f0504105e30 unknown :-1 s=HELLO_CONNECTING pgs=0 cs=0 l=0 rev1=1 crypto rx=0 tx=0 comp rx=0 tx=0).handle_hello peer v2:172.21.15.119:3300/0 says I am v2:172.21.15.119:43882/0 (socket says 172.21.15.119:43882)
2023-07-14T17:25:32.130 INFO:teuthology.orchestra.run.smithi119.stdout:/usr/bin/ceph: stderr
2023-07-14T17:25:26.162+0000 7f0502d9d700 1 -- 172.21.15.119:0/3991766609 learned_addr learned my addr 172.21.15.119:0/3991766609 (peer_addr_for_me v2:172.21.15.119:0/0)
2023-07-14T17:25:32.130 INFO:teuthology.orchestra.run.smithi119.stdout:/usr/bin/ceph: stderr
2023-07-14T17:25:26.162+0000 7f0502d9d700 1 -- 172.21.15.119:0/3991766609 --> [v2:172.21.15.119:3300/0,v1:172.21.15.119:6789/0] -- mon_subscribe({config=0+,monmap=0+}) v3 -- 0x7f05041064b0 con 0x7f0504105a20
2023-07-14T17:25:32.130 INFO:teuthology.orchestra.run.smithi119.stdout:/usr/bin/ceph: stderr
2023-07-14T17:25:26.162+0000 7f0502d9d700 1 --2- 172.21.15.119:0/3991766609 >> [v2:172.21.15.119:3300/0,v1:172.21.15.119:6789/0] conn(0x7f0504105a20 0x7f0504105e30 secure :-1 s=READY pgs=61 cs=0 l=1 rev1=1 crypto rx=0x7f04ec0098a0 tx=0x7f04ec009bb0 comp rx=0 tx=0).ready entity=mon.0 client_cookie=9e29f0a32e45a78b server_cookie=0 in_seq=0 out_seq=0
2023-07-14T17:25:32.130 INFO:teuthology.orchestra.run.smithi119.stdout:/usr/bin/ceph: stderr
2023-07-14T17:25:26.162+0000 7f0501d9b700 1 -- 172.21.15.119:0/3991766609 <== mon.0 v2:172.21.15.119:3300/0 1 ==== mon_map magic: 0 v1 ==== 205+0+0 (secure 0 0 0) 0x7f04ec004160 con 0x7f0504105a20
2023-07-14T17:25:32.130 INFO:teuthology.orchestra.run.smithi119.stdout:/usr/bin/ceph: stderr
2023-07-14T17:25:26.162+0000 7f0501d9b700 1 -- 172.21.15.119:0/3991766609 <== mon.0 v2:172.21.15.119:3300/0 2 ==== config(26 keys) v1 ==== 1105+0+0 (secure 0 0 0) 0x7f04ec0042c0 con 0x7f0504105a20
2023-07-14T17:25:32.131 INFO:teuthology.orchestra.run.smithi119.stdout:/usr/bin/ceph: stderr
2023-07-14T17:25:26.162+0000 7f0501d9b700 1 -- 172.21.15.119:0/3991766609 <== mon.0 v2:172.21.15.119:3300/0 3 ==== mon_map magic: 0 v1 ==== 205+0+0 (secure 0 0 0) 0x7f04ec0119b0 con 0x7f0504105a20
2023-07-14T17:25:32.131 INFO:teuthology.orchestra.run.smithi119.stdout:/usr/bin/ceph: stderr
2023-07-14T17:25:26.163+0000 7f050916f700 1 -- 172.21.15.119:0/3991766609 >> [v2:172.21.15.119:3300/0,v1:172.21.15.119:6789/0] conn(0x7f0504105a20 msgr2=0x7f0504105e30 secure :-1 s=STATE_CONNECTION_ESTABLISHED l=1).mark_down
2023-07-14T17:25:32.131 INFO:teuthology.orchestra.run.smithi119.stdout:/usr/bin/ceph: stderr
2023-07-14T17:25:26.163+0000 7f050916f700 1 --2- 172.21.15.119:0/3991766609 >> [v2:172.21.15.119:3300/0,v1:172.21.15.119:6789/0] conn(0x7f0504105a20 0x7f0504105e30 secure :-1 s=READY pgs=61 cs=0 l=1 rev1=1 crypto rx=0x7f04ec0098a0 tx=0x7f04ec009bb0 comp rx=0 tx=0).stop
2023-07-14T17:25:32.131 INFO:teuthology.orchestra.run.smithi119.stdout:/usr/bin/ceph: stderr
2023-07-14T17:25:26.163+0000 7f050916f700 1 -- 172.21.15.119:0/3991766609 shutdown_connections
2023-07-14T17:25:32.131 INFO:teuthology.orchestra.run.smithi119.stdout:/usr/bin/ceph: stderr
2023-07-14T17:25:26.163+0000 7f050916f700 1 --2- 172.21.15.119:0/3991766609 >> [v2:172.21.15.119:3300/0,v1:172.21.15.119:6789/0] conn(0x7f0504105a20 0x7f0504105e30 unknown :-1 s=CLOSED pgs=61 cs=0 l=1 rev1=1 crypto rx=0 tx=0 comp rx=0 tx=0).stop
2023-07-14T17:25:32.131 INFO:teuthology.orchestra.run.smithi119.stdout:/usr/bin/ceph: stderr
2023-07-14T17:25:26.163+0000 7f050916f700 1 -- 172.21.15.119:0/3991766609 >> 172.21.15.119:0/3991766609 conn(0x7f05040ff210 msgr2=0x7f0504101640 unknown :-1 s=STATE_NONE l=0).mark_down
2023-07-14T17:25:32.131 INFO:teuthology.orchestra.run.smithi119.stdout:/usr/bin/ceph: stderr
2023-07-14T17:25:26.163+0000 7f050916f700 1 -- 172.21.15.119:0/3991766609 shutdown_connections
2023-07-14T17:25:32.131 INFO:teuthology.orchestra.run.smithi119.stdout:/usr/bin/ceph: stderr
2023-07-14T17:25:26.163+0000 7f050916f700 1 -- 172.21.15.119:0/3991766609 wait complete.
2023-07-14T17:25:32.132 INFO:teuthology.orchestra.run.smithi119.stdout:/usr/bin/ceph: stderr
2023-07-14T17:25:26.164+0000 7f050916f700 1 Processor -- start
2023-07-14T17:25:32.132 INFO:teuthology.orchestra.run.smithi119.stdout:/usr/bin/ceph: stderr
2023-07-14T17:25:26.164+0000 7f050916f700 1 -- start start
2023-07-14T17:25:32.132 INFO:teuthology.orchestra.run.smithi119.stdout:/usr/bin/ceph: stderr
2023-07-14T17:25:26.164+0000 7f050916f700 1 --2- >> [v2:172.21.15.119:3300/0,v1:172.21.15.119:6789/0] conn(0x7f0504105a20 0x7f0504199350 unknown :-1 s=NONE pgs=0 cs=0 l=1 rev1=0 crypto rx=0 tx=0 comp rx=0 tx=0).connect
2023-07-14T17:25:32.132 INFO:teuthology.orchestra.run.smithi119.stdout:/usr/bin/ceph: stderr
2023-07-14T17:25:26.164+0000 7f050916f700 1 -- --> [v2:172.21.15.119:3300/0,v1:172.21.15.119:6789/0] -- mon_getmap magic: 0 v1 -- 0x7f0504199890 con 0x7f0504105a20
2023-07-14T17:25:32.132 INFO:teuthology.orchestra.run.smithi119.stdout:/usr/bin/ceph: stderr
2023-07-14T17:25:26.164+0000 7f0502d9d700 1 --2- >> [v2:172.21.15.119:3300/0,v1:172.21.15.119:6789/0] conn(0x7f0504105a20 0x7f0504199350 unknown :-1 s=BANNER_CONNECTING pgs=0 cs=0 l=1 rev1=0 crypto rx=0 tx=0 comp rx=0 tx=0)._handle_peer_banner_payload supported=3 required=0
2023-07-14T17:25:32.133 INFO:teuthology.orchestra.run.smithi119.stdout:/usr/bin/ceph: stderr
2023-07-14T17:25:26.164+0000 7f0502d9d700 1 --2- >> [v2:172.21.15.119:3300/0,v1:172.21.15.119:6789/0] conn(0x7f0504105a20 0x7f0504199350 unknown :-1 s=HELLO_CONNECTING pgs=0 cs=0 l=1 rev1=1 crypto rx=0 tx=0 comp rx=0 tx=0).handle_hello peer v2:172.21.15.119:3300/0 says I am v2:172.21.15.119:43884/0 (socket says 172.21.15.119:43884)
2023-07-14T17:25:32.133 INFO:teuthology.orchestra.run.smithi119.stdout:/usr/bin/ceph: stderr
2023-07-14T17:25:26.164+0000 7f0502d9d700 1 -- 172.21.15.119:0/1451650939 learned_addr learned my addr 172.21.15.119:0/1451650939 (peer_addr_for_me v2:172.21.15.119:0/0)
2023-07-14T17:25:32.133 INFO:teuthology.orchestra.run.smithi119.stdout:/usr/bin/ceph: stderr
2023-07-14T17:25:26.165+0000 7f0502d9d700 1 -- 172.21.15.119:0/1451650939 --> [v2:172.21.15.119:3300/0,v1:172.21.15.119:6789/0] -- mon_subscribe({config=0+,monmap=0+}) v3 -- 0x7f04ec009550 con 0x7f0504105a20
