2023-07-14T17:28:37.557+0000 7fab122b6700 1 --2- 172.21.15.99:0/814002391 >> [v2:172.21.15.99:3300/0,v1:172.21.15.99:6789/0] conn(0x7fab0c105410 0x7fab0c105820 secure :-1 s=READY pgs=76 cs=0 l=1 rev1=1 crypto rx=0x7faafc0098a0 tx=0x7faafc009bb0 comp rx=0 tx=0).stop
2023-07-14T17:28:38.212 INFO:teuthology.orchestra.run.smithi099.stdout:/usr/bin/ceph: stderr
2023-07-14T17:28:37.557+0000 7fab122b6700 1 -- 172.21.15.99:0/814002391 shutdown_connections
2023-07-14T17:28:38.212 INFO:teuthology.orchestra.run.smithi099.stdout:/usr/bin/ceph: stderr
2023-07-14T17:28:37.557+0000 7fab122b6700 1 --2- 172.21.15.99:0/814002391 >> [v2:172.21.15.99:3300/0,v1:172.21.15.99:6789/0] conn(0x7fab0c105410 0x7fab0c105820 unknown :-1 s=CLOSED pgs=76 cs=0 l=1 rev1=1 crypto rx=0 tx=0 comp rx=0 tx=0).stop
2023-07-14T17:28:38.213 INFO:teuthology.orchestra.run.smithi099.stdout:/usr/bin/ceph: stderr
2023-07-14T17:28:37.557+0000 7fab122b6700 1 -- 172.21.15.99:0/814002391 >> 172.21.15.99:0/814002391 conn(0x7fab0c100ac0 msgr2=0x7fab0c102ed0 unknown :-1 s=STATE_NONE l=0).mark_down
2023-07-14T17:28:38.213 INFO:teuthology.orchestra.run.smithi099.stdout:/usr/bin/ceph: stderr
2023-07-14T17:28:37.557+0000 7fab122b6700 1 -- 172.21.15.99:0/814002391 shutdown_connections
2023-07-14T17:28:38.213 INFO:teuthology.orchestra.run.smithi099.stdout:/usr/bin/ceph: stderr
2023-07-14T17:28:37.557+0000 7fab122b6700 1 -- 172.21.15.99:0/814002391 wait complete.
2023-07-14T17:28:38.213 INFO:teuthology.orchestra.run.smithi099.stdout:/usr/bin/ceph: stderr
2023-07-14T17:28:37.558+0000 7fab122b6700 1 Processor -- start
2023-07-14T17:28:38.213 INFO:teuthology.orchestra.run.smithi099.stdout:/usr/bin/ceph: stderr
2023-07-14T17:28:37.558+0000 7fab122b6700 1 -- start start
2023-07-14T17:28:38.213 INFO:teuthology.orchestra.run.smithi099.stdout:/usr/bin/ceph: stderr
2023-07-14T17:28:37.558+0000 7fab122b6700 1 --2- >> [v2:172.21.15.99:3300/0,v1:172.21.15.99:6789/0] conn(0x7fab0c105410 0x7fab0c199170 unknown :-1 s=NONE pgs=0 cs=0 l=1 rev1=0 crypto rx=0 tx=0 comp rx=0 tx=0).connect
2023-07-14T17:28:38.213 INFO:teuthology.orchestra.run.smithi099.stdout:/usr/bin/ceph: stderr
2023-07-14T17:28:37.558+0000 7fab122b6700 1 -- --> [v2:172.21.15.99:3300/0,v1:172.21.15.99:6789/0] -- mon_getmap magic: 0 v1 -- 0x7fab0c1996b0 con 0x7fab0c105410
2023-07-14T17:28:38.213 INFO:teuthology.orchestra.run.smithi099.stdout:/usr/bin/ceph: stderr
2023-07-14T17:28:37.558+0000 7fab0bfff700 1 --2- >> [v2:172.21.15.99:3300/0,v1:172.21.15.99:6789/0] conn(0x7fab0c105410 0x7fab0c199170 unknown :-1 s=BANNER_CONNECTING pgs=0 cs=0 l=1 rev1=0 crypto rx=0 tx=0 comp rx=0 tx=0)._handle_peer_banner_payload supported=3 required=0
2023-07-14T17:28:38.214 INFO:teuthology.orchestra.run.smithi099.stdout:/usr/bin/ceph: stderr
2023-07-14T17:28:37.558+0000 7fab0bfff700 1 --2- >> [v2:172.21.15.99:3300/0,v1:172.21.15.99:6789/0] conn(0x7fab0c105410 0x7fab0c199170 unknown :-1 s=HELLO_CONNECTING pgs=0 cs=0 l=1 rev1=1 crypto rx=0 tx=0 comp rx=0 tx=0).handle_hello peer v2:172.21.15.99:3300/0 says I am v2:172.21.15.99:32974/0 (socket says 172.21.15.99:32974)
2023-07-14T17:28:38.214 INFO:teuthology.orchestra.run.smithi099.stdout:/usr/bin/ceph: stderr
2023-07-14T17:28:37.558+0000 7fab0bfff700 1 -- 172.21.15.99:0/2402249340 learned_addr learned my addr 172.21.15.99:0/2402249340 (peer_addr_for_me v2:172.21.15.99:0/0)
2023-07-14T17:28:38.214 INFO:teuthology.orchestra.run.smithi099.stdout:/usr/bin/ceph: stderr
2023-07-14T17:28:37.559+0000 7fab0bfff700 1 -- 172.21.15.99:0/2402249340 --> [v2:172.21.15.99:3300/0,v1:172.21.15.99:6789/0] -- mon_subscribe({config=0+,monmap=0+}) v3 -- 0x7faafc009550 con 0x7fab0c105410
2023-07-14T17:28:38.214 INFO:teuthology.orchestra.run.smithi099.stdout:/usr/bin/ceph: stderr
2023-07-14T17:28:37.559+0000 7fab0bfff700 1 --2- 172.21.15.99:0/2402249340 >> [v2:172.21.15.99:3300/0,v1:172.21.15.99:6789/0] conn(0x7fab0c105410 0x7fab0c199170 secure :-1 s=READY pgs=77 cs=0 l=1 rev1=1 crypto rx=0x7faafc003f00 tx=0x7faafc011a30 comp rx=0 tx=0).ready entity=mon.0 client_cookie=0 server_cookie=0 in_seq=0 out_seq=0
2023-07-14T17:28:38.214 INFO:teuthology.orchestra.run.smithi099.stdout:/usr/bin/ceph: stderr
2023-07-14T17:28:37.559+0000 7fab097fa700 1 -- 172.21.15.99:0/2402249340 <== mon.0 v2:172.21.15.99:3300/0 1 ==== mon_map magic: 0 v1 ==== 205+0+0 (secure 0 0 0) 0x7faafc003b20 con 0x7fab0c105410
2023-07-14T17:28:38.214 INFO:teuthology.orchestra.run.smithi099.stdout:/usr/bin/ceph: stderr
2023-07-14T17:28:37.559+0000 7fab097fa700 1 -- 172.21.15.99:0/2402249340 <== mon.0 v2:172.21.15.99:3300/0 2 ==== config(26 keys) v1 ==== 1105+0+0 (secure 0 0 0) 0x7faafc003c80 con 0x7fab0c105410
2023-07-14T17:28:38.214 INFO:teuthology.orchestra.run.smithi099.stdout:/usr/bin/ceph: stderr
2023-07-14T17:28:37.559+0000 7fab097fa700 1 -- 172.21.15.99:0/2402249340 <== mon.0 v2:172.21.15.99:3300/0 3 ==== mon_map magic: 0 v1 ==== 205+0+0 (secure 0 0 0) 0x7faafc019770 con 0x7fab0c105410
2023-07-14T17:28:38.215 INFO:teuthology.orchestra.run.smithi099.stdout:/usr/bin/ceph: stderr
2023-07-14T17:28:37.559+0000 7fab122b6700 1 -- 172.21.15.99:0/2402249340 --> [v2:172.21.15.99:3300/0,v1:172.21.15.99:6789/0] -- mon_subscribe({mgrmap=0+}) v3 -- 0x7fab0c1998b0 con 0x7fab0c105410
2023-07-14T17:28:38.215 INFO:teuthology.orchestra.run.smithi099.stdout:/usr/bin/ceph: stderr
2023-07-14T17:28:37.559+0000 7fab122b6700 1 -- 172.21.15.99:0/2402249340 --> [v2:172.21.15.99:3300/0,v1:172.21.15.99:6789/0] -- mon_subscribe({osdmap=0}) v3 -- 0x7fab0c199cd0 con 0x7fab0c105410
2023-07-14T17:28:38.215 INFO:teuthology.orchestra.run.smithi099.stdout:/usr/bin/ceph: stderr
2023-07-14T17:28:37.560+0000 7fab097fa700 1 -- 172.21.15.99:0/2402249340 <== mon.0 v2:172.21.15.99:3300/0 4 ==== mgrmap(e 12) v1 ==== 45496+0+0 (secure 0 0 0) 0x7faafc01ab60 con 0x7fab0c105410
2023-07-14T17:28:38.215 INFO:teuthology.orchestra.run.smithi099.stdout:/usr/bin/ceph: stderr
2023-07-14T17:28:37.560+0000 7fab122b6700 1 -- 172.21.15.99:0/2402249340 --> [v2:172.21.15.99:3300/0,v1:172.21.15.99:6789/0] -- mon_command({"prefix": "get_command_descriptions"} v 0) v1 -- 0x7fab0c061c70 con 0x7fab0c105410
2023-07-14T17:28:38.215 INFO:teuthology.orchestra.run.smithi099.stdout:/usr/bin/ceph: stderr
2023-07-14T17:28:37.561+0000 7fab097fa700 1 --2- 172.21.15.99:0/2402249340 >> [v2:172.21.15.99:6800/3199168413,v1:172.21.15.99:6801/3199168413] conn(0x7faaf40387b0 0x7faaf403ac60 unknown :-1 s=NONE pgs=0 cs=0 l=1 rev1=0 crypto rx=0 tx=0 comp rx=0 tx=0).connect
2023-07-14T17:28:38.215 INFO:teuthology.orchestra.run.smithi099.stdout:/usr/bin/ceph: stderr
2023-07-14T17:28:37.561+0000 7fab097fa700 1 -- 172.21.15.99:0/2402249340 <== mon.0 v2:172.21.15.99:3300/0 5 ==== osd_map(3..3 src has 1..3) v4 ==== 1155+0+0 (secure 0 0 0) 0x7faafc04cb20 con 0x7fab0c105410
2023-07-14T17:28:38.215 INFO:teuthology.orchestra.run.smithi099.stdout:/usr/bin/ceph: stderr
2023-07-14T17:28:37.561+0000 7fab0b7fe700 1 --2- 172.21.15.99:0/2402249340 >> [v2:172.21.15.99:6800/3199168413,v1:172.21.15.99:6801/3199168413] conn(0x7faaf40387b0 0x7faaf403ac60 unknown :-1 s=BANNER_CONNECTING pgs=0 cs=0 l=1 rev1=0 crypto rx=0 tx=0 comp rx=0 tx=0)._handle_peer_banner_payload supported=3 required=0
2023-07-14T17:28:38.216 INFO:teuthology.orchestra.run.smithi099.stdout:/usr/bin/ceph: stderr
2023-07-14T17:28:37.562+0000 7fab0b7fe700 1 --2- 172.21.15.99:0/2402249340 >> [v2:172.21.15.99:6800/3199168413,v1:172.21.15.99:6801/3199168413] conn(0x7faaf40387b0 0x7faaf403ac60 secure :-1 s=READY pgs=10 cs=0 l=1 rev1=1 crypto rx=0x7fab00006fd0 tx=0x7fab00006e40 comp rx=0 tx=0).ready entity=mgr.14152 client_cookie=0 server_cookie=0 in_seq=0 out_seq=0
2023-07-14T17:28:38.216 INFO:teuthology.orchestra.run.smithi099.stdout:/usr/bin/ceph: stderr
2023-07-14T17:28:37.566+0000 7fab097fa700 1 -- 172.21.15.99:0/2402249340 <== mon.0 v2:172.21.15.99:3300/0 6 ==== mon_command_ack([{"prefix": "get_command_descriptions"}]=0 v0) v1 ==== 72+0+178025 (secure 0 0 0) 0x7faafc01a430 con 0x7fab0c105410
2023-07-14T17:28:38.216 INFO:teuthology.orchestra.run.smithi099.stdout:/usr/bin/ceph: stderr
2023-07-14T17:28:37.763+0000 7fab122b6700 1 -- 172.21.15.99:0/2402249340 --> [v2:172.21.15.99:3300/0,v1:172.21.15.99:6789/0] -- mon_command([{prefix=config set, name=osd_memory_target_autotune}] v 0) v1 -- 0x7fab0c19cb30 con 0x7fab0c105410
2023-07-14T17:28:38.216 INFO:teuthology.orchestra.run.smithi099.stdout:/usr/bin/ceph: stderr
2023-07-14T17:28:37.763+0000 7fab097fa700 1 -- 172.21.15.99:0/2402249340 <== mon.0 v2:172.21.15.99:3300/0 7 ==== mon_command_ack([{prefix=config set, name=osd_memory_target_autotune}]=0 v8)=0 v8) v1 ==== 127+0+0 (secure 0 0 0) 0x7faafc02db00 con 0x7fab0c105410
2023-07-14T17:28:38.216 INFO:teuthology.orchestra.run.smithi099.stdout:/usr/bin/ceph: stderr
2023-07-14T17:28:37.766+0000 7fab122b6700 1 -- 172.21.15.99:0/2402249340 >> [v2:172.21.15.99:6800/3199168413,v1:172.21.15.99:6801/3199168413] conn(0x7faaf40387b0 msgr2=0x7faaf403ac60 secure :-1 s=STATE_CONNECTION_ESTABLISHED l=1).mark_down
2023-07-14T17:28:38.216 INFO:teuthology.orchestra.run.smithi099.stdout:/usr/bin/ceph: stderr
2023-07-14T17:28:37.766+0000 7fab122b6700 1 --2- 172.21.15.99:0/2402249340 >> [v2:172.21.15.99:6800/3199168413,v1:172.21.15.99:6801/3199168413] conn(0x7faaf40387b0 0x7faaf403ac60 secure :-1 s=READY pgs=10 cs=0 l=1 rev1=1 crypto rx=0x7fab00006fd0 tx=0x7fab00006e40 comp rx=0 tx=0).stop
2023-07-14T17:28:38.216 INFO:teuthology.orchestra.run.smithi099.stdout:/usr/bin/ceph: stderr
2023-07-14T17:28:37.766+0000 7fab122b6700 1 -- 172.21.15.99:0/2402249340 >> [v2:172.21.15.99:3300/0,v1:172.21.15.99:6789/0] conn(0x7fab0c105410 msgr2=0x7fab0c199170 secure :-1 s=STATE_CONNECTION_ESTABLISHED l=1).mark_down
2023-07-14T17:28:38.216 INFO:teuthology.orchestra.run.smithi099.stdout:/usr/bin/ceph: stderr
2023-07-14T17:28:37.766+0000 7fab122b6700 1 --2- 172.21.15.99:0/2402249340 >> [v2:172.21.15.99:3300/0,v1:172.21.15.99:6789/0] conn(0x7fab0c105410 0x7fab0c199170 secure :-1 s=READY pgs=77 cs=0 l=1 rev1=1 crypto rx=0x7faafc003f00 tx=0x7faafc011a30 comp rx=0 tx=0).stop
2023-07-14T17:28:38.217 INFO:teuthology.orchestra.run.smithi099.stdout:/usr/bin/ceph: stderr
2023-07-14T17:28:37.766+0000 7fab122b6700 1 -- 172.21.15.99:0/2402249340 shutdown_connections
2023-07-14T17:28:38.217 INFO:teuthology.orchestra.run.smithi099.stdout:/usr/bin/ceph: stderr
2023-07-14T17:28:37.766+0000 7fab122b6700 1 --2- 172.21.15.99:0/2402249340 >> [v2:172.21.15.99:6800/3199168413,v1:172.21.15.99:6801/3199168413] conn(0x7faaf40387b0 0x7faaf403ac60 unknown :-1 s=CLOSED pgs=10 cs=0 l=1 rev1=1 crypto rx=0 tx=0 comp rx=0 tx=0).stop
2023-07-14T17:28:38.217 INFO:teuthology.orchestra.run.smithi099.stdout:/usr/bin/ceph: stderr
2023-07-14T17:28:37.766+0000 7fab122b6700 1 --2- 172.21.15.99:0/2402249340 >> [v2:172.21.15.99:3300/0,v1:172.21.15.99:6789/0] conn(0x7fab0c105410 0x7fab0c199170 unknown :-1 s=CLOSED pgs=77 cs=0 l=1 rev1=1 crypto rx=0 tx=0 comp rx=0 tx=0).stop
2023-07-14T17:28:38.217 INFO:teuthology.orchestra.run.smithi099.stdout:/usr/bin/ceph: stderr
2023-07-14T17:28:37.766+0000 7fab122b6700 1 -- 172.21.15.99:0/2402249340 >> 172.21.15.99:0/2402249340 conn(0x7fab0c100ac0 msgr2=0x7fab0c1021b0 unknown :-1 s=STATE_NONE l=0).mark_down
2023-07-14T17:28:38.217 INFO:teuthology.orchestra.run.smithi099.stdout:/usr/bin/ceph: stderr
2023-07-14T17:28:37.766+0000 7fab122b6700 1 -- 172.21.15.99:0/2402249340 shutdown_connections
2023-07-14T17:28:38.217 INFO:teuthology.orchestra.run.smithi099.stdout:/usr/bin/ceph: stderr
2023-07-14T17:28:37.766+0000 7fab122b6700 1 -- 172.21.15.99:0/2402249340 wait complete.
2023-07-14T17:28:39.174 INFO:journalctl@ceph.mon.a.smithi099.stdout:Jul 14 17:28:38 smithi099 ceph-mon[95485]: mgrmap e13: x(active, since 6s)
2023-07-14T17:28:39.489 INFO:teuthology.orchestra.run.smithi099.stdout:/usr/bin/ceph: stderr
2023-07-14T17:28:38.736+0000 7fd60236d700 1 Processor -- start
2023-07-14T17:28:39.490 INFO:teuthology.orchestra.run.smithi099.stdout:/usr/bin/ceph: stderr
2023-07-14T17:28:38.737+0000 7fd60236d700 1 -- start start
2023-07-14T17:28:39.490 INFO:teuthology.orchestra.run.smithi099.stdout:/usr/bin/ceph: stderr
2023-07-14T17:28:38.737+0000 7fd60236d700 1 --2- >> [v2:172.21.15.99:3300/0,v1:172.21.15.99:6789/0] conn(0x7fd5fc07bde0 0x7fd5fc07a2e0 unknown :-1 s=NONE pgs=0 cs=0 l=0 rev1=0 crypto rx=0 tx=0 comp rx=0 tx=0).connect
2023-07-14T17:28:39.491 INFO:teuthology.orchestra.run.smithi099.stdout:/usr/bin/ceph: stderr
2023-07-14T17:28:38.737+0000 7fd60236d700 1 -- --> [v2:172.21.15.99:3300/0,v1:172.21.15.99:6789/0] -- mon_getmap magic: 0 v1 -- 0x7fd5fc07a820 con 0x7fd5fc07bde0
2023-07-14T17:28:39.491 INFO:teuthology.orchestra.run.smithi099.stdout:/usr/bin/ceph: stderr
2023-07-14T17:28:38.737+0000 7fd5fbfff700 1 --2- >> [v2:172.21.15.99:3300/0,v1:172.21.15.99:6789/0] conn(0x7fd5fc07bde0 0x7fd5fc07a2e0 unknown :-1 s=BANNER_CONNECTING pgs=0 cs=0 l=0 rev1=0 crypto rx=0 tx=0 comp rx=0 tx=0)._handle_peer_banner_payload supported=3 required=0
2023-07-14T17:28:39.491 INFO:teuthology.orchestra.run.smithi099.stdout:/usr/bin/ceph: stderr
2023-07-14T17:28:38.737+0000 7fd5fbfff700 1 --2- >> [v2:172.21.15.99:3300/0,v1:172.21.15.99:6789/0] conn(0x7fd5fc07bde0 0x7fd5fc07a2e0 unknown :-1 s=HELLO_CONNECTING pgs=0 cs=0 l=0 rev1=1 crypto rx=0 tx=0 comp rx=0 tx=0).handle_hello peer v2:172.21.15.99:3300/0 says I am v2:172.21.15.99:32990/0 (socket says 172.21.15.99:32990)
2023-07-14T17:28:39.491 INFO:teuthology.orchestra.run.smithi099.stdout:/usr/bin/ceph: stderr
2023-07-14T17:28:38.737+0000 7fd5fbfff700 1 -- 172.21.15.99:0/3860663155 learned_addr learned my addr 172.21.15.99:0/3860663155 (peer_addr_for_me v2:172.21.15.99:0/0)
2023-07-14T17:28:39.491 INFO:teuthology.orchestra.run.smithi099.stdout:/usr/bin/ceph: stderr
2023-07-14T17:28:38.738+0000 7fd5fbfff700 1 -- 172.21.15.99:0/3860663155 --> [v2:172.21.15.99:3300/0,v1:172.21.15.99:6789/0] -- mon_subscribe({config=0+,monmap=0+}) v3 -- 0x7fd5fc07a960 con 0x7fd5fc07bde0
2023-07-14T17:28:39.491 INFO:teuthology.orchestra.run.smithi099.stdout:/usr/bin/ceph: stderr
2023-07-14T17:28:38.738+0000 7fd5fbfff700 1 --2- 172.21.15.99:0/3860663155 >> [v2:172.21.15.99:3300/0,v1:172.21.15.99:6789/0] conn(0x7fd5fc07bde0 0x7fd5fc07a2e0 secure :-1 s=READY pgs=78 cs=0 l=1 rev1=1 crypto rx=0x7fd5ec0098a0 tx=0x7fd5ec009bb0 comp rx=0 tx=0).ready entity=mon.0 client_cookie=a1bbab0748c6b81c server_cookie=0 in_seq=0 out_seq=0
2023-07-14T17:28:39.491 INFO:teuthology.orchestra.run.smithi099.stdout:/usr/bin/ceph: stderr
2023-07-14T17:28:38.738+0000 7fd5faffd700 1 -- 172.21.15.99:0/3860663155 <== mon.0 v2:172.21.15.99:3300/0 1 ==== mon_map magic: 0 v1 ==== 205+0+0 (secure 0 0 0) 0x7fd5ec004160 con 0x7fd5fc07bde0
2023-07-14T17:28:39.492 INFO:teuthology.orchestra.run.smithi099.stdout:/usr/bin/ceph: stderr
2023-07-14T17:28:38.738+0000 7fd5faffd700 1 -- 172.21.15.99:0/3860663155 <== mon.0 v2:172.21.15.99:3300/0 2 ==== config(26 keys) v1 ==== 1105+0+0 (secure 0 0 0) 0x7fd5ec0042c0 con 0x7fd5fc07bde0
2023-07-14T17:28:39.492 INFO:teuthology.orchestra.run.smithi099.stdout:/usr/bin/ceph: stderr
2023-07-14T17:28:38.738+0000 7fd5faffd700 1 -- 172.21.15.99:0/3860663155 <== mon.0 v2:172.21.15.99:3300/0 3 ==== mon_map magic: 0 v1 ==== 205+0+0 (secure 0 0 0) 0x7fd5ec0119b0 con 0x7fd5fc07bde0
2023-07-14T17:28:39.492 INFO:teuthology.orchestra.run.smithi099.stdout:/usr/bin/ceph: stderr
2023-07-14T17:28:38.739+0000 7fd60236d700 1 -- 172.21.15.99:0/3860663155 >> [v2:172.21.15.99:3300/0,v1:172.21.15.99:6789/0] conn(0x7fd5fc07bde0 msgr2=0x7fd5fc07a2e0 secure :-1 s=STATE_CONNECTION_ESTABLISHED l=1).mark_down
2023-07-14T17:28:39.492 INFO:teuthology.orchestra.run.smithi099.stdout:/usr/bin/ceph: stderr
2023-07-14T17:28:38.739+0000 7fd60236d700 1 --2- 172.21.15.99:0/3860663155 >> [v2:172.21.15.99:3300/0,v1:172.21.15.99:6789/0] conn(0x7fd5fc07bde0 0x7fd5fc07a2e0 secure :-1 s=READY pgs=78 cs=0 l=1 rev1=1 crypto rx=0x7fd5ec0098a0 tx=0x7fd5ec009bb0 comp rx=0 tx=0).stop
2023-07-14T17:28:39.492 INFO:teuthology.orchestra.run.smithi099.stdout:/usr/bin/ceph: stderr
2023-07-14T17:28:38.739+0000 7fd60236d700 1 -- 172.21.15.99:0/3860663155 shutdown_connections
2023-07-14T17:28:39.493 INFO:teuthology.orchestra.run.smithi099.stdout:/usr/bin/ceph: stderr
2023-07-14T17:28:38.739+0000 7fd60236d700 1 --2- 172.21.15.99:0/3860663155 >> [v2:172.21.15.99:3300/0,v1:172.21.15.99:6789/0] conn(0x7fd5fc07bde0 0x7fd5fc07a2e0 unknown :-1 s=CLOSED pgs=78 cs=0 l=1 rev1=1 crypto rx=0 tx=0 comp rx=0 tx=0).stop
2023-07-14T17:28:39.493 INFO:teuthology.orchestra.run.smithi099.stdout:/usr/bin/ceph: stderr
2023-07-14T17:28:38.739+0000 7fd60236d700 1 -- 172.21.15.99:0/3860663155 >> 172.21.15.99:0/3860663155 conn(0x7fd5fc100ac0 msgr2=0x7fd5fc102ed0 unknown :-1 s=STATE_NONE l=0).mark_down
2023-07-14T17:28:39.493 INFO:teuthology.orchestra.run.smithi099.stdout:/usr/bin/ceph: stderr
2023-07-14T17:28:38.739+0000 7fd60236d700 1 -- 172.21.15.99:0/3860663155 shutdown_connections
2023-07-14T17:28:39.493 INFO:teuthology.orchestra.run.smithi099.stdout:/usr/bin/ceph: stderr
2023-07-14T17:28:38.739+0000 7fd60236d700 1 -- 172.21.15.99:0/3860663155 wait complete.
2023-07-14T17:28:39.493 INFO:teuthology.orchestra.run.smithi099.stdout:/usr/bin/ceph: stderr
2023-07-14T17:28:38.740+0000 7fd60236d700 1 Processor -- start
2023-07-14T17:28:39.494 INFO:teuthology.orchestra.run.smithi099.stdout:/usr/bin/ceph: stderr
2023-07-14T17:28:38.740+0000 7fd60236d700 1 -- start start
2023-07-14T17:28:39.494 INFO:teuthology.orchestra.run.smithi099.stdout:/usr/bin/ceph: stderr
2023-07-14T17:28:38.740+0000 7fd60236d700 1 --2- >> [v2:172.21.15.99:3300/0,v1:172.21.15.99:6789/0] conn(0x7fd5fc07bde0 0x7fd5fc19b3c0 unknown :-1 s=NONE pgs=0 cs=0 l=1 rev1=0 crypto rx=0 tx=0 comp rx=0 tx=0).connect
2023-07-14T17:28:39.494 INFO:teuthology.orchestra.run.smithi099.stdout:/usr/bin/ceph: stderr
2023-07-14T17:28:38.741+0000 7fd60236d700 1 -- --> [v2:172.21.15.99:3300/0,v1:172.21.15.99:6789/0] -- mon_getmap magic: 0 v1 -- 0x7fd5fc19b900 con 0x7fd5fc07bde0
2023-07-14T17:28:39.494 INFO:teuthology.orchestra.run.smithi099.stdout:/usr/bin/ceph: stderr
2023-07-14T17:28:38.741+0000 7fd5fbfff700 1 --2- >> [v2:172.21.15.99:3300/0,v1:172.21.15.99:6789/0] conn(0x7fd5fc07bde0 0x7fd5fc19b3c0 unknown :-1 s=BANNER_CONNECTING pgs=0 cs=0 l=1 rev1=0 crypto rx=0 tx=0 comp rx=0 tx=0)._handle_peer_banner_payload supported=3 required=0
2023-07-14T17:28:39.494 INFO:teuthology.orchestra.run.smithi099.stdout:/usr/bin/ceph: stderr
2023-07-14T17:28:38.741+0000 7fd5fbfff700 1 --2- >> [v2:172.21.15.99:3300/0,v1:172.21.15.99:6789/0] conn(0x7fd5fc07bde0 0x7fd5fc19b3c0 unknown :-1 s=HELLO_CONNECTING pgs=0 cs=0 l=1 rev1=1 crypto rx=0 tx=0 comp rx=0 tx=0).handle_hello peer v2:172.21.15.99:3300/0 says I am v2:172.21.15.99:33004/0 (socket says 172.21.15.99:33004)
2023-07-14T17:28:39.494 INFO:teuthology.orchestra.run.smithi099.stdout:/usr/bin/ceph: stderr
2023-07-14T17:28:38.741+0000 7fd5fbfff700 1 -- 172.21.15.99:0/113826603 learned_addr learned my addr 172.21.15.99:0/113826603 (peer_addr_for_me v2:172.21.15.99:0/0)
2023-07-14T17:28:39.495 INFO:teuthology.orchestra.run.smithi099.stdout:/usr/bin/ceph: stderr
2023-07-14T17:28:38.741+0000 7fd5fbfff700 1 -- 172.21.15.99:0/113826603 --> [v2:172.21.15.99:3300/0,v1:172.21.15.99:6789/0] -- mon_subscribe({config=0+,monmap=0+}) v3 -- 0x7fd5ec009550 con 0x7fd5fc07bde0
2023-07-14T17:28:39.495 INFO:teuthology.orchestra.run.smithi099.stdout:/usr/bin/ceph: stderr
2023-07-14T17:28:38.741+0000 7fd5fbfff700 1 --2- 172.21.15.99:0/113826603 >> [v2:172.21.15.99:3300/0,v1:172.21.15.99:6789/0] conn(0x7fd5fc07bde0 0x7fd5fc19b3c0 secure :-1 s=READY pgs=79 cs=0 l=1 rev1=1 crypto rx=0x7fd5ec000c00 tx=0x7fd5ec011a30 comp rx=0 tx=0).ready entity=mon.0 client_cookie=0 server_cookie=0 in_seq=0 out_seq=0
2023-07-14T17:28:39.495 INFO:teuthology.orchestra.run.smithi099.stdout:/usr/bin/ceph: stderr
2023-07-14T17:28:38.741+0000 7fd5f97fa700 1 -- 172.21.15.99:0/113826603 <== mon.0 v2:172.21.15.99:3300/0 1 ==== mon_map magic: 0 v1 ==== 205+0+0 (secure 0 0 0) 0x7fd5ec003aa0 con 0x7fd5fc07bde0
2023-07-14T17:28:39.495 INFO:teuthology.orchestra.run.smithi099.stdout:/usr/bin/ceph: stderr
2023-07-14T17:28:38.742+0000 7fd60236d700 1 -- 172.21.15.99:0/113826603 --> [v2:172.21.15.99:3300/0,v1:172.21.15.99:6789/0] -- mon_subscribe({mgrmap=0+}) v3 -- 0x7fd5fc19bb00 con 0x7fd5fc07bde0
2023-07-14T17:28:39.495 INFO:teuthology.orchestra.run.smithi099.stdout:/usr/bin/ceph: stderr
2023-07-14T17:28:38.742+0000 7fd5f97fa700 1 -- 172.21.15.99:0/113826603 <== mon.0 v2:172.21.15.99:3300/0 2 ==== config(26 keys) v1 ==== 1105+0+0 (secure 0 0 0) 0x7fd5ec003c00 con 0x7fd5fc07bde0
2023-07-14T17:28:39.495 INFO:teuthology.orchestra.run.smithi099.stdout:/usr/bin/ceph: stderr
2023-07-14T17:28:38.742+0000 7fd5f97fa700 1 -- 172.21.15.99:0/113826603 <== mon.0 v2:172.21.15.99:3300/0 3 ==== mon_map magic: 0 v1 ==== 205+0+0 (secure 0 0 0) 0x7fd5ec024800 con 0x7fd5fc07bde0
2023-07-14T17:28:39.495 INFO:teuthology.orchestra.run.smithi099.stdout:/usr/bin/ceph: stderr
2023-07-14T17:28:38.742+0000 7fd60236d700 1 -- 172.21.15.99:0/113826603 --> [v2:172.21.15.99:3300/0,v1:172.21.15.99:6789/0] -- mon_subscribe({osdmap=0}) v3 -- 0x7fd5fc19bf20 con 0x7fd5fc07bde0
2023-07-14T17:28:39.495 INFO:teuthology.orchestra.run.smithi099.stdout:/usr/bin/ceph: stderr
2023-07-14T17:28:38.743+0000 7fd5f97fa700 1 -- 172.21.15.99:0/113826603 <== mon.0 v2:172.21.15.99:3300/0 4 ==== mgrmap(e 13) v1 ==== 45539+0+0 (secure 0 0 0) 0x7fd5ec01ab60 con 0x7fd5fc07bde0
2023-07-14T17:28:39.496 INFO:teuthology.orchestra.run.smithi099.stdout:/usr/bin/ceph: stderr
2023-07-14T17:28:38.743+0000 7fd60236d700 1 -- 172.21.15.99:0/113826603 --> [v2:172.21.15.99:3300/0,v1:172.21.15.99:6789/0] -- mon_command({"prefix": "get_command_descriptions"} v 0) v1 -- 0x7fd5fc061c70 con 0x7fd5fc07bde0
2023-07-14T17:28:39.496 INFO:teuthology.orchestra.run.smithi099.stdout:/usr/bin/ceph: stderr
2023-07-14T17:28:38.743+0000 7fd5f97fa700 1 --2- 172.21.15.99:0/113826603 >> [v2:172.21.15.99:6800/3199168413,v1:172.21.15.99:6801/3199168413] conn(0x7fd5e4038800 0x7fd5e403acb0 unknown :-1 s=NONE pgs=0 cs=0 l=1 rev1=0 crypto rx=0 tx=0 comp rx=0 tx=0).connect
2023-07-14T17:28:39.496 INFO:teuthology.orchestra.run.smithi099.stdout:/usr/bin/ceph: stderr
2023-07-14T17:28:38.743+0000 7fd5f97fa700 1 -- 172.21.15.99:0/113826603 <== mon.0 v2:172.21.15.99:3300/0 5 ==== osd_map(3..3 src has 1..3) v4 ==== 1155+0+0 (secure 0 0 0) 0x7fd5ec04ca70 con 0x7fd5fc07bde0
2023-07-14T17:28:39.496 INFO:teuthology.orchestra.run.smithi099.stdout:/usr/bin/ceph: stderr
2023-07-14T17:28:38.743+0000 7fd5fb7fe700 1 --2- 172.21.15.99:0/113826603 >> [v2:172.21.15.99:6800/3199168413,v1:172.21.15.99:6801/3199168413] conn(0x7fd5e4038800 0x7fd5e403acb0 unknown :-1 s=BANNER_CONNECTING pgs=0 cs=0 l=1 rev1=0 crypto rx=0 tx=0 comp rx=0 tx=0)._handle_peer_banner_payload supported=3 required=0
2023-07-14T17:28:39.496 INFO:teuthology.orchestra.run.smithi099.stdout:/usr/bin/ceph: stderr
2023-07-14T17:28:38.744+0000 7fd5fb7fe700 1 --2- 172.21.15.99:0/113826603 >> [v2:172.21.15.99:6800/3199168413,v1:172.21.15.99:6801/3199168413] conn(0x7fd5e4038800 0x7fd5e403acb0 secure :-1 s=READY pgs=11 cs=0 l=1 rev1=1 crypto rx=0x7fd5f0006fd0 tx=0x7fd5f0006e40 comp rx=0 tx=0).ready entity=mgr.14152 client_cookie=0 server_cookie=0 in_seq=0 out_seq=0
2023-07-14T17:28:39.496 INFO:teuthology.orchestra.run.smithi099.stdout:/usr/bin/ceph: stderr
2023-07-14T17:28:38.748+0000 7fd5f97fa700 1 -- 172.21.15.99:0/113826603 <== mon.0 v2:172.21.15.99:3300/0 6 ==== mon_command_ack([{"prefix": "get_command_descriptions"}]=0 v0) v1 ==== 72+0+178025 (secure 0 0 0) 0x7fd5ec018530 con 0x7fd5fc07bde0
2023-07-14T17:28:39.497 INFO:teuthology.orchestra.run.smithi099.stdout:/usr/bin/ceph: stderr
2023-07-14T17:28:39.051+0000 7fd60236d700 1 -- 172.21.15.99:0/113826603 --> [v2:172.21.15.99:3300/0,v1:172.21.15.99:6789/0] -- mon_command([{prefix=config-key set, key=mgr/dashboard/cluster/status}] v 0) v1 -- 0x7fd5fc19ed80 con 0x7fd5fc07bde0
2023-07-14T17:28:39.497 INFO:teuthology.orchestra.run.smithi099.stdout:/usr/bin/ceph: stderr
2023-07-14T17:28:39.054+0000 7fd5f97fa700 1 -- 172.21.15.99:0/113826603 <== mon.0 v2:172.21.15.99:3300/0 7 ==== mon_command_ack([{prefix=config-key set, key=mgr/dashboard/cluster/status}]=0 set mgr/dashboard/cluster/status v28)=0 set mgr/dashboard/cluster/status v28) v1 ==== 153+0+0 (secure 0 0 0) 0x7fd5ec018350 con 0x7fd5fc07bde0
2023-07-14T17:28:39.497 INFO:teuthology.orchestra.run.smithi099.stdout:/usr/bin/ceph: stderr
2023-07-14T17:28:39.056+0000 7fd60236d700 1 -- 172.21.15.99:0/113826603 >> [v2:172.21.15.99:6800/3199168413,v1:172.21.15.99:6801/3199168413] conn(0x7fd5e4038800 msgr2=0x7fd5e403acb0 secure :-1 s=STATE_CONNECTION_ESTABLISHED l=1).mark_down
2023-07-14T17:28:39.497 INFO:teuthology.orchestra.run.smithi099.stdout:/usr/bin/ceph: stderr
2023-07-14T17:28:39.056+0000 7fd60236d700 1 --2- 172.21.15.99:0/113826603 >> [v2:172.21.15.99:6800/3199168413,v1:172.21.15.99:6801/3199168413] conn(0x7fd5e4038800 0x7fd5e403acb0 secure :-1 s=READY pgs=11 cs=0 l=1 rev1=1 crypto rx=0x7fd5f0006fd0 tx=0x7fd5f0006e40 comp rx=0 tx=0).stop
2023-07-14T17:28:39.497 INFO:teuthology.orchestra.run.smithi099.stdout:/usr/bin/ceph: stderr
2023-07-14T17:28:39.056+0000 7fd60236d700 1 -- 172.21.15.99:0/113826603 >> [v2:172.21.15.99:3300/0,v1:172.21.15.99:6789/0] conn(0x7fd5fc07bde0 msgr2=0x7fd5fc19b3c0 secure :-1 s=STATE_CONNECTION_ESTABLISHED l=1).mark_down
2023-07-14T17:28:39.497 INFO:teuthology.orchestra.run.smithi099.stdout:/usr/bin/ceph: stderr
2023-07-14T17:28:39.056+0000 7fd60236d700 1 --2- 172.21.15.99:0/113826603 >> [v2:172.21.15.99:3300/0,v1:172.21.15.99:6789/0] conn(0x7fd5fc07bde0 0x7fd5fc19b3c0 secure :-1 s=READY pgs=79 cs=0 l=1 rev1=1 crypto rx=0x7fd5ec000c00 tx=0x7fd5ec011a30 comp rx=0 tx=0).stop
2023-07-14T17:28:39.497 INFO:teuthology.orchestra.run.smithi099.stdout:/usr/bin/ceph: stderr
2023-07-14T17:28:39.056+0000 7fd60236d700 1 -- 172.21.15.99:0/113826603 shutdown_connections
2023-07-14T17:28:39.497 INFO:teuthology.orchestra.run.smithi099.stdout:/usr/bin/ceph: stderr
2023-07-14T17:28:39.056+0000 7fd60236d700 1 --2- 172.21.15.99:0/113826603 >> [v2:172.21.15.99:6800/3199168413,v1:172.21.15.99:6801/3199168413] conn(0x7fd5e4038800 0x7fd5e403acb0 unknown :-1 s=CLOSED pgs=11 cs=0 l=1 rev1=1 crypto rx=0 tx=0 comp rx=0 tx=0).stop
2023-07-14T17:28:39.498 INFO:teuthology.orchestra.run.smithi099.stdout:/usr/bin/ceph: stderr
2023-07-14T17:28:39.056+0000 7fd60236d700 1 --2- 172.21.15.99:0/113826603 >> [v2:172.21.15.99:3300/0,v1:172.21.15.99:6789/0] conn(0x7fd5fc07bde0 0x7fd5fc19b3c0 unknown :-1 s=CLOSED pgs=79 cs=0 l=1 rev1=1 crypto rx=0 tx=0 comp rx=0 tx=0).stop
2023-07-14T17:28:39.498 INFO:teuthology.orchestra.run.smithi099.stdout:/usr/bin/ceph: stderr
2023-07-14T17:28:39.056+0000 7fd60236d700 1 -- 172.21.15.99:0/113826603 >> 172.21.15.99:0/113826603 conn(0x7fd5fc100ac0 msgr2=0x7fd5fc102180 unknown :-1 s=STATE_NONE l=0).mark_down
2023-07-14T17:28:39.498 INFO:teuthology.orchestra.run.smithi099.stdout:/usr/bin/ceph: stderr
2023-07-14T17:28:39.056+0000 7fd60236d700 1 -- 172.21.15.99:0/113826603 shutdown_connections
2023-07-14T17:28:39.498 INFO:teuthology.orchestra.run.smithi099.stdout:/usr/bin/ceph: stderr
2023-07-14T17:28:39.056+0000 7fd60236d700 1 -- 172.21.15.99:0/113826603 wait complete.
2023-07-14T17:28:39.498 INFO:teuthology.orchestra.run.smithi099.stdout:/usr/bin/ceph: stderr set mgr/dashboard/cluster/status
2023-07-14T17:28:39.499 INFO:teuthology.orchestra.run.smithi099.stdout:You can access the Ceph CLI as following in case of multi-cluster or non-default config:
2023-07-14T17:28:39.499 INFO:teuthology.orchestra.run.smithi099.stdout:
2023-07-14T17:28:39.499 INFO:teuthology.orchestra.run.smithi099.stdout: sudo /home/ubuntu/cephtest/cephadm shell --fsid 9329ceb0-226b-11ee-9b33-001a4aab830c -c /etc/ceph/ceph.conf -k /etc/ceph/ceph.client.admin.keyring
2023-07-14T17:28:39.499 INFO:teuthology.orchestra.run.smithi099.stdout:
2023-07-14T17:28:39.500 INFO:teuthology.orchestra.run.smithi099.stdout:Or, if you are only running a single cluster on this host:
2023-07-14T17:28:39.500 INFO:teuthology.orchestra.run.smithi099.stdout:
2023-07-14T17:28:39.500 INFO:teuthology.orchestra.run.smithi099.stdout: sudo /home/ubuntu/cephtest/cephadm shell
2023-07-14T17:28:39.500 INFO:teuthology.orchestra.run.smithi099.stdout:
2023-07-14T17:28:39.500 INFO:teuthology.orchestra.run.smithi099.stdout:Please consider enabling telemetry to help improve Ceph:
2023-07-14T17:28:39.500 INFO:teuthology.orchestra.run.smithi099.stdout:
2023-07-14T17:28:39.501 INFO:teuthology.orchestra.run.smithi099.stdout: ceph telemetry on
2023-07-14T17:28:39.501 INFO:teuthology.orchestra.run.smithi099.stdout:
2023-07-14T17:28:39.501 INFO:teuthology.orchestra.run.smithi099.stdout:For more information see:
2023-07-14T17:28:39.501 INFO:teuthology.orchestra.run.smithi099.stdout:
2023-07-14T17:28:39.501 INFO:teuthology.orchestra.run.smithi099.stdout: https://docs.ceph.com/en/latest/mgr/telemetry/
2023-07-14T17:28:39.501 INFO:teuthology.orchestra.run.smithi099.stdout:
2023-07-14T17:28:39.501 INFO:teuthology.orchestra.run.smithi099.stdout:Bootstrap complete.
2023-07-14T17:28:39.547 INFO:tasks.cephadm:Fetching config...
2023-07-14T17:28:39.548 DEBUG:teuthology.orchestra.run.smithi099:> set -ex
2023-07-14T17:28:39.549 DEBUG:teuthology.orchestra.run.smithi099:> dd if=/etc/ceph/ceph.conf of=/dev/stdout
2023-07-14T17:28:39.595 INFO:tasks.cephadm:Fetching client.admin keyring...
2023-07-14T17:28:39.596 DEBUG:teuthology.orchestra.run.smithi099:> set -ex
2023-07-14T17:28:39.596 DEBUG:teuthology.orchestra.run.smithi099:> dd if=/etc/ceph/ceph.client.admin.keyring of=/dev/stdout
2023-07-14T17:28:39.685 INFO:tasks.cephadm:Fetching mon keyring...
2023-07-14T17:28:39.685 DEBUG:teuthology.orchestra.run.smithi099:> set -ex
2023-07-14T17:28:39.686 DEBUG:teuthology.orchestra.run.smithi099:> sudo dd if=/var/lib/ceph/9329ceb0-226b-11ee-9b33-001a4aab830c/mon.a/keyring of=/dev/stdout
2023-07-14T17:28:39.797 INFO:tasks.cephadm:Fetching pub ssh key...
2023-07-14T17:28:39.798 DEBUG:teuthology.orchestra.run.smithi099:> set -ex
2023-07-14T17:28:39.798 DEBUG:teuthology.orchestra.run.smithi099:> dd if=/home/ubuntu/cephtest/ceph.pub of=/dev/stdout
2023-07-14T17:28:39.885 INFO:tasks.cephadm:Installing pub ssh key for root users...
2023-07-14T17:28:39.886 DEBUG:teuthology.orchestra.run.smithi099:> sudo install -d -m 0700 /root/.ssh && echo 'ssh-rsa AAAAB3NzaC1yc2EAAAADAQABAAABgQCgvY8nQCSSJ0D22vjWLcgG6U142jJ0ZQjMMy0hnNxzZOWFiAF6L6QYp91xp433Z/V06dyWCdnsd/tcogU8tLIfRRXVbA4mN3JRCWJe8/u2q69Q1pC+AGNiPHNt+rQM8uBJIE7TZ+Fp/iVSzoDoFMRI9pOkv428/z8ZX3+1IpKut6laVVGiVnknXXlV91E1rQoUd78QLVd8jLZXik9dD5eP/ZnMLU0dt1djILVgzHmlaOkx8IFxKVNBCWgg/byKJ6QnXlaPvAGLe6/WEvtaew5Ob7IA0yzT1xsfFeqG9ZLtqh4LbSH8tARqZSUxYPXSytYJIBcSxJ/3mai3ZrY6/kdtR8z+xsKOeSjjCZlPRsB9cwaAP/8tR2Rmu8c9pBa5ECEbF0HJVXtBAoNR2cngYTpkmFfGns/zElm7cG5sAlaJI7h/D795cto19x064YEtCydgd0kK7GqsWqY3VYB5eQErK5uDKv3uZpoG4l1eZo3tRcEFg3AA/qytk9k/lE3PKzc= ceph-9329ceb0-226b-11ee-9b33-001a4aab830c' | sudo tee -a /root/.ssh/authorized_keys && sudo chmod 0600 /root/.ssh/authorized_keys
2023-07-14T17:28:40.028 INFO:teuthology.orchestra.run.smithi099.stdout:ssh-rsa AAAAB3NzaC1yc2EAAAADAQABAAABgQCgvY8nQCSSJ0D22vjWLcgG6U142jJ0ZQjMMy0hnNxzZOWFiAF6L6QYp91xp433Z/V06dyWCdnsd/tcogU8tLIfRRXVbA4mN3JRCWJe8/u2q69Q1pC+AGNiPHNt+rQM8uBJIE7TZ+Fp/iVSzoDoFMRI9pOkv428/z8ZX3+1IpKut6laVVGiVnknXXlV91E1rQoUd78QLVd8jLZXik9dD5eP/ZnMLU0dt1djILVgzHmlaOkx8IFxKVNBCWgg/byKJ6QnXlaPvAGLe6/WEvtaew5Ob7IA0yzT1xsfFeqG9ZLtqh4LbSH8tARqZSUxYPXSytYJIBcSxJ/3mai3ZrY6/kdtR8z+xsKOeSjjCZlPRsB9cwaAP/8tR2Rmu8c9pBa5ECEbF0HJVXtBAoNR2cngYTpkmFfGns/zElm7cG5sAlaJI7h/D795cto19x064YEtCydgd0kK7GqsWqY3VYB5eQErK5uDKv3uZpoG4l1eZo3tRcEFg3AA/qytk9k/lE3PKzc= ceph-9329ceb0-226b-11ee-9b33-001a4aab830c
2023-07-14T17:28:40.059 DEBUG:teuthology.orchestra.run.smithi172:> sudo install -d -m 0700 /root/.ssh && echo 'ssh-rsa AAAAB3NzaC1yc2EAAAADAQABAAABgQCgvY8nQCSSJ0D22vjWLcgG6U142jJ0ZQjMMy0hnNxzZOWFiAF6L6QYp91xp433Z/V06dyWCdnsd/tcogU8tLIfRRXVbA4mN3JRCWJe8/u2q69Q1pC+AGNiPHNt+rQM8uBJIE7TZ+Fp/iVSzoDoFMRI9pOkv428/z8ZX3+1IpKut6laVVGiVnknXXlV91E1rQoUd78QLVd8jLZXik9dD5eP/ZnMLU0dt1djILVgzHmlaOkx8IFxKVNBCWgg/byKJ6QnXlaPvAGLe6/WEvtaew5Ob7IA0yzT1xsfFeqG9ZLtqh4LbSH8tARqZSUxYPXSytYJIBcSxJ/3mai3ZrY6/kdtR8z+xsKOeSjjCZlPRsB9cwaAP/8tR2Rmu8c9pBa5ECEbF0HJVXtBAoNR2cngYTpkmFfGns/zElm7cG5sAlaJI7h/D795cto19x064YEtCydgd0kK7GqsWqY3VYB5eQErK5uDKv3uZpoG4l1eZo3tRcEFg3AA/qytk9k/lE3PKzc= ceph-9329ceb0-226b-11ee-9b33-001a4aab830c' | sudo tee -a /root/.ssh/authorized_keys && sudo chmod 0600 /root/.ssh/authorized_keys
2023-07-14T17:28:40.104 INFO:teuthology.orchestra.run.smithi172.stdout:ssh-rsa AAAAB3NzaC1yc2EAAAADAQABAAABgQCgvY8nQCSSJ0D22vjWLcgG6U142jJ0ZQjMMy0hnNxzZOWFiAF6L6QYp91xp433Z/V06dyWCdnsd/tcogU8tLIfRRXVbA4mN3JRCWJe8/u2q69Q1pC+AGNiPHNt+rQM8uBJIE7TZ+Fp/iVSzoDoFMRI9pOkv428/z8ZX3+1IpKut6laVVGiVnknXXlV91E1rQoUd78QLVd8jLZXik9dD5eP/ZnMLU0dt1djILVgzHmlaOkx8IFxKVNBCWgg/byKJ6QnXlaPvAGLe6/WEvtaew5Ob7IA0yzT1xsfFeqG9ZLtqh4LbSH8tARqZSUxYPXSytYJIBcSxJ/3mai3ZrY6/kdtR8z+xsKOeSjjCZlPRsB9cwaAP/8tR2Rmu8c9pBa5ECEbF0HJVXtBAoNR2cngYTpkmFfGns/zElm7cG5sAlaJI7h/D795cto19x064YEtCydgd0kK7GqsWqY3VYB5eQErK5uDKv3uZpoG4l1eZo3tRcEFg3AA/qytk9k/lE3PKzc= ceph-9329ceb0-226b-11ee-9b33-001a4aab830c
2023-07-14T17:28:40.116 DEBUG:teuthology.orchestra.run.smithi184:> sudo install -d -m 0700 /root/.ssh && echo 'ssh-rsa AAAAB3NzaC1yc2EAAAADAQABAAABgQCgvY8nQCSSJ0D22vjWLcgG6U142jJ0ZQjMMy0hnNxzZOWFiAF6L6QYp91xp433Z/V06dyWCdnsd/tcogU8tLIfRRXVbA4mN3JRCWJe8/u2q69Q1pC+AGNiPHNt+rQM8uBJIE7TZ+Fp/iVSzoDoFMRI9pOkv428/z8ZX3+1IpKut6laVVGiVnknXXlV91E1rQoUd78QLVd8jLZXik9dD5eP/ZnMLU0dt1djILVgzHmlaOkx8IFxKVNBCWgg/byKJ6QnXlaPvAGLe6/WEvtaew5Ob7IA0yzT1xsfFeqG9ZLtqh4LbSH8tARqZSUxYPXSytYJIBcSxJ/3mai3ZrY6/kdtR8z+xsKOeSjjCZlPRsB9cwaAP/8tR2Rmu8c9pBa5ECEbF0HJVXtBAoNR2cngYTpkmFfGns/zElm7cG5sAlaJI7h/D795cto19x064YEtCydgd0kK7GqsWqY3VYB5eQErK5uDKv3uZpoG4l1eZo3tRcEFg3AA/qytk9k/lE3PKzc= ceph-9329ceb0-226b-11ee-9b33-001a4aab830c' | sudo tee -a /root/.ssh/authorized_keys && sudo chmod 0600 /root/.ssh/authorized_keys
2023-07-14T17:28:40.161 INFO:teuthology.orchestra.run.smithi184.stdout:ssh-rsa AAAAB3NzaC1yc2EAAAADAQABAAABgQCgvY8nQCSSJ0D22vjWLcgG6U142jJ0ZQjMMy0hnNxzZOWFiAF6L6QYp91xp433Z/V06dyWCdnsd/tcogU8tLIfRRXVbA4mN3JRCWJe8/u2q69Q1pC+AGNiPHNt+rQM8uBJIE7TZ+Fp/iVSzoDoFMRI9pOkv428/z8ZX3+1IpKut6laVVGiVnknXXlV91E1rQoUd78QLVd8jLZXik9dD5eP/ZnMLU0dt1djILVgzHmlaOkx8IFxKVNBCWgg/byKJ6QnXlaPvAGLe6/WEvtaew5Ob7IA0yzT1xsfFeqG9ZLtqh4LbSH8tARqZSUxYPXSytYJIBcSxJ/3mai3ZrY6/kdtR8z+xsKOeSjjCZlPRsB9cwaAP/8tR2Rmu8c9pBa5ECEbF0HJVXtBAoNR2cngYTpkmFfGns/zElm7cG5sAlaJI7h/D795cto19x064YEtCydgd0kK7GqsWqY3VYB5eQErK5uDKv3uZpoG4l1eZo3tRcEFg3AA/qytk9k/lE3PKzc= ceph-9329ceb0-226b-11ee-9b33-001a4aab830c
2023-07-14T17:28:40.174 DEBUG:teuthology.orchestra.run.smithi099:> sudo /home/ubuntu/cephtest/cephadm --image quay-quay-quay.apps.os.sepia.ceph.com/ceph-ci/ceph:81c9387d2e7576da065747ec9c16d1c7d69016ec shell -c /etc/ceph/ceph.conf -k /etc/ceph/ceph.client.admin.keyring --fsid 9329ceb0-226b-11ee-9b33-001a4aab830c -- ceph config set mgr mgr/cephadm/allow_ptrace true
2023-07-14T17:28:40.432 INFO:journalctl@ceph.mon.a.smithi099.stdout:Jul 14 17:28:40 smithi099 ceph-mon[95485]: from='client.? 172.21.15.99:0/113826603' entity='client.admin'
2023-07-14T17:28:41.262 INFO:teuthology.orchestra.run.smithi099.stderr:Inferring config /var/lib/ceph/9329ceb0-226b-11ee-9b33-001a4aab830c/mon.a/config
2023-07-14T17:28:42.625 INFO:journalctl@ceph.mon.a.smithi099.stdout:Jul 14 17:28:42 smithi099 ceph-mon[95485]: from='mgr.14152 172.21.15.99:0/2130572922' entity='mgr.x'
2023-07-14T17:28:42.626 INFO:journalctl@ceph.mon.a.smithi099.stdout:Jul 14 17:28:42 smithi099 ceph-mon[95485]: from='mgr.14152 172.21.15.99:0/2130572922' entity='mgr.x'
2023-07-14T17:28:42.626 INFO:journalctl@ceph.mon.a.smithi099.stdout:Jul 14 17:28:42 smithi099 ceph-mon[95485]: from='mgr.14152 172.21.15.99:0/2130572922' entity='mgr.x' cmd=[{"prefix": "config rm", "who": "osd/host:smithi099", "name": "osd_memory_target"}]: dispatch
2023-07-14T17:28:42.626 INFO:journalctl@ceph.mon.a.smithi099.stdout:Jul 14 17:28:42 smithi099 ceph-mon[95485]: from='mgr.14152 172.21.15.99:0/2130572922' entity='mgr.x'
2023-07-14T17:28:42.627 INFO:journalctl@ceph.mon.a.smithi099.stdout:Jul 14 17:28:42 smithi099 ceph-mon[95485]: from='mgr.14152 172.21.15.99:0/2130572922' entity='mgr.x' cmd=[{"prefix": "config dump", "format": "json"}]: dispatch
2023-07-14T17:28:42.627 INFO:journalctl@ceph.mon.a.smithi099.stdout:Jul 14 17:28:42 smithi099 ceph-mon[95485]: from='mgr.14152 172.21.15.99:0/2130572922' entity='mgr.x'
2023-07-14T17:28:43.189 INFO:teuthology.orchestra.run.smithi099.stderr:2023-07-14T17:28:43.194+0000 7f98a8c10700 1 -- 172.21.15.99:0/1019099556 >> [v2:172.21.15.99:3300/0,v1:172.21.15.99:6789/0] conn(0x7f98a40ff710 msgr2=0x7f98a40ffb20 secure :-1 s=STATE_CONNECTION_ESTABLISHED l=1).mark_down
2023-07-14T17:28:43.190 INFO:teuthology.orchestra.run.smithi099.stderr:2023-07-14T17:28:43.194+0000 7f98a8c10700 1 --2- 172.21.15.99:0/1019099556 >> [v2:172.21.15.99:3300/0,v1:172.21.15.99:6789/0] conn(0x7f98a40ff710 0x7f98a40ffb20 secure :-1 s=READY pgs=80 cs=0 l=1 rev1=1 crypto rx=0x7f9894009910 tx=0x7f9894009c20 comp rx=0 tx=0).stop
2023-07-14T17:28:43.190 INFO:teuthology.orchestra.run.smithi099.stderr:2023-07-14T17:28:43.194+0000 7f98a8c10700 1 -- 172.21.15.99:0/1019099556 shutdown_connections
2023-07-14T17:28:43.190 INFO:teuthology.orchestra.run.smithi099.stderr:2023-07-14T17:28:43.194+0000 7f98a8c10700 1 --2- 172.21.15.99:0/1019099556 >> [v2:172.21.15.99:3300/0,v1:172.21.15.99:6789/0] conn(0x7f98a40ff710 0x7f98a40ffb20 unknown :-1 s=CLOSED pgs=80 cs=0 l=1 rev1=1 crypto rx=0 tx=0 comp rx=0 tx=0).stop
2023-07-14T17:28:43.190 INFO:teuthology.orchestra.run.smithi099.stderr:2023-07-14T17:28:43.194+0000 7f98a8c10700 1 -- 172.21.15.99:0/1019099556 >> 172.21.15.99:0/1019099556 conn(0x7f98a40facc0 msgr2=0x7f98a40fd0f0 unknown :-1 s=STATE_NONE l=0).mark_down
2023-07-14T17:28:43.190 INFO:teuthology.orchestra.run.smithi099.stderr:2023-07-14T17:28:43.194+0000 7f98a8c10700 1 -- 172.21.15.99:0/1019099556 shutdown_connections
2023-07-14T17:28:43.190 INFO:teuthology.orchestra.run.smithi099.stderr:2023-07-14T17:28:43.194+0000 7f98a8c10700 1 -- 172.21.15.99:0/1019099556 wait complete.
2023-07-14T17:28:43.191 INFO:teuthology.orchestra.run.smithi099.stderr:2023-07-14T17:28:43.195+0000 7f98a8c10700 1 Processor -- start
2023-07-14T17:28:43.192 INFO:teuthology.orchestra.run.smithi099.stderr:2023-07-14T17:28:43.195+0000 7f98a8c10700 1 -- start start
2023-07-14T17:28:43.192 INFO:teuthology.orchestra.run.smithi099.stderr:2023-07-14T17:28:43.196+0000 7f98a8c10700 1 --2- >> [v2:172.21.15.99:3300/0,v1:172.21.15.99:6789/0] conn(0x7f98a40ff710 0x7f98a4194880 unknown :-1 s=NONE pgs=0 cs=0 l=1 rev1=0 crypto rx=0 tx=0 comp rx=0 tx=0).connect
2023-07-14T17:28:43.192 INFO:teuthology.orchestra.run.smithi099.stderr:2023-07-14T17:28:43.196+0000 7f98a8c10700 1 -- --> [v2:172.21.15.99:3300/0,v1:172.21.15.99:6789/0] -- mon_getmap magic: 0 v1 -- 0x7f98a4194dc0 con 0x7f98a40ff710
2023-07-14T17:28:43.192 INFO:teuthology.orchestra.run.smithi099.stderr:2023-07-14T17:28:43.196+0000 7f98a259c700 1 --2- >> [v2:172.21.15.99:3300/0,v1:172.21.15.99:6789/0] conn(0x7f98a40ff710 0x7f98a4194880 unknown :-1 s=BANNER_CONNECTING pgs=0 cs=0 l=1 rev1=0 crypto rx=0 tx=0 comp rx=0 tx=0)._handle_peer_banner_payload supported=3 required=0
2023-07-14T17:28:43.192 INFO:teuthology.orchestra.run.smithi099.stderr:2023-07-14T17:28:43.196+0000 7f98a259c700 1 --2- >> [v2:172.21.15.99:3300/0,v1:172.21.15.99:6789/0] conn(0x7f98a40ff710 0x7f98a4194880 unknown :-1 s=HELLO_CONNECTING pgs=0 cs=0 l=1 rev1=1 crypto rx=0 tx=0 comp rx=0 tx=0).handle_hello peer v2:172.21.15.99:3300/0 says I am v2:172.21.15.99:33016/0 (socket says 172.21.15.99:33016)
2023-07-14T17:28:43.192 INFO:teuthology.orchestra.run.smithi099.stderr:2023-07-14T17:28:43.196+0000 7f98a259c700 1 -- 172.21.15.99:0/4083407560 learned_addr learned my addr 172.21.15.99:0/4083407560 (peer_addr_for_me v2:172.21.15.99:0/0)
2023-07-14T17:28:43.193 INFO:teuthology.orchestra.run.smithi099.stderr:2023-07-14T17:28:43.196+0000 7f98a259c700 1 -- 172.21.15.99:0/4083407560 --> [v2:172.21.15.99:3300/0,v1:172.21.15.99:6789/0] -- mon_subscribe({config=0+,monmap=0+}) v3 -- 0x7f98940095f0 con 0x7f98a40ff710
2023-07-14T17:28:43.193 INFO:teuthology.orchestra.run.smithi099.stderr:2023-07-14T17:28:43.196+0000 7f98a259c700 1 --2- 172.21.15.99:0/4083407560 >> [v2:172.21.15.99:3300/0,v1:172.21.15.99:6789/0] conn(0x7f98a40ff710 0x7f98a4194880 secure :-1 s=READY pgs=81 cs=0 l=1 rev1=1 crypto rx=0x7f9894004f40 tx=0x7f98940057c0 comp rx=0 tx=0).ready entity=mon.0 client_cookie=0 server_cookie=0 in_seq=0 out_seq=0
2023-07-14T17:28:43.193 INFO:teuthology.orchestra.run.smithi099.stderr:2023-07-14T17:28:43.197+0000 7f98937fe700 1 -- 172.21.15.99:0/4083407560 <== mon.0 v2:172.21.15.99:3300/0 1 ==== mon_map magic: 0 v1 ==== 205+0+0 (secure 0 0 0) 0x7f989401d070 con 0x7f98a40ff710
2023-07-14T17:28:43.193 INFO:teuthology.orchestra.run.smithi099.stderr:2023-07-14T17:28:43.197+0000 7f98a8c10700 1 -- 172.21.15.99:0/4083407560 --> [v2:172.21.15.99:3300/0,v1:172.21.15.99:6789/0] -- mon_subscribe({mgrmap=0+}) v3 -- 0x7f98a4194fc0 con 0x7f98a40ff710
2023-07-14T17:28:43.193 INFO:teuthology.orchestra.run.smithi099.stderr:2023-07-14T17:28:43.197+0000 7f98937fe700 1 -- 172.21.15.99:0/4083407560 <== mon.0 v2:172.21.15.99:3300/0 2 ==== config(26 keys) v1 ==== 1105+0+0 (secure 0 0 0) 0x7f989400bc10 con 0x7f98a40ff710
2023-07-14T17:28:43.193 INFO:teuthology.orchestra.run.smithi099.stderr:2023-07-14T17:28:43.197+0000 7f98937fe700 1 -- 172.21.15.99:0/4083407560 <== mon.0 v2:172.21.15.99:3300/0 3 ==== mon_map magic: 0 v1 ==== 205+0+0 (secure 0 0 0) 0x7f9894003a70 con 0x7f98a40ff710
2023-07-14T17:28:43.193 INFO:teuthology.orchestra.run.smithi099.stderr:2023-07-14T17:28:43.197+0000 7f98a8c10700 1 -- 172.21.15.99:0/4083407560 --> [v2:172.21.15.99:3300/0,v1:172.21.15.99:6789/0] -- mon_subscribe({osdmap=0}) v3 -- 0x7f98a4195460 con 0x7f98a40ff710
2023-07-14T17:28:43.194 INFO:teuthology.orchestra.run.smithi099.stderr:2023-07-14T17:28:43.198+0000 7f98a8c10700 1 -- 172.21.15.99:0/4083407560 --> [v2:172.21.15.99:3300/0,v1:172.21.15.99:6789/0] -- mon_command({"prefix": "get_command_descriptions"} v 0) v1 -- 0x7f98a418e2e0 con 0x7f98a40ff710
2023-07-14T17:28:43.194 INFO:teuthology.orchestra.run.smithi099.stderr:2023-07-14T17:28:43.198+0000 7f98937fe700 1 -- 172.21.15.99:0/4083407560 <== mon.0 v2:172.21.15.99:3300/0 4 ==== mgrmap(e 13) v1 ==== 45539+0+0 (secure 0 0 0) 0x7f9894003d30 con 0x7f98a40ff710
2023-07-14T17:28:43.195 INFO:teuthology.orchestra.run.smithi099.stderr:2023-07-14T17:28:43.198+0000 7f98937fe700 1 --2- 172.21.15.99:0/4083407560 >> [v2:172.21.15.99:6800/3199168413,v1:172.21.15.99:6801/3199168413] conn(0x7f988c0387b0 0x7f988c03ac60 unknown :-1 s=NONE pgs=0 cs=0 l=1 rev1=0 crypto rx=0 tx=0 comp rx=0 tx=0).connect
2023-07-14T17:28:43.195 INFO:teuthology.orchestra.run.smithi099.stderr:2023-07-14T17:28:43.199+0000 7f98937fe700 1 -- 172.21.15.99:0/4083407560 <== mon.0 v2:172.21.15.99:3300/0 5 ==== osd_map(3..3 src has 1..3) v4 ==== 1155+0+0 (secure 0 0 0) 0x7f989404c570 con 0x7f98a40ff710
2023-07-14T17:28:43.195 INFO:teuthology.orchestra.run.smithi099.stderr:2023-07-14T17:28:43.199+0000 7f98a1d9b700 1 --2- 172.21.15.99:0/4083407560 >> [v2:172.21.15.99:6800/3199168413,v1:172.21.15.99:6801/3199168413] conn(0x7f988c0387b0 0x7f988c03ac60 unknown :-1 s=BANNER_CONNECTING pgs=0 cs=0 l=1 rev1=0 crypto rx=0 tx=0 comp rx=0 tx=0)._handle_peer_banner_payload supported=3 required=0
2023-07-14T17:28:43.195 INFO:teuthology.orchestra.run.smithi099.stderr:2023-07-14T17:28:43.199+0000 7f98a1d9b700 1 --2- 172.21.15.99:0/4083407560 >> [v2:172.21.15.99:6800/3199168413,v1:172.21.15.99:6801/3199168413] conn(0x7f988c0387b0 0x7f988c03ac60 secure :-1 s=READY pgs=12 cs=0 l=1 rev1=1 crypto rx=0x7f9898006fd0 tx=0x7f9898006e40 comp rx=0 tx=0).ready entity=mgr.14152 client_cookie=0 server_cookie=0 in_seq=0 out_seq=0
2023-07-14T17:28:43.198 INFO:teuthology.orchestra.run.smithi099.stderr:2023-07-14T17:28:43.203+0000 7f98937fe700 1 -- 172.21.15.99:0/4083407560 <== mon.0 v2:172.21.15.99:3300/0 6 ==== mon_command_ack([{"prefix": "get_command_descriptions"}]=0 v0) v1 ==== 72+0+178025 (secure 0 0 0) 0x7f989402abf0 con 0x7f98a40ff710
2023-07-14T17:28:43.391 INFO:teuthology.orchestra.run.smithi099.stderr:2023-07-14T17:28:43.396+0000 7f98a8c10700 1 -- 172.21.15.99:0/4083407560 --> [v2:172.21.15.99:3300/0,v1:172.21.15.99:6789/0] -- mon_command([{prefix=config set, name=mgr/cephadm/allow_ptrace}] v 0) v1 -- 0x7f98a402c8e0 con 0x7f98a40ff710
2023-07-14T17:28:43.394 INFO:teuthology.orchestra.run.smithi099.stderr:2023-07-14T17:28:43.399+0000 7f98937fe700 1 -- 172.21.15.99:0/4083407560 <== mon.0 v2:172.21.15.99:3300/0 7 ==== mon_command_ack([{prefix=config set, name=mgr/cephadm/allow_ptrace}]=0 v9)=0 v9) v1 ==== 125+0+0 (secure 0 0 0) 0x7f9894026070 con 0x7f98a40ff710
2023-07-14T17:28:43.397 INFO:teuthology.orchestra.run.smithi099.stderr:2023-07-14T17:28:43.402+0000 7f98a8c10700 1 -- 172.21.15.99:0/4083407560 >> [v2:172.21.15.99:6800/3199168413,v1:172.21.15.99:6801/3199168413] conn(0x7f988c0387b0 msgr2=0x7f988c03ac60 secure :-1 s=STATE_CONNECTION_ESTABLISHED l=1).mark_down
2023-07-14T17:28:43.397 INFO:teuthology.orchestra.run.smithi099.stderr:2023-07-14T17:28:43.402+0000 7f98a8c10700 1 --2- 172.21.15.99:0/4083407560 >> [v2:172.21.15.99:6800/3199168413,v1:172.21.15.99:6801/3199168413] conn(0x7f988c0387b0 0x7f988c03ac60 secure :-1 s=READY pgs=12 cs=0 l=1 rev1=1 crypto rx=0x7f9898006fd0 tx=0x7f9898006e40 comp rx=0 tx=0).stop
2023-07-14T17:28:43.397 INFO:teuthology.orchestra.run.smithi099.stderr:2023-07-14T17:28:43.402+0000 7f98a8c10700 1 -- 172.21.15.99:0/4083407560 >> [v2:172.21.15.99:3300/0,v1:172.21.15.99:6789/0] conn(0x7f98a40ff710 msgr2=0x7f98a4194880 secure :-1 s=STATE_CONNECTION_ESTABLISHED l=1).mark_down
2023-07-14T17:28:43.398 INFO:teuthology.orchestra.run.smithi099.stderr:2023-07-14T17:28:43.402+0000 7f98a8c10700 1 --2- 172.21.15.99:0/4083407560 >> [v2:172.21.15.99:3300/0,v1:172.21.15.99:6789/0] conn(0x7f98a40ff710 0x7f98a4194880 secure :-1 s=READY pgs=81 cs=0 l=1 rev1=1 crypto rx=0x7f9894004f40 tx=0x7f98940057c0 comp rx=0 tx=0).stop
2023-07-14T17:28:43.398 INFO:teuthology.orchestra.run.smithi099.stderr:2023-07-14T17:28:43.402+0000 7f98a8c10700 1 -- 172.21.15.99:0/4083407560 shutdown_connections
2023-07-14T17:28:43.398 INFO:teuthology.orchestra.run.smithi099.stderr:2023-07-14T17:28:43.402+0000 7f98a8c10700 1 --2- 172.21.15.99:0/4083407560 >> [v2:172.21.15.99:6800/3199168413,v1:172.21.15.99:6801/3199168413] conn(0x7f988c0387b0 0x7f988c03ac60 unknown :-1 s=CLOSED pgs=12 cs=0 l=1 rev1=1 crypto rx=0 tx=0 comp rx=0 tx=0).stop
2023-07-14T17:28:43.398 INFO:teuthology.orchestra.run.smithi099.stderr:2023-07-14T17:28:43.402+0000 7f98a8c10700 1 --2- 172.21.15.99:0/4083407560 >> [v2:172.21.15.99:3300/0,v1:172.21.15.99:6789/0] conn(0x7f98a40ff710 0x7f98a4194880 unknown :-1 s=CLOSED pgs=81 cs=0 l=1 rev1=1 crypto rx=0 tx=0 comp rx=0 tx=0).stop
2023-07-14T17:28:43.398 INFO:teuthology.orchestra.run.smithi099.stderr:2023-07-14T17:28:43.402+0000 7f98a8c10700 1 -- 172.21.15.99:0/4083407560 >> 172.21.15.99:0/4083407560 conn(0x7f98a40facc0 msgr2=0x7f98a40fb9f0 unknown :-1 s=STATE_NONE l=0).mark_down
2023-07-14T17:28:43.398 INFO:teuthology.orchestra.run.smithi099.stderr:2023-07-14T17:28:43.402+0000 7f98a8c10700 1 -- 172.21.15.99:0/4083407560 shutdown_connections
2023-07-14T17:28:43.398 INFO:teuthology.orchestra.run.smithi099.stderr:2023-07-14T17:28:43.402+0000 7f98a8c10700 1 -- 172.21.15.99:0/4083407560 wait complete.
2023-07-14T17:28:43.854 INFO:tasks.cephadm:Distributing conf and client.admin keyring to all hosts + 0755
2023-07-14T17:28:43.854 DEBUG:teuthology.orchestra.run.smithi099:> sudo /home/ubuntu/cephtest/cephadm --image quay-quay-quay.apps.os.sepia.ceph.com/ceph-ci/ceph:81c9387d2e7576da065747ec9c16d1c7d69016ec shell -c /etc/ceph/ceph.conf -k /etc/ceph/ceph.client.admin.keyring --fsid 9329ceb0-226b-11ee-9b33-001a4aab830c -- ceph orch client-keyring set client.admin '*' --mode 0755
2023-07-14T17:28:44.572 INFO:teuthology.orchestra.run.smithi099.stderr:Inferring config /var/lib/ceph/9329ceb0-226b-11ee-9b33-001a4aab830c/mon.a/config
2023-07-14T17:28:44.682 INFO:journalctl@ceph.mon.a.smithi099.stdout:Jul 14 17:28:44 smithi099 ceph-mon[95485]: from='client.? 172.21.15.99:0/4083407560' entity='client.admin'
2023-07-14T17:28:44.682 INFO:journalctl@ceph.mon.a.smithi099.stdout:Jul 14 17:28:44 smithi099 ceph-mon[95485]: from='mgr.14152 172.21.15.99:0/2130572922' entity='mgr.x' cmd=[{"prefix": "config dump", "format": "json"}]: dispatch
2023-07-14T17:28:44.682 INFO:journalctl@ceph.mon.a.smithi099.stdout:Jul 14 17:28:44 smithi099 ceph-mon[95485]: from='mgr.14152 172.21.15.99:0/2130572922' entity='mgr.x'
2023-07-14T17:28:45.960 INFO:teuthology.orchestra.run.smithi099.stderr:2023-07-14T17:28:45.965+0000 7f1589286700 1 -- 172.21.15.99:0/3040003 >> [v2:172.21.15.99:3300/0,v1:172.21.15.99:6789/0] conn(0x7f15840ff710 msgr2=0x7f15840ffb20 secure :-1 s=STATE_CONNECTION_ESTABLISHED l=1).mark_down
2023-07-14T17:28:45.961 INFO:teuthology.orchestra.run.smithi099.stderr:2023-07-14T17:28:45.965+0000 7f1589286700 1 --2- 172.21.15.99:0/3040003 >> [v2:172.21.15.99:3300/0,v1:172.21.15.99:6789/0] conn(0x7f15840ff710 0x7f15840ffb20 secure :-1 s=READY pgs=82 cs=0 l=1 rev1=1 crypto rx=0x7f1574009910 tx=0x7f1574009c20 comp rx=0 tx=0).stop
2023-07-14T17:28:45.961 INFO:teuthology.orchestra.run.smithi099.stderr:2023-07-14T17:28:45.965+0000 7f1589286700 1 -- 172.21.15.99:0/3040003 shutdown_connections
2023-07-14T17:28:45.961 INFO:teuthology.orchestra.run.smithi099.stderr:2023-07-14T17:28:45.965+0000 7f1589286700 1 --2- 172.21.15.99:0/3040003 >> [v2:172.21.15.99:3300/0,v1:172.21.15.99:6789/0] conn(0x7f15840ff710 0x7f15840ffb20 unknown :-1 s=CLOSED pgs=82 cs=0 l=1 rev1=1 crypto rx=0 tx=0 comp rx=0 tx=0).stop
