2023-07-14T17:36:15.856 INFO:journalctl@ceph.mgr.x.smithi088.stdout:Jul 14 17:36:15 smithi088 ceph-b462a556-226c-11ee-9b33-001a4aab830c-mgr-x[127710]:
2023-07-14T17:36:15.634+0000 7f757aaae200 -1 mgr[py] Module status has missing NOTIFY_TYPES member
2023-07-14T17:36:15.856 INFO:journalctl@ceph.mgr.x.smithi088.stdout:Jul 14 17:36:15 smithi088 ceph-b462a556-226c-11ee-9b33-001a4aab830c-mgr-x[127710]:
2023-07-14T17:36:15.767+0000 7f757aaae200 -1 mgr[py] Module selftest has missing NOTIFY_TYPES member
2023-07-14T17:36:15.856 INFO:journalctl@ceph.mgr.x.smithi088.stdout:Jul 14 17:36:15 smithi088 ceph-b462a556-226c-11ee-9b33-001a4aab830c-mgr-x[127710]:
2023-07-14T17:36:15.868+0000 7f757aaae200 -1 mgr[py] Module alerts has missing NOTIFY_TYPES member
2023-07-14T17:36:16.140 INFO:teuthology.orchestra.run.smithi088.stdout:/usr/bin/ceph: stdout {
2023-07-14T17:36:16.140 INFO:teuthology.orchestra.run.smithi088.stdout:/usr/bin/ceph: stdout "epoch": 5,
2023-07-14T17:36:16.140 INFO:teuthology.orchestra.run.smithi088.stdout:/usr/bin/ceph: stdout "available": true,
2023-07-14T17:36:16.141 INFO:teuthology.orchestra.run.smithi088.stdout:/usr/bin/ceph: stdout "active_name": "x",
2023-07-14T17:36:16.141 INFO:teuthology.orchestra.run.smithi088.stdout:/usr/bin/ceph: stdout "num_standby": 0
2023-07-14T17:36:16.141 INFO:teuthology.orchestra.run.smithi088.stdout:/usr/bin/ceph: stdout }
2023-07-14T17:36:16.141 INFO:teuthology.orchestra.run.smithi088.stdout:/usr/bin/ceph: stderr
2023-07-14T17:36:15.489+0000 7faa99fef700 1 Processor -- start
2023-07-14T17:36:16.141 INFO:teuthology.orchestra.run.smithi088.stdout:/usr/bin/ceph: stderr
2023-07-14T17:36:15.489+0000 7faa99fef700 1 -- start start
2023-07-14T17:36:16.141 INFO:teuthology.orchestra.run.smithi088.stdout:/usr/bin/ceph: stderr
2023-07-14T17:36:15.489+0000 7faa99fef700 1 --2- >> [v2:172.21.15.88:3300/0,v1:172.21.15.88:6789/0] conn(0x7faa94105cf0 0x7faa941080d0 unknown :-1 s=NONE pgs=0 cs=0 l=0 rev1=0 crypto rx=0 tx=0 comp rx=0 tx=0).connect
2023-07-14T17:36:16.141 INFO:teuthology.orchestra.run.smithi088.stdout:/usr/bin/ceph: stderr
2023-07-14T17:36:15.489+0000 7faa99fef700 1 -- --> [v2:172.21.15.88:3300/0,v1:172.21.15.88:6789/0] -- mon_getmap magic: 0 v1 -- 0x7faa94079d50 con 0x7faa94105cf0
2023-07-14T17:36:16.142 INFO:teuthology.orchestra.run.smithi088.stdout:/usr/bin/ceph: stderr
2023-07-14T17:36:15.489+0000 7faa937fe700 1 --2- >> [v2:172.21.15.88:3300/0,v1:172.21.15.88:6789/0] conn(0x7faa94105cf0 0x7faa941080d0 unknown :-1 s=BANNER_CONNECTING pgs=0 cs=0 l=0 rev1=0 crypto rx=0 tx=0 comp rx=0 tx=0)._handle_peer_banner_payload supported=3 required=0
2023-07-14T17:36:16.142 INFO:teuthology.orchestra.run.smithi088.stdout:/usr/bin/ceph: stderr
2023-07-14T17:36:15.489+0000 7faa937fe700 1 --2- >> [v2:172.21.15.88:3300/0,v1:172.21.15.88:6789/0] conn(0x7faa94105cf0 0x7faa941080d0 unknown :-1 s=HELLO_CONNECTING pgs=0 cs=0 l=0 rev1=1 crypto rx=0 tx=0 comp rx=0 tx=0).handle_hello peer v2:172.21.15.88:3300/0 says I am v2:172.21.15.88:40182/0 (socket says 172.21.15.88:40182)
2023-07-14T17:36:16.142 INFO:teuthology.orchestra.run.smithi088.stdout:/usr/bin/ceph: stderr
2023-07-14T17:36:15.489+0000 7faa937fe700 1 -- 172.21.15.88:0/2449942208 learned_addr learned my addr 172.21.15.88:0/2449942208 (peer_addr_for_me v2:172.21.15.88:0/0)
2023-07-14T17:36:16.142 INFO:teuthology.orchestra.run.smithi088.stdout:/usr/bin/ceph: stderr
2023-07-14T17:36:15.490+0000 7faa937fe700 1 -- 172.21.15.88:0/2449942208 --> [v2:172.21.15.88:3300/0,v1:172.21.15.88:6789/0] -- mon_subscribe({config=0+,monmap=0+}) v3 -- 0x7faa94079e90 con 0x7faa94105cf0
2023-07-14T17:36:16.142 INFO:teuthology.orchestra.run.smithi088.stdout:/usr/bin/ceph: stderr
2023-07-14T17:36:15.490+0000 7faa937fe700 1 --2- 172.21.15.88:0/2449942208 >> [v2:172.21.15.88:3300/0,v1:172.21.15.88:6789/0] conn(0x7faa94105cf0 0x7faa941080d0 secure :-1 s=READY pgs=26 cs=0 l=1 rev1=1 crypto rx=0x7faa840098a0 tx=0x7faa84009bb0 comp rx=0 tx=0).ready entity=mon.0 client_cookie=e8ffe0dbca0b1315 server_cookie=0 in_seq=0 out_seq=0
2023-07-14T17:36:16.142 INFO:teuthology.orchestra.run.smithi088.stdout:/usr/bin/ceph: stderr
2023-07-14T17:36:15.490+0000 7faa927fc700 1 -- 172.21.15.88:0/2449942208 <== mon.0 v2:172.21.15.88:3300/0 1 ==== mon_map magic: 0 v1 ==== 205+0+0 (secure 0 0 0) 0x7faa84004160 con 0x7faa94105cf0
2023-07-14T17:36:16.142 INFO:teuthology.orchestra.run.smithi088.stdout:/usr/bin/ceph: stderr
2023-07-14T17:36:15.490+0000 7faa927fc700 1 -- 172.21.15.88:0/2449942208 <== mon.0 v2:172.21.15.88:3300/0 2 ==== config(25 keys) v1 ==== 1036+0+0 (secure 0 0 0) 0x7faa840042c0 con 0x7faa94105cf0
2023-07-14T17:36:16.143 INFO:teuthology.orchestra.run.smithi088.stdout:/usr/bin/ceph: stderr
2023-07-14T17:36:15.490+0000 7faa927fc700 1 -- 172.21.15.88:0/2449942208 <== mon.0 v2:172.21.15.88:3300/0 3 ==== mon_map magic: 0 v1 ==== 205+0+0 (secure 0 0 0) 0x7faa84011940 con 0x7faa94105cf0
2023-07-14T17:36:16.143 INFO:teuthology.orchestra.run.smithi088.stdout:/usr/bin/ceph: stderr
2023-07-14T17:36:15.490+0000 7faa99fef700 1 -- 172.21.15.88:0/2449942208 >> [v2:172.21.15.88:3300/0,v1:172.21.15.88:6789/0] conn(0x7faa94105cf0 msgr2=0x7faa941080d0 secure :-1 s=STATE_CONNECTION_ESTABLISHED l=1).mark_down
2023-07-14T17:36:16.144 INFO:teuthology.orchestra.run.smithi088.stdout:/usr/bin/ceph: stderr
2023-07-14T17:36:15.490+0000 7faa99fef700 1 --2- 172.21.15.88:0/2449942208 >> [v2:172.21.15.88:3300/0,v1:172.21.15.88:6789/0] conn(0x7faa94105cf0 0x7faa941080d0 secure :-1 s=READY pgs=26 cs=0 l=1 rev1=1 crypto rx=0x7faa840098a0 tx=0x7faa84009bb0 comp rx=0 tx=0).stop
2023-07-14T17:36:16.144 INFO:teuthology.orchestra.run.smithi088.stdout:/usr/bin/ceph: stderr
2023-07-14T17:36:15.491+0000 7faa99fef700 1 -- 172.21.15.88:0/2449942208 shutdown_connections
2023-07-14T17:36:16.144 INFO:teuthology.orchestra.run.smithi088.stdout:/usr/bin/ceph: stderr
2023-07-14T17:36:15.491+0000 7faa99fef700 1 --2- 172.21.15.88:0/2449942208 >> [v2:172.21.15.88:3300/0,v1:172.21.15.88:6789/0] conn(0x7faa94105cf0 0x7faa941080d0 unknown :-1 s=CLOSED pgs=26 cs=0 l=1 rev1=1 crypto rx=0 tx=0 comp rx=0 tx=0).stop
2023-07-14T17:36:16.144 INFO:teuthology.orchestra.run.smithi088.stdout:/usr/bin/ceph: stderr
2023-07-14T17:36:15.491+0000 7faa99fef700 1 -- 172.21.15.88:0/2449942208 >> 172.21.15.88:0/2449942208 conn(0x7faa940ff770 msgr2=0x7faa94101b80 unknown :-1 s=STATE_NONE l=0).mark_down
2023-07-14T17:36:16.145 INFO:teuthology.orchestra.run.smithi088.stdout:/usr/bin/ceph: stderr
2023-07-14T17:36:15.491+0000 7faa99fef700 1 -- 172.21.15.88:0/2449942208 shutdown_connections
2023-07-14T17:36:16.145 INFO:teuthology.orchestra.run.smithi088.stdout:/usr/bin/ceph: stderr
2023-07-14T17:36:15.491+0000 7faa99fef700 1 -- 172.21.15.88:0/2449942208 wait complete.
2023-07-14T17:36:16.145 INFO:teuthology.orchestra.run.smithi088.stdout:/usr/bin/ceph: stderr
2023-07-14T17:36:15.491+0000 7faa99fef700 1 Processor -- start
2023-07-14T17:36:16.145 INFO:teuthology.orchestra.run.smithi088.stdout:/usr/bin/ceph: stderr
2023-07-14T17:36:15.491+0000 7faa99fef700 1 -- start start
2023-07-14T17:36:16.146 INFO:teuthology.orchestra.run.smithi088.stdout:/usr/bin/ceph: stderr
2023-07-14T17:36:15.492+0000 7faa99fef700 1 --2- >> [v2:172.21.15.88:3300/0,v1:172.21.15.88:6789/0] conn(0x7faa94105cf0 0x7faa94103ca0 unknown :-1 s=NONE pgs=0 cs=0 l=1 rev1=0 crypto rx=0 tx=0 comp rx=0 tx=0).connect
2023-07-14T17:36:16.146 INFO:teuthology.orchestra.run.smithi088.stdout:/usr/bin/ceph: stderr
2023-07-14T17:36:15.492+0000 7faa99fef700 1 -- --> [v2:172.21.15.88:3300/0,v1:172.21.15.88:6789/0] -- mon_getmap magic: 0 v1 -- 0x7faa94105830 con 0x7faa94105cf0
2023-07-14T17:36:16.146 INFO:teuthology.orchestra.run.smithi088.stdout:/usr/bin/ceph: stderr
2023-07-14T17:36:15.492+0000 7faa937fe700 1 --2- >> [v2:172.21.15.88:3300/0,v1:172.21.15.88:6789/0] conn(0x7faa94105cf0 0x7faa94103ca0 unknown :-1 s=BANNER_CONNECTING pgs=0 cs=0 l=1 rev1=0 crypto rx=0 tx=0 comp rx=0 tx=0)._handle_peer_banner_payload supported=3 required=0
2023-07-14T17:36:16.147 INFO:teuthology.orchestra.run.smithi088.stdout:/usr/bin/ceph: stderr
2023-07-14T17:36:15.492+0000 7faa937fe700 1 --2- >> [v2:172.21.15.88:3300/0,v1:172.21.15.88:6789/0] conn(0x7faa94105cf0 0x7faa94103ca0 unknown :-1 s=HELLO_CONNECTING pgs=0 cs=0 l=1 rev1=1 crypto rx=0 tx=0 comp rx=0 tx=0).handle_hello peer v2:172.21.15.88:3300/0 says I am v2:172.21.15.88:40184/0 (socket says 172.21.15.88:40184)
2023-07-14T17:36:16.147 INFO:teuthology.orchestra.run.smithi088.stdout:/usr/bin/ceph: stderr
2023-07-14T17:36:15.492+0000 7faa937fe700 1 -- 172.21.15.88:0/216834171 learned_addr learned my addr 172.21.15.88:0/216834171 (peer_addr_for_me v2:172.21.15.88:0/0)
2023-07-14T17:36:16.147 INFO:teuthology.orchestra.run.smithi088.stdout:/usr/bin/ceph: stderr
2023-07-14T17:36:15.492+0000 7faa937fe700 1 -- 172.21.15.88:0/216834171 --> [v2:172.21.15.88:3300/0,v1:172.21.15.88:6789/0] -- mon_subscribe({config=0+,monmap=0+}) v3 -- 0x7faa84009550 con 0x7faa94105cf0
2023-07-14T17:36:16.147 INFO:teuthology.orchestra.run.smithi088.stdout:/usr/bin/ceph: stderr
2023-07-14T17:36:15.492+0000 7faa937fe700 1 --2- 172.21.15.88:0/216834171 >> [v2:172.21.15.88:3300/0,v1:172.21.15.88:6789/0] conn(0x7faa94105cf0 0x7faa94103ca0 secure :-1 s=READY pgs=27 cs=0 l=1 rev1=1 crypto rx=0x7faa84006af0 tx=0x7faa84011a30 comp rx=0 tx=0).ready entity=mon.0 client_cookie=0 server_cookie=0 in_seq=0 out_seq=0
2023-07-14T17:36:16.148 INFO:teuthology.orchestra.run.smithi088.stdout:/usr/bin/ceph: stderr
2023-07-14T17:36:15.492+0000 7faa90ff9700 1 -- 172.21.15.88:0/216834171 <== mon.0 v2:172.21.15.88:3300/0 1 ==== mon_map magic: 0 v1 ==== 205+0+0 (secure 0 0 0) 0x7faa84003bf0 con 0x7faa94105cf0
2023-07-14T17:36:16.148 INFO:teuthology.orchestra.run.smithi088.stdout:/usr/bin/ceph: stderr
2023-07-14T17:36:15.492+0000 7faa90ff9700 1 -- 172.21.15.88:0/216834171 <== mon.0 v2:172.21.15.88:3300/0 2 ==== config(25 keys) v1 ==== 1036+0+0 (secure 0 0 0) 0x7faa8401b8b0 con 0x7faa94105cf0
2023-07-14T17:36:16.148 INFO:teuthology.orchestra.run.smithi088.stdout:/usr/bin/ceph: stderr
2023-07-14T17:36:15.492+0000 7faa90ff9700 1 -- 172.21.15.88:0/216834171 <== mon.0 v2:172.21.15.88:3300/0 3 ==== mon_map magic: 0 v1 ==== 205+0+0 (secure 0 0 0) 0x7faa840198b0 con 0x7faa94105cf0
2023-07-14T17:36:16.149 INFO:teuthology.orchestra.run.smithi088.stdout:/usr/bin/ceph: stderr
2023-07-14T17:36:15.492+0000 7faa99fef700 1 -- 172.21.15.88:0/216834171 --> [v2:172.21.15.88:3300/0,v1:172.21.15.88:6789/0] -- mon_subscribe({mgrmap=0+}) v3 -- 0x7faa94105a30 con 0x7faa94105cf0
2023-07-14T17:36:16.149 INFO:teuthology.orchestra.run.smithi088.stdout:/usr/bin/ceph: stderr
2023-07-14T17:36:15.492+0000 7faa99fef700 1 -- 172.21.15.88:0/216834171 --> [v2:172.21.15.88:3300/0,v1:172.21.15.88:6789/0] -- mon_subscribe({osdmap=0}) v3 -- 0x7faa941043b0 con 0x7faa94105cf0
2023-07-14T17:36:16.149 INFO:teuthology.orchestra.run.smithi088.stdout:/usr/bin/ceph: stderr
2023-07-14T17:36:15.493+0000 7faa90ff9700 1 -- 172.21.15.88:0/216834171 <== mon.0 v2:172.21.15.88:3300/0 4 ==== mgrmap(e 5) v1 ==== 45483+0+0 (secure 0 0 0) 0x7faa84019b70 con 0x7faa94105cf0
2023-07-14T17:36:16.149 INFO:teuthology.orchestra.run.smithi088.stdout:/usr/bin/ceph: stderr
2023-07-14T17:36:15.493+0000 7faa90ff9700 1 --2- 172.21.15.88:0/216834171 >> [v2:172.21.15.88:6800/1369181448,v1:172.21.15.88:6801/1369181448] conn(0x7faa7c0386c0 0x7faa7c03ab70 unknown :-1 s=NONE pgs=0 cs=0 l=1 rev1=0 crypto rx=0 tx=0 comp rx=0 tx=0).connect
2023-07-14T17:36:16.150 INFO:teuthology.orchestra.run.smithi088.stdout:/usr/bin/ceph: stderr
2023-07-14T17:36:15.493+0000 7faa90ff9700 1 -- 172.21.15.88:0/216834171 <== mon.0 v2:172.21.15.88:3300/0 5 ==== osd_map(1..1 src has 1..1) v4 ==== 725+0+0 (secure 0 0 0) 0x7faa8404ca80 con 0x7faa94105cf0
2023-07-14T17:36:16.150 INFO:teuthology.orchestra.run.smithi088.stdout:/usr/bin/ceph: stderr
2023-07-14T17:36:15.493+0000 7faa92ffd700 1 -- 172.21.15.88:0/216834171 >> [v2:172.21.15.88:6800/1369181448,v1:172.21.15.88:6801/1369181448] conn(0x7faa7c0386c0 msgr2=0x7faa7c03ab70 unknown :-1 s=STATE_CONNECTING_RE l=1).process reconnect failed to v2:172.21.15.88:6800/1369181448
2023-07-14T17:36:16.150 INFO:teuthology.orchestra.run.smithi088.stdout:/usr/bin/ceph: stderr
2023-07-14T17:36:15.493+0000 7faa92ffd700 1 --2- 172.21.15.88:0/216834171 >> [v2:172.21.15.88:6800/1369181448,v1:172.21.15.88:6801/1369181448] conn(0x7faa7c0386c0 0x7faa7c03ab70 unknown :-1 s=START_CONNECT pgs=0 cs=0 l=1 rev1=0 crypto rx=0 tx=0 comp rx=0 tx=0)._fault waiting 0.200000
2023-07-14T17:36:16.150 INFO:teuthology.orchestra.run.smithi088.stdout:/usr/bin/ceph: stderr
2023-07-14T17:36:15.494+0000 7faa99fef700 1 -- 172.21.15.88:0/216834171 --> [v2:172.21.15.88:3300/0,v1:172.21.15.88:6789/0] -- mon_command({"prefix": "get_command_descriptions"} v 0) v1 -- 0x7faa94061c70 con 0x7faa94105cf0
2023-07-14T17:36:16.151 INFO:teuthology.orchestra.run.smithi088.stdout:/usr/bin/ceph: stderr
2023-07-14T17:36:15.498+0000 7faa90ff9700 1 -- 172.21.15.88:0/216834171 <== mon.0 v2:172.21.15.88:3300/0 6 ==== mon_command_ack([{"prefix": "get_command_descriptions"}]=0 v0) v1 ==== 72+0+178025 (secure 0 0 0) 0x7faa84010380 con 0x7faa94105cf0
2023-07-14T17:36:16.151 INFO:teuthology.orchestra.run.smithi088.stdout:/usr/bin/ceph: stderr
2023-07-14T17:36:15.694+0000 7faa92ffd700 1 -- 172.21.15.88:0/216834171 >> [v2:172.21.15.88:6800/1369181448,v1:172.21.15.88:6801/1369181448] conn(0x7faa7c0386c0 msgr2=0x7faa7c03ab70 unknown :-1 s=STATE_CONNECTING_RE l=1).process reconnect failed to v2:172.21.15.88:6800/1369181448
2023-07-14T17:36:16.151 INFO:teuthology.orchestra.run.smithi088.stdout:/usr/bin/ceph: stderr
2023-07-14T17:36:15.694+0000 7faa92ffd700 1 --2- 172.21.15.88:0/216834171 >> [v2:172.21.15.88:6800/1369181448,v1:172.21.15.88:6801/1369181448] conn(0x7faa7c0386c0 0x7faa7c03ab70 unknown :-1 s=START_CONNECT pgs=0 cs=0 l=1 rev1=0 crypto rx=0 tx=0 comp rx=0 tx=0)._fault waiting 0.400000
2023-07-14T17:36:16.152 INFO:teuthology.orchestra.run.smithi088.stdout:/usr/bin/ceph: stderr
2023-07-14T17:36:15.745+0000 7faa99fef700 1 -- 172.21.15.88:0/216834171 --> [v2:172.21.15.88:3300/0,v1:172.21.15.88:6789/0] -- mon_command({"prefix": "mgr stat"} v 0) v1 -- 0x7faa94104af0 con 0x7faa94105cf0
2023-07-14T17:36:16.152 INFO:teuthology.orchestra.run.smithi088.stdout:/usr/bin/ceph: stderr
2023-07-14T17:36:15.745+0000 7faa90ff9700 1 -- 172.21.15.88:0/216834171 <== mon.0 v2:172.21.15.88:3300/0 7 ==== mon_command_ack([{"prefix": "mgr stat"}]=0 v5) v1 ==== 56+0+88 (secure 0 0 0) 0x7faa84018b40 con 0x7faa94105cf0
2023-07-14T17:36:16.152 INFO:teuthology.orchestra.run.smithi088.stdout:/usr/bin/ceph: stderr
2023-07-14T17:36:15.747+0000 7faa99fef700 1 -- 172.21.15.88:0/216834171 >> [v2:172.21.15.88:6800/1369181448,v1:172.21.15.88:6801/1369181448] conn(0x7faa7c0386c0 msgr2=0x7faa7c03ab70 unknown :-1 s=STATE_CONNECTING l=1).mark_down
2023-07-14T17:36:16.152 INFO:teuthology.orchestra.run.smithi088.stdout:/usr/bin/ceph: stderr
2023-07-14T17:36:15.747+0000 7faa99fef700 1 --2- 172.21.15.88:0/216834171 >> [v2:172.21.15.88:6800/1369181448,v1:172.21.15.88:6801/1369181448] conn(0x7faa7c0386c0 0x7faa7c03ab70 unknown :-1 s=START_CONNECT pgs=0 cs=0 l=1 rev1=0 crypto rx=0 tx=0 comp rx=0 tx=0).stop
2023-07-14T17:36:16.153 INFO:teuthology.orchestra.run.smithi088.stdout:/usr/bin/ceph: stderr
2023-07-14T17:36:15.747+0000 7faa99fef700 1 -- 172.21.15.88:0/216834171 >> [v2:172.21.15.88:3300/0,v1:172.21.15.88:6789/0] conn(0x7faa94105cf0 msgr2=0x7faa94103ca0 secure :-1 s=STATE_CONNECTION_ESTABLISHED l=1).mark_down
2023-07-14T17:36:16.153 INFO:teuthology.orchestra.run.smithi088.stdout:/usr/bin/ceph: stderr
2023-07-14T17:36:15.747+0000 7faa99fef700 1 --2- 172.21.15.88:0/216834171 >> [v2:172.21.15.88:3300/0,v1:172.21.15.88:6789/0] conn(0x7faa94105cf0 0x7faa94103ca0 secure :-1 s=READY pgs=27 cs=0 l=1 rev1=1 crypto rx=0x7faa84006af0 tx=0x7faa84011a30 comp rx=0 tx=0).stop
2023-07-14T17:36:16.153 INFO:teuthology.orchestra.run.smithi088.stdout:/usr/bin/ceph: stderr
2023-07-14T17:36:15.747+0000 7faa99fef700 1 -- 172.21.15.88:0/216834171 shutdown_connections
2023-07-14T17:36:16.153 INFO:teuthology.orchestra.run.smithi088.stdout:/usr/bin/ceph: stderr
2023-07-14T17:36:15.747+0000 7faa99fef700 1 --2- 172.21.15.88:0/216834171 >> [v2:172.21.15.88:6800/1369181448,v1:172.21.15.88:6801/1369181448] conn(0x7faa7c0386c0 0x7faa7c03ab70 unknown :-1 s=CLOSED pgs=0 cs=0 l=1 rev1=0 crypto rx=0 tx=0 comp rx=0 tx=0).stop
2023-07-14T17:36:16.154 INFO:teuthology.orchestra.run.smithi088.stdout:/usr/bin/ceph: stderr
2023-07-14T17:36:15.747+0000 7faa99fef700 1 --2- 172.21.15.88:0/216834171 >> [v2:172.21.15.88:3300/0,v1:172.21.15.88:6789/0] conn(0x7faa94105cf0 0x7faa94103ca0 unknown :-1 s=CLOSED pgs=27 cs=0 l=1 rev1=1 crypto rx=0 tx=0 comp rx=0 tx=0).stop
2023-07-14T17:36:16.154 INFO:teuthology.orchestra.run.smithi088.stdout:/usr/bin/ceph: stderr
2023-07-14T17:36:15.747+0000 7faa99fef700 1 -- 172.21.15.88:0/216834171 >> 172.21.15.88:0/216834171 conn(0x7faa940ff770 msgr2=0x7faa94100510 unknown :-1 s=STATE_NONE l=0).mark_down
2023-07-14T17:36:16.154 INFO:teuthology.orchestra.run.smithi088.stdout:/usr/bin/ceph: stderr
2023-07-14T17:36:15.747+0000 7faa99fef700 1 -- 172.21.15.88:0/216834171 shutdown_connections
2023-07-14T17:36:16.154 INFO:teuthology.orchestra.run.smithi088.stdout:/usr/bin/ceph: stderr
2023-07-14T17:36:15.747+0000 7faa99fef700 1 -- 172.21.15.88:0/216834171 wait complete.
2023-07-14T17:36:16.155 INFO:teuthology.orchestra.run.smithi088.stdout:Waiting for the mgr to restart...
2023-07-14T17:36:16.155 INFO:teuthology.orchestra.run.smithi088.stdout:Waiting for mgr epoch 5...
2023-07-14T17:36:16.600 INFO:journalctl@ceph.mgr.x.smithi088.stdout:Jul 14 17:36:16 smithi088 ceph-b462a556-226c-11ee-9b33-001a4aab830c-mgr-x[127710]:
2023-07-14T17:36:16.305+0000 7f757aaae200 -1 mgr[py] Module progress has missing NOTIFY_TYPES member
2023-07-14T17:36:16.870 INFO:journalctl@ceph.mon.a.smithi088.stdout:Jul 14 17:36:16 smithi088 ceph-mon[127465]: from='client.? 172.21.15.88:0/216834171' entity='client.admin' cmd=[{"prefix": "mgr stat"}]: dispatch
2023-07-14T17:36:17.196 INFO:journalctl@ceph.mgr.x.smithi088.stdout:Jul 14 17:36:16 smithi088 ceph-b462a556-226c-11ee-9b33-001a4aab830c-mgr-x[127710]:
2023-07-14T17:36:16.883+0000 7f757aaae200 -1 mgr[py] Module rook has missing NOTIFY_TYPES member
2023-07-14T17:36:17.196 INFO:journalctl@ceph.mgr.x.smithi088.stdout:Jul 14 17:36:17 smithi088 ceph-b462a556-226c-11ee-9b33-001a4aab830c-mgr-x[127710]:
2023-07-14T17:36:17.050+0000 7f757aaae200 -1 mgr[py] Module iostat has missing NOTIFY_TYPES member
2023-07-14T17:36:18.049 INFO:journalctl@ceph.mgr.x.smithi088.stdout:Jul 14 17:36:17 smithi088 ceph-b462a556-226c-11ee-9b33-001a4aab830c-mgr-x[127710]:
2023-07-14T17:36:17.805+0000 7f757aaae200 -1 mgr[py] Module test_orchestrator has missing NOTIFY_TYPES member
2023-07-14T17:36:18.049 INFO:journalctl@ceph.mgr.x.smithi088.stdout:Jul 14 17:36:17 smithi088 ceph-b462a556-226c-11ee-9b33-001a4aab830c-mgr-x[127710]:
2023-07-14T17:36:17.894+0000 7f757aaae200 -1 mgr[py] Module osd_perf_query has missing NOTIFY_TYPES member
2023-07-14T17:36:18.321 INFO:journalctl@ceph.mgr.x.smithi088.stdout:Jul 14 17:36:18 smithi088 ceph-b462a556-226c-11ee-9b33-001a4aab830c-mgr-x[127710]:
2023-07-14T17:36:18.062+0000 7f757aaae200 -1 mgr[py] Module orchestrator has missing NOTIFY_TYPES member
2023-07-14T17:36:18.690 INFO:journalctl@ceph.mgr.x.smithi088.stdout:Jul 14 17:36:18 smithi088 ceph-b462a556-226c-11ee-9b33-001a4aab830c-mgr-x[127710]:
2023-07-14T17:36:18.335+0000 7f757aaae200 -1 mgr[py] Module rgw has missing NOTIFY_TYPES member
2023-07-14T17:36:18.690 INFO:journalctl@ceph.mgr.x.smithi088.stdout:Jul 14 17:36:18 smithi088 ceph-b462a556-226c-11ee-9b33-001a4aab830c-mgr-x[127710]:
2023-07-14T17:36:18.559+0000 7f757aaae200 -1 mgr[py] Module influx has missing NOTIFY_TYPES member
2023-07-14T17:36:18.946 INFO:journalctl@ceph.mgr.x.smithi088.stdout:Jul 14 17:36:18 smithi088 ceph-b462a556-226c-11ee-9b33-001a4aab830c-mgr-x[127710]:
2023-07-14T17:36:18.703+0000 7f757aaae200 -1 mgr[py] Module telemetry has missing NOTIFY_TYPES member
2023-07-14T17:36:19.446 INFO:journalctl@ceph.mgr.x.smithi088.stdout:Jul 14 17:36:18 smithi088 ceph-b462a556-226c-11ee-9b33-001a4aab830c-mgr-x[127710]:
2023-07-14T17:36:18.960+0000 7f757aaae200 -1 mgr[py] Module telegraf has missing NOTIFY_TYPES member
2023-07-14T17:36:19.946 INFO:journalctl@ceph.mgr.x.smithi088.stdout:Jul 14 17:36:19 smithi088 ceph-b462a556-226c-11ee-9b33-001a4aab830c-mgr-x[127710]:
2023-07-14T17:36:19.650+0000 7f757aaae200 -1 mgr[py] Module balancer has missing NOTIFY_TYPES member
2023-07-14T17:36:19.946 INFO:journalctl@ceph.mgr.x.smithi088.stdout:Jul 14 17:36:19 smithi088 ceph-b462a556-226c-11ee-9b33-001a4aab830c-mgr-x[127710]:
2023-07-14T17:36:19.777+0000 7f757aaae200 -1 mgr[py] Module diskprediction_local has missing NOTIFY_TYPES member
2023-07-14T17:36:20.273 INFO:journalctl@ceph.mgr.x.smithi088.stdout:Jul 14 17:36:19 smithi088 ceph-b462a556-226c-11ee-9b33-001a4aab830c-mgr-x[127710]:
2023-07-14T17:36:19.963+0000 7f757aaae200 -1 mgr[py] Module nfs has missing NOTIFY_TYPES member
2023-07-14T17:36:20.274 INFO:journalctl@ceph.mgr.x.smithi088.stdout:Jul 14 17:36:20 smithi088 ceph-b462a556-226c-11ee-9b33-001a4aab830c-mgr-x[127710]:
2023-07-14T17:36:20.075+0000 7f757aaae200 -1 mgr[py] Module rbd_support has missing NOTIFY_TYPES member
2023-07-14T17:36:20.696 INFO:journalctl@ceph.mgr.x.smithi088.stdout:Jul 14 17:36:20 smithi088 ceph-b462a556-226c-11ee-9b33-001a4aab830c-mgr-x[127710]:
2023-07-14T17:36:20.286+0000 7f757aaae200 -1 mgr[py] Module volumes has missing NOTIFY_TYPES member
2023-07-14T17:36:21.446 INFO:journalctl@ceph.mgr.x.smithi088.stdout:Jul 14 17:36:21 smithi088 ceph-b462a556-226c-11ee-9b33-001a4aab830c-mgr-x[127710]:
2023-07-14T17:36:21.140+0000 7f757aaae200 -1 mgr[py] Module pg_autoscaler has missing NOTIFY_TYPES member
2023-07-14T17:36:21.946 INFO:journalctl@ceph.mon.a.smithi088.stdout:Jul 14 17:36:21 smithi088 ceph-mon[127465]: Active manager daemon x restarted
2023-07-14T17:36:21.947 INFO:journalctl@ceph.mon.a.smithi088.stdout:Jul 14 17:36:21 smithi088 ceph-mon[127465]: Activating manager daemon x
2023-07-14T17:36:21.947 INFO:journalctl@ceph.mon.a.smithi088.stdout:Jul 14 17:36:21 smithi088 ceph-mon[127465]: osdmap e2: 0 total, 0 up, 0 in
2023-07-14T17:36:21.947 INFO:journalctl@ceph.mon.a.smithi088.stdout:Jul 14 17:36:21 smithi088 ceph-mon[127465]: mgrmap e6: x(active, starting, since 0.00319158s)
2023-07-14T17:36:21.947 INFO:journalctl@ceph.mon.a.smithi088.stdout:Jul 14 17:36:21 smithi088 ceph-mon[127465]: from='mgr.14120 172.21.15.88:0/1339784694' entity='mgr.x' cmd=[{"prefix": "mon metadata", "id": "a"}]: dispatch
2023-07-14T17:36:21.947 INFO:journalctl@ceph.mon.a.smithi088.stdout:Jul 14 17:36:21 smithi088 ceph-mon[127465]: from='mgr.14120 172.21.15.88:0/1339784694' entity='mgr.x' cmd=[{"prefix": "mgr metadata", "who": "x", "id": "x"}]: dispatch
2023-07-14T17:36:21.947 INFO:journalctl@ceph.mon.a.smithi088.stdout:Jul 14 17:36:21 smithi088 ceph-mon[127465]: from='mgr.14120 172.21.15.88:0/1339784694' entity='mgr.x' cmd=[{"prefix": "mds metadata"}]: dispatch
2023-07-14T17:36:21.948 INFO:journalctl@ceph.mon.a.smithi088.stdout:Jul 14 17:36:21 smithi088 ceph-mon[127465]: from='mgr.14120 172.21.15.88:0/1339784694' entity='mgr.x' cmd=[{"prefix": "osd metadata"}]: dispatch
2023-07-14T17:36:21.948 INFO:journalctl@ceph.mon.a.smithi088.stdout:Jul 14 17:36:21 smithi088 ceph-mon[127465]: from='mgr.14120 172.21.15.88:0/1339784694' entity='mgr.x' cmd=[{"prefix": "mon metadata"}]: dispatch
2023-07-14T17:36:21.948 INFO:journalctl@ceph.mon.a.smithi088.stdout:Jul 14 17:36:21 smithi088 ceph-mon[127465]: Manager daemon x is now available
2023-07-14T17:36:21.948 INFO:journalctl@ceph.mon.a.smithi088.stdout:Jul 14 17:36:21 smithi088 ceph-mon[127465]: from='mgr.14120 172.21.15.88:0/1339784694' entity='mgr.x'
2023-07-14T17:36:21.948 INFO:journalctl@ceph.mon.a.smithi088.stdout:Jul 14 17:36:21 smithi088 ceph-mon[127465]: from='mgr.14120 172.21.15.88:0/1339784694' entity='mgr.x'
2023-07-14T17:36:21.948 INFO:journalctl@ceph.mon.a.smithi088.stdout:Jul 14 17:36:21 smithi088 ceph-mon[127465]: from='mgr.14120 172.21.15.88:0/1339784694' entity='mgr.x' cmd=[{"prefix": "config dump", "format": "json"}]: dispatch
2023-07-14T17:36:21.948 INFO:journalctl@ceph.mon.a.smithi088.stdout:Jul 14 17:36:21 smithi088 ceph-mon[127465]: from='mgr.14120 172.21.15.88:0/1339784694' entity='mgr.x' cmd=[{"prefix": "config dump", "format": "json"}]: dispatch
2023-07-14T17:36:21.948 INFO:journalctl@ceph.mon.a.smithi088.stdout:Jul 14 17:36:21 smithi088 ceph-mon[127465]: from='mgr.14120 172.21.15.88:0/1339784694' entity='mgr.x' cmd=[{"prefix": "config dump", "format": "json"}]: dispatch
2023-07-14T17:36:21.949 INFO:journalctl@ceph.mon.a.smithi088.stdout:Jul 14 17:36:21 smithi088 ceph-mon[127465]: from='mgr.14120 172.21.15.88:0/1339784694' entity='mgr.x' cmd=[{"prefix":"config rm","who":"mgr","name":"mgr/rbd_support/x/mirror_snapshot_schedule"}]: dispatch
2023-07-14T17:36:21.949 INFO:journalctl@ceph.mon.a.smithi088.stdout:Jul 14 17:36:21 smithi088 ceph-mon[127465]: from='mgr.14120 172.21.15.88:0/1339784694' entity='mgr.x' cmd=[{"prefix":"config rm","who":"mgr","name":"mgr/rbd_support/x/trash_purge_schedule"}]: dispatch
2023-07-14T17:36:21.949 INFO:journalctl@ceph.mon.a.smithi088.stdout:Jul 14 17:36:21 smithi088 ceph-mon[127465]: from='mgr.14120 172.21.15.88:0/1339784694' entity='mgr.x'
2023-07-14T17:36:21.949 INFO:journalctl@ceph.mon.a.smithi088.stdout:Jul 14 17:36:21 smithi088 ceph-mon[127465]: from='mgr.14120 172.21.15.88:0/1339784694' entity='mgr.x'
2023-07-14T17:36:22.596 INFO:teuthology.orchestra.run.smithi088.stdout:/usr/bin/ceph: stdout {
2023-07-14T17:36:22.596 INFO:teuthology.orchestra.run.smithi088.stdout:/usr/bin/ceph: stdout "mgrmap_epoch": 7,
2023-07-14T17:36:22.596 INFO:teuthology.orchestra.run.smithi088.stdout:/usr/bin/ceph: stdout "initialized": true
2023-07-14T17:36:22.596 INFO:teuthology.orchestra.run.smithi088.stdout:/usr/bin/ceph: stdout }
2023-07-14T17:36:22.597 INFO:teuthology.orchestra.run.smithi088.stdout:/usr/bin/ceph: stderr
2023-07-14T17:36:16.581+0000 7f2069115700 1 Processor -- start
2023-07-14T17:36:22.597 INFO:teuthology.orchestra.run.smithi088.stdout:/usr/bin/ceph: stderr
2023-07-14T17:36:16.581+0000 7f2069115700 1 -- start start
2023-07-14T17:36:22.597 INFO:teuthology.orchestra.run.smithi088.stdout:/usr/bin/ceph: stderr
2023-07-14T17:36:16.581+0000 7f2069115700 1 --2- >> [v2:172.21.15.88:3300/0,v1:172.21.15.88:6789/0] conn(0x7f2064105d30 0x7f2064108110 unknown :-1 s=NONE pgs=0 cs=0 l=0 rev1=0 crypto rx=0 tx=0 comp rx=0 tx=0).connect
2023-07-14T17:36:22.597 INFO:teuthology.orchestra.run.smithi088.stdout:/usr/bin/ceph: stderr
2023-07-14T17:36:16.581+0000 7f2069115700 1 -- --> [v2:172.21.15.88:3300/0,v1:172.21.15.88:6789/0] -- mon_getmap magic: 0 v1 -- 0x7f2064079d10 con 0x7f2064105d30
2023-07-14T17:36:22.597 INFO:teuthology.orchestra.run.smithi088.stdout:/usr/bin/ceph: stderr
2023-07-14T17:36:16.582+0000 7f2062d9d700 1 --2- >> [v2:172.21.15.88:3300/0,v1:172.21.15.88:6789/0] conn(0x7f2064105d30 0x7f2064108110 unknown :-1 s=BANNER_CONNECTING pgs=0 cs=0 l=0 rev1=0 crypto rx=0 tx=0 comp rx=0 tx=0)._handle_peer_banner_payload supported=3 required=0
2023-07-14T17:36:22.597 INFO:teuthology.orchestra.run.smithi088.stdout:/usr/bin/ceph: stderr
2023-07-14T17:36:16.582+0000 7f2062d9d700 1 --2- >> [v2:172.21.15.88:3300/0,v1:172.21.15.88:6789/0] conn(0x7f2064105d30 0x7f2064108110 unknown :-1 s=HELLO_CONNECTING pgs=0 cs=0 l=0 rev1=1 crypto rx=0 tx=0 comp rx=0 tx=0).handle_hello peer v2:172.21.15.88:3300/0 says I am v2:172.21.15.88:40192/0 (socket says 172.21.15.88:40192)
2023-07-14T17:36:22.597 INFO:teuthology.orchestra.run.smithi088.stdout:/usr/bin/ceph: stderr
2023-07-14T17:36:16.582+0000 7f2062d9d700 1 -- 172.21.15.88:0/3869715197 learned_addr learned my addr 172.21.15.88:0/3869715197 (peer_addr_for_me v2:172.21.15.88:0/0)
2023-07-14T17:36:22.598 INFO:teuthology.orchestra.run.smithi088.stdout:/usr/bin/ceph: stderr
2023-07-14T17:36:16.582+0000 7f2062d9d700 1 -- 172.21.15.88:0/3869715197 --> [v2:172.21.15.88:3300/0,v1:172.21.15.88:6789/0] -- mon_subscribe({config=0+,monmap=0+}) v3 -- 0x7f2064079e50 con 0x7f2064105d30
2023-07-14T17:36:22.598 INFO:teuthology.orchestra.run.smithi088.stdout:/usr/bin/ceph: stderr
2023-07-14T17:36:16.582+0000 7f2062d9d700 1 --2- 172.21.15.88:0/3869715197 >> [v2:172.21.15.88:3300/0,v1:172.21.15.88:6789/0] conn(0x7f2064105d30 0x7f2064108110 secure :-1 s=READY pgs=28 cs=0 l=1 rev1=1 crypto rx=0x7f20540098a0 tx=0x7f2054009bb0 comp rx=0 tx=0).ready entity=mon.0 client_cookie=ba3c42e32ba88c7c server_cookie=0 in_seq=0 out_seq=0
2023-07-14T17:36:22.598 INFO:teuthology.orchestra.run.smithi088.stdout:/usr/bin/ceph: stderr
2023-07-14T17:36:16.582+0000 7f2061d9b700 1 -- 172.21.15.88:0/3869715197 <== mon.0 v2:172.21.15.88:3300/0 1 ==== mon_map magic: 0 v1 ==== 205+0+0 (secure 0 0 0) 0x7f2054004160 con 0x7f2064105d30
2023-07-14T17:36:22.598 INFO:teuthology.orchestra.run.smithi088.stdout:/usr/bin/ceph: stderr
2023-07-14T17:36:16.582+0000 7f2061d9b700 1 -- 172.21.15.88:0/3869715197 <== mon.0 v2:172.21.15.88:3300/0 2 ==== config(25 keys) v1 ==== 1036+0+0 (secure 0 0 0) 0x7f20540042c0 con 0x7f2064105d30
2023-07-14T17:36:22.598 INFO:teuthology.orchestra.run.smithi088.stdout:/usr/bin/ceph: stderr
2023-07-14T17:36:16.582+0000 7f2061d9b700 1 -- 172.21.15.88:0/3869715197 <== mon.0 v2:172.21.15.88:3300/0 3 ==== mon_map magic: 0 v1 ==== 205+0+0 (secure 0 0 0) 0x7f2054011940 con 0x7f2064105d30
2023-07-14T17:36:22.598 INFO:teuthology.orchestra.run.smithi088.stdout:/usr/bin/ceph: stderr
2023-07-14T17:36:16.583+0000 7f2069115700 1 -- 172.21.15.88:0/3869715197 >> [v2:172.21.15.88:3300/0,v1:172.21.15.88:6789/0] conn(0x7f2064105d30 msgr2=0x7f2064108110 secure :-1 s=STATE_CONNECTION_ESTABLISHED l=1).mark_down
2023-07-14T17:36:22.598 INFO:teuthology.orchestra.run.smithi088.stdout:/usr/bin/ceph: stderr
2023-07-14T17:36:16.583+0000 7f2069115700 1 --2- 172.21.15.88:0/3869715197 >> [v2:172.21.15.88:3300/0,v1:172.21.15.88:6789/0] conn(0x7f2064105d30 0x7f2064108110 secure :-1 s=READY pgs=28 cs=0 l=1 rev1=1 crypto rx=0x7f20540098a0 tx=0x7f2054009bb0 comp rx=0 tx=0).stop
2023-07-14T17:36:22.599 INFO:teuthology.orchestra.run.smithi088.stdout:/usr/bin/ceph: stderr
2023-07-14T17:36:16.583+0000 7f2069115700 1 -- 172.21.15.88:0/3869715197 shutdown_connections
2023-07-14T17:36:22.599 INFO:teuthology.orchestra.run.smithi088.stdout:/usr/bin/ceph: stderr
2023-07-14T17:36:16.583+0000 7f2069115700 1 --2- 172.21.15.88:0/3869715197 >> [v2:172.21.15.88:3300/0,v1:172.21.15.88:6789/0] conn(0x7f2064105d30 0x7f2064108110 unknown :-1 s=CLOSED pgs=28 cs=0 l=1 rev1=1 crypto rx=0 tx=0 comp rx=0 tx=0).stop
2023-07-14T17:36:22.599 INFO:teuthology.orchestra.run.smithi088.stdout:/usr/bin/ceph: stderr
2023-07-14T17:36:16.583+0000 7f2069115700 1 -- 172.21.15.88:0/3869715197 >> 172.21.15.88:0/3869715197 conn(0x7f20640ff770 msgr2=0x7f2064101b80 unknown :-1 s=STATE_NONE l=0).mark_down
2023-07-14T17:36:22.599 INFO:teuthology.orchestra.run.smithi088.stdout:/usr/bin/ceph: stderr
2023-07-14T17:36:16.583+0000 7f2069115700 1 -- 172.21.15.88:0/3869715197 shutdown_connections
2023-07-14T17:36:22.599 INFO:teuthology.orchestra.run.smithi088.stdout:/usr/bin/ceph: stderr
2023-07-14T17:36:16.583+0000 7f2069115700 1 -- 172.21.15.88:0/3869715197 wait complete.
2023-07-14T17:36:22.599 INFO:teuthology.orchestra.run.smithi088.stdout:/usr/bin/ceph: stderr
2023-07-14T17:36:16.584+0000 7f2069115700 1 Processor -- start
2023-07-14T17:36:22.600 INFO:teuthology.orchestra.run.smithi088.stdout:/usr/bin/ceph: stderr
2023-07-14T17:36:16.584+0000 7f2069115700 1 -- start start
2023-07-14T17:36:22.600 INFO:teuthology.orchestra.run.smithi088.stdout:/usr/bin/ceph: stderr
2023-07-14T17:36:16.584+0000 7f2069115700 1 --2- >> [v2:172.21.15.88:3300/0,v1:172.21.15.88:6789/0] conn(0x7f2064105d30 0x7f2064103ce0 unknown :-1 s=NONE pgs=0 cs=0 l=1 rev1=0 crypto rx=0 tx=0 comp rx=0 tx=0).connect
2023-07-14T17:36:22.600 INFO:teuthology.orchestra.run.smithi088.stdout:/usr/bin/ceph: stderr
2023-07-14T17:36:16.584+0000 7f2069115700 1 -- --> [v2:172.21.15.88:3300/0,v1:172.21.15.88:6789/0] -- mon_getmap magic: 0 v1 -- 0x7f2064105870 con 0x7f2064105d30
2023-07-14T17:36:22.600 INFO:teuthology.orchestra.run.smithi088.stdout:/usr/bin/ceph: stderr
2023-07-14T17:36:16.584+0000 7f2062d9d700 1 --2- >> [v2:172.21.15.88:3300/0,v1:172.21.15.88:6789/0] conn(0x7f2064105d30 0x7f2064103ce0 unknown :-1 s=BANNER_CONNECTING pgs=0 cs=0 l=1 rev1=0 crypto rx=0 tx=0 comp rx=0 tx=0)._handle_peer_banner_payload supported=3 required=0
2023-07-14T17:36:22.600 INFO:teuthology.orchestra.run.smithi088.stdout:/usr/bin/ceph: stderr
2023-07-14T17:36:16.584+0000 7f2062d9d700 1 --2- >> [v2:172.21.15.88:3300/0,v1:172.21.15.88:6789/0] conn(0x7f2064105d30 0x7f2064103ce0 unknown :-1 s=HELLO_CONNECTING pgs=0 cs=0 l=1 rev1=1 crypto rx=0 tx=0 comp rx=0 tx=0).handle_hello peer v2:172.21.15.88:3300/0 says I am v2:172.21.15.88:40194/0 (socket says 172.21.15.88:40194)
2023-07-14T17:36:22.600 INFO:teuthology.orchestra.run.smithi088.stdout:/usr/bin/ceph: stderr
2023-07-14T17:36:16.584+0000 7f2062d9d700 1 -- 172.21.15.88:0/402350176 learned_addr learned my addr 172.21.15.88:0/402350176 (peer_addr_for_me v2:172.21.15.88:0/0)
2023-07-14T17:36:22.600 INFO:teuthology.orchestra.run.smithi088.stdout:/usr/bin/ceph: stderr
2023-07-14T17:36:16.585+0000 7f2062d9d700 1 -- 172.21.15.88:0/402350176 --> [v2:172.21.15.88:3300/0,v1:172.21.15.88:6789/0] -- mon_subscribe({config=0+,monmap=0+}) v3 -- 0x7f2054009550 con 0x7f2064105d30
2023-07-14T17:36:22.601 INFO:teuthology.orchestra.run.smithi088.stdout:/usr/bin/ceph: stderr
2023-07-14T17:36:16.585+0000 7f2062d9d700 1 --2- 172.21.15.88:0/402350176 >> [v2:172.21.15.88:3300/0,v1:172.21.15.88:6789/0] conn(0x7f2064105d30 0x7f2064103ce0 secure :-1 s=READY pgs=29 cs=0 l=1 rev1=1 crypto rx=0x7f2054000c00 tx=0x7f2054011e70 comp rx=0 tx=0).ready entity=mon.0 client_cookie=0 server_cookie=0 in_seq=0 out_seq=0
2023-07-14T17:36:22.601 INFO:teuthology.orchestra.run.smithi088.stdout:/usr/bin/ceph: stderr
2023-07-14T17:36:16.585+0000 7f204bfff700 1 -- 172.21.15.88:0/402350176 <== mon.0 v2:172.21.15.88:3300/0 1 ==== mon_map magic: 0 v1 ==== 205+0+0 (secure 0 0 0) 0x7f20540036a0 con 0x7f2064105d30
2023-07-14T17:36:22.601 INFO:teuthology.orchestra.run.smithi088.stdout:/usr/bin/ceph: stderr
2023-07-14T17:36:16.585+0000 7f204bfff700 1 -- 172.21.15.88:0/402350176 <== mon.0 v2:172.21.15.88:3300/0 2 ==== config(25 keys) v1 ==== 1036+0+0 (secure 0 0 0) 0x7f205401b440 con 0x7f2064105d30
2023-07-14T17:36:22.601 INFO:teuthology.orchestra.run.smithi088.stdout:/usr/bin/ceph: stderr
2023-07-14T17:36:16.585+0000 7f2069115700 1 -- 172.21.15.88:0/402350176 --> [v2:172.21.15.88:3300/0,v1:172.21.15.88:6789/0] -- mon_subscribe({mgrmap=0+}) v3 -- 0x7f2064105a70 con 0x7f2064105d30
2023-07-14T17:36:22.601 INFO:teuthology.orchestra.run.smithi088.stdout:/usr/bin/ceph: stderr
2023-07-14T17:36:16.585+0000 7f204bfff700 1 -- 172.21.15.88:0/402350176 <== mon.0 v2:172.21.15.88:3300/0 3 ==== mon_map magic: 0 v1 ==== 205+0+0 (secure 0 0 0) 0x7f20540193f0 con 0x7f2064105d30
2023-07-14T17:36:22.601 INFO:teuthology.orchestra.run.smithi088.stdout:/usr/bin/ceph: stderr
2023-07-14T17:36:16.585+0000 7f2069115700 1 -- 172.21.15.88:0/402350176 --> [v2:172.21.15.88:3300/0,v1:172.21.15.88:6789/0] -- mon_subscribe({osdmap=0}) v3 -- 0x7f20641043f0 con 0x7f2064105d30
2023-07-14T17:36:22.601 INFO:teuthology.orchestra.run.smithi088.stdout:/usr/bin/ceph: stderr
2023-07-14T17:36:16.586+0000 7f204bfff700 1 -- 172.21.15.88:0/402350176 <== mon.0 v2:172.21.15.88:3300/0 4 ==== mgrmap(e 5) v1 ==== 45483+0+0 (secure 0 0 0) 0x7f2054019620 con 0x7f2064105d30
2023-07-14T17:36:22.602 INFO:teuthology.orchestra.run.smithi088.stdout:/usr/bin/ceph: stderr
2023-07-14T17:36:16.586+0000 7f204bfff700 1 --2- 172.21.15.88:0/402350176 >> [v2:172.21.15.88:6800/1369181448,v1:172.21.15.88:6801/1369181448] conn(0x7f204c038760 0x7f204c03ac10 unknown :-1 s=NONE pgs=0 cs=0 l=1 rev1=0 crypto rx=0 tx=0 comp rx=0 tx=0).connect
2023-07-14T17:36:22.602 INFO:teuthology.orchestra.run.smithi088.stdout:/usr/bin/ceph: stderr
2023-07-14T17:36:16.586+0000 7f204bfff700 1 -- 172.21.15.88:0/402350176 --> [v2:172.21.15.88:6800/1369181448,v1:172.21.15.88:6801/1369181448] -- command(tid 0: {"prefix": "get_command_descriptions"}) v1 -- 0x7f204c03b320 con 0x7f204c038760
2023-07-14T17:36:22.602 INFO:teuthology.orchestra.run.smithi088.stdout:/usr/bin/ceph: stderr
2023-07-14T17:36:16.586+0000 7f206259c700 1 -- 172.21.15.88:0/402350176 >> [v2:172.21.15.88:6800/1369181448,v1:172.21.15.88:6801/1369181448] conn(0x7f204c038760 msgr2=0x7f204c03ac10 unknown :-1 s=STATE_CONNECTING_RE l=1).process reconnect failed to v2:172.21.15.88:6800/1369181448
2023-07-14T17:36:22.602 INFO:teuthology.orchestra.run.smithi088.stdout:/usr/bin/ceph: stderr
2023-07-14T17:36:16.586+0000 7f204bfff700 1 -- 172.21.15.88:0/402350176 <== mon.0 v2:172.21.15.88:3300/0 5 ==== osd_map(1..1 src has 1..1) v4 ==== 725+0+0 (secure 0 0 0) 0x7f205404c5b0 con 0x7f2064105d30
2023-07-14T17:36:22.602 INFO:teuthology.orchestra.run.smithi088.stdout:/usr/bin/ceph: stderr
2023-07-14T17:36:16.586+0000 7f206259c700 1 --2- 172.21.15.88:0/402350176 >> [v2:172.21.15.88:6800/1369181448,v1:172.21.15.88:6801/1369181448] conn(0x7f204c038760 0x7f204c03ac10 unknown :-1 s=START_CONNECT pgs=0 cs=0 l=1 rev1=0 crypto rx=0 tx=0 comp rx=0 tx=0)._fault waiting 0.200000
2023-07-14T17:36:22.602 INFO:teuthology.orchestra.run.smithi088.stdout:/usr/bin/ceph: stderr
2023-07-14T17:36:16.787+0000 7f206259c700 1 -- 172.21.15.88:0/402350176 >> [v2:172.21.15.88:6800/1369181448,v1:172.21.15.88:6801/1369181448] conn(0x7f204c038760 msgr2=0x7f204c03ac10 unknown :-1 s=STATE_CONNECTING_RE l=1).process reconnect failed to v2:172.21.15.88:6800/1369181448
2023-07-14T17:36:22.602 INFO:teuthology.orchestra.run.smithi088.stdout:/usr/bin/ceph: stderr
2023-07-14T17:36:16.787+0000 7f206259c700 1 --2- 172.21.15.88:0/402350176 >> [v2:172.21.15.88:6800/1369181448,v1:172.21.15.88:6801/1369181448] conn(0x7f204c038760 0x7f204c03ac10 unknown :-1 s=START_CONNECT pgs=0 cs=0 l=1 rev1=0 crypto rx=0 tx=0 comp rx=0 tx=0)._fault waiting 0.400000
2023-07-14T17:36:22.602 INFO:teuthology.orchestra.run.smithi088.stdout:/usr/bin/ceph: stderr
2023-07-14T17:36:17.188+0000 7f206259c700 1 -- 172.21.15.88:0/402350176 >> [v2:172.21.15.88:6800/1369181448,v1:172.21.15.88:6801/1369181448] conn(0x7f204c038760 msgr2=0x7f204c03ac10 unknown :-1 s=STATE_CONNECTING_RE l=1).process reconnect failed to v2:172.21.15.88:6800/1369181448
2023-07-14T17:36:22.603 INFO:teuthology.orchestra.run.smithi088.stdout:/usr/bin/ceph: stderr
2023-07-14T17:36:17.188+0000 7f206259c700 1 --2- 172.21.15.88:0/402350176 >> [v2:172.21.15.88:6800/1369181448,v1:172.21.15.88:6801/1369181448] conn(0x7f204c038760 0x7f204c03ac10 unknown :-1 s=START_CONNECT pgs=0 cs=0 l=1 rev1=0 crypto rx=0 tx=0 comp rx=0 tx=0)._fault waiting 0.800000
2023-07-14T17:36:22.603 INFO:teuthology.orchestra.run.smithi088.stdout:/usr/bin/ceph: stderr
2023-07-14T17:36:17.989+0000 7f206259c700 1 -- 172.21.15.88:0/402350176 >> [v2:172.21.15.88:6800/1369181448,v1:172.21.15.88:6801/1369181448] conn(0x7f204c038760 msgr2=0x7f204c03ac10 unknown :-1 s=STATE_CONNECTING_RE l=1).process reconnect failed to v2:172.21.15.88:6800/1369181448
2023-07-14T17:36:22.603 INFO:teuthology.orchestra.run.smithi088.stdout:/usr/bin/ceph: stderr
2023-07-14T17:36:17.989+0000 7f206259c700 1 --2- 172.21.15.88:0/402350176 >> [v2:172.21.15.88:6800/1369181448,v1:172.21.15.88:6801/1369181448] conn(0x7f204c038760 0x7f204c03ac10 unknown :-1 s=START_CONNECT pgs=0 cs=0 l=1 rev1=0 crypto rx=0 tx=0 comp rx=0 tx=0)._fault waiting 1.600000
2023-07-14T17:36:22.603 INFO:teuthology.orchestra.run.smithi088.stdout:/usr/bin/ceph: stderr
2023-07-14T17:36:19.590+0000 7f206259c700 1 -- 172.21.15.88:0/402350176 >> [v2:172.21.15.88:6800/1369181448,v1:172.21.15.88:6801/1369181448] conn(0x7f204c038760 msgr2=0x7f204c03ac10 unknown :-1 s=STATE_CONNECTING_RE l=1).process reconnect failed to v2:172.21.15.88:6800/1369181448
2023-07-14T17:36:22.603 INFO:teuthology.orchestra.run.smithi088.stdout:/usr/bin/ceph: stderr
2023-07-14T17:36:19.590+0000 7f206259c700 1 --2- 172.21.15.88:0/402350176 >> [v2:172.21.15.88:6800/1369181448,v1:172.21.15.88:6801/1369181448] conn(0x7f204c038760 0x7f204c03ac10 unknown :-1 s=START_CONNECT pgs=0 cs=0 l=1 rev1=0 crypto rx=0 tx=0 comp rx=0 tx=0)._fault waiting 3.200000
2023-07-14T17:36:22.603 INFO:teuthology.orchestra.run.smithi088.stdout:/usr/bin/ceph: stderr
2023-07-14T17:36:21.155+0000 7f204bfff700 1 -- 172.21.15.88:0/402350176 <== mon.0 v2:172.21.15.88:3300/0 6 ==== mgrmap(e 6) v1 ==== 45250+0+0 (secure 0 0 0) 0x7f2054018c70 con 0x7f2064105d30
2023-07-14T17:36:22.603 INFO:teuthology.orchestra.run.smithi088.stdout:/usr/bin/ceph: stderr
2023-07-14T17:36:21.155+0000 7f204bfff700 1 -- 172.21.15.88:0/402350176 >> [v2:172.21.15.88:6800/1369181448,v1:172.21.15.88:6801/1369181448] conn(0x7f204c038760 msgr2=0x7f204c03ac10 unknown :-1 s=STATE_CONNECTING l=1).mark_down
2023-07-14T17:36:22.604 INFO:teuthology.orchestra.run.smithi088.stdout:/usr/bin/ceph: stderr
2023-07-14T17:36:21.155+0000 7f204bfff700 1 --2- 172.21.15.88:0/402350176 >> [v2:172.21.15.88:6800/1369181448,v1:172.21.15.88:6801/1369181448] conn(0x7f204c038760 0x7f204c03ac10 unknown :-1 s=START_CONNECT pgs=0 cs=0 l=1 rev1=0 crypto rx=0 tx=0 comp rx=0 tx=0).stop
2023-07-14T17:36:22.604 INFO:teuthology.orchestra.run.smithi088.stdout:/usr/bin/ceph: stderr
2023-07-14T17:36:22.156+0000 7f204bfff700 1 -- 172.21.15.88:0/402350176 <== mon.0 v2:172.21.15.88:3300/0 7 ==== mgrmap(e 7) v1 ==== 45377+0+0 (secure 0 0 0) 0x7f205401b5b0 con 0x7f2064105d30
2023-07-14T17:36:22.604 INFO:teuthology.orchestra.run.smithi088.stdout:/usr/bin/ceph: stderr
2023-07-14T17:36:22.156+0000 7f204bfff700 1 --2- 172.21.15.88:0/402350176 >> [v2:172.21.15.88:6800/2424184187,v1:172.21.15.88:6801/2424184187] conn(0x7f204c03bfe0 0x7f204c03e3c0 unknown :-1 s=NONE pgs=0 cs=0 l=1 rev1=0 crypto rx=0 tx=0 comp rx=0 tx=0).connect
2023-07-14T17:36:22.604 INFO:teuthology.orchestra.run.smithi088.stdout:/usr/bin/ceph: stderr
2023-07-14T17:36:22.156+0000 7f204bfff700 1 -- 172.21.15.88:0/402350176 --> [v2:172.21.15.88:6800/2424184187,v1:172.21.15.88:6801/2424184187] -- command(tid 0: {"prefix": "get_command_descriptions"}) v1 -- 0x7f204c03b320 con 0x7f204c03bfe0
2023-07-14T17:36:22.604 INFO:teuthology.orchestra.run.smithi088.stdout:/usr/bin/ceph: stderr
2023-07-14T17:36:22.156+0000 7f206259c700 1 --2- 172.21.15.88:0/402350176 >> [v2:172.21.15.88:6800/2424184187,v1:172.21.15.88:6801/2424184187] conn(0x7f204c03bfe0 0x7f204c03e3c0 unknown :-1 s=BANNER_CONNECTING pgs=0 cs=0 l=1 rev1=0 crypto rx=0 tx=0 comp rx=0 tx=0)._handle_peer_banner_payload supported=3 required=0
2023-07-14T17:36:22.604 INFO:teuthology.orchestra.run.smithi088.stdout:/usr/bin/ceph: stderr
2023-07-14T17:36:22.157+0000 7f206259c700 1 --2- 172.21.15.88:0/402350176 >> [v2:172.21.15.88:6800/2424184187,v1:172.21.15.88:6801/2424184187] conn(0x7f204c03bfe0 0x7f204c03e3c0 secure :-1 s=READY pgs=1 cs=0 l=1 rev1=1 crypto rx=0x7f2058003a10 tx=0x7f20580092b0 comp rx=0 tx=0).ready entity=mgr.14120 client_cookie=0 server_cookie=0 in_seq=0 out_seq=0
2023-07-14T17:36:22.604 INFO:teuthology.orchestra.run.smithi088.stdout:/usr/bin/ceph: stderr
2023-07-14T17:36:22.157+0000 7f204bfff700 1 -- 172.21.15.88:0/402350176 <== mgr.14120 v2:172.21.15.88:6800/2424184187 1 ==== command_reply(tid 0: 0 ) v1 ==== 8+0+6910 (secure 0 0 0) 0x7f204c03b320 con 0x7f204c03bfe0
2023-07-14T17:36:22.605 INFO:teuthology.orchestra.run.smithi088.stdout:/usr/bin/ceph: stderr
2023-07-14T17:36:22.163+0000 7f2069115700 1 -- 172.21.15.88:0/402350176 --> [v2:172.21.15.88:6800/2424184187,v1:172.21.15.88:6801/2424184187] -- command(tid 1: {"prefix": "mgr_status"}) v1 -- 0x7f2064105230 con 0x7f204c03bfe0
2023-07-14T17:36:22.605 INFO:teuthology.orchestra.run.smithi088.stdout:/usr/bin/ceph: stderr
2023-07-14T17:36:22.164+0000 7f204bfff700 1 -- 172.21.15.88:0/402350176 <== mgr.14120 v2:172.21.15.88:6800/2424184187 2 ==== command_reply(tid 1: 0 ) v1 ==== 8+0+51 (secure 0 0 0) 0x7f2064105230 con 0x7f204c03bfe0
2023-07-14T17:36:22.605 INFO:teuthology.orchestra.run.smithi088.stdout:/usr/bin/ceph: stderr
2023-07-14T17:36:22.164+0000 7f2069115700 1 -- 172.21.15.88:0/402350176 >> [v2:172.21.15.88:6800/2424184187,v1:172.21.15.88:6801/2424184187] conn(0x7f204c03bfe0 msgr2=0x7f204c03e3c0 secure :-1 s=STATE_CONNECTION_ESTABLISHED l=1).mark_down
2023-07-14T17:36:22.605 INFO:teuthology.orchestra.run.smithi088.stdout:/usr/bin/ceph: stderr
2023-07-14T17:36:22.164+0000 7f2069115700 1 --2- 172.21.15.88:0/402350176 >> [v2:172.21.15.88:6800/2424184187,v1:172.21.15.88:6801/2424184187] conn(0x7f204c03bfe0 0x7f204c03e3c0 secure :-1 s=READY pgs=1 cs=0 l=1 rev1=1 crypto rx=0x7f2058003a10 tx=0x7f20580092b0 comp rx=0 tx=0).stop
2023-07-14T17:36:22.605 INFO:teuthology.orchestra.run.smithi088.stdout:/usr/bin/ceph: stderr
2023-07-14T17:36:22.164+0000 7f2069115700 1 -- 172.21.15.88:0/402350176 >> [v2:172.21.15.88:3300/0,v1:172.21.15.88:6789/0] conn(0x7f2064105d30 msgr2=0x7f2064103ce0 secure :-1 s=STATE_CONNECTION_ESTABLISHED l=1).mark_down
2023-07-14T17:36:22.605 INFO:teuthology.orchestra.run.smithi088.stdout:/usr/bin/ceph: stderr
2023-07-14T17:36:22.164+0000 7f2069115700 1 --2- 172.21.15.88:0/402350176 >> [v2:172.21.15.88:3300/0,v1:172.21.15.88:6789/0] conn(0x7f2064105d30 0x7f2064103ce0 secure :-1 s=READY pgs=29 cs=0 l=1 rev1=1 crypto rx=0x7f2054000c00 tx=0x7f2054011e70 comp rx=0 tx=0).stop
2023-07-14T17:36:22.605 INFO:teuthology.orchestra.run.smithi088.stdout:/usr/bin/ceph: stderr
2023-07-14T17:36:22.164+0000 7f2069115700 1 -- 172.21.15.88:0/402350176 shutdown_connections
2023-07-14T17:36:22.606 INFO:teuthology.orchestra.run.smithi088.stdout:/usr/bin/ceph: stderr
2023-07-14T17:36:22.164+0000 7f2069115700 1 --2- 172.21.15.88:0/402350176 >> [v2:172.21.15.88:6800/2424184187,v1:172.21.15.88:6801/2424184187] conn(0x7f204c03bfe0 0x7f204c03e3c0 unknown :-1 s=CLOSED pgs=1 cs=0 l=1 rev1=1 crypto rx=0 tx=0 comp rx=0 tx=0).stop
2023-07-14T17:36:22.606 INFO:teuthology.orchestra.run.smithi088.stdout:/usr/bin/ceph: stderr
2023-07-14T17:36:22.164+0000 7f2069115700 1 --2- 172.21.15.88:0/402350176 >> [v2:172.21.15.88:3300/0,v1:172.21.15.88:6789/0] conn(0x7f2064105d30 0x7f2064103ce0 unknown :-1 s=CLOSED pgs=29 cs=0 l=1 rev1=1 crypto rx=0 tx=0 comp rx=0 tx=0).stop
2023-07-14T17:36:22.606 INFO:teuthology.orchestra.run.smithi088.stdout:/usr/bin/ceph: stderr
2023-07-14T17:36:22.164+0000 7f2069115700 1 --2- 172.21.15.88:0/402350176 >> [v2:172.21.15.88:6800/1369181448,v1:172.21.15.88:6801/1369181448] conn(0x7f204c038760 0x7f204c03ac10 unknown :-1 s=CLOSED pgs=0 cs=0 l=1 rev1=0 crypto rx=0 tx=0 comp rx=0 tx=0).stop
2023-07-14T17:36:22.606 INFO:teuthology.orchestra.run.smithi088.stdout:/usr/bin/ceph: stderr
2023-07-14T17:36:22.164+0000 7f2069115700 1 -- 172.21.15.88:0/402350176 >> 172.21.15.88:0/402350176 conn(0x7f20640ff770 msgr2=0x7f2064100510 unknown :-1 s=STATE_NONE l=0).mark_down
2023-07-14T17:36:22.606 INFO:teuthology.orchestra.run.smithi088.stdout:/usr/bin/ceph: stderr
2023-07-14T17:36:22.164+0000 7f2069115700 1 -- 172.21.15.88:0/402350176 shutdown_connections
2023-07-14T17:36:22.606 INFO:teuthology.orchestra.run.smithi088.stdout:/usr/bin/ceph: stderr
2023-07-14T17:36:22.164+0000 7f2069115700 1 -- 172.21.15.88:0/402350176 wait complete.
2023-07-14T17:36:22.606 INFO:teuthology.orchestra.run.smithi088.stdout:mgr epoch 5 is available
2023-07-14T17:36:22.607 INFO:teuthology.orchestra.run.smithi088.stdout:Setting orchestrator backend to cephadm...
2023-07-14T17:36:22.796 INFO:journalctl@ceph.mon.a.smithi088.stdout:Jul 14 17:36:22 smithi088 ceph-mon[127465]: Found migration_current of "None". Setting to last migration.
2023-07-14T17:36:22.797 INFO:journalctl@ceph.mon.a.smithi088.stdout:Jul 14 17:36:22 smithi088 ceph-mon[127465]: mgrmap e7: x(active, since 1.00534s)
2023-07-14T17:36:22.797 INFO:journalctl@ceph.mon.a.smithi088.stdout:Jul 14 17:36:22 smithi088 ceph-mon[127465]: from='mgr.14120 172.21.15.88:0/1339784694' entity='mgr.x' cmd=[{"prefix": "config dump", "format": "json"}]: dispatch
2023-07-14T17:36:23.639 INFO:teuthology.orchestra.run.smithi088.stdout:/usr/bin/ceph: stderr
2023-07-14T17:36:23.057+0000 7fadb14f4700 1 Processor -- start
2023-07-14T17:36:23.639 INFO:teuthology.orchestra.run.smithi088.stdout:/usr/bin/ceph: stderr
2023-07-14T17:36:23.057+0000 7fadb14f4700 1 -- start start
2023-07-14T17:36:23.639 INFO:teuthology.orchestra.run.smithi088.stdout:/usr/bin/ceph: stderr
2023-07-14T17:36:23.058+0000 7fadb14f4700 1 --2- >> [v2:172.21.15.88:3300/0,v1:172.21.15.88:6789/0] conn(0x7fadac105d30 0x7fadac108110 unknown :-1 s=NONE pgs=0 cs=0 l=0 rev1=0 crypto rx=0 tx=0 comp rx=0 tx=0).connect
2023-07-14T17:36:23.640 INFO:teuthology.orchestra.run.smithi088.stdout:/usr/bin/ceph: stderr
2023-07-14T17:36:23.058+0000 7fadb14f4700 1 -- --> [v2:172.21.15.88:3300/0,v1:172.21.15.88:6789/0] -- mon_getmap magic: 0 v1 -- 0x7fadac079d10 con 0x7fadac105d30
2023-07-14T17:36:23.640 INFO:teuthology.orchestra.run.smithi088.stdout:/usr/bin/ceph: stderr
2023-07-14T17:36:23.058+0000 7fadaaffd700 1 --2- >> [v2:172.21.15.88:3300/0,v1:172.21.15.88:6789/0] conn(0x7fadac105d30 0x7fadac108110 unknown :-1 s=BANNER_CONNECTING pgs=0 cs=0 l=0 rev1=0 crypto rx=0 tx=0 comp rx=0 tx=0)._handle_peer_banner_payload supported=3 required=0
2023-07-14T17:36:23.640 INFO:teuthology.orchestra.run.smithi088.stdout:/usr/bin/ceph: stderr
2023-07-14T17:36:23.058+0000 7fadaaffd700 1 --2- >> [v2:172.21.15.88:3300/0,v1:172.21.15.88:6789/0] conn(0x7fadac105d30 0x7fadac108110 unknown :-1 s=HELLO_CONNECTING pgs=0 cs=0 l=0 rev1=1 crypto rx=0 tx=0 comp rx=0 tx=0).handle_hello peer v2:172.21.15.88:3300/0 says I am v2:172.21.15.88:40246/0 (socket says 172.21.15.88:40246)
2023-07-14T17:36:23.640 INFO:teuthology.orchestra.run.smithi088.stdout:/usr/bin/ceph: stderr
