2023-07-14T17:36:31.419 INFO:teuthology.orchestra.run.smithi088.stdout:Deploying unmanaged mgr service...
2023-07-14T17:36:32.313 INFO:journalctl@ceph.mon.a.smithi088.stdout:Jul 14 17:36:32 smithi088 ceph-mon[127465]: from='client.14142 -' entity='client.admin' cmd=[{"prefix": "orch apply", "service_type": "mon", "unmanaged": true, "target": ["mon-mgr", ""]}]: dispatch
2023-07-14T17:36:32.314 INFO:journalctl@ceph.mon.a.smithi088.stdout:Jul 14 17:36:32 smithi088 ceph-mon[127465]: Saving service mon spec with placement count:5
2023-07-14T17:36:32.314 INFO:journalctl@ceph.mon.a.smithi088.stdout:Jul 14 17:36:32 smithi088 ceph-mon[127465]: from='mgr.14120 172.21.15.88:0/1339784694' entity='mgr.x'
2023-07-14T17:36:32.502 INFO:teuthology.orchestra.run.smithi088.stdout:/usr/bin/ceph: stdout Scheduled mgr update...
2023-07-14T17:36:32.502 INFO:teuthology.orchestra.run.smithi088.stdout:/usr/bin/ceph: stderr
2023-07-14T17:36:31.958+0000 7fe7cf0b8700 1 Processor -- start
2023-07-14T17:36:32.502 INFO:teuthology.orchestra.run.smithi088.stdout:/usr/bin/ceph: stderr
2023-07-14T17:36:31.958+0000 7fe7cf0b8700 1 -- start start
2023-07-14T17:36:32.502 INFO:teuthology.orchestra.run.smithi088.stdout:/usr/bin/ceph: stderr
2023-07-14T17:36:31.959+0000 7fe7cf0b8700 1 --2- >> [v2:172.21.15.88:3300/0,v1:172.21.15.88:6789/0] conn(0x7fe7c81040e0 0x7fe7c81044f0 unknown :-1 s=NONE pgs=0 cs=0 l=0 rev1=0 crypto rx=0 tx=0 comp rx=0 tx=0).connect
2023-07-14T17:36:32.502 INFO:teuthology.orchestra.run.smithi088.stdout:/usr/bin/ceph: stderr
2023-07-14T17:36:31.959+0000 7fe7cf0b8700 1 -- --> [v2:172.21.15.88:3300/0,v1:172.21.15.88:6789/0] -- mon_getmap magic: 0 v1 -- 0x7fe7c8104a30 con 0x7fe7c81040e0
2023-07-14T17:36:32.503 INFO:teuthology.orchestra.run.smithi088.stdout:/usr/bin/ceph: stderr
2023-07-14T17:36:31.959+0000 7fe7cce54700 1 --2- >> [v2:172.21.15.88:3300/0,v1:172.21.15.88:6789/0] conn(0x7fe7c81040e0 0x7fe7c81044f0 unknown :-1 s=BANNER_CONNECTING pgs=0 cs=0 l=0 rev1=0 crypto rx=0 tx=0 comp rx=0 tx=0)._handle_peer_banner_payload supported=3 required=0
2023-07-14T17:36:32.503 INFO:teuthology.orchestra.run.smithi088.stdout:/usr/bin/ceph: stderr
2023-07-14T17:36:31.959+0000 7fe7cce54700 1 --2- >> [v2:172.21.15.88:3300/0,v1:172.21.15.88:6789/0] conn(0x7fe7c81040e0 0x7fe7c81044f0 unknown :-1 s=HELLO_CONNECTING pgs=0 cs=0 l=0 rev1=1 crypto rx=0 tx=0 comp rx=0 tx=0).handle_hello peer v2:172.21.15.88:3300/0 says I am v2:172.21.15.88:40312/0 (socket says 172.21.15.88:40312)
2023-07-14T17:36:32.503 INFO:teuthology.orchestra.run.smithi088.stdout:/usr/bin/ceph: stderr
2023-07-14T17:36:31.959+0000 7fe7cce54700 1 -- 172.21.15.88:0/1638395711 learned_addr learned my addr 172.21.15.88:0/1638395711 (peer_addr_for_me v2:172.21.15.88:0/0)
2023-07-14T17:36:32.503 INFO:teuthology.orchestra.run.smithi088.stdout:/usr/bin/ceph: stderr
2023-07-14T17:36:31.959+0000 7fe7cce54700 1 -- 172.21.15.88:0/1638395711 --> [v2:172.21.15.88:3300/0,v1:172.21.15.88:6789/0] -- mon_subscribe({config=0+,monmap=0+}) v3 -- 0x7fe7c8104b70 con 0x7fe7c81040e0
2023-07-14T17:36:32.503 INFO:teuthology.orchestra.run.smithi088.stdout:/usr/bin/ceph: stderr
2023-07-14T17:36:31.960+0000 7fe7cce54700 1 --2- 172.21.15.88:0/1638395711 >> [v2:172.21.15.88:3300/0,v1:172.21.15.88:6789/0] conn(0x7fe7c81040e0 0x7fe7c81044f0 secure :-1 s=READY pgs=49 cs=0 l=1 rev1=1 crypto rx=0x7fe7c0009e80 tx=0x7fe7c000b330 comp rx=0 tx=0).ready entity=mon.0 client_cookie=27f5311304fd94c7 server_cookie=0 in_seq=0 out_seq=0
2023-07-14T17:36:32.503 INFO:teuthology.orchestra.run.smithi088.stdout:/usr/bin/ceph: stderr
2023-07-14T17:36:31.960+0000 7fe7c77fe700 1 -- 172.21.15.88:0/1638395711 <== mon.0 v2:172.21.15.88:3300/0 1 ==== mon_map magic: 0 v1 ==== 205+0+0 (secure 0 0 0) 0x7fe7c000e070 con 0x7fe7c81040e0
2023-07-14T17:36:32.503 INFO:teuthology.orchestra.run.smithi088.stdout:/usr/bin/ceph: stderr
2023-07-14T17:36:31.960+0000 7fe7c77fe700 1 -- 172.21.15.88:0/1638395711 <== mon.0 v2:172.21.15.88:3300/0 2 ==== config(25 keys) v1 ==== 1036+0+0 (secure 0 0 0) 0x7fe7c0003e90 con 0x7fe7c81040e0
2023-07-14T17:36:32.504 INFO:teuthology.orchestra.run.smithi088.stdout:/usr/bin/ceph: stderr
2023-07-14T17:36:31.960+0000 7fe7c77fe700 1 -- 172.21.15.88:0/1638395711 <== mon.0 v2:172.21.15.88:3300/0 3 ==== mon_map magic: 0 v1 ==== 205+0+0 (secure 0 0 0) 0x7fe7c0004360 con 0x7fe7c81040e0
2023-07-14T17:36:32.504 INFO:teuthology.orchestra.run.smithi088.stdout:/usr/bin/ceph: stderr
2023-07-14T17:36:31.960+0000 7fe7cf0b8700 1 -- 172.21.15.88:0/1638395711 >> [v2:172.21.15.88:3300/0,v1:172.21.15.88:6789/0] conn(0x7fe7c81040e0 msgr2=0x7fe7c81044f0 secure :-1 s=STATE_CONNECTION_ESTABLISHED l=1).mark_down
2023-07-14T17:36:32.504 INFO:teuthology.orchestra.run.smithi088.stdout:/usr/bin/ceph: stderr
2023-07-14T17:36:31.960+0000 7fe7cf0b8700 1 --2- 172.21.15.88:0/1638395711 >> [v2:172.21.15.88:3300/0,v1:172.21.15.88:6789/0] conn(0x7fe7c81040e0 0x7fe7c81044f0 secure :-1 s=READY pgs=49 cs=0 l=1 rev1=1 crypto rx=0x7fe7c0009e80 tx=0x7fe7c000b330 comp rx=0 tx=0).stop
2023-07-14T17:36:32.504 INFO:teuthology.orchestra.run.smithi088.stdout:/usr/bin/ceph: stderr
2023-07-14T17:36:31.960+0000 7fe7cf0b8700 1 -- 172.21.15.88:0/1638395711 shutdown_connections
2023-07-14T17:36:32.504 INFO:teuthology.orchestra.run.smithi088.stdout:/usr/bin/ceph: stderr
2023-07-14T17:36:31.960+0000 7fe7cf0b8700 1 --2- 172.21.15.88:0/1638395711 >> [v2:172.21.15.88:3300/0,v1:172.21.15.88:6789/0] conn(0x7fe7c81040e0 0x7fe7c81044f0 unknown :-1 s=CLOSED pgs=49 cs=0 l=1 rev1=1 crypto rx=0 tx=0 comp rx=0 tx=0).stop
2023-07-14T17:36:32.504 INFO:teuthology.orchestra.run.smithi088.stdout:/usr/bin/ceph: stderr
2023-07-14T17:36:31.960+0000 7fe7cf0b8700 1 -- 172.21.15.88:0/1638395711 >> 172.21.15.88:0/1638395711 conn(0x7fe7c80ff750 msgr2=0x7fe7c8101b60 unknown :-1 s=STATE_NONE l=0).mark_down
2023-07-14T17:36:32.504 INFO:teuthology.orchestra.run.smithi088.stdout:/usr/bin/ceph: stderr
2023-07-14T17:36:31.960+0000 7fe7cf0b8700 1 -- 172.21.15.88:0/1638395711 shutdown_connections
2023-07-14T17:36:32.505 INFO:teuthology.orchestra.run.smithi088.stdout:/usr/bin/ceph: stderr
2023-07-14T17:36:31.960+0000 7fe7cf0b8700 1 -- 172.21.15.88:0/1638395711 wait complete.
2023-07-14T17:36:32.505 INFO:teuthology.orchestra.run.smithi088.stdout:/usr/bin/ceph: stderr
2023-07-14T17:36:31.961+0000 7fe7cf0b8700 1 Processor -- start
2023-07-14T17:36:32.505 INFO:teuthology.orchestra.run.smithi088.stdout:/usr/bin/ceph: stderr
2023-07-14T17:36:31.961+0000 7fe7cf0b8700 1 -- start start
2023-07-14T17:36:32.505 INFO:teuthology.orchestra.run.smithi088.stdout:/usr/bin/ceph: stderr
2023-07-14T17:36:31.961+0000 7fe7cf0b8700 1 --2- >> [v2:172.21.15.88:3300/0,v1:172.21.15.88:6789/0] conn(0x7fe7c81040e0 0x7fe7c8197ed0 unknown :-1 s=NONE pgs=0 cs=0 l=1 rev1=0 crypto rx=0 tx=0 comp rx=0 tx=0).connect
2023-07-14T17:36:32.505 INFO:teuthology.orchestra.run.smithi088.stdout:/usr/bin/ceph: stderr
2023-07-14T17:36:31.961+0000 7fe7cf0b8700 1 -- --> [v2:172.21.15.88:3300/0,v1:172.21.15.88:6789/0] -- mon_getmap magic: 0 v1 -- 0x7fe7c8198410 con 0x7fe7c81040e0
2023-07-14T17:36:32.505 INFO:teuthology.orchestra.run.smithi088.stdout:/usr/bin/ceph: stderr
2023-07-14T17:36:31.961+0000 7fe7cce54700 1 --2- >> [v2:172.21.15.88:3300/0,v1:172.21.15.88:6789/0] conn(0x7fe7c81040e0 0x7fe7c8197ed0 unknown :-1 s=BANNER_CONNECTING pgs=0 cs=0 l=1 rev1=0 crypto rx=0 tx=0 comp rx=0 tx=0)._handle_peer_banner_payload supported=3 required=0
2023-07-14T17:36:32.505 INFO:teuthology.orchestra.run.smithi088.stdout:/usr/bin/ceph: stderr
2023-07-14T17:36:31.961+0000 7fe7cce54700 1 --2- >> [v2:172.21.15.88:3300/0,v1:172.21.15.88:6789/0] conn(0x7fe7c81040e0 0x7fe7c8197ed0 unknown :-1 s=HELLO_CONNECTING pgs=0 cs=0 l=1 rev1=1 crypto rx=0 tx=0 comp rx=0 tx=0).handle_hello peer v2:172.21.15.88:3300/0 says I am v2:172.21.15.88:40314/0 (socket says 172.21.15.88:40314)
2023-07-14T17:36:32.505 INFO:teuthology.orchestra.run.smithi088.stdout:/usr/bin/ceph: stderr
2023-07-14T17:36:31.961+0000 7fe7cce54700 1 -- 172.21.15.88:0/3397114916 learned_addr learned my addr 172.21.15.88:0/3397114916 (peer_addr_for_me v2:172.21.15.88:0/0)
2023-07-14T17:36:32.506 INFO:teuthology.orchestra.run.smithi088.stdout:/usr/bin/ceph: stderr
2023-07-14T17:36:31.961+0000 7fe7cce54700 1 -- 172.21.15.88:0/3397114916 --> [v2:172.21.15.88:3300/0,v1:172.21.15.88:6789/0] -- mon_subscribe({config=0+,monmap=0+}) v3 -- 0x7fe7c0009b30 con 0x7fe7c81040e0
2023-07-14T17:36:32.506 INFO:teuthology.orchestra.run.smithi088.stdout:/usr/bin/ceph: stderr
2023-07-14T17:36:31.962+0000 7fe7cce54700 1 --2- 172.21.15.88:0/3397114916 >> [v2:172.21.15.88:3300/0,v1:172.21.15.88:6789/0] conn(0x7fe7c81040e0 0x7fe7c8197ed0 secure :-1 s=READY pgs=50 cs=0 l=1 rev1=1 crypto rx=0x7fe7c00072a0 tx=0x7fe7c0003d00 comp rx=0 tx=0).ready entity=mon.0 client_cookie=0 server_cookie=0 in_seq=0 out_seq=0
2023-07-14T17:36:32.506 INFO:teuthology.orchestra.run.smithi088.stdout:/usr/bin/ceph: stderr
2023-07-14T17:36:31.962+0000 7fe7c5ffb700 1 -- 172.21.15.88:0/3397114916 <== mon.0 v2:172.21.15.88:3300/0 1 ==== mon_map magic: 0 v1 ==== 205+0+0 (secure 0 0 0) 0x7fe7c000e040 con 0x7fe7c81040e0
2023-07-14T17:36:32.506 INFO:teuthology.orchestra.run.smithi088.stdout:/usr/bin/ceph: stderr
2023-07-14T17:36:31.962+0000 7fe7c5ffb700 1 -- 172.21.15.88:0/3397114916 <== mon.0 v2:172.21.15.88:3300/0 2 ==== config(25 keys) v1 ==== 1036+0+0 (secure 0 0 0) 0x7fe7c00128a0 con 0x7fe7c81040e0
2023-07-14T17:36:32.506 INFO:teuthology.orchestra.run.smithi088.stdout:/usr/bin/ceph: stderr
2023-07-14T17:36:31.962+0000 7fe7c5ffb700 1 -- 172.21.15.88:0/3397114916 <== mon.0 v2:172.21.15.88:3300/0 3 ==== mon_map magic: 0 v1 ==== 205+0+0 (secure 0 0 0) 0x7fe7c001c6b0 con 0x7fe7c81040e0
2023-07-14T17:36:32.506 INFO:teuthology.orchestra.run.smithi088.stdout:/usr/bin/ceph: stderr
2023-07-14T17:36:31.962+0000 7fe7cf0b8700 1 -- 172.21.15.88:0/3397114916 --> [v2:172.21.15.88:3300/0,v1:172.21.15.88:6789/0] -- mon_subscribe({mgrmap=0+}) v3 -- 0x7fe7c8198610 con 0x7fe7c81040e0
2023-07-14T17:36:32.506 INFO:teuthology.orchestra.run.smithi088.stdout:/usr/bin/ceph: stderr
2023-07-14T17:36:31.962+0000 7fe7cf0b8700 1 -- 172.21.15.88:0/3397114916 --> [v2:172.21.15.88:3300/0,v1:172.21.15.88:6789/0] -- mon_subscribe({osdmap=0}) v3 -- 0x7fe7c8199160 con 0x7fe7c81040e0
2023-07-14T17:36:32.507 INFO:teuthology.orchestra.run.smithi088.stdout:/usr/bin/ceph: stderr
2023-07-14T17:36:31.963+0000 7fe7c5ffb700 1 -- 172.21.15.88:0/3397114916 <== mon.0 v2:172.21.15.88:3300/0 4 ==== mgrmap(e 8) v1 ==== 45483+0+0 (secure 0 0 0) 0x7fe7c0012430 con 0x7fe7c81040e0
2023-07-14T17:36:32.507 INFO:teuthology.orchestra.run.smithi088.stdout:/usr/bin/ceph: stderr
2023-07-14T17:36:31.963+0000 7fe7c5ffb700 1 --2- 172.21.15.88:0/3397114916 >> [v2:172.21.15.88:6800/2424184187,v1:172.21.15.88:6801/2424184187] conn(0x7fe7b4038740 0x7fe7b403abf0 unknown :-1 s=NONE pgs=0 cs=0 l=1 rev1=0 crypto rx=0 tx=0 comp rx=0 tx=0).connect
2023-07-14T17:36:32.507 INFO:teuthology.orchestra.run.smithi088.stdout:/usr/bin/ceph: stderr
2023-07-14T17:36:31.963+0000 7fe7cf0b8700 1 -- 172.21.15.88:0/3397114916 --> [v2:172.21.15.88:3300/0,v1:172.21.15.88:6789/0] -- mon_command({"prefix": "get_command_descriptions"} v 0) v1 -- 0x7fe7c8061c70 con 0x7fe7c81040e0
2023-07-14T17:36:32.507 INFO:teuthology.orchestra.run.smithi088.stdout:/usr/bin/ceph: stderr
2023-07-14T17:36:31.963+0000 7fe7c5ffb700 1 -- 172.21.15.88:0/3397114916 <== mon.0 v2:172.21.15.88:3300/0 5 ==== osd_map(2..2 src has 1..2) v4 ==== 940+0+0 (secure 0 0 0) 0x7fe7c004c630 con 0x7fe7c81040e0
2023-07-14T17:36:32.507 INFO:teuthology.orchestra.run.smithi088.stdout:/usr/bin/ceph: stderr
2023-07-14T17:36:31.963+0000 7fe7c7fff700 1 --2- 172.21.15.88:0/3397114916 >> [v2:172.21.15.88:6800/2424184187,v1:172.21.15.88:6801/2424184187] conn(0x7fe7b4038740 0x7fe7b403abf0 unknown :-1 s=BANNER_CONNECTING pgs=0 cs=0 l=1 rev1=0 crypto rx=0 tx=0 comp rx=0 tx=0)._handle_peer_banner_payload supported=3 required=0
2023-07-14T17:36:32.507 INFO:teuthology.orchestra.run.smithi088.stdout:/usr/bin/ceph: stderr
2023-07-14T17:36:31.963+0000 7fe7c7fff700 1 --2- 172.21.15.88:0/3397114916 >> [v2:172.21.15.88:6800/2424184187,v1:172.21.15.88:6801/2424184187] conn(0x7fe7b4038740 0x7fe7b403abf0 secure :-1 s=READY pgs=13 cs=0 l=1 rev1=1 crypto rx=0x7fe7b0006fd0 tx=0x7fe7b0006e40 comp rx=0 tx=0).ready entity=mgr.14120 client_cookie=0 server_cookie=0 in_seq=0 out_seq=0
2023-07-14T17:36:32.507 INFO:teuthology.orchestra.run.smithi088.stdout:/usr/bin/ceph: stderr
2023-07-14T17:36:31.968+0000 7fe7c5ffb700 1 -- 172.21.15.88:0/3397114916 <== mon.0 v2:172.21.15.88:3300/0 6 ==== mon_command_ack([{"prefix": "get_command_descriptions"}]=0 v0) v1 ==== 72+0+178025 (secure 0 0 0) 0x7fe7c0012a10 con 0x7fe7c81040e0
2023-07-14T17:36:32.507 INFO:teuthology.orchestra.run.smithi088.stdout:/usr/bin/ceph: stderr
2023-07-14T17:36:32.171+0000 7fe7cf0b8700 1 -- 172.21.15.88:0/3397114916 --> [v2:172.21.15.88:6800/2424184187,v1:172.21.15.88:6801/2424184187] -- mgr_command(tid 0: {"prefix": "orch apply", "service_type": "mgr", "unmanaged": true, "target": ["mon-mgr", ""]}) v1 -- 0x7fe7c8100ba0 con 0x7fe7b4038740
2023-07-14T17:36:32.508 INFO:teuthology.orchestra.run.smithi088.stdout:/usr/bin/ceph: stderr
2023-07-14T17:36:32.175+0000 7fe7c5ffb700 1 -- 172.21.15.88:0/3397114916 <== mgr.14120 v2:172.21.15.88:6800/2424184187 1 ==== mgr_command_reply(tid 0: 0 ) v1 ==== 8+0+24 (secure 0 0 0) 0x7fe7c8100ba0 con 0x7fe7b4038740
2023-07-14T17:36:32.508 INFO:teuthology.orchestra.run.smithi088.stdout:/usr/bin/ceph: stderr
2023-07-14T17:36:32.177+0000 7fe7cf0b8700 1 -- 172.21.15.88:0/3397114916 >> [v2:172.21.15.88:6800/2424184187,v1:172.21.15.88:6801/2424184187] conn(0x7fe7b4038740 msgr2=0x7fe7b403abf0 secure :-1 s=STATE_CONNECTION_ESTABLISHED l=1).mark_down
2023-07-14T17:36:32.508 INFO:teuthology.orchestra.run.smithi088.stdout:/usr/bin/ceph: stderr
2023-07-14T17:36:32.177+0000 7fe7cf0b8700 1 --2- 172.21.15.88:0/3397114916 >> [v2:172.21.15.88:6800/2424184187,v1:172.21.15.88:6801/2424184187] conn(0x7fe7b4038740 0x7fe7b403abf0 secure :-1 s=READY pgs=13 cs=0 l=1 rev1=1 crypto rx=0x7fe7b0006fd0 tx=0x7fe7b0006e40 comp rx=0 tx=0).stop
2023-07-14T17:36:32.508 INFO:teuthology.orchestra.run.smithi088.stdout:/usr/bin/ceph: stderr
2023-07-14T17:36:32.177+0000 7fe7cf0b8700 1 -- 172.21.15.88:0/3397114916 >> [v2:172.21.15.88:3300/0,v1:172.21.15.88:6789/0] conn(0x7fe7c81040e0 msgr2=0x7fe7c8197ed0 secure :-1 s=STATE_CONNECTION_ESTABLISHED l=1).mark_down
2023-07-14T17:36:32.508 INFO:teuthology.orchestra.run.smithi088.stdout:/usr/bin/ceph: stderr
2023-07-14T17:36:32.177+0000 7fe7cf0b8700 1 --2- 172.21.15.88:0/3397114916 >> [v2:172.21.15.88:3300/0,v1:172.21.15.88:6789/0] conn(0x7fe7c81040e0 0x7fe7c8197ed0 secure :-1 s=READY pgs=50 cs=0 l=1 rev1=1 crypto rx=0x7fe7c00072a0 tx=0x7fe7c0003d00 comp rx=0 tx=0).stop
2023-07-14T17:36:32.508 INFO:teuthology.orchestra.run.smithi088.stdout:/usr/bin/ceph: stderr
2023-07-14T17:36:32.177+0000 7fe7cf0b8700 1 -- 172.21.15.88:0/3397114916 shutdown_connections
2023-07-14T17:36:32.508 INFO:teuthology.orchestra.run.smithi088.stdout:/usr/bin/ceph: stderr
2023-07-14T17:36:32.177+0000 7fe7cf0b8700 1 --2- 172.21.15.88:0/3397114916 >> [v2:172.21.15.88:6800/2424184187,v1:172.21.15.88:6801/2424184187] conn(0x7fe7b4038740 0x7fe7b403abf0 unknown :-1 s=CLOSED pgs=13 cs=0 l=1 rev1=1 crypto rx=0 tx=0 comp rx=0 tx=0).stop
2023-07-14T17:36:32.509 INFO:teuthology.orchestra.run.smithi088.stdout:/usr/bin/ceph: stderr
2023-07-14T17:36:32.177+0000 7fe7cf0b8700 1 --2- 172.21.15.88:0/3397114916 >> [v2:172.21.15.88:3300/0,v1:172.21.15.88:6789/0] conn(0x7fe7c81040e0 0x7fe7c8197ed0 unknown :-1 s=CLOSED pgs=50 cs=0 l=1 rev1=1 crypto rx=0 tx=0 comp rx=0 tx=0).stop
2023-07-14T17:36:32.509 INFO:teuthology.orchestra.run.smithi088.stdout:/usr/bin/ceph: stderr
2023-07-14T17:36:32.177+0000 7fe7cf0b8700 1 -- 172.21.15.88:0/3397114916 >> 172.21.15.88:0/3397114916 conn(0x7fe7c80ff750 msgr2=0x7fe7c8100490 unknown :-1 s=STATE_NONE l=0).mark_down
2023-07-14T17:36:32.509 INFO:teuthology.orchestra.run.smithi088.stdout:/usr/bin/ceph: stderr
2023-07-14T17:36:32.177+0000 7fe7cf0b8700 1 -- 172.21.15.88:0/3397114916 shutdown_connections
2023-07-14T17:36:32.509 INFO:teuthology.orchestra.run.smithi088.stdout:/usr/bin/ceph: stderr
2023-07-14T17:36:32.178+0000 7fe7cf0b8700 1 -- 172.21.15.88:0/3397114916 wait complete.
2023-07-14T17:36:33.446 INFO:journalctl@ceph.mon.a.smithi088.stdout:Jul 14 17:36:33 smithi088 ceph-mon[127465]: from='client.14144 -' entity='client.admin' cmd=[{"prefix": "orch apply", "service_type": "mgr", "unmanaged": true, "target": ["mon-mgr", ""]}]: dispatch
2023-07-14T17:36:33.446 INFO:journalctl@ceph.mon.a.smithi088.stdout:Jul 14 17:36:33 smithi088 ceph-mon[127465]: Saving service mgr spec with placement count:2
2023-07-14T17:36:33.446 INFO:journalctl@ceph.mon.a.smithi088.stdout:Jul 14 17:36:33 smithi088 ceph-mon[127465]: from='mgr.14120 172.21.15.88:0/1339784694' entity='mgr.x'
2023-07-14T17:36:33.446 INFO:journalctl@ceph.mon.a.smithi088.stdout:Jul 14 17:36:33 smithi088 ceph-mon[127465]: from='mgr.14120 172.21.15.88:0/1339784694' entity='mgr.x'
2023-07-14T17:36:34.548 INFO:teuthology.orchestra.run.smithi088.stdout:/usr/bin/ceph: stderr
2023-07-14T17:36:33.958+0000 7fc57b50e700 1 Processor -- start
2023-07-14T17:36:34.548 INFO:teuthology.orchestra.run.smithi088.stdout:/usr/bin/ceph: stderr
2023-07-14T17:36:33.958+0000 7fc57b50e700 1 -- start start
2023-07-14T17:36:34.548 INFO:teuthology.orchestra.run.smithi088.stdout:/usr/bin/ceph: stderr
2023-07-14T17:36:33.958+0000 7fc57b50e700 1 --2- >> [v2:172.21.15.88:3300/0,v1:172.21.15.88:6789/0] conn(0x7fc574105d40 0x7fc574108120 unknown :-1 s=NONE pgs=0 cs=0 l=0 rev1=0 crypto rx=0 tx=0 comp rx=0 tx=0).connect
2023-07-14T17:36:34.549 INFO:teuthology.orchestra.run.smithi088.stdout:/usr/bin/ceph: stderr
2023-07-14T17:36:33.958+0000 7fc57b50e700 1 -- --> [v2:172.21.15.88:3300/0,v1:172.21.15.88:6789/0] -- mon_getmap magic: 0 v1 -- 0x7fc574079d10 con 0x7fc574105d40
2023-07-14T17:36:34.549 INFO:teuthology.orchestra.run.smithi088.stdout:/usr/bin/ceph: stderr
2023-07-14T17:36:33.958+0000 7fc5792aa700 1 --2- >> [v2:172.21.15.88:3300/0,v1:172.21.15.88:6789/0] conn(0x7fc574105d40 0x7fc574108120 unknown :-1 s=BANNER_CONNECTING pgs=0 cs=0 l=0 rev1=0 crypto rx=0 tx=0 comp rx=0 tx=0)._handle_peer_banner_payload supported=3 required=0
2023-07-14T17:36:34.549 INFO:teuthology.orchestra.run.smithi088.stdout:/usr/bin/ceph: stderr
2023-07-14T17:36:33.958+0000 7fc5792aa700 1 --2- >> [v2:172.21.15.88:3300/0,v1:172.21.15.88:6789/0] conn(0x7fc574105d40 0x7fc574108120 unknown :-1 s=HELLO_CONNECTING pgs=0 cs=0 l=0 rev1=1 crypto rx=0 tx=0 comp rx=0 tx=0).handle_hello peer v2:172.21.15.88:3300/0 says I am v2:172.21.15.88:40318/0 (socket says 172.21.15.88:40318)
2023-07-14T17:36:34.549 INFO:teuthology.orchestra.run.smithi088.stdout:/usr/bin/ceph: stderr
2023-07-14T17:36:33.958+0000 7fc5792aa700 1 -- 172.21.15.88:0/1990382727 learned_addr learned my addr 172.21.15.88:0/1990382727 (peer_addr_for_me v2:172.21.15.88:0/0)
2023-07-14T17:36:34.549 INFO:teuthology.orchestra.run.smithi088.stdout:/usr/bin/ceph: stderr
2023-07-14T17:36:33.959+0000 7fc5792aa700 1 -- 172.21.15.88:0/1990382727 --> [v2:172.21.15.88:3300/0,v1:172.21.15.88:6789/0] -- mon_subscribe({config=0+,monmap=0+}) v3 -- 0x7fc574079e50 con 0x7fc574105d40
2023-07-14T17:36:34.549 INFO:teuthology.orchestra.run.smithi088.stdout:/usr/bin/ceph: stderr
2023-07-14T17:36:33.959+0000 7fc5792aa700 1 --2- 172.21.15.88:0/1990382727 >> [v2:172.21.15.88:3300/0,v1:172.21.15.88:6789/0] conn(0x7fc574105d40 0x7fc574108120 secure :-1 s=READY pgs=51 cs=0 l=1 rev1=1 crypto rx=0x7fc5700098a0 tx=0x7fc570009bb0 comp rx=0 tx=0).ready entity=mon.0 client_cookie=d60e1cf118e71cb8 server_cookie=0 in_seq=0 out_seq=0
2023-07-14T17:36:34.549 INFO:teuthology.orchestra.run.smithi088.stdout:/usr/bin/ceph: stderr
2023-07-14T17:36:33.959+0000 7fc56bfff700 1 -- 172.21.15.88:0/1990382727 <== mon.0 v2:172.21.15.88:3300/0 1 ==== mon_map magic: 0 v1 ==== 205+0+0 (secure 0 0 0) 0x7fc570004160 con 0x7fc574105d40
2023-07-14T17:36:34.549 INFO:teuthology.orchestra.run.smithi088.stdout:/usr/bin/ceph: stderr
2023-07-14T17:36:33.959+0000 7fc56bfff700 1 -- 172.21.15.88:0/1990382727 <== mon.0 v2:172.21.15.88:3300/0 2 ==== config(25 keys) v1 ==== 1067+0+0 (secure 0 0 0) 0x7fc5700042c0 con 0x7fc574105d40
2023-07-14T17:36:34.550 INFO:teuthology.orchestra.run.smithi088.stdout:/usr/bin/ceph: stderr
2023-07-14T17:36:33.959+0000 7fc56bfff700 1 -- 172.21.15.88:0/1990382727 <== mon.0 v2:172.21.15.88:3300/0 3 ==== mon_map magic: 0 v1 ==== 205+0+0 (secure 0 0 0) 0x7fc5700118e0 con 0x7fc574105d40
2023-07-14T17:36:34.550 INFO:teuthology.orchestra.run.smithi088.stdout:/usr/bin/ceph: stderr
2023-07-14T17:36:33.960+0000 7fc57b50e700 1 -- 172.21.15.88:0/1990382727 >> [v2:172.21.15.88:3300/0,v1:172.21.15.88:6789/0] conn(0x7fc574105d40 msgr2=0x7fc574108120 secure :-1 s=STATE_CONNECTION_ESTABLISHED l=1).mark_down
2023-07-14T17:36:34.550 INFO:teuthology.orchestra.run.smithi088.stdout:/usr/bin/ceph: stderr
2023-07-14T17:36:33.960+0000 7fc57b50e700 1 --2- 172.21.15.88:0/1990382727 >> [v2:172.21.15.88:3300/0,v1:172.21.15.88:6789/0] conn(0x7fc574105d40 0x7fc574108120 secure :-1 s=READY pgs=51 cs=0 l=1 rev1=1 crypto rx=0x7fc5700098a0 tx=0x7fc570009bb0 comp rx=0 tx=0).stop
2023-07-14T17:36:34.550 INFO:teuthology.orchestra.run.smithi088.stdout:/usr/bin/ceph: stderr
2023-07-14T17:36:33.960+0000 7fc57b50e700 1 -- 172.21.15.88:0/1990382727 shutdown_connections
2023-07-14T17:36:34.550 INFO:teuthology.orchestra.run.smithi088.stdout:/usr/bin/ceph: stderr
2023-07-14T17:36:33.960+0000 7fc57b50e700 1 --2- 172.21.15.88:0/1990382727 >> [v2:172.21.15.88:3300/0,v1:172.21.15.88:6789/0] conn(0x7fc574105d40 0x7fc574108120 unknown :-1 s=CLOSED pgs=51 cs=0 l=1 rev1=1 crypto rx=0 tx=0 comp rx=0 tx=0).stop
2023-07-14T17:36:34.550 INFO:teuthology.orchestra.run.smithi088.stdout:/usr/bin/ceph: stderr
2023-07-14T17:36:33.960+0000 7fc57b50e700 1 -- 172.21.15.88:0/1990382727 >> 172.21.15.88:0/1990382727 conn(0x7fc5740ff7a0 msgr2=0x7fc574101bb0 unknown :-1 s=STATE_NONE l=0).mark_down
2023-07-14T17:36:34.550 INFO:teuthology.orchestra.run.smithi088.stdout:/usr/bin/ceph: stderr
2023-07-14T17:36:33.960+0000 7fc57b50e700 1 -- 172.21.15.88:0/1990382727 shutdown_connections
2023-07-14T17:36:34.551 INFO:teuthology.orchestra.run.smithi088.stdout:/usr/bin/ceph: stderr
2023-07-14T17:36:33.960+0000 7fc57b50e700 1 -- 172.21.15.88:0/1990382727 wait complete.
2023-07-14T17:36:34.551 INFO:teuthology.orchestra.run.smithi088.stdout:/usr/bin/ceph: stderr
2023-07-14T17:36:33.961+0000 7fc57b50e700 1 Processor -- start
2023-07-14T17:36:34.551 INFO:teuthology.orchestra.run.smithi088.stdout:/usr/bin/ceph: stderr
2023-07-14T17:36:33.961+0000 7fc57b50e700 1 -- start start
2023-07-14T17:36:34.551 INFO:teuthology.orchestra.run.smithi088.stdout:/usr/bin/ceph: stderr
2023-07-14T17:36:33.961+0000 7fc57b50e700 1 --2- >> [v2:172.21.15.88:3300/0,v1:172.21.15.88:6789/0] conn(0x7fc574105d40 0x7fc574198ff0 unknown :-1 s=NONE pgs=0 cs=0 l=1 rev1=0 crypto rx=0 tx=0 comp rx=0 tx=0).connect
2023-07-14T17:36:34.551 INFO:teuthology.orchestra.run.smithi088.stdout:/usr/bin/ceph: stderr
2023-07-14T17:36:33.961+0000 7fc57b50e700 1 -- --> [v2:172.21.15.88:3300/0,v1:172.21.15.88:6789/0] -- mon_getmap magic: 0 v1 -- 0x7fc574199530 con 0x7fc574105d40
2023-07-14T17:36:34.551 INFO:teuthology.orchestra.run.smithi088.stdout:/usr/bin/ceph: stderr
2023-07-14T17:36:33.961+0000 7fc5792aa700 1 --2- >> [v2:172.21.15.88:3300/0,v1:172.21.15.88:6789/0] conn(0x7fc574105d40 0x7fc574198ff0 unknown :-1 s=BANNER_CONNECTING pgs=0 cs=0 l=1 rev1=0 crypto rx=0 tx=0 comp rx=0 tx=0)._handle_peer_banner_payload supported=3 required=0
2023-07-14T17:36:34.551 INFO:teuthology.orchestra.run.smithi088.stdout:/usr/bin/ceph: stderr
2023-07-14T17:36:33.961+0000 7fc5792aa700 1 --2- >> [v2:172.21.15.88:3300/0,v1:172.21.15.88:6789/0] conn(0x7fc574105d40 0x7fc574198ff0 unknown :-1 s=HELLO_CONNECTING pgs=0 cs=0 l=1 rev1=1 crypto rx=0 tx=0 comp rx=0 tx=0).handle_hello peer v2:172.21.15.88:3300/0 says I am v2:172.21.15.88:40320/0 (socket says 172.21.15.88:40320)
2023-07-14T17:36:34.551 INFO:teuthology.orchestra.run.smithi088.stdout:/usr/bin/ceph: stderr
2023-07-14T17:36:33.961+0000 7fc5792aa700 1 -- 172.21.15.88:0/365524577 learned_addr learned my addr 172.21.15.88:0/365524577 (peer_addr_for_me v2:172.21.15.88:0/0)
2023-07-14T17:36:34.552 INFO:teuthology.orchestra.run.smithi088.stdout:/usr/bin/ceph: stderr
2023-07-14T17:36:33.961+0000 7fc5792aa700 1 -- 172.21.15.88:0/365524577 --> [v2:172.21.15.88:3300/0,v1:172.21.15.88:6789/0] -- mon_subscribe({config=0+,monmap=0+}) v3 -- 0x7fc570009550 con 0x7fc574105d40
2023-07-14T17:36:34.552 INFO:teuthology.orchestra.run.smithi088.stdout:/usr/bin/ceph: stderr
2023-07-14T17:36:33.961+0000 7fc5792aa700 1 --2- 172.21.15.88:0/365524577 >> [v2:172.21.15.88:3300/0,v1:172.21.15.88:6789/0] conn(0x7fc574105d40 0x7fc574198ff0 secure :-1 s=READY pgs=52 cs=0 l=1 rev1=1 crypto rx=0x7fc570006af0 tx=0x7fc570011e80 comp rx=0 tx=0).ready entity=mon.0 client_cookie=0 server_cookie=0 in_seq=0 out_seq=0
2023-07-14T17:36:34.552 INFO:teuthology.orchestra.run.smithi088.stdout:/usr/bin/ceph: stderr
2023-07-14T17:36:33.961+0000 7fc56a7fc700 1 -- 172.21.15.88:0/365524577 <== mon.0 v2:172.21.15.88:3300/0 1 ==== mon_map magic: 0 v1 ==== 205+0+0 (secure 0 0 0) 0x7fc5700037d0 con 0x7fc574105d40
2023-07-14T17:36:34.552 INFO:teuthology.orchestra.run.smithi088.stdout:/usr/bin/ceph: stderr
2023-07-14T17:36:33.961+0000 7fc56a7fc700 1 -- 172.21.15.88:0/365524577 <== mon.0 v2:172.21.15.88:3300/0 2 ==== config(25 keys) v1 ==== 1067+0+0 (secure 0 0 0) 0x7fc57001b440 con 0x7fc574105d40
2023-07-14T17:36:34.552 INFO:teuthology.orchestra.run.smithi088.stdout:/usr/bin/ceph: stderr
2023-07-14T17:36:33.961+0000 7fc57b50e700 1 -- 172.21.15.88:0/365524577 --> [v2:172.21.15.88:3300/0,v1:172.21.15.88:6789/0] -- mon_subscribe({mgrmap=0+}) v3 -- 0x7fc574199790 con 0x7fc574105d40
2023-07-14T17:36:34.552 INFO:teuthology.orchestra.run.smithi088.stdout:/usr/bin/ceph: stderr
2023-07-14T17:36:33.962+0000 7fc56a7fc700 1 -- 172.21.15.88:0/365524577 <== mon.0 v2:172.21.15.88:3300/0 3 ==== mon_map magic: 0 v1 ==== 205+0+0 (secure 0 0 0) 0x7fc570019560 con 0x7fc574105d40
2023-07-14T17:36:34.552 INFO:teuthology.orchestra.run.smithi088.stdout:/usr/bin/ceph: stderr
2023-07-14T17:36:33.962+0000 7fc57b50e700 1 -- 172.21.15.88:0/365524577 --> [v2:172.21.15.88:3300/0,v1:172.21.15.88:6789/0] -- mon_subscribe({osdmap=0}) v3 -- 0x7fc57419a3c0 con 0x7fc574105d40
2023-07-14T17:36:34.553 INFO:teuthology.orchestra.run.smithi088.stdout:/usr/bin/ceph: stderr
2023-07-14T17:36:33.962+0000 7fc56a7fc700 1 -- 172.21.15.88:0/365524577 <== mon.0 v2:172.21.15.88:3300/0 4 ==== mgrmap(e 8) v1 ==== 45483+0+0 (secure 0 0 0) 0x7fc5700197d0 con 0x7fc574105d40
2023-07-14T17:36:34.553 INFO:teuthology.orchestra.run.smithi088.stdout:/usr/bin/ceph: stderr
2023-07-14T17:36:33.962+0000 7fc57b50e700 1 -- 172.21.15.88:0/365524577 --> [v2:172.21.15.88:3300/0,v1:172.21.15.88:6789/0] -- mon_command({"prefix": "get_command_descriptions"} v 0) v1 -- 0x7fc574061c70 con 0x7fc574105d40
2023-07-14T17:36:34.553 INFO:teuthology.orchestra.run.smithi088.stdout:/usr/bin/ceph: stderr
2023-07-14T17:36:33.963+0000 7fc56a7fc700 1 --2- 172.21.15.88:0/365524577 >> [v2:172.21.15.88:6800/2424184187,v1:172.21.15.88:6801/2424184187] conn(0x7fc560038710 0x7fc56003abc0 unknown :-1 s=NONE pgs=0 cs=0 l=1 rev1=0 crypto rx=0 tx=0 comp rx=0 tx=0).connect
2023-07-14T17:36:34.553 INFO:teuthology.orchestra.run.smithi088.stdout:/usr/bin/ceph: stderr
2023-07-14T17:36:33.963+0000 7fc56a7fc700 1 -- 172.21.15.88:0/365524577 <== mon.0 v2:172.21.15.88:3300/0 5 ==== osd_map(2..2 src has 1..2) v4 ==== 940+0+0 (secure 0 0 0) 0x7fc57004c4e0 con 0x7fc574105d40
2023-07-14T17:36:34.553 INFO:teuthology.orchestra.run.smithi088.stdout:/usr/bin/ceph: stderr
2023-07-14T17:36:33.963+0000 7fc578aa9700 1 --2- 172.21.15.88:0/365524577 >> [v2:172.21.15.88:6800/2424184187,v1:172.21.15.88:6801/2424184187] conn(0x7fc560038710 0x7fc56003abc0 unknown :-1 s=BANNER_CONNECTING pgs=0 cs=0 l=1 rev1=0 crypto rx=0 tx=0 comp rx=0 tx=0)._handle_peer_banner_payload supported=3 required=0
2023-07-14T17:36:34.553 INFO:teuthology.orchestra.run.smithi088.stdout:/usr/bin/ceph: stderr
2023-07-14T17:36:33.963+0000 7fc578aa9700 1 --2- 172.21.15.88:0/365524577 >> [v2:172.21.15.88:6800/2424184187,v1:172.21.15.88:6801/2424184187] conn(0x7fc560038710 0x7fc56003abc0 secure :-1 s=READY pgs=14 cs=0 l=1 rev1=1 crypto rx=0x7fc564006fd0 tx=0x7fc564006e40 comp rx=0 tx=0).ready entity=mgr.14120 client_cookie=0 server_cookie=0 in_seq=0 out_seq=0
2023-07-14T17:36:34.553 INFO:teuthology.orchestra.run.smithi088.stdout:/usr/bin/ceph: stderr
2023-07-14T17:36:33.970+0000 7fc56a7fc700 1 -- 172.21.15.88:0/365524577 <== mon.0 v2:172.21.15.88:3300/0 6 ==== mon_command_ack([{"prefix": "get_command_descriptions"}]=0 v0) v1 ==== 72+0+178025 (secure 0 0 0) 0x7fc570018db0 con 0x7fc574105d40
2023-07-14T17:36:34.553 INFO:teuthology.orchestra.run.smithi088.stdout:/usr/bin/ceph: stderr
2023-07-14T17:36:34.164+0000 7fc57b50e700 1 -- 172.21.15.88:0/365524577 --> [v2:172.21.15.88:3300/0,v1:172.21.15.88:6789/0] -- mon_command([{prefix=config set, name=mgr/cephadm/container_init}] v 0) v1 -- 0x7fc57419a960 con 0x7fc574105d40
2023-07-14T17:36:34.554 INFO:teuthology.orchestra.run.smithi088.stdout:/usr/bin/ceph: stderr
2023-07-14T17:36:34.167+0000 7fc56a7fc700 1 -- 172.21.15.88:0/365524577 <== mon.0 v2:172.21.15.88:3300/0 7 ==== mon_command_ack([{prefix=config set, name=mgr/cephadm/container_init}]=0 v7)=0 v7) v1 ==== 142+0+0 (secure 0 0 0) 0x7fc570018350 con 0x7fc574105d40
2023-07-14T17:36:34.554 INFO:teuthology.orchestra.run.smithi088.stdout:/usr/bin/ceph: stderr
2023-07-14T17:36:34.170+0000 7fc57b50e700 1 -- 172.21.15.88:0/365524577 >> [v2:172.21.15.88:6800/2424184187,v1:172.21.15.88:6801/2424184187] conn(0x7fc560038710 msgr2=0x7fc56003abc0 secure :-1 s=STATE_CONNECTION_ESTABLISHED l=1).mark_down
2023-07-14T17:36:34.554 INFO:teuthology.orchestra.run.smithi088.stdout:/usr/bin/ceph: stderr
2023-07-14T17:36:34.170+0000 7fc57b50e700 1 --2- 172.21.15.88:0/365524577 >> [v2:172.21.15.88:6800/2424184187,v1:172.21.15.88:6801/2424184187] conn(0x7fc560038710 0x7fc56003abc0 secure :-1 s=READY pgs=14 cs=0 l=1 rev1=1 crypto rx=0x7fc564006fd0 tx=0x7fc564006e40 comp rx=0 tx=0).stop
2023-07-14T17:36:34.554 INFO:teuthology.orchestra.run.smithi088.stdout:/usr/bin/ceph: stderr
2023-07-14T17:36:34.170+0000 7fc57b50e700 1 -- 172.21.15.88:0/365524577 >> [v2:172.21.15.88:3300/0,v1:172.21.15.88:6789/0] conn(0x7fc574105d40 msgr2=0x7fc574198ff0 secure :-1 s=STATE_CONNECTION_ESTABLISHED l=1).mark_down
2023-07-14T17:36:34.554 INFO:teuthology.orchestra.run.smithi088.stdout:/usr/bin/ceph: stderr
2023-07-14T17:36:34.170+0000 7fc57b50e700 1 --2- 172.21.15.88:0/365524577 >> [v2:172.21.15.88:3300/0,v1:172.21.15.88:6789/0] conn(0x7fc574105d40 0x7fc574198ff0 secure :-1 s=READY pgs=52 cs=0 l=1 rev1=1 crypto rx=0x7fc570006af0 tx=0x7fc570011e80 comp rx=0 tx=0).stop
2023-07-14T17:36:34.554 INFO:teuthology.orchestra.run.smithi088.stdout:/usr/bin/ceph: stderr
2023-07-14T17:36:34.170+0000 7fc57b50e700 1 -- 172.21.15.88:0/365524577 shutdown_connections
2023-07-14T17:36:34.554 INFO:teuthology.orchestra.run.smithi088.stdout:/usr/bin/ceph: stderr
2023-07-14T17:36:34.170+0000 7fc57b50e700 1 --2- 172.21.15.88:0/365524577 >> [v2:172.21.15.88:6800/2424184187,v1:172.21.15.88:6801/2424184187] conn(0x7fc560038710 0x7fc56003abc0 unknown :-1 s=CLOSED pgs=14 cs=0 l=1 rev1=1 crypto rx=0 tx=0 comp rx=0 tx=0).stop
2023-07-14T17:36:34.555 INFO:teuthology.orchestra.run.smithi088.stdout:/usr/bin/ceph: stderr
2023-07-14T17:36:34.170+0000 7fc57b50e700 1 --2- 172.21.15.88:0/365524577 >> [v2:172.21.15.88:3300/0,v1:172.21.15.88:6789/0] conn(0x7fc574105d40 0x7fc574198ff0 unknown :-1 s=CLOSED pgs=52 cs=0 l=1 rev1=1 crypto rx=0 tx=0 comp rx=0 tx=0).stop
2023-07-14T17:36:34.555 INFO:teuthology.orchestra.run.smithi088.stdout:/usr/bin/ceph: stderr
2023-07-14T17:36:34.170+0000 7fc57b50e700 1 -- 172.21.15.88:0/365524577 >> 172.21.15.88:0/365524577 conn(0x7fc5740ff7a0 msgr2=0x7fc574100e60 unknown :-1 s=STATE_NONE l=0).mark_down
2023-07-14T17:36:34.555 INFO:teuthology.orchestra.run.smithi088.stdout:/usr/bin/ceph: stderr
2023-07-14T17:36:34.170+0000 7fc57b50e700 1 -- 172.21.15.88:0/365524577 shutdown_connections
2023-07-14T17:36:34.555 INFO:teuthology.orchestra.run.smithi088.stdout:/usr/bin/ceph: stderr
2023-07-14T17:36:34.170+0000 7fc57b50e700 1 -- 172.21.15.88:0/365524577 wait complete.
2023-07-14T17:36:34.696 INFO:journalctl@ceph.mon.a.smithi088.stdout:Jul 14 17:36:34 smithi088 ceph-mon[127465]: from='mgr.14120 172.21.15.88:0/1339784694' entity='mgr.x'
2023-07-14T17:36:34.696 INFO:journalctl@ceph.mon.a.smithi088.stdout:Jul 14 17:36:34 smithi088 ceph-mon[127465]: from='client.? 172.21.15.88:0/365524577' entity='client.admin'
2023-07-14T17:36:35.840 INFO:teuthology.orchestra.run.smithi088.stdout:/usr/bin/ceph: stderr
2023-07-14T17:36:35.248+0000 7f9bda683700 1 Processor -- start
2023-07-14T17:36:35.840 INFO:teuthology.orchestra.run.smithi088.stdout:/usr/bin/ceph: stderr
2023-07-14T17:36:35.248+0000 7f9bda683700 1 -- start start
2023-07-14T17:36:35.840 INFO:teuthology.orchestra.run.smithi088.stdout:/usr/bin/ceph: stderr
2023-07-14T17:36:35.248+0000 7f9bda683700 1 --2- >> [v2:172.21.15.88:3300/0,v1:172.21.15.88:6789/0] conn(0x7f9bd41040e0 0x7f9bd41044f0 unknown :-1 s=NONE pgs=0 cs=0 l=0 rev1=0 crypto rx=0 tx=0 comp rx=0 tx=0).connect
2023-07-14T17:36:35.840 INFO:teuthology.orchestra.run.smithi088.stdout:/usr/bin/ceph: stderr
2023-07-14T17:36:35.248+0000 7f9bda683700 1 -- --> [v2:172.21.15.88:3300/0,v1:172.21.15.88:6789/0] -- mon_getmap magic: 0 v1 -- 0x7f9bd4104a30 con 0x7f9bd41040e0
2023-07-14T17:36:35.840 INFO:teuthology.orchestra.run.smithi088.stdout:/usr/bin/ceph: stderr
2023-07-14T17:36:35.248+0000 7f9bd3fff700 1 --2- >> [v2:172.21.15.88:3300/0,v1:172.21.15.88:6789/0] conn(0x7f9bd41040e0 0x7f9bd41044f0 unknown :-1 s=BANNER_CONNECTING pgs=0 cs=0 l=0 rev1=0 crypto rx=0 tx=0 comp rx=0 tx=0)._handle_peer_banner_payload supported=3 required=0
2023-07-14T17:36:35.841 INFO:teuthology.orchestra.run.smithi088.stdout:/usr/bin/ceph: stderr
2023-07-14T17:36:35.248+0000 7f9bd3fff700 1 --2- >> [v2:172.21.15.88:3300/0,v1:172.21.15.88:6789/0] conn(0x7f9bd41040e0 0x7f9bd41044f0 unknown :-1 s=HELLO_CONNECTING pgs=0 cs=0 l=0 rev1=1 crypto rx=0 tx=0 comp rx=0 tx=0).handle_hello peer v2:172.21.15.88:3300/0 says I am v2:172.21.15.88:40324/0 (socket says 172.21.15.88:40324)
2023-07-14T17:36:35.841 INFO:teuthology.orchestra.run.smithi088.stdout:/usr/bin/ceph: stderr
2023-07-14T17:36:35.248+0000 7f9bd3fff700 1 -- 172.21.15.88:0/3147629543 learned_addr learned my addr 172.21.15.88:0/3147629543 (peer_addr_for_me v2:172.21.15.88:0/0)
2023-07-14T17:36:35.841 INFO:teuthology.orchestra.run.smithi088.stdout:/usr/bin/ceph: stderr
2023-07-14T17:36:35.249+0000 7f9bd3fff700 1 -- 172.21.15.88:0/3147629543 --> [v2:172.21.15.88:3300/0,v1:172.21.15.88:6789/0] -- mon_subscribe({config=0+,monmap=0+}) v3 -- 0x7f9bd4104b70 con 0x7f9bd41040e0
2023-07-14T17:36:35.841 INFO:teuthology.orchestra.run.smithi088.stdout:/usr/bin/ceph: stderr
2023-07-14T17:36:35.249+0000 7f9bd3fff700 1 --2- 172.21.15.88:0/3147629543 >> [v2:172.21.15.88:3300/0,v1:172.21.15.88:6789/0] conn(0x7f9bd41040e0 0x7f9bd41044f0 secure :-1 s=READY pgs=53 cs=0 l=1 rev1=1 crypto rx=0x7f9bc40098a0 tx=0x7f9bc4009bb0 comp rx=0 tx=0).ready entity=mon.0 client_cookie=d8c6b76a594ff322 server_cookie=0 in_seq=0 out_seq=0
2023-07-14T17:36:35.841 INFO:teuthology.orchestra.run.smithi088.stdout:/usr/bin/ceph: stderr
2023-07-14T17:36:35.249+0000 7f9bd2ffd700 1 -- 172.21.15.88:0/3147629543 <== mon.0 v2:172.21.15.88:3300/0 1 ==== mon_map magic: 0 v1 ==== 205+0+0 (secure 0 0 0) 0x7f9bc4004160 con 0x7f9bd41040e0
2023-07-14T17:36:35.841 INFO:teuthology.orchestra.run.smithi088.stdout:/usr/bin/ceph: stderr
2023-07-14T17:36:35.249+0000 7f9bd2ffd700 1 -- 172.21.15.88:0/3147629543 <== mon.0 v2:172.21.15.88:3300/0 2 ==== config(25 keys) v1 ==== 1067+0+0 (secure 0 0 0) 0x7f9bc40042c0 con 0x7f9bd41040e0
2023-07-14T17:36:35.845 INFO:teuthology.orchestra.run.smithi088.stdout:/usr/bin/ceph: stderr
2023-07-14T17:36:35.249+0000 7f9bd2ffd700 1 -- 172.21.15.88:0/3147629543 <== mon.0 v2:172.21.15.88:3300/0 3 ==== mon_map magic: 0 v1 ==== 205+0+0 (secure 0 0 0) 0x7f9bc40118e0 con 0x7f9bd41040e0
2023-07-14T17:36:35.846 INFO:teuthology.orchestra.run.smithi088.stdout:/usr/bin/ceph: stderr
2023-07-14T17:36:35.250+0000 7f9bda683700 1 -- 172.21.15.88:0/3147629543 >> [v2:172.21.15.88:3300/0,v1:172.21.15.88:6789/0] conn(0x7f9bd41040e0 msgr2=0x7f9bd41044f0 secure :-1 s=STATE_CONNECTION_ESTABLISHED l=1).mark_down
2023-07-14T17:36:35.846 INFO:teuthology.orchestra.run.smithi088.stdout:/usr/bin/ceph: stderr
2023-07-14T17:36:35.250+0000 7f9bda683700 1 --2- 172.21.15.88:0/3147629543 >> [v2:172.21.15.88:3300/0,v1:172.21.15.88:6789/0] conn(0x7f9bd41040e0 0x7f9bd41044f0 secure :-1 s=READY pgs=53 cs=0 l=1 rev1=1 crypto rx=0x7f9bc40098a0 tx=0x7f9bc4009bb0 comp rx=0 tx=0).stop
2023-07-14T17:36:35.846 INFO:teuthology.orchestra.run.smithi088.stdout:/usr/bin/ceph: stderr
2023-07-14T17:36:35.250+0000 7f9bda683700 1 -- 172.21.15.88:0/3147629543 shutdown_connections
2023-07-14T17:36:35.846 INFO:teuthology.orchestra.run.smithi088.stdout:/usr/bin/ceph: stderr
2023-07-14T17:36:35.250+0000 7f9bda683700 1 --2- 172.21.15.88:0/3147629543 >> [v2:172.21.15.88:3300/0,v1:172.21.15.88:6789/0] conn(0x7f9bd41040e0 0x7f9bd41044f0 unknown :-1 s=CLOSED pgs=53 cs=0 l=1 rev1=1 crypto rx=0 tx=0 comp rx=0 tx=0).stop
2023-07-14T17:36:35.846 INFO:teuthology.orchestra.run.smithi088.stdout:/usr/bin/ceph: stderr
2023-07-14T17:36:35.250+0000 7f9bda683700 1 -- 172.21.15.88:0/3147629543 >> 172.21.15.88:0/3147629543 conn(0x7f9bd40ff750 msgr2=0x7f9bd4101b60 unknown :-1 s=STATE_NONE l=0).mark_down
2023-07-14T17:36:35.847 INFO:teuthology.orchestra.run.smithi088.stdout:/usr/bin/ceph: stderr
2023-07-14T17:36:35.250+0000 7f9bda683700 1 -- 172.21.15.88:0/3147629543 shutdown_connections
2023-07-14T17:36:35.847 INFO:teuthology.orchestra.run.smithi088.stdout:/usr/bin/ceph: stderr
2023-07-14T17:36:35.250+0000 7f9bda683700 1 -- 172.21.15.88:0/3147629543 wait complete.
2023-07-14T17:36:35.847 INFO:teuthology.orchestra.run.smithi088.stdout:/usr/bin/ceph: stderr
2023-07-14T17:36:35.250+0000 7f9bda683700 1 Processor -- start
2023-07-14T17:36:35.847 INFO:teuthology.orchestra.run.smithi088.stdout:/usr/bin/ceph: stderr
2023-07-14T17:36:35.250+0000 7f9bda683700 1 -- start start
2023-07-14T17:36:35.847 INFO:teuthology.orchestra.run.smithi088.stdout:/usr/bin/ceph: stderr
2023-07-14T17:36:35.251+0000 7f9bda683700 1 --2- >> [v2:172.21.15.88:3300/0,v1:172.21.15.88:6789/0] conn(0x7f9bd41040e0 0x7f9bd419e070 unknown :-1 s=NONE pgs=0 cs=0 l=1 rev1=0 crypto rx=0 tx=0 comp rx=0 tx=0).connect
2023-07-14T17:36:35.847 INFO:teuthology.orchestra.run.smithi088.stdout:/usr/bin/ceph: stderr
2023-07-14T17:36:35.251+0000 7f9bda683700 1 -- --> [v2:172.21.15.88:3300/0,v1:172.21.15.88:6789/0] -- mon_getmap magic: 0 v1 -- 0x7f9bd4199a60 con 0x7f9bd41040e0
2023-07-14T17:36:35.847 INFO:teuthology.orchestra.run.smithi088.stdout:/usr/bin/ceph: stderr
2023-07-14T17:36:35.251+0000 7f9bd3fff700 1 --2- >> [v2:172.21.15.88:3300/0,v1:172.21.15.88:6789/0] conn(0x7f9bd41040e0 0x7f9bd419e070 unknown :-1 s=BANNER_CONNECTING pgs=0 cs=0 l=1 rev1=0 crypto rx=0 tx=0 comp rx=0 tx=0)._handle_peer_banner_payload supported=3 required=0
2023-07-14T17:36:35.848 INFO:teuthology.orchestra.run.smithi088.stdout:/usr/bin/ceph: stderr
2023-07-14T17:36:35.251+0000 7f9bd3fff700 1 --2- >> [v2:172.21.15.88:3300/0,v1:172.21.15.88:6789/0] conn(0x7f9bd41040e0 0x7f9bd419e070 unknown :-1 s=HELLO_CONNECTING pgs=0 cs=0 l=1 rev1=1 crypto rx=0 tx=0 comp rx=0 tx=0).handle_hello peer v2:172.21.15.88:3300/0 says I am v2:172.21.15.88:40326/0 (socket says 172.21.15.88:40326)
2023-07-14T17:36:35.848 INFO:teuthology.orchestra.run.smithi088.stdout:/usr/bin/ceph: stderr
2023-07-14T17:36:35.251+0000 7f9bd3fff700 1 -- 172.21.15.88:0/1502987175 learned_addr learned my addr 172.21.15.88:0/1502987175 (peer_addr_for_me v2:172.21.15.88:0/0)
2023-07-14T17:36:35.848 INFO:teuthology.orchestra.run.smithi088.stdout:/usr/bin/ceph: stderr
2023-07-14T17:36:35.251+0000 7f9bd3fff700 1 -- 172.21.15.88:0/1502987175 --> [v2:172.21.15.88:3300/0,v1:172.21.15.88:6789/0] -- mon_subscribe({config=0+,monmap=0+}) v3 -- 0x7f9bc4009550 con 0x7f9bd41040e0
2023-07-14T17:36:35.848 INFO:teuthology.orchestra.run.smithi088.stdout:/usr/bin/ceph: stderr
2023-07-14T17:36:35.251+0000 7f9bd3fff700 1 --2- 172.21.15.88:0/1502987175 >> [v2:172.21.15.88:3300/0,v1:172.21.15.88:6789/0] conn(0x7f9bd41040e0 0x7f9bd419e070 secure :-1 s=READY pgs=54 cs=0 l=1 rev1=1 crypto rx=0x7f9bc40118f0 tx=0x7f9bc40119d0 comp rx=0 tx=0).ready entity=mon.0 client_cookie=0 server_cookie=0 in_seq=0 out_seq=0
2023-07-14T17:36:35.848 INFO:teuthology.orchestra.run.smithi088.stdout:/usr/bin/ceph: stderr
2023-07-14T17:36:35.252+0000 7f9bd17fa700 1 -- 172.21.15.88:0/1502987175 <== mon.0 v2:172.21.15.88:3300/0 1 ==== mon_map magic: 0 v1 ==== 205+0+0 (secure 0 0 0) 0x7f9bc40036a0 con 0x7f9bd41040e0
2023-07-14T17:36:35.848 INFO:teuthology.orchestra.run.smithi088.stdout:/usr/bin/ceph: stderr
2023-07-14T17:36:35.252+0000 7f9bd17fa700 1 -- 172.21.15.88:0/1502987175 <== mon.0 v2:172.21.15.88:3300/0 2 ==== config(25 keys) v1 ==== 1067+0+0 (secure 0 0 0) 0x7f9bc401b440 con 0x7f9bd41040e0
2023-07-14T17:36:35.848 INFO:teuthology.orchestra.run.smithi088.stdout:/usr/bin/ceph: stderr
2023-07-14T17:36:35.252+0000 7f9bd17fa700 1 -- 172.21.15.88:0/1502987175 <== mon.0 v2:172.21.15.88:3300/0 3 ==== mon_map magic: 0 v1 ==== 205+0+0 (secure 0 0 0) 0x7f9bc40193f0 con 0x7f9bd41040e0
2023-07-14T17:36:35.849 INFO:teuthology.orchestra.run.smithi088.stdout:/usr/bin/ceph: stderr
2023-07-14T17:36:35.252+0000 7f9bda683700 1 -- 172.21.15.88:0/1502987175 --> [v2:172.21.15.88:3300/0,v1:172.21.15.88:6789/0] -- mon_subscribe({mgrmap=0+}) v3 -- 0x7f9bd4079ce0 con 0x7f9bd41040e0
2023-07-14T17:36:35.849 INFO:teuthology.orchestra.run.smithi088.stdout:/usr/bin/ceph: stderr
2023-07-14T17:36:35.252+0000 7f9bda683700 1 -- 172.21.15.88:0/1502987175 --> [v2:172.21.15.88:3300/0,v1:172.21.15.88:6789/0] -- mon_subscribe({osdmap=0}) v3 -- 0x7f9bd419e780 con 0x7f9bd41040e0
2023-07-14T17:36:35.849 INFO:teuthology.orchestra.run.smithi088.stdout:/usr/bin/ceph: stderr
2023-07-14T17:36:35.253+0000 7f9bd17fa700 1 -- 172.21.15.88:0/1502987175 <== mon.0 v2:172.21.15.88:3300/0 4 ==== mgrmap(e 8) v1 ==== 45483+0+0 (secure 0 0 0) 0x7f9bc40196b0 con 0x7f9bd41040e0
2023-07-14T17:36:35.849 INFO:teuthology.orchestra.run.smithi088.stdout:/usr/bin/ceph: stderr
2023-07-14T17:36:35.253+0000 7f9bda683700 1 -- 172.21.15.88:0/1502987175 --> [v2:172.21.15.88:3300/0,v1:172.21.15.88:6789/0] -- mon_command({"prefix": "get_command_descriptions"} v 0) v1 -- 0x7f9bd4061c70 con 0x7f9bd41040e0
2023-07-14T17:36:35.849 INFO:teuthology.orchestra.run.smithi088.stdout:/usr/bin/ceph: stderr
2023-07-14T17:36:35.253+0000 7f9bd17fa700 1 --2- 172.21.15.88:0/1502987175 >> [v2:172.21.15.88:6800/2424184187,v1:172.21.15.88:6801/2424184187] conn(0x7f9bbc038710 0x7f9bbc03abc0 unknown :-1 s=NONE pgs=0 cs=0 l=1 rev1=0 crypto rx=0 tx=0 comp rx=0 tx=0).connect
2023-07-14T17:36:35.849 INFO:teuthology.orchestra.run.smithi088.stdout:/usr/bin/ceph: stderr
2023-07-14T17:36:35.253+0000 7f9bd17fa700 1 -- 172.21.15.88:0/1502987175 <== mon.0 v2:172.21.15.88:3300/0 5 ==== osd_map(2..2 src has 1..2) v4 ==== 940+0+0 (secure 0 0 0) 0x7f9bc404c7c0 con 0x7f9bd41040e0
2023-07-14T17:36:35.849 INFO:teuthology.orchestra.run.smithi088.stdout:/usr/bin/ceph: stderr
2023-07-14T17:36:35.253+0000 7f9bd37fe700 1 --2- 172.21.15.88:0/1502987175 >> [v2:172.21.15.88:6800/2424184187,v1:172.21.15.88:6801/2424184187] conn(0x7f9bbc038710 0x7f9bbc03abc0 unknown :-1 s=BANNER_CONNECTING pgs=0 cs=0 l=1 rev1=0 crypto rx=0 tx=0 comp rx=0 tx=0)._handle_peer_banner_payload supported=3 required=0
2023-07-14T17:36:35.850 INFO:teuthology.orchestra.run.smithi088.stdout:/usr/bin/ceph: stderr
2023-07-14T17:36:35.253+0000 7f9bd37fe700 1 --2- 172.21.15.88:0/1502987175 >> [v2:172.21.15.88:6800/2424184187,v1:172.21.15.88:6801/2424184187] conn(0x7f9bbc038710 0x7f9bbc03abc0 secure :-1 s=READY pgs=15 cs=0 l=1 rev1=1 crypto rx=0x7f9bc8006fd0 tx=0x7f9bc8006e40 comp rx=0 tx=0).ready entity=mgr.14120 client_cookie=0 server_cookie=0 in_seq=0 out_seq=0
2023-07-14T17:36:35.850 INFO:teuthology.orchestra.run.smithi088.stdout:/usr/bin/ceph: stderr
2023-07-14T17:36:35.258+0000 7f9bd17fa700 1 -- 172.21.15.88:0/1502987175 <== mon.0 v2:172.21.15.88:3300/0 6 ==== mon_command_ack([{"prefix": "get_command_descriptions"}]=0 v0) v1 ==== 72+0+178025 (secure 0 0 0) 0x7f9bc4023770 con 0x7f9bd41040e0
2023-07-14T17:36:35.850 INFO:teuthology.orchestra.run.smithi088.stdout:/usr/bin/ceph: stderr
2023-07-14T17:36:35.454+0000 7f9bda683700 1 -- 172.21.15.88:0/1502987175 --> [v2:172.21.15.88:3300/0,v1:172.21.15.88:6789/0] -- mon_command([{prefix=config set, name=mgr/dashboard/ssl_server_port}] v 0) v1 -- 0x7f9bd4068570 con 0x7f9bd41040e0
2023-07-14T17:36:35.850 INFO:teuthology.orchestra.run.smithi088.stdout:/usr/bin/ceph: stderr
2023-07-14T17:36:35.459+0000 7f9bd17fa700 1 -- 172.21.15.88:0/1502987175 <== mon.0 v2:172.21.15.88:3300/0 7 ==== mon_command_ack([{prefix=config set, name=mgr/dashboard/ssl_server_port}]=0 v8)=0 v8) v1 ==== 130+0+0 (secure 0 0 0) 0x7f9bc40233b0 con 0x7f9bd41040e0
2023-07-14T17:36:35.850 INFO:teuthology.orchestra.run.smithi088.stdout:/usr/bin/ceph: stderr
2023-07-14T17:36:35.462+0000 7f9bda683700 1 -- 172.21.15.88:0/1502987175 >> [v2:172.21.15.88:6800/2424184187,v1:172.21.15.88:6801/2424184187] conn(0x7f9bbc038710 msgr2=0x7f9bbc03abc0 secure :-1 s=STATE_CONNECTION_ESTABLISHED l=1).mark_down
2023-07-14T17:36:35.850 INFO:teuthology.orchestra.run.smithi088.stdout:/usr/bin/ceph: stderr
2023-07-14T17:36:35.462+0000 7f9bda683700 1 --2- 172.21.15.88:0/1502987175 >> [v2:172.21.15.88:6800/2424184187,v1:172.21.15.88:6801/2424184187] conn(0x7f9bbc038710 0x7f9bbc03abc0 secure :-1 s=READY pgs=15 cs=0 l=1 rev1=1 crypto rx=0x7f9bc8006fd0 tx=0x7f9bc8006e40 comp rx=0 tx=0).stop
2023-07-14T17:36:35.851 INFO:teuthology.orchestra.run.smithi088.stdout:/usr/bin/ceph: stderr
2023-07-14T17:36:35.462+0000 7f9bda683700 1 -- 172.21.15.88:0/1502987175 >> [v2:172.21.15.88:3300/0,v1:172.21.15.88:6789/0] conn(0x7f9bd41040e0 msgr2=0x7f9bd419e070 secure :-1 s=STATE_CONNECTION_ESTABLISHED l=1).mark_down
2023-07-14T17:36:35.851 INFO:teuthology.orchestra.run.smithi088.stdout:/usr/bin/ceph: stderr
2023-07-14T17:36:35.462+0000 7f9bda683700 1 --2- 172.21.15.88:0/1502987175 >> [v2:172.21.15.88:3300/0,v1:172.21.15.88:6789/0] conn(0x7f9bd41040e0 0x7f9bd419e070 secure :-1 s=READY pgs=54 cs=0 l=1 rev1=1 crypto rx=0x7f9bc40118f0 tx=0x7f9bc40119d0 comp rx=0 tx=0).stop
2023-07-14T17:36:35.851 INFO:teuthology.orchestra.run.smithi088.stdout:/usr/bin/ceph: stderr
2023-07-14T17:36:35.462+0000 7f9bda683700 1 -- 172.21.15.88:0/1502987175 shutdown_connections
2023-07-14T17:36:35.851 INFO:teuthology.orchestra.run.smithi088.stdout:/usr/bin/ceph: stderr
2023-07-14T17:36:35.462+0000 7f9bda683700 1 --2- 172.21.15.88:0/1502987175 >> [v2:172.21.15.88:6800/2424184187,v1:172.21.15.88:6801/2424184187] conn(0x7f9bbc038710 0x7f9bbc03abc0 unknown :-1 s=CLOSED pgs=15 cs=0 l=1 rev1=1 crypto rx=0 tx=0 comp rx=0 tx=0).stop
2023-07-14T17:36:35.851 INFO:teuthology.orchestra.run.smithi088.stdout:/usr/bin/ceph: stderr
2023-07-14T17:36:35.462+0000 7f9bda683700 1 --2- 172.21.15.88:0/1502987175 >> [v2:172.21.15.88:3300/0,v1:172.21.15.88:6789/0] conn(0x7f9bd41040e0 0x7f9bd419e070 unknown :-1 s=CLOSED pgs=54 cs=0 l=1 rev1=1 crypto rx=0 tx=0 comp rx=0 tx=0).stop
2023-07-14T17:36:35.852 INFO:teuthology.orchestra.run.smithi088.stdout:/usr/bin/ceph: stderr
2023-07-14T17:36:35.462+0000 7f9bda683700 1 -- 172.21.15.88:0/1502987175 >> 172.21.15.88:0/1502987175 conn(0x7f9bd40ff750 msgr2=0x7f9bd4100da0 unknown :-1 s=STATE_NONE l=0).mark_down
2023-07-14T17:36:35.852 INFO:teuthology.orchestra.run.smithi088.stdout:/usr/bin/ceph: stderr
2023-07-14T17:36:35.462+0000 7f9bda683700 1 -- 172.21.15.88:0/1502987175 shutdown_connections
2023-07-14T17:36:35.852 INFO:teuthology.orchestra.run.smithi088.stdout:/usr/bin/ceph: stderr
2023-07-14T17:36:35.462+0000 7f9bda683700 1 -- 172.21.15.88:0/1502987175 wait complete.
2023-07-14T17:36:35.852 INFO:teuthology.orchestra.run.smithi088.stdout:Enabling the dashboard module...
2023-07-14T17:36:36.446 INFO:journalctl@ceph.mon.a.smithi088.stdout:Jul 14 17:36:36 smithi088 ceph-mon[127465]: from='mgr.14120 172.21.15.88:0/1339784694' entity='mgr.x'
2023-07-14T17:36:36.446 INFO:journalctl@ceph.mon.a.smithi088.stdout:Jul 14 17:36:36 smithi088 ceph-mon[127465]: from='client.? 172.21.15.88:0/1502987175' entity='client.admin'
2023-07-14T17:36:36.446 INFO:journalctl@ceph.mon.a.smithi088.stdout:Jul 14 17:36:36 smithi088 ceph-mon[127465]: from='mgr.14120 172.21.15.88:0/1339784694' entity='mgr.x'
2023-07-14T17:36:37.196 INFO:journalctl@ceph.mon.a.smithi088.stdout:Jul 14 17:36:37 smithi088 ceph-mon[127465]: from='client.? 172.21.15.88:0/2431345111' entity='client.admin' cmd=[{"prefix": "mgr module enable", "module": "dashboard"}]: dispatch
2023-07-14T17:36:37.527 INFO:journalctl@ceph.mgr.x.smithi088.stdout:Jul 14 17:36:37 smithi088 ceph-b462a556-226c-11ee-9b33-001a4aab830c-mgr-x[127710]: ignoring --setuser ceph since I am not root
2023-07-14T17:36:37.527 INFO:journalctl@ceph.mgr.x.smithi088.stdout:Jul 14 17:36:37 smithi088 ceph-b462a556-226c-11ee-9b33-001a4aab830c-mgr-x[127710]: ignoring --setgroup ceph since I am not root
2023-07-14T17:36:37.527 INFO:journalctl@ceph.mgr.x.smithi088.stdout:Jul 14 17:36:37 smithi088 ceph-b462a556-226c-11ee-9b33-001a4aab830c-mgr-x[127710]:
2023-07-14T17:36:37.368+0000 7f452d59d200 -1 mgr[py] Module devicehealth has missing NOTIFY_TYPES member
