2023-07-14T18:00:07.022 INFO:journalctl@ceph.mgr.x.smithi005.stdout:Jul 14 18:00:06 smithi005 ceph-1f5a8560-2270-11ee-9b33-001a4aab830c-mgr-x[126654]:
2023-07-14T18:00:06.718+0000 7fc0b9c6d200 -1 mgr[py] Module rbd_support has missing NOTIFY_TYPES member
2023-07-14T18:00:07.319 INFO:journalctl@ceph.mgr.x.smithi005.stdout:Jul 14 18:00:07 smithi005 ceph-1f5a8560-2270-11ee-9b33-001a4aab830c-mgr-x[126654]:
2023-07-14T18:00:07.003+0000 7fc0b9c6d200 -1 mgr[py] Module volumes has missing NOTIFY_TYPES member
2023-07-14T18:00:08.570 INFO:journalctl@ceph.mgr.x.smithi005.stdout:Jul 14 18:00:08 smithi005 ceph-1f5a8560-2270-11ee-9b33-001a4aab830c-mgr-x[126654]:
2023-07-14T18:00:08.103+0000 7fc0b9c6d200 -1 mgr[py] Module pg_autoscaler has missing NOTIFY_TYPES member
2023-07-14T18:00:08.570 INFO:journalctl@ceph.mon.a.smithi005.stdout:Jul 14 18:00:08 smithi005 ceph-mon[126406]: Activating manager daemon x
2023-07-14T18:00:08.570 INFO:journalctl@ceph.mon.a.smithi005.stdout:Jul 14 18:00:08 smithi005 ceph-mon[126406]: mgrmap e2: x(active, starting, since 0.00403136s)
2023-07-14T18:00:08.571 INFO:journalctl@ceph.mon.a.smithi005.stdout:Jul 14 18:00:08 smithi005 ceph-mon[126406]: from='mgr.14100 172.21.15.5:0/2871395892' entity='mgr.x' cmd=[{"prefix": "mds metadata"}]: dispatch
2023-07-14T18:00:08.571 INFO:journalctl@ceph.mon.a.smithi005.stdout:Jul 14 18:00:08 smithi005 ceph-mon[126406]: from='mgr.14100 172.21.15.5:0/2871395892' entity='mgr.x' cmd=[{"prefix": "osd metadata"}]: dispatch
2023-07-14T18:00:08.571 INFO:journalctl@ceph.mon.a.smithi005.stdout:Jul 14 18:00:08 smithi005 ceph-mon[126406]: from='mgr.14100 172.21.15.5:0/2871395892' entity='mgr.x' cmd=[{"prefix": "mon metadata"}]: dispatch
2023-07-14T18:00:08.571 INFO:journalctl@ceph.mon.a.smithi005.stdout:Jul 14 18:00:08 smithi005 ceph-mon[126406]: from='mgr.14100 172.21.15.5:0/2871395892' entity='mgr.x' cmd=[{"prefix": "mon metadata", "id": "a"}]: dispatch
2023-07-14T18:00:08.571 INFO:journalctl@ceph.mon.a.smithi005.stdout:Jul 14 18:00:08 smithi005 ceph-mon[126406]: from='mgr.14100 172.21.15.5:0/2871395892' entity='mgr.x' cmd=[{"prefix": "mgr metadata", "who": "x", "id": "x"}]: dispatch
2023-07-14T18:00:08.571 INFO:journalctl@ceph.mon.a.smithi005.stdout:Jul 14 18:00:08 smithi005 ceph-mon[126406]: Manager daemon x is now available
2023-07-14T18:00:08.571 INFO:journalctl@ceph.mon.a.smithi005.stdout:Jul 14 18:00:08 smithi005 ceph-mon[126406]: from='mgr.14100 172.21.15.5:0/2871395892' entity='mgr.x' cmd=[{"prefix":"config rm","who":"mgr","name":"mgr/rbd_support/x/mirror_snapshot_schedule"}]: dispatch
2023-07-14T18:00:08.572 INFO:journalctl@ceph.mon.a.smithi005.stdout:Jul 14 18:00:08 smithi005 ceph-mon[126406]: from='mgr.14100 172.21.15.5:0/2871395892' entity='mgr.x'
2023-07-14T18:00:08.572 INFO:journalctl@ceph.mon.a.smithi005.stdout:Jul 14 18:00:08 smithi005 ceph-mon[126406]: from='mgr.14100 172.21.15.5:0/2871395892' entity='mgr.x' cmd=[{"prefix":"config rm","who":"mgr","name":"mgr/rbd_support/x/trash_purge_schedule"}]: dispatch
2023-07-14T18:00:08.572 INFO:journalctl@ceph.mon.a.smithi005.stdout:Jul 14 18:00:08 smithi005 ceph-mon[126406]: from='mgr.14100 172.21.15.5:0/2871395892' entity='mgr.x'
2023-07-14T18:00:08.572 INFO:journalctl@ceph.mon.a.smithi005.stdout:Jul 14 18:00:08 smithi005 ceph-mon[126406]: from='mgr.14100 172.21.15.5:0/2871395892' entity='mgr.x'
2023-07-14T18:00:10.570 INFO:journalctl@ceph.mon.a.smithi005.stdout:Jul 14 18:00:10 smithi005 ceph-mon[126406]: mgrmap e3: x(active, since 1.01003s)
2023-07-14T18:00:11.570 INFO:journalctl@ceph.mon.a.smithi005.stdout:Jul 14 18:00:11 smithi005 ceph-mon[126406]: mgrmap e4: x(active, since 2s)
2023-07-14T18:00:13.520 INFO:teuthology.orchestra.run.smithi005.stdout:/usr/bin/ceph: stdout
2023-07-14T18:00:13.520 INFO:teuthology.orchestra.run.smithi005.stdout:/usr/bin/ceph: stdout {
2023-07-14T18:00:13.520 INFO:teuthology.orchestra.run.smithi005.stdout:/usr/bin/ceph: stdout "fsid": "1f5a8560-2270-11ee-9b33-001a4aab830c",
2023-07-14T18:00:13.521 INFO:teuthology.orchestra.run.smithi005.stdout:/usr/bin/ceph: stdout "health": {
2023-07-14T18:00:13.521 INFO:teuthology.orchestra.run.smithi005.stdout:/usr/bin/ceph: stdout "status": "HEALTH_OK",
2023-07-14T18:00:13.521 INFO:teuthology.orchestra.run.smithi005.stdout:/usr/bin/ceph: stdout "checks": {},
2023-07-14T18:00:13.521 INFO:teuthology.orchestra.run.smithi005.stdout:/usr/bin/ceph: stdout "mutes": []
2023-07-14T18:00:13.521 INFO:teuthology.orchestra.run.smithi005.stdout:/usr/bin/ceph: stdout },
2023-07-14T18:00:13.521 INFO:teuthology.orchestra.run.smithi005.stdout:/usr/bin/ceph: stdout "election_epoch": 5,
2023-07-14T18:00:13.521 INFO:teuthology.orchestra.run.smithi005.stdout:/usr/bin/ceph: stdout "quorum": [
2023-07-14T18:00:13.522 INFO:teuthology.orchestra.run.smithi005.stdout:/usr/bin/ceph: stdout 0
2023-07-14T18:00:13.522 INFO:teuthology.orchestra.run.smithi005.stdout:/usr/bin/ceph: stdout ],
2023-07-14T18:00:13.522 INFO:teuthology.orchestra.run.smithi005.stdout:/usr/bin/ceph: stdout "quorum_names": [
2023-07-14T18:00:13.522 INFO:teuthology.orchestra.run.smithi005.stdout:/usr/bin/ceph: stdout "a"
2023-07-14T18:00:13.522 INFO:teuthology.orchestra.run.smithi005.stdout:/usr/bin/ceph: stdout ],
2023-07-14T18:00:13.522 INFO:teuthology.orchestra.run.smithi005.stdout:/usr/bin/ceph: stdout "quorum_age": 16,
2023-07-14T18:00:13.522 INFO:teuthology.orchestra.run.smithi005.stdout:/usr/bin/ceph: stdout "monmap": {
2023-07-14T18:00:13.522 INFO:teuthology.orchestra.run.smithi005.stdout:/usr/bin/ceph: stdout "epoch": 1,
2023-07-14T18:00:13.523 INFO:teuthology.orchestra.run.smithi005.stdout:/usr/bin/ceph: stdout "min_mon_release_name": "reef",
2023-07-14T18:00:13.523 INFO:teuthology.orchestra.run.smithi005.stdout:/usr/bin/ceph: stdout "num_mons": 1
2023-07-14T18:00:13.523 INFO:teuthology.orchestra.run.smithi005.stdout:/usr/bin/ceph: stdout },
2023-07-14T18:00:13.523 INFO:teuthology.orchestra.run.smithi005.stdout:/usr/bin/ceph: stdout "osdmap": {
2023-07-14T18:00:13.523 INFO:teuthology.orchestra.run.smithi005.stdout:/usr/bin/ceph: stdout "epoch": 1,
2023-07-14T18:00:13.523 INFO:teuthology.orchestra.run.smithi005.stdout:/usr/bin/ceph: stdout "num_osds": 0,
2023-07-14T18:00:13.523 INFO:teuthology.orchestra.run.smithi005.stdout:/usr/bin/ceph: stdout "num_up_osds": 0,
2023-07-14T18:00:13.523 INFO:teuthology.orchestra.run.smithi005.stdout:/usr/bin/ceph: stdout "osd_up_since": 0,
2023-07-14T18:00:13.529 INFO:teuthology.orchestra.run.smithi005.stdout:/usr/bin/ceph: stdout "num_in_osds": 0,
2023-07-14T18:00:13.530 INFO:teuthology.orchestra.run.smithi005.stdout:/usr/bin/ceph: stdout "osd_in_since": 0,
2023-07-14T18:00:13.530 INFO:teuthology.orchestra.run.smithi005.stdout:/usr/bin/ceph: stdout "num_remapped_pgs": 0
2023-07-14T18:00:13.530 INFO:teuthology.orchestra.run.smithi005.stdout:/usr/bin/ceph: stdout },
2023-07-14T18:00:13.530 INFO:teuthology.orchestra.run.smithi005.stdout:/usr/bin/ceph: stdout "pgmap": {
2023-07-14T18:00:13.530 INFO:teuthology.orchestra.run.smithi005.stdout:/usr/bin/ceph: stdout "pgs_by_state": [],
2023-07-14T18:00:13.530 INFO:teuthology.orchestra.run.smithi005.stdout:/usr/bin/ceph: stdout "num_pgs": 0,
2023-07-14T18:00:13.530 INFO:teuthology.orchestra.run.smithi005.stdout:/usr/bin/ceph: stdout "num_pools": 0,
2023-07-14T18:00:13.530 INFO:teuthology.orchestra.run.smithi005.stdout:/usr/bin/ceph: stdout "num_objects": 0,
2023-07-14T18:00:13.531 INFO:teuthology.orchestra.run.smithi005.stdout:/usr/bin/ceph: stdout "data_bytes": 0,
2023-07-14T18:00:13.531 INFO:teuthology.orchestra.run.smithi005.stdout:/usr/bin/ceph: stdout "bytes_used": 0,
2023-07-14T18:00:13.531 INFO:teuthology.orchestra.run.smithi005.stdout:/usr/bin/ceph: stdout "bytes_avail": 0,
2023-07-14T18:00:13.531 INFO:teuthology.orchestra.run.smithi005.stdout:/usr/bin/ceph: stdout "bytes_total": 0
2023-07-14T18:00:13.531 INFO:teuthology.orchestra.run.smithi005.stdout:/usr/bin/ceph: stdout },
2023-07-14T18:00:13.531 INFO:teuthology.orchestra.run.smithi005.stdout:/usr/bin/ceph: stdout "fsmap": {
2023-07-14T18:00:13.531 INFO:teuthology.orchestra.run.smithi005.stdout:/usr/bin/ceph: stdout "epoch": 1,
2023-07-14T18:00:13.532 INFO:teuthology.orchestra.run.smithi005.stdout:/usr/bin/ceph: stdout "by_rank": [],
2023-07-14T18:00:13.532 INFO:teuthology.orchestra.run.smithi005.stdout:/usr/bin/ceph: stdout "up:standby": 0
2023-07-14T18:00:13.532 INFO:teuthology.orchestra.run.smithi005.stdout:/usr/bin/ceph: stdout },
2023-07-14T18:00:13.532 INFO:teuthology.orchestra.run.smithi005.stdout:/usr/bin/ceph: stdout "mgrmap": {
2023-07-14T18:00:13.532 INFO:teuthology.orchestra.run.smithi005.stdout:/usr/bin/ceph: stdout "available": true,
2023-07-14T18:00:13.532 INFO:teuthology.orchestra.run.smithi005.stdout:/usr/bin/ceph: stdout "num_standbys": 0,
2023-07-14T18:00:13.532 INFO:teuthology.orchestra.run.smithi005.stdout:/usr/bin/ceph: stdout "modules": [
2023-07-14T18:00:13.532 INFO:teuthology.orchestra.run.smithi005.stdout:/usr/bin/ceph: stdout "iostat",
2023-07-14T18:00:13.533 INFO:teuthology.orchestra.run.smithi005.stdout:/usr/bin/ceph: stdout "nfs",
2023-07-14T18:00:13.533 INFO:teuthology.orchestra.run.smithi005.stdout:/usr/bin/ceph: stdout "restful"
2023-07-14T18:00:13.533 INFO:teuthology.orchestra.run.smithi005.stdout:/usr/bin/ceph: stdout ],
2023-07-14T18:00:13.533 INFO:teuthology.orchestra.run.smithi005.stdout:/usr/bin/ceph: stdout "services": {}
2023-07-14T18:00:13.533 INFO:teuthology.orchestra.run.smithi005.stdout:/usr/bin/ceph: stdout },
2023-07-14T18:00:13.533 INFO:teuthology.orchestra.run.smithi005.stdout:/usr/bin/ceph: stdout "servicemap": {
2023-07-14T18:00:13.533 INFO:teuthology.orchestra.run.smithi005.stdout:/usr/bin/ceph: stdout "epoch": 1,
2023-07-14T18:00:13.533 INFO:teuthology.orchestra.run.smithi005.stdout:/usr/bin/ceph: stdout "modified": "2023-07-14T17:59:50.566431+0000",
2023-07-14T18:00:13.534 INFO:teuthology.orchestra.run.smithi005.stdout:/usr/bin/ceph: stdout "services": {}
2023-07-14T18:00:13.534 INFO:teuthology.orchestra.run.smithi005.stdout:/usr/bin/ceph: stdout },
2023-07-14T18:00:13.534 INFO:teuthology.orchestra.run.smithi005.stdout:/usr/bin/ceph: stdout "progress_events": {}
2023-07-14T18:00:13.534 INFO:teuthology.orchestra.run.smithi005.stdout:/usr/bin/ceph: stdout }
2023-07-14T18:00:13.534 INFO:teuthology.orchestra.run.smithi005.stdout:/usr/bin/ceph: stderr
2023-07-14T18:00:12.832+0000 7f0096c19700 1 Processor -- start
2023-07-14T18:00:13.534 INFO:teuthology.orchestra.run.smithi005.stdout:/usr/bin/ceph: stderr
2023-07-14T18:00:12.832+0000 7f0096c19700 1 -- start start
2023-07-14T18:00:13.534 INFO:teuthology.orchestra.run.smithi005.stdout:/usr/bin/ceph: stderr
2023-07-14T18:00:12.832+0000 7f0096c19700 1 --2- >> [v2:172.21.15.5:3300/0,v1:172.21.15.5:6789/0] conn(0x7f00901055e0 0x7f00901059f0 unknown :-1 s=NONE pgs=0 cs=0 l=0 rev1=0 crypto rx=0 tx=0 comp rx=0 tx=0).connect
2023-07-14T18:00:13.535 INFO:teuthology.orchestra.run.smithi005.stdout:/usr/bin/ceph: stderr
2023-07-14T18:00:12.832+0000 7f0096c19700 1 -- --> [v2:172.21.15.5:3300/0,v1:172.21.15.5:6789/0] -- mon_getmap magic: 0 v1 -- 0x7f0090105f30 con 0x7f00901055e0
2023-07-14T18:00:13.535 INFO:teuthology.orchestra.run.smithi005.stdout:/usr/bin/ceph: stderr
2023-07-14T18:00:12.832+0000 7f00949b5700 1 --2- >> [v2:172.21.15.5:3300/0,v1:172.21.15.5:6789/0] conn(0x7f00901055e0 0x7f00901059f0 unknown :-1 s=BANNER_CONNECTING pgs=0 cs=0 l=0 rev1=0 crypto rx=0 tx=0 comp rx=0 tx=0)._handle_peer_banner_payload supported=3 required=0
2023-07-14T18:00:13.535 INFO:teuthology.orchestra.run.smithi005.stdout:/usr/bin/ceph: stderr
2023-07-14T18:00:12.832+0000 7f00949b5700 1 --2- >> [v2:172.21.15.5:3300/0,v1:172.21.15.5:6789/0] conn(0x7f00901055e0 0x7f00901059f0 unknown :-1 s=HELLO_CONNECTING pgs=0 cs=0 l=0 rev1=1 crypto rx=0 tx=0 comp rx=0 tx=0).handle_hello peer v2:172.21.15.5:3300/0 says I am v2:172.21.15.5:47190/0 (socket says 172.21.15.5:47190)
2023-07-14T18:00:13.535 INFO:teuthology.orchestra.run.smithi005.stdout:/usr/bin/ceph: stderr
2023-07-14T18:00:12.833+0000 7f00949b5700 1 -- 172.21.15.5:0/1342355652 learned_addr learned my addr 172.21.15.5:0/1342355652 (peer_addr_for_me v2:172.21.15.5:0/0)
2023-07-14T18:00:13.535 INFO:teuthology.orchestra.run.smithi005.stdout:/usr/bin/ceph: stderr
2023-07-14T18:00:12.833+0000 7f00949b5700 1 -- 172.21.15.5:0/1342355652 --> [v2:172.21.15.5:3300/0,v1:172.21.15.5:6789/0] -- mon_subscribe({config=0+,monmap=0+}) v3 -- 0x7f0090106070 con 0x7f00901055e0
2023-07-14T18:00:13.535 INFO:teuthology.orchestra.run.smithi005.stdout:/usr/bin/ceph: stderr
2023-07-14T18:00:12.833+0000 7f00949b5700 1 --2- 172.21.15.5:0/1342355652 >> [v2:172.21.15.5:3300/0,v1:172.21.15.5:6789/0] conn(0x7f00901055e0 0x7f00901059f0 secure :-1 s=READY pgs=16 cs=0 l=1 rev1=1 crypto rx=0x7f00840098a0 tx=0x7f0084009bb0 comp rx=0 tx=0).ready entity=mon.0 client_cookie=a1c9b1abfa3b12dd server_cookie=0 in_seq=0 out_seq=0
2023-07-14T18:00:13.535 INFO:teuthology.orchestra.run.smithi005.stdout:/usr/bin/ceph: stderr
2023-07-14T18:00:12.833+0000 7f008f7fe700 1 -- 172.21.15.5:0/1342355652 <== mon.0 v2:172.21.15.5:3300/0 1 ==== mon_map magic: 0 v1 ==== 205+0+0 (secure 0 0 0) 0x7f0084004160 con 0x7f00901055e0
2023-07-14T18:00:13.535 INFO:teuthology.orchestra.run.smithi005.stdout:/usr/bin/ceph: stderr
2023-07-14T18:00:12.833+0000 7f008f7fe700 1 -- 172.21.15.5:0/1342355652 <== mon.0 v2:172.21.15.5:3300/0 2 ==== config(26 keys) v1 ==== 1074+0+0 (secure 0 0 0) 0x7f00840042c0 con 0x7f00901055e0
2023-07-14T18:00:13.536 INFO:teuthology.orchestra.run.smithi005.stdout:/usr/bin/ceph: stderr
2023-07-14T18:00:12.833+0000 7f008f7fe700 1 -- 172.21.15.5:0/1342355652 <== mon.0 v2:172.21.15.5:3300/0 3 ==== mon_map magic: 0 v1 ==== 205+0+0 (secure 0 0 0) 0x7f0084011a00 con 0x7f00901055e0
2023-07-14T18:00:13.536 INFO:teuthology.orchestra.run.smithi005.stdout:/usr/bin/ceph: stderr
2023-07-14T18:00:12.834+0000 7f0096c19700 1 -- 172.21.15.5:0/1342355652 >> [v2:172.21.15.5:3300/0,v1:172.21.15.5:6789/0] conn(0x7f00901055e0 msgr2=0x7f00901059f0 secure :-1 s=STATE_CONNECTION_ESTABLISHED l=1).mark_down
2023-07-14T18:00:13.536 INFO:teuthology.orchestra.run.smithi005.stdout:/usr/bin/ceph: stderr
2023-07-14T18:00:12.834+0000 7f0096c19700 1 --2- 172.21.15.5:0/1342355652 >> [v2:172.21.15.5:3300/0,v1:172.21.15.5:6789/0] conn(0x7f00901055e0 0x7f00901059f0 secure :-1 s=READY pgs=16 cs=0 l=1 rev1=1 crypto rx=0x7f00840098a0 tx=0x7f0084009bb0 comp rx=0 tx=0).stop
2023-07-14T18:00:13.536 INFO:teuthology.orchestra.run.smithi005.stdout:/usr/bin/ceph: stderr
2023-07-14T18:00:12.834+0000 7f0096c19700 1 -- 172.21.15.5:0/1342355652 shutdown_connections
2023-07-14T18:00:13.536 INFO:teuthology.orchestra.run.smithi005.stdout:/usr/bin/ceph: stderr
2023-07-14T18:00:12.834+0000 7f0096c19700 1 --2- 172.21.15.5:0/1342355652 >> [v2:172.21.15.5:3300/0,v1:172.21.15.5:6789/0] conn(0x7f00901055e0 0x7f00901059f0 unknown :-1 s=CLOSED pgs=16 cs=0 l=1 rev1=1 crypto rx=0 tx=0 comp rx=0 tx=0).stop
2023-07-14T18:00:13.536 INFO:teuthology.orchestra.run.smithi005.stdout:/usr/bin/ceph: stderr
2023-07-14T18:00:12.834+0000 7f0096c19700 1 -- 172.21.15.5:0/1342355652 >> 172.21.15.5:0/1342355652 conn(0x7f0090100c90 msgr2=0x7f00901030a0 unknown :-1 s=STATE_NONE l=0).mark_down
2023-07-14T18:00:13.536 INFO:teuthology.orchestra.run.smithi005.stdout:/usr/bin/ceph: stderr
2023-07-14T18:00:12.834+0000 7f0096c19700 1 -- 172.21.15.5:0/1342355652 shutdown_connections
2023-07-14T18:00:13.537 INFO:teuthology.orchestra.run.smithi005.stdout:/usr/bin/ceph: stderr
2023-07-14T18:00:12.834+0000 7f0096c19700 1 -- 172.21.15.5:0/1342355652 wait complete.
2023-07-14T18:00:13.537 INFO:teuthology.orchestra.run.smithi005.stdout:/usr/bin/ceph: stderr
2023-07-14T18:00:12.835+0000 7f0096c19700 1 Processor -- start
2023-07-14T18:00:13.537 INFO:teuthology.orchestra.run.smithi005.stdout:/usr/bin/ceph: stderr
2023-07-14T18:00:12.835+0000 7f0096c19700 1 -- start start
2023-07-14T18:00:13.537 INFO:teuthology.orchestra.run.smithi005.stdout:/usr/bin/ceph: stderr
2023-07-14T18:00:12.836+0000 7f0096c19700 1 --2- >> [v2:172.21.15.5:3300/0,v1:172.21.15.5:6789/0] conn(0x7f00901055e0 0x7f009019b4c0 unknown :-1 s=NONE pgs=0 cs=0 l=1 rev1=0 crypto rx=0 tx=0 comp rx=0 tx=0).connect
2023-07-14T18:00:13.537 INFO:teuthology.orchestra.run.smithi005.stdout:/usr/bin/ceph: stderr
2023-07-14T18:00:12.836+0000 7f0096c19700 1 -- --> [v2:172.21.15.5:3300/0,v1:172.21.15.5:6789/0] -- mon_getmap magic: 0 v1 -- 0x7f009019ba00 con 0x7f00901055e0
2023-07-14T18:00:13.537 INFO:teuthology.orchestra.run.smithi005.stdout:/usr/bin/ceph: stderr
2023-07-14T18:00:12.836+0000 7f00949b5700 1 --2- >> [v2:172.21.15.5:3300/0,v1:172.21.15.5:6789/0] conn(0x7f00901055e0 0x7f009019b4c0 unknown :-1 s=BANNER_CONNECTING pgs=0 cs=0 l=1 rev1=0 crypto rx=0 tx=0 comp rx=0 tx=0)._handle_peer_banner_payload supported=3 required=0
2023-07-14T18:00:13.537 INFO:teuthology.orchestra.run.smithi005.stdout:/usr/bin/ceph: stderr
2023-07-14T18:00:12.836+0000 7f00949b5700 1 --2- >> [v2:172.21.15.5:3300/0,v1:172.21.15.5:6789/0] conn(0x7f00901055e0 0x7f009019b4c0 unknown :-1 s=HELLO_CONNECTING pgs=0 cs=0 l=1 rev1=1 crypto rx=0 tx=0 comp rx=0 tx=0).handle_hello peer v2:172.21.15.5:3300/0 says I am v2:172.21.15.5:47192/0 (socket says 172.21.15.5:47192)
2023-07-14T18:00:13.537 INFO:teuthology.orchestra.run.smithi005.stdout:/usr/bin/ceph: stderr
2023-07-14T18:00:12.836+0000 7f00949b5700 1 -- 172.21.15.5:0/2897261784 learned_addr learned my addr 172.21.15.5:0/2897261784 (peer_addr_for_me v2:172.21.15.5:0/0)
2023-07-14T18:00:13.538 INFO:teuthology.orchestra.run.smithi005.stdout:/usr/bin/ceph: stderr
2023-07-14T18:00:12.836+0000 7f00949b5700 1 -- 172.21.15.5:0/2897261784 --> [v2:172.21.15.5:3300/0,v1:172.21.15.5:6789/0] -- mon_subscribe({config=0+,monmap=0+}) v3 -- 0x7f0084009550 con 0x7f00901055e0
2023-07-14T18:00:13.538 INFO:teuthology.orchestra.run.smithi005.stdout:/usr/bin/ceph: stderr
2023-07-14T18:00:12.836+0000 7f00949b5700 1 --2- 172.21.15.5:0/2897261784 >> [v2:172.21.15.5:3300/0,v1:172.21.15.5:6789/0] conn(0x7f00901055e0 0x7f009019b4c0 secure :-1 s=READY pgs=17 cs=0 l=1 rev1=1 crypto rx=0x7f0084006af0 tx=0x7f0084011ad0 comp rx=0 tx=0).ready entity=mon.0 client_cookie=0 server_cookie=0 in_seq=0 out_seq=0
2023-07-14T18:00:13.538 INFO:teuthology.orchestra.run.smithi005.stdout:/usr/bin/ceph: stderr
2023-07-14T18:00:12.837+0000 7f008dffb700 1 -- 172.21.15.5:0/2897261784 <== mon.0 v2:172.21.15.5:3300/0 1 ==== mon_map magic: 0 v1 ==== 205+0+0 (secure 0 0 0) 0x7f0084003a40 con 0x7f00901055e0
2023-07-14T18:00:13.538 INFO:teuthology.orchestra.run.smithi005.stdout:/usr/bin/ceph: stderr
2023-07-14T18:00:12.837+0000 7f008dffb700 1 -- 172.21.15.5:0/2897261784 <== mon.0 v2:172.21.15.5:3300/0 2 ==== config(26 keys) v1 ==== 1074+0+0 (secure 0 0 0) 0x7f0084003ba0 con 0x7f00901055e0
2023-07-14T18:00:13.538 INFO:teuthology.orchestra.run.smithi005.stdout:/usr/bin/ceph: stderr
2023-07-14T18:00:12.837+0000 7f0096c19700 1 -- 172.21.15.5:0/2897261784 --> [v2:172.21.15.5:3300/0,v1:172.21.15.5:6789/0] -- mon_subscribe({mgrmap=0+}) v3 -- 0x7f009019bc00 con 0x7f00901055e0
2023-07-14T18:00:13.538 INFO:teuthology.orchestra.run.smithi005.stdout:/usr/bin/ceph: stderr
2023-07-14T18:00:12.837+0000 7f008dffb700 1 -- 172.21.15.5:0/2897261784 <== mon.0 v2:172.21.15.5:3300/0 3 ==== mon_map magic: 0 v1 ==== 205+0+0 (secure 0 0 0) 0x7f008401a6e0 con 0x7f00901055e0
2023-07-14T18:00:13.538 INFO:teuthology.orchestra.run.smithi005.stdout:/usr/bin/ceph: stderr
2023-07-14T18:00:12.837+0000 7f0096c19700 1 -- 172.21.15.5:0/2897261784 --> [v2:172.21.15.5:3300/0,v1:172.21.15.5:6789/0] -- mon_subscribe({osdmap=0}) v3 -- 0x7f009019c020 con 0x7f00901055e0
2023-07-14T18:00:13.539 INFO:teuthology.orchestra.run.smithi005.stdout:/usr/bin/ceph: stderr
2023-07-14T18:00:12.838+0000 7f008dffb700 1 -- 172.21.15.5:0/2897261784 <== mon.0 v2:172.21.15.5:3300/0 4 ==== mgrmap(e 4) v1 ==== 45472+0+0 (secure 0 0 0) 0x7f0084024a60 con 0x7f00901055e0
2023-07-14T18:00:13.539 INFO:teuthology.orchestra.run.smithi005.stdout:/usr/bin/ceph: stderr
2023-07-14T18:00:12.838+0000 7f0096c19700 1 -- 172.21.15.5:0/2897261784 --> [v2:172.21.15.5:3300/0,v1:172.21.15.5:6789/0] -- mon_command({"prefix": "get_command_descriptions"} v 0) v1 -- 0x7f0090061c70 con 0x7f00901055e0
2023-07-14T18:00:13.539 INFO:teuthology.orchestra.run.smithi005.stdout:/usr/bin/ceph: stderr
2023-07-14T18:00:12.838+0000 7f008dffb700 1 --2- 172.21.15.5:0/2897261784 >> [v2:172.21.15.5:6800/3136682324,v1:172.21.15.5:6801/3136682324] conn(0x7f00800386c0 0x7f008003ab70 unknown :-1 s=NONE pgs=0 cs=0 l=1 rev1=0 crypto rx=0 tx=0 comp rx=0 tx=0).connect
2023-07-14T18:00:13.539 INFO:teuthology.orchestra.run.smithi005.stdout:/usr/bin/ceph: stderr
2023-07-14T18:00:12.838+0000 7f008dffb700 1 -- 172.21.15.5:0/2897261784 <== mon.0 v2:172.21.15.5:3300/0 5 ==== osd_map(1..1 src has 1..1) v4 ==== 725+0+0 (secure 0 0 0) 0x7f008404c6d0 con 0x7f00901055e0
2023-07-14T18:00:13.539 INFO:teuthology.orchestra.run.smithi005.stdout:/usr/bin/ceph: stderr
2023-07-14T18:00:12.839+0000 7f008ffff700 1 --2- 172.21.15.5:0/2897261784 >> [v2:172.21.15.5:6800/3136682324,v1:172.21.15.5:6801/3136682324] conn(0x7f00800386c0 0x7f008003ab70 unknown :-1 s=BANNER_CONNECTING pgs=0 cs=0 l=1 rev1=0 crypto rx=0 tx=0 comp rx=0 tx=0)._handle_peer_banner_payload supported=3 required=0
2023-07-14T18:00:13.539 INFO:teuthology.orchestra.run.smithi005.stdout:/usr/bin/ceph: stderr
2023-07-14T18:00:12.839+0000 7f008ffff700 1 --2- 172.21.15.5:0/2897261784 >> [v2:172.21.15.5:6800/3136682324,v1:172.21.15.5:6801/3136682324] conn(0x7f00800386c0 0x7f008003ab70 secure :-1 s=READY pgs=6 cs=0 l=1 rev1=1 crypto rx=0x7f007c006fd0 tx=0x7f007c006e40 comp rx=0 tx=0).ready entity=mgr.14100 client_cookie=0 server_cookie=0 in_seq=0 out_seq=0
2023-07-14T18:00:13.539 INFO:teuthology.orchestra.run.smithi005.stdout:/usr/bin/ceph: stderr
2023-07-14T18:00:12.845+0000 7f008dffb700 1 -- 172.21.15.5:0/2897261784 <== mon.0 v2:172.21.15.5:3300/0 6 ==== mon_command_ack([{"prefix": "get_command_descriptions"}]=0 v0) v1 ==== 72+0+178025 (secure 0 0 0) 0x7f0084024430 con 0x7f00901055e0
2023-07-14T18:00:13.539 INFO:teuthology.orchestra.run.smithi005.stdout:/usr/bin/ceph: stderr
2023-07-14T18:00:13.133+0000 7f0096c19700 1 -- 172.21.15.5:0/2897261784 --> [v2:172.21.15.5:3300/0,v1:172.21.15.5:6789/0] -- mon_command({"prefix": "status", "format": "json-pretty"} v 0) v1 -- 0x7f009019ef80 con 0x7f00901055e0
2023-07-14T18:00:13.540 INFO:teuthology.orchestra.run.smithi005.stdout:/usr/bin/ceph: stderr
2023-07-14T18:00:13.134+0000 7f008dffb700 1 -- 172.21.15.5:0/2897261784 <== mon.0 v2:172.21.15.5:3300/0 7 ==== mon_command_ack([{"prefix": "status", "format": "json-pretty"}]=0 v0) v1 ==== 79+0+1238 (secure 0 0 0) 0x7f0084018350 con 0x7f00901055e0
2023-07-14T18:00:13.540 INFO:teuthology.orchestra.run.smithi005.stdout:/usr/bin/ceph: stderr
2023-07-14T18:00:13.137+0000 7f0096c19700 1 -- 172.21.15.5:0/2897261784 >> [v2:172.21.15.5:6800/3136682324,v1:172.21.15.5:6801/3136682324] conn(0x7f00800386c0 msgr2=0x7f008003ab70 secure :-1 s=STATE_CONNECTION_ESTABLISHED l=1).mark_down
2023-07-14T18:00:13.540 INFO:teuthology.orchestra.run.smithi005.stdout:/usr/bin/ceph: stderr
2023-07-14T18:00:13.137+0000 7f0096c19700 1 --2- 172.21.15.5:0/2897261784 >> [v2:172.21.15.5:6800/3136682324,v1:172.21.15.5:6801/3136682324] conn(0x7f00800386c0 0x7f008003ab70 secure :-1 s=READY pgs=6 cs=0 l=1 rev1=1 crypto rx=0x7f007c006fd0 tx=0x7f007c006e40 comp rx=0 tx=0).stop
2023-07-14T18:00:13.540 INFO:teuthology.orchestra.run.smithi005.stdout:/usr/bin/ceph: stderr
2023-07-14T18:00:13.137+0000 7f0096c19700 1 -- 172.21.15.5:0/2897261784 >> [v2:172.21.15.5:3300/0,v1:172.21.15.5:6789/0] conn(0x7f00901055e0 msgr2=0x7f009019b4c0 secure :-1 s=STATE_CONNECTION_ESTABLISHED l=1).mark_down
2023-07-14T18:00:13.540 INFO:teuthology.orchestra.run.smithi005.stdout:/usr/bin/ceph: stderr
2023-07-14T18:00:13.137+0000 7f0096c19700 1 --2- 172.21.15.5:0/2897261784 >> [v2:172.21.15.5:3300/0,v1:172.21.15.5:6789/0] conn(0x7f00901055e0 0x7f009019b4c0 secure :-1 s=READY pgs=17 cs=0 l=1 rev1=1 crypto rx=0x7f0084006af0 tx=0x7f0084011ad0 comp rx=0 tx=0).stop
2023-07-14T18:00:13.540 INFO:teuthology.orchestra.run.smithi005.stdout:/usr/bin/ceph: stderr
2023-07-14T18:00:13.137+0000 7f0096c19700 1 -- 172.21.15.5:0/2897261784 shutdown_connections
2023-07-14T18:00:13.540 INFO:teuthology.orchestra.run.smithi005.stdout:/usr/bin/ceph: stderr
2023-07-14T18:00:13.137+0000 7f0096c19700 1 --2- 172.21.15.5:0/2897261784 >> [v2:172.21.15.5:6800/3136682324,v1:172.21.15.5:6801/3136682324] conn(0x7f00800386c0 0x7f008003ab70 unknown :-1 s=CLOSED pgs=6 cs=0 l=1 rev1=1 crypto rx=0 tx=0 comp rx=0 tx=0).stop
2023-07-14T18:00:13.540 INFO:teuthology.orchestra.run.smithi005.stdout:/usr/bin/ceph: stderr
2023-07-14T18:00:13.137+0000 7f0096c19700 1 --2- 172.21.15.5:0/2897261784 >> [v2:172.21.15.5:3300/0,v1:172.21.15.5:6789/0] conn(0x7f00901055e0 0x7f009019b4c0 unknown :-1 s=CLOSED pgs=17 cs=0 l=1 rev1=1 crypto rx=0 tx=0 comp rx=0 tx=0).stop
2023-07-14T18:00:13.541 INFO:teuthology.orchestra.run.smithi005.stdout:/usr/bin/ceph: stderr
2023-07-14T18:00:13.137+0000 7f0096c19700 1 -- 172.21.15.5:0/2897261784 >> 172.21.15.5:0/2897261784 conn(0x7f0090100c90 msgr2=0x7f00901019f0 unknown :-1 s=STATE_NONE l=0).mark_down
2023-07-14T18:00:13.541 INFO:teuthology.orchestra.run.smithi005.stdout:/usr/bin/ceph: stderr
2023-07-14T18:00:13.137+0000 7f0096c19700 1 -- 172.21.15.5:0/2897261784 shutdown_connections
2023-07-14T18:00:13.541 INFO:teuthology.orchestra.run.smithi005.stdout:/usr/bin/ceph: stderr
2023-07-14T18:00:13.137+0000 7f0096c19700 1 -- 172.21.15.5:0/2897261784 wait complete.
2023-07-14T18:00:13.541 INFO:teuthology.orchestra.run.smithi005.stdout:mgr is available
2023-07-14T18:00:13.570 INFO:journalctl@ceph.mon.a.smithi005.stdout:Jul 14 18:00:13 smithi005 ceph-mon[126406]: from='client.? 172.21.15.5:0/2897261784' entity='client.admin' cmd=[{"prefix": "status", "format": "json-pretty"}]: dispatch
2023-07-14T18:00:14.570 INFO:journalctl@ceph.mon.a.smithi005.stdout:Jul 14 18:00:14 smithi005 ceph-mon[126406]: from='client.? 172.21.15.5:0/2374255928' entity='client.admin' cmd=[{"prefix": "config assimilate-conf"}]: dispatch
2023-07-14T18:00:14.700 INFO:teuthology.orchestra.run.smithi005.stdout:/usr/bin/ceph: stdout
2023-07-14T18:00:14.705 INFO:teuthology.orchestra.run.smithi005.stdout:/usr/bin/ceph: stdout [global]
2023-07-14T18:00:14.706 INFO:teuthology.orchestra.run.smithi005.stdout:/usr/bin/ceph: stdout fsid = 1f5a8560-2270-11ee-9b33-001a4aab830c
2023-07-14T18:00:14.706 INFO:teuthology.orchestra.run.smithi005.stdout:/usr/bin/ceph: stdout mon_osd_allow_pg_remap = true
2023-07-14T18:00:14.706 INFO:teuthology.orchestra.run.smithi005.stdout:/usr/bin/ceph: stdout mon_osd_allow_primary_affinity = true
2023-07-14T18:00:14.706 INFO:teuthology.orchestra.run.smithi005.stdout:/usr/bin/ceph: stdout mon_warn_on_no_sortbitwise = false
2023-07-14T18:00:14.706 INFO:teuthology.orchestra.run.smithi005.stdout:/usr/bin/ceph: stdout osd_crush_chooseleaf_type = 0
2023-07-14T18:00:14.706 INFO:teuthology.orchestra.run.smithi005.stdout:/usr/bin/ceph: stdout
2023-07-14T18:00:14.706 INFO:teuthology.orchestra.run.smithi005.stdout:/usr/bin/ceph: stdout [mgr]
2023-07-14T18:00:14.706 INFO:teuthology.orchestra.run.smithi005.stdout:/usr/bin/ceph: stdout mgr/telemetry/nag = false
2023-07-14T18:00:14.707 INFO:teuthology.orchestra.run.smithi005.stdout:/usr/bin/ceph: stdout
2023-07-14T18:00:14.707 INFO:teuthology.orchestra.run.smithi005.stdout:/usr/bin/ceph: stdout [osd]
2023-07-14T18:00:14.707 INFO:teuthology.orchestra.run.smithi005.stdout:/usr/bin/ceph: stdout mon_osd_backfillfull_ratio = 0.85
2023-07-14T18:00:14.707 INFO:teuthology.orchestra.run.smithi005.stdout:/usr/bin/ceph: stdout mon_osd_full_ratio = 0.9
2023-07-14T18:00:14.707 INFO:teuthology.orchestra.run.smithi005.stdout:/usr/bin/ceph: stdout mon_osd_nearfull_ratio = 0.8
2023-07-14T18:00:14.707 INFO:teuthology.orchestra.run.smithi005.stdout:/usr/bin/ceph: stdout osd_map_max_advance = 10
2023-07-14T18:00:14.707 INFO:teuthology.orchestra.run.smithi005.stdout:/usr/bin/ceph: stdout osd_sloppy_crc = true
2023-07-14T18:00:14.708 INFO:teuthology.orchestra.run.smithi005.stdout:/usr/bin/ceph: stderr
2023-07-14T18:00:14.027+0000 7f278bcee700 1 Processor -- start
2023-07-14T18:00:14.708 INFO:teuthology.orchestra.run.smithi005.stdout:/usr/bin/ceph: stderr
2023-07-14T18:00:14.027+0000 7f278bcee700 1 -- start start
2023-07-14T18:00:14.708 INFO:teuthology.orchestra.run.smithi005.stdout:/usr/bin/ceph: stderr
2023-07-14T18:00:14.028+0000 7f278bcee700 1 --2- >> [v2:172.21.15.5:3300/0,v1:172.21.15.5:6789/0] conn(0x7f278407be10 0x7f278407a310 unknown :-1 s=NONE pgs=0 cs=0 l=0 rev1=0 crypto rx=0 tx=0 comp rx=0 tx=0).connect
2023-07-14T18:00:14.708 INFO:teuthology.orchestra.run.smithi005.stdout:/usr/bin/ceph: stderr
2023-07-14T18:00:14.028+0000 7f278bcee700 1 -- --> [v2:172.21.15.5:3300/0,v1:172.21.15.5:6789/0] -- mon_getmap magic: 0 v1 -- 0x7f278407a850 con 0x7f278407be10
2023-07-14T18:00:14.708 INFO:teuthology.orchestra.run.smithi005.stdout:/usr/bin/ceph: stderr
2023-07-14T18:00:14.028+0000 7f2789a8a700 1 --2- >> [v2:172.21.15.5:3300/0,v1:172.21.15.5:6789/0] conn(0x7f278407be10 0x7f278407a310 unknown :-1 s=BANNER_CONNECTING pgs=0 cs=0 l=0 rev1=0 crypto rx=0 tx=0 comp rx=0 tx=0)._handle_peer_banner_payload supported=3 required=0
2023-07-14T18:00:14.708 INFO:teuthology.orchestra.run.smithi005.stdout:/usr/bin/ceph: stderr
2023-07-14T18:00:14.028+0000 7f2789a8a700 1 --2- >> [v2:172.21.15.5:3300/0,v1:172.21.15.5:6789/0] conn(0x7f278407be10 0x7f278407a310 unknown :-1 s=HELLO_CONNECTING pgs=0 cs=0 l=0 rev1=1 crypto rx=0 tx=0 comp rx=0 tx=0).handle_hello peer v2:172.21.15.5:3300/0 says I am v2:172.21.15.5:54536/0 (socket says 172.21.15.5:54536)
2023-07-14T18:00:14.708 INFO:teuthology.orchestra.run.smithi005.stdout:/usr/bin/ceph: stderr
2023-07-14T18:00:14.028+0000 7f2789a8a700 1 -- 172.21.15.5:0/3850283120 learned_addr learned my addr 172.21.15.5:0/3850283120 (peer_addr_for_me v2:172.21.15.5:0/0)
2023-07-14T18:00:14.708 INFO:teuthology.orchestra.run.smithi005.stdout:/usr/bin/ceph: stderr
2023-07-14T18:00:14.028+0000 7f2789a8a700 1 -- 172.21.15.5:0/3850283120 --> [v2:172.21.15.5:3300/0,v1:172.21.15.5:6789/0] -- mon_subscribe({config=0+,monmap=0+}) v3 -- 0x7f278407a990 con 0x7f278407be10
2023-07-14T18:00:14.709 INFO:teuthology.orchestra.run.smithi005.stdout:/usr/bin/ceph: stderr
2023-07-14T18:00:14.029+0000 7f2789a8a700 1 --2- 172.21.15.5:0/3850283120 >> [v2:172.21.15.5:3300/0,v1:172.21.15.5:6789/0] conn(0x7f278407be10 0x7f278407a310 secure :-1 s=READY pgs=18 cs=0 l=1 rev1=1 crypto rx=0x7f27800098a0 tx=0x7f2780009bb0 comp rx=0 tx=0).ready entity=mon.0 client_cookie=72081d199d3e3315 server_cookie=0 in_seq=0 out_seq=0
2023-07-14T18:00:14.709 INFO:teuthology.orchestra.run.smithi005.stdout:/usr/bin/ceph: stderr
2023-07-14T18:00:14.029+0000 7f2788a88700 1 -- 172.21.15.5:0/3850283120 <== mon.0 v2:172.21.15.5:3300/0 1 ==== mon_map magic: 0 v1 ==== 205+0+0 (secure 0 0 0) 0x7f2780004160 con 0x7f278407be10
2023-07-14T18:00:14.709 INFO:teuthology.orchestra.run.smithi005.stdout:/usr/bin/ceph: stderr
2023-07-14T18:00:14.029+0000 7f2788a88700 1 -- 172.21.15.5:0/3850283120 <== mon.0 v2:172.21.15.5:3300/0 2 ==== config(26 keys) v1 ==== 1074+0+0 (secure 0 0 0) 0x7f27800042c0 con 0x7f278407be10
2023-07-14T18:00:14.709 INFO:teuthology.orchestra.run.smithi005.stdout:/usr/bin/ceph: stderr
2023-07-14T18:00:14.029+0000 7f2788a88700 1 -- 172.21.15.5:0/3850283120 <== mon.0 v2:172.21.15.5:3300/0 3 ==== mon_map magic: 0 v1 ==== 205+0+0 (secure 0 0 0) 0x7f2780011a00 con 0x7f278407be10
2023-07-14T18:00:14.709 INFO:teuthology.orchestra.run.smithi005.stdout:/usr/bin/ceph: stderr
2023-07-14T18:00:14.029+0000 7f278bcee700 1 -- 172.21.15.5:0/3850283120 >> [v2:172.21.15.5:3300/0,v1:172.21.15.5:6789/0] conn(0x7f278407be10 msgr2=0x7f278407a310 secure :-1 s=STATE_CONNECTION_ESTABLISHED l=1).mark_down
2023-07-14T18:00:14.709 INFO:teuthology.orchestra.run.smithi005.stdout:/usr/bin/ceph: stderr
2023-07-14T18:00:14.029+0000 7f278bcee700 1 --2- 172.21.15.5:0/3850283120 >> [v2:172.21.15.5:3300/0,v1:172.21.15.5:6789/0] conn(0x7f278407be10 0x7f278407a310 secure :-1 s=READY pgs=18 cs=0 l=1 rev1=1 crypto rx=0x7f27800098a0 tx=0x7f2780009bb0 comp rx=0 tx=0).stop
2023-07-14T18:00:14.709 INFO:teuthology.orchestra.run.smithi005.stdout:/usr/bin/ceph: stderr
2023-07-14T18:00:14.029+0000 7f278bcee700 1 -- 172.21.15.5:0/3850283120 shutdown_connections
2023-07-14T18:00:14.710 INFO:teuthology.orchestra.run.smithi005.stdout:/usr/bin/ceph: stderr
2023-07-14T18:00:14.029+0000 7f278bcee700 1 --2- 172.21.15.5:0/3850283120 >> [v2:172.21.15.5:3300/0,v1:172.21.15.5:6789/0] conn(0x7f278407be10 0x7f278407a310 unknown :-1 s=CLOSED pgs=18 cs=0 l=1 rev1=1 crypto rx=0 tx=0 comp rx=0 tx=0).stop
2023-07-14T18:00:14.710 INFO:teuthology.orchestra.run.smithi005.stdout:/usr/bin/ceph: stderr
2023-07-14T18:00:14.029+0000 7f278bcee700 1 -- 172.21.15.5:0/3850283120 >> 172.21.15.5:0/3850283120 conn(0x7f2784100c90 msgr2=0x7f27841030a0 unknown :-1 s=STATE_NONE l=0).mark_down
2023-07-14T18:00:14.710 INFO:teuthology.orchestra.run.smithi005.stdout:/usr/bin/ceph: stderr
2023-07-14T18:00:14.030+0000 7f278bcee700 1 -- 172.21.15.5:0/3850283120 shutdown_connections
2023-07-14T18:00:14.710 INFO:teuthology.orchestra.run.smithi005.stdout:/usr/bin/ceph: stderr
2023-07-14T18:00:14.030+0000 7f278bcee700 1 -- 172.21.15.5:0/3850283120 wait complete.
2023-07-14T18:00:14.710 INFO:teuthology.orchestra.run.smithi005.stdout:/usr/bin/ceph: stderr
2023-07-14T18:00:14.031+0000 7f278bcee700 1 Processor -- start
2023-07-14T18:00:14.710 INFO:teuthology.orchestra.run.smithi005.stdout:/usr/bin/ceph: stderr
2023-07-14T18:00:14.031+0000 7f278bcee700 1 -- start start
2023-07-14T18:00:14.710 INFO:teuthology.orchestra.run.smithi005.stdout:/usr/bin/ceph: stderr
2023-07-14T18:00:14.031+0000 7f278bcee700 1 --2- >> [v2:172.21.15.5:3300/0,v1:172.21.15.5:6789/0] conn(0x7f278407be10 0x7f278419b4e0 unknown :-1 s=NONE pgs=0 cs=0 l=1 rev1=0 crypto rx=0 tx=0 comp rx=0 tx=0).connect
2023-07-14T18:00:14.710 INFO:teuthology.orchestra.run.smithi005.stdout:/usr/bin/ceph: stderr
2023-07-14T18:00:14.031+0000 7f278bcee700 1 -- --> [v2:172.21.15.5:3300/0,v1:172.21.15.5:6789/0] -- mon_getmap magic: 0 v1 -- 0x7f278419ba20 con 0x7f278407be10
2023-07-14T18:00:14.711 INFO:teuthology.orchestra.run.smithi005.stdout:/usr/bin/ceph: stderr
2023-07-14T18:00:14.031+0000 7f2789a8a700 1 --2- >> [v2:172.21.15.5:3300/0,v1:172.21.15.5:6789/0] conn(0x7f278407be10 0x7f278419b4e0 unknown :-1 s=BANNER_CONNECTING pgs=0 cs=0 l=1 rev1=0 crypto rx=0 tx=0 comp rx=0 tx=0)._handle_peer_banner_payload supported=3 required=0
2023-07-14T18:00:14.711 INFO:teuthology.orchestra.run.smithi005.stdout:/usr/bin/ceph: stderr
2023-07-14T18:00:14.031+0000 7f2789a8a700 1 --2- >> [v2:172.21.15.5:3300/0,v1:172.21.15.5:6789/0] conn(0x7f278407be10 0x7f278419b4e0 unknown :-1 s=HELLO_CONNECTING pgs=0 cs=0 l=1 rev1=1 crypto rx=0 tx=0 comp rx=0 tx=0).handle_hello peer v2:172.21.15.5:3300/0 says I am v2:172.21.15.5:54542/0 (socket says 172.21.15.5:54542)
2023-07-14T18:00:14.711 INFO:teuthology.orchestra.run.smithi005.stdout:/usr/bin/ceph: stderr
2023-07-14T18:00:14.031+0000 7f2789a8a700 1 -- 172.21.15.5:0/2374255928 learned_addr learned my addr 172.21.15.5:0/2374255928 (peer_addr_for_me v2:172.21.15.5:0/0)
2023-07-14T18:00:14.711 INFO:teuthology.orchestra.run.smithi005.stdout:/usr/bin/ceph: stderr
2023-07-14T18:00:14.032+0000 7f2789a8a700 1 -- 172.21.15.5:0/2374255928 --> [v2:172.21.15.5:3300/0,v1:172.21.15.5:6789/0] -- mon_subscribe({config=0+,monmap=0+}) v3 -- 0x7f2780009550 con 0x7f278407be10
2023-07-14T18:00:14.711 INFO:teuthology.orchestra.run.smithi005.stdout:/usr/bin/ceph: stderr
2023-07-14T18:00:14.032+0000 7f2789a8a700 1 --2- 172.21.15.5:0/2374255928 >> [v2:172.21.15.5:3300/0,v1:172.21.15.5:6789/0] conn(0x7f278407be10 0x7f278419b4e0 secure :-1 s=READY pgs=19 cs=0 l=1 rev1=1 crypto rx=0x7f2780006b20 tx=0x7f2780011ad0 comp rx=0 tx=0).ready entity=mon.0 client_cookie=0 server_cookie=0 in_seq=0 out_seq=0
2023-07-14T18:00:14.711 INFO:teuthology.orchestra.run.smithi005.stdout:/usr/bin/ceph: stderr
2023-07-14T18:00:14.032+0000 7f277affd700 1 -- 172.21.15.5:0/2374255928 <== mon.0 v2:172.21.15.5:3300/0 1 ==== mon_map magic: 0 v1 ==== 205+0+0 (secure 0 0 0) 0x7f2780003b70 con 0x7f278407be10
2023-07-14T18:00:14.711 INFO:teuthology.orchestra.run.smithi005.stdout:/usr/bin/ceph: stderr
2023-07-14T18:00:14.032+0000 7f277affd700 1 -- 172.21.15.5:0/2374255928 <== mon.0 v2:172.21.15.5:3300/0 2 ==== config(26 keys) v1 ==== 1074+0+0 (secure 0 0 0) 0x7f2780003cd0 con 0x7f278407be10
2023-07-14T18:00:14.712 INFO:teuthology.orchestra.run.smithi005.stdout:/usr/bin/ceph: stderr
2023-07-14T18:00:14.032+0000 7f277affd700 1 -- 172.21.15.5:0/2374255928 <== mon.0 v2:172.21.15.5:3300/0 3 ==== mon_map magic: 0 v1 ==== 205+0+0 (secure 0 0 0) 0x7f27800247c0 con 0x7f278407be10
2023-07-14T18:00:14.712 INFO:teuthology.orchestra.run.smithi005.stdout:/usr/bin/ceph: stderr
2023-07-14T18:00:14.032+0000 7f278bcee700 1 -- 172.21.15.5:0/2374255928 --> [v2:172.21.15.5:3300/0,v1:172.21.15.5:6789/0] -- mon_subscribe({mgrmap=0+}) v3 -- 0x7f278419bc20 con 0x7f278407be10
2023-07-14T18:00:14.712 INFO:teuthology.orchestra.run.smithi005.stdout:/usr/bin/ceph: stderr
2023-07-14T18:00:14.033+0000 7f278bcee700 1 -- 172.21.15.5:0/2374255928 --> [v2:172.21.15.5:3300/0,v1:172.21.15.5:6789/0] -- mon_subscribe({osdmap=0}) v3 -- 0x7f278419c040 con 0x7f278407be10
2023-07-14T18:00:14.712 INFO:teuthology.orchestra.run.smithi005.stdout:/usr/bin/ceph: stderr
2023-07-14T18:00:14.033+0000 7f277affd700 1 -- 172.21.15.5:0/2374255928 <== mon.0 v2:172.21.15.5:3300/0 4 ==== mgrmap(e 4) v1 ==== 45472+0+0 (secure 0 0 0) 0x7f278001ab40 con 0x7f278407be10
2023-07-14T18:00:14.712 INFO:teuthology.orchestra.run.smithi005.stdout:/usr/bin/ceph: stderr
2023-07-14T18:00:14.034+0000 7f278bcee700 1 -- 172.21.15.5:0/2374255928 --> [v2:172.21.15.5:3300/0,v1:172.21.15.5:6789/0] -- mon_command({"prefix": "get_command_descriptions"} v 0) v1 -- 0x7f2784061c70 con 0x7f278407be10
2023-07-14T18:00:14.712 INFO:teuthology.orchestra.run.smithi005.stdout:/usr/bin/ceph: stderr
2023-07-14T18:00:14.034+0000 7f277affd700 1 --2- 172.21.15.5:0/2374255928 >> [v2:172.21.15.5:6800/3136682324,v1:172.21.15.5:6801/3136682324] conn(0x7f2770038710 0x7f277003abc0 unknown :-1 s=NONE pgs=0 cs=0 l=1 rev1=0 crypto rx=0 tx=0 comp rx=0 tx=0).connect
2023-07-14T18:00:14.712 INFO:teuthology.orchestra.run.smithi005.stdout:/usr/bin/ceph: stderr
2023-07-14T18:00:14.034+0000 7f277affd700 1 -- 172.21.15.5:0/2374255928 <== mon.0 v2:172.21.15.5:3300/0 5 ==== osd_map(1..1 src has 1..1) v4 ==== 725+0+0 (secure 0 0 0) 0x7f278004c510 con 0x7f278407be10
2023-07-14T18:00:14.712 INFO:teuthology.orchestra.run.smithi005.stdout:/usr/bin/ceph: stderr
2023-07-14T18:00:14.034+0000 7f2789289700 1 --2- 172.21.15.5:0/2374255928 >> [v2:172.21.15.5:6800/3136682324,v1:172.21.15.5:6801/3136682324] conn(0x7f2770038710 0x7f277003abc0 unknown :-1 s=BANNER_CONNECTING pgs=0 cs=0 l=1 rev1=0 crypto rx=0 tx=0 comp rx=0 tx=0)._handle_peer_banner_payload supported=3 required=0
2023-07-14T18:00:14.713 INFO:teuthology.orchestra.run.smithi005.stdout:/usr/bin/ceph: stderr
2023-07-14T18:00:14.035+0000 7f2789289700 1 --2- 172.21.15.5:0/2374255928 >> [v2:172.21.15.5:6800/3136682324,v1:172.21.15.5:6801/3136682324] conn(0x7f2770038710 0x7f277003abc0 secure :-1 s=READY pgs=7 cs=0 l=1 rev1=1 crypto rx=0x7f2774006fd0 tx=0x7f2774006e40 comp rx=0 tx=0).ready entity=mgr.14100 client_cookie=0 server_cookie=0 in_seq=0 out_seq=0
2023-07-14T18:00:14.713 INFO:teuthology.orchestra.run.smithi005.stdout:/usr/bin/ceph: stderr
2023-07-14T18:00:14.039+0000 7f277affd700 1 -- 172.21.15.5:0/2374255928 <== mon.0 v2:172.21.15.5:3300/0 6 ==== mon_command_ack([{"prefix": "get_command_descriptions"}]=0 v0) v1 ==== 72+0+178025 (secure 0 0 0) 0x7f278001a950 con 0x7f278407be10
2023-07-14T18:00:14.713 INFO:teuthology.orchestra.run.smithi005.stdout:/usr/bin/ceph: stderr
2023-07-14T18:00:14.244+0000 7f278bcee700 1 -- 172.21.15.5:0/2374255928 --> [v2:172.21.15.5:3300/0,v1:172.21.15.5:6789/0] -- mon_command({"prefix": "config assimilate-conf"} v 0) v1 -- 0x7f278419ed00 con 0x7f278407be10
2023-07-14T18:00:14.713 INFO:teuthology.orchestra.run.smithi005.stdout:/usr/bin/ceph: stderr
2023-07-14T18:00:14.245+0000 7f277affd700 1 -- 172.21.15.5:0/2374255928 <== mon.0 v2:172.21.15.5:3300/0 7 ==== mon_command_ack([{"prefix": "config assimilate-conf"}]=0 v3) v1 ==== 70+0+373 (secure 0 0 0) 0x7f278000b3e0 con 0x7f278407be10
2023-07-14T18:00:14.713 INFO:teuthology.orchestra.run.smithi005.stdout:/usr/bin/ceph: stderr
2023-07-14T18:00:14.248+0000 7f278bcee700 1 -- 172.21.15.5:0/2374255928 >> [v2:172.21.15.5:6800/3136682324,v1:172.21.15.5:6801/3136682324] conn(0x7f2770038710 msgr2=0x7f277003abc0 secure :-1 s=STATE_CONNECTION_ESTABLISHED l=1).mark_down
2023-07-14T18:00:14.713 INFO:teuthology.orchestra.run.smithi005.stdout:/usr/bin/ceph: stderr
2023-07-14T18:00:14.248+0000 7f278bcee700 1 --2- 172.21.15.5:0/2374255928 >> [v2:172.21.15.5:6800/3136682324,v1:172.21.15.5:6801/3136682324] conn(0x7f2770038710 0x7f277003abc0 secure :-1 s=READY pgs=7 cs=0 l=1 rev1=1 crypto rx=0x7f2774006fd0 tx=0x7f2774006e40 comp rx=0 tx=0).stop
2023-07-14T18:00:14.713 INFO:teuthology.orchestra.run.smithi005.stdout:/usr/bin/ceph: stderr
2023-07-14T18:00:14.248+0000 7f278bcee700 1 -- 172.21.15.5:0/2374255928 >> [v2:172.21.15.5:3300/0,v1:172.21.15.5:6789/0] conn(0x7f278407be10 msgr2=0x7f278419b4e0 secure :-1 s=STATE_CONNECTION_ESTABLISHED l=1).mark_down
2023-07-14T18:00:14.714 INFO:teuthology.orchestra.run.smithi005.stdout:/usr/bin/ceph: stderr
2023-07-14T18:00:14.248+0000 7f278bcee700 1 --2- 172.21.15.5:0/2374255928 >> [v2:172.21.15.5:3300/0,v1:172.21.15.5:6789/0] conn(0x7f278407be10 0x7f278419b4e0 secure :-1 s=READY pgs=19 cs=0 l=1 rev1=1 crypto rx=0x7f2780006b20 tx=0x7f2780011ad0 comp rx=0 tx=0).stop
2023-07-14T18:00:14.714 INFO:teuthology.orchestra.run.smithi005.stdout:/usr/bin/ceph: stderr
2023-07-14T18:00:14.248+0000 7f278bcee700 1 -- 172.21.15.5:0/2374255928 shutdown_connections
2023-07-14T18:00:14.714 INFO:teuthology.orchestra.run.smithi005.stdout:/usr/bin/ceph: stderr
2023-07-14T18:00:14.248+0000 7f278bcee700 1 --2- 172.21.15.5:0/2374255928 >> [v2:172.21.15.5:6800/3136682324,v1:172.21.15.5:6801/3136682324] conn(0x7f2770038710 0x7f277003abc0 unknown :-1 s=CLOSED pgs=7 cs=0 l=1 rev1=1 crypto rx=0 tx=0 comp rx=0 tx=0).stop
2023-07-14T18:00:14.714 INFO:teuthology.orchestra.run.smithi005.stdout:/usr/bin/ceph: stderr
2023-07-14T18:00:14.248+0000 7f278bcee700 1 --2- 172.21.15.5:0/2374255928 >> [v2:172.21.15.5:3300/0,v1:172.21.15.5:6789/0] conn(0x7f278407be10 0x7f278419b4e0 unknown :-1 s=CLOSED pgs=19 cs=0 l=1 rev1=1 crypto rx=0 tx=0 comp rx=0 tx=0).stop
2023-07-14T18:00:14.714 INFO:teuthology.orchestra.run.smithi005.stdout:/usr/bin/ceph: stderr
2023-07-14T18:00:14.248+0000 7f278bcee700 1 -- 172.21.15.5:0/2374255928 >> 172.21.15.5:0/2374255928 conn(0x7f2784100c90 msgr2=0x7f2784101a50 unknown :-1 s=STATE_NONE l=0).mark_down
2023-07-14T18:00:14.714 INFO:teuthology.orchestra.run.smithi005.stdout:/usr/bin/ceph: stderr
2023-07-14T18:00:14.248+0000 7f278bcee700 1 -- 172.21.15.5:0/2374255928 shutdown_connections
2023-07-14T18:00:14.714 INFO:teuthology.orchestra.run.smithi005.stdout:/usr/bin/ceph: stderr
2023-07-14T18:00:14.248+0000 7f278bcee700 1 -- 172.21.15.5:0/2374255928 wait complete.
2023-07-14T18:00:14.714 INFO:teuthology.orchestra.run.smithi005.stdout:Enabling cephadm module...
2023-07-14T18:00:15.844 INFO:journalctl@ceph.mon.a.smithi005.stdout:Jul 14 18:00:15 smithi005 ceph-mon[126406]: from='client.? 172.21.15.5:0/3699079445' entity='client.admin' cmd=[{"prefix": "mgr module enable", "module": "cephadm"}]: dispatch
2023-07-14T18:00:15.844 INFO:journalctl@ceph.mgr.x.smithi005.stdout:Jul 14 18:00:15 smithi005 ceph-1f5a8560-2270-11ee-9b33-001a4aab830c-mgr-x[126654]: ignoring --setuser ceph since I am not root
2023-07-14T18:00:15.845 INFO:journalctl@ceph.mgr.x.smithi005.stdout:Jul 14 18:00:15 smithi005 ceph-1f5a8560-2270-11ee-9b33-001a4aab830c-mgr-x[126654]: ignoring --setgroup ceph since I am not root
2023-07-14T18:00:15.984 INFO:teuthology.orchestra.run.smithi005.stdout:/usr/bin/ceph: stderr
2023-07-14T18:00:15.230+0000 7f49d7ad9700 1 Processor -- start
2023-07-14T18:00:15.984 INFO:teuthology.orchestra.run.smithi005.stdout:/usr/bin/ceph: stderr
2023-07-14T18:00:15.230+0000 7f49d7ad9700 1 -- start start
2023-07-14T18:00:15.984 INFO:teuthology.orchestra.run.smithi005.stdout:/usr/bin/ceph: stderr
2023-07-14T18:00:15.230+0000 7f49d7ad9700 1 --2- >> [v2:172.21.15.5:3300/0,v1:172.21.15.5:6789/0] conn(0x7f49d007bdf0 0x7f49d007a2f0 unknown :-1 s=NONE pgs=0 cs=0 l=0 rev1=0 crypto rx=0 tx=0 comp rx=0 tx=0).connect
2023-07-14T18:00:15.985 INFO:teuthology.orchestra.run.smithi005.stdout:/usr/bin/ceph: stderr
2023-07-14T18:00:15.230+0000 7f49d7ad9700 1 -- --> [v2:172.21.15.5:3300/0,v1:172.21.15.5:6789/0] -- mon_getmap magic: 0 v1 -- 0x7f49d007a830 con 0x7f49d007bdf0
2023-07-14T18:00:15.985 INFO:teuthology.orchestra.run.smithi005.stdout:/usr/bin/ceph: stderr
2023-07-14T18:00:15.230+0000 7f49d5875700 1 --2- >> [v2:172.21.15.5:3300/0,v1:172.21.15.5:6789/0] conn(0x7f49d007bdf0 0x7f49d007a2f0 unknown :-1 s=BANNER_CONNECTING pgs=0 cs=0 l=0 rev1=0 crypto rx=0 tx=0 comp rx=0 tx=0)._handle_peer_banner_payload supported=3 required=0
2023-07-14T18:00:15.985 INFO:teuthology.orchestra.run.smithi005.stdout:/usr/bin/ceph: stderr
2023-07-14T18:00:15.230+0000 7f49d5875700 1 --2- >> [v2:172.21.15.5:3300/0,v1:172.21.15.5:6789/0] conn(0x7f49d007bdf0 0x7f49d007a2f0 unknown :-1 s=HELLO_CONNECTING pgs=0 cs=0 l=0 rev1=1 crypto rx=0 tx=0 comp rx=0 tx=0).handle_hello peer v2:172.21.15.5:3300/0 says I am v2:172.21.15.5:54556/0 (socket says 172.21.15.5:54556)
2023-07-14T18:00:15.985 INFO:teuthology.orchestra.run.smithi005.stdout:/usr/bin/ceph: stderr
2023-07-14T18:00:15.230+0000 7f49d5875700 1 -- 172.21.15.5:0/308014968 learned_addr learned my addr 172.21.15.5:0/308014968 (peer_addr_for_me v2:172.21.15.5:0/0)
2023-07-14T18:00:15.988 INFO:teuthology.orchestra.run.smithi005.stdout:/usr/bin/ceph: stderr
2023-07-14T18:00:15.231+0000 7f49d5875700 1 -- 172.21.15.5:0/308014968 --> [v2:172.21.15.5:3300/0,v1:172.21.15.5:6789/0] -- mon_subscribe({config=0+,monmap=0+}) v3 -- 0x7f49d007a970 con 0x7f49d007bdf0
2023-07-14T18:00:15.988 INFO:teuthology.orchestra.run.smithi005.stdout:/usr/bin/ceph: stderr
2023-07-14T18:00:15.231+0000 7f49d5875700 1 --2- 172.21.15.5:0/308014968 >> [v2:172.21.15.5:3300/0,v1:172.21.15.5:6789/0] conn(0x7f49d007bdf0 0x7f49d007a2f0 secure :-1 s=READY pgs=20 cs=0 l=1 rev1=1 crypto rx=0x7f49cc0098a0 tx=0x7f49cc009bb0 comp rx=0 tx=0).ready entity=mon.0 client_cookie=2bb81625d68c8921 server_cookie=0 in_seq=0 out_seq=0
2023-07-14T18:00:15.988 INFO:teuthology.orchestra.run.smithi005.stdout:/usr/bin/ceph: stderr
2023-07-14T18:00:15.231+0000 7f49d4873700 1 -- 172.21.15.5:0/308014968 <== mon.0 v2:172.21.15.5:3300/0 1 ==== mon_map magic: 0 v1 ==== 205+0+0 (secure 0 0 0) 0x7f49cc004160 con 0x7f49d007bdf0
2023-07-14T18:00:15.988 INFO:teuthology.orchestra.run.smithi005.stdout:/usr/bin/ceph: stderr
2023-07-14T18:00:15.231+0000 7f49d4873700 1 -- 172.21.15.5:0/308014968 <== mon.0 v2:172.21.15.5:3300/0 2 ==== config(26 keys) v1 ==== 1074+0+0 (secure 0 0 0) 0x7f49cc0042c0 con 0x7f49d007bdf0
2023-07-14T18:00:15.988 INFO:teuthology.orchestra.run.smithi005.stdout:/usr/bin/ceph: stderr
2023-07-14T18:00:15.231+0000 7f49d4873700 1 -- 172.21.15.5:0/308014968 <== mon.0 v2:172.21.15.5:3300/0 3 ==== mon_map magic: 0 v1 ==== 205+0+0 (secure 0 0 0) 0x7f49cc011a00 con 0x7f49d007bdf0
2023-07-14T18:00:15.988 INFO:teuthology.orchestra.run.smithi005.stdout:/usr/bin/ceph: stderr
2023-07-14T18:00:15.232+0000 7f49d7ad9700 1 -- 172.21.15.5:0/308014968 >> [v2:172.21.15.5:3300/0,v1:172.21.15.5:6789/0] conn(0x7f49d007bdf0 msgr2=0x7f49d007a2f0 secure :-1 s=STATE_CONNECTION_ESTABLISHED l=1).mark_down
2023-07-14T18:00:15.989 INFO:teuthology.orchestra.run.smithi005.stdout:/usr/bin/ceph: stderr
2023-07-14T18:00:15.232+0000 7f49d7ad9700 1 --2- 172.21.15.5:0/308014968 >> [v2:172.21.15.5:3300/0,v1:172.21.15.5:6789/0] conn(0x7f49d007bdf0 0x7f49d007a2f0 secure :-1 s=READY pgs=20 cs=0 l=1 rev1=1 crypto rx=0x7f49cc0098a0 tx=0x7f49cc009bb0 comp rx=0 tx=0).stop
2023-07-14T18:00:15.989 INFO:teuthology.orchestra.run.smithi005.stdout:/usr/bin/ceph: stderr
2023-07-14T18:00:15.232+0000 7f49d7ad9700 1 -- 172.21.15.5:0/308014968 shutdown_connections
2023-07-14T18:00:15.989 INFO:teuthology.orchestra.run.smithi005.stdout:/usr/bin/ceph: stderr
2023-07-14T18:00:15.232+0000 7f49d7ad9700 1 --2- 172.21.15.5:0/308014968 >> [v2:172.21.15.5:3300/0,v1:172.21.15.5:6789/0] conn(0x7f49d007bdf0 0x7f49d007a2f0 unknown :-1 s=CLOSED pgs=20 cs=0 l=1 rev1=1 crypto rx=0 tx=0 comp rx=0 tx=0).stop
2023-07-14T18:00:15.989 INFO:teuthology.orchestra.run.smithi005.stdout:/usr/bin/ceph: stderr
2023-07-14T18:00:15.232+0000 7f49d7ad9700 1 -- 172.21.15.5:0/308014968 >> 172.21.15.5:0/308014968 conn(0x7f49d0100c90 msgr2=0x7f49d01030a0 unknown :-1 s=STATE_NONE l=0).mark_down
2023-07-14T18:00:15.989 INFO:teuthology.orchestra.run.smithi005.stdout:/usr/bin/ceph: stderr
2023-07-14T18:00:15.232+0000 7f49d7ad9700 1 -- 172.21.15.5:0/308014968 shutdown_connections
2023-07-14T18:00:15.989 INFO:teuthology.orchestra.run.smithi005.stdout:/usr/bin/ceph: stderr
2023-07-14T18:00:15.232+0000 7f49d7ad9700 1 -- 172.21.15.5:0/308014968 wait complete.
2023-07-14T18:00:15.989 INFO:teuthology.orchestra.run.smithi005.stdout:/usr/bin/ceph: stderr
2023-07-14T18:00:15.233+0000 7f49d7ad9700 1 Processor -- start
2023-07-14T18:00:15.989 INFO:teuthology.orchestra.run.smithi005.stdout:/usr/bin/ceph: stderr
2023-07-14T18:00:15.233+0000 7f49d7ad9700 1 -- start start
2023-07-14T18:00:15.990 INFO:teuthology.orchestra.run.smithi005.stdout:/usr/bin/ceph: stderr
