2023-07-14T18:00:17.898+0000 7f991bfff700 1 --2- 172.21.15.5:0/2428344055 >> [v2:172.21.15.5:6800/3136682324,v1:172.21.15.5:6801/3136682324] conn(0x7f990c038760 0x7f990c03ac10 unknown :-1 s=START_CONNECT pgs=0 cs=0 l=1 rev1=0 crypto rx=0 tx=0 comp rx=0 tx=0)._fault waiting 0.400000
2023-07-14T18:00:25.785 INFO:teuthology.orchestra.run.smithi005.stdout:/usr/bin/ceph: stderr
2023-07-14T18:00:18.299+0000 7f991bfff700 1 -- 172.21.15.5:0/2428344055 >> [v2:172.21.15.5:6800/3136682324,v1:172.21.15.5:6801/3136682324] conn(0x7f990c038760 msgr2=0x7f990c03ac10 unknown :-1 s=STATE_CONNECTING_RE l=1).process reconnect failed to v2:172.21.15.5:6800/3136682324
2023-07-14T18:00:25.785 INFO:teuthology.orchestra.run.smithi005.stdout:/usr/bin/ceph: stderr
2023-07-14T18:00:18.299+0000 7f991bfff700 1 --2- 172.21.15.5:0/2428344055 >> [v2:172.21.15.5:6800/3136682324,v1:172.21.15.5:6801/3136682324] conn(0x7f990c038760 0x7f990c03ac10 unknown :-1 s=START_CONNECT pgs=0 cs=0 l=1 rev1=0 crypto rx=0 tx=0 comp rx=0 tx=0)._fault waiting 0.800000
2023-07-14T18:00:25.785 INFO:teuthology.orchestra.run.smithi005.stdout:/usr/bin/ceph: stderr
2023-07-14T18:00:19.100+0000 7f991bfff700 1 -- 172.21.15.5:0/2428344055 >> [v2:172.21.15.5:6800/3136682324,v1:172.21.15.5:6801/3136682324] conn(0x7f990c038760 msgr2=0x7f990c03ac10 unknown :-1 s=STATE_CONNECTING_RE l=1).process reconnect failed to v2:172.21.15.5:6800/3136682324
2023-07-14T18:00:25.785 INFO:teuthology.orchestra.run.smithi005.stdout:/usr/bin/ceph: stderr
2023-07-14T18:00:19.100+0000 7f991bfff700 1 --2- 172.21.15.5:0/2428344055 >> [v2:172.21.15.5:6800/3136682324,v1:172.21.15.5:6801/3136682324] conn(0x7f990c038760 0x7f990c03ac10 unknown :-1 s=START_CONNECT pgs=0 cs=0 l=1 rev1=0 crypto rx=0 tx=0 comp rx=0 tx=0)._fault waiting 1.600000
2023-07-14T18:00:25.785 INFO:teuthology.orchestra.run.smithi005.stdout:/usr/bin/ceph: stderr
2023-07-14T18:00:20.701+0000 7f991bfff700 1 -- 172.21.15.5:0/2428344055 >> [v2:172.21.15.5:6800/3136682324,v1:172.21.15.5:6801/3136682324] conn(0x7f990c038760 msgr2=0x7f990c03ac10 unknown :-1 s=STATE_CONNECTING_RE l=1).process reconnect failed to v2:172.21.15.5:6800/3136682324
2023-07-14T18:00:25.785 INFO:teuthology.orchestra.run.smithi005.stdout:/usr/bin/ceph: stderr
2023-07-14T18:00:20.701+0000 7f991bfff700 1 --2- 172.21.15.5:0/2428344055 >> [v2:172.21.15.5:6800/3136682324,v1:172.21.15.5:6801/3136682324] conn(0x7f990c038760 0x7f990c03ac10 unknown :-1 s=START_CONNECT pgs=0 cs=0 l=1 rev1=0 crypto rx=0 tx=0 comp rx=0 tx=0)._fault waiting 3.200000
2023-07-14T18:00:25.786 INFO:teuthology.orchestra.run.smithi005.stdout:/usr/bin/ceph: stderr
2023-07-14T18:00:23.905+0000 7f991bfff700 1 -- 172.21.15.5:0/2428344055 >> [v2:172.21.15.5:6800/3136682324,v1:172.21.15.5:6801/3136682324] conn(0x7f990c038760 msgr2=0x7f990c03ac10 unknown :-1 s=STATE_CONNECTING_RE l=1).process reconnect failed to v2:172.21.15.5:6800/3136682324
2023-07-14T18:00:25.786 INFO:teuthology.orchestra.run.smithi005.stdout:/usr/bin/ceph: stderr
2023-07-14T18:00:23.905+0000 7f991bfff700 1 --2- 172.21.15.5:0/2428344055 >> [v2:172.21.15.5:6800/3136682324,v1:172.21.15.5:6801/3136682324] conn(0x7f990c038760 0x7f990c03ac10 unknown :-1 s=START_CONNECT pgs=0 cs=0 l=1 rev1=0 crypto rx=0 tx=0 comp rx=0 tx=0)._fault waiting 6.400000
2023-07-14T18:00:25.786 INFO:teuthology.orchestra.run.smithi005.stdout:/usr/bin/ceph: stderr
2023-07-14T18:00:24.260+0000 7f9919ffb700 1 -- 172.21.15.5:0/2428344055 <== mon.0 v2:172.21.15.5:3300/0 6 ==== mgrmap(e 6) v1 ==== 45250+0+0 (secure 0 0 0) 0x7f9910024a60 con 0x7f991c1055e0
2023-07-14T18:00:25.786 INFO:teuthology.orchestra.run.smithi005.stdout:/usr/bin/ceph: stderr
2023-07-14T18:00:24.260+0000 7f9919ffb700 1 -- 172.21.15.5:0/2428344055 >> [v2:172.21.15.5:6800/3136682324,v1:172.21.15.5:6801/3136682324] conn(0x7f990c038760 msgr2=0x7f990c03ac10 unknown :-1 s=STATE_CONNECTING l=1).mark_down
2023-07-14T18:00:25.786 INFO:teuthology.orchestra.run.smithi005.stdout:/usr/bin/ceph: stderr
2023-07-14T18:00:24.260+0000 7f9919ffb700 1 --2- 172.21.15.5:0/2428344055 >> [v2:172.21.15.5:6800/3136682324,v1:172.21.15.5:6801/3136682324] conn(0x7f990c038760 0x7f990c03ac10 unknown :-1 s=START_CONNECT pgs=0 cs=0 l=1 rev1=0 crypto rx=0 tx=0 comp rx=0 tx=0).stop
2023-07-14T18:00:25.786 INFO:teuthology.orchestra.run.smithi005.stdout:/usr/bin/ceph: stderr
2023-07-14T18:00:25.262+0000 7f9919ffb700 1 -- 172.21.15.5:0/2428344055 <== mon.0 v2:172.21.15.5:3300/0 7 ==== mgrmap(e 7) v1 ==== 45377+0+0 (secure 0 0 0) 0x7f991004dc70 con 0x7f991c1055e0
2023-07-14T18:00:25.786 INFO:teuthology.orchestra.run.smithi005.stdout:/usr/bin/ceph: stderr
2023-07-14T18:00:25.262+0000 7f9919ffb700 1 --2- 172.21.15.5:0/2428344055 >> [v2:172.21.15.5:6800/2957530514,v1:172.21.15.5:6801/2957530514] conn(0x7f990c03bfe0 0x7f990c03e3c0 unknown :-1 s=NONE pgs=0 cs=0 l=1 rev1=0 crypto rx=0 tx=0 comp rx=0 tx=0).connect
2023-07-14T18:00:25.787 INFO:teuthology.orchestra.run.smithi005.stdout:/usr/bin/ceph: stderr
2023-07-14T18:00:25.262+0000 7f9919ffb700 1 -- 172.21.15.5:0/2428344055 --> [v2:172.21.15.5:6800/2957530514,v1:172.21.15.5:6801/2957530514] -- command(tid 0: {"prefix": "get_command_descriptions"}) v1 -- 0x7f990c03b320 con 0x7f990c03bfe0
2023-07-14T18:00:25.787 INFO:teuthology.orchestra.run.smithi005.stdout:/usr/bin/ceph: stderr
2023-07-14T18:00:25.262+0000 7f991bfff700 1 --2- 172.21.15.5:0/2428344055 >> [v2:172.21.15.5:6800/2957530514,v1:172.21.15.5:6801/2957530514] conn(0x7f990c03bfe0 0x7f990c03e3c0 unknown :-1 s=BANNER_CONNECTING pgs=0 cs=0 l=1 rev1=0 crypto rx=0 tx=0 comp rx=0 tx=0)._handle_peer_banner_payload supported=3 required=0
2023-07-14T18:00:25.787 INFO:teuthology.orchestra.run.smithi005.stdout:/usr/bin/ceph: stderr
2023-07-14T18:00:25.263+0000 7f991bfff700 1 --2- 172.21.15.5:0/2428344055 >> [v2:172.21.15.5:6800/2957530514,v1:172.21.15.5:6801/2957530514] conn(0x7f990c03bfe0 0x7f990c03e3c0 secure :-1 s=READY pgs=2 cs=0 l=1 rev1=1 crypto rx=0x7f9908003a10 tx=0x7f99080092b0 comp rx=0 tx=0).ready entity=mgr.14118 client_cookie=0 server_cookie=0 in_seq=0 out_seq=0
2023-07-14T18:00:25.787 INFO:teuthology.orchestra.run.smithi005.stdout:/usr/bin/ceph: stderr
2023-07-14T18:00:25.264+0000 7f9919ffb700 1 -- 172.21.15.5:0/2428344055 <== mgr.14118 v2:172.21.15.5:6800/2957530514 1 ==== command_reply(tid 0: 0 ) v1 ==== 8+0+6910 (secure 0 0 0) 0x7f990c03b320 con 0x7f990c03bfe0
2023-07-14T18:00:25.787 INFO:teuthology.orchestra.run.smithi005.stdout:/usr/bin/ceph: stderr
2023-07-14T18:00:25.271+0000 7f9922dbb700 1 -- 172.21.15.5:0/2428344055 --> [v2:172.21.15.5:6800/2957530514,v1:172.21.15.5:6801/2957530514] -- command(tid 1: {"prefix": "mgr_status"}) v1 -- 0x7f991c19a600 con 0x7f990c03bfe0
2023-07-14T18:00:25.787 INFO:teuthology.orchestra.run.smithi005.stdout:/usr/bin/ceph: stderr
2023-07-14T18:00:25.271+0000 7f9919ffb700 1 -- 172.21.15.5:0/2428344055 <== mgr.14118 v2:172.21.15.5:6800/2957530514 2 ==== command_reply(tid 1: 0 ) v1 ==== 8+0+51 (secure 0 0 0) 0x7f991c19a600 con 0x7f990c03bfe0
2023-07-14T18:00:25.787 INFO:teuthology.orchestra.run.smithi005.stdout:/usr/bin/ceph: stderr
2023-07-14T18:00:25.272+0000 7f9922dbb700 1 -- 172.21.15.5:0/2428344055 >> [v2:172.21.15.5:6800/2957530514,v1:172.21.15.5:6801/2957530514] conn(0x7f990c03bfe0 msgr2=0x7f990c03e3c0 secure :-1 s=STATE_CONNECTION_ESTABLISHED l=1).mark_down
2023-07-14T18:00:25.788 INFO:teuthology.orchestra.run.smithi005.stdout:/usr/bin/ceph: stderr
2023-07-14T18:00:25.272+0000 7f9922dbb700 1 --2- 172.21.15.5:0/2428344055 >> [v2:172.21.15.5:6800/2957530514,v1:172.21.15.5:6801/2957530514] conn(0x7f990c03bfe0 0x7f990c03e3c0 secure :-1 s=READY pgs=2 cs=0 l=1 rev1=1 crypto rx=0x7f9908003a10 tx=0x7f99080092b0 comp rx=0 tx=0).stop
2023-07-14T18:00:25.788 INFO:teuthology.orchestra.run.smithi005.stdout:/usr/bin/ceph: stderr
2023-07-14T18:00:25.272+0000 7f9922dbb700 1 -- 172.21.15.5:0/2428344055 >> [v2:172.21.15.5:3300/0,v1:172.21.15.5:6789/0] conn(0x7f991c1055e0 msgr2=0x7f991c1992c0 secure :-1 s=STATE_CONNECTION_ESTABLISHED l=1).mark_down
2023-07-14T18:00:25.788 INFO:teuthology.orchestra.run.smithi005.stdout:/usr/bin/ceph: stderr
2023-07-14T18:00:25.272+0000 7f9922dbb700 1 --2- 172.21.15.5:0/2428344055 >> [v2:172.21.15.5:3300/0,v1:172.21.15.5:6789/0] conn(0x7f991c1055e0 0x7f991c1992c0 secure :-1 s=READY pgs=27 cs=0 l=1 rev1=1 crypto rx=0x7f9910006af0 tx=0x7f9910011ad0 comp rx=0 tx=0).stop
2023-07-14T18:00:25.788 INFO:teuthology.orchestra.run.smithi005.stdout:/usr/bin/ceph: stderr
2023-07-14T18:00:25.272+0000 7f9922dbb700 1 -- 172.21.15.5:0/2428344055 shutdown_connections
2023-07-14T18:00:25.788 INFO:teuthology.orchestra.run.smithi005.stdout:/usr/bin/ceph: stderr
2023-07-14T18:00:25.272+0000 7f9922dbb700 1 --2- 172.21.15.5:0/2428344055 >> [v2:172.21.15.5:6800/2957530514,v1:172.21.15.5:6801/2957530514] conn(0x7f990c03bfe0 0x7f990c03e3c0 unknown :-1 s=CLOSED pgs=2 cs=0 l=1 rev1=1 crypto rx=0 tx=0 comp rx=0 tx=0).stop
2023-07-14T18:00:25.788 INFO:teuthology.orchestra.run.smithi005.stdout:/usr/bin/ceph: stderr
2023-07-14T18:00:25.272+0000 7f9922dbb700 1 --2- 172.21.15.5:0/2428344055 >> [v2:172.21.15.5:3300/0,v1:172.21.15.5:6789/0] conn(0x7f991c1055e0 0x7f991c1992c0 unknown :-1 s=CLOSED pgs=27 cs=0 l=1 rev1=1 crypto rx=0 tx=0 comp rx=0 tx=0).stop
2023-07-14T18:00:25.788 INFO:teuthology.orchestra.run.smithi005.stdout:/usr/bin/ceph: stderr
2023-07-14T18:00:25.272+0000 7f9922dbb700 1 --2- 172.21.15.5:0/2428344055 >> [v2:172.21.15.5:6800/3136682324,v1:172.21.15.5:6801/3136682324] conn(0x7f990c038760 0x7f990c03ac10 unknown :-1 s=CLOSED pgs=0 cs=0 l=1 rev1=0 crypto rx=0 tx=0 comp rx=0 tx=0).stop
2023-07-14T18:00:25.789 INFO:teuthology.orchestra.run.smithi005.stdout:/usr/bin/ceph: stderr
2023-07-14T18:00:25.272+0000 7f9922dbb700 1 -- 172.21.15.5:0/2428344055 >> 172.21.15.5:0/2428344055 conn(0x7f991c100c90 msgr2=0x7f991c1019f0 unknown :-1 s=STATE_NONE l=0).mark_down
2023-07-14T18:00:25.789 INFO:teuthology.orchestra.run.smithi005.stdout:/usr/bin/ceph: stderr
2023-07-14T18:00:25.272+0000 7f9922dbb700 1 -- 172.21.15.5:0/2428344055 shutdown_connections
2023-07-14T18:00:25.789 INFO:teuthology.orchestra.run.smithi005.stdout:/usr/bin/ceph: stderr
2023-07-14T18:00:25.272+0000 7f9922dbb700 1 -- 172.21.15.5:0/2428344055 wait complete.
2023-07-14T18:00:25.789 INFO:teuthology.orchestra.run.smithi005.stdout:mgr epoch 5 is available
2023-07-14T18:00:25.789 INFO:teuthology.orchestra.run.smithi005.stdout:Setting orchestrator backend to cephadm...
2023-07-14T18:00:26.589 INFO:journalctl@ceph.mon.a.smithi005.stdout:Jul 14 18:00:26 smithi005 ceph-mon[126406]: from='client.14122 -' entity='client.admin' cmd=[{"prefix": "get_command_descriptions"}]: dispatch
2023-07-14T18:00:26.589 INFO:journalctl@ceph.mon.a.smithi005.stdout:Jul 14 18:00:26 smithi005 ceph-mon[126406]: from='client.14122 -' entity='client.admin' cmd=[{"prefix": "mgr_status"}]: dispatch
2023-07-14T18:00:26.965 INFO:teuthology.orchestra.run.smithi005.stdout:/usr/bin/ceph: stderr
2023-07-14T18:00:26.303+0000 7fc025fae700 1 Processor -- start
2023-07-14T18:00:26.966 INFO:teuthology.orchestra.run.smithi005.stdout:/usr/bin/ceph: stderr
2023-07-14T18:00:26.303+0000 7fc025fae700 1 -- start start
2023-07-14T18:00:26.966 INFO:teuthology.orchestra.run.smithi005.stdout:/usr/bin/ceph: stderr
2023-07-14T18:00:26.303+0000 7fc025fae700 1 --2- >> [v2:172.21.15.5:3300/0,v1:172.21.15.5:6789/0] conn(0x7fc0201053e0 0x7fc0201057f0 unknown :-1 s=NONE pgs=0 cs=0 l=0 rev1=0 crypto rx=0 tx=0 comp rx=0 tx=0).connect
2023-07-14T18:00:26.966 INFO:teuthology.orchestra.run.smithi005.stdout:/usr/bin/ceph: stderr
2023-07-14T18:00:26.303+0000 7fc025fae700 1 -- --> [v2:172.21.15.5:3300/0,v1:172.21.15.5:6789/0] -- mon_getmap magic: 0 v1 -- 0x7fc020105d30 con 0x7fc0201053e0
2023-07-14T18:00:26.966 INFO:teuthology.orchestra.run.smithi005.stdout:/usr/bin/ceph: stderr
2023-07-14T18:00:26.303+0000 7fc01f7fe700 1 --2- >> [v2:172.21.15.5:3300/0,v1:172.21.15.5:6789/0] conn(0x7fc0201053e0 0x7fc0201057f0 unknown :-1 s=BANNER_CONNECTING pgs=0 cs=0 l=0 rev1=0 crypto rx=0 tx=0 comp rx=0 tx=0)._handle_peer_banner_payload supported=3 required=0
2023-07-14T18:00:26.966 INFO:teuthology.orchestra.run.smithi005.stdout:/usr/bin/ceph: stderr
2023-07-14T18:00:26.303+0000 7fc01f7fe700 1 --2- >> [v2:172.21.15.5:3300/0,v1:172.21.15.5:6789/0] conn(0x7fc0201053e0 0x7fc0201057f0 unknown :-1 s=HELLO_CONNECTING pgs=0 cs=0 l=0 rev1=1 crypto rx=0 tx=0 comp rx=0 tx=0).handle_hello peer v2:172.21.15.5:3300/0 says I am v2:172.21.15.5:44454/0 (socket says 172.21.15.5:44454)
2023-07-14T18:00:26.966 INFO:teuthology.orchestra.run.smithi005.stdout:/usr/bin/ceph: stderr
2023-07-14T18:00:26.303+0000 7fc01f7fe700 1 -- 172.21.15.5:0/613996626 learned_addr learned my addr 172.21.15.5:0/613996626 (peer_addr_for_me v2:172.21.15.5:0/0)
2023-07-14T18:00:26.967 INFO:teuthology.orchestra.run.smithi005.stdout:/usr/bin/ceph: stderr
2023-07-14T18:00:26.304+0000 7fc01f7fe700 1 -- 172.21.15.5:0/613996626 --> [v2:172.21.15.5:3300/0,v1:172.21.15.5:6789/0] -- mon_subscribe({config=0+,monmap=0+}) v3 -- 0x7fc020105e70 con 0x7fc0201053e0
2023-07-14T18:00:26.967 INFO:teuthology.orchestra.run.smithi005.stdout:/usr/bin/ceph: stderr
2023-07-14T18:00:26.304+0000 7fc01f7fe700 1 --2- 172.21.15.5:0/613996626 >> [v2:172.21.15.5:3300/0,v1:172.21.15.5:6789/0] conn(0x7fc0201053e0 0x7fc0201057f0 secure :-1 s=READY pgs=35 cs=0 l=1 rev1=1 crypto rx=0x7fc0100098a0 tx=0x7fc010009bb0 comp rx=0 tx=0).ready entity=mon.0 client_cookie=598fc2b474320824 server_cookie=0 in_seq=0 out_seq=0
2023-07-14T18:00:26.967 INFO:teuthology.orchestra.run.smithi005.stdout:/usr/bin/ceph: stderr
2023-07-14T18:00:26.304+0000 7fc01e7fc700 1 -- 172.21.15.5:0/613996626 <== mon.0 v2:172.21.15.5:3300/0 1 ==== mon_map magic: 0 v1 ==== 205+0+0 (secure 0 0 0) 0x7fc010004160 con 0x7fc0201053e0
2023-07-14T18:00:26.967 INFO:teuthology.orchestra.run.smithi005.stdout:/usr/bin/ceph: stderr
2023-07-14T18:00:26.304+0000 7fc01e7fc700 1 -- 172.21.15.5:0/613996626 <== mon.0 v2:172.21.15.5:3300/0 2 ==== config(26 keys) v1 ==== 1074+0+0 (secure 0 0 0) 0x7fc0100042c0 con 0x7fc0201053e0
2023-07-14T18:00:26.967 INFO:teuthology.orchestra.run.smithi005.stdout:/usr/bin/ceph: stderr
2023-07-14T18:00:26.304+0000 7fc01e7fc700 1 -- 172.21.15.5:0/613996626 <== mon.0 v2:172.21.15.5:3300/0 3 ==== mon_map magic: 0 v1 ==== 205+0+0 (secure 0 0 0) 0x7fc010011a00 con 0x7fc0201053e0
2023-07-14T18:00:26.967 INFO:teuthology.orchestra.run.smithi005.stdout:/usr/bin/ceph: stderr
2023-07-14T18:00:26.305+0000 7fc025fae700 1 -- 172.21.15.5:0/613996626 >> [v2:172.21.15.5:3300/0,v1:172.21.15.5:6789/0] conn(0x7fc0201053e0 msgr2=0x7fc0201057f0 secure :-1 s=STATE_CONNECTION_ESTABLISHED l=1).mark_down
2023-07-14T18:00:26.967 INFO:teuthology.orchestra.run.smithi005.stdout:/usr/bin/ceph: stderr
2023-07-14T18:00:26.305+0000 7fc025fae700 1 --2- 172.21.15.5:0/613996626 >> [v2:172.21.15.5:3300/0,v1:172.21.15.5:6789/0] conn(0x7fc0201053e0 0x7fc0201057f0 secure :-1 s=READY pgs=35 cs=0 l=1 rev1=1 crypto rx=0x7fc0100098a0 tx=0x7fc010009bb0 comp rx=0 tx=0).stop
2023-07-14T18:00:26.968 INFO:teuthology.orchestra.run.smithi005.stdout:/usr/bin/ceph: stderr
2023-07-14T18:00:26.305+0000 7fc025fae700 1 -- 172.21.15.5:0/613996626 shutdown_connections
2023-07-14T18:00:26.968 INFO:teuthology.orchestra.run.smithi005.stdout:/usr/bin/ceph: stderr
2023-07-14T18:00:26.305+0000 7fc025fae700 1 --2- 172.21.15.5:0/613996626 >> [v2:172.21.15.5:3300/0,v1:172.21.15.5:6789/0] conn(0x7fc0201053e0 0x7fc0201057f0 unknown :-1 s=CLOSED pgs=35 cs=0 l=1 rev1=1 crypto rx=0 tx=0 comp rx=0 tx=0).stop
2023-07-14T18:00:26.968 INFO:teuthology.orchestra.run.smithi005.stdout:/usr/bin/ceph: stderr
2023-07-14T18:00:26.305+0000 7fc025fae700 1 -- 172.21.15.5:0/613996626 >> 172.21.15.5:0/613996626 conn(0x7fc020100a50 msgr2=0x7fc020102e60 unknown :-1 s=STATE_NONE l=0).mark_down
2023-07-14T18:00:26.968 INFO:teuthology.orchestra.run.smithi005.stdout:/usr/bin/ceph: stderr
2023-07-14T18:00:26.305+0000 7fc025fae700 1 -- 172.21.15.5:0/613996626 shutdown_connections
2023-07-14T18:00:26.968 INFO:teuthology.orchestra.run.smithi005.stdout:/usr/bin/ceph: stderr
2023-07-14T18:00:26.305+0000 7fc025fae700 1 -- 172.21.15.5:0/613996626 wait complete.
2023-07-14T18:00:26.968 INFO:teuthology.orchestra.run.smithi005.stdout:/usr/bin/ceph: stderr
2023-07-14T18:00:26.306+0000 7fc025fae700 1 Processor -- start
2023-07-14T18:00:26.968 INFO:teuthology.orchestra.run.smithi005.stdout:/usr/bin/ceph: stderr
2023-07-14T18:00:26.306+0000 7fc025fae700 1 -- start start
2023-07-14T18:00:26.969 INFO:teuthology.orchestra.run.smithi005.stdout:/usr/bin/ceph: stderr
2023-07-14T18:00:26.307+0000 7fc025fae700 1 --2- >> [v2:172.21.15.5:3300/0,v1:172.21.15.5:6789/0] conn(0x7fc0201053e0 0x7fc0201990c0 unknown :-1 s=NONE pgs=0 cs=0 l=1 rev1=0 crypto rx=0 tx=0 comp rx=0 tx=0).connect
2023-07-14T18:00:26.969 INFO:teuthology.orchestra.run.smithi005.stdout:/usr/bin/ceph: stderr
2023-07-14T18:00:26.307+0000 7fc025fae700 1 -- --> [v2:172.21.15.5:3300/0,v1:172.21.15.5:6789/0] -- mon_getmap magic: 0 v1 -- 0x7fc020199600 con 0x7fc0201053e0
2023-07-14T18:00:26.969 INFO:teuthology.orchestra.run.smithi005.stdout:/usr/bin/ceph: stderr
2023-07-14T18:00:26.307+0000 7fc01f7fe700 1 --2- >> [v2:172.21.15.5:3300/0,v1:172.21.15.5:6789/0] conn(0x7fc0201053e0 0x7fc0201990c0 unknown :-1 s=BANNER_CONNECTING pgs=0 cs=0 l=1 rev1=0 crypto rx=0 tx=0 comp rx=0 tx=0)._handle_peer_banner_payload supported=3 required=0
2023-07-14T18:00:26.969 INFO:teuthology.orchestra.run.smithi005.stdout:/usr/bin/ceph: stderr
2023-07-14T18:00:26.307+0000 7fc01f7fe700 1 --2- >> [v2:172.21.15.5:3300/0,v1:172.21.15.5:6789/0] conn(0x7fc0201053e0 0x7fc0201990c0 unknown :-1 s=HELLO_CONNECTING pgs=0 cs=0 l=1 rev1=1 crypto rx=0 tx=0 comp rx=0 tx=0).handle_hello peer v2:172.21.15.5:3300/0 says I am v2:172.21.15.5:44462/0 (socket says 172.21.15.5:44462)
2023-07-14T18:00:26.969 INFO:teuthology.orchestra.run.smithi005.stdout:/usr/bin/ceph: stderr
2023-07-14T18:00:26.307+0000 7fc01f7fe700 1 -- 172.21.15.5:0/3419919523 learned_addr learned my addr 172.21.15.5:0/3419919523 (peer_addr_for_me v2:172.21.15.5:0/0)
2023-07-14T18:00:26.969 INFO:teuthology.orchestra.run.smithi005.stdout:/usr/bin/ceph: stderr
2023-07-14T18:00:26.307+0000 7fc01f7fe700 1 -- 172.21.15.5:0/3419919523 --> [v2:172.21.15.5:3300/0,v1:172.21.15.5:6789/0] -- mon_subscribe({config=0+,monmap=0+}) v3 -- 0x7fc010009550 con 0x7fc0201053e0
2023-07-14T18:00:26.969 INFO:teuthology.orchestra.run.smithi005.stdout:/usr/bin/ceph: stderr
2023-07-14T18:00:26.307+0000 7fc01f7fe700 1 --2- 172.21.15.5:0/3419919523 >> [v2:172.21.15.5:3300/0,v1:172.21.15.5:6789/0] conn(0x7fc0201053e0 0x7fc0201990c0 secure :-1 s=READY pgs=36 cs=0 l=1 rev1=1 crypto rx=0x7fc010009fb0 tx=0x7fc010011ad0 comp rx=0 tx=0).ready entity=mon.0 client_cookie=0 server_cookie=0 in_seq=0 out_seq=0
2023-07-14T18:00:26.969 INFO:teuthology.orchestra.run.smithi005.stdout:/usr/bin/ceph: stderr
2023-07-14T18:00:26.308+0000 7fc01cff9700 1 -- 172.21.15.5:0/3419919523 <== mon.0 v2:172.21.15.5:3300/0 1 ==== mon_map magic: 0 v1 ==== 205+0+0 (secure 0 0 0) 0x7fc010003930 con 0x7fc0201053e0
2023-07-14T18:00:26.970 INFO:teuthology.orchestra.run.smithi005.stdout:/usr/bin/ceph: stderr
2023-07-14T18:00:26.308+0000 7fc01cff9700 1 -- 172.21.15.5:0/3419919523 <== mon.0 v2:172.21.15.5:3300/0 2 ==== config(26 keys) v1 ==== 1074+0+0 (secure 0 0 0) 0x7fc010003a90 con 0x7fc0201053e0
2023-07-14T18:00:26.970 INFO:teuthology.orchestra.run.smithi005.stdout:/usr/bin/ceph: stderr
2023-07-14T18:00:26.308+0000 7fc025fae700 1 -- 172.21.15.5:0/3419919523 --> [v2:172.21.15.5:3300/0,v1:172.21.15.5:6789/0] -- mon_subscribe({mgrmap=0+}) v3 -- 0x7fc020199800 con 0x7fc0201053e0
2023-07-14T18:00:26.970 INFO:teuthology.orchestra.run.smithi005.stdout:/usr/bin/ceph: stderr
2023-07-14T18:00:26.308+0000 7fc01cff9700 1 -- 172.21.15.5:0/3419919523 <== mon.0 v2:172.21.15.5:3300/0 3 ==== mon_map magic: 0 v1 ==== 205+0+0 (secure 0 0 0) 0x7fc010019610 con 0x7fc0201053e0
2023-07-14T18:00:26.970 INFO:teuthology.orchestra.run.smithi005.stdout:/usr/bin/ceph: stderr
2023-07-14T18:00:26.308+0000 7fc025fae700 1 -- 172.21.15.5:0/3419919523 --> [v2:172.21.15.5:3300/0,v1:172.21.15.5:6789/0] -- mon_subscribe({osdmap=0}) v3 -- 0x7fc020199c20 con 0x7fc0201053e0
2023-07-14T18:00:26.970 INFO:teuthology.orchestra.run.smithi005.stdout:/usr/bin/ceph: stderr
2023-07-14T18:00:26.309+0000 7fc01cff9700 1 -- 172.21.15.5:0/3419919523 <== mon.0 v2:172.21.15.5:3300/0 4 ==== mgrmap(e 7) v1 ==== 45377+0+0 (secure 0 0 0) 0x7fc01001a430 con 0x7fc0201053e0
2023-07-14T18:00:26.970 INFO:teuthology.orchestra.run.smithi005.stdout:/usr/bin/ceph: stderr
2023-07-14T18:00:26.309+0000 7fc0067fc700 1 -- 172.21.15.5:0/3419919523 --> [v2:172.21.15.5:3300/0,v1:172.21.15.5:6789/0] -- mon_command({"prefix": "get_command_descriptions"} v 0) v1 -- 0x7fc020061c70 con 0x7fc0201053e0
2023-07-14T18:00:26.970 INFO:teuthology.orchestra.run.smithi005.stdout:/usr/bin/ceph: stderr
2023-07-14T18:00:26.309+0000 7fc01cff9700 1 --2- 172.21.15.5:0/3419919523 >> [v2:172.21.15.5:6800/2957530514,v1:172.21.15.5:6801/2957530514] conn(0x7fc0080385f0 0x7fc00803aaa0 unknown :-1 s=NONE pgs=0 cs=0 l=1 rev1=0 crypto rx=0 tx=0 comp rx=0 tx=0).connect
2023-07-14T18:00:26.971 INFO:teuthology.orchestra.run.smithi005.stdout:/usr/bin/ceph: stderr
2023-07-14T18:00:26.310+0000 7fc01cff9700 1 -- 172.21.15.5:0/3419919523 <== mon.0 v2:172.21.15.5:3300/0 5 ==== osd_map(2..2 src has 1..2) v4 ==== 940+0+0 (secure 0 0 0) 0x7fc01004c6b0 con 0x7fc0201053e0
2023-07-14T18:00:26.971 INFO:teuthology.orchestra.run.smithi005.stdout:/usr/bin/ceph: stderr
2023-07-14T18:00:26.310+0000 7fc01effd700 1 --2- 172.21.15.5:0/3419919523 >> [v2:172.21.15.5:6800/2957530514,v1:172.21.15.5:6801/2957530514] conn(0x7fc0080385f0 0x7fc00803aaa0 unknown :-1 s=BANNER_CONNECTING pgs=0 cs=0 l=1 rev1=0 crypto rx=0 tx=0 comp rx=0 tx=0)._handle_peer_banner_payload supported=3 required=0
2023-07-14T18:00:26.971 INFO:teuthology.orchestra.run.smithi005.stdout:/usr/bin/ceph: stderr
2023-07-14T18:00:26.310+0000 7fc01effd700 1 --2- 172.21.15.5:0/3419919523 >> [v2:172.21.15.5:6800/2957530514,v1:172.21.15.5:6801/2957530514] conn(0x7fc0080385f0 0x7fc00803aaa0 secure :-1 s=READY pgs=7 cs=0 l=1 rev1=1 crypto rx=0x7fc014006fd0 tx=0x7fc014006e40 comp rx=0 tx=0).ready entity=mgr.14118 client_cookie=0 server_cookie=0 in_seq=0 out_seq=0
2023-07-14T18:00:26.971 INFO:teuthology.orchestra.run.smithi005.stdout:/usr/bin/ceph: stderr
2023-07-14T18:00:26.315+0000 7fc01cff9700 1 -- 172.21.15.5:0/3419919523 <== mon.0 v2:172.21.15.5:3300/0 6 ==== mon_command_ack([{"prefix": "get_command_descriptions"}]=0 v0) v1 ==== 72+0+178025 (secure 0 0 0) 0x7fc010023b40 con 0x7fc0201053e0
2023-07-14T18:00:26.971 INFO:teuthology.orchestra.run.smithi005.stdout:/usr/bin/ceph: stderr
2023-07-14T18:00:26.317+0000 7fc01cff9700 1 -- 172.21.15.5:0/3419919523 <== mon.0 v2:172.21.15.5:3300/0 7 ==== mgrmap(e 8) v1 ==== 45483+0+0 (secure 0 0 0) 0x7fc010019a10 con 0x7fc0201053e0
2023-07-14T18:00:26.971 INFO:teuthology.orchestra.run.smithi005.stdout:/usr/bin/ceph: stderr
2023-07-14T18:00:26.535+0000 7fc0067fc700 1 -- 172.21.15.5:0/3419919523 --> [v2:172.21.15.5:6800/2957530514,v1:172.21.15.5:6801/2957530514] -- mgr_command(tid 0: {"prefix": "orch set backend", "module_name": "cephadm", "target": ["mon-mgr", ""]}) v1 -- 0x7fc0201072a0 con 0x7fc0080385f0
2023-07-14T18:00:26.971 INFO:teuthology.orchestra.run.smithi005.stdout:/usr/bin/ceph: stderr
2023-07-14T18:00:26.543+0000 7fc01cff9700 1 -- 172.21.15.5:0/3419919523 <== mgr.14118 v2:172.21.15.5:6800/2957530514 1 ==== mgr_command_reply(tid 0: 0 ) v1 ==== 8+0+0 (secure 0 0 0) 0x7fc0201072a0 con 0x7fc0080385f0
2023-07-14T18:00:26.971 INFO:teuthology.orchestra.run.smithi005.stdout:/usr/bin/ceph: stderr
2023-07-14T18:00:26.546+0000 7fc0067fc700 1 -- 172.21.15.5:0/3419919523 >> [v2:172.21.15.5:6800/2957530514,v1:172.21.15.5:6801/2957530514] conn(0x7fc0080385f0 msgr2=0x7fc00803aaa0 secure :-1 s=STATE_CONNECTION_ESTABLISHED l=1).mark_down
2023-07-14T18:00:26.972 INFO:teuthology.orchestra.run.smithi005.stdout:/usr/bin/ceph: stderr
2023-07-14T18:00:26.546+0000 7fc0067fc700 1 --2- 172.21.15.5:0/3419919523 >> [v2:172.21.15.5:6800/2957530514,v1:172.21.15.5:6801/2957530514] conn(0x7fc0080385f0 0x7fc00803aaa0 secure :-1 s=READY pgs=7 cs=0 l=1 rev1=1 crypto rx=0x7fc014006fd0 tx=0x7fc014006e40 comp rx=0 tx=0).stop
2023-07-14T18:00:26.972 INFO:teuthology.orchestra.run.smithi005.stdout:/usr/bin/ceph: stderr
2023-07-14T18:00:26.547+0000 7fc0067fc700 1 -- 172.21.15.5:0/3419919523 >> [v2:172.21.15.5:3300/0,v1:172.21.15.5:6789/0] conn(0x7fc0201053e0 msgr2=0x7fc0201990c0 secure :-1 s=STATE_CONNECTION_ESTABLISHED l=1).mark_down
2023-07-14T18:00:26.972 INFO:teuthology.orchestra.run.smithi005.stdout:/usr/bin/ceph: stderr
2023-07-14T18:00:26.547+0000 7fc0067fc700 1 --2- 172.21.15.5:0/3419919523 >> [v2:172.21.15.5:3300/0,v1:172.21.15.5:6789/0] conn(0x7fc0201053e0 0x7fc0201990c0 secure :-1 s=READY pgs=36 cs=0 l=1 rev1=1 crypto rx=0x7fc010009fb0 tx=0x7fc010011ad0 comp rx=0 tx=0).stop
2023-07-14T18:00:26.972 INFO:teuthology.orchestra.run.smithi005.stdout:/usr/bin/ceph: stderr
2023-07-14T18:00:26.547+0000 7fc0067fc700 1 -- 172.21.15.5:0/3419919523 shutdown_connections
2023-07-14T18:00:26.972 INFO:teuthology.orchestra.run.smithi005.stdout:/usr/bin/ceph: stderr
2023-07-14T18:00:26.547+0000 7fc0067fc700 1 --2- 172.21.15.5:0/3419919523 >> [v2:172.21.15.5:6800/2957530514,v1:172.21.15.5:6801/2957530514] conn(0x7fc0080385f0 0x7fc00803aaa0 unknown :-1 s=CLOSED pgs=7 cs=0 l=1 rev1=1 crypto rx=0 tx=0 comp rx=0 tx=0).stop
2023-07-14T18:00:26.972 INFO:teuthology.orchestra.run.smithi005.stdout:/usr/bin/ceph: stderr
2023-07-14T18:00:26.547+0000 7fc0067fc700 1 --2- 172.21.15.5:0/3419919523 >> [v2:172.21.15.5:3300/0,v1:172.21.15.5:6789/0] conn(0x7fc0201053e0 0x7fc0201990c0 unknown :-1 s=CLOSED pgs=36 cs=0 l=1 rev1=1 crypto rx=0 tx=0 comp rx=0 tx=0).stop
2023-07-14T18:00:26.972 INFO:teuthology.orchestra.run.smithi005.stdout:/usr/bin/ceph: stderr
2023-07-14T18:00:26.547+0000 7fc0067fc700 1 -- 172.21.15.5:0/3419919523 >> 172.21.15.5:0/3419919523 conn(0x7fc020100a50 msgr2=0x7fc0201017c0 unknown :-1 s=STATE_NONE l=0).mark_down
2023-07-14T18:00:26.973 INFO:teuthology.orchestra.run.smithi005.stdout:/usr/bin/ceph: stderr
2023-07-14T18:00:26.547+0000 7fc0067fc700 1 -- 172.21.15.5:0/3419919523 shutdown_connections
2023-07-14T18:00:26.973 INFO:teuthology.orchestra.run.smithi005.stdout:/usr/bin/ceph: stderr
2023-07-14T18:00:26.547+0000 7fc0067fc700 1 -- 172.21.15.5:0/3419919523 wait complete.
2023-07-14T18:00:27.571 INFO:journalctl@ceph.mon.a.smithi005.stdout:Jul 14 18:00:27 smithi005 ceph-mon[126406]: mgrmap e8: x(active, since 2s)
2023-07-14T18:00:27.571 INFO:journalctl@ceph.mon.a.smithi005.stdout:Jul 14 18:00:27 smithi005 ceph-mon[126406]: from='client.14130 -' entity='client.admin' cmd=[{"prefix": "orch set backend", "module_name": "cephadm", "target": ["mon-mgr", ""]}]: dispatch
2023-07-14T18:00:27.571 INFO:journalctl@ceph.mon.a.smithi005.stdout:Jul 14 18:00:27 smithi005 ceph-mon[126406]: from='mgr.14118 172.21.15.5:0/282038977' entity='mgr.x'
2023-07-14T18:00:27.571 INFO:journalctl@ceph.mon.a.smithi005.stdout:Jul 14 18:00:27 smithi005 ceph-mon[126406]: from='mgr.14118 172.21.15.5:0/282038977' entity='mgr.x' cmd=[{"prefix": "config dump", "format": "json"}]: dispatch
2023-07-14T18:00:27.571 INFO:journalctl@ceph.mon.a.smithi005.stdout:Jul 14 18:00:27 smithi005 ceph-mon[126406]: from='mgr.14118 172.21.15.5:0/282038977' entity='mgr.x' cmd=[{"prefix": "config dump", "format": "json"}]: dispatch
2023-07-14T18:00:28.150 INFO:teuthology.orchestra.run.smithi005.stdout:/usr/bin/ceph: stdout value unchanged
2023-07-14T18:00:28.151 INFO:teuthology.orchestra.run.smithi005.stdout:/usr/bin/ceph: stderr
2023-07-14T18:00:27.487+0000 7fab2f610700 1 Processor -- start
2023-07-14T18:00:28.151 INFO:teuthology.orchestra.run.smithi005.stdout:/usr/bin/ceph: stderr
2023-07-14T18:00:27.488+0000 7fab2f610700 1 -- start start
2023-07-14T18:00:28.151 INFO:teuthology.orchestra.run.smithi005.stdout:/usr/bin/ceph: stderr
2023-07-14T18:00:27.488+0000 7fab2f610700 1 --2- >> [v2:172.21.15.5:3300/0,v1:172.21.15.5:6789/0] conn(0x7fab2807be10 0x7fab2807a310 unknown :-1 s=NONE pgs=0 cs=0 l=0 rev1=0 crypto rx=0 tx=0 comp rx=0 tx=0).connect
2023-07-14T18:00:28.151 INFO:teuthology.orchestra.run.smithi005.stdout:/usr/bin/ceph: stderr
2023-07-14T18:00:27.488+0000 7fab2f610700 1 -- --> [v2:172.21.15.5:3300/0,v1:172.21.15.5:6789/0] -- mon_getmap magic: 0 v1 -- 0x7fab2807a850 con 0x7fab2807be10
2023-07-14T18:00:28.151 INFO:teuthology.orchestra.run.smithi005.stdout:/usr/bin/ceph: stderr
2023-07-14T18:00:27.488+0000 7fab2d3ac700 1 --2- >> [v2:172.21.15.5:3300/0,v1:172.21.15.5:6789/0] conn(0x7fab2807be10 0x7fab2807a310 unknown :-1 s=BANNER_CONNECTING pgs=0 cs=0 l=0 rev1=0 crypto rx=0 tx=0 comp rx=0 tx=0)._handle_peer_banner_payload supported=3 required=0
2023-07-14T18:00:28.152 INFO:teuthology.orchestra.run.smithi005.stdout:/usr/bin/ceph: stderr
2023-07-14T18:00:27.488+0000 7fab2d3ac700 1 --2- >> [v2:172.21.15.5:3300/0,v1:172.21.15.5:6789/0] conn(0x7fab2807be10 0x7fab2807a310 unknown :-1 s=HELLO_CONNECTING pgs=0 cs=0 l=0 rev1=1 crypto rx=0 tx=0 comp rx=0 tx=0).handle_hello peer v2:172.21.15.5:3300/0 says I am v2:172.21.15.5:44474/0 (socket says 172.21.15.5:44474)
2023-07-14T18:00:28.152 INFO:teuthology.orchestra.run.smithi005.stdout:/usr/bin/ceph: stderr
2023-07-14T18:00:27.488+0000 7fab2d3ac700 1 -- 172.21.15.5:0/1677324071 learned_addr learned my addr 172.21.15.5:0/1677324071 (peer_addr_for_me v2:172.21.15.5:0/0)
2023-07-14T18:00:28.152 INFO:teuthology.orchestra.run.smithi005.stdout:/usr/bin/ceph: stderr
2023-07-14T18:00:27.489+0000 7fab2d3ac700 1 -- 172.21.15.5:0/1677324071 --> [v2:172.21.15.5:3300/0,v1:172.21.15.5:6789/0] -- mon_subscribe({config=0+,monmap=0+}) v3 -- 0x7fab2807a990 con 0x7fab2807be10
2023-07-14T18:00:28.152 INFO:teuthology.orchestra.run.smithi005.stdout:/usr/bin/ceph: stderr
2023-07-14T18:00:27.489+0000 7fab2d3ac700 1 --2- 172.21.15.5:0/1677324071 >> [v2:172.21.15.5:3300/0,v1:172.21.15.5:6789/0] conn(0x7fab2807be10 0x7fab2807a310 secure :-1 s=READY pgs=37 cs=0 l=1 rev1=1 crypto rx=0x7fab240098a0 tx=0x7fab24009bb0 comp rx=0 tx=0).ready entity=mon.0 client_cookie=b01ae5a0ab4c0f5 server_cookie=0 in_seq=0 out_seq=0
2023-07-14T18:00:28.152 INFO:teuthology.orchestra.run.smithi005.stdout:/usr/bin/ceph: stderr
2023-07-14T18:00:27.489+0000 7fab1ffff700 1 -- 172.21.15.5:0/1677324071 <== mon.0 v2:172.21.15.5:3300/0 1 ==== mon_map magic: 0 v1 ==== 205+0+0 (secure 0 0 0) 0x7fab24004160 con 0x7fab2807be10
2023-07-14T18:00:28.152 INFO:teuthology.orchestra.run.smithi005.stdout:/usr/bin/ceph: stderr
2023-07-14T18:00:27.489+0000 7fab1ffff700 1 -- 172.21.15.5:0/1677324071 <== mon.0 v2:172.21.15.5:3300/0 2 ==== config(26 keys) v1 ==== 1074+0+0 (secure 0 0 0) 0x7fab240042c0 con 0x7fab2807be10
2023-07-14T18:00:28.152 INFO:teuthology.orchestra.run.smithi005.stdout:/usr/bin/ceph: stderr
2023-07-14T18:00:27.489+0000 7fab1ffff700 1 -- 172.21.15.5:0/1677324071 <== mon.0 v2:172.21.15.5:3300/0 3 ==== mon_map magic: 0 v1 ==== 205+0+0 (secure 0 0 0) 0x7fab24011a00 con 0x7fab2807be10
2023-07-14T18:00:28.152 INFO:teuthology.orchestra.run.smithi005.stdout:/usr/bin/ceph: stderr
2023-07-14T18:00:27.490+0000 7fab2f610700 1 -- 172.21.15.5:0/1677324071 >> [v2:172.21.15.5:3300/0,v1:172.21.15.5:6789/0] conn(0x7fab2807be10 msgr2=0x7fab2807a310 secure :-1 s=STATE_CONNECTION_ESTABLISHED l=1).mark_down
2023-07-14T18:00:28.153 INFO:teuthology.orchestra.run.smithi005.stdout:/usr/bin/ceph: stderr
2023-07-14T18:00:27.490+0000 7fab2f610700 1 --2- 172.21.15.5:0/1677324071 >> [v2:172.21.15.5:3300/0,v1:172.21.15.5:6789/0] conn(0x7fab2807be10 0x7fab2807a310 secure :-1 s=READY pgs=37 cs=0 l=1 rev1=1 crypto rx=0x7fab240098a0 tx=0x7fab24009bb0 comp rx=0 tx=0).stop
2023-07-14T18:00:28.153 INFO:teuthology.orchestra.run.smithi005.stdout:/usr/bin/ceph: stderr
2023-07-14T18:00:27.490+0000 7fab2f610700 1 -- 172.21.15.5:0/1677324071 shutdown_connections
2023-07-14T18:00:28.153 INFO:teuthology.orchestra.run.smithi005.stdout:/usr/bin/ceph: stderr
2023-07-14T18:00:27.490+0000 7fab2f610700 1 --2- 172.21.15.5:0/1677324071 >> [v2:172.21.15.5:3300/0,v1:172.21.15.5:6789/0] conn(0x7fab2807be10 0x7fab2807a310 unknown :-1 s=CLOSED pgs=37 cs=0 l=1 rev1=1 crypto rx=0 tx=0 comp rx=0 tx=0).stop
2023-07-14T18:00:28.153 INFO:teuthology.orchestra.run.smithi005.stdout:/usr/bin/ceph: stderr
2023-07-14T18:00:27.490+0000 7fab2f610700 1 -- 172.21.15.5:0/1677324071 >> 172.21.15.5:0/1677324071 conn(0x7fab28100c90 msgr2=0x7fab281030a0 unknown :-1 s=STATE_NONE l=0).mark_down
2023-07-14T18:00:28.153 INFO:teuthology.orchestra.run.smithi005.stdout:/usr/bin/ceph: stderr
2023-07-14T18:00:27.490+0000 7fab2f610700 1 -- 172.21.15.5:0/1677324071 shutdown_connections
2023-07-14T18:00:28.153 INFO:teuthology.orchestra.run.smithi005.stdout:/usr/bin/ceph: stderr
2023-07-14T18:00:27.490+0000 7fab2f610700 1 -- 172.21.15.5:0/1677324071 wait complete.
2023-07-14T18:00:28.153 INFO:teuthology.orchestra.run.smithi005.stdout:/usr/bin/ceph: stderr
2023-07-14T18:00:27.491+0000 7fab2f610700 1 Processor -- start
2023-07-14T18:00:28.154 INFO:teuthology.orchestra.run.smithi005.stdout:/usr/bin/ceph: stderr
2023-07-14T18:00:27.491+0000 7fab2f610700 1 -- start start
2023-07-14T18:00:28.154 INFO:teuthology.orchestra.run.smithi005.stdout:/usr/bin/ceph: stderr
2023-07-14T18:00:27.491+0000 7fab2f610700 1 --2- >> [v2:172.21.15.5:3300/0,v1:172.21.15.5:6789/0] conn(0x7fab2807be10 0x7fab2819b4e0 unknown :-1 s=NONE pgs=0 cs=0 l=1 rev1=0 crypto rx=0 tx=0 comp rx=0 tx=0).connect
2023-07-14T18:00:28.154 INFO:teuthology.orchestra.run.smithi005.stdout:/usr/bin/ceph: stderr
2023-07-14T18:00:27.491+0000 7fab2f610700 1 -- --> [v2:172.21.15.5:3300/0,v1:172.21.15.5:6789/0] -- mon_getmap magic: 0 v1 -- 0x7fab2819ba20 con 0x7fab2807be10
2023-07-14T18:00:28.154 INFO:teuthology.orchestra.run.smithi005.stdout:/usr/bin/ceph: stderr
2023-07-14T18:00:27.492+0000 7fab2d3ac700 1 --2- >> [v2:172.21.15.5:3300/0,v1:172.21.15.5:6789/0] conn(0x7fab2807be10 0x7fab2819b4e0 unknown :-1 s=BANNER_CONNECTING pgs=0 cs=0 l=1 rev1=0 crypto rx=0 tx=0 comp rx=0 tx=0)._handle_peer_banner_payload supported=3 required=0
2023-07-14T18:00:28.154 INFO:teuthology.orchestra.run.smithi005.stdout:/usr/bin/ceph: stderr
2023-07-14T18:00:27.492+0000 7fab2d3ac700 1 --2- >> [v2:172.21.15.5:3300/0,v1:172.21.15.5:6789/0] conn(0x7fab2807be10 0x7fab2819b4e0 unknown :-1 s=HELLO_CONNECTING pgs=0 cs=0 l=1 rev1=1 crypto rx=0 tx=0 comp rx=0 tx=0).handle_hello peer v2:172.21.15.5:3300/0 says I am v2:172.21.15.5:44490/0 (socket says 172.21.15.5:44490)
2023-07-14T18:00:28.154 INFO:teuthology.orchestra.run.smithi005.stdout:/usr/bin/ceph: stderr
2023-07-14T18:00:27.492+0000 7fab2d3ac700 1 -- 172.21.15.5:0/1202794042 learned_addr learned my addr 172.21.15.5:0/1202794042 (peer_addr_for_me v2:172.21.15.5:0/0)
2023-07-14T18:00:28.154 INFO:teuthology.orchestra.run.smithi005.stdout:/usr/bin/ceph: stderr
2023-07-14T18:00:27.492+0000 7fab2d3ac700 1 -- 172.21.15.5:0/1202794042 --> [v2:172.21.15.5:3300/0,v1:172.21.15.5:6789/0] -- mon_subscribe({config=0+,monmap=0+}) v3 -- 0x7fab24009550 con 0x7fab2807be10
2023-07-14T18:00:28.155 INFO:teuthology.orchestra.run.smithi005.stdout:/usr/bin/ceph: stderr
2023-07-14T18:00:27.492+0000 7fab2d3ac700 1 --2- 172.21.15.5:0/1202794042 >> [v2:172.21.15.5:3300/0,v1:172.21.15.5:6789/0] conn(0x7fab2807be10 0x7fab2819b4e0 secure :-1 s=READY pgs=38 cs=0 l=1 rev1=1 crypto rx=0x7fab24006b20 tx=0x7fab24011ad0 comp rx=0 tx=0).ready entity=mon.0 client_cookie=0 server_cookie=0 in_seq=0 out_seq=0
2023-07-14T18:00:28.155 INFO:teuthology.orchestra.run.smithi005.stdout:/usr/bin/ceph: stderr
2023-07-14T18:00:27.492+0000 7fab1e7fc700 1 -- 172.21.15.5:0/1202794042 <== mon.0 v2:172.21.15.5:3300/0 1 ==== mon_map magic: 0 v1 ==== 205+0+0 (secure 0 0 0) 0x7fab24003b70 con 0x7fab2807be10
2023-07-14T18:00:28.155 INFO:teuthology.orchestra.run.smithi005.stdout:/usr/bin/ceph: stderr
2023-07-14T18:00:27.492+0000 7fab1e7fc700 1 -- 172.21.15.5:0/1202794042 <== mon.0 v2:172.21.15.5:3300/0 2 ==== config(26 keys) v1 ==== 1074+0+0 (secure 0 0 0) 0x7fab24003cd0 con 0x7fab2807be10
2023-07-14T18:00:28.155 INFO:teuthology.orchestra.run.smithi005.stdout:/usr/bin/ceph: stderr
2023-07-14T18:00:27.492+0000 7fab2f610700 1 -- 172.21.15.5:0/1202794042 --> [v2:172.21.15.5:3300/0,v1:172.21.15.5:6789/0] -- mon_subscribe({mgrmap=0+}) v3 -- 0x7fab2819bc20 con 0x7fab2807be10
2023-07-14T18:00:28.155 INFO:teuthology.orchestra.run.smithi005.stdout:/usr/bin/ceph: stderr
2023-07-14T18:00:27.492+0000 7fab1e7fc700 1 -- 172.21.15.5:0/1202794042 <== mon.0 v2:172.21.15.5:3300/0 3 ==== mon_map magic: 0 v1 ==== 205+0+0 (secure 0 0 0) 0x7fab240247c0 con 0x7fab2807be10
2023-07-14T18:00:28.155 INFO:teuthology.orchestra.run.smithi005.stdout:/usr/bin/ceph: stderr
2023-07-14T18:00:27.493+0000 7fab2f610700 1 -- 172.21.15.5:0/1202794042 --> [v2:172.21.15.5:3300/0,v1:172.21.15.5:6789/0] -- mon_subscribe({osdmap=0}) v3 -- 0x7fab2819c040 con 0x7fab2807be10
2023-07-14T18:00:28.155 INFO:teuthology.orchestra.run.smithi005.stdout:/usr/bin/ceph: stderr
2023-07-14T18:00:27.494+0000 7fab1e7fc700 1 -- 172.21.15.5:0/1202794042 <== mon.0 v2:172.21.15.5:3300/0 4 ==== mgrmap(e 8) v1 ==== 45483+0+0 (secure 0 0 0) 0x7fab2401a430 con 0x7fab2807be10
2023-07-14T18:00:28.155 INFO:teuthology.orchestra.run.smithi005.stdout:/usr/bin/ceph: stderr
2023-07-14T18:00:27.494+0000 7fab2f610700 1 -- 172.21.15.5:0/1202794042 --> [v2:172.21.15.5:3300/0,v1:172.21.15.5:6789/0] -- mon_command({"prefix": "get_command_descriptions"} v 0) v1 -- 0x7fab28061c70 con 0x7fab2807be10
2023-07-14T18:00:28.156 INFO:teuthology.orchestra.run.smithi005.stdout:/usr/bin/ceph: stderr
2023-07-14T18:00:27.494+0000 7fab1e7fc700 1 --2- 172.21.15.5:0/1202794042 >> [v2:172.21.15.5:6800/2957530514,v1:172.21.15.5:6801/2957530514] conn(0x7fab14038760 0x7fab1403ac10 unknown :-1 s=NONE pgs=0 cs=0 l=1 rev1=0 crypto rx=0 tx=0 comp rx=0 tx=0).connect
2023-07-14T18:00:28.156 INFO:teuthology.orchestra.run.smithi005.stdout:/usr/bin/ceph: stderr
2023-07-14T18:00:27.494+0000 7fab1e7fc700 1 -- 172.21.15.5:0/1202794042 <== mon.0 v2:172.21.15.5:3300/0 5 ==== osd_map(2..2 src has 1..2) v4 ==== 940+0+0 (secure 0 0 0) 0x7fab2404c950 con 0x7fab2807be10
2023-07-14T18:00:28.156 INFO:teuthology.orchestra.run.smithi005.stdout:/usr/bin/ceph: stderr
2023-07-14T18:00:27.494+0000 7fab2cbab700 1 --2- 172.21.15.5:0/1202794042 >> [v2:172.21.15.5:6800/2957530514,v1:172.21.15.5:6801/2957530514] conn(0x7fab14038760 0x7fab1403ac10 unknown :-1 s=BANNER_CONNECTING pgs=0 cs=0 l=1 rev1=0 crypto rx=0 tx=0 comp rx=0 tx=0)._handle_peer_banner_payload supported=3 required=0
2023-07-14T18:00:28.156 INFO:teuthology.orchestra.run.smithi005.stdout:/usr/bin/ceph: stderr
2023-07-14T18:00:27.495+0000 7fab2cbab700 1 --2- 172.21.15.5:0/1202794042 >> [v2:172.21.15.5:6800/2957530514,v1:172.21.15.5:6801/2957530514] conn(0x7fab14038760 0x7fab1403ac10 secure :-1 s=READY pgs=8 cs=0 l=1 rev1=1 crypto rx=0x7fab18006fd0 tx=0x7fab18006e40 comp rx=0 tx=0).ready entity=mgr.14118 client_cookie=0 server_cookie=0 in_seq=0 out_seq=0
2023-07-14T18:00:28.156 INFO:teuthology.orchestra.run.smithi005.stdout:/usr/bin/ceph: stderr
2023-07-14T18:00:27.500+0000 7fab1e7fc700 1 -- 172.21.15.5:0/1202794042 <== mon.0 v2:172.21.15.5:3300/0 6 ==== mon_command_ack([{"prefix": "get_command_descriptions"}]=0 v0) v1 ==== 72+0+178025 (secure 0 0 0) 0x7fab2401a6e0 con 0x7fab2807be10
2023-07-14T18:00:28.156 INFO:teuthology.orchestra.run.smithi005.stdout:/usr/bin/ceph: stderr
2023-07-14T18:00:27.709+0000 7fab2f610700 1 -- 172.21.15.5:0/1202794042 --> [v2:172.21.15.5:6800/2957530514,v1:172.21.15.5:6801/2957530514] -- mgr_command(tid 0: {"prefix": "cephadm set-user", "user": "root", "target": ["mon-mgr", ""]}) v1 -- 0x7fab28102160 con 0x7fab14038760
2023-07-14T18:00:28.156 INFO:teuthology.orchestra.run.smithi005.stdout:/usr/bin/ceph: stderr
2023-07-14T18:00:27.710+0000 7fab1e7fc700 1 -- 172.21.15.5:0/1202794042 <== mgr.14118 v2:172.21.15.5:6800/2957530514 1 ==== mgr_command_reply(tid 0: 0 ) v1 ==== 8+0+16 (secure 0 0 0) 0x7fab28102160 con 0x7fab14038760
2023-07-14T18:00:28.157 INFO:teuthology.orchestra.run.smithi005.stdout:/usr/bin/ceph: stderr
2023-07-14T18:00:27.712+0000 7fab2f610700 1 -- 172.21.15.5:0/1202794042 >> [v2:172.21.15.5:6800/2957530514,v1:172.21.15.5:6801/2957530514] conn(0x7fab14038760 msgr2=0x7fab1403ac10 secure :-1 s=STATE_CONNECTION_ESTABLISHED l=1).mark_down
2023-07-14T18:00:28.157 INFO:teuthology.orchestra.run.smithi005.stdout:/usr/bin/ceph: stderr
2023-07-14T18:00:27.712+0000 7fab2f610700 1 --2- 172.21.15.5:0/1202794042 >> [v2:172.21.15.5:6800/2957530514,v1:172.21.15.5:6801/2957530514] conn(0x7fab14038760 0x7fab1403ac10 secure :-1 s=READY pgs=8 cs=0 l=1 rev1=1 crypto rx=0x7fab18006fd0 tx=0x7fab18006e40 comp rx=0 tx=0).stop
2023-07-14T18:00:28.157 INFO:teuthology.orchestra.run.smithi005.stdout:/usr/bin/ceph: stderr
2023-07-14T18:00:27.712+0000 7fab2f610700 1 -- 172.21.15.5:0/1202794042 >> [v2:172.21.15.5:3300/0,v1:172.21.15.5:6789/0] conn(0x7fab2807be10 msgr2=0x7fab2819b4e0 secure :-1 s=STATE_CONNECTION_ESTABLISHED l=1).mark_down
2023-07-14T18:00:28.157 INFO:teuthology.orchestra.run.smithi005.stdout:/usr/bin/ceph: stderr
2023-07-14T18:00:27.712+0000 7fab2f610700 1 --2- 172.21.15.5:0/1202794042 >> [v2:172.21.15.5:3300/0,v1:172.21.15.5:6789/0] conn(0x7fab2807be10 0x7fab2819b4e0 secure :-1 s=READY pgs=38 cs=0 l=1 rev1=1 crypto rx=0x7fab24006b20 tx=0x7fab24011ad0 comp rx=0 tx=0).stop
2023-07-14T18:00:28.157 INFO:teuthology.orchestra.run.smithi005.stdout:/usr/bin/ceph: stderr
2023-07-14T18:00:27.712+0000 7fab2f610700 1 -- 172.21.15.5:0/1202794042 shutdown_connections
2023-07-14T18:00:28.157 INFO:teuthology.orchestra.run.smithi005.stdout:/usr/bin/ceph: stderr
2023-07-14T18:00:27.712+0000 7fab2f610700 1 --2- 172.21.15.5:0/1202794042 >> [v2:172.21.15.5:6800/2957530514,v1:172.21.15.5:6801/2957530514] conn(0x7fab14038760 0x7fab1403ac10 unknown :-1 s=CLOSED pgs=8 cs=0 l=1 rev1=1 crypto rx=0 tx=0 comp rx=0 tx=0).stop
2023-07-14T18:00:28.157 INFO:teuthology.orchestra.run.smithi005.stdout:/usr/bin/ceph: stderr
2023-07-14T18:00:27.712+0000 7fab2f610700 1 --2- 172.21.15.5:0/1202794042 >> [v2:172.21.15.5:3300/0,v1:172.21.15.5:6789/0] conn(0x7fab2807be10 0x7fab2819b4e0 unknown :-1 s=CLOSED pgs=38 cs=0 l=1 rev1=1 crypto rx=0 tx=0 comp rx=0 tx=0).stop
2023-07-14T18:00:28.157 INFO:teuthology.orchestra.run.smithi005.stdout:/usr/bin/ceph: stderr
2023-07-14T18:00:27.712+0000 7fab2f610700 1 -- 172.21.15.5:0/1202794042 >> 172.21.15.5:0/1202794042 conn(0x7fab28100c90 msgr2=0x7fab28101a50 unknown :-1 s=STATE_NONE l=0).mark_down
2023-07-14T18:00:28.158 INFO:teuthology.orchestra.run.smithi005.stdout:/usr/bin/ceph: stderr
2023-07-14T18:00:27.713+0000 7fab2f610700 1 -- 172.21.15.5:0/1202794042 shutdown_connections
2023-07-14T18:00:28.158 INFO:teuthology.orchestra.run.smithi005.stdout:/usr/bin/ceph: stderr
2023-07-14T18:00:27.713+0000 7fab2f610700 1 -- 172.21.15.5:0/1202794042 wait complete.
2023-07-14T18:00:28.158 INFO:teuthology.orchestra.run.smithi005.stdout:Generating ssh key...
2023-07-14T18:00:28.454 INFO:journalctl@ceph.mon.a.smithi005.stdout:Jul 14 18:00:28 smithi005 ceph-mon[126406]: [14/Jul/2023:18:00:26] ENGINE Bus STARTING
2023-07-14T18:00:28.454 INFO:journalctl@ceph.mon.a.smithi005.stdout:Jul 14 18:00:28 smithi005 ceph-mon[126406]: [14/Jul/2023:18:00:26] ENGINE Serving on https://172.21.15.5:7150
2023-07-14T18:00:28.454 INFO:journalctl@ceph.mon.a.smithi005.stdout:Jul 14 18:00:28 smithi005 ceph-mon[126406]: [14/Jul/2023:18:00:27] ENGINE Serving on http://172.21.15.5:8765
2023-07-14T18:00:28.455 INFO:journalctl@ceph.mon.a.smithi005.stdout:Jul 14 18:00:28 smithi005 ceph-mon[126406]: [14/Jul/2023:18:00:27] ENGINE Bus STARTED
2023-07-14T18:00:29.321 INFO:journalctl@ceph.mgr.x.smithi005.stdout:Jul 14 18:00:29 smithi005 ceph-1f5a8560-2270-11ee-9b33-001a4aab830c-mgr-x[126654]: Generating public/private rsa key pair.
2023-07-14T18:00:29.321 INFO:journalctl@ceph.mgr.x.smithi005.stdout:Jul 14 18:00:29 smithi005 ceph-1f5a8560-2270-11ee-9b33-001a4aab830c-mgr-x[126654]: Your identification has been saved in /tmp/tmpvwukj478/key.
2023-07-14T18:00:29.321 INFO:journalctl@ceph.mgr.x.smithi005.stdout:Jul 14 18:00:29 smithi005 ceph-1f5a8560-2270-11ee-9b33-001a4aab830c-mgr-x[126654]: Your public key has been saved in /tmp/tmpvwukj478/key.pub.
2023-07-14T18:00:29.322 INFO:journalctl@ceph.mgr.x.smithi005.stdout:Jul 14 18:00:29 smithi005 ceph-1f5a8560-2270-11ee-9b33-001a4aab830c-mgr-x[126654]: The key fingerprint is:
2023-07-14T18:00:29.322 INFO:journalctl@ceph.mgr.x.smithi005.stdout:Jul 14 18:00:29 smithi005 ceph-1f5a8560-2270-11ee-9b33-001a4aab830c-mgr-x[126654]: SHA256:sQ+wN8rwjokEdUP8h07mQB4+WXFt4RefcyZHPlDwCkI ceph-1f5a8560-2270-11ee-9b33-001a4aab830c
2023-07-14T18:00:29.322 INFO:journalctl@ceph.mgr.x.smithi005.stdout:Jul 14 18:00:29 smithi005 ceph-1f5a8560-2270-11ee-9b33-001a4aab830c-mgr-x[126654]: The key's randomart image is:
2023-07-14T18:00:29.322 INFO:journalctl@ceph.mgr.x.smithi005.stdout:Jul 14 18:00:29 smithi005 ceph-1f5a8560-2270-11ee-9b33-001a4aab830c-mgr-x[126654]: +---[RSA 3072]----+
2023-07-14T18:00:29.322 INFO:journalctl@ceph.mgr.x.smithi005.stdout:Jul 14 18:00:29 smithi005 ceph-1f5a8560-2270-11ee-9b33-001a4aab830c-mgr-x[126654]: | .. ...E...oo..|
2023-07-14T18:00:29.322 INFO:journalctl@ceph.mgr.x.smithi005.stdout:Jul 14 18:00:29 smithi005 ceph-1f5a8560-2270-11ee-9b33-001a4aab830c-mgr-x[126654]: | .+ ....o oo+ |
2023-07-14T18:00:29.322 INFO:journalctl@ceph.mgr.x.smithi005.stdout:Jul 14 18:00:29 smithi005 ceph-1f5a8560-2270-11ee-9b33-001a4aab830c-mgr-x[126654]: | .+o=...o... =o=|
2023-07-14T18:00:29.323 INFO:journalctl@ceph.mgr.x.smithi005.stdout:Jul 14 18:00:29 smithi005 ceph-1f5a8560-2270-11ee-9b33-001a4aab830c-mgr-x[126654]: | . .*.=o.o... .*.|
2023-07-14T18:00:29.323 INFO:journalctl@ceph.mgr.x.smithi005.stdout:Jul 14 18:00:29 smithi005 ceph-1f5a8560-2270-11ee-9b33-001a4aab830c-mgr-x[126654]: |. .B..S . |
2023-07-14T18:00:29.323 INFO:journalctl@ceph.mgr.x.smithi005.stdout:Jul 14 18:00:29 smithi005 ceph-1f5a8560-2270-11ee-9b33-001a4aab830c-mgr-x[126654]: | . +oo + |
2023-07-14T18:00:29.323 INFO:journalctl@ceph.mgr.x.smithi005.stdout:Jul 14 18:00:29 smithi005 ceph-1f5a8560-2270-11ee-9b33-001a4aab830c-mgr-x[126654]: | . + . |
2023-07-14T18:00:29.323 INFO:journalctl@ceph.mgr.x.smithi005.stdout:Jul 14 18:00:29 smithi005 ceph-1f5a8560-2270-11ee-9b33-001a4aab830c-mgr-x[126654]: | . . + |
2023-07-14T18:00:29.323 INFO:journalctl@ceph.mgr.x.smithi005.stdout:Jul 14 18:00:29 smithi005 ceph-1f5a8560-2270-11ee-9b33-001a4aab830c-mgr-x[126654]: | . o . |
2023-07-14T18:00:29.323 INFO:journalctl@ceph.mgr.x.smithi005.stdout:Jul 14 18:00:29 smithi005 ceph-1f5a8560-2270-11ee-9b33-001a4aab830c-mgr-x[126654]: +----[SHA256]-----+
2023-07-14T18:00:29.435 INFO:teuthology.orchestra.run.smithi005.stdout:/usr/bin/ceph: stderr
2023-07-14T18:00:28.692+0000 7f41939f0700 1 Processor -- start
2023-07-14T18:00:29.436 INFO:teuthology.orchestra.run.smithi005.stdout:/usr/bin/ceph: stderr
2023-07-14T18:00:28.692+0000 7f41939f0700 1 -- start start
2023-07-14T18:00:29.436 INFO:teuthology.orchestra.run.smithi005.stdout:/usr/bin/ceph: stderr
2023-07-14T18:00:28.692+0000 7f41939f0700 1 --2- >> [v2:172.21.15.5:3300/0,v1:172.21.15.5:6789/0] conn(0x7f418c1055e0 0x7f418c1059f0 unknown :-1 s=NONE pgs=0 cs=0 l=0 rev1=0 crypto rx=0 tx=0 comp rx=0 tx=0).connect
2023-07-14T18:00:29.436 INFO:teuthology.orchestra.run.smithi005.stdout:/usr/bin/ceph: stderr
2023-07-14T18:00:28.692+0000 7f41939f0700 1 -- --> [v2:172.21.15.5:3300/0,v1:172.21.15.5:6789/0] -- mon_getmap magic: 0 v1 -- 0x7f418c105f30 con 0x7f418c1055e0
2023-07-14T18:00:29.436 INFO:teuthology.orchestra.run.smithi005.stdout:/usr/bin/ceph: stderr
2023-07-14T18:00:28.692+0000 7f419178c700 1 --2- >> [v2:172.21.15.5:3300/0,v1:172.21.15.5:6789/0] conn(0x7f418c1055e0 0x7f418c1059f0 unknown :-1 s=BANNER_CONNECTING pgs=0 cs=0 l=0 rev1=0 crypto rx=0 tx=0 comp rx=0 tx=0)._handle_peer_banner_payload supported=3 required=0
2023-07-14T18:00:29.436 INFO:teuthology.orchestra.run.smithi005.stdout:/usr/bin/ceph: stderr
2023-07-14T18:00:28.693+0000 7f419178c700 1 --2- >> [v2:172.21.15.5:3300/0,v1:172.21.15.5:6789/0] conn(0x7f418c1055e0 0x7f418c1059f0 unknown :-1 s=HELLO_CONNECTING pgs=0 cs=0 l=0 rev1=1 crypto rx=0 tx=0 comp rx=0 tx=0).handle_hello peer v2:172.21.15.5:3300/0 says I am v2:172.21.15.5:44498/0 (socket says 172.21.15.5:44498)
2023-07-14T18:00:29.437 INFO:teuthology.orchestra.run.smithi005.stdout:/usr/bin/ceph: stderr
2023-07-14T18:00:28.693+0000 7f419178c700 1 -- 172.21.15.5:0/2653489562 learned_addr learned my addr 172.21.15.5:0/2653489562 (peer_addr_for_me v2:172.21.15.5:0/0)
2023-07-14T18:00:29.437 INFO:teuthology.orchestra.run.smithi005.stdout:/usr/bin/ceph: stderr
2023-07-14T18:00:28.693+0000 7f419178c700 1 -- 172.21.15.5:0/2653489562 --> [v2:172.21.15.5:3300/0,v1:172.21.15.5:6789/0] -- mon_subscribe({config=0+,monmap=0+}) v3 -- 0x7f418c106070 con 0x7f418c1055e0
2023-07-14T18:00:29.437 INFO:teuthology.orchestra.run.smithi005.stdout:/usr/bin/ceph: stderr
2023-07-14T18:00:28.693+0000 7f419178c700 1 --2- 172.21.15.5:0/2653489562 >> [v2:172.21.15.5:3300/0,v1:172.21.15.5:6789/0] conn(0x7f418c1055e0 0x7f418c1059f0 secure :-1 s=READY pgs=39 cs=0 l=1 rev1=1 crypto rx=0x7f41880098a0 tx=0x7f4188009bb0 comp rx=0 tx=0).ready entity=mon.0 client_cookie=6136236d4dc8b077 server_cookie=0 in_seq=0 out_seq=0
2023-07-14T18:00:29.437 INFO:teuthology.orchestra.run.smithi005.stdout:/usr/bin/ceph: stderr
2023-07-14T18:00:28.693+0000 7f4183fff700 1 -- 172.21.15.5:0/2653489562 <== mon.0 v2:172.21.15.5:3300/0 1 ==== mon_map magic: 0 v1 ==== 205+0+0 (secure 0 0 0) 0x7f4188004160 con 0x7f418c1055e0
2023-07-14T18:00:29.437 INFO:teuthology.orchestra.run.smithi005.stdout:/usr/bin/ceph: stderr
2023-07-14T18:00:28.693+0000 7f4183fff700 1 -- 172.21.15.5:0/2653489562 <== mon.0 v2:172.21.15.5:3300/0 2 ==== config(26 keys) v1 ==== 1074+0+0 (secure 0 0 0) 0x7f41880042c0 con 0x7f418c1055e0
