2023-07-14T18:04:03.845 INFO:journalctl@ceph.mgr.x.smithi115.stdout:Jul 14 18:04:03 smithi115 ceph-a39f385c-2270-11ee-9b33-001a4aab830c-mgr-x[127694]:
2023-07-14T18:04:03.555+0000 7f0e96384200 -1 mgr[py] Module orchestrator has missing NOTIFY_TYPES member
2023-07-14T18:04:04.226 INFO:journalctl@ceph.mgr.x.smithi115.stdout:Jul 14 18:04:03 smithi115 ceph-a39f385c-2270-11ee-9b33-001a4aab830c-mgr-x[127694]:
2023-07-14T18:04:03.829+0000 7f0e96384200 -1 mgr[py] Module rgw has missing NOTIFY_TYPES member
2023-07-14T18:04:04.226 INFO:journalctl@ceph.mgr.x.smithi115.stdout:Jul 14 18:04:04 smithi115 ceph-a39f385c-2270-11ee-9b33-001a4aab830c-mgr-x[127694]:
2023-07-14T18:04:04.053+0000 7f0e96384200 -1 mgr[py] Module influx has missing NOTIFY_TYPES member
2023-07-14T18:04:04.483 INFO:journalctl@ceph.mgr.x.smithi115.stdout:Jul 14 18:04:04 smithi115 ceph-a39f385c-2270-11ee-9b33-001a4aab830c-mgr-x[127694]:
2023-07-14T18:04:04.197+0000 7f0e96384200 -1 mgr[py] Module telemetry has missing NOTIFY_TYPES member
2023-07-14T18:04:04.845 INFO:journalctl@ceph.mgr.x.smithi115.stdout:Jul 14 18:04:04 smithi115 ceph-a39f385c-2270-11ee-9b33-001a4aab830c-mgr-x[127694]:
2023-07-14T18:04:04.455+0000 7f0e96384200 -1 mgr[py] Module telegraf has missing NOTIFY_TYPES member
2023-07-14T18:04:05.491 INFO:journalctl@ceph.mgr.x.smithi115.stdout:Jul 14 18:04:05 smithi115 ceph-a39f385c-2270-11ee-9b33-001a4aab830c-mgr-x[127694]:
2023-07-14T18:04:05.147+0000 7f0e96384200 -1 mgr[py] Module balancer has missing NOTIFY_TYPES member
2023-07-14T18:04:05.492 INFO:journalctl@ceph.mgr.x.smithi115.stdout:Jul 14 18:04:05 smithi115 ceph-a39f385c-2270-11ee-9b33-001a4aab830c-mgr-x[127694]:
2023-07-14T18:04:05.276+0000 7f0e96384200 -1 mgr[py] Module diskprediction_local has missing NOTIFY_TYPES member
2023-07-14T18:04:05.816 INFO:journalctl@ceph.mgr.x.smithi115.stdout:Jul 14 18:04:05 smithi115 ceph-a39f385c-2270-11ee-9b33-001a4aab830c-mgr-x[127694]:
2023-07-14T18:04:05.463+0000 7f0e96384200 -1 mgr[py] Module nfs has missing NOTIFY_TYPES member
2023-07-14T18:04:05.817 INFO:journalctl@ceph.mgr.x.smithi115.stdout:Jul 14 18:04:05 smithi115 ceph-a39f385c-2270-11ee-9b33-001a4aab830c-mgr-x[127694]:
2023-07-14T18:04:05.575+0000 7f0e96384200 -1 mgr[py] Module rbd_support has missing NOTIFY_TYPES member
2023-07-14T18:04:06.095 INFO:journalctl@ceph.mgr.x.smithi115.stdout:Jul 14 18:04:05 smithi115 ceph-a39f385c-2270-11ee-9b33-001a4aab830c-mgr-x[127694]:
2023-07-14T18:04:05.789+0000 7f0e96384200 -1 mgr[py] Module volumes has missing NOTIFY_TYPES member
2023-07-14T18:04:07.095 INFO:journalctl@ceph.mgr.x.smithi115.stdout:Jul 14 18:04:06 smithi115 ceph-a39f385c-2270-11ee-9b33-001a4aab830c-mgr-x[127694]:
2023-07-14T18:04:06.633+0000 7f0e96384200 -1 mgr[py] Module pg_autoscaler has missing NOTIFY_TYPES member
2023-07-14T18:04:07.095 INFO:journalctl@ceph.mon.a.smithi115.stdout:Jul 14 18:04:06 smithi115 ceph-mon[127451]: Active manager daemon x restarted
2023-07-14T18:04:07.096 INFO:journalctl@ceph.mon.a.smithi115.stdout:Jul 14 18:04:06 smithi115 ceph-mon[127451]: Activating manager daemon x
2023-07-14T18:04:07.096 INFO:journalctl@ceph.mon.a.smithi115.stdout:Jul 14 18:04:06 smithi115 ceph-mon[127451]: osdmap e2: 0 total, 0 up, 0 in
2023-07-14T18:04:07.096 INFO:journalctl@ceph.mon.a.smithi115.stdout:Jul 14 18:04:06 smithi115 ceph-mon[127451]: mgrmap e6: x(active, starting, since 0.00337065s)
2023-07-14T18:04:07.096 INFO:journalctl@ceph.mon.a.smithi115.stdout:Jul 14 18:04:06 smithi115 ceph-mon[127451]: from='mgr.14118 172.21.15.115:0/1004457596' entity='mgr.x' cmd=[{"prefix": "mon metadata", "id": "a"}]: dispatch
2023-07-14T18:04:07.096 INFO:journalctl@ceph.mon.a.smithi115.stdout:Jul 14 18:04:06 smithi115 ceph-mon[127451]: from='mgr.14118 172.21.15.115:0/1004457596' entity='mgr.x' cmd=[{"prefix": "mgr metadata", "who": "x", "id": "x"}]: dispatch
2023-07-14T18:04:07.097 INFO:journalctl@ceph.mon.a.smithi115.stdout:Jul 14 18:04:06 smithi115 ceph-mon[127451]: from='mgr.14118 172.21.15.115:0/1004457596' entity='mgr.x' cmd=[{"prefix": "mds metadata"}]: dispatch
2023-07-14T18:04:07.097 INFO:journalctl@ceph.mon.a.smithi115.stdout:Jul 14 18:04:06 smithi115 ceph-mon[127451]: from='mgr.14118 172.21.15.115:0/1004457596' entity='mgr.x' cmd=[{"prefix": "osd metadata"}]: dispatch
2023-07-14T18:04:07.097 INFO:journalctl@ceph.mon.a.smithi115.stdout:Jul 14 18:04:06 smithi115 ceph-mon[127451]: from='mgr.14118 172.21.15.115:0/1004457596' entity='mgr.x' cmd=[{"prefix": "mon metadata"}]: dispatch
2023-07-14T18:04:07.097 INFO:journalctl@ceph.mon.a.smithi115.stdout:Jul 14 18:04:06 smithi115 ceph-mon[127451]: Manager daemon x is now available
2023-07-14T18:04:07.097 INFO:journalctl@ceph.mon.a.smithi115.stdout:Jul 14 18:04:06 smithi115 ceph-mon[127451]: from='mgr.14118 172.21.15.115:0/1004457596' entity='mgr.x'
2023-07-14T18:04:07.097 INFO:journalctl@ceph.mon.a.smithi115.stdout:Jul 14 18:04:06 smithi115 ceph-mon[127451]: from='mgr.14118 172.21.15.115:0/1004457596' entity='mgr.x'
2023-07-14T18:04:07.097 INFO:journalctl@ceph.mon.a.smithi115.stdout:Jul 14 18:04:06 smithi115 ceph-mon[127451]: from='mgr.14118 172.21.15.115:0/1004457596' entity='mgr.x' cmd=[{"prefix": "config dump", "format": "json"}]: dispatch
2023-07-14T18:04:07.098 INFO:journalctl@ceph.mon.a.smithi115.stdout:Jul 14 18:04:06 smithi115 ceph-mon[127451]: from='mgr.14118 172.21.15.115:0/1004457596' entity='mgr.x' cmd=[{"prefix": "config dump", "format": "json"}]: dispatch
2023-07-14T18:04:07.098 INFO:journalctl@ceph.mon.a.smithi115.stdout:Jul 14 18:04:06 smithi115 ceph-mon[127451]: from='mgr.14118 172.21.15.115:0/1004457596' entity='mgr.x' cmd=[{"prefix": "config dump", "format": "json"}]: dispatch
2023-07-14T18:04:08.029 INFO:teuthology.orchestra.run.smithi115.stdout:/usr/bin/ceph: stdout {
2023-07-14T18:04:08.029 INFO:teuthology.orchestra.run.smithi115.stdout:/usr/bin/ceph: stdout "mgrmap_epoch": 7,
2023-07-14T18:04:08.029 INFO:teuthology.orchestra.run.smithi115.stdout:/usr/bin/ceph: stdout "initialized": true
2023-07-14T18:04:08.030 INFO:teuthology.orchestra.run.smithi115.stdout:/usr/bin/ceph: stdout }
2023-07-14T18:04:08.030 INFO:teuthology.orchestra.run.smithi115.stdout:/usr/bin/ceph: stderr
2023-07-14T18:04:02.276+0000 7f69469d0700 1 Processor -- start
2023-07-14T18:04:08.030 INFO:teuthology.orchestra.run.smithi115.stdout:/usr/bin/ceph: stderr
2023-07-14T18:04:02.276+0000 7f69469d0700 1 -- start start
2023-07-14T18:04:08.030 INFO:teuthology.orchestra.run.smithi115.stdout:/usr/bin/ceph: stderr
2023-07-14T18:04:02.276+0000 7f69469d0700 1 --2- >> [v2:172.21.15.115:3300/0,v1:172.21.15.115:6789/0] conn(0x7f6940079cd0 0x7f694010a120 unknown :-1 s=NONE pgs=0 cs=0 l=0 rev1=0 crypto rx=0 tx=0 comp rx=0 tx=0).connect
2023-07-14T18:04:08.030 INFO:teuthology.orchestra.run.smithi115.stdout:/usr/bin/ceph: stderr
2023-07-14T18:04:02.276+0000 7f69469d0700 1 -- --> [v2:172.21.15.115:3300/0,v1:172.21.15.115:6789/0] -- mon_getmap magic: 0 v1 -- 0x7f6940105b10 con 0x7f6940079cd0
2023-07-14T18:04:08.030 INFO:teuthology.orchestra.run.smithi115.stdout:/usr/bin/ceph: stderr
2023-07-14T18:04:02.276+0000 7f693ffff700 1 --2- >> [v2:172.21.15.115:3300/0,v1:172.21.15.115:6789/0] conn(0x7f6940079cd0 0x7f694010a120 unknown :-1 s=BANNER_CONNECTING pgs=0 cs=0 l=0 rev1=0 crypto rx=0 tx=0 comp rx=0 tx=0)._handle_peer_banner_payload supported=3 required=0
2023-07-14T18:04:08.030 INFO:teuthology.orchestra.run.smithi115.stdout:/usr/bin/ceph: stderr
2023-07-14T18:04:02.276+0000 7f693ffff700 1 --2- >> [v2:172.21.15.115:3300/0,v1:172.21.15.115:6789/0] conn(0x7f6940079cd0 0x7f694010a120 unknown :-1 s=HELLO_CONNECTING pgs=0 cs=0 l=0 rev1=1 crypto rx=0 tx=0 comp rx=0 tx=0).handle_hello peer v2:172.21.15.115:3300/0 says I am v2:172.21.15.115:51304/0 (socket says 172.21.15.115:51304)
2023-07-14T18:04:08.031 INFO:teuthology.orchestra.run.smithi115.stdout:/usr/bin/ceph: stderr
2023-07-14T18:04:02.276+0000 7f693ffff700 1 -- 172.21.15.115:0/1144529295 learned_addr learned my addr 172.21.15.115:0/1144529295 (peer_addr_for_me v2:172.21.15.115:0/0)
2023-07-14T18:04:08.031 INFO:teuthology.orchestra.run.smithi115.stdout:/usr/bin/ceph: stderr
2023-07-14T18:04:02.276+0000 7f693ffff700 1 -- 172.21.15.115:0/1144529295 --> [v2:172.21.15.115:3300/0,v1:172.21.15.115:6789/0] -- mon_subscribe({config=0+,monmap=0+}) v3 -- 0x7f694010a660 con 0x7f6940079cd0
2023-07-14T18:04:08.031 INFO:teuthology.orchestra.run.smithi115.stdout:/usr/bin/ceph: stderr
2023-07-14T18:04:02.276+0000 7f693ffff700 1 --2- 172.21.15.115:0/1144529295 >> [v2:172.21.15.115:3300/0,v1:172.21.15.115:6789/0] conn(0x7f6940079cd0 0x7f694010a120 secure :-1 s=READY pgs=26 cs=0 l=1 rev1=1 crypto rx=0x7f69300098a0 tx=0x7f6930009bb0 comp rx=0 tx=0).ready entity=mon.0 client_cookie=b21bbd23add09aa5 server_cookie=0 in_seq=0 out_seq=0
2023-07-14T18:04:08.031 INFO:teuthology.orchestra.run.smithi115.stdout:/usr/bin/ceph: stderr
2023-07-14T18:04:02.277+0000 7f693effd700 1 -- 172.21.15.115:0/1144529295 <== mon.0 v2:172.21.15.115:3300/0 1 ==== mon_map magic: 0 v1 ==== 205+0+0 (secure 0 0 0) 0x7f6930004160 con 0x7f6940079cd0
2023-07-14T18:04:08.031 INFO:teuthology.orchestra.run.smithi115.stdout:/usr/bin/ceph: stderr
2023-07-14T18:04:02.277+0000 7f693effd700 1 -- 172.21.15.115:0/1144529295 <== mon.0 v2:172.21.15.115:3300/0 2 ==== config(25 keys) v1 ==== 1036+0+0 (secure 0 0 0) 0x7f69300042c0 con 0x7f6940079cd0
2023-07-14T18:04:08.031 INFO:teuthology.orchestra.run.smithi115.stdout:/usr/bin/ceph: stderr
2023-07-14T18:04:02.277+0000 7f693effd700 1 -- 172.21.15.115:0/1144529295 <== mon.0 v2:172.21.15.115:3300/0 3 ==== mon_map magic: 0 v1 ==== 205+0+0 (secure 0 0 0) 0x7f6930011940 con 0x7f6940079cd0
2023-07-14T18:04:08.032 INFO:teuthology.orchestra.run.smithi115.stdout:/usr/bin/ceph: stderr
2023-07-14T18:04:02.277+0000 7f69469d0700 1 -- 172.21.15.115:0/1144529295 >> [v2:172.21.15.115:3300/0,v1:172.21.15.115:6789/0] conn(0x7f6940079cd0 msgr2=0x7f694010a120 secure :-1 s=STATE_CONNECTION_ESTABLISHED l=1).mark_down
2023-07-14T18:04:08.032 INFO:teuthology.orchestra.run.smithi115.stdout:/usr/bin/ceph: stderr
2023-07-14T18:04:02.277+0000 7f69469d0700 1 --2- 172.21.15.115:0/1144529295 >> [v2:172.21.15.115:3300/0,v1:172.21.15.115:6789/0] conn(0x7f6940079cd0 0x7f694010a120 secure :-1 s=READY pgs=26 cs=0 l=1 rev1=1 crypto rx=0x7f69300098a0 tx=0x7f6930009bb0 comp rx=0 tx=0).stop
2023-07-14T18:04:08.032 INFO:teuthology.orchestra.run.smithi115.stdout:/usr/bin/ceph: stderr
2023-07-14T18:04:02.277+0000 7f69469d0700 1 -- 172.21.15.115:0/1144529295 shutdown_connections
2023-07-14T18:04:08.032 INFO:teuthology.orchestra.run.smithi115.stdout:/usr/bin/ceph: stderr
2023-07-14T18:04:02.277+0000 7f69469d0700 1 --2- 172.21.15.115:0/1144529295 >> [v2:172.21.15.115:3300/0,v1:172.21.15.115:6789/0] conn(0x7f6940079cd0 0x7f694010a120 unknown :-1 s=CLOSED pgs=26 cs=0 l=1 rev1=1 crypto rx=0 tx=0 comp rx=0 tx=0).stop
2023-07-14T18:04:08.032 INFO:teuthology.orchestra.run.smithi115.stdout:/usr/bin/ceph: stderr
2023-07-14T18:04:02.277+0000 7f69469d0700 1 -- 172.21.15.115:0/1144529295 >> 172.21.15.115:0/1144529295 conn(0x7f69400ff710 msgr2=0x7f6940101b20 unknown :-1 s=STATE_NONE l=0).mark_down
2023-07-14T18:04:08.032 INFO:teuthology.orchestra.run.smithi115.stdout:/usr/bin/ceph: stderr
2023-07-14T18:04:02.277+0000 7f69469d0700 1 -- 172.21.15.115:0/1144529295 shutdown_connections
2023-07-14T18:04:08.032 INFO:teuthology.orchestra.run.smithi115.stdout:/usr/bin/ceph: stderr
2023-07-14T18:04:02.277+0000 7f69469d0700 1 -- 172.21.15.115:0/1144529295 wait complete.
2023-07-14T18:04:08.033 INFO:teuthology.orchestra.run.smithi115.stdout:/usr/bin/ceph: stderr
2023-07-14T18:04:02.278+0000 7f69469d0700 1 Processor -- start
2023-07-14T18:04:08.033 INFO:teuthology.orchestra.run.smithi115.stdout:/usr/bin/ceph: stderr
2023-07-14T18:04:02.278+0000 7f69469d0700 1 -- start start
2023-07-14T18:04:08.033 INFO:teuthology.orchestra.run.smithi115.stdout:/usr/bin/ceph: stderr
2023-07-14T18:04:02.279+0000 7f69469d0700 1 --2- >> [v2:172.21.15.115:3300/0,v1:172.21.15.115:6789/0] conn(0x7f694019af00 0x7f694019b310 unknown :-1 s=NONE pgs=0 cs=0 l=1 rev1=0 crypto rx=0 tx=0 comp rx=0 tx=0).connect
2023-07-14T18:04:08.033 INFO:teuthology.orchestra.run.smithi115.stdout:/usr/bin/ceph: stderr
2023-07-14T18:04:02.279+0000 7f69469d0700 1 -- --> [v2:172.21.15.115:3300/0,v1:172.21.15.115:6789/0] -- mon_getmap magic: 0 v1 -- 0x7f694019b850 con 0x7f694019af00
2023-07-14T18:04:08.033 INFO:teuthology.orchestra.run.smithi115.stdout:/usr/bin/ceph: stderr
2023-07-14T18:04:02.279+0000 7f693ffff700 1 --2- >> [v2:172.21.15.115:3300/0,v1:172.21.15.115:6789/0] conn(0x7f694019af00 0x7f694019b310 unknown :-1 s=BANNER_CONNECTING pgs=0 cs=0 l=1 rev1=0 crypto rx=0 tx=0 comp rx=0 tx=0)._handle_peer_banner_payload supported=3 required=0
2023-07-14T18:04:08.033 INFO:teuthology.orchestra.run.smithi115.stdout:/usr/bin/ceph: stderr
2023-07-14T18:04:02.279+0000 7f693ffff700 1 --2- >> [v2:172.21.15.115:3300/0,v1:172.21.15.115:6789/0] conn(0x7f694019af00 0x7f694019b310 unknown :-1 s=HELLO_CONNECTING pgs=0 cs=0 l=1 rev1=1 crypto rx=0 tx=0 comp rx=0 tx=0).handle_hello peer v2:172.21.15.115:3300/0 says I am v2:172.21.15.115:51306/0 (socket says 172.21.15.115:51306)
2023-07-14T18:04:08.033 INFO:teuthology.orchestra.run.smithi115.stdout:/usr/bin/ceph: stderr
2023-07-14T18:04:02.279+0000 7f693ffff700 1 -- 172.21.15.115:0/3003192941 learned_addr learned my addr 172.21.15.115:0/3003192941 (peer_addr_for_me v2:172.21.15.115:0/0)
2023-07-14T18:04:08.034 INFO:teuthology.orchestra.run.smithi115.stdout:/usr/bin/ceph: stderr
2023-07-14T18:04:02.279+0000 7f693ffff700 1 -- 172.21.15.115:0/3003192941 --> [v2:172.21.15.115:3300/0,v1:172.21.15.115:6789/0] -- mon_subscribe({config=0+,monmap=0+}) v3 -- 0x7f6930009550 con 0x7f694019af00
2023-07-14T18:04:08.034 INFO:teuthology.orchestra.run.smithi115.stdout:/usr/bin/ceph: stderr
2023-07-14T18:04:02.279+0000 7f693ffff700 1 --2- 172.21.15.115:0/3003192941 >> [v2:172.21.15.115:3300/0,v1:172.21.15.115:6789/0] conn(0x7f694019af00 0x7f694019b310 secure :-1 s=READY pgs=27 cs=0 l=1 rev1=1 crypto rx=0x7f6930000c00 tx=0x7f6930011e70 comp rx=0 tx=0).ready entity=mon.0 client_cookie=0 server_cookie=0 in_seq=0 out_seq=0
2023-07-14T18:04:08.034 INFO:teuthology.orchestra.run.smithi115.stdout:/usr/bin/ceph: stderr
2023-07-14T18:04:02.279+0000 7f693d7fa700 1 -- 172.21.15.115:0/3003192941 <== mon.0 v2:172.21.15.115:3300/0 1 ==== mon_map magic: 0 v1 ==== 205+0+0 (secure 0 0 0) 0x7f69300036a0 con 0x7f694019af00
2023-07-14T18:04:08.034 INFO:teuthology.orchestra.run.smithi115.stdout:/usr/bin/ceph: stderr
2023-07-14T18:04:02.279+0000 7f693d7fa700 1 -- 172.21.15.115:0/3003192941 <== mon.0 v2:172.21.15.115:3300/0 2 ==== config(25 keys) v1 ==== 1036+0+0 (secure 0 0 0) 0x7f693001b440 con 0x7f694019af00
2023-07-14T18:04:08.034 INFO:teuthology.orchestra.run.smithi115.stdout:/usr/bin/ceph: stderr
2023-07-14T18:04:02.279+0000 7f69469d0700 1 -- 172.21.15.115:0/3003192941 --> [v2:172.21.15.115:3300/0,v1:172.21.15.115:6789/0] -- mon_subscribe({mgrmap=0+}) v3 -- 0x7f694019ba50 con 0x7f694019af00
2023-07-14T18:04:08.034 INFO:teuthology.orchestra.run.smithi115.stdout:/usr/bin/ceph: stderr
2023-07-14T18:04:02.279+0000 7f693d7fa700 1 -- 172.21.15.115:0/3003192941 <== mon.0 v2:172.21.15.115:3300/0 3 ==== mon_map magic: 0 v1 ==== 205+0+0 (secure 0 0 0) 0x7f69300193f0 con 0x7f694019af00
2023-07-14T18:04:08.034 INFO:teuthology.orchestra.run.smithi115.stdout:/usr/bin/ceph: stderr
2023-07-14T18:04:02.279+0000 7f69469d0700 1 -- 172.21.15.115:0/3003192941 --> [v2:172.21.15.115:3300/0,v1:172.21.15.115:6789/0] -- mon_subscribe({osdmap=0}) v3 -- 0x7f694019e6b0 con 0x7f694019af00
2023-07-14T18:04:08.034 INFO:teuthology.orchestra.run.smithi115.stdout:/usr/bin/ceph: stderr
2023-07-14T18:04:02.280+0000 7f693d7fa700 1 -- 172.21.15.115:0/3003192941 <== mon.0 v2:172.21.15.115:3300/0 4 ==== mgrmap(e 5) v1 ==== 45483+0+0 (secure 0 0 0) 0x7f6930019640 con 0x7f694019af00
2023-07-14T18:04:08.035 INFO:teuthology.orchestra.run.smithi115.stdout:/usr/bin/ceph: stderr
2023-07-14T18:04:02.280+0000 7f693d7fa700 1 --2- 172.21.15.115:0/3003192941 >> [v2:172.21.15.115:6800/568655687,v1:172.21.15.115:6801/568655687] conn(0x7f6928038820 0x7f692803acd0 unknown :-1 s=NONE pgs=0 cs=0 l=1 rev1=0 crypto rx=0 tx=0 comp rx=0 tx=0).connect
2023-07-14T18:04:08.035 INFO:teuthology.orchestra.run.smithi115.stdout:/usr/bin/ceph: stderr
2023-07-14T18:04:02.280+0000 7f693d7fa700 1 -- 172.21.15.115:0/3003192941 --> [v2:172.21.15.115:6800/568655687,v1:172.21.15.115:6801/568655687] -- command(tid 0: {"prefix": "get_command_descriptions"}) v1 -- 0x7f692803b3e0 con 0x7f6928038820
2023-07-14T18:04:08.035 INFO:teuthology.orchestra.run.smithi115.stdout:/usr/bin/ceph: stderr
2023-07-14T18:04:02.280+0000 7f693d7fa700 1 -- 172.21.15.115:0/3003192941 <== mon.0 v2:172.21.15.115:3300/0 5 ==== osd_map(1..1 src has 1..1) v4 ==== 725+0+0 (secure 0 0 0) 0x7f693004c5a0 con 0x7f694019af00
2023-07-14T18:04:08.035 INFO:teuthology.orchestra.run.smithi115.stdout:/usr/bin/ceph: stderr
2023-07-14T18:04:02.280+0000 7f693f7fe700 1 -- 172.21.15.115:0/3003192941 >> [v2:172.21.15.115:6800/568655687,v1:172.21.15.115:6801/568655687] conn(0x7f6928038820 msgr2=0x7f692803acd0 unknown :-1 s=STATE_CONNECTING_RE l=1).process reconnect failed to v2:172.21.15.115:6800/568655687
2023-07-14T18:04:08.035 INFO:teuthology.orchestra.run.smithi115.stdout:/usr/bin/ceph: stderr
2023-07-14T18:04:02.280+0000 7f693f7fe700 1 --2- 172.21.15.115:0/3003192941 >> [v2:172.21.15.115:6800/568655687,v1:172.21.15.115:6801/568655687] conn(0x7f6928038820 0x7f692803acd0 unknown :-1 s=START_CONNECT pgs=0 cs=0 l=1 rev1=0 crypto rx=0 tx=0 comp rx=0 tx=0)._fault waiting 0.200000
2023-07-14T18:04:08.035 INFO:teuthology.orchestra.run.smithi115.stdout:/usr/bin/ceph: stderr
2023-07-14T18:04:02.481+0000 7f693f7fe700 1 -- 172.21.15.115:0/3003192941 >> [v2:172.21.15.115:6800/568655687,v1:172.21.15.115:6801/568655687] conn(0x7f6928038820 msgr2=0x7f692803acd0 unknown :-1 s=STATE_CONNECTING_RE l=1).process reconnect failed to v2:172.21.15.115:6800/568655687
2023-07-14T18:04:08.035 INFO:teuthology.orchestra.run.smithi115.stdout:/usr/bin/ceph: stderr
2023-07-14T18:04:02.481+0000 7f693f7fe700 1 --2- 172.21.15.115:0/3003192941 >> [v2:172.21.15.115:6800/568655687,v1:172.21.15.115:6801/568655687] conn(0x7f6928038820 0x7f692803acd0 unknown :-1 s=START_CONNECT pgs=0 cs=0 l=1 rev1=0 crypto rx=0 tx=0 comp rx=0 tx=0)._fault waiting 0.400000
2023-07-14T18:04:08.036 INFO:teuthology.orchestra.run.smithi115.stdout:/usr/bin/ceph: stderr
2023-07-14T18:04:02.882+0000 7f693f7fe700 1 -- 172.21.15.115:0/3003192941 >> [v2:172.21.15.115:6800/568655687,v1:172.21.15.115:6801/568655687] conn(0x7f6928038820 msgr2=0x7f692803acd0 unknown :-1 s=STATE_CONNECTING_RE l=1).process reconnect failed to v2:172.21.15.115:6800/568655687
2023-07-14T18:04:08.036 INFO:teuthology.orchestra.run.smithi115.stdout:/usr/bin/ceph: stderr
2023-07-14T18:04:02.882+0000 7f693f7fe700 1 --2- 172.21.15.115:0/3003192941 >> [v2:172.21.15.115:6800/568655687,v1:172.21.15.115:6801/568655687] conn(0x7f6928038820 0x7f692803acd0 unknown :-1 s=START_CONNECT pgs=0 cs=0 l=1 rev1=0 crypto rx=0 tx=0 comp rx=0 tx=0)._fault waiting 0.800000
2023-07-14T18:04:08.036 INFO:teuthology.orchestra.run.smithi115.stdout:/usr/bin/ceph: stderr
2023-07-14T18:04:03.683+0000 7f693f7fe700 1 -- 172.21.15.115:0/3003192941 >> [v2:172.21.15.115:6800/568655687,v1:172.21.15.115:6801/568655687] conn(0x7f6928038820 msgr2=0x7f692803acd0 unknown :-1 s=STATE_CONNECTING_RE l=1).process reconnect failed to v2:172.21.15.115:6800/568655687
2023-07-14T18:04:08.036 INFO:teuthology.orchestra.run.smithi115.stdout:/usr/bin/ceph: stderr
2023-07-14T18:04:03.683+0000 7f693f7fe700 1 --2- 172.21.15.115:0/3003192941 >> [v2:172.21.15.115:6800/568655687,v1:172.21.15.115:6801/568655687] conn(0x7f6928038820 0x7f692803acd0 unknown :-1 s=START_CONNECT pgs=0 cs=0 l=1 rev1=0 crypto rx=0 tx=0 comp rx=0 tx=0)._fault waiting 1.600000
2023-07-14T18:04:08.036 INFO:teuthology.orchestra.run.smithi115.stdout:/usr/bin/ceph: stderr
2023-07-14T18:04:05.284+0000 7f693f7fe700 1 -- 172.21.15.115:0/3003192941 >> [v2:172.21.15.115:6800/568655687,v1:172.21.15.115:6801/568655687] conn(0x7f6928038820 msgr2=0x7f692803acd0 unknown :-1 s=STATE_CONNECTING_RE l=1).process reconnect failed to v2:172.21.15.115:6800/568655687
2023-07-14T18:04:08.036 INFO:teuthology.orchestra.run.smithi115.stdout:/usr/bin/ceph: stderr
2023-07-14T18:04:05.284+0000 7f693f7fe700 1 --2- 172.21.15.115:0/3003192941 >> [v2:172.21.15.115:6800/568655687,v1:172.21.15.115:6801/568655687] conn(0x7f6928038820 0x7f692803acd0 unknown :-1 s=START_CONNECT pgs=0 cs=0 l=1 rev1=0 crypto rx=0 tx=0 comp rx=0 tx=0)._fault waiting 3.200000
2023-07-14T18:04:08.036 INFO:teuthology.orchestra.run.smithi115.stdout:/usr/bin/ceph: stderr
2023-07-14T18:04:06.649+0000 7f693d7fa700 1 -- 172.21.15.115:0/3003192941 <== mon.0 v2:172.21.15.115:3300/0 6 ==== mgrmap(e 6) v1 ==== 45250+0+0 (secure 0 0 0) 0x7f6930018c70 con 0x7f694019af00
2023-07-14T18:04:08.037 INFO:teuthology.orchestra.run.smithi115.stdout:/usr/bin/ceph: stderr
2023-07-14T18:04:06.649+0000 7f693d7fa700 1 -- 172.21.15.115:0/3003192941 >> [v2:172.21.15.115:6800/568655687,v1:172.21.15.115:6801/568655687] conn(0x7f6928038820 msgr2=0x7f692803acd0 unknown :-1 s=STATE_CONNECTING l=1).mark_down
2023-07-14T18:04:08.037 INFO:teuthology.orchestra.run.smithi115.stdout:/usr/bin/ceph: stderr
2023-07-14T18:04:06.649+0000 7f693d7fa700 1 --2- 172.21.15.115:0/3003192941 >> [v2:172.21.15.115:6800/568655687,v1:172.21.15.115:6801/568655687] conn(0x7f6928038820 0x7f692803acd0 unknown :-1 s=START_CONNECT pgs=0 cs=0 l=1 rev1=0 crypto rx=0 tx=0 comp rx=0 tx=0).stop
2023-07-14T18:04:08.037 INFO:teuthology.orchestra.run.smithi115.stdout:/usr/bin/ceph: stderr
2023-07-14T18:04:07.650+0000 7f693d7fa700 1 -- 172.21.15.115:0/3003192941 <== mon.0 v2:172.21.15.115:3300/0 7 ==== mgrmap(e 7) v1 ==== 45377+0+0 (secure 0 0 0) 0x7f693004de70 con 0x7f694019af00
2023-07-14T18:04:08.037 INFO:teuthology.orchestra.run.smithi115.stdout:/usr/bin/ceph: stderr
2023-07-14T18:04:07.650+0000 7f693d7fa700 1 --2- 172.21.15.115:0/3003192941 >> [v2:172.21.15.115:6800/2169355495,v1:172.21.15.115:6801/2169355495] conn(0x7f692803bfb0 0x7f692803e390 unknown :-1 s=NONE pgs=0 cs=0 l=1 rev1=0 crypto rx=0 tx=0 comp rx=0 tx=0).connect
2023-07-14T18:04:08.037 INFO:teuthology.orchestra.run.smithi115.stdout:/usr/bin/ceph: stderr
2023-07-14T18:04:07.650+0000 7f693d7fa700 1 -- 172.21.15.115:0/3003192941 --> [v2:172.21.15.115:6800/2169355495,v1:172.21.15.115:6801/2169355495] -- command(tid 0: {"prefix": "get_command_descriptions"}) v1 -- 0x7f692803b3e0 con 0x7f692803bfb0
2023-07-14T18:04:08.037 INFO:teuthology.orchestra.run.smithi115.stdout:/usr/bin/ceph: stderr
2023-07-14T18:04:07.651+0000 7f693f7fe700 1 --2- 172.21.15.115:0/3003192941 >> [v2:172.21.15.115:6800/2169355495,v1:172.21.15.115:6801/2169355495] conn(0x7f692803bfb0 0x7f692803e390 unknown :-1 s=BANNER_CONNECTING pgs=0 cs=0 l=1 rev1=0 crypto rx=0 tx=0 comp rx=0 tx=0)._handle_peer_banner_payload supported=3 required=0
2023-07-14T18:04:08.037 INFO:teuthology.orchestra.run.smithi115.stdout:/usr/bin/ceph: stderr
2023-07-14T18:04:07.651+0000 7f693f7fe700 1 --2- 172.21.15.115:0/3003192941 >> [v2:172.21.15.115:6800/2169355495,v1:172.21.15.115:6801/2169355495] conn(0x7f692803bfb0 0x7f692803e390 secure :-1 s=READY pgs=2 cs=0 l=1 rev1=1 crypto rx=0x7f6934003a10 tx=0x7f69340092b0 comp rx=0 tx=0).ready entity=mgr.14118 client_cookie=0 server_cookie=0 in_seq=0 out_seq=0
2023-07-14T18:04:08.037 INFO:teuthology.orchestra.run.smithi115.stdout:/usr/bin/ceph: stderr
2023-07-14T18:04:07.652+0000 7f693d7fa700 1 -- 172.21.15.115:0/3003192941 <== mgr.14118 v2:172.21.15.115:6800/2169355495 1 ==== command_reply(tid 0: 0 ) v1 ==== 8+0+6910 (secure 0 0 0) 0x7f692803b3e0 con 0x7f692803bfb0
2023-07-14T18:04:08.038 INFO:teuthology.orchestra.run.smithi115.stdout:/usr/bin/ceph: stderr
2023-07-14T18:04:07.658+0000 7f69469d0700 1 -- 172.21.15.115:0/3003192941 --> [v2:172.21.15.115:6800/2169355495,v1:172.21.15.115:6801/2169355495] -- command(tid 1: {"prefix": "mgr_status"}) v1 -- 0x7f694019c280 con 0x7f692803bfb0
2023-07-14T18:04:08.038 INFO:teuthology.orchestra.run.smithi115.stdout:/usr/bin/ceph: stderr
2023-07-14T18:04:07.658+0000 7f693d7fa700 1 -- 172.21.15.115:0/3003192941 <== mgr.14118 v2:172.21.15.115:6800/2169355495 2 ==== command_reply(tid 1: 0 ) v1 ==== 8+0+51 (secure 0 0 0) 0x7f694019c280 con 0x7f692803bfb0
2023-07-14T18:04:08.038 INFO:teuthology.orchestra.run.smithi115.stdout:/usr/bin/ceph: stderr
2023-07-14T18:04:07.659+0000 7f69469d0700 1 -- 172.21.15.115:0/3003192941 >> [v2:172.21.15.115:6800/2169355495,v1:172.21.15.115:6801/2169355495] conn(0x7f692803bfb0 msgr2=0x7f692803e390 secure :-1 s=STATE_CONNECTION_ESTABLISHED l=1).mark_down
2023-07-14T18:04:08.038 INFO:teuthology.orchestra.run.smithi115.stdout:/usr/bin/ceph: stderr
2023-07-14T18:04:07.659+0000 7f69469d0700 1 --2- 172.21.15.115:0/3003192941 >> [v2:172.21.15.115:6800/2169355495,v1:172.21.15.115:6801/2169355495] conn(0x7f692803bfb0 0x7f692803e390 secure :-1 s=READY pgs=2 cs=0 l=1 rev1=1 crypto rx=0x7f6934003a10 tx=0x7f69340092b0 comp rx=0 tx=0).stop
2023-07-14T18:04:08.038 INFO:teuthology.orchestra.run.smithi115.stdout:/usr/bin/ceph: stderr
2023-07-14T18:04:07.659+0000 7f69469d0700 1 -- 172.21.15.115:0/3003192941 >> [v2:172.21.15.115:3300/0,v1:172.21.15.115:6789/0] conn(0x7f694019af00 msgr2=0x7f694019b310 secure :-1 s=STATE_CONNECTION_ESTABLISHED l=1).mark_down
2023-07-14T18:04:08.038 INFO:teuthology.orchestra.run.smithi115.stdout:/usr/bin/ceph: stderr
2023-07-14T18:04:07.659+0000 7f69469d0700 1 --2- 172.21.15.115:0/3003192941 >> [v2:172.21.15.115:3300/0,v1:172.21.15.115:6789/0] conn(0x7f694019af00 0x7f694019b310 secure :-1 s=READY pgs=27 cs=0 l=1 rev1=1 crypto rx=0x7f6930000c00 tx=0x7f6930011e70 comp rx=0 tx=0).stop
2023-07-14T18:04:08.038 INFO:teuthology.orchestra.run.smithi115.stdout:/usr/bin/ceph: stderr
2023-07-14T18:04:07.659+0000 7f69469d0700 1 -- 172.21.15.115:0/3003192941 shutdown_connections
2023-07-14T18:04:08.039 INFO:teuthology.orchestra.run.smithi115.stdout:/usr/bin/ceph: stderr
2023-07-14T18:04:07.659+0000 7f69469d0700 1 --2- 172.21.15.115:0/3003192941 >> [v2:172.21.15.115:6800/2169355495,v1:172.21.15.115:6801/2169355495] conn(0x7f692803bfb0 0x7f692803e390 unknown :-1 s=CLOSED pgs=2 cs=0 l=1 rev1=1 crypto rx=0 tx=0 comp rx=0 tx=0).stop
2023-07-14T18:04:08.039 INFO:teuthology.orchestra.run.smithi115.stdout:/usr/bin/ceph: stderr
2023-07-14T18:04:07.659+0000 7f69469d0700 1 --2- 172.21.15.115:0/3003192941 >> [v2:172.21.15.115:3300/0,v1:172.21.15.115:6789/0] conn(0x7f694019af00 0x7f694019b310 unknown :-1 s=CLOSED pgs=27 cs=0 l=1 rev1=1 crypto rx=0 tx=0 comp rx=0 tx=0).stop
2023-07-14T18:04:08.039 INFO:teuthology.orchestra.run.smithi115.stdout:/usr/bin/ceph: stderr
2023-07-14T18:04:07.659+0000 7f69469d0700 1 --2- 172.21.15.115:0/3003192941 >> [v2:172.21.15.115:6800/568655687,v1:172.21.15.115:6801/568655687] conn(0x7f6928038820 0x7f692803acd0 unknown :-1 s=CLOSED pgs=0 cs=0 l=1 rev1=0 crypto rx=0 tx=0 comp rx=0 tx=0).stop
2023-07-14T18:04:08.039 INFO:teuthology.orchestra.run.smithi115.stdout:/usr/bin/ceph: stderr
2023-07-14T18:04:07.659+0000 7f69469d0700 1 -- 172.21.15.115:0/3003192941 >> 172.21.15.115:0/3003192941 conn(0x7f69400ff710 msgr2=0x7f69401003f0 unknown :-1 s=STATE_NONE l=0).mark_down
2023-07-14T18:04:08.039 INFO:teuthology.orchestra.run.smithi115.stdout:/usr/bin/ceph: stderr
2023-07-14T18:04:07.659+0000 7f69469d0700 1 -- 172.21.15.115:0/3003192941 shutdown_connections
2023-07-14T18:04:08.039 INFO:teuthology.orchestra.run.smithi115.stdout:/usr/bin/ceph: stderr
2023-07-14T18:04:07.659+0000 7f69469d0700 1 -- 172.21.15.115:0/3003192941 wait complete.
2023-07-14T18:04:08.039 INFO:teuthology.orchestra.run.smithi115.stdout:mgr epoch 5 is available
2023-07-14T18:04:08.039 INFO:teuthology.orchestra.run.smithi115.stdout:Setting orchestrator backend to cephadm...
2023-07-14T18:04:08.048 INFO:journalctl@ceph.mon.a.smithi115.stdout:Jul 14 18:04:07 smithi115 ceph-mon[127451]: Found migration_current of "None". Setting to last migration.
2023-07-14T18:04:08.048 INFO:journalctl@ceph.mon.a.smithi115.stdout:Jul 14 18:04:07 smithi115 ceph-mon[127451]: from='mgr.14118 172.21.15.115:0/1004457596' entity='mgr.x' cmd=[{"prefix":"config rm","who":"mgr","name":"mgr/rbd_support/x/mirror_snapshot_schedule"}]: dispatch
2023-07-14T18:04:08.049 INFO:journalctl@ceph.mon.a.smithi115.stdout:Jul 14 18:04:07 smithi115 ceph-mon[127451]: from='mgr.14118 172.21.15.115:0/1004457596' entity='mgr.x' cmd=[{"prefix":"config rm","who":"mgr","name":"mgr/rbd_support/x/trash_purge_schedule"}]: dispatch
2023-07-14T18:04:08.049 INFO:journalctl@ceph.mon.a.smithi115.stdout:Jul 14 18:04:07 smithi115 ceph-mon[127451]: mgrmap e7: x(active, since 1.00534s)
2023-07-14T18:04:09.095 INFO:journalctl@ceph.mon.a.smithi115.stdout:Jul 14 18:04:08 smithi115 ceph-mon[127451]: from='client.14122 -' entity='client.admin' cmd=[{"prefix": "get_command_descriptions"}]: dispatch
2023-07-14T18:04:09.095 INFO:journalctl@ceph.mon.a.smithi115.stdout:Jul 14 18:04:08 smithi115 ceph-mon[127451]: from='client.14122 -' entity='client.admin' cmd=[{"prefix": "mgr_status"}]: dispatch
2023-07-14T18:04:09.095 INFO:journalctl@ceph.mon.a.smithi115.stdout:Jul 14 18:04:08 smithi115 ceph-mon[127451]: from='mgr.14118 172.21.15.115:0/1004457596' entity='mgr.x'
2023-07-14T18:04:09.095 INFO:journalctl@ceph.mon.a.smithi115.stdout:Jul 14 18:04:08 smithi115 ceph-mon[127451]: from='mgr.14118 172.21.15.115:0/1004457596' entity='mgr.x'
2023-07-14T18:04:09.096 INFO:journalctl@ceph.mon.a.smithi115.stdout:Jul 14 18:04:08 smithi115 ceph-mon[127451]: from='mgr.14118 172.21.15.115:0/1004457596' entity='mgr.x' cmd=[{"prefix": "config dump", "format": "json"}]: dispatch
2023-07-14T18:04:09.175 INFO:teuthology.orchestra.run.smithi115.stdout:/usr/bin/ceph: stderr
2023-07-14T18:04:08.509+0000 7f46ceab7700 1 Processor -- start
2023-07-14T18:04:09.175 INFO:teuthology.orchestra.run.smithi115.stdout:/usr/bin/ceph: stderr
2023-07-14T18:04:08.509+0000 7f46ceab7700 1 -- start start
2023-07-14T18:04:09.176 INFO:teuthology.orchestra.run.smithi115.stdout:/usr/bin/ceph: stderr
2023-07-14T18:04:08.509+0000 7f46ceab7700 1 --2- >> [v2:172.21.15.115:3300/0,v1:172.21.15.115:6789/0] conn(0x7f46c8079cb0 0x7f46c8107d30 unknown :-1 s=NONE pgs=0 cs=0 l=0 rev1=0 crypto rx=0 tx=0 comp rx=0 tx=0).connect
2023-07-14T18:04:09.176 INFO:teuthology.orchestra.run.smithi115.stdout:/usr/bin/ceph: stderr
2023-07-14T18:04:08.509+0000 7f46ceab7700 1 -- --> [v2:172.21.15.115:3300/0,v1:172.21.15.115:6789/0] -- mon_getmap magic: 0 v1 -- 0x7f46c8108270 con 0x7f46c8079cb0
2023-07-14T18:04:09.176 INFO:teuthology.orchestra.run.smithi115.stdout:/usr/bin/ceph: stderr
2023-07-14T18:04:08.509+0000 7f46cc853700 1 --2- >> [v2:172.21.15.115:3300/0,v1:172.21.15.115:6789/0] conn(0x7f46c8079cb0 0x7f46c8107d30 unknown :-1 s=BANNER_CONNECTING pgs=0 cs=0 l=0 rev1=0 crypto rx=0 tx=0 comp rx=0 tx=0)._handle_peer_banner_payload supported=3 required=0
2023-07-14T18:04:09.176 INFO:teuthology.orchestra.run.smithi115.stdout:/usr/bin/ceph: stderr
2023-07-14T18:04:08.509+0000 7f46cc853700 1 --2- >> [v2:172.21.15.115:3300/0,v1:172.21.15.115:6789/0] conn(0x7f46c8079cb0 0x7f46c8107d30 unknown :-1 s=HELLO_CONNECTING pgs=0 cs=0 l=0 rev1=1 crypto rx=0 tx=0 comp rx=0 tx=0).handle_hello peer v2:172.21.15.115:3300/0 says I am v2:172.21.15.115:51356/0 (socket says 172.21.15.115:51356)
2023-07-14T18:04:09.176 INFO:teuthology.orchestra.run.smithi115.stdout:/usr/bin/ceph: stderr
2023-07-14T18:04:08.509+0000 7f46cc853700 1 -- 172.21.15.115:0/216319683 learned_addr learned my addr 172.21.15.115:0/216319683 (peer_addr_for_me v2:172.21.15.115:0/0)
2023-07-14T18:04:09.176 INFO:teuthology.orchestra.run.smithi115.stdout:/usr/bin/ceph: stderr
2023-07-14T18:04:08.509+0000 7f46cc853700 1 -- 172.21.15.115:0/216319683 --> [v2:172.21.15.115:3300/0,v1:172.21.15.115:6789/0] -- mon_subscribe({config=0+,monmap=0+}) v3 -- 0x7f46c81083b0 con 0x7f46c8079cb0
2023-07-14T18:04:09.176 INFO:teuthology.orchestra.run.smithi115.stdout:/usr/bin/ceph: stderr
2023-07-14T18:04:08.509+0000 7f46cc853700 1 --2- 172.21.15.115:0/216319683 >> [v2:172.21.15.115:3300/0,v1:172.21.15.115:6789/0] conn(0x7f46c8079cb0 0x7f46c8107d30 secure :-1 s=READY pgs=35 cs=0 l=1 rev1=1 crypto rx=0x7f46bc0098a0 tx=0x7f46bc009bb0 comp rx=0 tx=0).ready entity=mon.0 client_cookie=a87a5f4fd227f57c server_cookie=0 in_seq=0 out_seq=0
2023-07-14T18:04:09.177 INFO:teuthology.orchestra.run.smithi115.stdout:/usr/bin/ceph: stderr
2023-07-14T18:04:08.510+0000 7f46c77fe700 1 -- 172.21.15.115:0/216319683 <== mon.0 v2:172.21.15.115:3300/0 1 ==== mon_map magic: 0 v1 ==== 205+0+0 (secure 0 0 0) 0x7f46bc004160 con 0x7f46c8079cb0
2023-07-14T18:04:09.177 INFO:teuthology.orchestra.run.smithi115.stdout:/usr/bin/ceph: stderr
2023-07-14T18:04:08.510+0000 7f46c77fe700 1 -- 172.21.15.115:0/216319683 <== mon.0 v2:172.21.15.115:3300/0 2 ==== config(25 keys) v1 ==== 1036+0+0 (secure 0 0 0) 0x7f46bc0042c0 con 0x7f46c8079cb0
2023-07-14T18:04:09.177 INFO:teuthology.orchestra.run.smithi115.stdout:/usr/bin/ceph: stderr
2023-07-14T18:04:08.510+0000 7f46c77fe700 1 -- 172.21.15.115:0/216319683 <== mon.0 v2:172.21.15.115:3300/0 3 ==== mon_map magic: 0 v1 ==== 205+0+0 (secure 0 0 0) 0x7f46bc011940 con 0x7f46c8079cb0
2023-07-14T18:04:09.177 INFO:teuthology.orchestra.run.smithi115.stdout:/usr/bin/ceph: stderr
2023-07-14T18:04:08.510+0000 7f46ceab7700 1 -- 172.21.15.115:0/216319683 >> [v2:172.21.15.115:3300/0,v1:172.21.15.115:6789/0] conn(0x7f46c8079cb0 msgr2=0x7f46c8107d30 secure :-1 s=STATE_CONNECTION_ESTABLISHED l=1).mark_down
2023-07-14T18:04:09.177 INFO:teuthology.orchestra.run.smithi115.stdout:/usr/bin/ceph: stderr
2023-07-14T18:04:08.510+0000 7f46ceab7700 1 --2- 172.21.15.115:0/216319683 >> [v2:172.21.15.115:3300/0,v1:172.21.15.115:6789/0] conn(0x7f46c8079cb0 0x7f46c8107d30 secure :-1 s=READY pgs=35 cs=0 l=1 rev1=1 crypto rx=0x7f46bc0098a0 tx=0x7f46bc009bb0 comp rx=0 tx=0).stop
2023-07-14T18:04:09.177 INFO:teuthology.orchestra.run.smithi115.stdout:/usr/bin/ceph: stderr
2023-07-14T18:04:08.510+0000 7f46ceab7700 1 -- 172.21.15.115:0/216319683 shutdown_connections
2023-07-14T18:04:09.177 INFO:teuthology.orchestra.run.smithi115.stdout:/usr/bin/ceph: stderr
2023-07-14T18:04:08.510+0000 7f46ceab7700 1 --2- 172.21.15.115:0/216319683 >> [v2:172.21.15.115:3300/0,v1:172.21.15.115:6789/0] conn(0x7f46c8079cb0 0x7f46c8107d30 unknown :-1 s=CLOSED pgs=35 cs=0 l=1 rev1=1 crypto rx=0 tx=0 comp rx=0 tx=0).stop
2023-07-14T18:04:09.178 INFO:teuthology.orchestra.run.smithi115.stdout:/usr/bin/ceph: stderr
2023-07-14T18:04:08.510+0000 7f46ceab7700 1 -- 172.21.15.115:0/216319683 >> 172.21.15.115:0/216319683 conn(0x7f46c80ff6e0 msgr2=0x7f46c8101af0 unknown :-1 s=STATE_NONE l=0).mark_down
2023-07-14T18:04:09.178 INFO:teuthology.orchestra.run.smithi115.stdout:/usr/bin/ceph: stderr
2023-07-14T18:04:08.510+0000 7f46ceab7700 1 -- 172.21.15.115:0/216319683 shutdown_connections
2023-07-14T18:04:09.178 INFO:teuthology.orchestra.run.smithi115.stdout:/usr/bin/ceph: stderr
2023-07-14T18:04:08.510+0000 7f46ceab7700 1 -- 172.21.15.115:0/216319683 wait complete.
2023-07-14T18:04:09.178 INFO:teuthology.orchestra.run.smithi115.stdout:/usr/bin/ceph: stderr
2023-07-14T18:04:08.511+0000 7f46ceab7700 1 Processor -- start
2023-07-14T18:04:09.178 INFO:teuthology.orchestra.run.smithi115.stdout:/usr/bin/ceph: stderr
2023-07-14T18:04:08.511+0000 7f46ceab7700 1 -- start start
2023-07-14T18:04:09.178 INFO:teuthology.orchestra.run.smithi115.stdout:/usr/bin/ceph: stderr
2023-07-14T18:04:08.511+0000 7f46ceab7700 1 --2- >> [v2:172.21.15.115:3300/0,v1:172.21.15.115:6789/0] conn(0x7f46c8079cb0 0x7f46c8198d00 unknown :-1 s=NONE pgs=0 cs=0 l=1 rev1=0 crypto rx=0 tx=0 comp rx=0 tx=0).connect
2023-07-14T18:04:09.178 INFO:teuthology.orchestra.run.smithi115.stdout:/usr/bin/ceph: stderr
2023-07-14T18:04:08.511+0000 7f46ceab7700 1 -- --> [v2:172.21.15.115:3300/0,v1:172.21.15.115:6789/0] -- mon_getmap magic: 0 v1 -- 0x7f46c8199240 con 0x7f46c8079cb0
2023-07-14T18:04:09.178 INFO:teuthology.orchestra.run.smithi115.stdout:/usr/bin/ceph: stderr
2023-07-14T18:04:08.511+0000 7f46cc853700 1 --2- >> [v2:172.21.15.115:3300/0,v1:172.21.15.115:6789/0] conn(0x7f46c8079cb0 0x7f46c8198d00 unknown :-1 s=BANNER_CONNECTING pgs=0 cs=0 l=1 rev1=0 crypto rx=0 tx=0 comp rx=0 tx=0)._handle_peer_banner_payload supported=3 required=0
2023-07-14T18:04:09.179 INFO:teuthology.orchestra.run.smithi115.stdout:/usr/bin/ceph: stderr
2023-07-14T18:04:08.511+0000 7f46cc853700 1 --2- >> [v2:172.21.15.115:3300/0,v1:172.21.15.115:6789/0] conn(0x7f46c8079cb0 0x7f46c8198d00 unknown :-1 s=HELLO_CONNECTING pgs=0 cs=0 l=1 rev1=1 crypto rx=0 tx=0 comp rx=0 tx=0).handle_hello peer v2:172.21.15.115:3300/0 says I am v2:172.21.15.115:51358/0 (socket says 172.21.15.115:51358)
2023-07-14T18:04:09.179 INFO:teuthology.orchestra.run.smithi115.stdout:/usr/bin/ceph: stderr
2023-07-14T18:04:08.511+0000 7f46cc853700 1 -- 172.21.15.115:0/3084350491 learned_addr learned my addr 172.21.15.115:0/3084350491 (peer_addr_for_me v2:172.21.15.115:0/0)
2023-07-14T18:04:09.179 INFO:teuthology.orchestra.run.smithi115.stdout:/usr/bin/ceph: stderr
2023-07-14T18:04:08.511+0000 7f46cc853700 1 -- 172.21.15.115:0/3084350491 --> [v2:172.21.15.115:3300/0,v1:172.21.15.115:6789/0] -- mon_subscribe({config=0+,monmap=0+}) v3 -- 0x7f46bc009550 con 0x7f46c8079cb0
2023-07-14T18:04:09.179 INFO:teuthology.orchestra.run.smithi115.stdout:/usr/bin/ceph: stderr
2023-07-14T18:04:08.511+0000 7f46cc853700 1 --2- 172.21.15.115:0/3084350491 >> [v2:172.21.15.115:3300/0,v1:172.21.15.115:6789/0] conn(0x7f46c8079cb0 0x7f46c8198d00 secure :-1 s=READY pgs=36 cs=0 l=1 rev1=1 crypto rx=0x7f46bc006af0 tx=0x7f46bc011a30 comp rx=0 tx=0).ready entity=mon.0 client_cookie=0 server_cookie=0 in_seq=0 out_seq=0
2023-07-14T18:04:09.179 INFO:teuthology.orchestra.run.smithi115.stdout:/usr/bin/ceph: stderr
2023-07-14T18:04:08.512+0000 7f46c5ffb700 1 -- 172.21.15.115:0/3084350491 <== mon.0 v2:172.21.15.115:3300/0 1 ==== mon_map magic: 0 v1 ==== 205+0+0 (secure 0 0 0) 0x7f46bc003c30 con 0x7f46c8079cb0
2023-07-14T18:04:09.179 INFO:teuthology.orchestra.run.smithi115.stdout:/usr/bin/ceph: stderr
2023-07-14T18:04:08.512+0000 7f46c5ffb700 1 -- 172.21.15.115:0/3084350491 <== mon.0 v2:172.21.15.115:3300/0 2 ==== config(25 keys) v1 ==== 1036+0+0 (secure 0 0 0) 0x7f46bc01b8b0 con 0x7f46c8079cb0
2023-07-14T18:04:09.179 INFO:teuthology.orchestra.run.smithi115.stdout:/usr/bin/ceph: stderr
2023-07-14T18:04:08.512+0000 7f46ceab7700 1 -- 172.21.15.115:0/3084350491 --> [v2:172.21.15.115:3300/0,v1:172.21.15.115:6789/0] -- mon_subscribe({mgrmap=0+}) v3 -- 0x7f46c8199440 con 0x7f46c8079cb0
2023-07-14T18:04:09.179 INFO:teuthology.orchestra.run.smithi115.stdout:/usr/bin/ceph: stderr
2023-07-14T18:04:08.512+0000 7f46c5ffb700 1 -- 172.21.15.115:0/3084350491 <== mon.0 v2:172.21.15.115:3300/0 3 ==== mon_map magic: 0 v1 ==== 205+0+0 (secure 0 0 0) 0x7f46bc0237d0 con 0x7f46c8079cb0
2023-07-14T18:04:09.180 INFO:teuthology.orchestra.run.smithi115.stdout:/usr/bin/ceph: stderr
2023-07-14T18:04:08.512+0000 7f46ceab7700 1 -- 172.21.15.115:0/3084350491 --> [v2:172.21.15.115:3300/0,v1:172.21.15.115:6789/0] -- mon_subscribe({osdmap=0}) v3 -- 0x7f46c8199860 con 0x7f46c8079cb0
2023-07-14T18:04:09.180 INFO:teuthology.orchestra.run.smithi115.stdout:/usr/bin/ceph: stderr
2023-07-14T18:04:08.513+0000 7f46c5ffb700 1 -- 172.21.15.115:0/3084350491 <== mon.0 v2:172.21.15.115:3300/0 4 ==== mgrmap(e 7) v1 ==== 45377+0+0 (secure 0 0 0) 0x7f46bc023a40 con 0x7f46c8079cb0
2023-07-14T18:04:09.180 INFO:teuthology.orchestra.run.smithi115.stdout:/usr/bin/ceph: stderr
2023-07-14T18:04:08.513+0000 7f46ceab7700 1 -- 172.21.15.115:0/3084350491 --> [v2:172.21.15.115:3300/0,v1:172.21.15.115:6789/0] -- mon_command({"prefix": "get_command_descriptions"} v 0) v1 -- 0x7f46c8061c70 con 0x7f46c8079cb0
2023-07-14T18:04:09.180 INFO:teuthology.orchestra.run.smithi115.stdout:/usr/bin/ceph: stderr
2023-07-14T18:04:08.513+0000 7f46c5ffb700 1 --2- 172.21.15.115:0/3084350491 >> [v2:172.21.15.115:6800/2169355495,v1:172.21.15.115:6801/2169355495] conn(0x7f46b80386b0 0x7f46b803ab60 unknown :-1 s=NONE pgs=0 cs=0 l=1 rev1=0 crypto rx=0 tx=0 comp rx=0 tx=0).connect
2023-07-14T18:04:09.180 INFO:teuthology.orchestra.run.smithi115.stdout:/usr/bin/ceph: stderr
2023-07-14T18:04:08.513+0000 7f46c5ffb700 1 -- 172.21.15.115:0/3084350491 <== mon.0 v2:172.21.15.115:3300/0 5 ==== osd_map(2..2 src has 1..2) v4 ==== 940+0+0 (secure 0 0 0) 0x7f46bc04cbf0 con 0x7f46c8079cb0
2023-07-14T18:04:09.180 INFO:teuthology.orchestra.run.smithi115.stdout:/usr/bin/ceph: stderr
2023-07-14T18:04:08.513+0000 7f46c7fff700 1 --2- 172.21.15.115:0/3084350491 >> [v2:172.21.15.115:6800/2169355495,v1:172.21.15.115:6801/2169355495] conn(0x7f46b80386b0 0x7f46b803ab60 unknown :-1 s=BANNER_CONNECTING pgs=0 cs=0 l=1 rev1=0 crypto rx=0 tx=0 comp rx=0 tx=0)._handle_peer_banner_payload supported=3 required=0
2023-07-14T18:04:09.180 INFO:teuthology.orchestra.run.smithi115.stdout:/usr/bin/ceph: stderr
2023-07-14T18:04:08.513+0000 7f46c7fff700 1 --2- 172.21.15.115:0/3084350491 >> [v2:172.21.15.115:6800/2169355495,v1:172.21.15.115:6801/2169355495] conn(0x7f46b80386b0 0x7f46b803ab60 secure :-1 s=READY pgs=7 cs=0 l=1 rev1=1 crypto rx=0x7f46b4006fd0 tx=0x7f46b4006e40 comp rx=0 tx=0).ready entity=mgr.14118 client_cookie=0 server_cookie=0 in_seq=0 out_seq=0
2023-07-14T18:04:09.181 INFO:teuthology.orchestra.run.smithi115.stdout:/usr/bin/ceph: stderr
2023-07-14T18:04:08.518+0000 7f46c5ffb700 1 -- 172.21.15.115:0/3084350491 <== mon.0 v2:172.21.15.115:3300/0 6 ==== mon_command_ack([{"prefix": "get_command_descriptions"}]=0 v0) v1 ==== 72+0+178025 (secure 0 0 0) 0x7f46bc023cf0 con 0x7f46c8079cb0
2023-07-14T18:04:09.181 INFO:teuthology.orchestra.run.smithi115.stdout:/usr/bin/ceph: stderr
2023-07-14T18:04:08.706+0000 7f46c5ffb700 1 -- 172.21.15.115:0/3084350491 <== mon.0 v2:172.21.15.115:3300/0 7 ==== mgrmap(e 8) v1 ==== 45483+0+0 (secure 0 0 0) 0x7f46bc01ba90 con 0x7f46c8079cb0
2023-07-14T18:04:09.181 INFO:teuthology.orchestra.run.smithi115.stdout:/usr/bin/ceph: stderr
2023-07-14T18:04:08.719+0000 7f46ceab7700 1 -- 172.21.15.115:0/3084350491 --> [v2:172.21.15.115:6800/2169355495,v1:172.21.15.115:6801/2169355495] -- mgr_command(tid 0: {"prefix": "orch set backend", "module_name": "cephadm", "target": ["mon-mgr", ""]}) v1 -- 0x7f46c8100a40 con 0x7f46b80386b0
2023-07-14T18:04:09.181 INFO:teuthology.orchestra.run.smithi115.stdout:/usr/bin/ceph: stderr
2023-07-14T18:04:08.724+0000 7f46c5ffb700 1 -- 172.21.15.115:0/3084350491 <== mgr.14118 v2:172.21.15.115:6800/2169355495 1 ==== mgr_command_reply(tid 0: 0 ) v1 ==== 8+0+0 (secure 0 0 0) 0x7f46c8100a40 con 0x7f46b80386b0
2023-07-14T18:04:09.181 INFO:teuthology.orchestra.run.smithi115.stdout:/usr/bin/ceph: stderr
2023-07-14T18:04:08.726+0000 7f46ceab7700 1 -- 172.21.15.115:0/3084350491 >> [v2:172.21.15.115:6800/2169355495,v1:172.21.15.115:6801/2169355495] conn(0x7f46b80386b0 msgr2=0x7f46b803ab60 secure :-1 s=STATE_CONNECTION_ESTABLISHED l=1).mark_down
2023-07-14T18:04:09.181 INFO:teuthology.orchestra.run.smithi115.stdout:/usr/bin/ceph: stderr
2023-07-14T18:04:08.726+0000 7f46ceab7700 1 --2- 172.21.15.115:0/3084350491 >> [v2:172.21.15.115:6800/2169355495,v1:172.21.15.115:6801/2169355495] conn(0x7f46b80386b0 0x7f46b803ab60 secure :-1 s=READY pgs=7 cs=0 l=1 rev1=1 crypto rx=0x7f46b4006fd0 tx=0x7f46b4006e40 comp rx=0 tx=0).stop
2023-07-14T18:04:09.181 INFO:teuthology.orchestra.run.smithi115.stdout:/usr/bin/ceph: stderr
2023-07-14T18:04:08.726+0000 7f46ceab7700 1 -- 172.21.15.115:0/3084350491 >> [v2:172.21.15.115:3300/0,v1:172.21.15.115:6789/0] conn(0x7f46c8079cb0 msgr2=0x7f46c8198d00 secure :-1 s=STATE_CONNECTION_ESTABLISHED l=1).mark_down
2023-07-14T18:04:09.181 INFO:teuthology.orchestra.run.smithi115.stdout:/usr/bin/ceph: stderr
2023-07-14T18:04:08.726+0000 7f46ceab7700 1 --2- 172.21.15.115:0/3084350491 >> [v2:172.21.15.115:3300/0,v1:172.21.15.115:6789/0] conn(0x7f46c8079cb0 0x7f46c8198d00 secure :-1 s=READY pgs=36 cs=0 l=1 rev1=1 crypto rx=0x7f46bc006af0 tx=0x7f46bc011a30 comp rx=0 tx=0).stop
2023-07-14T18:04:09.182 INFO:teuthology.orchestra.run.smithi115.stdout:/usr/bin/ceph: stderr
2023-07-14T18:04:08.726+0000 7f46ceab7700 1 -- 172.21.15.115:0/3084350491 shutdown_connections
2023-07-14T18:04:09.182 INFO:teuthology.orchestra.run.smithi115.stdout:/usr/bin/ceph: stderr
2023-07-14T18:04:08.726+0000 7f46ceab7700 1 --2- 172.21.15.115:0/3084350491 >> [v2:172.21.15.115:6800/2169355495,v1:172.21.15.115:6801/2169355495] conn(0x7f46b80386b0 0x7f46b803ab60 unknown :-1 s=CLOSED pgs=7 cs=0 l=1 rev1=1 crypto rx=0 tx=0 comp rx=0 tx=0).stop
2023-07-14T18:04:09.182 INFO:teuthology.orchestra.run.smithi115.stdout:/usr/bin/ceph: stderr
2023-07-14T18:04:08.726+0000 7f46ceab7700 1 --2- 172.21.15.115:0/3084350491 >> [v2:172.21.15.115:3300/0,v1:172.21.15.115:6789/0] conn(0x7f46c8079cb0 0x7f46c8198d00 unknown :-1 s=CLOSED pgs=36 cs=0 l=1 rev1=1 crypto rx=0 tx=0 comp rx=0 tx=0).stop
2023-07-14T18:04:09.182 INFO:teuthology.orchestra.run.smithi115.stdout:/usr/bin/ceph: stderr
2023-07-14T18:04:08.726+0000 7f46ceab7700 1 -- 172.21.15.115:0/3084350491 >> 172.21.15.115:0/3084350491 conn(0x7f46c80ff6e0 msgr2=0x7f46c8100330 unknown :-1 s=STATE_NONE l=0).mark_down
2023-07-14T18:04:09.182 INFO:teuthology.orchestra.run.smithi115.stdout:/usr/bin/ceph: stderr
2023-07-14T18:04:08.727+0000 7f46ceab7700 1 -- 172.21.15.115:0/3084350491 shutdown_connections
2023-07-14T18:04:09.182 INFO:teuthology.orchestra.run.smithi115.stdout:/usr/bin/ceph: stderr
2023-07-14T18:04:08.727+0000 7f46ceab7700 1 -- 172.21.15.115:0/3084350491 wait complete.
2023-07-14T18:04:10.095 INFO:journalctl@ceph.mon.a.smithi115.stdout:Jul 14 18:04:09 smithi115 ceph-mon[127451]: [14/Jul/2023:18:04:08] ENGINE Bus STARTING
2023-07-14T18:04:10.095 INFO:journalctl@ceph.mon.a.smithi115.stdout:Jul 14 18:04:09 smithi115 ceph-mon[127451]: [14/Jul/2023:18:04:08] ENGINE Serving on http://172.21.15.115:8765
2023-07-14T18:04:10.095 INFO:journalctl@ceph.mon.a.smithi115.stdout:Jul 14 18:04:09 smithi115 ceph-mon[127451]: [14/Jul/2023:18:04:08] ENGINE Serving on https://172.21.15.115:7150
2023-07-14T18:04:10.096 INFO:journalctl@ceph.mon.a.smithi115.stdout:Jul 14 18:04:09 smithi115 ceph-mon[127451]: [14/Jul/2023:18:04:08] ENGINE Bus STARTED
2023-07-14T18:04:10.096 INFO:journalctl@ceph.mon.a.smithi115.stdout:Jul 14 18:04:09 smithi115 ceph-mon[127451]: mgrmap e8: x(active, since 2s)
2023-07-14T18:04:10.096 INFO:journalctl@ceph.mon.a.smithi115.stdout:Jul 14 18:04:09 smithi115 ceph-mon[127451]: from='client.14130 -' entity='client.admin' cmd=[{"prefix": "orch set backend", "module_name": "cephadm", "target": ["mon-mgr", ""]}]: dispatch
2023-07-14T18:04:10.096 INFO:journalctl@ceph.mon.a.smithi115.stdout:Jul 14 18:04:09 smithi115 ceph-mon[127451]: from='mgr.14118 172.21.15.115:0/1004457596' entity='mgr.x'
2023-07-14T18:04:10.096 INFO:journalctl@ceph.mon.a.smithi115.stdout:Jul 14 18:04:09 smithi115 ceph-mon[127451]: from='mgr.14118 172.21.15.115:0/1004457596' entity='mgr.x' cmd=[{"prefix": "config dump", "format": "json"}]: dispatch
2023-07-14T18:04:10.220 INFO:teuthology.orchestra.run.smithi115.stdout:/usr/bin/ceph: stdout value unchanged
2023-07-14T18:04:10.220 INFO:teuthology.orchestra.run.smithi115.stdout:/usr/bin/ceph: stderr
2023-07-14T18:04:09.603+0000 7f29eaf6e700 1 Processor -- start
2023-07-14T18:04:10.220 INFO:teuthology.orchestra.run.smithi115.stdout:/usr/bin/ceph: stderr
2023-07-14T18:04:09.603+0000 7f29eaf6e700 1 -- start start
2023-07-14T18:04:10.220 INFO:teuthology.orchestra.run.smithi115.stdout:/usr/bin/ceph: stderr
2023-07-14T18:04:09.603+0000 7f29eaf6e700 1 --2- >> [v2:172.21.15.115:3300/0,v1:172.21.15.115:6789/0] conn(0x7f29e4079cd0 0x7f29e410a120 unknown :-1 s=NONE pgs=0 cs=0 l=0 rev1=0 crypto rx=0 tx=0 comp rx=0 tx=0).connect
2023-07-14T18:04:10.221 INFO:teuthology.orchestra.run.smithi115.stdout:/usr/bin/ceph: stderr
2023-07-14T18:04:09.603+0000 7f29eaf6e700 1 -- --> [v2:172.21.15.115:3300/0,v1:172.21.15.115:6789/0] -- mon_getmap magic: 0 v1 -- 0x7f29e4105b10 con 0x7f29e4079cd0
2023-07-14T18:04:10.221 INFO:teuthology.orchestra.run.smithi115.stdout:/usr/bin/ceph: stderr
2023-07-14T18:04:09.604+0000 7f29e8d0a700 1 --2- >> [v2:172.21.15.115:3300/0,v1:172.21.15.115:6789/0] conn(0x7f29e4079cd0 0x7f29e410a120 unknown :-1 s=BANNER_CONNECTING pgs=0 cs=0 l=0 rev1=0 crypto rx=0 tx=0 comp rx=0 tx=0)._handle_peer_banner_payload supported=3 required=0
2023-07-14T18:04:10.221 INFO:teuthology.orchestra.run.smithi115.stdout:/usr/bin/ceph: stderr
2023-07-14T18:04:09.604+0000 7f29e8d0a700 1 --2- >> [v2:172.21.15.115:3300/0,v1:172.21.15.115:6789/0] conn(0x7f29e4079cd0 0x7f29e410a120 unknown :-1 s=HELLO_CONNECTING pgs=0 cs=0 l=0 rev1=1 crypto rx=0 tx=0 comp rx=0 tx=0).handle_hello peer v2:172.21.15.115:3300/0 says I am v2:172.21.15.115:51364/0 (socket says 172.21.15.115:51364)
2023-07-14T18:04:10.221 INFO:teuthology.orchestra.run.smithi115.stdout:/usr/bin/ceph: stderr
2023-07-14T18:04:09.604+0000 7f29e8d0a700 1 -- 172.21.15.115:0/2389893478 learned_addr learned my addr 172.21.15.115:0/2389893478 (peer_addr_for_me v2:172.21.15.115:0/0)
2023-07-14T18:04:10.221 INFO:teuthology.orchestra.run.smithi115.stdout:/usr/bin/ceph: stderr
2023-07-14T18:04:09.604+0000 7f29e8d0a700 1 -- 172.21.15.115:0/2389893478 --> [v2:172.21.15.115:3300/0,v1:172.21.15.115:6789/0] -- mon_subscribe({config=0+,monmap=0+}) v3 -- 0x7f29e410a660 con 0x7f29e4079cd0
2023-07-14T18:04:10.221 INFO:teuthology.orchestra.run.smithi115.stdout:/usr/bin/ceph: stderr
2023-07-14T18:04:09.604+0000 7f29e8d0a700 1 --2- 172.21.15.115:0/2389893478 >> [v2:172.21.15.115:3300/0,v1:172.21.15.115:6789/0] conn(0x7f29e4079cd0 0x7f29e410a120 secure :-1 s=READY pgs=37 cs=0 l=1 rev1=1 crypto rx=0x7f29d80098a0 tx=0x7f29d8009bb0 comp rx=0 tx=0).ready entity=mon.0 client_cookie=12d2dfd5d97f8ad2 server_cookie=0 in_seq=0 out_seq=0
2023-07-14T18:04:10.221 INFO:teuthology.orchestra.run.smithi115.stdout:/usr/bin/ceph: stderr
