2023-07-14T18:04:13.133+0000 7f2ad288d700 1 Processor -- start
2023-07-14T18:04:16.062 INFO:teuthology.orchestra.run.smithi115.stdout:/usr/bin/ceph: stderr
2023-07-14T18:04:13.133+0000 7f2ad288d700 1 -- start start
2023-07-14T18:04:16.062 INFO:teuthology.orchestra.run.smithi115.stdout:/usr/bin/ceph: stderr
2023-07-14T18:04:13.133+0000 7f2ad288d700 1 --2- >> [v2:172.21.15.115:3300/0,v1:172.21.15.115:6789/0] conn(0x7f2acc106790 0x7f2acc106ba0 unknown :-1 s=NONE pgs=0 cs=0 l=0 rev1=0 crypto rx=0 tx=0 comp rx=0 tx=0).connect
2023-07-14T18:04:16.062 INFO:teuthology.orchestra.run.smithi115.stdout:/usr/bin/ceph: stderr
2023-07-14T18:04:13.133+0000 7f2ad288d700 1 -- --> [v2:172.21.15.115:3300/0,v1:172.21.15.115:6789/0] -- mon_getmap magic: 0 v1 -- 0x7f2acc1070e0 con 0x7f2acc106790
2023-07-14T18:04:16.062 INFO:teuthology.orchestra.run.smithi115.stdout:/usr/bin/ceph: stderr
2023-07-14T18:04:13.133+0000 7f2acbfff700 1 --2- >> [v2:172.21.15.115:3300/0,v1:172.21.15.115:6789/0] conn(0x7f2acc106790 0x7f2acc106ba0 unknown :-1 s=BANNER_CONNECTING pgs=0 cs=0 l=0 rev1=0 crypto rx=0 tx=0 comp rx=0 tx=0)._handle_peer_banner_payload supported=3 required=0
2023-07-14T18:04:16.063 INFO:teuthology.orchestra.run.smithi115.stdout:/usr/bin/ceph: stderr
2023-07-14T18:04:13.133+0000 7f2acbfff700 1 --2- >> [v2:172.21.15.115:3300/0,v1:172.21.15.115:6789/0] conn(0x7f2acc106790 0x7f2acc106ba0 unknown :-1 s=HELLO_CONNECTING pgs=0 cs=0 l=0 rev1=1 crypto rx=0 tx=0 comp rx=0 tx=0).handle_hello peer v2:172.21.15.115:3300/0 says I am v2:172.21.15.115:51382/0 (socket says 172.21.15.115:51382)
2023-07-14T18:04:16.063 INFO:teuthology.orchestra.run.smithi115.stdout:/usr/bin/ceph: stderr
2023-07-14T18:04:13.133+0000 7f2acbfff700 1 -- 172.21.15.115:0/1283286160 learned_addr learned my addr 172.21.15.115:0/1283286160 (peer_addr_for_me v2:172.21.15.115:0/0)
2023-07-14T18:04:16.063 INFO:teuthology.orchestra.run.smithi115.stdout:/usr/bin/ceph: stderr
2023-07-14T18:04:13.134+0000 7f2acbfff700 1 -- 172.21.15.115:0/1283286160 --> [v2:172.21.15.115:3300/0,v1:172.21.15.115:6789/0] -- mon_subscribe({config=0+,monmap=0+}) v3 -- 0x7f2acc107220 con 0x7f2acc106790
2023-07-14T18:04:16.064 INFO:teuthology.orchestra.run.smithi115.stdout:/usr/bin/ceph: stderr
2023-07-14T18:04:13.134+0000 7f2acbfff700 1 --2- 172.21.15.115:0/1283286160 >> [v2:172.21.15.115:3300/0,v1:172.21.15.115:6789/0] conn(0x7f2acc106790 0x7f2acc106ba0 secure :-1 s=READY pgs=43 cs=0 l=1 rev1=1 crypto rx=0x7f2ab40098a0 tx=0x7f2ab4009bb0 comp rx=0 tx=0).ready entity=mon.0 client_cookie=aa55557de76cec55 server_cookie=0 in_seq=0 out_seq=0
2023-07-14T18:04:16.064 INFO:teuthology.orchestra.run.smithi115.stdout:/usr/bin/ceph: stderr
2023-07-14T18:04:13.134+0000 7f2acaffd700 1 -- 172.21.15.115:0/1283286160 <== mon.0 v2:172.21.15.115:3300/0 1 ==== mon_map magic: 0 v1 ==== 205+0+0 (secure 0 0 0) 0x7f2ab4004160 con 0x7f2acc106790
2023-07-14T18:04:16.064 INFO:teuthology.orchestra.run.smithi115.stdout:/usr/bin/ceph: stderr
2023-07-14T18:04:13.134+0000 7f2acaffd700 1 -- 172.21.15.115:0/1283286160 <== mon.0 v2:172.21.15.115:3300/0 2 ==== config(25 keys) v1 ==== 1036+0+0 (secure 0 0 0) 0x7f2ab40042c0 con 0x7f2acc106790
2023-07-14T18:04:16.065 INFO:teuthology.orchestra.run.smithi115.stdout:/usr/bin/ceph: stderr
2023-07-14T18:04:13.134+0000 7f2acaffd700 1 -- 172.21.15.115:0/1283286160 <== mon.0 v2:172.21.15.115:3300/0 3 ==== mon_map magic: 0 v1 ==== 205+0+0 (secure 0 0 0) 0x7f2ab4011940 con 0x7f2acc106790
2023-07-14T18:04:16.065 INFO:teuthology.orchestra.run.smithi115.stdout:/usr/bin/ceph: stderr
2023-07-14T18:04:13.134+0000 7f2ad288d700 1 -- 172.21.15.115:0/1283286160 >> [v2:172.21.15.115:3300/0,v1:172.21.15.115:6789/0] conn(0x7f2acc106790 msgr2=0x7f2acc106ba0 secure :-1 s=STATE_CONNECTION_ESTABLISHED l=1).mark_down
2023-07-14T18:04:16.065 INFO:teuthology.orchestra.run.smithi115.stdout:/usr/bin/ceph: stderr
2023-07-14T18:04:13.134+0000 7f2ad288d700 1 --2- 172.21.15.115:0/1283286160 >> [v2:172.21.15.115:3300/0,v1:172.21.15.115:6789/0] conn(0x7f2acc106790 0x7f2acc106ba0 secure :-1 s=READY pgs=43 cs=0 l=1 rev1=1 crypto rx=0x7f2ab40098a0 tx=0x7f2ab4009bb0 comp rx=0 tx=0).stop
2023-07-14T18:04:16.065 INFO:teuthology.orchestra.run.smithi115.stdout:/usr/bin/ceph: stderr
2023-07-14T18:04:13.135+0000 7f2ad288d700 1 -- 172.21.15.115:0/1283286160 shutdown_connections
2023-07-14T18:04:16.066 INFO:teuthology.orchestra.run.smithi115.stdout:/usr/bin/ceph: stderr
2023-07-14T18:04:13.135+0000 7f2ad288d700 1 --2- 172.21.15.115:0/1283286160 >> [v2:172.21.15.115:3300/0,v1:172.21.15.115:6789/0] conn(0x7f2acc106790 0x7f2acc106ba0 unknown :-1 s=CLOSED pgs=43 cs=0 l=1 rev1=1 crypto rx=0 tx=0 comp rx=0 tx=0).stop
2023-07-14T18:04:16.066 INFO:teuthology.orchestra.run.smithi115.stdout:/usr/bin/ceph: stderr
2023-07-14T18:04:13.135+0000 7f2ad288d700 1 -- 172.21.15.115:0/1283286160 >> 172.21.15.115:0/1283286160 conn(0x7f2acc0fee80 msgr2=0x7f2acc101290 unknown :-1 s=STATE_NONE l=0).mark_down
2023-07-14T18:04:16.066 INFO:teuthology.orchestra.run.smithi115.stdout:/usr/bin/ceph: stderr
2023-07-14T18:04:13.135+0000 7f2ad288d700 1 -- 172.21.15.115:0/1283286160 shutdown_connections
2023-07-14T18:04:16.067 INFO:teuthology.orchestra.run.smithi115.stdout:/usr/bin/ceph: stderr
2023-07-14T18:04:13.135+0000 7f2ad288d700 1 -- 172.21.15.115:0/1283286160 wait complete.
2023-07-14T18:04:16.067 INFO:teuthology.orchestra.run.smithi115.stdout:/usr/bin/ceph: stderr
2023-07-14T18:04:13.135+0000 7f2ad288d700 1 Processor -- start
2023-07-14T18:04:16.067 INFO:teuthology.orchestra.run.smithi115.stdout:/usr/bin/ceph: stderr
2023-07-14T18:04:13.135+0000 7f2ad288d700 1 -- start start
2023-07-14T18:04:16.067 INFO:teuthology.orchestra.run.smithi115.stdout:/usr/bin/ceph: stderr
2023-07-14T18:04:13.135+0000 7f2ad288d700 1 --2- >> [v2:172.21.15.115:3300/0,v1:172.21.15.115:6789/0] conn(0x7f2acc106790 0x7f2acc198c70 unknown :-1 s=NONE pgs=0 cs=0 l=1 rev1=0 crypto rx=0 tx=0 comp rx=0 tx=0).connect
2023-07-14T18:04:16.068 INFO:teuthology.orchestra.run.smithi115.stdout:/usr/bin/ceph: stderr
2023-07-14T18:04:13.135+0000 7f2ad288d700 1 -- --> [v2:172.21.15.115:3300/0,v1:172.21.15.115:6789/0] -- mon_getmap magic: 0 v1 -- 0x7f2acc1991b0 con 0x7f2acc106790
2023-07-14T18:04:16.068 INFO:teuthology.orchestra.run.smithi115.stdout:/usr/bin/ceph: stderr
2023-07-14T18:04:13.136+0000 7f2acbfff700 1 --2- >> [v2:172.21.15.115:3300/0,v1:172.21.15.115:6789/0] conn(0x7f2acc106790 0x7f2acc198c70 unknown :-1 s=BANNER_CONNECTING pgs=0 cs=0 l=1 rev1=0 crypto rx=0 tx=0 comp rx=0 tx=0)._handle_peer_banner_payload supported=3 required=0
2023-07-14T18:04:16.068 INFO:teuthology.orchestra.run.smithi115.stdout:/usr/bin/ceph: stderr
2023-07-14T18:04:13.136+0000 7f2acbfff700 1 --2- >> [v2:172.21.15.115:3300/0,v1:172.21.15.115:6789/0] conn(0x7f2acc106790 0x7f2acc198c70 unknown :-1 s=HELLO_CONNECTING pgs=0 cs=0 l=1 rev1=1 crypto rx=0 tx=0 comp rx=0 tx=0).handle_hello peer v2:172.21.15.115:3300/0 says I am v2:172.21.15.115:51384/0 (socket says 172.21.15.115:51384)
2023-07-14T18:04:16.069 INFO:teuthology.orchestra.run.smithi115.stdout:/usr/bin/ceph: stderr
2023-07-14T18:04:13.136+0000 7f2acbfff700 1 -- 172.21.15.115:0/1325427662 learned_addr learned my addr 172.21.15.115:0/1325427662 (peer_addr_for_me v2:172.21.15.115:0/0)
2023-07-14T18:04:16.069 INFO:teuthology.orchestra.run.smithi115.stdout:/usr/bin/ceph: stderr
2023-07-14T18:04:13.136+0000 7f2acbfff700 1 -- 172.21.15.115:0/1325427662 --> [v2:172.21.15.115:3300/0,v1:172.21.15.115:6789/0] -- mon_subscribe({config=0+,monmap=0+}) v3 -- 0x7f2ab4009550 con 0x7f2acc106790
2023-07-14T18:04:16.069 INFO:teuthology.orchestra.run.smithi115.stdout:/usr/bin/ceph: stderr
2023-07-14T18:04:13.136+0000 7f2acbfff700 1 --2- 172.21.15.115:0/1325427662 >> [v2:172.21.15.115:3300/0,v1:172.21.15.115:6789/0] conn(0x7f2acc106790 0x7f2acc198c70 secure :-1 s=READY pgs=44 cs=0 l=1 rev1=1 crypto rx=0x7f2ab4011dc0 tx=0x7f2ab4011ea0 comp rx=0 tx=0).ready entity=mon.0 client_cookie=0 server_cookie=0 in_seq=0 out_seq=0
2023-07-14T18:04:16.070 INFO:teuthology.orchestra.run.smithi115.stdout:/usr/bin/ceph: stderr
2023-07-14T18:04:13.136+0000 7f2ac97fa700 1 -- 172.21.15.115:0/1325427662 <== mon.0 v2:172.21.15.115:3300/0 1 ==== mon_map magic: 0 v1 ==== 205+0+0 (secure 0 0 0) 0x7f2ab40037d0 con 0x7f2acc106790
2023-07-14T18:04:16.070 INFO:teuthology.orchestra.run.smithi115.stdout:/usr/bin/ceph: stderr
2023-07-14T18:04:13.136+0000 7f2ac97fa700 1 -- 172.21.15.115:0/1325427662 <== mon.0 v2:172.21.15.115:3300/0 2 ==== config(25 keys) v1 ==== 1036+0+0 (secure 0 0 0) 0x7f2ab401b440 con 0x7f2acc106790
2023-07-14T18:04:16.070 INFO:teuthology.orchestra.run.smithi115.stdout:/usr/bin/ceph: stderr
2023-07-14T18:04:13.136+0000 7f2ac97fa700 1 -- 172.21.15.115:0/1325427662 <== mon.0 v2:172.21.15.115:3300/0 3 ==== mon_map magic: 0 v1 ==== 205+0+0 (secure 0 0 0) 0x7f2ab401a560 con 0x7f2acc106790
2023-07-14T18:04:16.070 INFO:teuthology.orchestra.run.smithi115.stdout:/usr/bin/ceph: stderr
2023-07-14T18:04:13.136+0000 7f2ad288d700 1 -- 172.21.15.115:0/1325427662 --> [v2:172.21.15.115:3300/0,v1:172.21.15.115:6789/0] -- mon_subscribe({mgrmap=0+}) v3 -- 0x7f2acc1993b0 con 0x7f2acc106790
2023-07-14T18:04:16.071 INFO:teuthology.orchestra.run.smithi115.stdout:/usr/bin/ceph: stderr
2023-07-14T18:04:13.136+0000 7f2ad288d700 1 -- 172.21.15.115:0/1325427662 --> [v2:172.21.15.115:3300/0,v1:172.21.15.115:6789/0] -- mon_subscribe({osdmap=0}) v3 -- 0x7f2acc1997d0 con 0x7f2acc106790
2023-07-14T18:04:16.071 INFO:teuthology.orchestra.run.smithi115.stdout:/usr/bin/ceph: stderr
2023-07-14T18:04:13.137+0000 7f2ac97fa700 1 -- 172.21.15.115:0/1325427662 <== mon.0 v2:172.21.15.115:3300/0 4 ==== mgrmap(e 8) v1 ==== 45483+0+0 (secure 0 0 0) 0x7f2ab401a820 con 0x7f2acc106790
2023-07-14T18:04:16.071 INFO:teuthology.orchestra.run.smithi115.stdout:/usr/bin/ceph: stderr
2023-07-14T18:04:13.137+0000 7f2ac97fa700 1 --2- 172.21.15.115:0/1325427662 >> [v2:172.21.15.115:6800/2169355495,v1:172.21.15.115:6801/2169355495] conn(0x7f2ab80387d0 0x7f2ab803ac80 unknown :-1 s=NONE pgs=0 cs=0 l=1 rev1=0 crypto rx=0 tx=0 comp rx=0 tx=0).connect
2023-07-14T18:04:16.072 INFO:teuthology.orchestra.run.smithi115.stdout:/usr/bin/ceph: stderr
2023-07-14T18:04:13.137+0000 7f2ac97fa700 1 -- 172.21.15.115:0/1325427662 <== mon.0 v2:172.21.15.115:3300/0 5 ==== osd_map(2..2 src has 1..2) v4 ==== 940+0+0 (secure 0 0 0) 0x7f2ab404c660 con 0x7f2acc106790
2023-07-14T18:04:16.072 INFO:teuthology.orchestra.run.smithi115.stdout:/usr/bin/ceph: stderr
2023-07-14T18:04:13.137+0000 7f2ad288d700 1 -- 172.21.15.115:0/1325427662 --> [v2:172.21.15.115:3300/0,v1:172.21.15.115:6789/0] -- mon_command({"prefix": "get_command_descriptions"} v 0) v1 -- 0x7f2acc061c70 con 0x7f2acc106790
2023-07-14T18:04:16.072 INFO:teuthology.orchestra.run.smithi115.stdout:/usr/bin/ceph: stderr
2023-07-14T18:04:13.137+0000 7f2acb7fe700 1 --2- 172.21.15.115:0/1325427662 >> [v2:172.21.15.115:6800/2169355495,v1:172.21.15.115:6801/2169355495] conn(0x7f2ab80387d0 0x7f2ab803ac80 unknown :-1 s=BANNER_CONNECTING pgs=0 cs=0 l=1 rev1=0 crypto rx=0 tx=0 comp rx=0 tx=0)._handle_peer_banner_payload supported=3 required=0
2023-07-14T18:04:16.073 INFO:teuthology.orchestra.run.smithi115.stdout:/usr/bin/ceph: stderr
2023-07-14T18:04:13.138+0000 7f2acb7fe700 1 --2- 172.21.15.115:0/1325427662 >> [v2:172.21.15.115:6800/2169355495,v1:172.21.15.115:6801/2169355495] conn(0x7f2ab80387d0 0x7f2ab803ac80 secure :-1 s=READY pgs=11 cs=0 l=1 rev1=1 crypto rx=0x7f2abc006fd0 tx=0x7f2abc006e40 comp rx=0 tx=0).ready entity=mgr.14118 client_cookie=0 server_cookie=0 in_seq=0 out_seq=0
2023-07-14T18:04:16.073 INFO:teuthology.orchestra.run.smithi115.stdout:/usr/bin/ceph: stderr
2023-07-14T18:04:13.142+0000 7f2ac97fa700 1 -- 172.21.15.115:0/1325427662 <== mon.0 v2:172.21.15.115:3300/0 6 ==== mon_command_ack([{"prefix": "get_command_descriptions"}]=0 v0) v1 ==== 72+0+178025 (secure 0 0 0) 0x7f2ab401f080 con 0x7f2acc106790
2023-07-14T18:04:16.073 INFO:teuthology.orchestra.run.smithi115.stdout:/usr/bin/ceph: stderr
2023-07-14T18:04:13.332+0000 7f2ad288d700 1 -- 172.21.15.115:0/1325427662 --> [v2:172.21.15.115:6800/2169355495,v1:172.21.15.115:6801/2169355495] -- mgr_command(tid 0: {"prefix": "orch host add", "hostname": "smithi115", "addr": "172.21.15.115", "target": ["mon-mgr", ""]}) v1 -- 0x7f2acc100190 con 0x7f2ab80387d0
2023-07-14T18:04:16.073 INFO:teuthology.orchestra.run.smithi115.stdout:/usr/bin/ceph: stderr
2023-07-14T18:04:15.632+0000 7f2ac97fa700 1 -- 172.21.15.115:0/1325427662 <== mgr.14118 v2:172.21.15.115:6800/2169355495 1 ==== mgr_command_reply(tid 0: 0 ) v1 ==== 8+0+49 (secure 0 0 0) 0x7f2acc100190 con 0x7f2ab80387d0
2023-07-14T18:04:16.074 INFO:teuthology.orchestra.run.smithi115.stdout:/usr/bin/ceph: stderr
2023-07-14T18:04:15.635+0000 7f2ad288d700 1 -- 172.21.15.115:0/1325427662 >> [v2:172.21.15.115:6800/2169355495,v1:172.21.15.115:6801/2169355495] conn(0x7f2ab80387d0 msgr2=0x7f2ab803ac80 secure :-1 s=STATE_CONNECTION_ESTABLISHED l=1).mark_down
2023-07-14T18:04:16.074 INFO:teuthology.orchestra.run.smithi115.stdout:/usr/bin/ceph: stderr
2023-07-14T18:04:15.635+0000 7f2ad288d700 1 --2- 172.21.15.115:0/1325427662 >> [v2:172.21.15.115:6800/2169355495,v1:172.21.15.115:6801/2169355495] conn(0x7f2ab80387d0 0x7f2ab803ac80 secure :-1 s=READY pgs=11 cs=0 l=1 rev1=1 crypto rx=0x7f2abc006fd0 tx=0x7f2abc006e40 comp rx=0 tx=0).stop
2023-07-14T18:04:16.074 INFO:teuthology.orchestra.run.smithi115.stdout:/usr/bin/ceph: stderr
2023-07-14T18:04:15.635+0000 7f2ad288d700 1 -- 172.21.15.115:0/1325427662 >> [v2:172.21.15.115:3300/0,v1:172.21.15.115:6789/0] conn(0x7f2acc106790 msgr2=0x7f2acc198c70 secure :-1 s=STATE_CONNECTION_ESTABLISHED l=1).mark_down
2023-07-14T18:04:16.075 INFO:teuthology.orchestra.run.smithi115.stdout:/usr/bin/ceph: stderr
2023-07-14T18:04:15.635+0000 7f2ad288d700 1 --2- 172.21.15.115:0/1325427662 >> [v2:172.21.15.115:3300/0,v1:172.21.15.115:6789/0] conn(0x7f2acc106790 0x7f2acc198c70 secure :-1 s=READY pgs=44 cs=0 l=1 rev1=1 crypto rx=0x7f2ab4011dc0 tx=0x7f2ab4011ea0 comp rx=0 tx=0).stop
2023-07-14T18:04:16.075 INFO:teuthology.orchestra.run.smithi115.stdout:/usr/bin/ceph: stderr
2023-07-14T18:04:15.635+0000 7f2ad288d700 1 -- 172.21.15.115:0/1325427662 shutdown_connections
2023-07-14T18:04:16.075 INFO:teuthology.orchestra.run.smithi115.stdout:/usr/bin/ceph: stderr
2023-07-14T18:04:15.635+0000 7f2ad288d700 1 --2- 172.21.15.115:0/1325427662 >> [v2:172.21.15.115:6800/2169355495,v1:172.21.15.115:6801/2169355495] conn(0x7f2ab80387d0 0x7f2ab803ac80 unknown :-1 s=CLOSED pgs=11 cs=0 l=1 rev1=1 crypto rx=0 tx=0 comp rx=0 tx=0).stop
2023-07-14T18:04:16.076 INFO:teuthology.orchestra.run.smithi115.stdout:/usr/bin/ceph: stderr
2023-07-14T18:04:15.635+0000 7f2ad288d700 1 --2- 172.21.15.115:0/1325427662 >> [v2:172.21.15.115:3300/0,v1:172.21.15.115:6789/0] conn(0x7f2acc106790 0x7f2acc198c70 unknown :-1 s=CLOSED pgs=44 cs=0 l=1 rev1=1 crypto rx=0 tx=0 comp rx=0 tx=0).stop
2023-07-14T18:04:16.076 INFO:teuthology.orchestra.run.smithi115.stdout:/usr/bin/ceph: stderr
2023-07-14T18:04:15.635+0000 7f2ad288d700 1 -- 172.21.15.115:0/1325427662 >> 172.21.15.115:0/1325427662 conn(0x7f2acc0fee80 msgr2=0x7f2acc0ffa80 unknown :-1 s=STATE_NONE l=0).mark_down
2023-07-14T18:04:16.076 INFO:teuthology.orchestra.run.smithi115.stdout:/usr/bin/ceph: stderr
2023-07-14T18:04:15.635+0000 7f2ad288d700 1 -- 172.21.15.115:0/1325427662 shutdown_connections
2023-07-14T18:04:16.076 INFO:teuthology.orchestra.run.smithi115.stdout:/usr/bin/ceph: stderr
2023-07-14T18:04:15.635+0000 7f2ad288d700 1 -- 172.21.15.115:0/1325427662 wait complete.
2023-07-14T18:04:16.077 INFO:teuthology.orchestra.run.smithi115.stdout:Deploying unmanaged mon service...
2023-07-14T18:04:17.096 INFO:journalctl@ceph.mon.a.smithi115.stdout:Jul 14 18:04:16 smithi115 ceph-mon[127451]: from='mgr.14118 172.21.15.115:0/1004457596' entity='mgr.x'
2023-07-14T18:04:17.096 INFO:journalctl@ceph.mon.a.smithi115.stdout:Jul 14 18:04:16 smithi115 ceph-mon[127451]: Added host smithi115
2023-07-14T18:04:17.096 INFO:journalctl@ceph.mon.a.smithi115.stdout:Jul 14 18:04:16 smithi115 ceph-mon[127451]: from='mgr.14118 172.21.15.115:0/1004457596' entity='mgr.x' cmd=[{"prefix": "config dump", "format": "json"}]: dispatch
2023-07-14T18:04:17.202 INFO:teuthology.orchestra.run.smithi115.stdout:/usr/bin/ceph: stdout Scheduled mon update...
2023-07-14T18:04:17.203 INFO:teuthology.orchestra.run.smithi115.stdout:/usr/bin/ceph: stderr
2023-07-14T18:04:16.499+0000 7fc6be325700 1 Processor -- start
2023-07-14T18:04:17.203 INFO:teuthology.orchestra.run.smithi115.stdout:/usr/bin/ceph: stderr
2023-07-14T18:04:16.499+0000 7fc6be325700 1 -- start start
2023-07-14T18:04:17.203 INFO:teuthology.orchestra.run.smithi115.stdout:/usr/bin/ceph: stderr
2023-07-14T18:04:16.500+0000 7fc6be325700 1 --2- >> [v2:172.21.15.115:3300/0,v1:172.21.15.115:6789/0] conn(0x7fc6b8079cd0 0x7fc6b810a110 unknown :-1 s=NONE pgs=0 cs=0 l=0 rev1=0 crypto rx=0 tx=0 comp rx=0 tx=0).connect
2023-07-14T18:04:17.203 INFO:teuthology.orchestra.run.smithi115.stdout:/usr/bin/ceph: stderr
2023-07-14T18:04:16.500+0000 7fc6be325700 1 -- --> [v2:172.21.15.115:3300/0,v1:172.21.15.115:6789/0] -- mon_getmap magic: 0 v1 -- 0x7fc6b8105b00 con 0x7fc6b8079cd0
2023-07-14T18:04:17.203 INFO:teuthology.orchestra.run.smithi115.stdout:/usr/bin/ceph: stderr
2023-07-14T18:04:16.500+0000 7fc6b7fff700 1 --2- >> [v2:172.21.15.115:3300/0,v1:172.21.15.115:6789/0] conn(0x7fc6b8079cd0 0x7fc6b810a110 unknown :-1 s=BANNER_CONNECTING pgs=0 cs=0 l=0 rev1=0 crypto rx=0 tx=0 comp rx=0 tx=0)._handle_peer_banner_payload supported=3 required=0
2023-07-14T18:04:17.203 INFO:teuthology.orchestra.run.smithi115.stdout:/usr/bin/ceph: stderr
2023-07-14T18:04:16.500+0000 7fc6b7fff700 1 --2- >> [v2:172.21.15.115:3300/0,v1:172.21.15.115:6789/0] conn(0x7fc6b8079cd0 0x7fc6b810a110 unknown :-1 s=HELLO_CONNECTING pgs=0 cs=0 l=0 rev1=1 crypto rx=0 tx=0 comp rx=0 tx=0).handle_hello peer v2:172.21.15.115:3300/0 says I am v2:172.21.15.115:51418/0 (socket says 172.21.15.115:51418)
2023-07-14T18:04:17.203 INFO:teuthology.orchestra.run.smithi115.stdout:/usr/bin/ceph: stderr
2023-07-14T18:04:16.500+0000 7fc6b7fff700 1 -- 172.21.15.115:0/3957900072 learned_addr learned my addr 172.21.15.115:0/3957900072 (peer_addr_for_me v2:172.21.15.115:0/0)
2023-07-14T18:04:17.204 INFO:teuthology.orchestra.run.smithi115.stdout:/usr/bin/ceph: stderr
2023-07-14T18:04:16.500+0000 7fc6b7fff700 1 -- 172.21.15.115:0/3957900072 --> [v2:172.21.15.115:3300/0,v1:172.21.15.115:6789/0] -- mon_subscribe({config=0+,monmap=0+}) v3 -- 0x7fc6b810a650 con 0x7fc6b8079cd0
2023-07-14T18:04:17.204 INFO:teuthology.orchestra.run.smithi115.stdout:/usr/bin/ceph: stderr
2023-07-14T18:04:16.500+0000 7fc6b7fff700 1 --2- 172.21.15.115:0/3957900072 >> [v2:172.21.15.115:3300/0,v1:172.21.15.115:6789/0] conn(0x7fc6b8079cd0 0x7fc6b810a110 secure :-1 s=READY pgs=45 cs=0 l=1 rev1=1 crypto rx=0x7fc6a80098a0 tx=0x7fc6a8009bb0 comp rx=0 tx=0).ready entity=mon.0 client_cookie=f6a25c00e006ea69 server_cookie=0 in_seq=0 out_seq=0
2023-07-14T18:04:17.204 INFO:teuthology.orchestra.run.smithi115.stdout:/usr/bin/ceph: stderr
2023-07-14T18:04:16.500+0000 7fc6b6ffd700 1 -- 172.21.15.115:0/3957900072 <== mon.0 v2:172.21.15.115:3300/0 1 ==== mon_map magic: 0 v1 ==== 205+0+0 (secure 0 0 0) 0x7fc6a8004160 con 0x7fc6b8079cd0
2023-07-14T18:04:17.204 INFO:teuthology.orchestra.run.smithi115.stdout:/usr/bin/ceph: stderr
2023-07-14T18:04:16.500+0000 7fc6b6ffd700 1 -- 172.21.15.115:0/3957900072 <== mon.0 v2:172.21.15.115:3300/0 2 ==== config(25 keys) v1 ==== 1036+0+0 (secure 0 0 0) 0x7fc6a80042c0 con 0x7fc6b8079cd0
2023-07-14T18:04:17.204 INFO:teuthology.orchestra.run.smithi115.stdout:/usr/bin/ceph: stderr
2023-07-14T18:04:16.500+0000 7fc6b6ffd700 1 -- 172.21.15.115:0/3957900072 <== mon.0 v2:172.21.15.115:3300/0 3 ==== mon_map magic: 0 v1 ==== 205+0+0 (secure 0 0 0) 0x7fc6a8011940 con 0x7fc6b8079cd0
2023-07-14T18:04:17.204 INFO:teuthology.orchestra.run.smithi115.stdout:/usr/bin/ceph: stderr
2023-07-14T18:04:16.501+0000 7fc6be325700 1 -- 172.21.15.115:0/3957900072 >> [v2:172.21.15.115:3300/0,v1:172.21.15.115:6789/0] conn(0x7fc6b8079cd0 msgr2=0x7fc6b810a110 secure :-1 s=STATE_CONNECTION_ESTABLISHED l=1).mark_down
2023-07-14T18:04:17.204 INFO:teuthology.orchestra.run.smithi115.stdout:/usr/bin/ceph: stderr
2023-07-14T18:04:16.501+0000 7fc6be325700 1 --2- 172.21.15.115:0/3957900072 >> [v2:172.21.15.115:3300/0,v1:172.21.15.115:6789/0] conn(0x7fc6b8079cd0 0x7fc6b810a110 secure :-1 s=READY pgs=45 cs=0 l=1 rev1=1 crypto rx=0x7fc6a80098a0 tx=0x7fc6a8009bb0 comp rx=0 tx=0).stop
2023-07-14T18:04:17.205 INFO:teuthology.orchestra.run.smithi115.stdout:/usr/bin/ceph: stderr
2023-07-14T18:04:16.501+0000 7fc6be325700 1 -- 172.21.15.115:0/3957900072 shutdown_connections
2023-07-14T18:04:17.205 INFO:teuthology.orchestra.run.smithi115.stdout:/usr/bin/ceph: stderr
2023-07-14T18:04:16.501+0000 7fc6be325700 1 --2- 172.21.15.115:0/3957900072 >> [v2:172.21.15.115:3300/0,v1:172.21.15.115:6789/0] conn(0x7fc6b8079cd0 0x7fc6b810a110 unknown :-1 s=CLOSED pgs=45 cs=0 l=1 rev1=1 crypto rx=0 tx=0 comp rx=0 tx=0).stop
2023-07-14T18:04:17.205 INFO:teuthology.orchestra.run.smithi115.stdout:/usr/bin/ceph: stderr
2023-07-14T18:04:16.501+0000 7fc6be325700 1 -- 172.21.15.115:0/3957900072 >> 172.21.15.115:0/3957900072 conn(0x7fc6b80ff6e0 msgr2=0x7fc6b8101af0 unknown :-1 s=STATE_NONE l=0).mark_down
2023-07-14T18:04:17.205 INFO:teuthology.orchestra.run.smithi115.stdout:/usr/bin/ceph: stderr
2023-07-14T18:04:16.501+0000 7fc6be325700 1 -- 172.21.15.115:0/3957900072 shutdown_connections
2023-07-14T18:04:17.205 INFO:teuthology.orchestra.run.smithi115.stdout:/usr/bin/ceph: stderr
2023-07-14T18:04:16.501+0000 7fc6be325700 1 -- 172.21.15.115:0/3957900072 wait complete.
2023-07-14T18:04:17.205 INFO:teuthology.orchestra.run.smithi115.stdout:/usr/bin/ceph: stderr
2023-07-14T18:04:16.501+0000 7fc6be325700 1 Processor -- start
2023-07-14T18:04:17.205 INFO:teuthology.orchestra.run.smithi115.stdout:/usr/bin/ceph: stderr
2023-07-14T18:04:16.502+0000 7fc6be325700 1 -- start start
2023-07-14T18:04:17.205 INFO:teuthology.orchestra.run.smithi115.stdout:/usr/bin/ceph: stderr
2023-07-14T18:04:16.502+0000 7fc6be325700 1 --2- >> [v2:172.21.15.115:3300/0,v1:172.21.15.115:6789/0] conn(0x7fc6b819ae80 0x7fc6b819b290 unknown :-1 s=NONE pgs=0 cs=0 l=1 rev1=0 crypto rx=0 tx=0 comp rx=0 tx=0).connect
2023-07-14T18:04:17.206 INFO:teuthology.orchestra.run.smithi115.stdout:/usr/bin/ceph: stderr
2023-07-14T18:04:16.502+0000 7fc6be325700 1 -- --> [v2:172.21.15.115:3300/0,v1:172.21.15.115:6789/0] -- mon_getmap magic: 0 v1 -- 0x7fc6b819b7d0 con 0x7fc6b819ae80
2023-07-14T18:04:17.206 INFO:teuthology.orchestra.run.smithi115.stdout:/usr/bin/ceph: stderr
2023-07-14T18:04:16.502+0000 7fc6b7fff700 1 --2- >> [v2:172.21.15.115:3300/0,v1:172.21.15.115:6789/0] conn(0x7fc6b819ae80 0x7fc6b819b290 unknown :-1 s=BANNER_CONNECTING pgs=0 cs=0 l=1 rev1=0 crypto rx=0 tx=0 comp rx=0 tx=0)._handle_peer_banner_payload supported=3 required=0
2023-07-14T18:04:17.206 INFO:teuthology.orchestra.run.smithi115.stdout:/usr/bin/ceph: stderr
2023-07-14T18:04:16.502+0000 7fc6b7fff700 1 --2- >> [v2:172.21.15.115:3300/0,v1:172.21.15.115:6789/0] conn(0x7fc6b819ae80 0x7fc6b819b290 unknown :-1 s=HELLO_CONNECTING pgs=0 cs=0 l=1 rev1=1 crypto rx=0 tx=0 comp rx=0 tx=0).handle_hello peer v2:172.21.15.115:3300/0 says I am v2:172.21.15.115:51420/0 (socket says 172.21.15.115:51420)
2023-07-14T18:04:17.206 INFO:teuthology.orchestra.run.smithi115.stdout:/usr/bin/ceph: stderr
2023-07-14T18:04:16.502+0000 7fc6b7fff700 1 -- 172.21.15.115:0/2256420681 learned_addr learned my addr 172.21.15.115:0/2256420681 (peer_addr_for_me v2:172.21.15.115:0/0)
2023-07-14T18:04:17.206 INFO:teuthology.orchestra.run.smithi115.stdout:/usr/bin/ceph: stderr
2023-07-14T18:04:16.502+0000 7fc6b7fff700 1 -- 172.21.15.115:0/2256420681 --> [v2:172.21.15.115:3300/0,v1:172.21.15.115:6789/0] -- mon_subscribe({config=0+,monmap=0+}) v3 -- 0x7fc6a8009550 con 0x7fc6b819ae80
2023-07-14T18:04:17.206 INFO:teuthology.orchestra.run.smithi115.stdout:/usr/bin/ceph: stderr
2023-07-14T18:04:16.502+0000 7fc6b7fff700 1 --2- 172.21.15.115:0/2256420681 >> [v2:172.21.15.115:3300/0,v1:172.21.15.115:6789/0] conn(0x7fc6b819ae80 0x7fc6b819b290 secure :-1 s=READY pgs=46 cs=0 l=1 rev1=1 crypto rx=0x7fc6a8000c00 tx=0x7fc6a8011e70 comp rx=0 tx=0).ready entity=mon.0 client_cookie=0 server_cookie=0 in_seq=0 out_seq=0
2023-07-14T18:04:17.206 INFO:teuthology.orchestra.run.smithi115.stdout:/usr/bin/ceph: stderr
2023-07-14T18:04:16.502+0000 7fc6b57fa700 1 -- 172.21.15.115:0/2256420681 <== mon.0 v2:172.21.15.115:3300/0 1 ==== mon_map magic: 0 v1 ==== 205+0+0 (secure 0 0 0) 0x7fc6a80036a0 con 0x7fc6b819ae80
2023-07-14T18:04:17.207 INFO:teuthology.orchestra.run.smithi115.stdout:/usr/bin/ceph: stderr
2023-07-14T18:04:16.502+0000 7fc6b57fa700 1 -- 172.21.15.115:0/2256420681 <== mon.0 v2:172.21.15.115:3300/0 2 ==== config(25 keys) v1 ==== 1036+0+0 (secure 0 0 0) 0x7fc6a801b440 con 0x7fc6b819ae80
2023-07-14T18:04:17.207 INFO:teuthology.orchestra.run.smithi115.stdout:/usr/bin/ceph: stderr
2023-07-14T18:04:16.502+0000 7fc6b57fa700 1 -- 172.21.15.115:0/2256420681 <== mon.0 v2:172.21.15.115:3300/0 3 ==== mon_map magic: 0 v1 ==== 205+0+0 (secure 0 0 0) 0x7fc6a80193f0 con 0x7fc6b819ae80
2023-07-14T18:04:17.207 INFO:teuthology.orchestra.run.smithi115.stdout:/usr/bin/ceph: stderr
2023-07-14T18:04:16.502+0000 7fc6be325700 1 -- 172.21.15.115:0/2256420681 --> [v2:172.21.15.115:3300/0,v1:172.21.15.115:6789/0] -- mon_subscribe({mgrmap=0+}) v3 -- 0x7fc6b819b9d0 con 0x7fc6b819ae80
2023-07-14T18:04:17.207 INFO:teuthology.orchestra.run.smithi115.stdout:/usr/bin/ceph: stderr
2023-07-14T18:04:16.503+0000 7fc6be325700 1 -- 172.21.15.115:0/2256420681 --> [v2:172.21.15.115:3300/0,v1:172.21.15.115:6789/0] -- mon_subscribe({osdmap=0}) v3 -- 0x7fc6b819e630 con 0x7fc6b819ae80
2023-07-14T18:04:17.207 INFO:teuthology.orchestra.run.smithi115.stdout:/usr/bin/ceph: stderr
2023-07-14T18:04:16.503+0000 7fc6b57fa700 1 -- 172.21.15.115:0/2256420681 <== mon.0 v2:172.21.15.115:3300/0 4 ==== mgrmap(e 8) v1 ==== 45483+0+0 (secure 0 0 0) 0x7fc6a801b5b0 con 0x7fc6b819ae80
2023-07-14T18:04:17.207 INFO:teuthology.orchestra.run.smithi115.stdout:/usr/bin/ceph: stderr
2023-07-14T18:04:16.503+0000 7fc6be325700 1 -- 172.21.15.115:0/2256420681 --> [v2:172.21.15.115:3300/0,v1:172.21.15.115:6789/0] -- mon_command({"prefix": "get_command_descriptions"} v 0) v1 -- 0x7fc6b8079cd0 con 0x7fc6b819ae80
2023-07-14T18:04:17.207 INFO:teuthology.orchestra.run.smithi115.stdout:/usr/bin/ceph: stderr
2023-07-14T18:04:16.504+0000 7fc6b57fa700 1 --2- 172.21.15.115:0/2256420681 >> [v2:172.21.15.115:6800/2169355495,v1:172.21.15.115:6801/2169355495] conn(0x7fc6a00387d0 0x7fc6a003ac80 unknown :-1 s=NONE pgs=0 cs=0 l=1 rev1=0 crypto rx=0 tx=0 comp rx=0 tx=0).connect
2023-07-14T18:04:17.207 INFO:teuthology.orchestra.run.smithi115.stdout:/usr/bin/ceph: stderr
2023-07-14T18:04:16.504+0000 7fc6b57fa700 1 -- 172.21.15.115:0/2256420681 <== mon.0 v2:172.21.15.115:3300/0 5 ==== osd_map(2..2 src has 1..2) v4 ==== 940+0+0 (secure 0 0 0) 0x7fc6a804c600 con 0x7fc6b819ae80
2023-07-14T18:04:17.208 INFO:teuthology.orchestra.run.smithi115.stdout:/usr/bin/ceph: stderr
2023-07-14T18:04:16.504+0000 7fc6b77fe700 1 --2- 172.21.15.115:0/2256420681 >> [v2:172.21.15.115:6800/2169355495,v1:172.21.15.115:6801/2169355495] conn(0x7fc6a00387d0 0x7fc6a003ac80 unknown :-1 s=BANNER_CONNECTING pgs=0 cs=0 l=1 rev1=0 crypto rx=0 tx=0 comp rx=0 tx=0)._handle_peer_banner_payload supported=3 required=0
2023-07-14T18:04:17.208 INFO:teuthology.orchestra.run.smithi115.stdout:/usr/bin/ceph: stderr
2023-07-14T18:04:16.504+0000 7fc6b77fe700 1 --2- 172.21.15.115:0/2256420681 >> [v2:172.21.15.115:6800/2169355495,v1:172.21.15.115:6801/2169355495] conn(0x7fc6a00387d0 0x7fc6a003ac80 secure :-1 s=READY pgs=12 cs=0 l=1 rev1=1 crypto rx=0x7fc6ac006fd0 tx=0x7fc6ac006e40 comp rx=0 tx=0).ready entity=mgr.14118 client_cookie=0 server_cookie=0 in_seq=0 out_seq=0
2023-07-14T18:04:17.208 INFO:teuthology.orchestra.run.smithi115.stdout:/usr/bin/ceph: stderr
2023-07-14T18:04:16.508+0000 7fc6b57fa700 1 -- 172.21.15.115:0/2256420681 <== mon.0 v2:172.21.15.115:3300/0 6 ==== mon_command_ack([{"prefix": "get_command_descriptions"}]=0 v0) v1 ==== 72+0+178025 (secure 0 0 0) 0x7fc6a8022950 con 0x7fc6b819ae80
2023-07-14T18:04:17.208 INFO:teuthology.orchestra.run.smithi115.stdout:/usr/bin/ceph: stderr
2023-07-14T18:04:16.723+0000 7fc6be325700 1 -- 172.21.15.115:0/2256420681 --> [v2:172.21.15.115:6800/2169355495,v1:172.21.15.115:6801/2169355495] -- mgr_command(tid 0: {"prefix": "orch apply", "service_type": "mon", "unmanaged": true, "target": ["mon-mgr", ""]}) v1 -- 0x7fc6b8100a20 con 0x7fc6a00387d0
2023-07-14T18:04:17.208 INFO:teuthology.orchestra.run.smithi115.stdout:/usr/bin/ceph: stderr
2023-07-14T18:04:16.727+0000 7fc6b57fa700 1 -- 172.21.15.115:0/2256420681 <== mgr.14118 v2:172.21.15.115:6800/2169355495 1 ==== mgr_command_reply(tid 0: 0 ) v1 ==== 8+0+24 (secure 0 0 0) 0x7fc6b8100a20 con 0x7fc6a00387d0
2023-07-14T18:04:17.208 INFO:teuthology.orchestra.run.smithi115.stdout:/usr/bin/ceph: stderr
2023-07-14T18:04:16.730+0000 7fc6be325700 1 -- 172.21.15.115:0/2256420681 >> [v2:172.21.15.115:6800/2169355495,v1:172.21.15.115:6801/2169355495] conn(0x7fc6a00387d0 msgr2=0x7fc6a003ac80 secure :-1 s=STATE_CONNECTION_ESTABLISHED l=1).mark_down
2023-07-14T18:04:17.208 INFO:teuthology.orchestra.run.smithi115.stdout:/usr/bin/ceph: stderr
2023-07-14T18:04:16.730+0000 7fc6be325700 1 --2- 172.21.15.115:0/2256420681 >> [v2:172.21.15.115:6800/2169355495,v1:172.21.15.115:6801/2169355495] conn(0x7fc6a00387d0 0x7fc6a003ac80 secure :-1 s=READY pgs=12 cs=0 l=1 rev1=1 crypto rx=0x7fc6ac006fd0 tx=0x7fc6ac006e40 comp rx=0 tx=0).stop
2023-07-14T18:04:17.208 INFO:teuthology.orchestra.run.smithi115.stdout:/usr/bin/ceph: stderr
2023-07-14T18:04:16.730+0000 7fc6be325700 1 -- 172.21.15.115:0/2256420681 >> [v2:172.21.15.115:3300/0,v1:172.21.15.115:6789/0] conn(0x7fc6b819ae80 msgr2=0x7fc6b819b290 secure :-1 s=STATE_CONNECTION_ESTABLISHED l=1).mark_down
2023-07-14T18:04:17.209 INFO:teuthology.orchestra.run.smithi115.stdout:/usr/bin/ceph: stderr
2023-07-14T18:04:16.730+0000 7fc6be325700 1 --2- 172.21.15.115:0/2256420681 >> [v2:172.21.15.115:3300/0,v1:172.21.15.115:6789/0] conn(0x7fc6b819ae80 0x7fc6b819b290 secure :-1 s=READY pgs=46 cs=0 l=1 rev1=1 crypto rx=0x7fc6a8000c00 tx=0x7fc6a8011e70 comp rx=0 tx=0).stop
2023-07-14T18:04:17.209 INFO:teuthology.orchestra.run.smithi115.stdout:/usr/bin/ceph: stderr
2023-07-14T18:04:16.730+0000 7fc6be325700 1 -- 172.21.15.115:0/2256420681 shutdown_connections
2023-07-14T18:04:17.209 INFO:teuthology.orchestra.run.smithi115.stdout:/usr/bin/ceph: stderr
2023-07-14T18:04:16.730+0000 7fc6be325700 1 --2- 172.21.15.115:0/2256420681 >> [v2:172.21.15.115:6800/2169355495,v1:172.21.15.115:6801/2169355495] conn(0x7fc6a00387d0 0x7fc6a003ac80 unknown :-1 s=CLOSED pgs=12 cs=0 l=1 rev1=1 crypto rx=0 tx=0 comp rx=0 tx=0).stop
2023-07-14T18:04:17.209 INFO:teuthology.orchestra.run.smithi115.stdout:/usr/bin/ceph: stderr
2023-07-14T18:04:16.730+0000 7fc6be325700 1 --2- 172.21.15.115:0/2256420681 >> [v2:172.21.15.115:3300/0,v1:172.21.15.115:6789/0] conn(0x7fc6b819ae80 0x7fc6b819b290 unknown :-1 s=CLOSED pgs=46 cs=0 l=1 rev1=1 crypto rx=0 tx=0 comp rx=0 tx=0).stop
2023-07-14T18:04:17.209 INFO:teuthology.orchestra.run.smithi115.stdout:/usr/bin/ceph: stderr
2023-07-14T18:04:16.730+0000 7fc6be325700 1 -- 172.21.15.115:0/2256420681 >> 172.21.15.115:0/2256420681 conn(0x7fc6b80ff6e0 msgr2=0x7fc6b8100310 unknown :-1 s=STATE_NONE l=0).mark_down
2023-07-14T18:04:17.209 INFO:teuthology.orchestra.run.smithi115.stdout:/usr/bin/ceph: stderr
2023-07-14T18:04:16.730+0000 7fc6be325700 1 -- 172.21.15.115:0/2256420681 shutdown_connections
2023-07-14T18:04:17.209 INFO:teuthology.orchestra.run.smithi115.stdout:/usr/bin/ceph: stderr
2023-07-14T18:04:16.730+0000 7fc6be325700 1 -- 172.21.15.115:0/2256420681 wait complete.
2023-07-14T18:04:17.210 INFO:teuthology.orchestra.run.smithi115.stdout:Deploying unmanaged mgr service...
2023-07-14T18:04:17.845 INFO:journalctl@ceph.mon.a.smithi115.stdout:Jul 14 18:04:17 smithi115 ceph-mon[127451]: from='client.14140 -' entity='client.admin' cmd=[{"prefix": "orch apply", "service_type": "mon", "unmanaged": true, "target": ["mon-mgr", ""]}]: dispatch
2023-07-14T18:04:17.846 INFO:journalctl@ceph.mon.a.smithi115.stdout:Jul 14 18:04:17 smithi115 ceph-mon[127451]: Saving service mon spec with placement count:5
2023-07-14T18:04:17.846 INFO:journalctl@ceph.mon.a.smithi115.stdout:Jul 14 18:04:17 smithi115 ceph-mon[127451]: from='mgr.14118 172.21.15.115:0/1004457596' entity='mgr.x'
2023-07-14T18:04:18.600 INFO:teuthology.orchestra.run.smithi115.stdout:/usr/bin/ceph: stdout Scheduled mgr update...
2023-07-14T18:04:18.601 INFO:teuthology.orchestra.run.smithi115.stdout:/usr/bin/ceph: stderr
2023-07-14T18:04:17.940+0000 7fe57e136700 1 Processor -- start
2023-07-14T18:04:18.601 INFO:teuthology.orchestra.run.smithi115.stdout:/usr/bin/ceph: stderr
2023-07-14T18:04:17.940+0000 7fe57e136700 1 -- start start
2023-07-14T18:04:18.601 INFO:teuthology.orchestra.run.smithi115.stdout:/usr/bin/ceph: stderr
2023-07-14T18:04:17.940+0000 7fe57e136700 1 --2- >> [v2:172.21.15.115:3300/0,v1:172.21.15.115:6789/0] conn(0x7fe578104570 0x7fe578104980 unknown :-1 s=NONE pgs=0 cs=0 l=0 rev1=0 crypto rx=0 tx=0 comp rx=0 tx=0).connect
2023-07-14T18:04:18.601 INFO:teuthology.orchestra.run.smithi115.stdout:/usr/bin/ceph: stderr
2023-07-14T18:04:17.940+0000 7fe57e136700 1 -- --> [v2:172.21.15.115:3300/0,v1:172.21.15.115:6789/0] -- mon_getmap magic: 0 v1 -- 0x7fe578104ec0 con 0x7fe578104570
2023-07-14T18:04:18.601 INFO:teuthology.orchestra.run.smithi115.stdout:/usr/bin/ceph: stderr
2023-07-14T18:04:17.940+0000 7fe5777fe700 1 --2- >> [v2:172.21.15.115:3300/0,v1:172.21.15.115:6789/0] conn(0x7fe578104570 0x7fe578104980 unknown :-1 s=BANNER_CONNECTING pgs=0 cs=0 l=0 rev1=0 crypto rx=0 tx=0 comp rx=0 tx=0)._handle_peer_banner_payload supported=3 required=0
2023-07-14T18:04:18.601 INFO:teuthology.orchestra.run.smithi115.stdout:/usr/bin/ceph: stderr
2023-07-14T18:04:17.940+0000 7fe5777fe700 1 --2- >> [v2:172.21.15.115:3300/0,v1:172.21.15.115:6789/0] conn(0x7fe578104570 0x7fe578104980 unknown :-1 s=HELLO_CONNECTING pgs=0 cs=0 l=0 rev1=1 crypto rx=0 tx=0 comp rx=0 tx=0).handle_hello peer v2:172.21.15.115:3300/0 says I am v2:172.21.15.115:51424/0 (socket says 172.21.15.115:51424)
2023-07-14T18:04:18.602 INFO:teuthology.orchestra.run.smithi115.stdout:/usr/bin/ceph: stderr
2023-07-14T18:04:17.940+0000 7fe5777fe700 1 -- 172.21.15.115:0/3603645638 learned_addr learned my addr 172.21.15.115:0/3603645638 (peer_addr_for_me v2:172.21.15.115:0/0)
2023-07-14T18:04:18.602 INFO:teuthology.orchestra.run.smithi115.stdout:/usr/bin/ceph: stderr
2023-07-14T18:04:17.941+0000 7fe5777fe700 1 -- 172.21.15.115:0/3603645638 --> [v2:172.21.15.115:3300/0,v1:172.21.15.115:6789/0] -- mon_subscribe({config=0+,monmap=0+}) v3 -- 0x7fe578105000 con 0x7fe578104570
2023-07-14T18:04:18.602 INFO:teuthology.orchestra.run.smithi115.stdout:/usr/bin/ceph: stderr
2023-07-14T18:04:17.941+0000 7fe5777fe700 1 --2- 172.21.15.115:0/3603645638 >> [v2:172.21.15.115:3300/0,v1:172.21.15.115:6789/0] conn(0x7fe578104570 0x7fe578104980 secure :-1 s=READY pgs=47 cs=0 l=1 rev1=1 crypto rx=0x7fe56c0098a0 tx=0x7fe56c009bb0 comp rx=0 tx=0).ready entity=mon.0 client_cookie=59aa1b3af71c72a0 server_cookie=0 in_seq=0 out_seq=0
2023-07-14T18:04:18.602 INFO:teuthology.orchestra.run.smithi115.stdout:/usr/bin/ceph: stderr
2023-07-14T18:04:17.941+0000 7fe5767fc700 1 -- 172.21.15.115:0/3603645638 <== mon.0 v2:172.21.15.115:3300/0 1 ==== mon_map magic: 0 v1 ==== 205+0+0 (secure 0 0 0) 0x7fe56c004160 con 0x7fe578104570
2023-07-14T18:04:18.602 INFO:teuthology.orchestra.run.smithi115.stdout:/usr/bin/ceph: stderr
2023-07-14T18:04:17.941+0000 7fe5767fc700 1 -- 172.21.15.115:0/3603645638 <== mon.0 v2:172.21.15.115:3300/0 2 ==== config(25 keys) v1 ==== 1036+0+0 (secure 0 0 0) 0x7fe56c0042c0 con 0x7fe578104570
2023-07-14T18:04:18.602 INFO:teuthology.orchestra.run.smithi115.stdout:/usr/bin/ceph: stderr
2023-07-14T18:04:17.941+0000 7fe5767fc700 1 -- 172.21.15.115:0/3603645638 <== mon.0 v2:172.21.15.115:3300/0 3 ==== mon_map magic: 0 v1 ==== 205+0+0 (secure 0 0 0) 0x7fe56c011940 con 0x7fe578104570
2023-07-14T18:04:18.602 INFO:teuthology.orchestra.run.smithi115.stdout:/usr/bin/ceph: stderr
2023-07-14T18:04:17.941+0000 7fe57e136700 1 -- 172.21.15.115:0/3603645638 >> [v2:172.21.15.115:3300/0,v1:172.21.15.115:6789/0] conn(0x7fe578104570 msgr2=0x7fe578104980 secure :-1 s=STATE_CONNECTION_ESTABLISHED l=1).mark_down
2023-07-14T18:04:18.602 INFO:teuthology.orchestra.run.smithi115.stdout:/usr/bin/ceph: stderr
2023-07-14T18:04:17.941+0000 7fe57e136700 1 --2- 172.21.15.115:0/3603645638 >> [v2:172.21.15.115:3300/0,v1:172.21.15.115:6789/0] conn(0x7fe578104570 0x7fe578104980 secure :-1 s=READY pgs=47 cs=0 l=1 rev1=1 crypto rx=0x7fe56c0098a0 tx=0x7fe56c009bb0 comp rx=0 tx=0).stop
2023-07-14T18:04:18.603 INFO:teuthology.orchestra.run.smithi115.stdout:/usr/bin/ceph: stderr
2023-07-14T18:04:17.942+0000 7fe57e136700 1 -- 172.21.15.115:0/3603645638 shutdown_connections
2023-07-14T18:04:18.603 INFO:teuthology.orchestra.run.smithi115.stdout:/usr/bin/ceph: stderr
2023-07-14T18:04:17.942+0000 7fe57e136700 1 --2- 172.21.15.115:0/3603645638 >> [v2:172.21.15.115:3300/0,v1:172.21.15.115:6789/0] conn(0x7fe578104570 0x7fe578104980 unknown :-1 s=CLOSED pgs=47 cs=0 l=1 rev1=1 crypto rx=0 tx=0 comp rx=0 tx=0).stop
2023-07-14T18:04:18.603 INFO:teuthology.orchestra.run.smithi115.stdout:/usr/bin/ceph: stderr
2023-07-14T18:04:17.942+0000 7fe57e136700 1 -- 172.21.15.115:0/3603645638 >> 172.21.15.115:0/3603645638 conn(0x7fe5780fee80 msgr2=0x7fe578101290 unknown :-1 s=STATE_NONE l=0).mark_down
2023-07-14T18:04:18.603 INFO:teuthology.orchestra.run.smithi115.stdout:/usr/bin/ceph: stderr
2023-07-14T18:04:17.942+0000 7fe57e136700 1 -- 172.21.15.115:0/3603645638 shutdown_connections
2023-07-14T18:04:18.603 INFO:teuthology.orchestra.run.smithi115.stdout:/usr/bin/ceph: stderr
2023-07-14T18:04:17.942+0000 7fe57e136700 1 -- 172.21.15.115:0/3603645638 wait complete.
2023-07-14T18:04:18.603 INFO:teuthology.orchestra.run.smithi115.stdout:/usr/bin/ceph: stderr
2023-07-14T18:04:17.942+0000 7fe57e136700 1 Processor -- start
2023-07-14T18:04:18.603 INFO:teuthology.orchestra.run.smithi115.stdout:/usr/bin/ceph: stderr
2023-07-14T18:04:17.943+0000 7fe57e136700 1 -- start start
2023-07-14T18:04:18.603 INFO:teuthology.orchestra.run.smithi115.stdout:/usr/bin/ceph: stderr
2023-07-14T18:04:17.943+0000 7fe57e136700 1 --2- >> [v2:172.21.15.115:3300/0,v1:172.21.15.115:6789/0] conn(0x7fe578104570 0x7fe578103cf0 unknown :-1 s=NONE pgs=0 cs=0 l=1 rev1=0 crypto rx=0 tx=0 comp rx=0 tx=0).connect
2023-07-14T18:04:18.604 INFO:teuthology.orchestra.run.smithi115.stdout:/usr/bin/ceph: stderr
2023-07-14T18:04:17.943+0000 7fe57e136700 1 -- --> [v2:172.21.15.115:3300/0,v1:172.21.15.115:6789/0] -- mon_getmap magic: 0 v1 -- 0x7fe57819b9e0 con 0x7fe578104570
2023-07-14T18:04:18.604 INFO:teuthology.orchestra.run.smithi115.stdout:/usr/bin/ceph: stderr
2023-07-14T18:04:17.943+0000 7fe5777fe700 1 --2- >> [v2:172.21.15.115:3300/0,v1:172.21.15.115:6789/0] conn(0x7fe578104570 0x7fe578103cf0 unknown :-1 s=BANNER_CONNECTING pgs=0 cs=0 l=1 rev1=0 crypto rx=0 tx=0 comp rx=0 tx=0)._handle_peer_banner_payload supported=3 required=0
2023-07-14T18:04:18.604 INFO:teuthology.orchestra.run.smithi115.stdout:/usr/bin/ceph: stderr
2023-07-14T18:04:17.943+0000 7fe5777fe700 1 --2- >> [v2:172.21.15.115:3300/0,v1:172.21.15.115:6789/0] conn(0x7fe578104570 0x7fe578103cf0 unknown :-1 s=HELLO_CONNECTING pgs=0 cs=0 l=1 rev1=1 crypto rx=0 tx=0 comp rx=0 tx=0).handle_hello peer v2:172.21.15.115:3300/0 says I am v2:172.21.15.115:51426/0 (socket says 172.21.15.115:51426)
2023-07-14T18:04:18.604 INFO:teuthology.orchestra.run.smithi115.stdout:/usr/bin/ceph: stderr
2023-07-14T18:04:17.943+0000 7fe5777fe700 1 -- 172.21.15.115:0/2337490479 learned_addr learned my addr 172.21.15.115:0/2337490479 (peer_addr_for_me v2:172.21.15.115:0/0)
2023-07-14T18:04:18.604 INFO:teuthology.orchestra.run.smithi115.stdout:/usr/bin/ceph: stderr
2023-07-14T18:04:17.943+0000 7fe5777fe700 1 -- 172.21.15.115:0/2337490479 --> [v2:172.21.15.115:3300/0,v1:172.21.15.115:6789/0] -- mon_subscribe({config=0+,monmap=0+}) v3 -- 0x7fe56c009550 con 0x7fe578104570
2023-07-14T18:04:18.604 INFO:teuthology.orchestra.run.smithi115.stdout:/usr/bin/ceph: stderr
2023-07-14T18:04:17.943+0000 7fe5777fe700 1 --2- 172.21.15.115:0/2337490479 >> [v2:172.21.15.115:3300/0,v1:172.21.15.115:6789/0] conn(0x7fe578104570 0x7fe578103cf0 secure :-1 s=READY pgs=48 cs=0 l=1 rev1=1 crypto rx=0x7fe56c000c00 tx=0x7fe56c011e70 comp rx=0 tx=0).ready entity=mon.0 client_cookie=0 server_cookie=0 in_seq=0 out_seq=0
2023-07-14T18:04:18.604 INFO:teuthology.orchestra.run.smithi115.stdout:/usr/bin/ceph: stderr
2023-07-14T18:04:17.943+0000 7fe574ff9700 1 -- 172.21.15.115:0/2337490479 <== mon.0 v2:172.21.15.115:3300/0 1 ==== mon_map magic: 0 v1 ==== 205+0+0 (secure 0 0 0) 0x7fe56c0036a0 con 0x7fe578104570
2023-07-14T18:04:18.605 INFO:teuthology.orchestra.run.smithi115.stdout:/usr/bin/ceph: stderr
2023-07-14T18:04:17.943+0000 7fe574ff9700 1 -- 172.21.15.115:0/2337490479 <== mon.0 v2:172.21.15.115:3300/0 2 ==== config(25 keys) v1 ==== 1036+0+0 (secure 0 0 0) 0x7fe56c01b440 con 0x7fe578104570
2023-07-14T18:04:18.605 INFO:teuthology.orchestra.run.smithi115.stdout:/usr/bin/ceph: stderr
2023-07-14T18:04:17.943+0000 7fe57e136700 1 -- 172.21.15.115:0/2337490479 --> [v2:172.21.15.115:3300/0,v1:172.21.15.115:6789/0] -- mon_subscribe({mgrmap=0+}) v3 -- 0x7fe57819bb20 con 0x7fe578104570
2023-07-14T18:04:18.605 INFO:teuthology.orchestra.run.smithi115.stdout:/usr/bin/ceph: stderr
2023-07-14T18:04:17.943+0000 7fe574ff9700 1 -- 172.21.15.115:0/2337490479 <== mon.0 v2:172.21.15.115:3300/0 3 ==== mon_map magic: 0 v1 ==== 205+0+0 (secure 0 0 0) 0x7fe56c0193f0 con 0x7fe578104570
2023-07-14T18:04:18.605 INFO:teuthology.orchestra.run.smithi115.stdout:/usr/bin/ceph: stderr
2023-07-14T18:04:17.944+0000 7fe57e136700 1 -- 172.21.15.115:0/2337490479 --> [v2:172.21.15.115:3300/0,v1:172.21.15.115:6789/0] -- mon_subscribe({osdmap=0}) v3 -- 0x7fe57819bf40 con 0x7fe578104570
2023-07-14T18:04:18.605 INFO:teuthology.orchestra.run.smithi115.stdout:/usr/bin/ceph: stderr
2023-07-14T18:04:17.944+0000 7fe574ff9700 1 -- 172.21.15.115:0/2337490479 <== mon.0 v2:172.21.15.115:3300/0 4 ==== mgrmap(e 8) v1 ==== 45483+0+0 (secure 0 0 0) 0x7fe56c0195e0 con 0x7fe578104570
2023-07-14T18:04:18.605 INFO:teuthology.orchestra.run.smithi115.stdout:/usr/bin/ceph: stderr
2023-07-14T18:04:17.944+0000 7fe55e7fc700 1 -- 172.21.15.115:0/2337490479 --> [v2:172.21.15.115:3300/0,v1:172.21.15.115:6789/0] -- mon_command({"prefix": "get_command_descriptions"} v 0) v1 -- 0x7fe5580052f0 con 0x7fe578104570
2023-07-14T18:04:18.605 INFO:teuthology.orchestra.run.smithi115.stdout:/usr/bin/ceph: stderr
2023-07-14T18:04:17.945+0000 7fe574ff9700 1 --2- 172.21.15.115:0/2337490479 >> [v2:172.21.15.115:6800/2169355495,v1:172.21.15.115:6801/2169355495] conn(0x7fe560038820 0x7fe56003acd0 unknown :-1 s=NONE pgs=0 cs=0 l=1 rev1=0 crypto rx=0 tx=0 comp rx=0 tx=0).connect
2023-07-14T18:04:18.605 INFO:teuthology.orchestra.run.smithi115.stdout:/usr/bin/ceph: stderr
2023-07-14T18:04:17.945+0000 7fe574ff9700 1 -- 172.21.15.115:0/2337490479 <== mon.0 v2:172.21.15.115:3300/0 5 ==== osd_map(2..2 src has 1..2) v4 ==== 940+0+0 (secure 0 0 0) 0x7fe56c04c840 con 0x7fe578104570
2023-07-14T18:04:18.606 INFO:teuthology.orchestra.run.smithi115.stdout:/usr/bin/ceph: stderr
2023-07-14T18:04:17.945+0000 7fe576ffd700 1 --2- 172.21.15.115:0/2337490479 >> [v2:172.21.15.115:6800/2169355495,v1:172.21.15.115:6801/2169355495] conn(0x7fe560038820 0x7fe56003acd0 unknown :-1 s=BANNER_CONNECTING pgs=0 cs=0 l=1 rev1=0 crypto rx=0 tx=0 comp rx=0 tx=0)._handle_peer_banner_payload supported=3 required=0
2023-07-14T18:04:18.606 INFO:teuthology.orchestra.run.smithi115.stdout:/usr/bin/ceph: stderr
2023-07-14T18:04:17.945+0000 7fe576ffd700 1 --2- 172.21.15.115:0/2337490479 >> [v2:172.21.15.115:6800/2169355495,v1:172.21.15.115:6801/2169355495] conn(0x7fe560038820 0x7fe56003acd0 secure :-1 s=READY pgs=13 cs=0 l=1 rev1=1 crypto rx=0x7fe568006fd0 tx=0x7fe568006e40 comp rx=0 tx=0).ready entity=mgr.14118 client_cookie=0 server_cookie=0 in_seq=0 out_seq=0
2023-07-14T18:04:18.606 INFO:teuthology.orchestra.run.smithi115.stdout:/usr/bin/ceph: stderr
2023-07-14T18:04:17.949+0000 7fe574ff9700 1 -- 172.21.15.115:0/2337490479 <== mon.0 v2:172.21.15.115:3300/0 6 ==== mon_command_ack([{"prefix": "get_command_descriptions"}]=0 v0) v1 ==== 72+0+178025 (secure 0 0 0) 0x7fe56c018ca0 con 0x7fe578104570
2023-07-14T18:04:18.606 INFO:teuthology.orchestra.run.smithi115.stdout:/usr/bin/ceph: stderr
2023-07-14T18:04:18.003+0000 7fe574ff9700 1 -- 172.21.15.115:0/2337490479 <== mon.0 v2:172.21.15.115:3300/0 7 ==== config(25 keys) v1 ==== 1067+0+0 (secure 0 0 0) 0x7fe56c04c2b0 con 0x7fe578104570
2023-07-14T18:04:18.606 INFO:teuthology.orchestra.run.smithi115.stdout:/usr/bin/ceph: stderr
2023-07-14T18:04:18.162+0000 7fe55e7fc700 1 -- 172.21.15.115:0/2337490479 --> [v2:172.21.15.115:6800/2169355495,v1:172.21.15.115:6801/2169355495] -- mgr_command(tid 0: {"prefix": "orch apply", "service_type": "mgr", "unmanaged": true, "target": ["mon-mgr", ""]}) v1 -- 0x7fe558000bc0 con 0x7fe560038820
2023-07-14T18:04:18.606 INFO:teuthology.orchestra.run.smithi115.stdout:/usr/bin/ceph: stderr
2023-07-14T18:04:18.169+0000 7fe574ff9700 1 -- 172.21.15.115:0/2337490479 <== mgr.14118 v2:172.21.15.115:6800/2169355495 1 ==== mgr_command_reply(tid 0: 0 ) v1 ==== 8+0+24 (secure 0 0 0) 0x7fe558000bc0 con 0x7fe560038820
2023-07-14T18:04:18.606 INFO:teuthology.orchestra.run.smithi115.stdout:/usr/bin/ceph: stderr
2023-07-14T18:04:18.171+0000 7fe55e7fc700 1 -- 172.21.15.115:0/2337490479 >> [v2:172.21.15.115:6800/2169355495,v1:172.21.15.115:6801/2169355495] conn(0x7fe560038820 msgr2=0x7fe56003acd0 secure :-1 s=STATE_CONNECTION_ESTABLISHED l=1).mark_down
2023-07-14T18:04:18.606 INFO:teuthology.orchestra.run.smithi115.stdout:/usr/bin/ceph: stderr
2023-07-14T18:04:18.171+0000 7fe55e7fc700 1 --2- 172.21.15.115:0/2337490479 >> [v2:172.21.15.115:6800/2169355495,v1:172.21.15.115:6801/2169355495] conn(0x7fe560038820 0x7fe56003acd0 secure :-1 s=READY pgs=13 cs=0 l=1 rev1=1 crypto rx=0x7fe568006fd0 tx=0x7fe568006e40 comp rx=0 tx=0).stop
2023-07-14T18:04:18.607 INFO:teuthology.orchestra.run.smithi115.stdout:/usr/bin/ceph: stderr
2023-07-14T18:04:18.171+0000 7fe55e7fc700 1 -- 172.21.15.115:0/2337490479 >> [v2:172.21.15.115:3300/0,v1:172.21.15.115:6789/0] conn(0x7fe578104570 msgr2=0x7fe578103cf0 secure :-1 s=STATE_CONNECTION_ESTABLISHED l=1).mark_down
2023-07-14T18:04:18.607 INFO:teuthology.orchestra.run.smithi115.stdout:/usr/bin/ceph: stderr
2023-07-14T18:04:18.171+0000 7fe55e7fc700 1 --2- 172.21.15.115:0/2337490479 >> [v2:172.21.15.115:3300/0,v1:172.21.15.115:6789/0] conn(0x7fe578104570 0x7fe578103cf0 secure :-1 s=READY pgs=48 cs=0 l=1 rev1=1 crypto rx=0x7fe56c000c00 tx=0x7fe56c011e70 comp rx=0 tx=0).stop
2023-07-14T18:04:18.607 INFO:teuthology.orchestra.run.smithi115.stdout:/usr/bin/ceph: stderr
2023-07-14T18:04:18.171+0000 7fe55e7fc700 1 -- 172.21.15.115:0/2337490479 shutdown_connections
2023-07-14T18:04:18.607 INFO:teuthology.orchestra.run.smithi115.stdout:/usr/bin/ceph: stderr
2023-07-14T18:04:18.171+0000 7fe55e7fc700 1 --2- 172.21.15.115:0/2337490479 >> [v2:172.21.15.115:6800/2169355495,v1:172.21.15.115:6801/2169355495] conn(0x7fe560038820 0x7fe56003acd0 unknown :-1 s=CLOSED pgs=13 cs=0 l=1 rev1=1 crypto rx=0 tx=0 comp rx=0 tx=0).stop
2023-07-14T18:04:18.607 INFO:teuthology.orchestra.run.smithi115.stdout:/usr/bin/ceph: stderr
2023-07-14T18:04:18.171+0000 7fe55e7fc700 1 --2- 172.21.15.115:0/2337490479 >> [v2:172.21.15.115:3300/0,v1:172.21.15.115:6789/0] conn(0x7fe578104570 0x7fe578103cf0 unknown :-1 s=CLOSED pgs=48 cs=0 l=1 rev1=1 crypto rx=0 tx=0 comp rx=0 tx=0).stop
2023-07-14T18:04:18.607 INFO:teuthology.orchestra.run.smithi115.stdout:/usr/bin/ceph: stderr
2023-07-14T18:04:18.171+0000 7fe55e7fc700 1 -- 172.21.15.115:0/2337490479 >> 172.21.15.115:0/2337490479 conn(0x7fe5780fee80 msgr2=0x7fe5780ffa80 unknown :-1 s=STATE_NONE l=0).mark_down
2023-07-14T18:04:18.607 INFO:teuthology.orchestra.run.smithi115.stdout:/usr/bin/ceph: stderr
2023-07-14T18:04:18.171+0000 7fe55e7fc700 1 -- 172.21.15.115:0/2337490479 shutdown_connections
2023-07-14T18:04:18.608 INFO:teuthology.orchestra.run.smithi115.stdout:/usr/bin/ceph: stderr
2023-07-14T18:04:18.172+0000 7fe55e7fc700 1 -- 172.21.15.115:0/2337490479 wait complete.
2023-07-14T18:04:19.095 INFO:journalctl@ceph.mon.a.smithi115.stdout:Jul 14 18:04:19 smithi115 ceph-mon[127451]: from='mgr.14118 172.21.15.115:0/1004457596' entity='mgr.x'
2023-07-14T18:04:19.095 INFO:journalctl@ceph.mon.a.smithi115.stdout:Jul 14 18:04:19 smithi115 ceph-mon[127451]: from='mgr.14118 172.21.15.115:0/1004457596' entity='mgr.x'
2023-07-14T18:04:19.096 INFO:journalctl@ceph.mon.a.smithi115.stdout:Jul 14 18:04:19 smithi115 ceph-mon[127451]: from='mgr.14118 172.21.15.115:0/1004457596' entity='mgr.x'
2023-07-14T18:04:19.643 INFO:teuthology.orchestra.run.smithi115.stdout:/usr/bin/ceph: stderr
2023-07-14T18:04:19.072+0000 7f1f1acba700 1 Processor -- start
2023-07-14T18:04:19.643 INFO:teuthology.orchestra.run.smithi115.stdout:/usr/bin/ceph: stderr
2023-07-14T18:04:19.072+0000 7f1f1acba700 1 -- start start
2023-07-14T18:04:19.643 INFO:teuthology.orchestra.run.smithi115.stdout:/usr/bin/ceph: stderr
2023-07-14T18:04:19.072+0000 7f1f1acba700 1 --2- >> [v2:172.21.15.115:3300/0,v1:172.21.15.115:6789/0] conn(0x7f1f14103480 0x7f1f14103890 unknown :-1 s=NONE pgs=0 cs=0 l=0 rev1=0 crypto rx=0 tx=0 comp rx=0 tx=0).connect
2023-07-14T18:04:19.643 INFO:teuthology.orchestra.run.smithi115.stdout:/usr/bin/ceph: stderr
