2023-07-14T18:07:34.816 INFO:teuthology.orchestra.run.smithi133.stdout:/usr/bin/ceph: stderr
2023-07-14T18:07:34.152+0000 7f97b424e700 1 -- 172.21.15.133:0/486964459 wait complete.
2023-07-14T18:07:35.396 INFO:journalctl@ceph.mon.a.smithi133.stdout:Jul 14 18:07:35 smithi133 ceph-mon[126384]: from='client.14144 -' entity='client.admin' cmd=[{"prefix": "orch apply", "service_type": "mgr", "unmanaged": true, "target": ["mon-mgr", ""]}]: dispatch
2023-07-14T18:07:35.396 INFO:journalctl@ceph.mon.a.smithi133.stdout:Jul 14 18:07:35 smithi133 ceph-mon[126384]: Saving service mgr spec with placement count:2
2023-07-14T18:07:35.397 INFO:journalctl@ceph.mon.a.smithi133.stdout:Jul 14 18:07:35 smithi133 ceph-mon[126384]: from='mgr.14120 172.21.15.133:0/1173332444' entity='mgr.x'
2023-07-14T18:07:35.397 INFO:journalctl@ceph.mon.a.smithi133.stdout:Jul 14 18:07:35 smithi133 ceph-mon[126384]: from='mgr.14120 172.21.15.133:0/1173332444' entity='mgr.x'
2023-07-14T18:07:35.397 INFO:journalctl@ceph.mon.a.smithi133.stdout:Jul 14 18:07:35 smithi133 ceph-mon[126384]: from='mgr.14120 172.21.15.133:0/1173332444' entity='mgr.x'
2023-07-14T18:07:35.988 INFO:teuthology.orchestra.run.smithi133.stdout:/usr/bin/ceph: stderr
2023-07-14T18:07:35.327+0000 7fc2f5fb7700 1 Processor -- start
2023-07-14T18:07:35.988 INFO:teuthology.orchestra.run.smithi133.stdout:/usr/bin/ceph: stderr
2023-07-14T18:07:35.327+0000 7fc2f5fb7700 1 -- start start
2023-07-14T18:07:35.989 INFO:teuthology.orchestra.run.smithi133.stdout:/usr/bin/ceph: stderr
2023-07-14T18:07:35.328+0000 7fc2f5fb7700 1 --2- >> [v2:172.21.15.133:3300/0,v1:172.21.15.133:6789/0] conn(0x7fc2f007bdf0 0x7fc2f007a2f0 unknown :-1 s=NONE pgs=0 cs=0 l=0 rev1=0 crypto rx=0 tx=0 comp rx=0 tx=0).connect
2023-07-14T18:07:35.989 INFO:teuthology.orchestra.run.smithi133.stdout:/usr/bin/ceph: stderr
2023-07-14T18:07:35.328+0000 7fc2f5fb7700 1 -- --> [v2:172.21.15.133:3300/0,v1:172.21.15.133:6789/0] -- mon_getmap magic: 0 v1 -- 0x7fc2f007a830 con 0x7fc2f007bdf0
2023-07-14T18:07:35.989 INFO:teuthology.orchestra.run.smithi133.stdout:/usr/bin/ceph: stderr
2023-07-14T18:07:35.328+0000 7fc2ef7fe700 1 --2- >> [v2:172.21.15.133:3300/0,v1:172.21.15.133:6789/0] conn(0x7fc2f007bdf0 0x7fc2f007a2f0 unknown :-1 s=BANNER_CONNECTING pgs=0 cs=0 l=0 rev1=0 crypto rx=0 tx=0 comp rx=0 tx=0)._handle_peer_banner_payload supported=3 required=0
2023-07-14T18:07:35.989 INFO:teuthology.orchestra.run.smithi133.stdout:/usr/bin/ceph: stderr
2023-07-14T18:07:35.328+0000 7fc2ef7fe700 1 --2- >> [v2:172.21.15.133:3300/0,v1:172.21.15.133:6789/0] conn(0x7fc2f007bdf0 0x7fc2f007a2f0 unknown :-1 s=HELLO_CONNECTING pgs=0 cs=0 l=0 rev1=1 crypto rx=0 tx=0 comp rx=0 tx=0).handle_hello peer v2:172.21.15.133:3300/0 says I am v2:172.21.15.133:42734/0 (socket says 172.21.15.133:42734)
2023-07-14T18:07:35.989 INFO:teuthology.orchestra.run.smithi133.stdout:/usr/bin/ceph: stderr
2023-07-14T18:07:35.328+0000 7fc2ef7fe700 1 -- 172.21.15.133:0/335557352 learned_addr learned my addr 172.21.15.133:0/335557352 (peer_addr_for_me v2:172.21.15.133:0/0)
2023-07-14T18:07:35.989 INFO:teuthology.orchestra.run.smithi133.stdout:/usr/bin/ceph: stderr
2023-07-14T18:07:35.328+0000 7fc2ef7fe700 1 -- 172.21.15.133:0/335557352 --> [v2:172.21.15.133:3300/0,v1:172.21.15.133:6789/0] -- mon_subscribe({config=0+,monmap=0+}) v3 -- 0x7fc2f007a970 con 0x7fc2f007bdf0
2023-07-14T18:07:35.989 INFO:teuthology.orchestra.run.smithi133.stdout:/usr/bin/ceph: stderr
2023-07-14T18:07:35.328+0000 7fc2ef7fe700 1 --2- 172.21.15.133:0/335557352 >> [v2:172.21.15.133:3300/0,v1:172.21.15.133:6789/0] conn(0x7fc2f007bdf0 0x7fc2f007a2f0 secure :-1 s=READY pgs=51 cs=0 l=1 rev1=1 crypto rx=0x7fc2e00098a0 tx=0x7fc2e0009bb0 comp rx=0 tx=0).ready entity=mon.0 client_cookie=3b2c65ec52fe3bdc server_cookie=0 in_seq=0 out_seq=0
2023-07-14T18:07:35.990 INFO:teuthology.orchestra.run.smithi133.stdout:/usr/bin/ceph: stderr
2023-07-14T18:07:35.329+0000 7fc2ee7fc700 1 -- 172.21.15.133:0/335557352 <== mon.0 v2:172.21.15.133:3300/0 1 ==== mon_map magic: 0 v1 ==== 205+0+0 (secure 0 0 0) 0x7fc2e0004160 con 0x7fc2f007bdf0
2023-07-14T18:07:35.990 INFO:teuthology.orchestra.run.smithi133.stdout:/usr/bin/ceph: stderr
2023-07-14T18:07:35.329+0000 7fc2ee7fc700 1 -- 172.21.15.133:0/335557352 <== mon.0 v2:172.21.15.133:3300/0 2 ==== config(26 keys) v1 ==== 1105+0+0 (secure 0 0 0) 0x7fc2e00042c0 con 0x7fc2f007bdf0
2023-07-14T18:07:35.990 INFO:teuthology.orchestra.run.smithi133.stdout:/usr/bin/ceph: stderr
2023-07-14T18:07:35.329+0000 7fc2ee7fc700 1 -- 172.21.15.133:0/335557352 <== mon.0 v2:172.21.15.133:3300/0 3 ==== mon_map magic: 0 v1 ==== 205+0+0 (secure 0 0 0) 0x7fc2e00119b0 con 0x7fc2f007bdf0
2023-07-14T18:07:35.990 INFO:teuthology.orchestra.run.smithi133.stdout:/usr/bin/ceph: stderr
2023-07-14T18:07:35.329+0000 7fc2f5fb7700 1 -- 172.21.15.133:0/335557352 >> [v2:172.21.15.133:3300/0,v1:172.21.15.133:6789/0] conn(0x7fc2f007bdf0 msgr2=0x7fc2f007a2f0 secure :-1 s=STATE_CONNECTION_ESTABLISHED l=1).mark_down
2023-07-14T18:07:35.990 INFO:teuthology.orchestra.run.smithi133.stdout:/usr/bin/ceph: stderr
2023-07-14T18:07:35.329+0000 7fc2f5fb7700 1 --2- 172.21.15.133:0/335557352 >> [v2:172.21.15.133:3300/0,v1:172.21.15.133:6789/0] conn(0x7fc2f007bdf0 0x7fc2f007a2f0 secure :-1 s=READY pgs=51 cs=0 l=1 rev1=1 crypto rx=0x7fc2e00098a0 tx=0x7fc2e0009bb0 comp rx=0 tx=0).stop
2023-07-14T18:07:35.990 INFO:teuthology.orchestra.run.smithi133.stdout:/usr/bin/ceph: stderr
2023-07-14T18:07:35.329+0000 7fc2f5fb7700 1 -- 172.21.15.133:0/335557352 shutdown_connections
2023-07-14T18:07:35.990 INFO:teuthology.orchestra.run.smithi133.stdout:/usr/bin/ceph: stderr
2023-07-14T18:07:35.329+0000 7fc2f5fb7700 1 --2- 172.21.15.133:0/335557352 >> [v2:172.21.15.133:3300/0,v1:172.21.15.133:6789/0] conn(0x7fc2f007bdf0 0x7fc2f007a2f0 unknown :-1 s=CLOSED pgs=51 cs=0 l=1 rev1=1 crypto rx=0 tx=0 comp rx=0 tx=0).stop
2023-07-14T18:07:35.991 INFO:teuthology.orchestra.run.smithi133.stdout:/usr/bin/ceph: stderr
2023-07-14T18:07:35.329+0000 7fc2f5fb7700 1 -- 172.21.15.133:0/335557352 >> 172.21.15.133:0/335557352 conn(0x7fc2f0100ab0 msgr2=0x7fc2f0102ec0 unknown :-1 s=STATE_NONE l=0).mark_down
2023-07-14T18:07:35.991 INFO:teuthology.orchestra.run.smithi133.stdout:/usr/bin/ceph: stderr
2023-07-14T18:07:35.329+0000 7fc2f5fb7700 1 -- 172.21.15.133:0/335557352 shutdown_connections
2023-07-14T18:07:35.991 INFO:teuthology.orchestra.run.smithi133.stdout:/usr/bin/ceph: stderr
2023-07-14T18:07:35.329+0000 7fc2f5fb7700 1 -- 172.21.15.133:0/335557352 wait complete.
2023-07-14T18:07:35.991 INFO:teuthology.orchestra.run.smithi133.stdout:/usr/bin/ceph: stderr
2023-07-14T18:07:35.330+0000 7fc2f5fb7700 1 Processor -- start
2023-07-14T18:07:35.991 INFO:teuthology.orchestra.run.smithi133.stdout:/usr/bin/ceph: stderr
2023-07-14T18:07:35.331+0000 7fc2f5fb7700 1 -- start start
2023-07-14T18:07:35.991 INFO:teuthology.orchestra.run.smithi133.stdout:/usr/bin/ceph: stderr
2023-07-14T18:07:35.331+0000 7fc2f5fb7700 1 --2- >> [v2:172.21.15.133:3300/0,v1:172.21.15.133:6789/0] conn(0x7fc2f007bdf0 0x7fc2f019b390 unknown :-1 s=NONE pgs=0 cs=0 l=1 rev1=0 crypto rx=0 tx=0 comp rx=0 tx=0).connect
2023-07-14T18:07:35.991 INFO:teuthology.orchestra.run.smithi133.stdout:/usr/bin/ceph: stderr
2023-07-14T18:07:35.331+0000 7fc2f5fb7700 1 -- --> [v2:172.21.15.133:3300/0,v1:172.21.15.133:6789/0] -- mon_getmap magic: 0 v1 -- 0x7fc2f019b8d0 con 0x7fc2f007bdf0
2023-07-14T18:07:35.991 INFO:teuthology.orchestra.run.smithi133.stdout:/usr/bin/ceph: stderr
2023-07-14T18:07:35.331+0000 7fc2ef7fe700 1 --2- >> [v2:172.21.15.133:3300/0,v1:172.21.15.133:6789/0] conn(0x7fc2f007bdf0 0x7fc2f019b390 unknown :-1 s=BANNER_CONNECTING pgs=0 cs=0 l=1 rev1=0 crypto rx=0 tx=0 comp rx=0 tx=0)._handle_peer_banner_payload supported=3 required=0
2023-07-14T18:07:35.992 INFO:teuthology.orchestra.run.smithi133.stdout:/usr/bin/ceph: stderr
2023-07-14T18:07:35.331+0000 7fc2ef7fe700 1 --2- >> [v2:172.21.15.133:3300/0,v1:172.21.15.133:6789/0] conn(0x7fc2f007bdf0 0x7fc2f019b390 unknown :-1 s=HELLO_CONNECTING pgs=0 cs=0 l=1 rev1=1 crypto rx=0 tx=0 comp rx=0 tx=0).handle_hello peer v2:172.21.15.133:3300/0 says I am v2:172.21.15.133:42742/0 (socket says 172.21.15.133:42742)
2023-07-14T18:07:35.992 INFO:teuthology.orchestra.run.smithi133.stdout:/usr/bin/ceph: stderr
2023-07-14T18:07:35.331+0000 7fc2ef7fe700 1 -- 172.21.15.133:0/3353642607 learned_addr learned my addr 172.21.15.133:0/3353642607 (peer_addr_for_me v2:172.21.15.133:0/0)
2023-07-14T18:07:35.992 INFO:teuthology.orchestra.run.smithi133.stdout:/usr/bin/ceph: stderr
2023-07-14T18:07:35.331+0000 7fc2ef7fe700 1 -- 172.21.15.133:0/3353642607 --> [v2:172.21.15.133:3300/0,v1:172.21.15.133:6789/0] -- mon_subscribe({config=0+,monmap=0+}) v3 -- 0x7fc2e0009550 con 0x7fc2f007bdf0
2023-07-14T18:07:35.992 INFO:teuthology.orchestra.run.smithi133.stdout:/usr/bin/ceph: stderr
2023-07-14T18:07:35.332+0000 7fc2ef7fe700 1 --2- 172.21.15.133:0/3353642607 >> [v2:172.21.15.133:3300/0,v1:172.21.15.133:6789/0] conn(0x7fc2f007bdf0 0x7fc2f019b390 secure :-1 s=READY pgs=52 cs=0 l=1 rev1=1 crypto rx=0x7fc2e0000c00 tx=0x7fc2e0011a30 comp rx=0 tx=0).ready entity=mon.0 client_cookie=0 server_cookie=0 in_seq=0 out_seq=0
2023-07-14T18:07:35.992 INFO:teuthology.orchestra.run.smithi133.stdout:/usr/bin/ceph: stderr
2023-07-14T18:07:35.332+0000 7fc2ecff9700 1 -- 172.21.15.133:0/3353642607 <== mon.0 v2:172.21.15.133:3300/0 1 ==== mon_map magic: 0 v1 ==== 205+0+0 (secure 0 0 0) 0x7fc2e00039f0 con 0x7fc2f007bdf0
2023-07-14T18:07:35.992 INFO:teuthology.orchestra.run.smithi133.stdout:/usr/bin/ceph: stderr
2023-07-14T18:07:35.332+0000 7fc2ecff9700 1 -- 172.21.15.133:0/3353642607 <== mon.0 v2:172.21.15.133:3300/0 2 ==== config(26 keys) v1 ==== 1105+0+0 (secure 0 0 0) 0x7fc2e0003b50 con 0x7fc2f007bdf0
2023-07-14T18:07:35.992 INFO:teuthology.orchestra.run.smithi133.stdout:/usr/bin/ceph: stderr
2023-07-14T18:07:35.332+0000 7fc2ecff9700 1 -- 172.21.15.133:0/3353642607 <== mon.0 v2:172.21.15.133:3300/0 3 ==== mon_map magic: 0 v1 ==== 205+0+0 (secure 0 0 0) 0x7fc2e001a780 con 0x7fc2f007bdf0
2023-07-14T18:07:35.993 INFO:teuthology.orchestra.run.smithi133.stdout:/usr/bin/ceph: stderr
2023-07-14T18:07:35.332+0000 7fc2f5fb7700 1 -- 172.21.15.133:0/3353642607 --> [v2:172.21.15.133:3300/0,v1:172.21.15.133:6789/0] -- mon_subscribe({mgrmap=0+}) v3 -- 0x7fc2f019bad0 con 0x7fc2f007bdf0
2023-07-14T18:07:35.993 INFO:teuthology.orchestra.run.smithi133.stdout:/usr/bin/ceph: stderr
2023-07-14T18:07:35.332+0000 7fc2f5fb7700 1 -- 172.21.15.133:0/3353642607 --> [v2:172.21.15.133:3300/0,v1:172.21.15.133:6789/0] -- mon_subscribe({osdmap=0}) v3 -- 0x7fc2f019bef0 con 0x7fc2f007bdf0
2023-07-14T18:07:35.993 INFO:teuthology.orchestra.run.smithi133.stdout:/usr/bin/ceph: stderr
2023-07-14T18:07:35.333+0000 7fc2ecff9700 1 -- 172.21.15.133:0/3353642607 <== mon.0 v2:172.21.15.133:3300/0 4 ==== mgrmap(e 8) v1 ==== 45483+0+0 (secure 0 0 0) 0x7fc2e0024440 con 0x7fc2f007bdf0
2023-07-14T18:07:35.993 INFO:teuthology.orchestra.run.smithi133.stdout:/usr/bin/ceph: stderr
2023-07-14T18:07:35.333+0000 7fc2f5fb7700 1 -- 172.21.15.133:0/3353642607 --> [v2:172.21.15.133:3300/0,v1:172.21.15.133:6789/0] -- mon_command({"prefix": "get_command_descriptions"} v 0) v1 -- 0x7fc2f0061c70 con 0x7fc2f007bdf0
2023-07-14T18:07:35.993 INFO:teuthology.orchestra.run.smithi133.stdout:/usr/bin/ceph: stderr
2023-07-14T18:07:35.334+0000 7fc2ecff9700 1 --2- 172.21.15.133:0/3353642607 >> [v2:172.21.15.133:6800/2986586981,v1:172.21.15.133:6801/2986586981] conn(0x7fc2d8038710 0x7fc2d803abc0 unknown :-1 s=NONE pgs=0 cs=0 l=1 rev1=0 crypto rx=0 tx=0 comp rx=0 tx=0).connect
2023-07-14T18:07:35.993 INFO:teuthology.orchestra.run.smithi133.stdout:/usr/bin/ceph: stderr
2023-07-14T18:07:35.334+0000 7fc2ecff9700 1 -- 172.21.15.133:0/3353642607 <== mon.0 v2:172.21.15.133:3300/0 5 ==== osd_map(2..2 src has 1..2) v4 ==== 940+0+0 (secure 0 0 0) 0x7fc2e004c880 con 0x7fc2f007bdf0
2023-07-14T18:07:35.993 INFO:teuthology.orchestra.run.smithi133.stdout:/usr/bin/ceph: stderr
2023-07-14T18:07:35.334+0000 7fc2eeffd700 1 --2- 172.21.15.133:0/3353642607 >> [v2:172.21.15.133:6800/2986586981,v1:172.21.15.133:6801/2986586981] conn(0x7fc2d8038710 0x7fc2d803abc0 unknown :-1 s=BANNER_CONNECTING pgs=0 cs=0 l=1 rev1=0 crypto rx=0 tx=0 comp rx=0 tx=0)._handle_peer_banner_payload supported=3 required=0
2023-07-14T18:07:35.993 INFO:teuthology.orchestra.run.smithi133.stdout:/usr/bin/ceph: stderr
2023-07-14T18:07:35.334+0000 7fc2eeffd700 1 --2- 172.21.15.133:0/3353642607 >> [v2:172.21.15.133:6800/2986586981,v1:172.21.15.133:6801/2986586981] conn(0x7fc2d8038710 0x7fc2d803abc0 secure :-1 s=READY pgs=14 cs=0 l=1 rev1=1 crypto rx=0x7fc2e4006fd0 tx=0x7fc2e4006e40 comp rx=0 tx=0).ready entity=mgr.14120 client_cookie=0 server_cookie=0 in_seq=0 out_seq=0
2023-07-14T18:07:35.994 INFO:teuthology.orchestra.run.smithi133.stdout:/usr/bin/ceph: stderr
2023-07-14T18:07:35.339+0000 7fc2ecff9700 1 -- 172.21.15.133:0/3353642607 <== mon.0 v2:172.21.15.133:3300/0 6 ==== mon_command_ack([{"prefix": "get_command_descriptions"}]=0 v0) v1 ==== 72+0+178025 (secure 0 0 0) 0x7fc2e00246f0 con 0x7fc2f007bdf0
2023-07-14T18:07:35.994 INFO:teuthology.orchestra.run.smithi133.stdout:/usr/bin/ceph: stderr
2023-07-14T18:07:35.540+0000 7fc2f5fb7700 1 -- 172.21.15.133:0/3353642607 --> [v2:172.21.15.133:3300/0,v1:172.21.15.133:6789/0] -- mon_command([{prefix=config set, name=mgr/cephadm/container_init}] v 0) v1 -- 0x7fc2f019ed50 con 0x7fc2f007bdf0
2023-07-14T18:07:35.994 INFO:teuthology.orchestra.run.smithi133.stdout:/usr/bin/ceph: stderr
2023-07-14T18:07:35.543+0000 7fc2ecff9700 1 -- 172.21.15.133:0/3353642607 <== mon.0 v2:172.21.15.133:3300/0 7 ==== mon_command_ack([{prefix=config set, name=mgr/cephadm/container_init}]=0 v7)=0 v7) v1 ==== 142+0+0 (secure 0 0 0) 0x7fc2e0018350 con 0x7fc2f007bdf0
2023-07-14T18:07:35.994 INFO:teuthology.orchestra.run.smithi133.stdout:/usr/bin/ceph: stderr
2023-07-14T18:07:35.546+0000 7fc2f5fb7700 1 -- 172.21.15.133:0/3353642607 >> [v2:172.21.15.133:6800/2986586981,v1:172.21.15.133:6801/2986586981] conn(0x7fc2d8038710 msgr2=0x7fc2d803abc0 secure :-1 s=STATE_CONNECTION_ESTABLISHED l=1).mark_down
2023-07-14T18:07:35.994 INFO:teuthology.orchestra.run.smithi133.stdout:/usr/bin/ceph: stderr
2023-07-14T18:07:35.546+0000 7fc2f5fb7700 1 --2- 172.21.15.133:0/3353642607 >> [v2:172.21.15.133:6800/2986586981,v1:172.21.15.133:6801/2986586981] conn(0x7fc2d8038710 0x7fc2d803abc0 secure :-1 s=READY pgs=14 cs=0 l=1 rev1=1 crypto rx=0x7fc2e4006fd0 tx=0x7fc2e4006e40 comp rx=0 tx=0).stop
2023-07-14T18:07:35.994 INFO:teuthology.orchestra.run.smithi133.stdout:/usr/bin/ceph: stderr
2023-07-14T18:07:35.546+0000 7fc2f5fb7700 1 -- 172.21.15.133:0/3353642607 >> [v2:172.21.15.133:3300/0,v1:172.21.15.133:6789/0] conn(0x7fc2f007bdf0 msgr2=0x7fc2f019b390 secure :-1 s=STATE_CONNECTION_ESTABLISHED l=1).mark_down
2023-07-14T18:07:35.994 INFO:teuthology.orchestra.run.smithi133.stdout:/usr/bin/ceph: stderr
2023-07-14T18:07:35.546+0000 7fc2f5fb7700 1 --2- 172.21.15.133:0/3353642607 >> [v2:172.21.15.133:3300/0,v1:172.21.15.133:6789/0] conn(0x7fc2f007bdf0 0x7fc2f019b390 secure :-1 s=READY pgs=52 cs=0 l=1 rev1=1 crypto rx=0x7fc2e0000c00 tx=0x7fc2e0011a30 comp rx=0 tx=0).stop
2023-07-14T18:07:35.995 INFO:teuthology.orchestra.run.smithi133.stdout:/usr/bin/ceph: stderr
2023-07-14T18:07:35.546+0000 7fc2f5fb7700 1 -- 172.21.15.133:0/3353642607 shutdown_connections
2023-07-14T18:07:35.995 INFO:teuthology.orchestra.run.smithi133.stdout:/usr/bin/ceph: stderr
2023-07-14T18:07:35.546+0000 7fc2f5fb7700 1 --2- 172.21.15.133:0/3353642607 >> [v2:172.21.15.133:6800/2986586981,v1:172.21.15.133:6801/2986586981] conn(0x7fc2d8038710 0x7fc2d803abc0 unknown :-1 s=CLOSED pgs=14 cs=0 l=1 rev1=1 crypto rx=0 tx=0 comp rx=0 tx=0).stop
2023-07-14T18:07:35.995 INFO:teuthology.orchestra.run.smithi133.stdout:/usr/bin/ceph: stderr
2023-07-14T18:07:35.546+0000 7fc2f5fb7700 1 --2- 172.21.15.133:0/3353642607 >> [v2:172.21.15.133:3300/0,v1:172.21.15.133:6789/0] conn(0x7fc2f007bdf0 0x7fc2f019b390 unknown :-1 s=CLOSED pgs=52 cs=0 l=1 rev1=1 crypto rx=0 tx=0 comp rx=0 tx=0).stop
2023-07-14T18:07:35.995 INFO:teuthology.orchestra.run.smithi133.stdout:/usr/bin/ceph: stderr
2023-07-14T18:07:35.546+0000 7fc2f5fb7700 1 -- 172.21.15.133:0/3353642607 >> 172.21.15.133:0/3353642607 conn(0x7fc2f0100ab0 msgr2=0x7fc2f0101880 unknown :-1 s=STATE_NONE l=0).mark_down
2023-07-14T18:07:35.995 INFO:teuthology.orchestra.run.smithi133.stdout:/usr/bin/ceph: stderr
2023-07-14T18:07:35.547+0000 7fc2f5fb7700 1 -- 172.21.15.133:0/3353642607 shutdown_connections
2023-07-14T18:07:35.995 INFO:teuthology.orchestra.run.smithi133.stdout:/usr/bin/ceph: stderr
2023-07-14T18:07:35.547+0000 7fc2f5fb7700 1 -- 172.21.15.133:0/3353642607 wait complete.
2023-07-14T18:07:36.896 INFO:journalctl@ceph.mon.a.smithi133.stdout:Jul 14 18:07:36 smithi133 ceph-mon[126384]: from='client.? 172.21.15.133:0/3353642607' entity='client.admin'
2023-07-14T18:07:37.271 INFO:teuthology.orchestra.run.smithi133.stdout:/usr/bin/ceph: stderr
2023-07-14T18:07:36.527+0000 7f2c05ec4700 1 Processor -- start
2023-07-14T18:07:37.271 INFO:teuthology.orchestra.run.smithi133.stdout:/usr/bin/ceph: stderr
2023-07-14T18:07:36.527+0000 7f2c05ec4700 1 -- start start
2023-07-14T18:07:37.271 INFO:teuthology.orchestra.run.smithi133.stdout:/usr/bin/ceph: stderr
2023-07-14T18:07:36.528+0000 7f2c05ec4700 1 --2- >> [v2:172.21.15.133:3300/0,v1:172.21.15.133:6789/0] conn(0x7f2c0007bdf0 0x7f2c0007a2f0 unknown :-1 s=NONE pgs=0 cs=0 l=0 rev1=0 crypto rx=0 tx=0 comp rx=0 tx=0).connect
2023-07-14T18:07:37.271 INFO:teuthology.orchestra.run.smithi133.stdout:/usr/bin/ceph: stderr
2023-07-14T18:07:36.528+0000 7f2c05ec4700 1 -- --> [v2:172.21.15.133:3300/0,v1:172.21.15.133:6789/0] -- mon_getmap magic: 0 v1 -- 0x7f2c0007a830 con 0x7f2c0007bdf0
2023-07-14T18:07:37.272 INFO:teuthology.orchestra.run.smithi133.stdout:/usr/bin/ceph: stderr
2023-07-14T18:07:36.528+0000 7f2bff7fe700 1 --2- >> [v2:172.21.15.133:3300/0,v1:172.21.15.133:6789/0] conn(0x7f2c0007bdf0 0x7f2c0007a2f0 unknown :-1 s=BANNER_CONNECTING pgs=0 cs=0 l=0 rev1=0 crypto rx=0 tx=0 comp rx=0 tx=0)._handle_peer_banner_payload supported=3 required=0
2023-07-14T18:07:37.272 INFO:teuthology.orchestra.run.smithi133.stdout:/usr/bin/ceph: stderr
2023-07-14T18:07:36.528+0000 7f2bff7fe700 1 --2- >> [v2:172.21.15.133:3300/0,v1:172.21.15.133:6789/0] conn(0x7f2c0007bdf0 0x7f2c0007a2f0 unknown :-1 s=HELLO_CONNECTING pgs=0 cs=0 l=0 rev1=1 crypto rx=0 tx=0 comp rx=0 tx=0).handle_hello peer v2:172.21.15.133:3300/0 says I am v2:172.21.15.133:42750/0 (socket says 172.21.15.133:42750)
2023-07-14T18:07:37.275 INFO:teuthology.orchestra.run.smithi133.stdout:/usr/bin/ceph: stderr
2023-07-14T18:07:36.528+0000 7f2bff7fe700 1 -- 172.21.15.133:0/232616893 learned_addr learned my addr 172.21.15.133:0/232616893 (peer_addr_for_me v2:172.21.15.133:0/0)
2023-07-14T18:07:37.276 INFO:teuthology.orchestra.run.smithi133.stdout:/usr/bin/ceph: stderr
2023-07-14T18:07:36.528+0000 7f2bff7fe700 1 -- 172.21.15.133:0/232616893 --> [v2:172.21.15.133:3300/0,v1:172.21.15.133:6789/0] -- mon_subscribe({config=0+,monmap=0+}) v3 -- 0x7f2c0007a970 con 0x7f2c0007bdf0
2023-07-14T18:07:37.276 INFO:teuthology.orchestra.run.smithi133.stdout:/usr/bin/ceph: stderr
2023-07-14T18:07:36.528+0000 7f2bff7fe700 1 --2- 172.21.15.133:0/232616893 >> [v2:172.21.15.133:3300/0,v1:172.21.15.133:6789/0] conn(0x7f2c0007bdf0 0x7f2c0007a2f0 secure :-1 s=READY pgs=53 cs=0 l=1 rev1=1 crypto rx=0x7f2bf00098a0 tx=0x7f2bf0009bb0 comp rx=0 tx=0).ready entity=mon.0 client_cookie=67b5e40b0e473ece server_cookie=0 in_seq=0 out_seq=0
2023-07-14T18:07:37.276 INFO:teuthology.orchestra.run.smithi133.stdout:/usr/bin/ceph: stderr
2023-07-14T18:07:36.529+0000 7f2bfe7fc700 1 -- 172.21.15.133:0/232616893 <== mon.0 v2:172.21.15.133:3300/0 1 ==== mon_map magic: 0 v1 ==== 205+0+0 (secure 0 0 0) 0x7f2bf0004160 con 0x7f2c0007bdf0
2023-07-14T18:07:37.276 INFO:teuthology.orchestra.run.smithi133.stdout:/usr/bin/ceph: stderr
2023-07-14T18:07:36.529+0000 7f2bfe7fc700 1 -- 172.21.15.133:0/232616893 <== mon.0 v2:172.21.15.133:3300/0 2 ==== config(26 keys) v1 ==== 1105+0+0 (secure 0 0 0) 0x7f2bf00042c0 con 0x7f2c0007bdf0
2023-07-14T18:07:37.276 INFO:teuthology.orchestra.run.smithi133.stdout:/usr/bin/ceph: stderr
2023-07-14T18:07:36.529+0000 7f2bfe7fc700 1 -- 172.21.15.133:0/232616893 <== mon.0 v2:172.21.15.133:3300/0 3 ==== mon_map magic: 0 v1 ==== 205+0+0 (secure 0 0 0) 0x7f2bf00119b0 con 0x7f2c0007bdf0
2023-07-14T18:07:37.276 INFO:teuthology.orchestra.run.smithi133.stdout:/usr/bin/ceph: stderr
2023-07-14T18:07:36.529+0000 7f2c05ec4700 1 -- 172.21.15.133:0/232616893 >> [v2:172.21.15.133:3300/0,v1:172.21.15.133:6789/0] conn(0x7f2c0007bdf0 msgr2=0x7f2c0007a2f0 secure :-1 s=STATE_CONNECTION_ESTABLISHED l=1).mark_down
2023-07-14T18:07:37.277 INFO:teuthology.orchestra.run.smithi133.stdout:/usr/bin/ceph: stderr
2023-07-14T18:07:36.529+0000 7f2c05ec4700 1 --2- 172.21.15.133:0/232616893 >> [v2:172.21.15.133:3300/0,v1:172.21.15.133:6789/0] conn(0x7f2c0007bdf0 0x7f2c0007a2f0 secure :-1 s=READY pgs=53 cs=0 l=1 rev1=1 crypto rx=0x7f2bf00098a0 tx=0x7f2bf0009bb0 comp rx=0 tx=0).stop
2023-07-14T18:07:37.277 INFO:teuthology.orchestra.run.smithi133.stdout:/usr/bin/ceph: stderr
2023-07-14T18:07:36.529+0000 7f2c05ec4700 1 -- 172.21.15.133:0/232616893 shutdown_connections
2023-07-14T18:07:37.277 INFO:teuthology.orchestra.run.smithi133.stdout:/usr/bin/ceph: stderr
2023-07-14T18:07:36.529+0000 7f2c05ec4700 1 --2- 172.21.15.133:0/232616893 >> [v2:172.21.15.133:3300/0,v1:172.21.15.133:6789/0] conn(0x7f2c0007bdf0 0x7f2c0007a2f0 unknown :-1 s=CLOSED pgs=53 cs=0 l=1 rev1=1 crypto rx=0 tx=0 comp rx=0 tx=0).stop
2023-07-14T18:07:37.277 INFO:teuthology.orchestra.run.smithi133.stdout:/usr/bin/ceph: stderr
2023-07-14T18:07:36.529+0000 7f2c05ec4700 1 -- 172.21.15.133:0/232616893 >> 172.21.15.133:0/232616893 conn(0x7f2c00100ab0 msgr2=0x7f2c00102ec0 unknown :-1 s=STATE_NONE l=0).mark_down
2023-07-14T18:07:37.277 INFO:teuthology.orchestra.run.smithi133.stdout:/usr/bin/ceph: stderr
2023-07-14T18:07:36.529+0000 7f2c05ec4700 1 -- 172.21.15.133:0/232616893 shutdown_connections
2023-07-14T18:07:37.277 INFO:teuthology.orchestra.run.smithi133.stdout:/usr/bin/ceph: stderr
2023-07-14T18:07:36.529+0000 7f2c05ec4700 1 -- 172.21.15.133:0/232616893 wait complete.
2023-07-14T18:07:37.278 INFO:teuthology.orchestra.run.smithi133.stdout:/usr/bin/ceph: stderr
2023-07-14T18:07:36.530+0000 7f2c05ec4700 1 Processor -- start
2023-07-14T18:07:37.278 INFO:teuthology.orchestra.run.smithi133.stdout:/usr/bin/ceph: stderr
2023-07-14T18:07:36.531+0000 7f2c05ec4700 1 -- start start
2023-07-14T18:07:37.278 INFO:teuthology.orchestra.run.smithi133.stdout:/usr/bin/ceph: stderr
2023-07-14T18:07:36.531+0000 7f2c05ec4700 1 --2- >> [v2:172.21.15.133:3300/0,v1:172.21.15.133:6789/0] conn(0x7f2c0007bdf0 0x7f2c0019b360 unknown :-1 s=NONE pgs=0 cs=0 l=1 rev1=0 crypto rx=0 tx=0 comp rx=0 tx=0).connect
2023-07-14T18:07:37.278 INFO:teuthology.orchestra.run.smithi133.stdout:/usr/bin/ceph: stderr
2023-07-14T18:07:36.531+0000 7f2c05ec4700 1 -- --> [v2:172.21.15.133:3300/0,v1:172.21.15.133:6789/0] -- mon_getmap magic: 0 v1 -- 0x7f2c0019b8a0 con 0x7f2c0007bdf0
2023-07-14T18:07:37.278 INFO:teuthology.orchestra.run.smithi133.stdout:/usr/bin/ceph: stderr
2023-07-14T18:07:36.531+0000 7f2bff7fe700 1 --2- >> [v2:172.21.15.133:3300/0,v1:172.21.15.133:6789/0] conn(0x7f2c0007bdf0 0x7f2c0019b360 unknown :-1 s=BANNER_CONNECTING pgs=0 cs=0 l=1 rev1=0 crypto rx=0 tx=0 comp rx=0 tx=0)._handle_peer_banner_payload supported=3 required=0
2023-07-14T18:07:37.278 INFO:teuthology.orchestra.run.smithi133.stdout:/usr/bin/ceph: stderr
2023-07-14T18:07:36.531+0000 7f2bff7fe700 1 --2- >> [v2:172.21.15.133:3300/0,v1:172.21.15.133:6789/0] conn(0x7f2c0007bdf0 0x7f2c0019b360 unknown :-1 s=HELLO_CONNECTING pgs=0 cs=0 l=1 rev1=1 crypto rx=0 tx=0 comp rx=0 tx=0).handle_hello peer v2:172.21.15.133:3300/0 says I am v2:172.21.15.133:42762/0 (socket says 172.21.15.133:42762)
2023-07-14T18:07:37.278 INFO:teuthology.orchestra.run.smithi133.stdout:/usr/bin/ceph: stderr
2023-07-14T18:07:36.531+0000 7f2bff7fe700 1 -- 172.21.15.133:0/3399090105 learned_addr learned my addr 172.21.15.133:0/3399090105 (peer_addr_for_me v2:172.21.15.133:0/0)
2023-07-14T18:07:37.278 INFO:teuthology.orchestra.run.smithi133.stdout:/usr/bin/ceph: stderr
2023-07-14T18:07:36.531+0000 7f2bff7fe700 1 -- 172.21.15.133:0/3399090105 --> [v2:172.21.15.133:3300/0,v1:172.21.15.133:6789/0] -- mon_subscribe({config=0+,monmap=0+}) v3 -- 0x7f2bf0009550 con 0x7f2c0007bdf0
2023-07-14T18:07:37.279 INFO:teuthology.orchestra.run.smithi133.stdout:/usr/bin/ceph: stderr
2023-07-14T18:07:36.532+0000 7f2bff7fe700 1 --2- 172.21.15.133:0/3399090105 >> [v2:172.21.15.133:3300/0,v1:172.21.15.133:6789/0] conn(0x7f2c0007bdf0 0x7f2c0019b360 secure :-1 s=READY pgs=54 cs=0 l=1 rev1=1 crypto rx=0x7f2bf0003e60 tx=0x7f2bf0011aa0 comp rx=0 tx=0).ready entity=mon.0 client_cookie=0 server_cookie=0 in_seq=0 out_seq=0
2023-07-14T18:07:37.279 INFO:teuthology.orchestra.run.smithi133.stdout:/usr/bin/ceph: stderr
2023-07-14T18:07:36.532+0000 7f2bfcff9700 1 -- 172.21.15.133:0/3399090105 <== mon.0 v2:172.21.15.133:3300/0 1 ==== mon_map magic: 0 v1 ==== 205+0+0 (secure 0 0 0) 0x7f2bf0003970 con 0x7f2c0007bdf0
2023-07-14T18:07:37.279 INFO:teuthology.orchestra.run.smithi133.stdout:/usr/bin/ceph: stderr
2023-07-14T18:07:36.532+0000 7f2bfcff9700 1 -- 172.21.15.133:0/3399090105 <== mon.0 v2:172.21.15.133:3300/0 2 ==== config(26 keys) v1 ==== 1105+0+0 (secure 0 0 0) 0x7f2bf0003ad0 con 0x7f2c0007bdf0
2023-07-14T18:07:37.279 INFO:teuthology.orchestra.run.smithi133.stdout:/usr/bin/ceph: stderr
2023-07-14T18:07:36.532+0000 7f2c05ec4700 1 -- 172.21.15.133:0/3399090105 --> [v2:172.21.15.133:3300/0,v1:172.21.15.133:6789/0] -- mon_subscribe({mgrmap=0+}) v3 -- 0x7f2c0019baa0 con 0x7f2c0007bdf0
2023-07-14T18:07:37.279 INFO:teuthology.orchestra.run.smithi133.stdout:/usr/bin/ceph: stderr
2023-07-14T18:07:36.532+0000 7f2bfcff9700 1 -- 172.21.15.133:0/3399090105 <== mon.0 v2:172.21.15.133:3300/0 3 ==== mon_map magic: 0 v1 ==== 205+0+0 (secure 0 0 0) 0x7f2bf00195e0 con 0x7f2c0007bdf0
2023-07-14T18:07:37.279 INFO:teuthology.orchestra.run.smithi133.stdout:/usr/bin/ceph: stderr
2023-07-14T18:07:36.532+0000 7f2c05ec4700 1 -- 172.21.15.133:0/3399090105 --> [v2:172.21.15.133:3300/0,v1:172.21.15.133:6789/0] -- mon_subscribe({osdmap=0}) v3 -- 0x7f2c0019bec0 con 0x7f2c0007bdf0
2023-07-14T18:07:37.279 INFO:teuthology.orchestra.run.smithi133.stdout:/usr/bin/ceph: stderr
2023-07-14T18:07:36.533+0000 7f2bfcff9700 1 -- 172.21.15.133:0/3399090105 <== mon.0 v2:172.21.15.133:3300/0 4 ==== mgrmap(e 8) v1 ==== 45483+0+0 (secure 0 0 0) 0x7f2bf0019850 con 0x7f2c0007bdf0
2023-07-14T18:07:37.280 INFO:teuthology.orchestra.run.smithi133.stdout:/usr/bin/ceph: stderr
2023-07-14T18:07:36.533+0000 7f2c05ec4700 1 -- 172.21.15.133:0/3399090105 --> [v2:172.21.15.133:3300/0,v1:172.21.15.133:6789/0] -- mon_command({"prefix": "get_command_descriptions"} v 0) v1 -- 0x7f2c00061c70 con 0x7f2c0007bdf0
2023-07-14T18:07:37.280 INFO:teuthology.orchestra.run.smithi133.stdout:/usr/bin/ceph: stderr
2023-07-14T18:07:36.534+0000 7f2bfcff9700 1 --2- 172.21.15.133:0/3399090105 >> [v2:172.21.15.133:6800/2986586981,v1:172.21.15.133:6801/2986586981] conn(0x7f2be8038710 0x7f2be803abc0 unknown :-1 s=NONE pgs=0 cs=0 l=1 rev1=0 crypto rx=0 tx=0 comp rx=0 tx=0).connect
2023-07-14T18:07:37.280 INFO:teuthology.orchestra.run.smithi133.stdout:/usr/bin/ceph: stderr
2023-07-14T18:07:36.534+0000 7f2bfcff9700 1 -- 172.21.15.133:0/3399090105 <== mon.0 v2:172.21.15.133:3300/0 5 ==== osd_map(2..2 src has 1..2) v4 ==== 940+0+0 (secure 0 0 0) 0x7f2bf004c8a0 con 0x7f2c0007bdf0
2023-07-14T18:07:37.280 INFO:teuthology.orchestra.run.smithi133.stdout:/usr/bin/ceph: stderr
2023-07-14T18:07:36.534+0000 7f2bfeffd700 1 --2- 172.21.15.133:0/3399090105 >> [v2:172.21.15.133:6800/2986586981,v1:172.21.15.133:6801/2986586981] conn(0x7f2be8038710 0x7f2be803abc0 unknown :-1 s=BANNER_CONNECTING pgs=0 cs=0 l=1 rev1=0 crypto rx=0 tx=0 comp rx=0 tx=0)._handle_peer_banner_payload supported=3 required=0
2023-07-14T18:07:37.280 INFO:teuthology.orchestra.run.smithi133.stdout:/usr/bin/ceph: stderr
2023-07-14T18:07:36.535+0000 7f2bfeffd700 1 --2- 172.21.15.133:0/3399090105 >> [v2:172.21.15.133:6800/2986586981,v1:172.21.15.133:6801/2986586981] conn(0x7f2be8038710 0x7f2be803abc0 secure :-1 s=READY pgs=15 cs=0 l=1 rev1=1 crypto rx=0x7f2bf4006fd0 tx=0x7f2bf4006e40 comp rx=0 tx=0).ready entity=mgr.14120 client_cookie=0 server_cookie=0 in_seq=0 out_seq=0
2023-07-14T18:07:37.280 INFO:teuthology.orchestra.run.smithi133.stdout:/usr/bin/ceph: stderr
2023-07-14T18:07:36.539+0000 7f2bfcff9700 1 -- 172.21.15.133:0/3399090105 <== mon.0 v2:172.21.15.133:3300/0 6 ==== mon_command_ack([{"prefix": "get_command_descriptions"}]=0 v0) v1 ==== 72+0+178025 (secure 0 0 0) 0x7f2bf0003c40 con 0x7f2c0007bdf0
2023-07-14T18:07:37.280 INFO:teuthology.orchestra.run.smithi133.stdout:/usr/bin/ceph: stderr
2023-07-14T18:07:36.744+0000 7f2c05ec4700 1 -- 172.21.15.133:0/3399090105 --> [v2:172.21.15.133:3300/0,v1:172.21.15.133:6789/0] -- mon_command([{prefix=config set, name=mgr/dashboard/ssl_server_port}] v 0) v1 -- 0x7f2c0019ed20 con 0x7f2c0007bdf0
2023-07-14T18:07:37.281 INFO:teuthology.orchestra.run.smithi133.stdout:/usr/bin/ceph: stderr
2023-07-14T18:07:36.750+0000 7f2bfcff9700 1 -- 172.21.15.133:0/3399090105 <== mon.0 v2:172.21.15.133:3300/0 7 ==== mon_command_ack([{prefix=config set, name=mgr/dashboard/ssl_server_port}]=0 v8)=0 v8) v1 ==== 130+0+0 (secure 0 0 0) 0x7f2bf0023b80 con 0x7f2c0007bdf0
2023-07-14T18:07:37.281 INFO:teuthology.orchestra.run.smithi133.stdout:/usr/bin/ceph: stderr
2023-07-14T18:07:36.752+0000 7f2c05ec4700 1 -- 172.21.15.133:0/3399090105 >> [v2:172.21.15.133:6800/2986586981,v1:172.21.15.133:6801/2986586981] conn(0x7f2be8038710 msgr2=0x7f2be803abc0 secure :-1 s=STATE_CONNECTION_ESTABLISHED l=1).mark_down
2023-07-14T18:07:37.281 INFO:teuthology.orchestra.run.smithi133.stdout:/usr/bin/ceph: stderr
2023-07-14T18:07:36.752+0000 7f2c05ec4700 1 --2- 172.21.15.133:0/3399090105 >> [v2:172.21.15.133:6800/2986586981,v1:172.21.15.133:6801/2986586981] conn(0x7f2be8038710 0x7f2be803abc0 secure :-1 s=READY pgs=15 cs=0 l=1 rev1=1 crypto rx=0x7f2bf4006fd0 tx=0x7f2bf4006e40 comp rx=0 tx=0).stop
2023-07-14T18:07:37.281 INFO:teuthology.orchestra.run.smithi133.stdout:/usr/bin/ceph: stderr
2023-07-14T18:07:36.752+0000 7f2c05ec4700 1 -- 172.21.15.133:0/3399090105 >> [v2:172.21.15.133:3300/0,v1:172.21.15.133:6789/0] conn(0x7f2c0007bdf0 msgr2=0x7f2c0019b360 secure :-1 s=STATE_CONNECTION_ESTABLISHED l=1).mark_down
2023-07-14T18:07:37.281 INFO:teuthology.orchestra.run.smithi133.stdout:/usr/bin/ceph: stderr
2023-07-14T18:07:36.752+0000 7f2c05ec4700 1 --2- 172.21.15.133:0/3399090105 >> [v2:172.21.15.133:3300/0,v1:172.21.15.133:6789/0] conn(0x7f2c0007bdf0 0x7f2c0019b360 secure :-1 s=READY pgs=54 cs=0 l=1 rev1=1 crypto rx=0x7f2bf0003e60 tx=0x7f2bf0011aa0 comp rx=0 tx=0).stop
2023-07-14T18:07:37.281 INFO:teuthology.orchestra.run.smithi133.stdout:/usr/bin/ceph: stderr
2023-07-14T18:07:36.753+0000 7f2c05ec4700 1 -- 172.21.15.133:0/3399090105 shutdown_connections
2023-07-14T18:07:37.281 INFO:teuthology.orchestra.run.smithi133.stdout:/usr/bin/ceph: stderr
2023-07-14T18:07:36.753+0000 7f2c05ec4700 1 --2- 172.21.15.133:0/3399090105 >> [v2:172.21.15.133:6800/2986586981,v1:172.21.15.133:6801/2986586981] conn(0x7f2be8038710 0x7f2be803abc0 unknown :-1 s=CLOSED pgs=15 cs=0 l=1 rev1=1 crypto rx=0 tx=0 comp rx=0 tx=0).stop
2023-07-14T18:07:37.282 INFO:teuthology.orchestra.run.smithi133.stdout:/usr/bin/ceph: stderr
2023-07-14T18:07:36.753+0000 7f2c05ec4700 1 --2- 172.21.15.133:0/3399090105 >> [v2:172.21.15.133:3300/0,v1:172.21.15.133:6789/0] conn(0x7f2c0007bdf0 0x7f2c0019b360 unknown :-1 s=CLOSED pgs=54 cs=0 l=1 rev1=1 crypto rx=0 tx=0 comp rx=0 tx=0).stop
2023-07-14T18:07:37.282 INFO:teuthology.orchestra.run.smithi133.stdout:/usr/bin/ceph: stderr
2023-07-14T18:07:36.753+0000 7f2c05ec4700 1 -- 172.21.15.133:0/3399090105 >> 172.21.15.133:0/3399090105 conn(0x7f2c00100ab0 msgr2=0x7f2c00102130 unknown :-1 s=STATE_NONE l=0).mark_down
2023-07-14T18:07:37.282 INFO:teuthology.orchestra.run.smithi133.stdout:/usr/bin/ceph: stderr
2023-07-14T18:07:36.753+0000 7f2c05ec4700 1 -- 172.21.15.133:0/3399090105 shutdown_connections
2023-07-14T18:07:37.282 INFO:teuthology.orchestra.run.smithi133.stdout:/usr/bin/ceph: stderr
2023-07-14T18:07:36.753+0000 7f2c05ec4700 1 -- 172.21.15.133:0/3399090105 wait complete.
2023-07-14T18:07:37.282 INFO:teuthology.orchestra.run.smithi133.stdout:Enabling the dashboard module...
2023-07-14T18:07:37.896 INFO:journalctl@ceph.mon.a.smithi133.stdout:Jul 14 18:07:37 smithi133 ceph-mon[126384]: from='client.? 172.21.15.133:0/3399090105' entity='client.admin'
2023-07-14T18:07:37.896 INFO:journalctl@ceph.mon.a.smithi133.stdout:Jul 14 18:07:37 smithi133 ceph-mon[126384]: from='mgr.14120 172.21.15.133:0/1173332444' entity='mgr.x'
2023-07-14T18:07:39.109 INFO:journalctl@ceph.mon.a.smithi133.stdout:Jul 14 18:07:38 smithi133 ceph-mon[126384]: from='client.? 172.21.15.133:0/1582719483' entity='client.admin' cmd=[{"prefix": "mgr module enable", "module": "dashboard"}]: dispatch
2023-07-14T18:07:39.109 INFO:journalctl@ceph.mon.a.smithi133.stdout:Jul 14 18:07:38 smithi133 ceph-mon[126384]: from='mgr.14120 172.21.15.133:0/1173332444' entity='mgr.x'
2023-07-14T18:07:39.110 INFO:journalctl@ceph.mgr.x.smithi133.stdout:Jul 14 18:07:38 smithi133 ceph-06d0f5fa-2271-11ee-9b33-001a4aab830c-mgr-x[126634]: ignoring --setuser ceph since I am not root
2023-07-14T18:07:39.110 INFO:journalctl@ceph.mgr.x.smithi133.stdout:Jul 14 18:07:38 smithi133 ceph-06d0f5fa-2271-11ee-9b33-001a4aab830c-mgr-x[126634]: ignoring --setgroup ceph since I am not root
2023-07-14T18:07:39.110 INFO:journalctl@ceph.mgr.x.smithi133.stdout:Jul 14 18:07:39 smithi133 ceph-06d0f5fa-2271-11ee-9b33-001a4aab830c-mgr-x[126634]:
2023-07-14T18:07:39.074+0000 7fa6c6e05200 -1 mgr[py] Module devicehealth has missing NOTIFY_TYPES member
2023-07-14T18:07:39.264 INFO:teuthology.orchestra.run.smithi133.stdout:/usr/bin/ceph: stderr
2023-07-14T18:07:37.802+0000 7f6d0c0c0700 1 Processor -- start
2023-07-14T18:07:39.264 INFO:teuthology.orchestra.run.smithi133.stdout:/usr/bin/ceph: stderr
2023-07-14T18:07:37.802+0000 7f6d0c0c0700 1 -- start start
2023-07-14T18:07:39.265 INFO:teuthology.orchestra.run.smithi133.stdout:/usr/bin/ceph: stderr
2023-07-14T18:07:37.802+0000 7f6d0c0c0700 1 --2- >> [v2:172.21.15.133:3300/0,v1:172.21.15.133:6789/0] conn(0x7f6d0407be10 0x7f6d0407a310 unknown :-1 s=NONE pgs=0 cs=0 l=0 rev1=0 crypto rx=0 tx=0 comp rx=0 tx=0).connect
2023-07-14T18:07:39.265 INFO:teuthology.orchestra.run.smithi133.stdout:/usr/bin/ceph: stderr
2023-07-14T18:07:37.802+0000 7f6d0c0c0700 1 -- --> [v2:172.21.15.133:3300/0,v1:172.21.15.133:6789/0] -- mon_getmap magic: 0 v1 -- 0x7f6d0407a850 con 0x7f6d0407be10
2023-07-14T18:07:39.265 INFO:teuthology.orchestra.run.smithi133.stdout:/usr/bin/ceph: stderr
2023-07-14T18:07:37.803+0000 7f6d09e5c700 1 --2- >> [v2:172.21.15.133:3300/0,v1:172.21.15.133:6789/0] conn(0x7f6d0407be10 0x7f6d0407a310 unknown :-1 s=BANNER_CONNECTING pgs=0 cs=0 l=0 rev1=0 crypto rx=0 tx=0 comp rx=0 tx=0)._handle_peer_banner_payload supported=3 required=0
2023-07-14T18:07:39.265 INFO:teuthology.orchestra.run.smithi133.stdout:/usr/bin/ceph: stderr
2023-07-14T18:07:37.803+0000 7f6d09e5c700 1 --2- >> [v2:172.21.15.133:3300/0,v1:172.21.15.133:6789/0] conn(0x7f6d0407be10 0x7f6d0407a310 unknown :-1 s=HELLO_CONNECTING pgs=0 cs=0 l=0 rev1=1 crypto rx=0 tx=0 comp rx=0 tx=0).handle_hello peer v2:172.21.15.133:3300/0 says I am v2:172.21.15.133:47652/0 (socket says 172.21.15.133:47652)
2023-07-14T18:07:39.265 INFO:teuthology.orchestra.run.smithi133.stdout:/usr/bin/ceph: stderr
2023-07-14T18:07:37.803+0000 7f6d09e5c700 1 -- 172.21.15.133:0/547220920 learned_addr learned my addr 172.21.15.133:0/547220920 (peer_addr_for_me v2:172.21.15.133:0/0)
2023-07-14T18:07:39.265 INFO:teuthology.orchestra.run.smithi133.stdout:/usr/bin/ceph: stderr
2023-07-14T18:07:37.803+0000 7f6d09e5c700 1 -- 172.21.15.133:0/547220920 --> [v2:172.21.15.133:3300/0,v1:172.21.15.133:6789/0] -- mon_subscribe({config=0+,monmap=0+}) v3 -- 0x7f6d0407a990 con 0x7f6d0407be10
2023-07-14T18:07:39.266 INFO:teuthology.orchestra.run.smithi133.stdout:/usr/bin/ceph: stderr
2023-07-14T18:07:37.803+0000 7f6d09e5c700 1 --2- 172.21.15.133:0/547220920 >> [v2:172.21.15.133:3300/0,v1:172.21.15.133:6789/0] conn(0x7f6d0407be10 0x7f6d0407a310 secure :-1 s=READY pgs=55 cs=0 l=1 rev1=1 crypto rx=0x7f6d000098a0 tx=0x7f6d00009bb0 comp rx=0 tx=0).ready entity=mon.0 client_cookie=f516519c443a7a46 server_cookie=0 in_seq=0 out_seq=0
2023-07-14T18:07:39.266 INFO:teuthology.orchestra.run.smithi133.stdout:/usr/bin/ceph: stderr
2023-07-14T18:07:37.804+0000 7f6d08e5a700 1 -- 172.21.15.133:0/547220920 <== mon.0 v2:172.21.15.133:3300/0 1 ==== mon_map magic: 0 v1 ==== 205+0+0 (secure 0 0 0) 0x7f6d00004160 con 0x7f6d0407be10
2023-07-14T18:07:39.266 INFO:teuthology.orchestra.run.smithi133.stdout:/usr/bin/ceph: stderr
2023-07-14T18:07:37.804+0000 7f6d08e5a700 1 -- 172.21.15.133:0/547220920 <== mon.0 v2:172.21.15.133:3300/0 2 ==== config(26 keys) v1 ==== 1105+0+0 (secure 0 0 0) 0x7f6d000042c0 con 0x7f6d0407be10
2023-07-14T18:07:39.266 INFO:teuthology.orchestra.run.smithi133.stdout:/usr/bin/ceph: stderr
2023-07-14T18:07:37.804+0000 7f6d08e5a700 1 -- 172.21.15.133:0/547220920 <== mon.0 v2:172.21.15.133:3300/0 3 ==== mon_map magic: 0 v1 ==== 205+0+0 (secure 0 0 0) 0x7f6d000119b0 con 0x7f6d0407be10
2023-07-14T18:07:39.266 INFO:teuthology.orchestra.run.smithi133.stdout:/usr/bin/ceph: stderr
2023-07-14T18:07:37.804+0000 7f6d0c0c0700 1 -- 172.21.15.133:0/547220920 >> [v2:172.21.15.133:3300/0,v1:172.21.15.133:6789/0] conn(0x7f6d0407be10 msgr2=0x7f6d0407a310 secure :-1 s=STATE_CONNECTION_ESTABLISHED l=1).mark_down
2023-07-14T18:07:39.266 INFO:teuthology.orchestra.run.smithi133.stdout:/usr/bin/ceph: stderr
2023-07-14T18:07:37.804+0000 7f6d0c0c0700 1 --2- 172.21.15.133:0/547220920 >> [v2:172.21.15.133:3300/0,v1:172.21.15.133:6789/0] conn(0x7f6d0407be10 0x7f6d0407a310 secure :-1 s=READY pgs=55 cs=0 l=1 rev1=1 crypto rx=0x7f6d000098a0 tx=0x7f6d00009bb0 comp rx=0 tx=0).stop
2023-07-14T18:07:39.266 INFO:teuthology.orchestra.run.smithi133.stdout:/usr/bin/ceph: stderr
2023-07-14T18:07:37.805+0000 7f6d0c0c0700 1 -- 172.21.15.133:0/547220920 shutdown_connections
2023-07-14T18:07:39.267 INFO:teuthology.orchestra.run.smithi133.stdout:/usr/bin/ceph: stderr
2023-07-14T18:07:37.805+0000 7f6d0c0c0700 1 --2- 172.21.15.133:0/547220920 >> [v2:172.21.15.133:3300/0,v1:172.21.15.133:6789/0] conn(0x7f6d0407be10 0x7f6d0407a310 unknown :-1 s=CLOSED pgs=55 cs=0 l=1 rev1=1 crypto rx=0 tx=0 comp rx=0 tx=0).stop
2023-07-14T18:07:39.267 INFO:teuthology.orchestra.run.smithi133.stdout:/usr/bin/ceph: stderr
2023-07-14T18:07:37.805+0000 7f6d0c0c0700 1 -- 172.21.15.133:0/547220920 >> 172.21.15.133:0/547220920 conn(0x7f6d04100ab0 msgr2=0x7f6d04102ec0 unknown :-1 s=STATE_NONE l=0).mark_down
2023-07-14T18:07:39.267 INFO:teuthology.orchestra.run.smithi133.stdout:/usr/bin/ceph: stderr
2023-07-14T18:07:37.805+0000 7f6d0c0c0700 1 -- 172.21.15.133:0/547220920 shutdown_connections
2023-07-14T18:07:39.267 INFO:teuthology.orchestra.run.smithi133.stdout:/usr/bin/ceph: stderr
2023-07-14T18:07:37.805+0000 7f6d0c0c0700 1 -- 172.21.15.133:0/547220920 wait complete.
2023-07-14T18:07:39.267 INFO:teuthology.orchestra.run.smithi133.stdout:/usr/bin/ceph: stderr
2023-07-14T18:07:37.806+0000 7f6d0c0c0700 1 Processor -- start
2023-07-14T18:07:39.268 INFO:teuthology.orchestra.run.smithi133.stdout:/usr/bin/ceph: stderr
2023-07-14T18:07:37.806+0000 7f6d0c0c0700 1 -- start start
2023-07-14T18:07:39.268 INFO:teuthology.orchestra.run.smithi133.stdout:/usr/bin/ceph: stderr
2023-07-14T18:07:37.806+0000 7f6d0c0c0700 1 --2- >> [v2:172.21.15.133:3300/0,v1:172.21.15.133:6789/0] conn(0x7f6d0407be10 0x7f6d0419b3a0 unknown :-1 s=NONE pgs=0 cs=0 l=1 rev1=0 crypto rx=0 tx=0 comp rx=0 tx=0).connect
2023-07-14T18:07:39.268 INFO:teuthology.orchestra.run.smithi133.stdout:/usr/bin/ceph: stderr
2023-07-14T18:07:37.806+0000 7f6d0c0c0700 1 -- --> [v2:172.21.15.133:3300/0,v1:172.21.15.133:6789/0] -- mon_getmap magic: 0 v1 -- 0x7f6d0419b8e0 con 0x7f6d0407be10
2023-07-14T18:07:39.268 INFO:teuthology.orchestra.run.smithi133.stdout:/usr/bin/ceph: stderr
2023-07-14T18:07:37.806+0000 7f6d09e5c700 1 --2- >> [v2:172.21.15.133:3300/0,v1:172.21.15.133:6789/0] conn(0x7f6d0407be10 0x7f6d0419b3a0 unknown :-1 s=BANNER_CONNECTING pgs=0 cs=0 l=1 rev1=0 crypto rx=0 tx=0 comp rx=0 tx=0)._handle_peer_banner_payload supported=3 required=0
2023-07-14T18:07:39.268 INFO:teuthology.orchestra.run.smithi133.stdout:/usr/bin/ceph: stderr
2023-07-14T18:07:37.806+0000 7f6d09e5c700 1 --2- >> [v2:172.21.15.133:3300/0,v1:172.21.15.133:6789/0] conn(0x7f6d0407be10 0x7f6d0419b3a0 unknown :-1 s=HELLO_CONNECTING pgs=0 cs=0 l=1 rev1=1 crypto rx=0 tx=0 comp rx=0 tx=0).handle_hello peer v2:172.21.15.133:3300/0 says I am v2:172.21.15.133:47664/0 (socket says 172.21.15.133:47664)
2023-07-14T18:07:39.269 INFO:teuthology.orchestra.run.smithi133.stdout:/usr/bin/ceph: stderr
2023-07-14T18:07:37.806+0000 7f6d09e5c700 1 -- 172.21.15.133:0/1582719483 learned_addr learned my addr 172.21.15.133:0/1582719483 (peer_addr_for_me v2:172.21.15.133:0/0)
2023-07-14T18:07:39.269 INFO:teuthology.orchestra.run.smithi133.stdout:/usr/bin/ceph: stderr
2023-07-14T18:07:37.807+0000 7f6d09e5c700 1 -- 172.21.15.133:0/1582719483 --> [v2:172.21.15.133:3300/0,v1:172.21.15.133:6789/0] -- mon_subscribe({config=0+,monmap=0+}) v3 -- 0x7f6d00009550 con 0x7f6d0407be10
2023-07-14T18:07:39.269 INFO:teuthology.orchestra.run.smithi133.stdout:/usr/bin/ceph: stderr
2023-07-14T18:07:37.807+0000 7f6d09e5c700 1 --2- 172.21.15.133:0/1582719483 >> [v2:172.21.15.133:3300/0,v1:172.21.15.133:6789/0] conn(0x7f6d0407be10 0x7f6d0419b3a0 secure :-1 s=READY pgs=56 cs=0 l=1 rev1=1 crypto rx=0x7f6d00003e60 tx=0x7f6d00011a30 comp rx=0 tx=0).ready entity=mon.0 client_cookie=0 server_cookie=0 in_seq=0 out_seq=0
2023-07-14T18:07:39.269 INFO:teuthology.orchestra.run.smithi133.stdout:/usr/bin/ceph: stderr
2023-07-14T18:07:37.807+0000 7f6cfaffd700 1 -- 172.21.15.133:0/1582719483 <== mon.0 v2:172.21.15.133:3300/0 1 ==== mon_map magic: 0 v1 ==== 205+0+0 (secure 0 0 0) 0x7f6d00003b20 con 0x7f6d0407be10
2023-07-14T18:07:39.269 INFO:teuthology.orchestra.run.smithi133.stdout:/usr/bin/ceph: stderr
2023-07-14T18:07:37.807+0000 7f6cfaffd700 1 -- 172.21.15.133:0/1582719483 <== mon.0 v2:172.21.15.133:3300/0 2 ==== config(26 keys) v1 ==== 1105+0+0 (secure 0 0 0) 0x7f6d00003c80 con 0x7f6d0407be10
2023-07-14T18:07:39.269 INFO:teuthology.orchestra.run.smithi133.stdout:/usr/bin/ceph: stderr
2023-07-14T18:07:37.807+0000 7f6cfaffd700 1 -- 172.21.15.133:0/1582719483 <== mon.0 v2:172.21.15.133:3300/0 3 ==== mon_map magic: 0 v1 ==== 205+0+0 (secure 0 0 0) 0x7f6d00024760 con 0x7f6d0407be10
2023-07-14T18:07:39.270 INFO:teuthology.orchestra.run.smithi133.stdout:/usr/bin/ceph: stderr
2023-07-14T18:07:37.807+0000 7f6d0c0c0700 1 -- 172.21.15.133:0/1582719483 --> [v2:172.21.15.133:3300/0,v1:172.21.15.133:6789/0] -- mon_subscribe({mgrmap=0+}) v3 -- 0x7f6d0419bae0 con 0x7f6d0407be10
2023-07-14T18:07:39.270 INFO:teuthology.orchestra.run.smithi133.stdout:/usr/bin/ceph: stderr
2023-07-14T18:07:37.807+0000 7f6d0c0c0700 1 -- 172.21.15.133:0/1582719483 --> [v2:172.21.15.133:3300/0,v1:172.21.15.133:6789/0] -- mon_subscribe({osdmap=0}) v3 -- 0x7f6d0419bf00 con 0x7f6d0407be10
2023-07-14T18:07:39.270 INFO:teuthology.orchestra.run.smithi133.stdout:/usr/bin/ceph: stderr
2023-07-14T18:07:37.808+0000 7f6d0c0c0700 1 -- 172.21.15.133:0/1582719483 --> [v2:172.21.15.133:3300/0,v1:172.21.15.133:6789/0] -- mon_command({"prefix": "get_command_descriptions"} v 0) v1 -- 0x7f6d04061c70 con 0x7f6d0407be10
2023-07-14T18:07:39.270 INFO:teuthology.orchestra.run.smithi133.stdout:/usr/bin/ceph: stderr
2023-07-14T18:07:37.809+0000 7f6cfaffd700 1 -- 172.21.15.133:0/1582719483 <== mon.0 v2:172.21.15.133:3300/0 4 ==== mgrmap(e 8) v1 ==== 45483+0+0 (secure 0 0 0) 0x7f6d0001ab10 con 0x7f6d0407be10
2023-07-14T18:07:39.270 INFO:teuthology.orchestra.run.smithi133.stdout:/usr/bin/ceph: stderr
2023-07-14T18:07:37.809+0000 7f6cfaffd700 1 --2- 172.21.15.133:0/1582719483 >> [v2:172.21.15.133:6800/2986586981,v1:172.21.15.133:6801/2986586981] conn(0x7f6cf0038760 0x7f6cf003ac10 unknown :-1 s=NONE pgs=0 cs=0 l=1 rev1=0 crypto rx=0 tx=0 comp rx=0 tx=0).connect
2023-07-14T18:07:39.270 INFO:teuthology.orchestra.run.smithi133.stdout:/usr/bin/ceph: stderr
2023-07-14T18:07:37.809+0000 7f6cfaffd700 1 -- 172.21.15.133:0/1582719483 <== mon.0 v2:172.21.15.133:3300/0 5 ==== osd_map(2..2 src has 1..2) v4 ==== 940+0+0 (secure 0 0 0) 0x7f6d0004ca00 con 0x7f6d0407be10
2023-07-14T18:07:39.270 INFO:teuthology.orchestra.run.smithi133.stdout:/usr/bin/ceph: stderr
2023-07-14T18:07:37.810+0000 7f6d0965b700 1 --2- 172.21.15.133:0/1582719483 >> [v2:172.21.15.133:6800/2986586981,v1:172.21.15.133:6801/2986586981] conn(0x7f6cf0038760 0x7f6cf003ac10 unknown :-1 s=BANNER_CONNECTING pgs=0 cs=0 l=1 rev1=0 crypto rx=0 tx=0 comp rx=0 tx=0)._handle_peer_banner_payload supported=3 required=0
2023-07-14T18:07:39.271 INFO:teuthology.orchestra.run.smithi133.stdout:/usr/bin/ceph: stderr
2023-07-14T18:07:37.810+0000 7f6d0965b700 1 --2- 172.21.15.133:0/1582719483 >> [v2:172.21.15.133:6800/2986586981,v1:172.21.15.133:6801/2986586981] conn(0x7f6cf0038760 0x7f6cf003ac10 secure :-1 s=READY pgs=16 cs=0 l=1 rev1=1 crypto rx=0x7f6cf4006fd0 tx=0x7f6cf4006e40 comp rx=0 tx=0).ready entity=mgr.14120 client_cookie=0 server_cookie=0 in_seq=0 out_seq=0
2023-07-14T18:07:39.271 INFO:teuthology.orchestra.run.smithi133.stdout:/usr/bin/ceph: stderr
2023-07-14T18:07:37.814+0000 7f6cfaffd700 1 -- 172.21.15.133:0/1582719483 <== mon.0 v2:172.21.15.133:3300/0 6 ==== mon_command_ack([{"prefix": "get_command_descriptions"}]=0 v0) v1 ==== 72+0+178025 (secure 0 0 0) 0x7f6d00018920 con 0x7f6d0407be10
2023-07-14T18:07:39.271 INFO:teuthology.orchestra.run.smithi133.stdout:/usr/bin/ceph: stderr
2023-07-14T18:07:38.098+0000 7f6d0c0c0700 1 -- 172.21.15.133:0/1582719483 --> [v2:172.21.15.133:3300/0,v1:172.21.15.133:6789/0] -- mon_command({"prefix": "mgr module enable", "module": "dashboard"} v 0) v1 -- 0x7f6d0419eff0 con 0x7f6d0407be10
2023-07-14T18:07:39.271 INFO:teuthology.orchestra.run.smithi133.stdout:/usr/bin/ceph: stderr
2023-07-14T18:07:38.759+0000 7f6cfaffd700 1 -- 172.21.15.133:0/1582719483 <== mon.0 v2:172.21.15.133:3300/0 7 ==== mgrmap(e 9) v1 ==== 45496+0+0 (secure 0 0 0) 0x7f6d0002d770 con 0x7f6d0407be10
2023-07-14T18:07:39.271 INFO:teuthology.orchestra.run.smithi133.stdout:/usr/bin/ceph: stderr
2023-07-14T18:07:38.761+0000 7f6cfaffd700 1 -- 172.21.15.133:0/1582719483 <== mon.0 v2:172.21.15.133:3300/0 8 ==== mon_command_ack([{"prefix": "mgr module enable", "module": "dashboard"}]=0 v9) v1 ==== 88+0+0 (secure 0 0 0) 0x7f6d0002c9b0 con 0x7f6d0407be10
2023-07-14T18:07:39.271 INFO:teuthology.orchestra.run.smithi133.stdout:/usr/bin/ceph: stderr
2023-07-14T18:07:38.764+0000 7f6d0c0c0700 1 -- 172.21.15.133:0/1582719483 >> [v2:172.21.15.133:6800/2986586981,v1:172.21.15.133:6801/2986586981] conn(0x7f6cf0038760 msgr2=0x7f6cf003ac10 secure :-1 s=STATE_CONNECTION_ESTABLISHED l=1).mark_down
2023-07-14T18:07:39.272 INFO:teuthology.orchestra.run.smithi133.stdout:/usr/bin/ceph: stderr
2023-07-14T18:07:38.764+0000 7f6d0c0c0700 1 --2- 172.21.15.133:0/1582719483 >> [v2:172.21.15.133:6800/2986586981,v1:172.21.15.133:6801/2986586981] conn(0x7f6cf0038760 0x7f6cf003ac10 secure :-1 s=READY pgs=16 cs=0 l=1 rev1=1 crypto rx=0x7f6cf4006fd0 tx=0x7f6cf4006e40 comp rx=0 tx=0).stop
2023-07-14T18:07:39.272 INFO:teuthology.orchestra.run.smithi133.stdout:/usr/bin/ceph: stderr
2023-07-14T18:07:38.764+0000 7f6d0c0c0700 1 -- 172.21.15.133:0/1582719483 >> [v2:172.21.15.133:3300/0,v1:172.21.15.133:6789/0] conn(0x7f6d0407be10 msgr2=0x7f6d0419b3a0 secure :-1 s=STATE_CONNECTION_ESTABLISHED l=1).mark_down
2023-07-14T18:07:39.272 INFO:teuthology.orchestra.run.smithi133.stdout:/usr/bin/ceph: stderr
2023-07-14T18:07:38.764+0000 7f6d0c0c0700 1 --2- 172.21.15.133:0/1582719483 >> [v2:172.21.15.133:3300/0,v1:172.21.15.133:6789/0] conn(0x7f6d0407be10 0x7f6d0419b3a0 secure :-1 s=READY pgs=56 cs=0 l=1 rev1=1 crypto rx=0x7f6d00003e60 tx=0x7f6d00011a30 comp rx=0 tx=0).stop
2023-07-14T18:07:39.272 INFO:teuthology.orchestra.run.smithi133.stdout:/usr/bin/ceph: stderr
2023-07-14T18:07:38.764+0000 7f6d0c0c0700 1 -- 172.21.15.133:0/1582719483 shutdown_connections
2023-07-14T18:07:39.272 INFO:teuthology.orchestra.run.smithi133.stdout:/usr/bin/ceph: stderr
2023-07-14T18:07:38.764+0000 7f6d0c0c0700 1 --2- 172.21.15.133:0/1582719483 >> [v2:172.21.15.133:6800/2986586981,v1:172.21.15.133:6801/2986586981] conn(0x7f6cf0038760 0x7f6cf003ac10 unknown :-1 s=CLOSED pgs=16 cs=0 l=1 rev1=1 crypto rx=0 tx=0 comp rx=0 tx=0).stop
2023-07-14T18:07:39.272 INFO:teuthology.orchestra.run.smithi133.stdout:/usr/bin/ceph: stderr
2023-07-14T18:07:38.764+0000 7f6d0c0c0700 1 --2- 172.21.15.133:0/1582719483 >> [v2:172.21.15.133:3300/0,v1:172.21.15.133:6789/0] conn(0x7f6d0407be10 0x7f6d0419b3a0 unknown :-1 s=CLOSED pgs=56 cs=0 l=1 rev1=1 crypto rx=0 tx=0 comp rx=0 tx=0).stop
2023-07-14T18:07:39.273 INFO:teuthology.orchestra.run.smithi133.stdout:/usr/bin/ceph: stderr
2023-07-14T18:07:38.764+0000 7f6d0c0c0700 1 -- 172.21.15.133:0/1582719483 >> 172.21.15.133:0/1582719483 conn(0x7f6d04100ab0 msgr2=0x7f6d04101840 unknown :-1 s=STATE_NONE l=0).mark_down
2023-07-14T18:07:39.273 INFO:teuthology.orchestra.run.smithi133.stdout:/usr/bin/ceph: stderr
2023-07-14T18:07:38.765+0000 7f6d0c0c0700 1 -- 172.21.15.133:0/1582719483 shutdown_connections
2023-07-14T18:07:39.273 INFO:teuthology.orchestra.run.smithi133.stdout:/usr/bin/ceph: stderr
2023-07-14T18:07:38.765+0000 7f6d0c0c0700 1 -- 172.21.15.133:0/1582719483 wait complete.
