2023-07-14T18:02:28.782+0000 7f4dda7fc700 1 -- 172.21.15.119:0/3260808104 <== mon.0 v2:172.21.15.119:3300/0 1 ==== mon_map magic: 0 v1 ==== 205+0+0 (secure 0 0 0) 0x7f4dc4004160 con 0x7f4ddc079ce0
2023-07-14T18:02:29.480 INFO:teuthology.orchestra.run.smithi119.stdout:/usr/bin/ceph: stderr
2023-07-14T18:02:28.782+0000 7f4dda7fc700 1 -- 172.21.15.119:0/3260808104 <== mon.0 v2:172.21.15.119:3300/0 2 ==== config(26 keys) v1 ==== 1074+0+0 (secure 0 0 0) 0x7f4dc40042c0 con 0x7f4ddc079ce0
2023-07-14T18:02:29.480 INFO:teuthology.orchestra.run.smithi119.stdout:/usr/bin/ceph: stderr
2023-07-14T18:02:28.782+0000 7f4dda7fc700 1 -- 172.21.15.119:0/3260808104 <== mon.0 v2:172.21.15.119:3300/0 3 ==== mon_map magic: 0 v1 ==== 205+0+0 (secure 0 0 0) 0x7f4dc4011a00 con 0x7f4ddc079ce0
2023-07-14T18:02:29.480 INFO:teuthology.orchestra.run.smithi119.stdout:/usr/bin/ceph: stderr
2023-07-14T18:02:28.782+0000 7f4de1f82700 1 -- 172.21.15.119:0/3260808104 >> [v2:172.21.15.119:3300/0,v1:172.21.15.119:6789/0] conn(0x7f4ddc079ce0 msgr2=0x7f4ddc10a390 secure :-1 s=STATE_CONNECTION_ESTABLISHED l=1).mark_down
2023-07-14T18:02:29.480 INFO:teuthology.orchestra.run.smithi119.stdout:/usr/bin/ceph: stderr
2023-07-14T18:02:28.782+0000 7f4de1f82700 1 --2- 172.21.15.119:0/3260808104 >> [v2:172.21.15.119:3300/0,v1:172.21.15.119:6789/0] conn(0x7f4ddc079ce0 0x7f4ddc10a390 secure :-1 s=READY pgs=43 cs=0 l=1 rev1=1 crypto rx=0x7f4dc40098a0 tx=0x7f4dc4009bb0 comp rx=0 tx=0).stop
2023-07-14T18:02:29.480 INFO:teuthology.orchestra.run.smithi119.stdout:/usr/bin/ceph: stderr
2023-07-14T18:02:28.782+0000 7f4de1f82700 1 -- 172.21.15.119:0/3260808104 shutdown_connections
2023-07-14T18:02:29.480 INFO:teuthology.orchestra.run.smithi119.stdout:/usr/bin/ceph: stderr
2023-07-14T18:02:28.782+0000 7f4de1f82700 1 --2- 172.21.15.119:0/3260808104 >> [v2:172.21.15.119:3300/0,v1:172.21.15.119:6789/0] conn(0x7f4ddc079ce0 0x7f4ddc10a390 unknown :-1 s=CLOSED pgs=43 cs=0 l=1 rev1=1 crypto rx=0 tx=0 comp rx=0 tx=0).stop
2023-07-14T18:02:29.480 INFO:teuthology.orchestra.run.smithi119.stdout:/usr/bin/ceph: stderr
2023-07-14T18:02:28.782+0000 7f4de1f82700 1 -- 172.21.15.119:0/3260808104 >> 172.21.15.119:0/3260808104 conn(0x7f4ddc0ff9a0 msgr2=0x7f4ddc101db0 unknown :-1 s=STATE_NONE l=0).mark_down
2023-07-14T18:02:29.481 INFO:teuthology.orchestra.run.smithi119.stdout:/usr/bin/ceph: stderr
2023-07-14T18:02:28.783+0000 7f4de1f82700 1 -- 172.21.15.119:0/3260808104 shutdown_connections
2023-07-14T18:02:29.481 INFO:teuthology.orchestra.run.smithi119.stdout:/usr/bin/ceph: stderr
2023-07-14T18:02:28.783+0000 7f4de1f82700 1 -- 172.21.15.119:0/3260808104 wait complete.
2023-07-14T18:02:29.481 INFO:teuthology.orchestra.run.smithi119.stdout:/usr/bin/ceph: stderr
2023-07-14T18:02:28.783+0000 7f4de1f82700 1 Processor -- start
2023-07-14T18:02:29.481 INFO:teuthology.orchestra.run.smithi119.stdout:/usr/bin/ceph: stderr
2023-07-14T18:02:28.784+0000 7f4de1f82700 1 -- start start
2023-07-14T18:02:29.481 INFO:teuthology.orchestra.run.smithi119.stdout:/usr/bin/ceph: stderr
2023-07-14T18:02:28.784+0000 7f4de1f82700 1 --2- >> [v2:172.21.15.119:3300/0,v1:172.21.15.119:6789/0] conn(0x7f4ddc19b300 0x7f4ddc19b710 unknown :-1 s=NONE pgs=0 cs=0 l=1 rev1=0 crypto rx=0 tx=0 comp rx=0 tx=0).connect
2023-07-14T18:02:29.481 INFO:teuthology.orchestra.run.smithi119.stdout:/usr/bin/ceph: stderr
2023-07-14T18:02:28.784+0000 7f4de1f82700 1 -- --> [v2:172.21.15.119:3300/0,v1:172.21.15.119:6789/0] -- mon_getmap magic: 0 v1 -- 0x7f4ddc19bc50 con 0x7f4ddc19b300
2023-07-14T18:02:29.481 INFO:teuthology.orchestra.run.smithi119.stdout:/usr/bin/ceph: stderr
2023-07-14T18:02:28.784+0000 7f4ddb7fe700 1 --2- >> [v2:172.21.15.119:3300/0,v1:172.21.15.119:6789/0] conn(0x7f4ddc19b300 0x7f4ddc19b710 unknown :-1 s=BANNER_CONNECTING pgs=0 cs=0 l=1 rev1=0 crypto rx=0 tx=0 comp rx=0 tx=0)._handle_peer_banner_payload supported=3 required=0
2023-07-14T18:02:29.481 INFO:teuthology.orchestra.run.smithi119.stdout:/usr/bin/ceph: stderr
2023-07-14T18:02:28.784+0000 7f4ddb7fe700 1 --2- >> [v2:172.21.15.119:3300/0,v1:172.21.15.119:6789/0] conn(0x7f4ddc19b300 0x7f4ddc19b710 unknown :-1 s=HELLO_CONNECTING pgs=0 cs=0 l=1 rev1=1 crypto rx=0 tx=0 comp rx=0 tx=0).handle_hello peer v2:172.21.15.119:3300/0 says I am v2:172.21.15.119:37752/0 (socket says 172.21.15.119:37752)
2023-07-14T18:02:29.482 INFO:teuthology.orchestra.run.smithi119.stdout:/usr/bin/ceph: stderr
2023-07-14T18:02:28.784+0000 7f4ddb7fe700 1 -- 172.21.15.119:0/2227274450 learned_addr learned my addr 172.21.15.119:0/2227274450 (peer_addr_for_me v2:172.21.15.119:0/0)
2023-07-14T18:02:29.482 INFO:teuthology.orchestra.run.smithi119.stdout:/usr/bin/ceph: stderr
2023-07-14T18:02:28.784+0000 7f4ddb7fe700 1 -- 172.21.15.119:0/2227274450 --> [v2:172.21.15.119:3300/0,v1:172.21.15.119:6789/0] -- mon_subscribe({config=0+,monmap=0+}) v3 -- 0x7f4dc4009550 con 0x7f4ddc19b300
2023-07-14T18:02:29.482 INFO:teuthology.orchestra.run.smithi119.stdout:/usr/bin/ceph: stderr
2023-07-14T18:02:28.784+0000 7f4ddb7fe700 1 --2- 172.21.15.119:0/2227274450 >> [v2:172.21.15.119:3300/0,v1:172.21.15.119:6789/0] conn(0x7f4ddc19b300 0x7f4ddc19b710 secure :-1 s=READY pgs=44 cs=0 l=1 rev1=1 crypto rx=0x7f4dc4006af0 tx=0x7f4dc4011ad0 comp rx=0 tx=0).ready entity=mon.0 client_cookie=0 server_cookie=0 in_seq=0 out_seq=0
2023-07-14T18:02:29.482 INFO:teuthology.orchestra.run.smithi119.stdout:/usr/bin/ceph: stderr
2023-07-14T18:02:28.784+0000 7f4dd8ff9700 1 -- 172.21.15.119:0/2227274450 <== mon.0 v2:172.21.15.119:3300/0 1 ==== mon_map magic: 0 v1 ==== 205+0+0 (secure 0 0 0) 0x7f4dc4003a40 con 0x7f4ddc19b300
2023-07-14T18:02:29.482 INFO:teuthology.orchestra.run.smithi119.stdout:/usr/bin/ceph: stderr
2023-07-14T18:02:28.784+0000 7f4dd8ff9700 1 -- 172.21.15.119:0/2227274450 <== mon.0 v2:172.21.15.119:3300/0 2 ==== config(26 keys) v1 ==== 1074+0+0 (secure 0 0 0) 0x7f4dc4003ba0 con 0x7f4ddc19b300
2023-07-14T18:02:29.482 INFO:teuthology.orchestra.run.smithi119.stdout:/usr/bin/ceph: stderr
2023-07-14T18:02:28.784+0000 7f4de1f82700 1 -- 172.21.15.119:0/2227274450 --> [v2:172.21.15.119:3300/0,v1:172.21.15.119:6789/0] -- mon_subscribe({mgrmap=0+}) v3 -- 0x7f4ddc19be50 con 0x7f4ddc19b300
2023-07-14T18:02:29.482 INFO:teuthology.orchestra.run.smithi119.stdout:/usr/bin/ceph: stderr
2023-07-14T18:02:28.785+0000 7f4dd8ff9700 1 -- 172.21.15.119:0/2227274450 <== mon.0 v2:172.21.15.119:3300/0 3 ==== mon_map magic: 0 v1 ==== 205+0+0 (secure 0 0 0) 0x7f4dc401a700 con 0x7f4ddc19b300
2023-07-14T18:02:29.483 INFO:teuthology.orchestra.run.smithi119.stdout:/usr/bin/ceph: stderr
2023-07-14T18:02:28.785+0000 7f4de1f82700 1 -- 172.21.15.119:0/2227274450 --> [v2:172.21.15.119:3300/0,v1:172.21.15.119:6789/0] -- mon_subscribe({osdmap=0}) v3 -- 0x7f4ddc19ea60 con 0x7f4ddc19b300
2023-07-14T18:02:29.483 INFO:teuthology.orchestra.run.smithi119.stdout:/usr/bin/ceph: stderr
2023-07-14T18:02:28.785+0000 7f4dd8ff9700 1 -- 172.21.15.119:0/2227274450 <== mon.0 v2:172.21.15.119:3300/0 4 ==== mgrmap(e 8) v1 ==== 45483+0+0 (secure 0 0 0) 0x7f4dc401a930 con 0x7f4ddc19b300
2023-07-14T18:02:29.483 INFO:teuthology.orchestra.run.smithi119.stdout:/usr/bin/ceph: stderr
2023-07-14T18:02:28.786+0000 7f4dd8ff9700 1 --2- 172.21.15.119:0/2227274450 >> [v2:172.21.15.119:6800/4178249431,v1:172.21.15.119:6801/4178249431] conn(0x7f4dc8038760 0x7f4dc803ac10 unknown :-1 s=NONE pgs=0 cs=0 l=1 rev1=0 crypto rx=0 tx=0 comp rx=0 tx=0).connect
2023-07-14T18:02:29.483 INFO:teuthology.orchestra.run.smithi119.stdout:/usr/bin/ceph: stderr
2023-07-14T18:02:28.786+0000 7f4de1f82700 1 -- 172.21.15.119:0/2227274450 --> [v2:172.21.15.119:3300/0,v1:172.21.15.119:6789/0] -- mon_command({"prefix": "get_command_descriptions"} v 0) v1 -- 0x7f4ddc079ce0 con 0x7f4ddc19b300
2023-07-14T18:02:29.483 INFO:teuthology.orchestra.run.smithi119.stdout:/usr/bin/ceph: stderr
2023-07-14T18:02:28.786+0000 7f4dd8ff9700 1 -- 172.21.15.119:0/2227274450 <== mon.0 v2:172.21.15.119:3300/0 5 ==== osd_map(2..2 src has 1..2) v4 ==== 940+0+0 (secure 0 0 0) 0x7f4dc404c860 con 0x7f4ddc19b300
2023-07-14T18:02:29.483 INFO:teuthology.orchestra.run.smithi119.stdout:/usr/bin/ceph: stderr
2023-07-14T18:02:28.786+0000 7f4ddaffd700 1 --2- 172.21.15.119:0/2227274450 >> [v2:172.21.15.119:6800/4178249431,v1:172.21.15.119:6801/4178249431] conn(0x7f4dc8038760 0x7f4dc803ac10 unknown :-1 s=BANNER_CONNECTING pgs=0 cs=0 l=1 rev1=0 crypto rx=0 tx=0 comp rx=0 tx=0)._handle_peer_banner_payload supported=3 required=0
2023-07-14T18:02:29.483 INFO:teuthology.orchestra.run.smithi119.stdout:/usr/bin/ceph: stderr
2023-07-14T18:02:28.786+0000 7f4ddaffd700 1 --2- 172.21.15.119:0/2227274450 >> [v2:172.21.15.119:6800/4178249431,v1:172.21.15.119:6801/4178249431] conn(0x7f4dc8038760 0x7f4dc803ac10 secure :-1 s=READY pgs=10 cs=0 l=1 rev1=1 crypto rx=0x7f4dcc006fd0 tx=0x7f4dcc006e40 comp rx=0 tx=0).ready entity=mgr.14120 client_cookie=0 server_cookie=0 in_seq=0 out_seq=0
2023-07-14T18:02:29.483 INFO:teuthology.orchestra.run.smithi119.stdout:/usr/bin/ceph: stderr
2023-07-14T18:02:28.790+0000 7f4dd8ff9700 1 -- 172.21.15.119:0/2227274450 <== mon.0 v2:172.21.15.119:3300/0 6 ==== mon_command_ack([{"prefix": "get_command_descriptions"}]=0 v0) v1 ==== 72+0+178025 (secure 0 0 0) 0x7f4dc4018b80 con 0x7f4ddc19b300
2023-07-14T18:02:29.484 INFO:teuthology.orchestra.run.smithi119.stdout:/usr/bin/ceph: stderr
2023-07-14T18:02:28.981+0000 7f4de1f82700 1 -- 172.21.15.119:0/2227274450 --> [v2:172.21.15.119:6800/4178249431,v1:172.21.15.119:6801/4178249431] -- mgr_command(tid 0: {"prefix": "cephadm get-pub-key", "target": ["mon-mgr", ""]}) v1 -- 0x7f4ddc101c50 con 0x7f4dc8038760
2023-07-14T18:02:29.484 INFO:teuthology.orchestra.run.smithi119.stdout:/usr/bin/ceph: stderr
2023-07-14T18:02:28.982+0000 7f4dd8ff9700 1 -- 172.21.15.119:0/2227274450 <== mgr.14120 v2:172.21.15.119:6800/4178249431 1 ==== mgr_command_reply(tid 0: 0 ) v1 ==== 8+0+595 (secure 0 0 0) 0x7f4ddc101c50 con 0x7f4dc8038760
2023-07-14T18:02:29.484 INFO:teuthology.orchestra.run.smithi119.stdout:/usr/bin/ceph: stderr
2023-07-14T18:02:28.984+0000 7f4de1f82700 1 -- 172.21.15.119:0/2227274450 >> [v2:172.21.15.119:6800/4178249431,v1:172.21.15.119:6801/4178249431] conn(0x7f4dc8038760 msgr2=0x7f4dc803ac10 secure :-1 s=STATE_CONNECTION_ESTABLISHED l=1).mark_down
2023-07-14T18:02:29.484 INFO:teuthology.orchestra.run.smithi119.stdout:/usr/bin/ceph: stderr
2023-07-14T18:02:28.984+0000 7f4de1f82700 1 --2- 172.21.15.119:0/2227274450 >> [v2:172.21.15.119:6800/4178249431,v1:172.21.15.119:6801/4178249431] conn(0x7f4dc8038760 0x7f4dc803ac10 secure :-1 s=READY pgs=10 cs=0 l=1 rev1=1 crypto rx=0x7f4dcc006fd0 tx=0x7f4dcc006e40 comp rx=0 tx=0).stop
2023-07-14T18:02:29.484 INFO:teuthology.orchestra.run.smithi119.stdout:/usr/bin/ceph: stderr
2023-07-14T18:02:28.984+0000 7f4de1f82700 1 -- 172.21.15.119:0/2227274450 >> [v2:172.21.15.119:3300/0,v1:172.21.15.119:6789/0] conn(0x7f4ddc19b300 msgr2=0x7f4ddc19b710 secure :-1 s=STATE_CONNECTION_ESTABLISHED l=1).mark_down
2023-07-14T18:02:29.484 INFO:teuthology.orchestra.run.smithi119.stdout:/usr/bin/ceph: stderr
2023-07-14T18:02:28.984+0000 7f4de1f82700 1 --2- 172.21.15.119:0/2227274450 >> [v2:172.21.15.119:3300/0,v1:172.21.15.119:6789/0] conn(0x7f4ddc19b300 0x7f4ddc19b710 secure :-1 s=READY pgs=44 cs=0 l=1 rev1=1 crypto rx=0x7f4dc4006af0 tx=0x7f4dc4011ad0 comp rx=0 tx=0).stop
2023-07-14T18:02:29.484 INFO:teuthology.orchestra.run.smithi119.stdout:/usr/bin/ceph: stderr
2023-07-14T18:02:28.984+0000 7f4de1f82700 1 -- 172.21.15.119:0/2227274450 shutdown_connections
2023-07-14T18:02:29.485 INFO:teuthology.orchestra.run.smithi119.stdout:/usr/bin/ceph: stderr
2023-07-14T18:02:28.984+0000 7f4de1f82700 1 --2- 172.21.15.119:0/2227274450 >> [v2:172.21.15.119:6800/4178249431,v1:172.21.15.119:6801/4178249431] conn(0x7f4dc8038760 0x7f4dc803ac10 unknown :-1 s=CLOSED pgs=10 cs=0 l=1 rev1=1 crypto rx=0 tx=0 comp rx=0 tx=0).stop
2023-07-14T18:02:29.485 INFO:teuthology.orchestra.run.smithi119.stdout:/usr/bin/ceph: stderr
2023-07-14T18:02:28.984+0000 7f4de1f82700 1 --2- 172.21.15.119:0/2227274450 >> [v2:172.21.15.119:3300/0,v1:172.21.15.119:6789/0] conn(0x7f4ddc19b300 0x7f4ddc19b710 unknown :-1 s=CLOSED pgs=44 cs=0 l=1 rev1=1 crypto rx=0 tx=0 comp rx=0 tx=0).stop
2023-07-14T18:02:29.485 INFO:teuthology.orchestra.run.smithi119.stdout:/usr/bin/ceph: stderr
2023-07-14T18:02:28.984+0000 7f4de1f82700 1 -- 172.21.15.119:0/2227274450 >> 172.21.15.119:0/2227274450 conn(0x7f4ddc0ff9a0 msgr2=0x7f4ddc101030 unknown :-1 s=STATE_NONE l=0).mark_down
2023-07-14T18:02:29.485 INFO:teuthology.orchestra.run.smithi119.stdout:/usr/bin/ceph: stderr
2023-07-14T18:02:28.984+0000 7f4de1f82700 1 -- 172.21.15.119:0/2227274450 shutdown_connections
2023-07-14T18:02:29.485 INFO:teuthology.orchestra.run.smithi119.stdout:/usr/bin/ceph: stderr
2023-07-14T18:02:28.985+0000 7f4de1f82700 1 -- 172.21.15.119:0/2227274450 wait complete.
2023-07-14T18:02:29.485 INFO:teuthology.orchestra.run.smithi119.stdout:Wrote public SSH key to /home/ubuntu/cephtest/ceph.pub
2023-07-14T18:02:29.485 INFO:teuthology.orchestra.run.smithi119.stdout:Adding key to root@localhost authorized_keys...
2023-07-14T18:02:29.486 INFO:teuthology.orchestra.run.smithi119.stdout:Adding host smithi119...
2023-07-14T18:02:30.250 INFO:journalctl@ceph.mon.a.smithi119.stdout:Jul 14 18:02:29 smithi119 ceph-mon[96557]: from='client.14138 -' entity='client.admin' cmd=[{"prefix": "cephadm get-pub-key", "target": ["mon-mgr", ""]}]: dispatch
2023-07-14T18:02:32.166 INFO:journalctl@ceph.mon.a.smithi119.stdout:Jul 14 18:02:31 smithi119 ceph-mon[96557]: from='client.14140 -' entity='client.admin' cmd=[{"prefix": "orch host add", "hostname": "smithi119", "addr": "172.21.15.119", "target": ["mon-mgr", ""]}]: dispatch
2023-07-14T18:02:32.167 INFO:journalctl@ceph.mon.a.smithi119.stdout:Jul 14 18:02:31 smithi119 ceph-mon[96557]: Deploying cephadm binary to smithi119
2023-07-14T18:02:33.032 INFO:teuthology.orchestra.run.smithi119.stdout:/usr/bin/ceph: stdout Added host 'smithi119' with addr '172.21.15.119'
2023-07-14T18:02:33.032 INFO:teuthology.orchestra.run.smithi119.stdout:/usr/bin/ceph: stderr
2023-07-14T18:02:30.007+0000 7f1ff16c4700 1 Processor -- start
2023-07-14T18:02:33.032 INFO:teuthology.orchestra.run.smithi119.stdout:/usr/bin/ceph: stderr
2023-07-14T18:02:30.007+0000 7f1ff16c4700 1 -- start start
2023-07-14T18:02:33.032 INFO:teuthology.orchestra.run.smithi119.stdout:/usr/bin/ceph: stderr
2023-07-14T18:02:30.007+0000 7f1ff16c4700 1 --2- >> [v2:172.21.15.119:3300/0,v1:172.21.15.119:6789/0] conn(0x7f1fec106a10 0x7f1fec106e20 unknown :-1 s=NONE pgs=0 cs=0 l=0 rev1=0 crypto rx=0 tx=0 comp rx=0 tx=0).connect
2023-07-14T18:02:33.032 INFO:teuthology.orchestra.run.smithi119.stdout:/usr/bin/ceph: stderr
2023-07-14T18:02:30.007+0000 7f1ff16c4700 1 -- --> [v2:172.21.15.119:3300/0,v1:172.21.15.119:6789/0] -- mon_getmap magic: 0 v1 -- 0x7f1fec107360 con 0x7f1fec106a10
2023-07-14T18:02:33.033 INFO:teuthology.orchestra.run.smithi119.stdout:/usr/bin/ceph: stderr
2023-07-14T18:02:30.007+0000 7f1feaffd700 1 --2- >> [v2:172.21.15.119:3300/0,v1:172.21.15.119:6789/0] conn(0x7f1fec106a10 0x7f1fec106e20 unknown :-1 s=BANNER_CONNECTING pgs=0 cs=0 l=0 rev1=0 crypto rx=0 tx=0 comp rx=0 tx=0)._handle_peer_banner_payload supported=3 required=0
2023-07-14T18:02:33.033 INFO:teuthology.orchestra.run.smithi119.stdout:/usr/bin/ceph: stderr
2023-07-14T18:02:30.007+0000 7f1feaffd700 1 --2- >> [v2:172.21.15.119:3300/0,v1:172.21.15.119:6789/0] conn(0x7f1fec106a10 0x7f1fec106e20 unknown :-1 s=HELLO_CONNECTING pgs=0 cs=0 l=0 rev1=1 crypto rx=0 tx=0 comp rx=0 tx=0).handle_hello peer v2:172.21.15.119:3300/0 says I am v2:172.21.15.119:37756/0 (socket says 172.21.15.119:37756)
2023-07-14T18:02:33.033 INFO:teuthology.orchestra.run.smithi119.stdout:/usr/bin/ceph: stderr
2023-07-14T18:02:30.007+0000 7f1feaffd700 1 -- 172.21.15.119:0/122556992 learned_addr learned my addr 172.21.15.119:0/122556992 (peer_addr_for_me v2:172.21.15.119:0/0)
2023-07-14T18:02:33.033 INFO:teuthology.orchestra.run.smithi119.stdout:/usr/bin/ceph: stderr
2023-07-14T18:02:30.008+0000 7f1feaffd700 1 -- 172.21.15.119:0/122556992 --> [v2:172.21.15.119:3300/0,v1:172.21.15.119:6789/0] -- mon_subscribe({config=0+,monmap=0+}) v3 -- 0x7f1fec1074a0 con 0x7f1fec106a10
2023-07-14T18:02:33.033 INFO:teuthology.orchestra.run.smithi119.stdout:/usr/bin/ceph: stderr
2023-07-14T18:02:30.008+0000 7f1feaffd700 1 --2- 172.21.15.119:0/122556992 >> [v2:172.21.15.119:3300/0,v1:172.21.15.119:6789/0] conn(0x7f1fec106a10 0x7f1fec106e20 secure :-1 s=READY pgs=45 cs=0 l=1 rev1=1 crypto rx=0x7f1fe00098a0 tx=0x7f1fe0009bb0 comp rx=0 tx=0).ready entity=mon.0 client_cookie=1d307c963fc56699 server_cookie=0 in_seq=0 out_seq=0
2023-07-14T18:02:33.033 INFO:teuthology.orchestra.run.smithi119.stdout:/usr/bin/ceph: stderr
2023-07-14T18:02:30.008+0000 7f1fe9ffb700 1 -- 172.21.15.119:0/122556992 <== mon.0 v2:172.21.15.119:3300/0 1 ==== mon_map magic: 0 v1 ==== 205+0+0 (secure 0 0 0) 0x7f1fe0004160 con 0x7f1fec106a10
2023-07-14T18:02:33.033 INFO:teuthology.orchestra.run.smithi119.stdout:/usr/bin/ceph: stderr
2023-07-14T18:02:30.008+0000 7f1fe9ffb700 1 -- 172.21.15.119:0/122556992 <== mon.0 v2:172.21.15.119:3300/0 2 ==== config(26 keys) v1 ==== 1074+0+0 (secure 0 0 0) 0x7f1fe00042c0 con 0x7f1fec106a10
2023-07-14T18:02:33.033 INFO:teuthology.orchestra.run.smithi119.stdout:/usr/bin/ceph: stderr
2023-07-14T18:02:30.008+0000 7f1fe9ffb700 1 -- 172.21.15.119:0/122556992 <== mon.0 v2:172.21.15.119:3300/0 3 ==== mon_map magic: 0 v1 ==== 205+0+0 (secure 0 0 0) 0x7f1fe0011a00 con 0x7f1fec106a10
2023-07-14T18:02:33.034 INFO:teuthology.orchestra.run.smithi119.stdout:/usr/bin/ceph: stderr
2023-07-14T18:02:30.008+0000 7f1ff16c4700 1 -- 172.21.15.119:0/122556992 >> [v2:172.21.15.119:3300/0,v1:172.21.15.119:6789/0] conn(0x7f1fec106a10 msgr2=0x7f1fec106e20 secure :-1 s=STATE_CONNECTION_ESTABLISHED l=1).mark_down
2023-07-14T18:02:33.034 INFO:teuthology.orchestra.run.smithi119.stdout:/usr/bin/ceph: stderr
2023-07-14T18:02:30.009+0000 7f1ff16c4700 1 --2- 172.21.15.119:0/122556992 >> [v2:172.21.15.119:3300/0,v1:172.21.15.119:6789/0] conn(0x7f1fec106a10 0x7f1fec106e20 secure :-1 s=READY pgs=45 cs=0 l=1 rev1=1 crypto rx=0x7f1fe00098a0 tx=0x7f1fe0009bb0 comp rx=0 tx=0).stop
2023-07-14T18:02:33.034 INFO:teuthology.orchestra.run.smithi119.stdout:/usr/bin/ceph: stderr
2023-07-14T18:02:30.009+0000 7f1ff16c4700 1 -- 172.21.15.119:0/122556992 shutdown_connections
2023-07-14T18:02:33.034 INFO:teuthology.orchestra.run.smithi119.stdout:/usr/bin/ceph: stderr
2023-07-14T18:02:30.009+0000 7f1ff16c4700 1 --2- 172.21.15.119:0/122556992 >> [v2:172.21.15.119:3300/0,v1:172.21.15.119:6789/0] conn(0x7f1fec106a10 0x7f1fec106e20 unknown :-1 s=CLOSED pgs=45 cs=0 l=1 rev1=1 crypto rx=0 tx=0 comp rx=0 tx=0).stop
2023-07-14T18:02:33.034 INFO:teuthology.orchestra.run.smithi119.stdout:/usr/bin/ceph: stderr
2023-07-14T18:02:30.009+0000 7f1ff16c4700 1 -- 172.21.15.119:0/122556992 >> 172.21.15.119:0/122556992 conn(0x7f1fec0ff120 msgr2=0x7f1fec101530 unknown :-1 s=STATE_NONE l=0).mark_down
2023-07-14T18:02:33.034 INFO:teuthology.orchestra.run.smithi119.stdout:/usr/bin/ceph: stderr
2023-07-14T18:02:30.009+0000 7f1ff16c4700 1 -- 172.21.15.119:0/122556992 shutdown_connections
2023-07-14T18:02:33.034 INFO:teuthology.orchestra.run.smithi119.stdout:/usr/bin/ceph: stderr
2023-07-14T18:02:30.009+0000 7f1ff16c4700 1 -- 172.21.15.119:0/122556992 wait complete.
2023-07-14T18:02:33.035 INFO:teuthology.orchestra.run.smithi119.stdout:/usr/bin/ceph: stderr
2023-07-14T18:02:30.009+0000 7f1ff16c4700 1 Processor -- start
2023-07-14T18:02:33.035 INFO:teuthology.orchestra.run.smithi119.stdout:/usr/bin/ceph: stderr
2023-07-14T18:02:30.009+0000 7f1ff16c4700 1 -- start start
2023-07-14T18:02:33.035 INFO:teuthology.orchestra.run.smithi119.stdout:/usr/bin/ceph: stderr
2023-07-14T18:02:30.010+0000 7f1ff16c4700 1 --2- >> [v2:172.21.15.119:3300/0,v1:172.21.15.119:6789/0] conn(0x7f1fec106a10 0x7f1fec199100 unknown :-1 s=NONE pgs=0 cs=0 l=1 rev1=0 crypto rx=0 tx=0 comp rx=0 tx=0).connect
2023-07-14T18:02:33.035 INFO:teuthology.orchestra.run.smithi119.stdout:/usr/bin/ceph: stderr
2023-07-14T18:02:30.010+0000 7f1ff16c4700 1 -- --> [v2:172.21.15.119:3300/0,v1:172.21.15.119:6789/0] -- mon_getmap magic: 0 v1 -- 0x7f1fec199640 con 0x7f1fec106a10
2023-07-14T18:02:33.035 INFO:teuthology.orchestra.run.smithi119.stdout:/usr/bin/ceph: stderr
2023-07-14T18:02:30.010+0000 7f1feaffd700 1 --2- >> [v2:172.21.15.119:3300/0,v1:172.21.15.119:6789/0] conn(0x7f1fec106a10 0x7f1fec199100 unknown :-1 s=BANNER_CONNECTING pgs=0 cs=0 l=1 rev1=0 crypto rx=0 tx=0 comp rx=0 tx=0)._handle_peer_banner_payload supported=3 required=0
2023-07-14T18:02:33.035 INFO:teuthology.orchestra.run.smithi119.stdout:/usr/bin/ceph: stderr
2023-07-14T18:02:30.010+0000 7f1feaffd700 1 --2- >> [v2:172.21.15.119:3300/0,v1:172.21.15.119:6789/0] conn(0x7f1fec106a10 0x7f1fec199100 unknown :-1 s=HELLO_CONNECTING pgs=0 cs=0 l=1 rev1=1 crypto rx=0 tx=0 comp rx=0 tx=0).handle_hello peer v2:172.21.15.119:3300/0 says I am v2:172.21.15.119:37758/0 (socket says 172.21.15.119:37758)
2023-07-14T18:02:33.035 INFO:teuthology.orchestra.run.smithi119.stdout:/usr/bin/ceph: stderr
2023-07-14T18:02:30.010+0000 7f1feaffd700 1 -- 172.21.15.119:0/1919382609 learned_addr learned my addr 172.21.15.119:0/1919382609 (peer_addr_for_me v2:172.21.15.119:0/0)
2023-07-14T18:02:33.035 INFO:teuthology.orchestra.run.smithi119.stdout:/usr/bin/ceph: stderr
2023-07-14T18:02:30.010+0000 7f1feaffd700 1 -- 172.21.15.119:0/1919382609 --> [v2:172.21.15.119:3300/0,v1:172.21.15.119:6789/0] -- mon_subscribe({config=0+,monmap=0+}) v3 -- 0x7f1fe0009550 con 0x7f1fec106a10
2023-07-14T18:02:33.036 INFO:teuthology.orchestra.run.smithi119.stdout:/usr/bin/ceph: stderr
2023-07-14T18:02:30.010+0000 7f1feaffd700 1 --2- 172.21.15.119:0/1919382609 >> [v2:172.21.15.119:3300/0,v1:172.21.15.119:6789/0] conn(0x7f1fec106a10 0x7f1fec199100 secure :-1 s=READY pgs=46 cs=0 l=1 rev1=1 crypto rx=0x7f1fe0006af0 tx=0x7f1fe0011ad0 comp rx=0 tx=0).ready entity=mon.0 client_cookie=0 server_cookie=0 in_seq=0 out_seq=0
2023-07-14T18:02:33.036 INFO:teuthology.orchestra.run.smithi119.stdout:/usr/bin/ceph: stderr
2023-07-14T18:02:30.010+0000 7f1fd3fff700 1 -- 172.21.15.119:0/1919382609 <== mon.0 v2:172.21.15.119:3300/0 1 ==== mon_map magic: 0 v1 ==== 205+0+0 (secure 0 0 0) 0x7f1fe0003a40 con 0x7f1fec106a10
2023-07-14T18:02:33.036 INFO:teuthology.orchestra.run.smithi119.stdout:/usr/bin/ceph: stderr
2023-07-14T18:02:30.010+0000 7f1fd3fff700 1 -- 172.21.15.119:0/1919382609 <== mon.0 v2:172.21.15.119:3300/0 2 ==== config(26 keys) v1 ==== 1074+0+0 (secure 0 0 0) 0x7f1fe0003ba0 con 0x7f1fec106a10
2023-07-14T18:02:33.036 INFO:teuthology.orchestra.run.smithi119.stdout:/usr/bin/ceph: stderr
2023-07-14T18:02:30.010+0000 7f1ff16c4700 1 -- 172.21.15.119:0/1919382609 --> [v2:172.21.15.119:3300/0,v1:172.21.15.119:6789/0] -- mon_subscribe({mgrmap=0+}) v3 -- 0x7f1fec199840 con 0x7f1fec106a10
2023-07-14T18:02:33.036 INFO:teuthology.orchestra.run.smithi119.stdout:/usr/bin/ceph: stderr
2023-07-14T18:02:30.010+0000 7f1fd3fff700 1 -- 172.21.15.119:0/1919382609 <== mon.0 v2:172.21.15.119:3300/0 3 ==== mon_map magic: 0 v1 ==== 205+0+0 (secure 0 0 0) 0x7f1fe001a6e0 con 0x7f1fec106a10
2023-07-14T18:02:33.036 INFO:teuthology.orchestra.run.smithi119.stdout:/usr/bin/ceph: stderr
2023-07-14T18:02:30.010+0000 7f1ff16c4700 1 -- 172.21.15.119:0/1919382609 --> [v2:172.21.15.119:3300/0,v1:172.21.15.119:6789/0] -- mon_subscribe({osdmap=0}) v3 -- 0x7f1fec199c60 con 0x7f1fec106a10
2023-07-14T18:02:33.036 INFO:teuthology.orchestra.run.smithi119.stdout:/usr/bin/ceph: stderr
2023-07-14T18:02:30.011+0000 7f1fd3fff700 1 -- 172.21.15.119:0/1919382609 <== mon.0 v2:172.21.15.119:3300/0 4 ==== mgrmap(e 8) v1 ==== 45483+0+0 (secure 0 0 0) 0x7f1fe001a950 con 0x7f1fec106a10
2023-07-14T18:02:33.037 INFO:teuthology.orchestra.run.smithi119.stdout:/usr/bin/ceph: stderr
2023-07-14T18:02:30.011+0000 7f1fd3fff700 1 --2- 172.21.15.119:0/1919382609 >> [v2:172.21.15.119:6800/4178249431,v1:172.21.15.119:6801/4178249431] conn(0x7f1fd4038710 0x7f1fd403abc0 unknown :-1 s=NONE pgs=0 cs=0 l=1 rev1=0 crypto rx=0 tx=0 comp rx=0 tx=0).connect
2023-07-14T18:02:33.037 INFO:teuthology.orchestra.run.smithi119.stdout:/usr/bin/ceph: stderr
2023-07-14T18:02:30.011+0000 7f1ff16c4700 1 -- 172.21.15.119:0/1919382609 --> [v2:172.21.15.119:3300/0,v1:172.21.15.119:6789/0] -- mon_command({"prefix": "get_command_descriptions"} v 0) v1 -- 0x7f1fec061c70 con 0x7f1fec106a10
2023-07-14T18:02:33.037 INFO:teuthology.orchestra.run.smithi119.stdout:/usr/bin/ceph: stderr
2023-07-14T18:02:30.011+0000 7f1fd3fff700 1 -- 172.21.15.119:0/1919382609 <== mon.0 v2:172.21.15.119:3300/0 5 ==== osd_map(2..2 src has 1..2) v4 ==== 940+0+0 (secure 0 0 0) 0x7f1fe004c8d0 con 0x7f1fec106a10
2023-07-14T18:02:33.037 INFO:teuthology.orchestra.run.smithi119.stdout:/usr/bin/ceph: stderr
2023-07-14T18:02:30.011+0000 7f1fea7fc700 1 --2- 172.21.15.119:0/1919382609 >> [v2:172.21.15.119:6800/4178249431,v1:172.21.15.119:6801/4178249431] conn(0x7f1fd4038710 0x7f1fd403abc0 unknown :-1 s=BANNER_CONNECTING pgs=0 cs=0 l=1 rev1=0 crypto rx=0 tx=0 comp rx=0 tx=0)._handle_peer_banner_payload supported=3 required=0
2023-07-14T18:02:33.037 INFO:teuthology.orchestra.run.smithi119.stdout:/usr/bin/ceph: stderr
2023-07-14T18:02:30.012+0000 7f1fea7fc700 1 --2- 172.21.15.119:0/1919382609 >> [v2:172.21.15.119:6800/4178249431,v1:172.21.15.119:6801/4178249431] conn(0x7f1fd4038710 0x7f1fd403abc0 secure :-1 s=READY pgs=11 cs=0 l=1 rev1=1 crypto rx=0x7f1fdc006fd0 tx=0x7f1fdc006e40 comp rx=0 tx=0).ready entity=mgr.14120 client_cookie=0 server_cookie=0 in_seq=0 out_seq=0
2023-07-14T18:02:33.037 INFO:teuthology.orchestra.run.smithi119.stdout:/usr/bin/ceph: stderr
2023-07-14T18:02:30.016+0000 7f1fd3fff700 1 -- 172.21.15.119:0/1919382609 <== mon.0 v2:172.21.15.119:3300/0 6 ==== mon_command_ack([{"prefix": "get_command_descriptions"}]=0 v0) v1 ==== 72+0+178025 (secure 0 0 0) 0x7f1fe001ac00 con 0x7f1fec106a10
2023-07-14T18:02:33.037 INFO:teuthology.orchestra.run.smithi119.stdout:/usr/bin/ceph: stderr
2023-07-14T18:02:30.207+0000 7f1ff16c4700 1 -- 172.21.15.119:0/1919382609 --> [v2:172.21.15.119:6800/4178249431,v1:172.21.15.119:6801/4178249431] -- mgr_command(tid 0: {"prefix": "orch host add", "hostname": "smithi119", "addr": "172.21.15.119", "target": ["mon-mgr", ""]}) v1 -- 0x7f1fec1005b0 con 0x7f1fd4038710
2023-07-14T18:02:33.038 INFO:teuthology.orchestra.run.smithi119.stdout:/usr/bin/ceph: stderr
2023-07-14T18:02:32.692+0000 7f1fd3fff700 1 -- 172.21.15.119:0/1919382609 <== mgr.14120 v2:172.21.15.119:6800/4178249431 1 ==== mgr_command_reply(tid 0: 0 ) v1 ==== 8+0+49 (secure 0 0 0) 0x7f1fec1005b0 con 0x7f1fd4038710
2023-07-14T18:02:33.038 INFO:teuthology.orchestra.run.smithi119.stdout:/usr/bin/ceph: stderr
2023-07-14T18:02:32.694+0000 7f1ff16c4700 1 -- 172.21.15.119:0/1919382609 >> [v2:172.21.15.119:6800/4178249431,v1:172.21.15.119:6801/4178249431] conn(0x7f1fd4038710 msgr2=0x7f1fd403abc0 secure :-1 s=STATE_CONNECTION_ESTABLISHED l=1).mark_down
2023-07-14T18:02:33.038 INFO:teuthology.orchestra.run.smithi119.stdout:/usr/bin/ceph: stderr
2023-07-14T18:02:32.694+0000 7f1ff16c4700 1 --2- 172.21.15.119:0/1919382609 >> [v2:172.21.15.119:6800/4178249431,v1:172.21.15.119:6801/4178249431] conn(0x7f1fd4038710 0x7f1fd403abc0 secure :-1 s=READY pgs=11 cs=0 l=1 rev1=1 crypto rx=0x7f1fdc006fd0 tx=0x7f1fdc006e40 comp rx=0 tx=0).stop
2023-07-14T18:02:33.038 INFO:teuthology.orchestra.run.smithi119.stdout:/usr/bin/ceph: stderr
2023-07-14T18:02:32.695+0000 7f1ff16c4700 1 -- 172.21.15.119:0/1919382609 >> [v2:172.21.15.119:3300/0,v1:172.21.15.119:6789/0] conn(0x7f1fec106a10 msgr2=0x7f1fec199100 secure :-1 s=STATE_CONNECTION_ESTABLISHED l=1).mark_down
2023-07-14T18:02:33.038 INFO:teuthology.orchestra.run.smithi119.stdout:/usr/bin/ceph: stderr
2023-07-14T18:02:32.695+0000 7f1ff16c4700 1 --2- 172.21.15.119:0/1919382609 >> [v2:172.21.15.119:3300/0,v1:172.21.15.119:6789/0] conn(0x7f1fec106a10 0x7f1fec199100 secure :-1 s=READY pgs=46 cs=0 l=1 rev1=1 crypto rx=0x7f1fe0006af0 tx=0x7f1fe0011ad0 comp rx=0 tx=0).stop
2023-07-14T18:02:33.038 INFO:teuthology.orchestra.run.smithi119.stdout:/usr/bin/ceph: stderr
2023-07-14T18:02:32.695+0000 7f1ff16c4700 1 -- 172.21.15.119:0/1919382609 shutdown_connections
2023-07-14T18:02:33.038 INFO:teuthology.orchestra.run.smithi119.stdout:/usr/bin/ceph: stderr
2023-07-14T18:02:32.695+0000 7f1ff16c4700 1 --2- 172.21.15.119:0/1919382609 >> [v2:172.21.15.119:6800/4178249431,v1:172.21.15.119:6801/4178249431] conn(0x7f1fd4038710 0x7f1fd403abc0 unknown :-1 s=CLOSED pgs=11 cs=0 l=1 rev1=1 crypto rx=0 tx=0 comp rx=0 tx=0).stop
2023-07-14T18:02:33.038 INFO:teuthology.orchestra.run.smithi119.stdout:/usr/bin/ceph: stderr
2023-07-14T18:02:32.695+0000 7f1ff16c4700 1 --2- 172.21.15.119:0/1919382609 >> [v2:172.21.15.119:3300/0,v1:172.21.15.119:6789/0] conn(0x7f1fec106a10 0x7f1fec199100 unknown :-1 s=CLOSED pgs=46 cs=0 l=1 rev1=1 crypto rx=0 tx=0 comp rx=0 tx=0).stop
2023-07-14T18:02:33.039 INFO:teuthology.orchestra.run.smithi119.stdout:/usr/bin/ceph: stderr
2023-07-14T18:02:32.695+0000 7f1ff16c4700 1 -- 172.21.15.119:0/1919382609 >> 172.21.15.119:0/1919382609 conn(0x7f1fec0ff120 msgr2=0x7f1fec0ffea0 unknown :-1 s=STATE_NONE l=0).mark_down
2023-07-14T18:02:33.039 INFO:teuthology.orchestra.run.smithi119.stdout:/usr/bin/ceph: stderr
2023-07-14T18:02:32.695+0000 7f1ff16c4700 1 -- 172.21.15.119:0/1919382609 shutdown_connections
2023-07-14T18:02:33.039 INFO:teuthology.orchestra.run.smithi119.stdout:/usr/bin/ceph: stderr
2023-07-14T18:02:32.695+0000 7f1ff16c4700 1 -- 172.21.15.119:0/1919382609 wait complete.
2023-07-14T18:02:33.039 INFO:teuthology.orchestra.run.smithi119.stdout:Deploying unmanaged mon service...
2023-07-14T18:02:34.021 INFO:journalctl@ceph.mon.a.smithi119.stdout:Jul 14 18:02:33 smithi119 ceph-mon[96557]: from='mgr.14120 172.21.15.119:0/1729267906' entity='mgr.x'
2023-07-14T18:02:34.022 INFO:journalctl@ceph.mon.a.smithi119.stdout:Jul 14 18:02:33 smithi119 ceph-mon[96557]: Added host smithi119
2023-07-14T18:02:34.022 INFO:journalctl@ceph.mon.a.smithi119.stdout:Jul 14 18:02:33 smithi119 ceph-mon[96557]: from='mgr.14120 172.21.15.119:0/1729267906' entity='mgr.x' cmd=[{"prefix": "config dump", "format": "json"}]: dispatch
2023-07-14T18:02:34.225 INFO:teuthology.orchestra.run.smithi119.stdout:/usr/bin/ceph: stdout Scheduled mon update...
2023-07-14T18:02:34.225 INFO:teuthology.orchestra.run.smithi119.stdout:/usr/bin/ceph: stderr
2023-07-14T18:02:33.459+0000 7fe0e5b07700 1 Processor -- start
2023-07-14T18:02:34.225 INFO:teuthology.orchestra.run.smithi119.stdout:/usr/bin/ceph: stderr
2023-07-14T18:02:33.459+0000 7fe0e5b07700 1 -- start start
2023-07-14T18:02:34.225 INFO:teuthology.orchestra.run.smithi119.stdout:/usr/bin/ceph: stderr
2023-07-14T18:02:33.459+0000 7fe0e5b07700 1 --2- >> [v2:172.21.15.119:3300/0,v1:172.21.15.119:6789/0] conn(0x7fe0e0103a70 0x7fe0e0103e80 unknown :-1 s=NONE pgs=0 cs=0 l=0 rev1=0 crypto rx=0 tx=0 comp rx=0 tx=0).connect
2023-07-14T18:02:34.225 INFO:teuthology.orchestra.run.smithi119.stdout:/usr/bin/ceph: stderr
2023-07-14T18:02:33.459+0000 7fe0e5b07700 1 -- --> [v2:172.21.15.119:3300/0,v1:172.21.15.119:6789/0] -- mon_getmap magic: 0 v1 -- 0x7fe0e01043c0 con 0x7fe0e0103a70
2023-07-14T18:02:34.225 INFO:teuthology.orchestra.run.smithi119.stdout:/usr/bin/ceph: stderr
2023-07-14T18:02:33.459+0000 7fe0df7fe700 1 --2- >> [v2:172.21.15.119:3300/0,v1:172.21.15.119:6789/0] conn(0x7fe0e0103a70 0x7fe0e0103e80 unknown :-1 s=BANNER_CONNECTING pgs=0 cs=0 l=0 rev1=0 crypto rx=0 tx=0 comp rx=0 tx=0)._handle_peer_banner_payload supported=3 required=0
2023-07-14T18:02:34.226 INFO:teuthology.orchestra.run.smithi119.stdout:/usr/bin/ceph: stderr
2023-07-14T18:02:33.459+0000 7fe0df7fe700 1 --2- >> [v2:172.21.15.119:3300/0,v1:172.21.15.119:6789/0] conn(0x7fe0e0103a70 0x7fe0e0103e80 unknown :-1 s=HELLO_CONNECTING pgs=0 cs=0 l=0 rev1=1 crypto rx=0 tx=0 comp rx=0 tx=0).handle_hello peer v2:172.21.15.119:3300/0 says I am v2:172.21.15.119:37792/0 (socket says 172.21.15.119:37792)
2023-07-14T18:02:34.226 INFO:teuthology.orchestra.run.smithi119.stdout:/usr/bin/ceph: stderr
2023-07-14T18:02:33.459+0000 7fe0df7fe700 1 -- 172.21.15.119:0/252714613 learned_addr learned my addr 172.21.15.119:0/252714613 (peer_addr_for_me v2:172.21.15.119:0/0)
2023-07-14T18:02:34.226 INFO:teuthology.orchestra.run.smithi119.stdout:/usr/bin/ceph: stderr
2023-07-14T18:02:33.459+0000 7fe0df7fe700 1 -- 172.21.15.119:0/252714613 --> [v2:172.21.15.119:3300/0,v1:172.21.15.119:6789/0] -- mon_subscribe({config=0+,monmap=0+}) v3 -- 0x7fe0e0104500 con 0x7fe0e0103a70
2023-07-14T18:02:34.226 INFO:teuthology.orchestra.run.smithi119.stdout:/usr/bin/ceph: stderr
2023-07-14T18:02:33.460+0000 7fe0df7fe700 1 --2- 172.21.15.119:0/252714613 >> [v2:172.21.15.119:3300/0,v1:172.21.15.119:6789/0] conn(0x7fe0e0103a70 0x7fe0e0103e80 secure :-1 s=READY pgs=47 cs=0 l=1 rev1=1 crypto rx=0x7fe0d00098a0 tx=0x7fe0d0009bb0 comp rx=0 tx=0).ready entity=mon.0 client_cookie=50de5261a46d0e3b server_cookie=0 in_seq=0 out_seq=0
2023-07-14T18:02:34.226 INFO:teuthology.orchestra.run.smithi119.stdout:/usr/bin/ceph: stderr
2023-07-14T18:02:33.460+0000 7fe0de7fc700 1 -- 172.21.15.119:0/252714613 <== mon.0 v2:172.21.15.119:3300/0 1 ==== mon_map magic: 0 v1 ==== 205+0+0 (secure 0 0 0) 0x7fe0d0004160 con 0x7fe0e0103a70
2023-07-14T18:02:34.226 INFO:teuthology.orchestra.run.smithi119.stdout:/usr/bin/ceph: stderr
2023-07-14T18:02:33.460+0000 7fe0de7fc700 1 -- 172.21.15.119:0/252714613 <== mon.0 v2:172.21.15.119:3300/0 2 ==== config(26 keys) v1 ==== 1074+0+0 (secure 0 0 0) 0x7fe0d00042c0 con 0x7fe0e0103a70
2023-07-14T18:02:34.226 INFO:teuthology.orchestra.run.smithi119.stdout:/usr/bin/ceph: stderr
2023-07-14T18:02:33.460+0000 7fe0de7fc700 1 -- 172.21.15.119:0/252714613 <== mon.0 v2:172.21.15.119:3300/0 3 ==== mon_map magic: 0 v1 ==== 205+0+0 (secure 0 0 0) 0x7fe0d0011a00 con 0x7fe0e0103a70
2023-07-14T18:02:34.227 INFO:teuthology.orchestra.run.smithi119.stdout:/usr/bin/ceph: stderr
2023-07-14T18:02:33.460+0000 7fe0e5b07700 1 -- 172.21.15.119:0/252714613 >> [v2:172.21.15.119:3300/0,v1:172.21.15.119:6789/0] conn(0x7fe0e0103a70 msgr2=0x7fe0e0103e80 secure :-1 s=STATE_CONNECTION_ESTABLISHED l=1).mark_down
2023-07-14T18:02:34.227 INFO:teuthology.orchestra.run.smithi119.stdout:/usr/bin/ceph: stderr
2023-07-14T18:02:33.460+0000 7fe0e5b07700 1 --2- 172.21.15.119:0/252714613 >> [v2:172.21.15.119:3300/0,v1:172.21.15.119:6789/0] conn(0x7fe0e0103a70 0x7fe0e0103e80 secure :-1 s=READY pgs=47 cs=0 l=1 rev1=1 crypto rx=0x7fe0d00098a0 tx=0x7fe0d0009bb0 comp rx=0 tx=0).stop
2023-07-14T18:02:34.227 INFO:teuthology.orchestra.run.smithi119.stdout:/usr/bin/ceph: stderr
2023-07-14T18:02:33.461+0000 7fe0e5b07700 1 -- 172.21.15.119:0/252714613 shutdown_connections
2023-07-14T18:02:34.227 INFO:teuthology.orchestra.run.smithi119.stdout:/usr/bin/ceph: stderr
2023-07-14T18:02:33.461+0000 7fe0e5b07700 1 --2- 172.21.15.119:0/252714613 >> [v2:172.21.15.119:3300/0,v1:172.21.15.119:6789/0] conn(0x7fe0e0103a70 0x7fe0e0103e80 unknown :-1 s=CLOSED pgs=47 cs=0 l=1 rev1=1 crypto rx=0 tx=0 comp rx=0 tx=0).stop
2023-07-14T18:02:34.227 INFO:teuthology.orchestra.run.smithi119.stdout:/usr/bin/ceph: stderr
2023-07-14T18:02:33.461+0000 7fe0e5b07700 1 -- 172.21.15.119:0/252714613 >> 172.21.15.119:0/252714613 conn(0x7fe0e00ff120 msgr2=0x7fe0e0101530 unknown :-1 s=STATE_NONE l=0).mark_down
2023-07-14T18:02:34.227 INFO:teuthology.orchestra.run.smithi119.stdout:/usr/bin/ceph: stderr
2023-07-14T18:02:33.461+0000 7fe0e5b07700 1 -- 172.21.15.119:0/252714613 shutdown_connections
2023-07-14T18:02:34.227 INFO:teuthology.orchestra.run.smithi119.stdout:/usr/bin/ceph: stderr
2023-07-14T18:02:33.461+0000 7fe0e5b07700 1 -- 172.21.15.119:0/252714613 wait complete.
2023-07-14T18:02:34.227 INFO:teuthology.orchestra.run.smithi119.stdout:/usr/bin/ceph: stderr
2023-07-14T18:02:33.461+0000 7fe0e5b07700 1 Processor -- start
2023-07-14T18:02:34.228 INFO:teuthology.orchestra.run.smithi119.stdout:/usr/bin/ceph: stderr
2023-07-14T18:02:33.461+0000 7fe0e5b07700 1 -- start start
2023-07-14T18:02:34.228 INFO:teuthology.orchestra.run.smithi119.stdout:/usr/bin/ceph: stderr
2023-07-14T18:02:33.462+0000 7fe0e5b07700 1 --2- >> [v2:172.21.15.119:3300/0,v1:172.21.15.119:6789/0] conn(0x7fe0e0103a70 0x7fe0e018ebf0 unknown :-1 s=NONE pgs=0 cs=0 l=1 rev1=0 crypto rx=0 tx=0 comp rx=0 tx=0).connect
2023-07-14T18:02:34.228 INFO:teuthology.orchestra.run.smithi119.stdout:/usr/bin/ceph: stderr
2023-07-14T18:02:33.462+0000 7fe0e5b07700 1 -- --> [v2:172.21.15.119:3300/0,v1:172.21.15.119:6789/0] -- mon_getmap magic: 0 v1 -- 0x7fe0e018f130 con 0x7fe0e0103a70
2023-07-14T18:02:34.228 INFO:teuthology.orchestra.run.smithi119.stdout:/usr/bin/ceph: stderr
2023-07-14T18:02:33.462+0000 7fe0df7fe700 1 --2- >> [v2:172.21.15.119:3300/0,v1:172.21.15.119:6789/0] conn(0x7fe0e0103a70 0x7fe0e018ebf0 unknown :-1 s=BANNER_CONNECTING pgs=0 cs=0 l=1 rev1=0 crypto rx=0 tx=0 comp rx=0 tx=0)._handle_peer_banner_payload supported=3 required=0
2023-07-14T18:02:34.228 INFO:teuthology.orchestra.run.smithi119.stdout:/usr/bin/ceph: stderr
2023-07-14T18:02:33.462+0000 7fe0df7fe700 1 --2- >> [v2:172.21.15.119:3300/0,v1:172.21.15.119:6789/0] conn(0x7fe0e0103a70 0x7fe0e018ebf0 unknown :-1 s=HELLO_CONNECTING pgs=0 cs=0 l=1 rev1=1 crypto rx=0 tx=0 comp rx=0 tx=0).handle_hello peer v2:172.21.15.119:3300/0 says I am v2:172.21.15.119:37794/0 (socket says 172.21.15.119:37794)
2023-07-14T18:02:34.228 INFO:teuthology.orchestra.run.smithi119.stdout:/usr/bin/ceph: stderr
2023-07-14T18:02:33.462+0000 7fe0df7fe700 1 -- 172.21.15.119:0/2293614517 learned_addr learned my addr 172.21.15.119:0/2293614517 (peer_addr_for_me v2:172.21.15.119:0/0)
2023-07-14T18:02:34.228 INFO:teuthology.orchestra.run.smithi119.stdout:/usr/bin/ceph: stderr
2023-07-14T18:02:33.462+0000 7fe0df7fe700 1 -- 172.21.15.119:0/2293614517 --> [v2:172.21.15.119:3300/0,v1:172.21.15.119:6789/0] -- mon_subscribe({config=0+,monmap=0+}) v3 -- 0x7fe0d0009550 con 0x7fe0e0103a70
2023-07-14T18:02:34.229 INFO:teuthology.orchestra.run.smithi119.stdout:/usr/bin/ceph: stderr
2023-07-14T18:02:33.462+0000 7fe0df7fe700 1 --2- 172.21.15.119:0/2293614517 >> [v2:172.21.15.119:3300/0,v1:172.21.15.119:6789/0] conn(0x7fe0e0103a70 0x7fe0e018ebf0 secure :-1 s=READY pgs=48 cs=0 l=1 rev1=1 crypto rx=0x7fe0d0006af0 tx=0x7fe0d0011ad0 comp rx=0 tx=0).ready entity=mon.0 client_cookie=0 server_cookie=0 in_seq=0 out_seq=0
2023-07-14T18:02:34.229 INFO:teuthology.orchestra.run.smithi119.stdout:/usr/bin/ceph: stderr
2023-07-14T18:02:33.462+0000 7fe0dcff9700 1 -- 172.21.15.119:0/2293614517 <== mon.0 v2:172.21.15.119:3300/0 1 ==== mon_map magic: 0 v1 ==== 205+0+0 (secure 0 0 0) 0x7fe0d0003a40 con 0x7fe0e0103a70
2023-07-14T18:02:34.229 INFO:teuthology.orchestra.run.smithi119.stdout:/usr/bin/ceph: stderr
2023-07-14T18:02:33.462+0000 7fe0dcff9700 1 -- 172.21.15.119:0/2293614517 <== mon.0 v2:172.21.15.119:3300/0 2 ==== config(26 keys) v1 ==== 1074+0+0 (secure 0 0 0) 0x7fe0d0003ba0 con 0x7fe0e0103a70
2023-07-14T18:02:34.229 INFO:teuthology.orchestra.run.smithi119.stdout:/usr/bin/ceph: stderr
2023-07-14T18:02:33.462+0000 7fe0dcff9700 1 -- 172.21.15.119:0/2293614517 <== mon.0 v2:172.21.15.119:3300/0 3 ==== mon_map magic: 0 v1 ==== 205+0+0 (secure 0 0 0) 0x7fe0d001a6e0 con 0x7fe0e0103a70
2023-07-14T18:02:34.229 INFO:teuthology.orchestra.run.smithi119.stdout:/usr/bin/ceph: stderr
2023-07-14T18:02:33.462+0000 7fe0e5b07700 1 -- 172.21.15.119:0/2293614517 --> [v2:172.21.15.119:3300/0,v1:172.21.15.119:6789/0] -- mon_subscribe({mgrmap=0+}) v3 -- 0x7fe0e018d240 con 0x7fe0e0103a70
2023-07-14T18:02:34.229 INFO:teuthology.orchestra.run.smithi119.stdout:/usr/bin/ceph: stderr
2023-07-14T18:02:33.462+0000 7fe0e5b07700 1 -- 172.21.15.119:0/2293614517 --> [v2:172.21.15.119:3300/0,v1:172.21.15.119:6789/0] -- mon_subscribe({osdmap=0}) v3 -- 0x7fe0e018d660 con 0x7fe0e0103a70
2023-07-14T18:02:34.229 INFO:teuthology.orchestra.run.smithi119.stdout:/usr/bin/ceph: stderr
2023-07-14T18:02:33.463+0000 7fe0e5b07700 1 -- 172.21.15.119:0/2293614517 --> [v2:172.21.15.119:3300/0,v1:172.21.15.119:6789/0] -- mon_command({"prefix": "get_command_descriptions"} v 0) v1 -- 0x7fe0e0061c70 con 0x7fe0e0103a70
2023-07-14T18:02:34.230 INFO:teuthology.orchestra.run.smithi119.stdout:/usr/bin/ceph: stderr
2023-07-14T18:02:33.464+0000 7fe0dcff9700 1 -- 172.21.15.119:0/2293614517 <== mon.0 v2:172.21.15.119:3300/0 4 ==== mgrmap(e 8) v1 ==== 45483+0+0 (secure 0 0 0) 0x7fe0d0024a60 con 0x7fe0e0103a70
2023-07-14T18:02:34.230 INFO:teuthology.orchestra.run.smithi119.stdout:/usr/bin/ceph: stderr
2023-07-14T18:02:33.464+0000 7fe0dcff9700 1 --2- 172.21.15.119:0/2293614517 >> [v2:172.21.15.119:6800/4178249431,v1:172.21.15.119:6801/4178249431] conn(0x7fe0c80387b0 0x7fe0c803ac60 unknown :-1 s=NONE pgs=0 cs=0 l=1 rev1=0 crypto rx=0 tx=0 comp rx=0 tx=0).connect
2023-07-14T18:02:34.230 INFO:teuthology.orchestra.run.smithi119.stdout:/usr/bin/ceph: stderr
2023-07-14T18:02:33.464+0000 7fe0dcff9700 1 -- 172.21.15.119:0/2293614517 <== mon.0 v2:172.21.15.119:3300/0 5 ==== osd_map(2..2 src has 1..2) v4 ==== 940+0+0 (secure 0 0 0) 0x7fe0d004cb50 con 0x7fe0e0103a70
2023-07-14T18:02:34.230 INFO:teuthology.orchestra.run.smithi119.stdout:/usr/bin/ceph: stderr
2023-07-14T18:02:33.464+0000 7fe0deffd700 1 --2- 172.21.15.119:0/2293614517 >> [v2:172.21.15.119:6800/4178249431,v1:172.21.15.119:6801/4178249431] conn(0x7fe0c80387b0 0x7fe0c803ac60 unknown :-1 s=BANNER_CONNECTING pgs=0 cs=0 l=1 rev1=0 crypto rx=0 tx=0 comp rx=0 tx=0)._handle_peer_banner_payload supported=3 required=0
2023-07-14T18:02:34.230 INFO:teuthology.orchestra.run.smithi119.stdout:/usr/bin/ceph: stderr
2023-07-14T18:02:33.464+0000 7fe0deffd700 1 --2- 172.21.15.119:0/2293614517 >> [v2:172.21.15.119:6800/4178249431,v1:172.21.15.119:6801/4178249431] conn(0x7fe0c80387b0 0x7fe0c803ac60 secure :-1 s=READY pgs=12 cs=0 l=1 rev1=1 crypto rx=0x7fe0d4006fd0 tx=0x7fe0d4006e40 comp rx=0 tx=0).ready entity=mgr.14120 client_cookie=0 server_cookie=0 in_seq=0 out_seq=0
2023-07-14T18:02:34.230 INFO:teuthology.orchestra.run.smithi119.stdout:/usr/bin/ceph: stderr
2023-07-14T18:02:33.468+0000 7fe0dcff9700 1 -- 172.21.15.119:0/2293614517 <== mon.0 v2:172.21.15.119:3300/0 6 ==== mon_command_ack([{"prefix": "get_command_descriptions"}]=0 v0) v1 ==== 72+0+178025 (secure 0 0 0) 0x7fe0d0024430 con 0x7fe0e0103a70
2023-07-14T18:02:34.230 INFO:teuthology.orchestra.run.smithi119.stdout:/usr/bin/ceph: stderr
2023-07-14T18:02:33.687+0000 7fe0e5b07700 1 -- 172.21.15.119:0/2293614517 --> [v2:172.21.15.119:6800/4178249431,v1:172.21.15.119:6801/4178249431] -- mgr_command(tid 0: {"prefix": "orch apply", "service_type": "mon", "unmanaged": true, "target": ["mon-mgr", ""]}) v1 -- 0x7fe0e0100d70 con 0x7fe0c80387b0
2023-07-14T18:02:34.230 INFO:teuthology.orchestra.run.smithi119.stdout:/usr/bin/ceph: stderr
2023-07-14T18:02:33.694+0000 7fe0dcff9700 1 -- 172.21.15.119:0/2293614517 <== mgr.14120 v2:172.21.15.119:6800/4178249431 1 ==== mgr_command_reply(tid 0: 0 ) v1 ==== 8+0+24 (secure 0 0 0) 0x7fe0e0100d70 con 0x7fe0c80387b0
2023-07-14T18:02:34.231 INFO:teuthology.orchestra.run.smithi119.stdout:/usr/bin/ceph: stderr
2023-07-14T18:02:33.696+0000 7fe0e5b07700 1 -- 172.21.15.119:0/2293614517 >> [v2:172.21.15.119:6800/4178249431,v1:172.21.15.119:6801/4178249431] conn(0x7fe0c80387b0 msgr2=0x7fe0c803ac60 secure :-1 s=STATE_CONNECTION_ESTABLISHED l=1).mark_down
2023-07-14T18:02:34.231 INFO:teuthology.orchestra.run.smithi119.stdout:/usr/bin/ceph: stderr
2023-07-14T18:02:33.696+0000 7fe0e5b07700 1 --2- 172.21.15.119:0/2293614517 >> [v2:172.21.15.119:6800/4178249431,v1:172.21.15.119:6801/4178249431] conn(0x7fe0c80387b0 0x7fe0c803ac60 secure :-1 s=READY pgs=12 cs=0 l=1 rev1=1 crypto rx=0x7fe0d4006fd0 tx=0x7fe0d4006e40 comp rx=0 tx=0).stop
2023-07-14T18:02:34.231 INFO:teuthology.orchestra.run.smithi119.stdout:/usr/bin/ceph: stderr
2023-07-14T18:02:33.696+0000 7fe0e5b07700 1 -- 172.21.15.119:0/2293614517 >> [v2:172.21.15.119:3300/0,v1:172.21.15.119:6789/0] conn(0x7fe0e0103a70 msgr2=0x7fe0e018ebf0 secure :-1 s=STATE_CONNECTION_ESTABLISHED l=1).mark_down
2023-07-14T18:02:34.231 INFO:teuthology.orchestra.run.smithi119.stdout:/usr/bin/ceph: stderr
2023-07-14T18:02:33.696+0000 7fe0e5b07700 1 --2- 172.21.15.119:0/2293614517 >> [v2:172.21.15.119:3300/0,v1:172.21.15.119:6789/0] conn(0x7fe0e0103a70 0x7fe0e018ebf0 secure :-1 s=READY pgs=48 cs=0 l=1 rev1=1 crypto rx=0x7fe0d0006af0 tx=0x7fe0d0011ad0 comp rx=0 tx=0).stop
2023-07-14T18:02:34.231 INFO:teuthology.orchestra.run.smithi119.stdout:/usr/bin/ceph: stderr
2023-07-14T18:02:33.696+0000 7fe0e5b07700 1 -- 172.21.15.119:0/2293614517 shutdown_connections
2023-07-14T18:02:34.231 INFO:teuthology.orchestra.run.smithi119.stdout:/usr/bin/ceph: stderr
2023-07-14T18:02:33.696+0000 7fe0e5b07700 1 --2- 172.21.15.119:0/2293614517 >> [v2:172.21.15.119:6800/4178249431,v1:172.21.15.119:6801/4178249431] conn(0x7fe0c80387b0 0x7fe0c803ac60 unknown :-1 s=CLOSED pgs=12 cs=0 l=1 rev1=1 crypto rx=0 tx=0 comp rx=0 tx=0).stop
2023-07-14T18:02:34.231 INFO:teuthology.orchestra.run.smithi119.stdout:/usr/bin/ceph: stderr
2023-07-14T18:02:33.696+0000 7fe0e5b07700 1 --2- 172.21.15.119:0/2293614517 >> [v2:172.21.15.119:3300/0,v1:172.21.15.119:6789/0] conn(0x7fe0e0103a70 0x7fe0e018ebf0 unknown :-1 s=CLOSED pgs=48 cs=0 l=1 rev1=1 crypto rx=0 tx=0 comp rx=0 tx=0).stop
2023-07-14T18:02:34.232 INFO:teuthology.orchestra.run.smithi119.stdout:/usr/bin/ceph: stderr
2023-07-14T18:02:33.696+0000 7fe0e5b07700 1 -- 172.21.15.119:0/2293614517 >> 172.21.15.119:0/2293614517 conn(0x7fe0e00ff120 msgr2=0x7fe0e0100660 unknown :-1 s=STATE_NONE l=0).mark_down
2023-07-14T18:02:34.232 INFO:teuthology.orchestra.run.smithi119.stdout:/usr/bin/ceph: stderr
2023-07-14T18:02:33.696+0000 7fe0e5b07700 1 -- 172.21.15.119:0/2293614517 shutdown_connections
2023-07-14T18:02:34.232 INFO:teuthology.orchestra.run.smithi119.stdout:/usr/bin/ceph: stderr
2023-07-14T18:02:33.696+0000 7fe0e5b07700 1 -- 172.21.15.119:0/2293614517 wait complete.
2023-07-14T18:02:34.232 INFO:teuthology.orchestra.run.smithi119.stdout:Deploying unmanaged mgr service...
2023-07-14T18:02:34.870 INFO:journalctl@ceph.mon.a.smithi119.stdout:Jul 14 18:02:34 smithi119 ceph-mon[96557]: from='client.14142 -' entity='client.admin' cmd=[{"prefix": "orch apply", "service_type": "mon", "unmanaged": true, "target": ["mon-mgr", ""]}]: dispatch
2023-07-14T18:02:34.871 INFO:journalctl@ceph.mon.a.smithi119.stdout:Jul 14 18:02:34 smithi119 ceph-mon[96557]: Saving service mon spec with placement count:5
2023-07-14T18:02:34.871 INFO:journalctl@ceph.mon.a.smithi119.stdout:Jul 14 18:02:34 smithi119 ceph-mon[96557]: from='mgr.14120 172.21.15.119:0/1729267906' entity='mgr.x'
2023-07-14T18:02:35.619 INFO:teuthology.orchestra.run.smithi119.stdout:/usr/bin/ceph: stdout Scheduled mgr update...
2023-07-14T18:02:35.620 INFO:teuthology.orchestra.run.smithi119.stdout:/usr/bin/ceph: stderr
2023-07-14T18:02:34.982+0000 7fdc02f0e700 1 Processor -- start
2023-07-14T18:02:35.620 INFO:teuthology.orchestra.run.smithi119.stdout:/usr/bin/ceph: stderr
2023-07-14T18:02:34.982+0000 7fdc02f0e700 1 -- start start
2023-07-14T18:02:35.620 INFO:teuthology.orchestra.run.smithi119.stdout:/usr/bin/ceph: stderr
2023-07-14T18:02:34.982+0000 7fdc02f0e700 1 --2- >> [v2:172.21.15.119:3300/0,v1:172.21.15.119:6789/0] conn(0x7fdbfc1042f0 0x7fdbfc104700 unknown :-1 s=NONE pgs=0 cs=0 l=0 rev1=0 crypto rx=0 tx=0 comp rx=0 tx=0).connect
2023-07-14T18:02:35.620 INFO:teuthology.orchestra.run.smithi119.stdout:/usr/bin/ceph: stderr
2023-07-14T18:02:34.982+0000 7fdc02f0e700 1 -- --> [v2:172.21.15.119:3300/0,v1:172.21.15.119:6789/0] -- mon_getmap magic: 0 v1 -- 0x7fdbfc104c40 con 0x7fdbfc1042f0
2023-07-14T18:02:35.621 INFO:teuthology.orchestra.run.smithi119.stdout:/usr/bin/ceph: stderr
2023-07-14T18:02:34.983+0000 7fdc00caa700 1 --2- >> [v2:172.21.15.119:3300/0,v1:172.21.15.119:6789/0] conn(0x7fdbfc1042f0 0x7fdbfc104700 unknown :-1 s=BANNER_CONNECTING pgs=0 cs=0 l=0 rev1=0 crypto rx=0 tx=0 comp rx=0 tx=0)._handle_peer_banner_payload supported=3 required=0
2023-07-14T18:02:35.621 INFO:teuthology.orchestra.run.smithi119.stdout:/usr/bin/ceph: stderr
2023-07-14T18:02:34.983+0000 7fdc00caa700 1 --2- >> [v2:172.21.15.119:3300/0,v1:172.21.15.119:6789/0] conn(0x7fdbfc1042f0 0x7fdbfc104700 unknown :-1 s=HELLO_CONNECTING pgs=0 cs=0 l=0 rev1=1 crypto rx=0 tx=0 comp rx=0 tx=0).handle_hello peer v2:172.21.15.119:3300/0 says I am v2:172.21.15.119:37798/0 (socket says 172.21.15.119:37798)
2023-07-14T18:02:35.621 INFO:teuthology.orchestra.run.smithi119.stdout:/usr/bin/ceph: stderr
2023-07-14T18:02:34.983+0000 7fdc00caa700 1 -- 172.21.15.119:0/579864375 learned_addr learned my addr 172.21.15.119:0/579864375 (peer_addr_for_me v2:172.21.15.119:0/0)
2023-07-14T18:02:35.621 INFO:teuthology.orchestra.run.smithi119.stdout:/usr/bin/ceph: stderr
2023-07-14T18:02:34.983+0000 7fdc00caa700 1 -- 172.21.15.119:0/579864375 --> [v2:172.21.15.119:3300/0,v1:172.21.15.119:6789/0] -- mon_subscribe({config=0+,monmap=0+}) v3 -- 0x7fdbfc104d80 con 0x7fdbfc1042f0
2023-07-14T18:02:35.621 INFO:teuthology.orchestra.run.smithi119.stdout:/usr/bin/ceph: stderr
2023-07-14T18:02:34.983+0000 7fdc00caa700 1 --2- 172.21.15.119:0/579864375 >> [v2:172.21.15.119:3300/0,v1:172.21.15.119:6789/0] conn(0x7fdbfc1042f0 0x7fdbfc104700 secure :-1 s=READY pgs=49 cs=0 l=1 rev1=1 crypto rx=0x7fdbf000bb40 tx=0x7fdbf000be50 comp rx=0 tx=0).ready entity=mon.0 client_cookie=a2f121d47e063941 server_cookie=0 in_seq=0 out_seq=0
2023-07-14T18:02:35.621 INFO:teuthology.orchestra.run.smithi119.stdout:/usr/bin/ceph: stderr
2023-07-14T18:02:34.983+0000 7fdbfb7fe700 1 -- 172.21.15.119:0/579864375 <== mon.0 v2:172.21.15.119:3300/0 1 ==== mon_map magic: 0 v1 ==== 205+0+0 (secure 0 0 0) 0x7fdbf000dbe0 con 0x7fdbfc1042f0
2023-07-14T18:02:35.622 INFO:teuthology.orchestra.run.smithi119.stdout:/usr/bin/ceph: stderr
