2023-07-14T18:05:08.957 INFO:journalctl@ceph.mgr.x.smithi163.stdout:Jul 14 18:05:08 smithi163 ceph-bf7326ec-2270-11ee-9b33-001a4aab830c-mgr-x[96818]: ignoring --setuser ceph since I am not root
2023-07-14T18:05:08.957 INFO:journalctl@ceph.mgr.x.smithi163.stdout:Jul 14 18:05:08 smithi163 ceph-bf7326ec-2270-11ee-9b33-001a4aab830c-mgr-x[96818]: ignoring --setgroup ceph since I am not root
2023-07-14T18:05:08.957 INFO:journalctl@ceph.mgr.x.smithi163.stdout:Jul 14 18:05:08 smithi163 ceph-bf7326ec-2270-11ee-9b33-001a4aab830c-mgr-x[96818]:
2023-07-14T18:05:08.849+0000 7fdfc6157200 -1 mgr[py] Module devicehealth has missing NOTIFY_TYPES member
2023-07-14T18:05:09.094 INFO:teuthology.orchestra.run.smithi163.stdout:/usr/bin/ceph: stderr
2023-07-14T18:05:07.568+0000 7f3baaf21700 1 Processor -- start
2023-07-14T18:05:09.094 INFO:teuthology.orchestra.run.smithi163.stdout:/usr/bin/ceph: stderr
2023-07-14T18:05:07.568+0000 7f3baaf21700 1 -- start start
2023-07-14T18:05:09.094 INFO:teuthology.orchestra.run.smithi163.stdout:/usr/bin/ceph: stderr
2023-07-14T18:05:07.569+0000 7f3baaf21700 1 --2- >> [v2:172.21.15.163:3300/0,v1:172.21.15.163:6789/0] conn(0x7f3ba41045d0 0x7f3ba41049e0 unknown :-1 s=NONE pgs=0 cs=0 l=0 rev1=0 crypto rx=0 tx=0 comp rx=0 tx=0).connect
2023-07-14T18:05:09.094 INFO:teuthology.orchestra.run.smithi163.stdout:/usr/bin/ceph: stderr
2023-07-14T18:05:07.569+0000 7f3baaf21700 1 -- --> [v2:172.21.15.163:3300/0,v1:172.21.15.163:6789/0] -- mon_getmap magic: 0 v1 -- 0x7f3ba4104f20 con 0x7f3ba41045d0
2023-07-14T18:05:09.095 INFO:teuthology.orchestra.run.smithi163.stdout:/usr/bin/ceph: stderr
2023-07-14T18:05:07.569+0000 7f3ba8cbd700 1 --2- >> [v2:172.21.15.163:3300/0,v1:172.21.15.163:6789/0] conn(0x7f3ba41045d0 0x7f3ba41049e0 unknown :-1 s=BANNER_CONNECTING pgs=0 cs=0 l=0 rev1=0 crypto rx=0 tx=0 comp rx=0 tx=0)._handle_peer_banner_payload supported=3 required=0
2023-07-14T18:05:09.095 INFO:teuthology.orchestra.run.smithi163.stdout:/usr/bin/ceph: stderr
2023-07-14T18:05:07.569+0000 7f3ba8cbd700 1 --2- >> [v2:172.21.15.163:3300/0,v1:172.21.15.163:6789/0] conn(0x7f3ba41045d0 0x7f3ba41049e0 unknown :-1 s=HELLO_CONNECTING pgs=0 cs=0 l=0 rev1=1 crypto rx=0 tx=0 comp rx=0 tx=0).handle_hello peer v2:172.21.15.163:3300/0 says I am v2:172.21.15.163:54632/0 (socket says 172.21.15.163:54632)
2023-07-14T18:05:09.095 INFO:teuthology.orchestra.run.smithi163.stdout:/usr/bin/ceph: stderr
2023-07-14T18:05:07.569+0000 7f3ba8cbd700 1 -- 172.21.15.163:0/2864572827 learned_addr learned my addr 172.21.15.163:0/2864572827 (peer_addr_for_me v2:172.21.15.163:0/0)
2023-07-14T18:05:09.095 INFO:teuthology.orchestra.run.smithi163.stdout:/usr/bin/ceph: stderr
2023-07-14T18:05:07.569+0000 7f3ba8cbd700 1 -- 172.21.15.163:0/2864572827 --> [v2:172.21.15.163:3300/0,v1:172.21.15.163:6789/0] -- mon_subscribe({config=0+,monmap=0+}) v3 -- 0x7f3ba4105060 con 0x7f3ba41045d0
2023-07-14T18:05:09.095 INFO:teuthology.orchestra.run.smithi163.stdout:/usr/bin/ceph: stderr
2023-07-14T18:05:07.569+0000 7f3ba8cbd700 1 --2- 172.21.15.163:0/2864572827 >> [v2:172.21.15.163:3300/0,v1:172.21.15.163:6789/0] conn(0x7f3ba41045d0 0x7f3ba41049e0 secure :-1 s=READY pgs=55 cs=0 l=1 rev1=1 crypto rx=0x7f3b980098a0 tx=0x7f3b98009bb0 comp rx=0 tx=0).ready entity=mon.0 client_cookie=f6f7397865e315cb server_cookie=0 in_seq=0 out_seq=0
2023-07-14T18:05:09.095 INFO:teuthology.orchestra.run.smithi163.stdout:/usr/bin/ceph: stderr
2023-07-14T18:05:07.569+0000 7f3ba37fe700 1 -- 172.21.15.163:0/2864572827 <== mon.0 v2:172.21.15.163:3300/0 1 ==== mon_map magic: 0 v1 ==== 205+0+0 (secure 0 0 0) 0x7f3b98004160 con 0x7f3ba41045d0
2023-07-14T18:05:09.095 INFO:teuthology.orchestra.run.smithi163.stdout:/usr/bin/ceph: stderr
2023-07-14T18:05:07.570+0000 7f3ba37fe700 1 -- 172.21.15.163:0/2864572827 <== mon.0 v2:172.21.15.163:3300/0 2 ==== config(25 keys) v1 ==== 1067+0+0 (secure 0 0 0) 0x7f3b980042c0 con 0x7f3ba41045d0
2023-07-14T18:05:09.096 INFO:teuthology.orchestra.run.smithi163.stdout:/usr/bin/ceph: stderr
2023-07-14T18:05:07.570+0000 7f3ba37fe700 1 -- 172.21.15.163:0/2864572827 <== mon.0 v2:172.21.15.163:3300/0 3 ==== mon_map magic: 0 v1 ==== 205+0+0 (secure 0 0 0) 0x7f3b980118e0 con 0x7f3ba41045d0
2023-07-14T18:05:09.096 INFO:teuthology.orchestra.run.smithi163.stdout:/usr/bin/ceph: stderr
2023-07-14T18:05:07.570+0000 7f3baaf21700 1 -- 172.21.15.163:0/2864572827 >> [v2:172.21.15.163:3300/0,v1:172.21.15.163:6789/0] conn(0x7f3ba41045d0 msgr2=0x7f3ba41049e0 secure :-1 s=STATE_CONNECTION_ESTABLISHED l=1).mark_down
2023-07-14T18:05:09.096 INFO:teuthology.orchestra.run.smithi163.stdout:/usr/bin/ceph: stderr
2023-07-14T18:05:07.570+0000 7f3baaf21700 1 --2- 172.21.15.163:0/2864572827 >> [v2:172.21.15.163:3300/0,v1:172.21.15.163:6789/0] conn(0x7f3ba41045d0 0x7f3ba41049e0 secure :-1 s=READY pgs=55 cs=0 l=1 rev1=1 crypto rx=0x7f3b980098a0 tx=0x7f3b98009bb0 comp rx=0 tx=0).stop
2023-07-14T18:05:09.096 INFO:teuthology.orchestra.run.smithi163.stdout:/usr/bin/ceph: stderr
2023-07-14T18:05:07.570+0000 7f3baaf21700 1 -- 172.21.15.163:0/2864572827 shutdown_connections
2023-07-14T18:05:09.096 INFO:teuthology.orchestra.run.smithi163.stdout:/usr/bin/ceph: stderr
2023-07-14T18:05:07.570+0000 7f3baaf21700 1 --2- 172.21.15.163:0/2864572827 >> [v2:172.21.15.163:3300/0,v1:172.21.15.163:6789/0] conn(0x7f3ba41045d0 0x7f3ba41049e0 unknown :-1 s=CLOSED pgs=55 cs=0 l=1 rev1=1 crypto rx=0 tx=0 comp rx=0 tx=0).stop
2023-07-14T18:05:09.096 INFO:teuthology.orchestra.run.smithi163.stdout:/usr/bin/ceph: stderr
2023-07-14T18:05:07.570+0000 7f3baaf21700 1 -- 172.21.15.163:0/2864572827 >> 172.21.15.163:0/2864572827 conn(0x7f3ba40feec0 msgr2=0x7f3ba41012d0 unknown :-1 s=STATE_NONE l=0).mark_down
2023-07-14T18:05:09.096 INFO:teuthology.orchestra.run.smithi163.stdout:/usr/bin/ceph: stderr
2023-07-14T18:05:07.570+0000 7f3baaf21700 1 -- 172.21.15.163:0/2864572827 shutdown_connections
2023-07-14T18:05:09.096 INFO:teuthology.orchestra.run.smithi163.stdout:/usr/bin/ceph: stderr
2023-07-14T18:05:07.570+0000 7f3baaf21700 1 -- 172.21.15.163:0/2864572827 wait complete.
2023-07-14T18:05:09.097 INFO:teuthology.orchestra.run.smithi163.stdout:/usr/bin/ceph: stderr
2023-07-14T18:05:07.571+0000 7f3baaf21700 1 Processor -- start
2023-07-14T18:05:09.097 INFO:teuthology.orchestra.run.smithi163.stdout:/usr/bin/ceph: stderr
2023-07-14T18:05:07.571+0000 7f3baaf21700 1 -- start start
2023-07-14T18:05:09.097 INFO:teuthology.orchestra.run.smithi163.stdout:/usr/bin/ceph: stderr
2023-07-14T18:05:07.571+0000 7f3baaf21700 1 --2- >> [v2:172.21.15.163:3300/0,v1:172.21.15.163:6789/0] conn(0x7f3ba41045d0 0x7f3ba418d870 unknown :-1 s=NONE pgs=0 cs=0 l=1 rev1=0 crypto rx=0 tx=0 comp rx=0 tx=0).connect
2023-07-14T18:05:09.097 INFO:teuthology.orchestra.run.smithi163.stdout:/usr/bin/ceph: stderr
2023-07-14T18:05:07.571+0000 7f3baaf21700 1 -- --> [v2:172.21.15.163:3300/0,v1:172.21.15.163:6789/0] -- mon_getmap magic: 0 v1 -- 0x7f3ba418f400 con 0x7f3ba41045d0
2023-07-14T18:05:09.097 INFO:teuthology.orchestra.run.smithi163.stdout:/usr/bin/ceph: stderr
2023-07-14T18:05:07.571+0000 7f3ba8cbd700 1 --2- >> [v2:172.21.15.163:3300/0,v1:172.21.15.163:6789/0] conn(0x7f3ba41045d0 0x7f3ba418d870 unknown :-1 s=BANNER_CONNECTING pgs=0 cs=0 l=1 rev1=0 crypto rx=0 tx=0 comp rx=0 tx=0)._handle_peer_banner_payload supported=3 required=0
2023-07-14T18:05:09.097 INFO:teuthology.orchestra.run.smithi163.stdout:/usr/bin/ceph: stderr
2023-07-14T18:05:07.571+0000 7f3ba8cbd700 1 --2- >> [v2:172.21.15.163:3300/0,v1:172.21.15.163:6789/0] conn(0x7f3ba41045d0 0x7f3ba418d870 unknown :-1 s=HELLO_CONNECTING pgs=0 cs=0 l=1 rev1=1 crypto rx=0 tx=0 comp rx=0 tx=0).handle_hello peer v2:172.21.15.163:3300/0 says I am v2:172.21.15.163:54634/0 (socket says 172.21.15.163:54634)
2023-07-14T18:05:09.097 INFO:teuthology.orchestra.run.smithi163.stdout:/usr/bin/ceph: stderr
2023-07-14T18:05:07.571+0000 7f3ba8cbd700 1 -- 172.21.15.163:0/1732561951 learned_addr learned my addr 172.21.15.163:0/1732561951 (peer_addr_for_me v2:172.21.15.163:0/0)
2023-07-14T18:05:09.098 INFO:teuthology.orchestra.run.smithi163.stdout:/usr/bin/ceph: stderr
2023-07-14T18:05:07.571+0000 7f3ba8cbd700 1 -- 172.21.15.163:0/1732561951 --> [v2:172.21.15.163:3300/0,v1:172.21.15.163:6789/0] -- mon_subscribe({config=0+,monmap=0+}) v3 -- 0x7f3b98009550 con 0x7f3ba41045d0
2023-07-14T18:05:09.098 INFO:teuthology.orchestra.run.smithi163.stdout:/usr/bin/ceph: stderr
2023-07-14T18:05:07.571+0000 7f3ba8cbd700 1 --2- 172.21.15.163:0/1732561951 >> [v2:172.21.15.163:3300/0,v1:172.21.15.163:6789/0] conn(0x7f3ba41045d0 0x7f3ba418d870 secure :-1 s=READY pgs=56 cs=0 l=1 rev1=1 crypto rx=0x7f3b98006af0 tx=0x7f3b98011e80 comp rx=0 tx=0).ready entity=mon.0 client_cookie=0 server_cookie=0 in_seq=0 out_seq=0
2023-07-14T18:05:09.098 INFO:teuthology.orchestra.run.smithi163.stdout:/usr/bin/ceph: stderr
2023-07-14T18:05:07.572+0000 7f3ba1ffb700 1 -- 172.21.15.163:0/1732561951 <== mon.0 v2:172.21.15.163:3300/0 1 ==== mon_map magic: 0 v1 ==== 205+0+0 (secure 0 0 0) 0x7f3b980037d0 con 0x7f3ba41045d0
2023-07-14T18:05:09.098 INFO:teuthology.orchestra.run.smithi163.stdout:/usr/bin/ceph: stderr
2023-07-14T18:05:07.572+0000 7f3ba1ffb700 1 -- 172.21.15.163:0/1732561951 <== mon.0 v2:172.21.15.163:3300/0 2 ==== config(25 keys) v1 ==== 1067+0+0 (secure 0 0 0) 0x7f3b9801b440 con 0x7f3ba41045d0
2023-07-14T18:05:09.098 INFO:teuthology.orchestra.run.smithi163.stdout:/usr/bin/ceph: stderr
2023-07-14T18:05:07.572+0000 7f3baaf21700 1 -- 172.21.15.163:0/1732561951 --> [v2:172.21.15.163:3300/0,v1:172.21.15.163:6789/0] -- mon_subscribe({mgrmap=0+}) v3 -- 0x7f3ba418f600 con 0x7f3ba41045d0
2023-07-14T18:05:09.098 INFO:teuthology.orchestra.run.smithi163.stdout:/usr/bin/ceph: stderr
2023-07-14T18:05:07.572+0000 7f3ba1ffb700 1 -- 172.21.15.163:0/1732561951 <== mon.0 v2:172.21.15.163:3300/0 3 ==== mon_map magic: 0 v1 ==== 205+0+0 (secure 0 0 0) 0x7f3b98019560 con 0x7f3ba41045d0
2023-07-14T18:05:09.098 INFO:teuthology.orchestra.run.smithi163.stdout:/usr/bin/ceph: stderr
2023-07-14T18:05:07.572+0000 7f3baaf21700 1 -- 172.21.15.163:0/1732561951 --> [v2:172.21.15.163:3300/0,v1:172.21.15.163:6789/0] -- mon_subscribe({osdmap=0}) v3 -- 0x7f3ba418df80 con 0x7f3ba41045d0
2023-07-14T18:05:09.098 INFO:teuthology.orchestra.run.smithi163.stdout:/usr/bin/ceph: stderr
2023-07-14T18:05:07.573+0000 7f3ba1ffb700 1 -- 172.21.15.163:0/1732561951 <== mon.0 v2:172.21.15.163:3300/0 4 ==== mgrmap(e 8) v1 ==== 45483+0+0 (secure 0 0 0) 0x7f3b98003930 con 0x7f3ba41045d0
2023-07-14T18:05:09.099 INFO:teuthology.orchestra.run.smithi163.stdout:/usr/bin/ceph: stderr
2023-07-14T18:05:07.573+0000 7f3ba1ffb700 1 --2- 172.21.15.163:0/1732561951 >> [v2:172.21.15.163:6800/1086512093,v1:172.21.15.163:6801/1086512093] conn(0x7f3b940386c0 0x7f3b9403ab70 unknown :-1 s=NONE pgs=0 cs=0 l=1 rev1=0 crypto rx=0 tx=0 comp rx=0 tx=0).connect
2023-07-14T18:05:09.099 INFO:teuthology.orchestra.run.smithi163.stdout:/usr/bin/ceph: stderr
2023-07-14T18:05:07.573+0000 7f3ba1ffb700 1 -- 172.21.15.163:0/1732561951 <== mon.0 v2:172.21.15.163:3300/0 5 ==== osd_map(2..2 src has 1..2) v4 ==== 940+0+0 (secure 0 0 0) 0x7f3b9804c560 con 0x7f3ba41045d0
2023-07-14T18:05:09.099 INFO:teuthology.orchestra.run.smithi163.stdout:/usr/bin/ceph: stderr
2023-07-14T18:05:07.573+0000 7f3baaf21700 1 -- 172.21.15.163:0/1732561951 --> [v2:172.21.15.163:3300/0,v1:172.21.15.163:6789/0] -- mon_command({"prefix": "get_command_descriptions"} v 0) v1 -- 0x7f3ba4061c70 con 0x7f3ba41045d0
2023-07-14T18:05:09.099 INFO:teuthology.orchestra.run.smithi163.stdout:/usr/bin/ceph: stderr
2023-07-14T18:05:07.573+0000 7f3ba3fff700 1 --2- 172.21.15.163:0/1732561951 >> [v2:172.21.15.163:6800/1086512093,v1:172.21.15.163:6801/1086512093] conn(0x7f3b940386c0 0x7f3b9403ab70 unknown :-1 s=BANNER_CONNECTING pgs=0 cs=0 l=1 rev1=0 crypto rx=0 tx=0 comp rx=0 tx=0)._handle_peer_banner_payload supported=3 required=0
2023-07-14T18:05:09.099 INFO:teuthology.orchestra.run.smithi163.stdout:/usr/bin/ceph: stderr
2023-07-14T18:05:07.573+0000 7f3ba3fff700 1 --2- 172.21.15.163:0/1732561951 >> [v2:172.21.15.163:6800/1086512093,v1:172.21.15.163:6801/1086512093] conn(0x7f3b940386c0 0x7f3b9403ab70 secure :-1 s=READY pgs=16 cs=0 l=1 rev1=1 crypto rx=0x7f3b90006fd0 tx=0x7f3b90006e40 comp rx=0 tx=0).ready entity=mgr.14120 client_cookie=0 server_cookie=0 in_seq=0 out_seq=0
2023-07-14T18:05:09.099 INFO:teuthology.orchestra.run.smithi163.stdout:/usr/bin/ceph: stderr
2023-07-14T18:05:07.577+0000 7f3ba1ffb700 1 -- 172.21.15.163:0/1732561951 <== mon.0 v2:172.21.15.163:3300/0 6 ==== mon_command_ack([{"prefix": "get_command_descriptions"}]=0 v0) v1 ==== 72+0+178025 (secure 0 0 0) 0x7f3b9801b820 con 0x7f3ba41045d0
2023-07-14T18:05:09.099 INFO:teuthology.orchestra.run.smithi163.stdout:/usr/bin/ceph: stderr
2023-07-14T18:05:07.826+0000 7f3baaf21700 1 -- 172.21.15.163:0/1732561951 --> [v2:172.21.15.163:3300/0,v1:172.21.15.163:6789/0] -- mon_command({"prefix": "mgr module enable", "module": "dashboard"} v 0) v1 -- 0x7f3ba418e6b0 con 0x7f3ba41045d0
2023-07-14T18:05:09.099 INFO:teuthology.orchestra.run.smithi163.stdout:/usr/bin/ceph: stderr
2023-07-14T18:05:08.673+0000 7f3ba1ffb700 1 -- 172.21.15.163:0/1732561951 <== mon.0 v2:172.21.15.163:3300/0 7 ==== mgrmap(e 9) v1 ==== 45496+0+0 (secure 0 0 0) 0x7f3b98019820 con 0x7f3ba41045d0
2023-07-14T18:05:09.100 INFO:teuthology.orchestra.run.smithi163.stdout:/usr/bin/ceph: stderr
2023-07-14T18:05:08.674+0000 7f3ba1ffb700 1 -- 172.21.15.163:0/1732561951 <== mon.0 v2:172.21.15.163:3300/0 8 ==== mon_command_ack([{"prefix": "mgr module enable", "module": "dashboard"}]=0 v9) v1 ==== 88+0+0 (secure 0 0 0) 0x7f3b9802bd20 con 0x7f3ba41045d0
2023-07-14T18:05:09.100 INFO:teuthology.orchestra.run.smithi163.stdout:/usr/bin/ceph: stderr
2023-07-14T18:05:08.677+0000 7f3baaf21700 1 -- 172.21.15.163:0/1732561951 >> [v2:172.21.15.163:6800/1086512093,v1:172.21.15.163:6801/1086512093] conn(0x7f3b940386c0 msgr2=0x7f3b9403ab70 secure :-1 s=STATE_CONNECTION_ESTABLISHED l=1).mark_down
2023-07-14T18:05:09.100 INFO:teuthology.orchestra.run.smithi163.stdout:/usr/bin/ceph: stderr
2023-07-14T18:05:08.677+0000 7f3baaf21700 1 --2- 172.21.15.163:0/1732561951 >> [v2:172.21.15.163:6800/1086512093,v1:172.21.15.163:6801/1086512093] conn(0x7f3b940386c0 0x7f3b9403ab70 secure :-1 s=READY pgs=16 cs=0 l=1 rev1=1 crypto rx=0x7f3b90006fd0 tx=0x7f3b90006e40 comp rx=0 tx=0).stop
2023-07-14T18:05:09.100 INFO:teuthology.orchestra.run.smithi163.stdout:/usr/bin/ceph: stderr
2023-07-14T18:05:08.677+0000 7f3baaf21700 1 -- 172.21.15.163:0/1732561951 >> [v2:172.21.15.163:3300/0,v1:172.21.15.163:6789/0] conn(0x7f3ba41045d0 msgr2=0x7f3ba418d870 secure :-1 s=STATE_CONNECTION_ESTABLISHED l=1).mark_down
2023-07-14T18:05:09.100 INFO:teuthology.orchestra.run.smithi163.stdout:/usr/bin/ceph: stderr
2023-07-14T18:05:08.677+0000 7f3baaf21700 1 --2- 172.21.15.163:0/1732561951 >> [v2:172.21.15.163:3300/0,v1:172.21.15.163:6789/0] conn(0x7f3ba41045d0 0x7f3ba418d870 secure :-1 s=READY pgs=56 cs=0 l=1 rev1=1 crypto rx=0x7f3b98006af0 tx=0x7f3b98011e80 comp rx=0 tx=0).stop
2023-07-14T18:05:09.100 INFO:teuthology.orchestra.run.smithi163.stdout:/usr/bin/ceph: stderr
2023-07-14T18:05:08.677+0000 7f3baaf21700 1 -- 172.21.15.163:0/1732561951 shutdown_connections
2023-07-14T18:05:09.100 INFO:teuthology.orchestra.run.smithi163.stdout:/usr/bin/ceph: stderr
2023-07-14T18:05:08.677+0000 7f3baaf21700 1 --2- 172.21.15.163:0/1732561951 >> [v2:172.21.15.163:6800/1086512093,v1:172.21.15.163:6801/1086512093] conn(0x7f3b940386c0 0x7f3b9403ab70 unknown :-1 s=CLOSED pgs=16 cs=0 l=1 rev1=1 crypto rx=0 tx=0 comp rx=0 tx=0).stop
2023-07-14T18:05:09.101 INFO:teuthology.orchestra.run.smithi163.stdout:/usr/bin/ceph: stderr
2023-07-14T18:05:08.677+0000 7f3baaf21700 1 --2- 172.21.15.163:0/1732561951 >> [v2:172.21.15.163:3300/0,v1:172.21.15.163:6789/0] conn(0x7f3ba41045d0 0x7f3ba418d870 unknown :-1 s=CLOSED pgs=56 cs=0 l=1 rev1=1 crypto rx=0 tx=0 comp rx=0 tx=0).stop
2023-07-14T18:05:09.101 INFO:teuthology.orchestra.run.smithi163.stdout:/usr/bin/ceph: stderr
2023-07-14T18:05:08.677+0000 7f3baaf21700 1 -- 172.21.15.163:0/1732561951 >> 172.21.15.163:0/1732561951 conn(0x7f3ba40feec0 msgr2=0x7f3ba4103ac0 unknown :-1 s=STATE_NONE l=0).mark_down
2023-07-14T18:05:09.101 INFO:teuthology.orchestra.run.smithi163.stdout:/usr/bin/ceph: stderr
2023-07-14T18:05:08.677+0000 7f3baaf21700 1 -- 172.21.15.163:0/1732561951 shutdown_connections
2023-07-14T18:05:09.101 INFO:teuthology.orchestra.run.smithi163.stdout:/usr/bin/ceph: stderr
2023-07-14T18:05:08.677+0000 7f3baaf21700 1 -- 172.21.15.163:0/1732561951 wait complete.
2023-07-14T18:05:09.305 INFO:journalctl@ceph.mgr.x.smithi163.stdout:Jul 14 18:05:08 smithi163 ceph-bf7326ec-2270-11ee-9b33-001a4aab830c-mgr-x[96818]:
2023-07-14T18:05:08.930+0000 7fdfc6157200 -1 mgr[py] Module osd_support has missing NOTIFY_TYPES member
2023-07-14T18:05:09.305 INFO:journalctl@ceph.mgr.x.smithi163.stdout:Jul 14 18:05:09 smithi163 ceph-bf7326ec-2270-11ee-9b33-001a4aab830c-mgr-x[96818]:
2023-07-14T18:05:09.020+0000 7fdfc6157200 -1 mgr[py] Module snap_schedule has missing NOTIFY_TYPES member
2023-07-14T18:05:09.305 INFO:journalctl@ceph.mgr.x.smithi163.stdout:Jul 14 18:05:09 smithi163 ceph-bf7326ec-2270-11ee-9b33-001a4aab830c-mgr-x[96818]:
2023-07-14T18:05:09.125+0000 7fdfc6157200 -1 mgr[py] Module zabbix has missing NOTIFY_TYPES member
2023-07-14T18:05:09.664 INFO:journalctl@ceph.mgr.x.smithi163.stdout:Jul 14 18:05:09 smithi163 ceph-bf7326ec-2270-11ee-9b33-001a4aab830c-mgr-x[96818]:
2023-07-14T18:05:09.303+0000 7fdfc6157200 -1 mgr[py] Module crash has missing NOTIFY_TYPES member
2023-07-14T18:05:09.664 INFO:journalctl@ceph.mgr.x.smithi163.stdout:Jul 14 18:05:09 smithi163 ceph-bf7326ec-2270-11ee-9b33-001a4aab830c-mgr-x[96818]:
2023-07-14T18:05:09.632+0000 7fdfc6157200 -1 mgr[py] Module prometheus has missing NOTIFY_TYPES member
2023-07-14T18:05:09.957 INFO:journalctl@ceph.mon.a.smithi163.stdout:Jul 14 18:05:09 smithi163 ceph-mon[96576]: from='client.? 172.21.15.163:0/1732561951' entity='client.admin' cmd='[{"prefix": "mgr module enable", "module": "dashboard"}]': finished
2023-07-14T18:05:09.957 INFO:journalctl@ceph.mon.a.smithi163.stdout:Jul 14 18:05:09 smithi163 ceph-mon[96576]: mgrmap e9: x(active, since 15s)
2023-07-14T18:05:09.957 INFO:journalctl@ceph.mgr.x.smithi163.stdout:Jul 14 18:05:09 smithi163 ceph-bf7326ec-2270-11ee-9b33-001a4aab830c-mgr-x[96818]:
2023-07-14T18:05:09.724+0000 7fdfc6157200 -1 mgr[py] Module status has missing NOTIFY_TYPES member
2023-07-14T18:05:09.957 INFO:journalctl@ceph.mgr.x.smithi163.stdout:Jul 14 18:05:09 smithi163 ceph-bf7326ec-2270-11ee-9b33-001a4aab830c-mgr-x[96818]:
2023-07-14T18:05:09.859+0000 7fdfc6157200 -1 mgr[py] Module selftest has missing NOTIFY_TYPES member
2023-07-14T18:05:10.244 INFO:teuthology.orchestra.run.smithi163.stdout:/usr/bin/ceph: stdout {
2023-07-14T18:05:10.246 INFO:teuthology.orchestra.run.smithi163.stdout:/usr/bin/ceph: stdout "epoch": 9,
2023-07-14T18:05:10.246 INFO:teuthology.orchestra.run.smithi163.stdout:/usr/bin/ceph: stdout "available": true,
2023-07-14T18:05:10.246 INFO:teuthology.orchestra.run.smithi163.stdout:/usr/bin/ceph: stdout "active_name": "x",
2023-07-14T18:05:10.246 INFO:teuthology.orchestra.run.smithi163.stdout:/usr/bin/ceph: stdout "num_standby": 0
2023-07-14T18:05:10.247 INFO:teuthology.orchestra.run.smithi163.stdout:/usr/bin/ceph: stdout }
2023-07-14T18:05:10.247 INFO:teuthology.orchestra.run.smithi163.stdout:/usr/bin/ceph: stderr
2023-07-14T18:05:09.548+0000 7fb14332b700 1 Processor -- start
2023-07-14T18:05:10.247 INFO:teuthology.orchestra.run.smithi163.stdout:/usr/bin/ceph: stderr
2023-07-14T18:05:09.549+0000 7fb14332b700 1 -- start start
2023-07-14T18:05:10.247 INFO:teuthology.orchestra.run.smithi163.stdout:/usr/bin/ceph: stderr
2023-07-14T18:05:09.549+0000 7fb14332b700 1 --2- >> [v2:172.21.15.163:3300/0,v1:172.21.15.163:6789/0] conn(0x7fb13c105cf0 0x7fb13c1080d0 unknown :-1 s=NONE pgs=0 cs=0 l=0 rev1=0 crypto rx=0 tx=0 comp rx=0 tx=0).connect
2023-07-14T18:05:10.247 INFO:teuthology.orchestra.run.smithi163.stdout:/usr/bin/ceph: stderr
2023-07-14T18:05:09.549+0000 7fb14332b700 1 -- --> [v2:172.21.15.163:3300/0,v1:172.21.15.163:6789/0] -- mon_getmap magic: 0 v1 -- 0x7fb13c079d50 con 0x7fb13c105cf0
2023-07-14T18:05:10.247 INFO:teuthology.orchestra.run.smithi163.stdout:/usr/bin/ceph: stderr
2023-07-14T18:05:09.549+0000 7fb1410c7700 1 --2- >> [v2:172.21.15.163:3300/0,v1:172.21.15.163:6789/0] conn(0x7fb13c105cf0 0x7fb13c1080d0 unknown :-1 s=BANNER_CONNECTING pgs=0 cs=0 l=0 rev1=0 crypto rx=0 tx=0 comp rx=0 tx=0)._handle_peer_banner_payload supported=3 required=0
2023-07-14T18:05:10.247 INFO:teuthology.orchestra.run.smithi163.stdout:/usr/bin/ceph: stderr
2023-07-14T18:05:09.549+0000 7fb1410c7700 1 --2- >> [v2:172.21.15.163:3300/0,v1:172.21.15.163:6789/0] conn(0x7fb13c105cf0 0x7fb13c1080d0 unknown :-1 s=HELLO_CONNECTING pgs=0 cs=0 l=0 rev1=1 crypto rx=0 tx=0 comp rx=0 tx=0).handle_hello peer v2:172.21.15.163:3300/0 says I am v2:172.21.15.163:54648/0 (socket says 172.21.15.163:54648)
2023-07-14T18:05:10.248 INFO:teuthology.orchestra.run.smithi163.stdout:/usr/bin/ceph: stderr
2023-07-14T18:05:09.549+0000 7fb1410c7700 1 -- 172.21.15.163:0/3550411342 learned_addr learned my addr 172.21.15.163:0/3550411342 (peer_addr_for_me v2:172.21.15.163:0/0)
2023-07-14T18:05:10.248 INFO:teuthology.orchestra.run.smithi163.stdout:/usr/bin/ceph: stderr
2023-07-14T18:05:09.549+0000 7fb1410c7700 1 -- 172.21.15.163:0/3550411342 --> [v2:172.21.15.163:3300/0,v1:172.21.15.163:6789/0] -- mon_subscribe({config=0+,monmap=0+}) v3 -- 0x7fb13c079e90 con 0x7fb13c105cf0
2023-07-14T18:05:10.248 INFO:teuthology.orchestra.run.smithi163.stdout:/usr/bin/ceph: stderr
2023-07-14T18:05:09.549+0000 7fb1410c7700 1 --2- 172.21.15.163:0/3550411342 >> [v2:172.21.15.163:3300/0,v1:172.21.15.163:6789/0] conn(0x7fb13c105cf0 0x7fb13c1080d0 secure :-1 s=READY pgs=59 cs=0 l=1 rev1=1 crypto rx=0x7fb1380098a0 tx=0x7fb138009bb0 comp rx=0 tx=0).ready entity=mon.0 client_cookie=382078dc573c821c server_cookie=0 in_seq=0 out_seq=0
2023-07-14T18:05:10.248 INFO:teuthology.orchestra.run.smithi163.stdout:/usr/bin/ceph: stderr
2023-07-14T18:05:09.550+0000 7fb133fff700 1 -- 172.21.15.163:0/3550411342 <== mon.0 v2:172.21.15.163:3300/0 1 ==== mon_map magic: 0 v1 ==== 205+0+0 (secure 0 0 0) 0x7fb138004160 con 0x7fb13c105cf0
2023-07-14T18:05:10.248 INFO:teuthology.orchestra.run.smithi163.stdout:/usr/bin/ceph: stderr
2023-07-14T18:05:09.550+0000 7fb133fff700 1 -- 172.21.15.163:0/3550411342 <== mon.0 v2:172.21.15.163:3300/0 2 ==== config(25 keys) v1 ==== 1067+0+0 (secure 0 0 0) 0x7fb1380042c0 con 0x7fb13c105cf0
2023-07-14T18:05:10.248 INFO:teuthology.orchestra.run.smithi163.stdout:/usr/bin/ceph: stderr
2023-07-14T18:05:09.550+0000 7fb133fff700 1 -- 172.21.15.163:0/3550411342 <== mon.0 v2:172.21.15.163:3300/0 3 ==== mon_map magic: 0 v1 ==== 205+0+0 (secure 0 0 0) 0x7fb1380118e0 con 0x7fb13c105cf0
2023-07-14T18:05:10.248 INFO:teuthology.orchestra.run.smithi163.stdout:/usr/bin/ceph: stderr
2023-07-14T18:05:09.550+0000 7fb14332b700 1 -- 172.21.15.163:0/3550411342 >> [v2:172.21.15.163:3300/0,v1:172.21.15.163:6789/0] conn(0x7fb13c105cf0 msgr2=0x7fb13c1080d0 secure :-1 s=STATE_CONNECTION_ESTABLISHED l=1).mark_down
2023-07-14T18:05:10.248 INFO:teuthology.orchestra.run.smithi163.stdout:/usr/bin/ceph: stderr
2023-07-14T18:05:09.550+0000 7fb14332b700 1 --2- 172.21.15.163:0/3550411342 >> [v2:172.21.15.163:3300/0,v1:172.21.15.163:6789/0] conn(0x7fb13c105cf0 0x7fb13c1080d0 secure :-1 s=READY pgs=59 cs=0 l=1 rev1=1 crypto rx=0x7fb1380098a0 tx=0x7fb138009bb0 comp rx=0 tx=0).stop
2023-07-14T18:05:10.249 INFO:teuthology.orchestra.run.smithi163.stdout:/usr/bin/ceph: stderr
2023-07-14T18:05:09.550+0000 7fb14332b700 1 -- 172.21.15.163:0/3550411342 shutdown_connections
2023-07-14T18:05:10.249 INFO:teuthology.orchestra.run.smithi163.stdout:/usr/bin/ceph: stderr
2023-07-14T18:05:09.550+0000 7fb14332b700 1 --2- 172.21.15.163:0/3550411342 >> [v2:172.21.15.163:3300/0,v1:172.21.15.163:6789/0] conn(0x7fb13c105cf0 0x7fb13c1080d0 unknown :-1 s=CLOSED pgs=59 cs=0 l=1 rev1=1 crypto rx=0 tx=0 comp rx=0 tx=0).stop
2023-07-14T18:05:10.249 INFO:teuthology.orchestra.run.smithi163.stdout:/usr/bin/ceph: stderr
2023-07-14T18:05:09.550+0000 7fb14332b700 1 -- 172.21.15.163:0/3550411342 >> 172.21.15.163:0/3550411342 conn(0x7fb13c0ff770 msgr2=0x7fb13c101b80 unknown :-1 s=STATE_NONE l=0).mark_down
2023-07-14T18:05:10.249 INFO:teuthology.orchestra.run.smithi163.stdout:/usr/bin/ceph: stderr
2023-07-14T18:05:09.550+0000 7fb14332b700 1 -- 172.21.15.163:0/3550411342 shutdown_connections
2023-07-14T18:05:10.249 INFO:teuthology.orchestra.run.smithi163.stdout:/usr/bin/ceph: stderr
2023-07-14T18:05:09.550+0000 7fb14332b700 1 -- 172.21.15.163:0/3550411342 wait complete.
2023-07-14T18:05:10.252 INFO:teuthology.orchestra.run.smithi163.stdout:/usr/bin/ceph: stderr
2023-07-14T18:05:09.551+0000 7fb14332b700 1 Processor -- start
2023-07-14T18:05:10.252 INFO:teuthology.orchestra.run.smithi163.stdout:/usr/bin/ceph: stderr
2023-07-14T18:05:09.551+0000 7fb14332b700 1 -- start start
2023-07-14T18:05:10.252 INFO:teuthology.orchestra.run.smithi163.stdout:/usr/bin/ceph: stderr
2023-07-14T18:05:09.551+0000 7fb14332b700 1 --2- >> [v2:172.21.15.163:3300/0,v1:172.21.15.163:6789/0] conn(0x7fb13c105cf0 0x7fb13c199030 unknown :-1 s=NONE pgs=0 cs=0 l=1 rev1=0 crypto rx=0 tx=0 comp rx=0 tx=0).connect
2023-07-14T18:05:10.252 INFO:teuthology.orchestra.run.smithi163.stdout:/usr/bin/ceph: stderr
2023-07-14T18:05:09.552+0000 7fb14332b700 1 -- --> [v2:172.21.15.163:3300/0,v1:172.21.15.163:6789/0] -- mon_getmap magic: 0 v1 -- 0x7fb13c199570 con 0x7fb13c105cf0
2023-07-14T18:05:10.252 INFO:teuthology.orchestra.run.smithi163.stdout:/usr/bin/ceph: stderr
2023-07-14T18:05:09.552+0000 7fb1410c7700 1 --2- >> [v2:172.21.15.163:3300/0,v1:172.21.15.163:6789/0] conn(0x7fb13c105cf0 0x7fb13c199030 unknown :-1 s=BANNER_CONNECTING pgs=0 cs=0 l=1 rev1=0 crypto rx=0 tx=0 comp rx=0 tx=0)._handle_peer_banner_payload supported=3 required=0
2023-07-14T18:05:10.253 INFO:teuthology.orchestra.run.smithi163.stdout:/usr/bin/ceph: stderr
2023-07-14T18:05:09.552+0000 7fb1410c7700 1 --2- >> [v2:172.21.15.163:3300/0,v1:172.21.15.163:6789/0] conn(0x7fb13c105cf0 0x7fb13c199030 unknown :-1 s=HELLO_CONNECTING pgs=0 cs=0 l=1 rev1=1 crypto rx=0 tx=0 comp rx=0 tx=0).handle_hello peer v2:172.21.15.163:3300/0 says I am v2:172.21.15.163:54650/0 (socket says 172.21.15.163:54650)
2023-07-14T18:05:10.253 INFO:teuthology.orchestra.run.smithi163.stdout:/usr/bin/ceph: stderr
2023-07-14T18:05:09.552+0000 7fb1410c7700 1 -- 172.21.15.163:0/3618835865 learned_addr learned my addr 172.21.15.163:0/3618835865 (peer_addr_for_me v2:172.21.15.163:0/0)
2023-07-14T18:05:10.253 INFO:teuthology.orchestra.run.smithi163.stdout:/usr/bin/ceph: stderr
2023-07-14T18:05:09.552+0000 7fb1410c7700 1 -- 172.21.15.163:0/3618835865 --> [v2:172.21.15.163:3300/0,v1:172.21.15.163:6789/0] -- mon_subscribe({config=0+,monmap=0+}) v3 -- 0x7fb138009550 con 0x7fb13c105cf0
2023-07-14T18:05:10.253 INFO:teuthology.orchestra.run.smithi163.stdout:/usr/bin/ceph: stderr
2023-07-14T18:05:09.552+0000 7fb1410c7700 1 --2- 172.21.15.163:0/3618835865 >> [v2:172.21.15.163:3300/0,v1:172.21.15.163:6789/0] conn(0x7fb13c105cf0 0x7fb13c199030 secure :-1 s=READY pgs=60 cs=0 l=1 rev1=1 crypto rx=0x7fb138006af0 tx=0x7fb138011e80 comp rx=0 tx=0).ready entity=mon.0 client_cookie=0 server_cookie=0 in_seq=0 out_seq=0
2023-07-14T18:05:10.253 INFO:teuthology.orchestra.run.smithi163.stdout:/usr/bin/ceph: stderr
2023-07-14T18:05:09.552+0000 7fb1327fc700 1 -- 172.21.15.163:0/3618835865 <== mon.0 v2:172.21.15.163:3300/0 1 ==== mon_map magic: 0 v1 ==== 205+0+0 (secure 0 0 0) 0x7fb1380037d0 con 0x7fb13c105cf0
2023-07-14T18:05:10.253 INFO:teuthology.orchestra.run.smithi163.stdout:/usr/bin/ceph: stderr
2023-07-14T18:05:09.552+0000 7fb1327fc700 1 -- 172.21.15.163:0/3618835865 <== mon.0 v2:172.21.15.163:3300/0 2 ==== config(25 keys) v1 ==== 1067+0+0 (secure 0 0 0) 0x7fb13801b440 con 0x7fb13c105cf0
2023-07-14T18:05:10.253 INFO:teuthology.orchestra.run.smithi163.stdout:/usr/bin/ceph: stderr
2023-07-14T18:05:09.552+0000 7fb14332b700 1 -- 172.21.15.163:0/3618835865 --> [v2:172.21.15.163:3300/0,v1:172.21.15.163:6789/0] -- mon_subscribe({mgrmap=0+}) v3 -- 0x7fb13c199770 con 0x7fb13c105cf0
2023-07-14T18:05:10.253 INFO:teuthology.orchestra.run.smithi163.stdout:/usr/bin/ceph: stderr
2023-07-14T18:05:09.552+0000 7fb14332b700 1 -- 172.21.15.163:0/3618835865 --> [v2:172.21.15.163:3300/0,v1:172.21.15.163:6789/0] -- mon_subscribe({osdmap=0}) v3 -- 0x7fb13c199b90 con 0x7fb13c105cf0
2023-07-14T18:05:10.254 INFO:teuthology.orchestra.run.smithi163.stdout:/usr/bin/ceph: stderr
2023-07-14T18:05:09.552+0000 7fb1327fc700 1 -- 172.21.15.163:0/3618835865 <== mon.0 v2:172.21.15.163:3300/0 3 ==== mon_map magic: 0 v1 ==== 205+0+0 (secure 0 0 0) 0x7fb138019560 con 0x7fb13c105cf0
2023-07-14T18:05:10.254 INFO:teuthology.orchestra.run.smithi163.stdout:/usr/bin/ceph: stderr
2023-07-14T18:05:09.553+0000 7fb1327fc700 1 -- 172.21.15.163:0/3618835865 <== mon.0 v2:172.21.15.163:3300/0 4 ==== mgrmap(e 9) v1 ==== 45496+0+0 (secure 0 0 0) 0x7fb138019820 con 0x7fb13c105cf0
2023-07-14T18:05:10.254 INFO:teuthology.orchestra.run.smithi163.stdout:/usr/bin/ceph: stderr
2023-07-14T18:05:09.553+0000 7fb1327fc700 1 --2- 172.21.15.163:0/3618835865 >> [v2:172.21.15.163:6800/1086512093,v1:172.21.15.163:6801/1086512093] conn(0x7fb128038710 0x7fb12803abc0 unknown :-1 s=NONE pgs=0 cs=0 l=1 rev1=0 crypto rx=0 tx=0 comp rx=0 tx=0).connect
2023-07-14T18:05:10.254 INFO:teuthology.orchestra.run.smithi163.stdout:/usr/bin/ceph: stderr
2023-07-14T18:05:09.553+0000 7fb1327fc700 1 -- 172.21.15.163:0/3618835865 <== mon.0 v2:172.21.15.163:3300/0 5 ==== osd_map(2..2 src has 1..2) v4 ==== 940+0+0 (secure 0 0 0) 0x7fb13804c580 con 0x7fb13c105cf0
2023-07-14T18:05:10.254 INFO:teuthology.orchestra.run.smithi163.stdout:/usr/bin/ceph: stderr
2023-07-14T18:05:09.553+0000 7fb1408c6700 1 -- 172.21.15.163:0/3618835865 >> [v2:172.21.15.163:6800/1086512093,v1:172.21.15.163:6801/1086512093] conn(0x7fb128038710 msgr2=0x7fb12803abc0 unknown :-1 s=STATE_CONNECTING_RE l=1).process reconnect failed to v2:172.21.15.163:6800/1086512093
2023-07-14T18:05:10.254 INFO:teuthology.orchestra.run.smithi163.stdout:/usr/bin/ceph: stderr
2023-07-14T18:05:09.553+0000 7fb1408c6700 1 --2- 172.21.15.163:0/3618835865 >> [v2:172.21.15.163:6800/1086512093,v1:172.21.15.163:6801/1086512093] conn(0x7fb128038710 0x7fb12803abc0 unknown :-1 s=START_CONNECT pgs=0 cs=0 l=1 rev1=0 crypto rx=0 tx=0 comp rx=0 tx=0)._fault waiting 0.200000
2023-07-14T18:05:10.254 INFO:teuthology.orchestra.run.smithi163.stdout:/usr/bin/ceph: stderr
2023-07-14T18:05:09.553+0000 7fb14332b700 1 -- 172.21.15.163:0/3618835865 --> [v2:172.21.15.163:3300/0,v1:172.21.15.163:6789/0] -- mon_command({"prefix": "get_command_descriptions"} v 0) v1 -- 0x7fb120005320 con 0x7fb13c105cf0
2023-07-14T18:05:10.255 INFO:teuthology.orchestra.run.smithi163.stdout:/usr/bin/ceph: stderr
2023-07-14T18:05:09.558+0000 7fb1327fc700 1 -- 172.21.15.163:0/3618835865 <== mon.0 v2:172.21.15.163:3300/0 6 ==== mon_command_ack([{"prefix": "get_command_descriptions"}]=0 v0) v1 ==== 72+0+178025 (secure 0 0 0) 0x7fb1380189a0 con 0x7fb13c105cf0
2023-07-14T18:05:10.255 INFO:teuthology.orchestra.run.smithi163.stdout:/usr/bin/ceph: stderr
2023-07-14T18:05:09.754+0000 7fb1408c6700 1 -- 172.21.15.163:0/3618835865 >> [v2:172.21.15.163:6800/1086512093,v1:172.21.15.163:6801/1086512093] conn(0x7fb128038710 msgr2=0x7fb12803abc0 unknown :-1 s=STATE_CONNECTING_RE l=1).process reconnect failed to v2:172.21.15.163:6800/1086512093
2023-07-14T18:05:10.255 INFO:teuthology.orchestra.run.smithi163.stdout:/usr/bin/ceph: stderr
2023-07-14T18:05:09.754+0000 7fb1408c6700 1 --2- 172.21.15.163:0/3618835865 >> [v2:172.21.15.163:6800/1086512093,v1:172.21.15.163:6801/1086512093] conn(0x7fb128038710 0x7fb12803abc0 unknown :-1 s=START_CONNECT pgs=0 cs=0 l=1 rev1=0 crypto rx=0 tx=0 comp rx=0 tx=0)._fault waiting 0.400000
2023-07-14T18:05:10.255 INFO:teuthology.orchestra.run.smithi163.stdout:/usr/bin/ceph: stderr
2023-07-14T18:05:09.815+0000 7fb14332b700 1 -- 172.21.15.163:0/3618835865 --> [v2:172.21.15.163:3300/0,v1:172.21.15.163:6789/0] -- mon_command({"prefix": "mgr stat"} v 0) v1 -- 0x7fb120006200 con 0x7fb13c105cf0
2023-07-14T18:05:10.255 INFO:teuthology.orchestra.run.smithi163.stdout:/usr/bin/ceph: stderr
2023-07-14T18:05:09.815+0000 7fb1327fc700 1 -- 172.21.15.163:0/3618835865 <== mon.0 v2:172.21.15.163:3300/0 7 ==== mon_command_ack([{"prefix": "mgr stat"}]=0 v9) v1 ==== 56+0+88 (secure 0 0 0) 0x7fb138018350 con 0x7fb13c105cf0
2023-07-14T18:05:10.255 INFO:teuthology.orchestra.run.smithi163.stdout:/usr/bin/ceph: stderr
2023-07-14T18:05:09.817+0000 7fb14332b700 1 -- 172.21.15.163:0/3618835865 >> [v2:172.21.15.163:6800/1086512093,v1:172.21.15.163:6801/1086512093] conn(0x7fb128038710 msgr2=0x7fb12803abc0 unknown :-1 s=STATE_CONNECTING l=1).mark_down
2023-07-14T18:05:10.255 INFO:teuthology.orchestra.run.smithi163.stdout:/usr/bin/ceph: stderr
2023-07-14T18:05:09.817+0000 7fb14332b700 1 --2- 172.21.15.163:0/3618835865 >> [v2:172.21.15.163:6800/1086512093,v1:172.21.15.163:6801/1086512093] conn(0x7fb128038710 0x7fb12803abc0 unknown :-1 s=START_CONNECT pgs=0 cs=0 l=1 rev1=0 crypto rx=0 tx=0 comp rx=0 tx=0).stop
2023-07-14T18:05:10.255 INFO:teuthology.orchestra.run.smithi163.stdout:/usr/bin/ceph: stderr
2023-07-14T18:05:09.817+0000 7fb14332b700 1 -- 172.21.15.163:0/3618835865 >> [v2:172.21.15.163:3300/0,v1:172.21.15.163:6789/0] conn(0x7fb13c105cf0 msgr2=0x7fb13c199030 secure :-1 s=STATE_CONNECTION_ESTABLISHED l=1).mark_down
2023-07-14T18:05:10.256 INFO:teuthology.orchestra.run.smithi163.stdout:/usr/bin/ceph: stderr
2023-07-14T18:05:09.817+0000 7fb14332b700 1 --2- 172.21.15.163:0/3618835865 >> [v2:172.21.15.163:3300/0,v1:172.21.15.163:6789/0] conn(0x7fb13c105cf0 0x7fb13c199030 secure :-1 s=READY pgs=60 cs=0 l=1 rev1=1 crypto rx=0x7fb138006af0 tx=0x7fb138011e80 comp rx=0 tx=0).stop
2023-07-14T18:05:10.256 INFO:teuthology.orchestra.run.smithi163.stdout:/usr/bin/ceph: stderr
2023-07-14T18:05:09.817+0000 7fb14332b700 1 -- 172.21.15.163:0/3618835865 shutdown_connections
2023-07-14T18:05:10.256 INFO:teuthology.orchestra.run.smithi163.stdout:/usr/bin/ceph: stderr
2023-07-14T18:05:09.817+0000 7fb14332b700 1 --2- 172.21.15.163:0/3618835865 >> [v2:172.21.15.163:6800/1086512093,v1:172.21.15.163:6801/1086512093] conn(0x7fb128038710 0x7fb12803abc0 unknown :-1 s=CLOSED pgs=0 cs=0 l=1 rev1=0 crypto rx=0 tx=0 comp rx=0 tx=0).stop
2023-07-14T18:05:10.256 INFO:teuthology.orchestra.run.smithi163.stdout:/usr/bin/ceph: stderr
2023-07-14T18:05:09.817+0000 7fb14332b700 1 --2- 172.21.15.163:0/3618835865 >> [v2:172.21.15.163:3300/0,v1:172.21.15.163:6789/0] conn(0x7fb13c105cf0 0x7fb13c199030 unknown :-1 s=CLOSED pgs=60 cs=0 l=1 rev1=1 crypto rx=0 tx=0 comp rx=0 tx=0).stop
2023-07-14T18:05:10.256 INFO:teuthology.orchestra.run.smithi163.stdout:/usr/bin/ceph: stderr
2023-07-14T18:05:09.817+0000 7fb14332b700 1 -- 172.21.15.163:0/3618835865 >> 172.21.15.163:0/3618835865 conn(0x7fb13c0ff770 msgr2=0x7fb13c100e20 unknown :-1 s=STATE_NONE l=0).mark_down
2023-07-14T18:05:10.256 INFO:teuthology.orchestra.run.smithi163.stdout:/usr/bin/ceph: stderr
2023-07-14T18:05:09.817+0000 7fb14332b700 1 -- 172.21.15.163:0/3618835865 shutdown_connections
2023-07-14T18:05:10.256 INFO:teuthology.orchestra.run.smithi163.stdout:/usr/bin/ceph: stderr
2023-07-14T18:05:09.817+0000 7fb14332b700 1 -- 172.21.15.163:0/3618835865 wait complete.
2023-07-14T18:05:10.257 INFO:teuthology.orchestra.run.smithi163.stdout:Waiting for the mgr to restart...
2023-07-14T18:05:10.257 INFO:teuthology.orchestra.run.smithi163.stdout:Waiting for mgr epoch 9...
2023-07-14T18:05:10.257 INFO:journalctl@ceph.mgr.x.smithi163.stdout:Jul 14 18:05:09 smithi163 ceph-bf7326ec-2270-11ee-9b33-001a4aab830c-mgr-x[96818]:
2023-07-14T18:05:09.960+0000 7fdfc6157200 -1 mgr[py] Module alerts has missing NOTIFY_TYPES member
2023-07-14T18:05:10.510 INFO:journalctl@ceph.mgr.x.smithi163.stdout:Jul 14 18:05:10 smithi163 ceph-bf7326ec-2270-11ee-9b33-001a4aab830c-mgr-x[96818]:
2023-07-14T18:05:10.405+0000 7fdfc6157200 -1 mgr[py] Module progress has missing NOTIFY_TYPES member
2023-07-14T18:05:10.957 INFO:journalctl@ceph.mon.a.smithi163.stdout:Jul 14 18:05:10 smithi163 ceph-mon[96576]: from='client.? 172.21.15.163:0/3618835865' entity='client.admin' cmd=[{"prefix": "mgr stat"}]: dispatch
2023-07-14T18:05:11.457 INFO:journalctl@ceph.mgr.x.smithi163.stdout:Jul 14 18:05:10 smithi163 ceph-bf7326ec-2270-11ee-9b33-001a4aab830c-mgr-x[96818]:
2023-07-14T18:05:10.988+0000 7fdfc6157200 -1 mgr[py] Module rook has missing NOTIFY_TYPES member
2023-07-14T18:05:11.457 INFO:journalctl@ceph.mgr.x.smithi163.stdout:Jul 14 18:05:11 smithi163 ceph-bf7326ec-2270-11ee-9b33-001a4aab830c-mgr-x[96818]:
2023-07-14T18:05:11.158+0000 7fdfc6157200 -1 mgr[py] Module iostat has missing NOTIFY_TYPES member
2023-07-14T18:05:12.206 INFO:journalctl@ceph.mgr.x.smithi163.stdout:Jul 14 18:05:11 smithi163 ceph-bf7326ec-2270-11ee-9b33-001a4aab830c-mgr-x[96818]:
2023-07-14T18:05:11.920+0000 7fdfc6157200 -1 mgr[py] Module test_orchestrator has missing NOTIFY_TYPES member
2023-07-14T18:05:12.207 INFO:journalctl@ceph.mgr.x.smithi163.stdout:Jul 14 18:05:12 smithi163 ceph-bf7326ec-2270-11ee-9b33-001a4aab830c-mgr-x[96818]:
2023-07-14T18:05:12.011+0000 7fdfc6157200 -1 mgr[py] Module osd_perf_query has missing NOTIFY_TYPES member
2023-07-14T18:05:12.487 INFO:journalctl@ceph.mgr.x.smithi163.stdout:Jul 14 18:05:12 smithi163 ceph-bf7326ec-2270-11ee-9b33-001a4aab830c-mgr-x[96818]:
2023-07-14T18:05:12.181+0000 7fdfc6157200 -1 mgr[py] Module orchestrator has missing NOTIFY_TYPES member
2023-07-14T18:05:12.861 INFO:journalctl@ceph.mgr.x.smithi163.stdout:Jul 14 18:05:12 smithi163 ceph-bf7326ec-2270-11ee-9b33-001a4aab830c-mgr-x[96818]:
2023-07-14T18:05:12.456+0000 7fdfc6157200 -1 mgr[py] Module rgw has missing NOTIFY_TYPES member
2023-07-14T18:05:12.861 INFO:journalctl@ceph.mgr.x.smithi163.stdout:Jul 14 18:05:12 smithi163 ceph-bf7326ec-2270-11ee-9b33-001a4aab830c-mgr-x[96818]:
2023-07-14T18:05:12.682+0000 7fdfc6157200 -1 mgr[py] Module influx has missing NOTIFY_TYPES member
2023-07-14T18:05:13.120 INFO:journalctl@ceph.mgr.x.smithi163.stdout:Jul 14 18:05:12 smithi163 ceph-bf7326ec-2270-11ee-9b33-001a4aab830c-mgr-x[96818]:
2023-07-14T18:05:12.830+0000 7fdfc6157200 -1 mgr[py] Module telemetry has missing NOTIFY_TYPES member
2023-07-14T18:05:13.456 INFO:journalctl@ceph.mgr.x.smithi163.stdout:Jul 14 18:05:13 smithi163 ceph-bf7326ec-2270-11ee-9b33-001a4aab830c-mgr-x[96818]:
2023-07-14T18:05:13.090+0000 7fdfc6157200 -1 mgr[py] Module telegraf has missing NOTIFY_TYPES member
2023-07-14T18:05:14.144 INFO:journalctl@ceph.mgr.x.smithi163.stdout:Jul 14 18:05:13 smithi163 ceph-bf7326ec-2270-11ee-9b33-001a4aab830c-mgr-x[96818]:
2023-07-14T18:05:13.790+0000 7fdfc6157200 -1 mgr[py] Module balancer has missing NOTIFY_TYPES member
2023-07-14T18:05:14.145 INFO:journalctl@ceph.mgr.x.smithi163.stdout:Jul 14 18:05:13 smithi163 ceph-bf7326ec-2270-11ee-9b33-001a4aab830c-mgr-x[96818]:
2023-07-14T18:05:13.920+0000 7fdfc6157200 -1 mgr[py] Module diskprediction_local has missing NOTIFY_TYPES member
2023-07-14T18:05:14.456 INFO:journalctl@ceph.mgr.x.smithi163.stdout:Jul 14 18:05:14 smithi163 ceph-bf7326ec-2270-11ee-9b33-001a4aab830c-mgr-x[96818]:
2023-07-14T18:05:14.114+0000 7fdfc6157200 -1 mgr[py] Module nfs has missing NOTIFY_TYPES member
2023-07-14T18:05:14.457 INFO:journalctl@ceph.mgr.x.smithi163.stdout:Jul 14 18:05:14 smithi163 ceph-bf7326ec-2270-11ee-9b33-001a4aab830c-mgr-x[96818]:
2023-07-14T18:05:14.228+0000 7fdfc6157200 -1 mgr[py] Module rbd_support has missing NOTIFY_TYPES member
2023-07-14T18:05:14.957 INFO:journalctl@ceph.mgr.x.smithi163.stdout:Jul 14 18:05:14 smithi163 ceph-bf7326ec-2270-11ee-9b33-001a4aab830c-mgr-x[96818]:
2023-07-14T18:05:14.446+0000 7fdfc6157200 -1 mgr[py] Module volumes has missing NOTIFY_TYPES member
2023-07-14T18:05:15.707 INFO:journalctl@ceph.mgr.x.smithi163.stdout:Jul 14 18:05:15 smithi163 ceph-bf7326ec-2270-11ee-9b33-001a4aab830c-mgr-x[96818]:
2023-07-14T18:05:15.317+0000 7fdfc6157200 -1 mgr[py] Module pg_autoscaler has missing NOTIFY_TYPES member
2023-07-14T18:05:15.707 INFO:journalctl@ceph.mon.a.smithi163.stdout:Jul 14 18:05:15 smithi163 ceph-mon[96576]: Active manager daemon x restarted
2023-07-14T18:05:15.707 INFO:journalctl@ceph.mon.a.smithi163.stdout:Jul 14 18:05:15 smithi163 ceph-mon[96576]: Activating manager daemon x
2023-07-14T18:05:15.707 INFO:journalctl@ceph.mon.a.smithi163.stdout:Jul 14 18:05:15 smithi163 ceph-mon[96576]: osdmap e3: 0 total, 0 up, 0 in
2023-07-14T18:05:15.707 INFO:journalctl@ceph.mon.a.smithi163.stdout:Jul 14 18:05:15 smithi163 ceph-mon[96576]: mgrmap e10: x(active, starting, since 0.00320969s)
2023-07-14T18:05:15.708 INFO:journalctl@ceph.mon.a.smithi163.stdout:Jul 14 18:05:15 smithi163 ceph-mon[96576]: from='mgr.14152 172.21.15.163:0/1123313171' entity='mgr.x' cmd=[{"prefix": "mon metadata", "id": "a"}]: dispatch
2023-07-14T18:05:15.708 INFO:journalctl@ceph.mon.a.smithi163.stdout:Jul 14 18:05:15 smithi163 ceph-mon[96576]: from='mgr.14152 172.21.15.163:0/1123313171' entity='mgr.x' cmd=[{"prefix": "mgr metadata", "who": "x", "id": "x"}]: dispatch
2023-07-14T18:05:15.708 INFO:journalctl@ceph.mon.a.smithi163.stdout:Jul 14 18:05:15 smithi163 ceph-mon[96576]: from='mgr.14152 172.21.15.163:0/1123313171' entity='mgr.x' cmd=[{"prefix": "mds metadata"}]: dispatch
2023-07-14T18:05:15.708 INFO:journalctl@ceph.mon.a.smithi163.stdout:Jul 14 18:05:15 smithi163 ceph-mon[96576]: from='mgr.14152 172.21.15.163:0/1123313171' entity='mgr.x' cmd=[{"prefix": "osd metadata"}]: dispatch
2023-07-14T18:05:15.708 INFO:journalctl@ceph.mon.a.smithi163.stdout:Jul 14 18:05:15 smithi163 ceph-mon[96576]: from='mgr.14152 172.21.15.163:0/1123313171' entity='mgr.x' cmd=[{"prefix": "mon metadata"}]: dispatch
2023-07-14T18:05:15.708 INFO:journalctl@ceph.mon.a.smithi163.stdout:Jul 14 18:05:15 smithi163 ceph-mon[96576]: Manager daemon x is now available
2023-07-14T18:05:15.708 INFO:journalctl@ceph.mon.a.smithi163.stdout:Jul 14 18:05:15 smithi163 ceph-mon[96576]: from='mgr.14152 172.21.15.163:0/1123313171' entity='mgr.x' cmd=[{"prefix": "config dump", "format": "json"}]: dispatch
2023-07-14T18:05:15.709 INFO:journalctl@ceph.mon.a.smithi163.stdout:Jul 14 18:05:15 smithi163 ceph-mon[96576]: from='mgr.14152 172.21.15.163:0/1123313171' entity='mgr.x' cmd=[{"prefix": "config dump", "format": "json"}]: dispatch
2023-07-14T18:05:16.707 INFO:journalctl@ceph.mon.a.smithi163.stdout:Jul 14 18:05:16 smithi163 ceph-mon[96576]: from='mgr.14152 172.21.15.163:0/1123313171' entity='mgr.x' cmd=[{"prefix":"config rm","who":"mgr","name":"mgr/rbd_support/x/mirror_snapshot_schedule"}]: dispatch
2023-07-14T18:05:16.707 INFO:journalctl@ceph.mon.a.smithi163.stdout:Jul 14 18:05:16 smithi163 ceph-mon[96576]: from='mgr.14152 172.21.15.163:0/1123313171' entity='mgr.x' cmd=[{"prefix":"config rm","who":"mgr","name":"mgr/rbd_support/x/trash_purge_schedule"}]: dispatch
2023-07-14T18:05:16.707 INFO:journalctl@ceph.mon.a.smithi163.stdout:Jul 14 18:05:16 smithi163 ceph-mon[96576]: [14/Jul/2023:18:05:15] ENGINE Bus STARTING
2023-07-14T18:05:16.707 INFO:journalctl@ceph.mon.a.smithi163.stdout:Jul 14 18:05:16 smithi163 ceph-mon[96576]: mgrmap e11: x(active, since 1.00562s)
2023-07-14T18:05:17.014 INFO:teuthology.orchestra.run.smithi163.stdout:/usr/bin/ceph: stdout {
2023-07-14T18:05:17.014 INFO:teuthology.orchestra.run.smithi163.stdout:/usr/bin/ceph: stdout "mgrmap_epoch": 11,
2023-07-14T18:05:17.015 INFO:teuthology.orchestra.run.smithi163.stdout:/usr/bin/ceph: stdout "initialized": true
2023-07-14T18:05:17.015 INFO:teuthology.orchestra.run.smithi163.stdout:/usr/bin/ceph: stdout }
2023-07-14T18:05:17.015 INFO:teuthology.orchestra.run.smithi163.stdout:/usr/bin/ceph: stderr
2023-07-14T18:05:10.733+0000 7fccec77b700 1 Processor -- start
2023-07-14T18:05:17.015 INFO:teuthology.orchestra.run.smithi163.stdout:/usr/bin/ceph: stderr
2023-07-14T18:05:10.733+0000 7fccec77b700 1 -- start start
2023-07-14T18:05:17.015 INFO:teuthology.orchestra.run.smithi163.stdout:/usr/bin/ceph: stderr
2023-07-14T18:05:10.733+0000 7fccec77b700 1 --2- >> [v2:172.21.15.163:3300/0,v1:172.21.15.163:6789/0] conn(0x7fcce41040e0 0x7fcce41044f0 unknown :-1 s=NONE pgs=0 cs=0 l=0 rev1=0 crypto rx=0 tx=0 comp rx=0 tx=0).connect
2023-07-14T18:05:17.015 INFO:teuthology.orchestra.run.smithi163.stdout:/usr/bin/ceph: stderr
2023-07-14T18:05:10.733+0000 7fccec77b700 1 -- --> [v2:172.21.15.163:3300/0,v1:172.21.15.163:6789/0] -- mon_getmap magic: 0 v1 -- 0x7fcce4104a30 con 0x7fcce41040e0
2023-07-14T18:05:17.015 INFO:teuthology.orchestra.run.smithi163.stdout:/usr/bin/ceph: stderr
2023-07-14T18:05:10.733+0000 7fccea517700 1 --2- >> [v2:172.21.15.163:3300/0,v1:172.21.15.163:6789/0] conn(0x7fcce41040e0 0x7fcce41044f0 unknown :-1 s=BANNER_CONNECTING pgs=0 cs=0 l=0 rev1=0 crypto rx=0 tx=0 comp rx=0 tx=0)._handle_peer_banner_payload supported=3 required=0
2023-07-14T18:05:17.016 INFO:teuthology.orchestra.run.smithi163.stdout:/usr/bin/ceph: stderr
2023-07-14T18:05:10.733+0000 7fccea517700 1 --2- >> [v2:172.21.15.163:3300/0,v1:172.21.15.163:6789/0] conn(0x7fcce41040e0 0x7fcce41044f0 unknown :-1 s=HELLO_CONNECTING pgs=0 cs=0 l=0 rev1=1 crypto rx=0 tx=0 comp rx=0 tx=0).handle_hello peer v2:172.21.15.163:3300/0 says I am v2:172.21.15.163:54658/0 (socket says 172.21.15.163:54658)
2023-07-14T18:05:17.016 INFO:teuthology.orchestra.run.smithi163.stdout:/usr/bin/ceph: stderr
2023-07-14T18:05:10.733+0000 7fccea517700 1 -- 172.21.15.163:0/3890078910 learned_addr learned my addr 172.21.15.163:0/3890078910 (peer_addr_for_me v2:172.21.15.163:0/0)
2023-07-14T18:05:17.016 INFO:teuthology.orchestra.run.smithi163.stdout:/usr/bin/ceph: stderr
2023-07-14T18:05:10.734+0000 7fccea517700 1 -- 172.21.15.163:0/3890078910 --> [v2:172.21.15.163:3300/0,v1:172.21.15.163:6789/0] -- mon_subscribe({config=0+,monmap=0+}) v3 -- 0x7fcce4104b70 con 0x7fcce41040e0
2023-07-14T18:05:17.016 INFO:teuthology.orchestra.run.smithi163.stdout:/usr/bin/ceph: stderr
2023-07-14T18:05:10.734+0000 7fccea517700 1 --2- 172.21.15.163:0/3890078910 >> [v2:172.21.15.163:3300/0,v1:172.21.15.163:6789/0] conn(0x7fcce41040e0 0x7fcce41044f0 secure :-1 s=READY pgs=61 cs=0 l=1 rev1=1 crypto rx=0x7fcce000bb40 tx=0x7fcce000be50 comp rx=0 tx=0).ready entity=mon.0 client_cookie=3e000c76f265424b server_cookie=0 in_seq=0 out_seq=0
2023-07-14T18:05:17.016 INFO:teuthology.orchestra.run.smithi163.stdout:/usr/bin/ceph: stderr
2023-07-14T18:05:10.734+0000 7fcce9515700 1 -- 172.21.15.163:0/3890078910 <== mon.0 v2:172.21.15.163:3300/0 1 ==== mon_map magic: 0 v1 ==== 205+0+0 (secure 0 0 0) 0x7fcce000dbe0 con 0x7fcce41040e0
2023-07-14T18:05:17.016 INFO:teuthology.orchestra.run.smithi163.stdout:/usr/bin/ceph: stderr
2023-07-14T18:05:10.734+0000 7fcce9515700 1 -- 172.21.15.163:0/3890078910 <== mon.0 v2:172.21.15.163:3300/0 2 ==== config(25 keys) v1 ==== 1067+0+0 (secure 0 0 0) 0x7fcce00044c0 con 0x7fcce41040e0
2023-07-14T18:05:17.016 INFO:teuthology.orchestra.run.smithi163.stdout:/usr/bin/ceph: stderr
2023-07-14T18:05:10.734+0000 7fcce9515700 1 -- 172.21.15.163:0/3890078910 <== mon.0 v2:172.21.15.163:3300/0 3 ==== mon_map magic: 0 v1 ==== 205+0+0 (secure 0 0 0) 0x7fcce0003d50 con 0x7fcce41040e0
2023-07-14T18:05:17.017 INFO:teuthology.orchestra.run.smithi163.stdout:/usr/bin/ceph: stderr
2023-07-14T18:05:10.735+0000 7fccec77b700 1 -- 172.21.15.163:0/3890078910 >> [v2:172.21.15.163:3300/0,v1:172.21.15.163:6789/0] conn(0x7fcce41040e0 msgr2=0x7fcce41044f0 secure :-1 s=STATE_CONNECTION_ESTABLISHED l=1).mark_down
2023-07-14T18:05:17.017 INFO:teuthology.orchestra.run.smithi163.stdout:/usr/bin/ceph: stderr
2023-07-14T18:05:10.735+0000 7fccec77b700 1 --2- 172.21.15.163:0/3890078910 >> [v2:172.21.15.163:3300/0,v1:172.21.15.163:6789/0] conn(0x7fcce41040e0 0x7fcce41044f0 secure :-1 s=READY pgs=61 cs=0 l=1 rev1=1 crypto rx=0x7fcce000bb40 tx=0x7fcce000be50 comp rx=0 tx=0).stop
2023-07-14T18:05:17.017 INFO:teuthology.orchestra.run.smithi163.stdout:/usr/bin/ceph: stderr
2023-07-14T18:05:10.735+0000 7fccec77b700 1 -- 172.21.15.163:0/3890078910 shutdown_connections
2023-07-14T18:05:17.017 INFO:teuthology.orchestra.run.smithi163.stdout:/usr/bin/ceph: stderr
2023-07-14T18:05:10.735+0000 7fccec77b700 1 --2- 172.21.15.163:0/3890078910 >> [v2:172.21.15.163:3300/0,v1:172.21.15.163:6789/0] conn(0x7fcce41040e0 0x7fcce41044f0 unknown :-1 s=CLOSED pgs=61 cs=0 l=1 rev1=1 crypto rx=0 tx=0 comp rx=0 tx=0).stop
2023-07-14T18:05:17.017 INFO:teuthology.orchestra.run.smithi163.stdout:/usr/bin/ceph: stderr
2023-07-14T18:05:10.735+0000 7fccec77b700 1 -- 172.21.15.163:0/3890078910 >> 172.21.15.163:0/3890078910 conn(0x7fcce40ff770 msgr2=0x7fcce4101b80 unknown :-1 s=STATE_NONE l=0).mark_down
2023-07-14T18:05:17.017 INFO:teuthology.orchestra.run.smithi163.stdout:/usr/bin/ceph: stderr
2023-07-14T18:05:10.735+0000 7fccec77b700 1 -- 172.21.15.163:0/3890078910 shutdown_connections
2023-07-14T18:05:17.017 INFO:teuthology.orchestra.run.smithi163.stdout:/usr/bin/ceph: stderr
2023-07-14T18:05:10.735+0000 7fccec77b700 1 -- 172.21.15.163:0/3890078910 wait complete.
2023-07-14T18:05:17.017 INFO:teuthology.orchestra.run.smithi163.stdout:/usr/bin/ceph: stderr
2023-07-14T18:05:10.736+0000 7fccec77b700 1 Processor -- start
2023-07-14T18:05:17.018 INFO:teuthology.orchestra.run.smithi163.stdout:/usr/bin/ceph: stderr
2023-07-14T18:05:10.736+0000 7fccec77b700 1 -- start start
2023-07-14T18:05:17.018 INFO:teuthology.orchestra.run.smithi163.stdout:/usr/bin/ceph: stderr
2023-07-14T18:05:10.736+0000 7fccec77b700 1 --2- >> [v2:172.21.15.163:3300/0,v1:172.21.15.163:6789/0] conn(0x7fcce41040e0 0x7fcce4196e70 unknown :-1 s=NONE pgs=0 cs=0 l=1 rev1=0 crypto rx=0 tx=0 comp rx=0 tx=0).connect
2023-07-14T18:05:17.018 INFO:teuthology.orchestra.run.smithi163.stdout:/usr/bin/ceph: stderr
