2023-07-14T18:14:42.450+0000 7f841d965700 1 --2- >> [v2:172.21.15.39:3300/0,v1:172.21.15.39:6789/0] conn(0x7f841807be10 0x7f841807a310 unknown :-1 s=HELLO_CONNECTING pgs=0 cs=0 l=0 rev1=1 crypto rx=0 tx=0 comp rx=0 tx=0).handle_hello peer v2:172.21.15.39:3300/0 says I am v2:172.21.15.39:48674/0 (socket says 172.21.15.39:48674)
2023-07-14T18:14:43.701 INFO:teuthology.orchestra.run.smithi039.stdout:/usr/bin/ceph: stderr
2023-07-14T18:14:42.450+0000 7f841d965700 1 -- 172.21.15.39:0/983192984 learned_addr learned my addr 172.21.15.39:0/983192984 (peer_addr_for_me v2:172.21.15.39:0/0)
2023-07-14T18:14:43.701 INFO:teuthology.orchestra.run.smithi039.stdout:/usr/bin/ceph: stderr
2023-07-14T18:14:42.450+0000 7f841d965700 1 -- 172.21.15.39:0/983192984 --> [v2:172.21.15.39:3300/0,v1:172.21.15.39:6789/0] -- mon_subscribe({config=0+,monmap=0+}) v3 -- 0x7f841807a990 con 0x7f841807be10
2023-07-14T18:14:43.701 INFO:teuthology.orchestra.run.smithi039.stdout:/usr/bin/ceph: stderr
2023-07-14T18:14:42.451+0000 7f841d965700 1 --2- 172.21.15.39:0/983192984 >> [v2:172.21.15.39:3300/0,v1:172.21.15.39:6789/0] conn(0x7f841807be10 0x7f841807a310 secure :-1 s=READY pgs=55 cs=0 l=1 rev1=1 crypto rx=0x7f84140098a0 tx=0x7f8414009bb0 comp rx=0 tx=0).ready entity=mon.0 client_cookie=a58b7b34ba6031ac server_cookie=0 in_seq=0 out_seq=0
2023-07-14T18:14:43.704 INFO:teuthology.orchestra.run.smithi039.stdout:/usr/bin/ceph: stderr
2023-07-14T18:14:42.451+0000 7f841c963700 1 -- 172.21.15.39:0/983192984 <== mon.0 v2:172.21.15.39:3300/0 1 ==== mon_map magic: 0 v1 ==== 205+0+0 (secure 0 0 0) 0x7f8414004160 con 0x7f841807be10
2023-07-14T18:14:43.704 INFO:teuthology.orchestra.run.smithi039.stdout:/usr/bin/ceph: stderr
2023-07-14T18:14:42.451+0000 7f841c963700 1 -- 172.21.15.39:0/983192984 <== mon.0 v2:172.21.15.39:3300/0 2 ==== config(25 keys) v1 ==== 1067+0+0 (secure 0 0 0) 0x7f84140042c0 con 0x7f841807be10
2023-07-14T18:14:43.704 INFO:teuthology.orchestra.run.smithi039.stdout:/usr/bin/ceph: stderr
2023-07-14T18:14:42.451+0000 7f841c963700 1 -- 172.21.15.39:0/983192984 <== mon.0 v2:172.21.15.39:3300/0 3 ==== mon_map magic: 0 v1 ==== 205+0+0 (secure 0 0 0) 0x7f84140118e0 con 0x7f841807be10
2023-07-14T18:14:43.705 INFO:teuthology.orchestra.run.smithi039.stdout:/usr/bin/ceph: stderr
2023-07-14T18:14:42.451+0000 7f841fbc9700 1 -- 172.21.15.39:0/983192984 >> [v2:172.21.15.39:3300/0,v1:172.21.15.39:6789/0] conn(0x7f841807be10 msgr2=0x7f841807a310 secure :-1 s=STATE_CONNECTION_ESTABLISHED l=1).mark_down
2023-07-14T18:14:43.705 INFO:teuthology.orchestra.run.smithi039.stdout:/usr/bin/ceph: stderr
2023-07-14T18:14:42.451+0000 7f841fbc9700 1 --2- 172.21.15.39:0/983192984 >> [v2:172.21.15.39:3300/0,v1:172.21.15.39:6789/0] conn(0x7f841807be10 0x7f841807a310 secure :-1 s=READY pgs=55 cs=0 l=1 rev1=1 crypto rx=0x7f84140098a0 tx=0x7f8414009bb0 comp rx=0 tx=0).stop
2023-07-14T18:14:43.705 INFO:teuthology.orchestra.run.smithi039.stdout:/usr/bin/ceph: stderr
2023-07-14T18:14:42.451+0000 7f841fbc9700 1 -- 172.21.15.39:0/983192984 shutdown_connections
2023-07-14T18:14:43.705 INFO:teuthology.orchestra.run.smithi039.stdout:/usr/bin/ceph: stderr
2023-07-14T18:14:42.451+0000 7f841fbc9700 1 --2- 172.21.15.39:0/983192984 >> [v2:172.21.15.39:3300/0,v1:172.21.15.39:6789/0] conn(0x7f841807be10 0x7f841807a310 unknown :-1 s=CLOSED pgs=55 cs=0 l=1 rev1=1 crypto rx=0 tx=0 comp rx=0 tx=0).stop
2023-07-14T18:14:43.705 INFO:teuthology.orchestra.run.smithi039.stdout:/usr/bin/ceph: stderr
2023-07-14T18:14:42.451+0000 7f841fbc9700 1 -- 172.21.15.39:0/983192984 >> 172.21.15.39:0/983192984 conn(0x7f84181008c0 msgr2=0x7f8418102cd0 unknown :-1 s=STATE_NONE l=0).mark_down
2023-07-14T18:14:43.705 INFO:teuthology.orchestra.run.smithi039.stdout:/usr/bin/ceph: stderr
2023-07-14T18:14:42.452+0000 7f841fbc9700 1 -- 172.21.15.39:0/983192984 shutdown_connections
2023-07-14T18:14:43.705 INFO:teuthology.orchestra.run.smithi039.stdout:/usr/bin/ceph: stderr
2023-07-14T18:14:42.452+0000 7f841fbc9700 1 -- 172.21.15.39:0/983192984 wait complete.
2023-07-14T18:14:43.705 INFO:teuthology.orchestra.run.smithi039.stdout:/usr/bin/ceph: stderr
2023-07-14T18:14:42.452+0000 7f841fbc9700 1 Processor -- start
2023-07-14T18:14:43.706 INFO:teuthology.orchestra.run.smithi039.stdout:/usr/bin/ceph: stderr
2023-07-14T18:14:42.452+0000 7f841fbc9700 1 -- start start
2023-07-14T18:14:43.706 INFO:teuthology.orchestra.run.smithi039.stdout:/usr/bin/ceph: stderr
2023-07-14T18:14:42.452+0000 7f841fbc9700 1 --2- >> [v2:172.21.15.39:3300/0,v1:172.21.15.39:6789/0] conn(0x7f841807be10 0x7f841819b270 unknown :-1 s=NONE pgs=0 cs=0 l=1 rev1=0 crypto rx=0 tx=0 comp rx=0 tx=0).connect
2023-07-14T18:14:43.706 INFO:teuthology.orchestra.run.smithi039.stdout:/usr/bin/ceph: stderr
2023-07-14T18:14:42.452+0000 7f841fbc9700 1 -- --> [v2:172.21.15.39:3300/0,v1:172.21.15.39:6789/0] -- mon_getmap magic: 0 v1 -- 0x7f841819b7b0 con 0x7f841807be10
2023-07-14T18:14:43.706 INFO:teuthology.orchestra.run.smithi039.stdout:/usr/bin/ceph: stderr
2023-07-14T18:14:42.452+0000 7f841d965700 1 --2- >> [v2:172.21.15.39:3300/0,v1:172.21.15.39:6789/0] conn(0x7f841807be10 0x7f841819b270 unknown :-1 s=BANNER_CONNECTING pgs=0 cs=0 l=1 rev1=0 crypto rx=0 tx=0 comp rx=0 tx=0)._handle_peer_banner_payload supported=3 required=0
2023-07-14T18:14:43.706 INFO:teuthology.orchestra.run.smithi039.stdout:/usr/bin/ceph: stderr
2023-07-14T18:14:42.452+0000 7f841d965700 1 --2- >> [v2:172.21.15.39:3300/0,v1:172.21.15.39:6789/0] conn(0x7f841807be10 0x7f841819b270 unknown :-1 s=HELLO_CONNECTING pgs=0 cs=0 l=1 rev1=1 crypto rx=0 tx=0 comp rx=0 tx=0).handle_hello peer v2:172.21.15.39:3300/0 says I am v2:172.21.15.39:48676/0 (socket says 172.21.15.39:48676)
2023-07-14T18:14:43.706 INFO:teuthology.orchestra.run.smithi039.stdout:/usr/bin/ceph: stderr
2023-07-14T18:14:42.452+0000 7f841d965700 1 -- 172.21.15.39:0/2823485095 learned_addr learned my addr 172.21.15.39:0/2823485095 (peer_addr_for_me v2:172.21.15.39:0/0)
2023-07-14T18:14:43.706 INFO:teuthology.orchestra.run.smithi039.stdout:/usr/bin/ceph: stderr
2023-07-14T18:14:42.453+0000 7f841d965700 1 -- 172.21.15.39:0/2823485095 --> [v2:172.21.15.39:3300/0,v1:172.21.15.39:6789/0] -- mon_subscribe({config=0+,monmap=0+}) v3 -- 0x7f8414009550 con 0x7f841807be10
2023-07-14T18:14:43.706 INFO:teuthology.orchestra.run.smithi039.stdout:/usr/bin/ceph: stderr
2023-07-14T18:14:42.453+0000 7f841d965700 1 --2- 172.21.15.39:0/2823485095 >> [v2:172.21.15.39:3300/0,v1:172.21.15.39:6789/0] conn(0x7f841807be10 0x7f841819b270 secure :-1 s=READY pgs=56 cs=0 l=1 rev1=1 crypto rx=0x7f8414006af0 tx=0x7f8414011ed0 comp rx=0 tx=0).ready entity=mon.0 client_cookie=0 server_cookie=0 in_seq=0 out_seq=0
2023-07-14T18:14:43.707 INFO:teuthology.orchestra.run.smithi039.stdout:/usr/bin/ceph: stderr
2023-07-14T18:14:42.453+0000 7f840affd700 1 -- 172.21.15.39:0/2823485095 <== mon.0 v2:172.21.15.39:3300/0 1 ==== mon_map magic: 0 v1 ==== 205+0+0 (secure 0 0 0) 0x7f84140037d0 con 0x7f841807be10
2023-07-14T18:14:43.707 INFO:teuthology.orchestra.run.smithi039.stdout:/usr/bin/ceph: stderr
2023-07-14T18:14:42.453+0000 7f840affd700 1 -- 172.21.15.39:0/2823485095 <== mon.0 v2:172.21.15.39:3300/0 2 ==== config(25 keys) v1 ==== 1067+0+0 (secure 0 0 0) 0x7f841401b440 con 0x7f841807be10
2023-07-14T18:14:43.707 INFO:teuthology.orchestra.run.smithi039.stdout:/usr/bin/ceph: stderr
2023-07-14T18:14:42.453+0000 7f841fbc9700 1 -- 172.21.15.39:0/2823485095 --> [v2:172.21.15.39:3300/0,v1:172.21.15.39:6789/0] -- mon_subscribe({mgrmap=0+}) v3 -- 0x7f841819b9b0 con 0x7f841807be10
2023-07-14T18:14:43.707 INFO:teuthology.orchestra.run.smithi039.stdout:/usr/bin/ceph: stderr
2023-07-14T18:14:42.453+0000 7f840affd700 1 -- 172.21.15.39:0/2823485095 <== mon.0 v2:172.21.15.39:3300/0 3 ==== mon_map magic: 0 v1 ==== 205+0+0 (secure 0 0 0) 0x7f8414023400 con 0x7f841807be10
2023-07-14T18:14:43.707 INFO:teuthology.orchestra.run.smithi039.stdout:/usr/bin/ceph: stderr
2023-07-14T18:14:42.453+0000 7f841fbc9700 1 -- 172.21.15.39:0/2823485095 --> [v2:172.21.15.39:3300/0,v1:172.21.15.39:6789/0] -- mon_subscribe({osdmap=0}) v3 -- 0x7f841819bdd0 con 0x7f841807be10
2023-07-14T18:14:43.707 INFO:teuthology.orchestra.run.smithi039.stdout:/usr/bin/ceph: stderr
2023-07-14T18:14:42.454+0000 7f840affd700 1 -- 172.21.15.39:0/2823485095 <== mon.0 v2:172.21.15.39:3300/0 4 ==== mgrmap(e 8) v1 ==== 45483+0+0 (secure 0 0 0) 0x7f8414003930 con 0x7f841807be10
2023-07-14T18:14:43.707 INFO:teuthology.orchestra.run.smithi039.stdout:/usr/bin/ceph: stderr
2023-07-14T18:14:42.454+0000 7f840affd700 1 --2- 172.21.15.39:0/2823485095 >> [v2:172.21.15.39:6800/1733981271,v1:172.21.15.39:6801/1733981271] conn(0x7f8404038710 0x7f840403abc0 unknown :-1 s=NONE pgs=0 cs=0 l=1 rev1=0 crypto rx=0 tx=0 comp rx=0 tx=0).connect
2023-07-14T18:14:43.708 INFO:teuthology.orchestra.run.smithi039.stdout:/usr/bin/ceph: stderr
2023-07-14T18:14:42.454+0000 7f840affd700 1 -- 172.21.15.39:0/2823485095 <== mon.0 v2:172.21.15.39:3300/0 5 ==== osd_map(2..2 src has 1..2) v4 ==== 940+0+0 (secure 0 0 0) 0x7f841404c770 con 0x7f841807be10
2023-07-14T18:14:43.708 INFO:teuthology.orchestra.run.smithi039.stdout:/usr/bin/ceph: stderr
2023-07-14T18:14:42.454+0000 7f841fbc9700 1 -- 172.21.15.39:0/2823485095 --> [v2:172.21.15.39:3300/0,v1:172.21.15.39:6789/0] -- mon_command({"prefix": "get_command_descriptions"} v 0) v1 -- 0x7f841810b4e0 con 0x7f841807be10
2023-07-14T18:14:43.708 INFO:teuthology.orchestra.run.smithi039.stdout:/usr/bin/ceph: stderr
2023-07-14T18:14:42.454+0000 7f841d164700 1 --2- 172.21.15.39:0/2823485095 >> [v2:172.21.15.39:6800/1733981271,v1:172.21.15.39:6801/1733981271] conn(0x7f8404038710 0x7f840403abc0 unknown :-1 s=BANNER_CONNECTING pgs=0 cs=0 l=1 rev1=0 crypto rx=0 tx=0 comp rx=0 tx=0)._handle_peer_banner_payload supported=3 required=0
2023-07-14T18:14:43.708 INFO:teuthology.orchestra.run.smithi039.stdout:/usr/bin/ceph: stderr
2023-07-14T18:14:42.455+0000 7f841d164700 1 --2- 172.21.15.39:0/2823485095 >> [v2:172.21.15.39:6800/1733981271,v1:172.21.15.39:6801/1733981271] conn(0x7f8404038710 0x7f840403abc0 secure :-1 s=READY pgs=16 cs=0 l=1 rev1=1 crypto rx=0x7f840c006fd0 tx=0x7f840c006e40 comp rx=0 tx=0).ready entity=mgr.14120 client_cookie=0 server_cookie=0 in_seq=0 out_seq=0
2023-07-14T18:14:43.708 INFO:teuthology.orchestra.run.smithi039.stdout:/usr/bin/ceph: stderr
2023-07-14T18:14:42.460+0000 7f840affd700 1 -- 172.21.15.39:0/2823485095 <== mon.0 v2:172.21.15.39:3300/0 6 ==== mon_command_ack([{"prefix": "get_command_descriptions"}]=0 v0) v1 ==== 72+0+178025 (secure 0 0 0) 0x7f841402b350 con 0x7f841807be10
2023-07-14T18:14:43.708 INFO:teuthology.orchestra.run.smithi039.stdout:/usr/bin/ceph: stderr
2023-07-14T18:14:42.930+0000 7f841fbc9700 1 -- 172.21.15.39:0/2823485095 --> [v2:172.21.15.39:3300/0,v1:172.21.15.39:6789/0] -- mon_command({"prefix": "mgr module enable", "module": "dashboard"} v 0) v1 -- 0x7f841810b700 con 0x7f841807be10
2023-07-14T18:14:43.708 INFO:teuthology.orchestra.run.smithi039.stdout:/usr/bin/ceph: stderr
2023-07-14T18:14:43.272+0000 7f840affd700 1 -- 172.21.15.39:0/2823485095 <== mon.0 v2:172.21.15.39:3300/0 7 ==== mgrmap(e 9) v1 ==== 45496+0+0 (secure 0 0 0) 0x7f8414023670 con 0x7f841807be10
2023-07-14T18:14:43.708 INFO:teuthology.orchestra.run.smithi039.stdout:/usr/bin/ceph: stderr
2023-07-14T18:14:43.273+0000 7f840affd700 1 -- 172.21.15.39:0/2823485095 <== mon.0 v2:172.21.15.39:3300/0 8 ==== mon_command_ack([{"prefix": "mgr module enable", "module": "dashboard"}]=0 v9) v1 ==== 88+0+0 (secure 0 0 0) 0x7f841402b740 con 0x7f841807be10
2023-07-14T18:14:43.709 INFO:teuthology.orchestra.run.smithi039.stdout:/usr/bin/ceph: stderr
2023-07-14T18:14:43.276+0000 7f841fbc9700 1 -- 172.21.15.39:0/2823485095 >> [v2:172.21.15.39:6800/1733981271,v1:172.21.15.39:6801/1733981271] conn(0x7f8404038710 msgr2=0x7f840403abc0 secure :-1 s=STATE_CONNECTION_ESTABLISHED l=1).mark_down
2023-07-14T18:14:43.709 INFO:teuthology.orchestra.run.smithi039.stdout:/usr/bin/ceph: stderr
2023-07-14T18:14:43.276+0000 7f841fbc9700 1 --2- 172.21.15.39:0/2823485095 >> [v2:172.21.15.39:6800/1733981271,v1:172.21.15.39:6801/1733981271] conn(0x7f8404038710 0x7f840403abc0 secure :-1 s=READY pgs=16 cs=0 l=1 rev1=1 crypto rx=0x7f840c006fd0 tx=0x7f840c006e40 comp rx=0 tx=0).stop
2023-07-14T18:14:43.709 INFO:teuthology.orchestra.run.smithi039.stdout:/usr/bin/ceph: stderr
2023-07-14T18:14:43.276+0000 7f841fbc9700 1 -- 172.21.15.39:0/2823485095 >> [v2:172.21.15.39:3300/0,v1:172.21.15.39:6789/0] conn(0x7f841807be10 msgr2=0x7f841819b270 secure :-1 s=STATE_CONNECTION_ESTABLISHED l=1).mark_down
2023-07-14T18:14:43.709 INFO:teuthology.orchestra.run.smithi039.stdout:/usr/bin/ceph: stderr
2023-07-14T18:14:43.276+0000 7f841fbc9700 1 --2- 172.21.15.39:0/2823485095 >> [v2:172.21.15.39:3300/0,v1:172.21.15.39:6789/0] conn(0x7f841807be10 0x7f841819b270 secure :-1 s=READY pgs=56 cs=0 l=1 rev1=1 crypto rx=0x7f8414006af0 tx=0x7f8414011ed0 comp rx=0 tx=0).stop
2023-07-14T18:14:43.709 INFO:teuthology.orchestra.run.smithi039.stdout:/usr/bin/ceph: stderr
2023-07-14T18:14:43.276+0000 7f841fbc9700 1 -- 172.21.15.39:0/2823485095 shutdown_connections
2023-07-14T18:14:43.709 INFO:teuthology.orchestra.run.smithi039.stdout:/usr/bin/ceph: stderr
2023-07-14T18:14:43.276+0000 7f841fbc9700 1 --2- 172.21.15.39:0/2823485095 >> [v2:172.21.15.39:6800/1733981271,v1:172.21.15.39:6801/1733981271] conn(0x7f8404038710 0x7f840403abc0 unknown :-1 s=CLOSED pgs=16 cs=0 l=1 rev1=1 crypto rx=0 tx=0 comp rx=0 tx=0).stop
2023-07-14T18:14:43.709 INFO:teuthology.orchestra.run.smithi039.stdout:/usr/bin/ceph: stderr
2023-07-14T18:14:43.276+0000 7f841fbc9700 1 --2- 172.21.15.39:0/2823485095 >> [v2:172.21.15.39:3300/0,v1:172.21.15.39:6789/0] conn(0x7f841807be10 0x7f841819b270 unknown :-1 s=CLOSED pgs=56 cs=0 l=1 rev1=1 crypto rx=0 tx=0 comp rx=0 tx=0).stop
2023-07-14T18:14:43.710 INFO:teuthology.orchestra.run.smithi039.stdout:/usr/bin/ceph: stderr
2023-07-14T18:14:43.276+0000 7f841fbc9700 1 -- 172.21.15.39:0/2823485095 >> 172.21.15.39:0/2823485095 conn(0x7f84181008c0 msgr2=0x7f8418101fa0 unknown :-1 s=STATE_NONE l=0).mark_down
2023-07-14T18:14:43.710 INFO:teuthology.orchestra.run.smithi039.stdout:/usr/bin/ceph: stderr
2023-07-14T18:14:43.276+0000 7f841fbc9700 1 -- 172.21.15.39:0/2823485095 shutdown_connections
2023-07-14T18:14:43.710 INFO:teuthology.orchestra.run.smithi039.stdout:/usr/bin/ceph: stderr
2023-07-14T18:14:43.276+0000 7f841fbc9700 1 -- 172.21.15.39:0/2823485095 wait complete.
2023-07-14T18:14:43.938 INFO:journalctl@ceph.mgr.x.smithi039.stdout:Jul 14 18:14:43 smithi039 ceph-1151f38e-2272-11ee-9b33-001a4aab830c-mgr-x[127694]:
2023-07-14T18:14:43.695+0000 7f2559d25200 -1 mgr[py] Module snap_schedule has missing NOTIFY_TYPES member
2023-07-14T18:14:43.938 INFO:journalctl@ceph.mgr.x.smithi039.stdout:Jul 14 18:14:43 smithi039 ceph-1151f38e-2272-11ee-9b33-001a4aab830c-mgr-x[127694]:
2023-07-14T18:14:43.809+0000 7f2559d25200 -1 mgr[py] Module zabbix has missing NOTIFY_TYPES member
2023-07-14T18:14:44.200 INFO:journalctl@ceph.mgr.x.smithi039.stdout:Jul 14 18:14:44 smithi039 ceph-1151f38e-2272-11ee-9b33-001a4aab830c-mgr-x[127694]:
2023-07-14T18:14:44.022+0000 7f2559d25200 -1 mgr[py] Module crash has missing NOTIFY_TYPES member
2023-07-14T18:14:44.579 INFO:journalctl@ceph.mon.a.smithi039.stdout:Jul 14 18:14:44 smithi039 ceph-mon[127449]: from='client.? 172.21.15.39:0/2823485095' entity='client.admin' cmd='[{"prefix": "mgr module enable", "module": "dashboard"}]': finished
2023-07-14T18:14:44.580 INFO:journalctl@ceph.mon.a.smithi039.stdout:Jul 14 18:14:44 smithi039 ceph-mon[127449]: mgrmap e9: x(active, since 17s)
2023-07-14T18:14:44.580 INFO:journalctl@ceph.mgr.x.smithi039.stdout:Jul 14 18:14:44 smithi039 ceph-1151f38e-2272-11ee-9b33-001a4aab830c-mgr-x[127694]:
2023-07-14T18:14:44.427+0000 7f2559d25200 -1 mgr[py] Module prometheus has missing NOTIFY_TYPES member
2023-07-14T18:14:44.854 INFO:journalctl@ceph.mgr.x.smithi039.stdout:Jul 14 18:14:44 smithi039 ceph-1151f38e-2272-11ee-9b33-001a4aab830c-mgr-x[127694]:
2023-07-14T18:14:44.536+0000 7f2559d25200 -1 mgr[py] Module status has missing NOTIFY_TYPES member
2023-07-14T18:14:44.855 INFO:journalctl@ceph.mgr.x.smithi039.stdout:Jul 14 18:14:44 smithi039 ceph-1151f38e-2272-11ee-9b33-001a4aab830c-mgr-x[127694]:
2023-07-14T18:14:44.689+0000 7f2559d25200 -1 mgr[py] Module selftest has missing NOTIFY_TYPES member
2023-07-14T18:14:45.150 INFO:teuthology.orchestra.run.smithi039.stdout:/usr/bin/ceph: stdout {
2023-07-14T18:14:45.150 INFO:teuthology.orchestra.run.smithi039.stdout:/usr/bin/ceph: stdout "epoch": 9,
2023-07-14T18:14:45.150 INFO:teuthology.orchestra.run.smithi039.stdout:/usr/bin/ceph: stdout "available": true,
2023-07-14T18:14:45.151 INFO:teuthology.orchestra.run.smithi039.stdout:/usr/bin/ceph: stdout "active_name": "x",
2023-07-14T18:14:45.154 INFO:teuthology.orchestra.run.smithi039.stdout:/usr/bin/ceph: stdout "num_standby": 0
2023-07-14T18:14:45.154 INFO:teuthology.orchestra.run.smithi039.stdout:/usr/bin/ceph: stdout }
2023-07-14T18:14:45.154 INFO:teuthology.orchestra.run.smithi039.stdout:/usr/bin/ceph: stderr
2023-07-14T18:14:44.203+0000 7f6c2bf46700 1 Processor -- start
2023-07-14T18:14:45.154 INFO:teuthology.orchestra.run.smithi039.stdout:/usr/bin/ceph: stderr
2023-07-14T18:14:44.203+0000 7f6c2bf46700 1 -- start start
2023-07-14T18:14:45.155 INFO:teuthology.orchestra.run.smithi039.stdout:/usr/bin/ceph: stderr
2023-07-14T18:14:44.203+0000 7f6c2bf46700 1 --2- >> [v2:172.21.15.39:3300/0,v1:172.21.15.39:6789/0] conn(0x7f6c24105cf0 0x7f6c241080d0 unknown :-1 s=NONE pgs=0 cs=0 l=0 rev1=0 crypto rx=0 tx=0 comp rx=0 tx=0).connect
2023-07-14T18:14:45.155 INFO:teuthology.orchestra.run.smithi039.stdout:/usr/bin/ceph: stderr
2023-07-14T18:14:44.203+0000 7f6c2bf46700 1 -- --> [v2:172.21.15.39:3300/0,v1:172.21.15.39:6789/0] -- mon_getmap magic: 0 v1 -- 0x7f6c24079d50 con 0x7f6c24105cf0
2023-07-14T18:14:45.155 INFO:teuthology.orchestra.run.smithi039.stdout:/usr/bin/ceph: stderr
2023-07-14T18:14:44.203+0000 7f6c29ce2700 1 --2- >> [v2:172.21.15.39:3300/0,v1:172.21.15.39:6789/0] conn(0x7f6c24105cf0 0x7f6c241080d0 unknown :-1 s=BANNER_CONNECTING pgs=0 cs=0 l=0 rev1=0 crypto rx=0 tx=0 comp rx=0 tx=0)._handle_peer_banner_payload supported=3 required=0
2023-07-14T18:14:45.155 INFO:teuthology.orchestra.run.smithi039.stdout:/usr/bin/ceph: stderr
2023-07-14T18:14:44.204+0000 7f6c29ce2700 1 --2- >> [v2:172.21.15.39:3300/0,v1:172.21.15.39:6789/0] conn(0x7f6c24105cf0 0x7f6c241080d0 unknown :-1 s=HELLO_CONNECTING pgs=0 cs=0 l=0 rev1=1 crypto rx=0 tx=0 comp rx=0 tx=0).handle_hello peer v2:172.21.15.39:3300/0 says I am v2:172.21.15.39:48690/0 (socket says 172.21.15.39:48690)
2023-07-14T18:14:45.155 INFO:teuthology.orchestra.run.smithi039.stdout:/usr/bin/ceph: stderr
2023-07-14T18:14:44.204+0000 7f6c29ce2700 1 -- 172.21.15.39:0/327764802 learned_addr learned my addr 172.21.15.39:0/327764802 (peer_addr_for_me v2:172.21.15.39:0/0)
2023-07-14T18:14:45.155 INFO:teuthology.orchestra.run.smithi039.stdout:/usr/bin/ceph: stderr
2023-07-14T18:14:44.204+0000 7f6c29ce2700 1 -- 172.21.15.39:0/327764802 --> [v2:172.21.15.39:3300/0,v1:172.21.15.39:6789/0] -- mon_subscribe({config=0+,monmap=0+}) v3 -- 0x7f6c24079e90 con 0x7f6c24105cf0
2023-07-14T18:14:45.155 INFO:teuthology.orchestra.run.smithi039.stdout:/usr/bin/ceph: stderr
2023-07-14T18:14:44.204+0000 7f6c29ce2700 1 --2- 172.21.15.39:0/327764802 >> [v2:172.21.15.39:3300/0,v1:172.21.15.39:6789/0] conn(0x7f6c24105cf0 0x7f6c241080d0 secure :-1 s=READY pgs=59 cs=0 l=1 rev1=1 crypto rx=0x7f6c200098a0 tx=0x7f6c20009bb0 comp rx=0 tx=0).ready entity=mon.0 client_cookie=362267e4c11cf206 server_cookie=0 in_seq=0 out_seq=0
2023-07-14T18:14:45.156 INFO:teuthology.orchestra.run.smithi039.stdout:/usr/bin/ceph: stderr
2023-07-14T18:14:44.204+0000 7f6c28ce0700 1 -- 172.21.15.39:0/327764802 <== mon.0 v2:172.21.15.39:3300/0 1 ==== mon_map magic: 0 v1 ==== 205+0+0 (secure 0 0 0) 0x7f6c20004160 con 0x7f6c24105cf0
2023-07-14T18:14:45.156 INFO:teuthology.orchestra.run.smithi039.stdout:/usr/bin/ceph: stderr
2023-07-14T18:14:44.204+0000 7f6c28ce0700 1 -- 172.21.15.39:0/327764802 <== mon.0 v2:172.21.15.39:3300/0 2 ==== config(25 keys) v1 ==== 1067+0+0 (secure 0 0 0) 0x7f6c200042c0 con 0x7f6c24105cf0
2023-07-14T18:14:45.156 INFO:teuthology.orchestra.run.smithi039.stdout:/usr/bin/ceph: stderr
2023-07-14T18:14:44.204+0000 7f6c28ce0700 1 -- 172.21.15.39:0/327764802 <== mon.0 v2:172.21.15.39:3300/0 3 ==== mon_map magic: 0 v1 ==== 205+0+0 (secure 0 0 0) 0x7f6c200118e0 con 0x7f6c24105cf0
2023-07-14T18:14:45.156 INFO:teuthology.orchestra.run.smithi039.stdout:/usr/bin/ceph: stderr
2023-07-14T18:14:44.205+0000 7f6c2bf46700 1 -- 172.21.15.39:0/327764802 >> [v2:172.21.15.39:3300/0,v1:172.21.15.39:6789/0] conn(0x7f6c24105cf0 msgr2=0x7f6c241080d0 secure :-1 s=STATE_CONNECTION_ESTABLISHED l=1).mark_down
2023-07-14T18:14:45.156 INFO:teuthology.orchestra.run.smithi039.stdout:/usr/bin/ceph: stderr
2023-07-14T18:14:44.205+0000 7f6c2bf46700 1 --2- 172.21.15.39:0/327764802 >> [v2:172.21.15.39:3300/0,v1:172.21.15.39:6789/0] conn(0x7f6c24105cf0 0x7f6c241080d0 secure :-1 s=READY pgs=59 cs=0 l=1 rev1=1 crypto rx=0x7f6c200098a0 tx=0x7f6c20009bb0 comp rx=0 tx=0).stop
2023-07-14T18:14:45.156 INFO:teuthology.orchestra.run.smithi039.stdout:/usr/bin/ceph: stderr
2023-07-14T18:14:44.205+0000 7f6c2bf46700 1 -- 172.21.15.39:0/327764802 shutdown_connections
2023-07-14T18:14:45.156 INFO:teuthology.orchestra.run.smithi039.stdout:/usr/bin/ceph: stderr
2023-07-14T18:14:44.205+0000 7f6c2bf46700 1 --2- 172.21.15.39:0/327764802 >> [v2:172.21.15.39:3300/0,v1:172.21.15.39:6789/0] conn(0x7f6c24105cf0 0x7f6c241080d0 unknown :-1 s=CLOSED pgs=59 cs=0 l=1 rev1=1 crypto rx=0 tx=0 comp rx=0 tx=0).stop
2023-07-14T18:14:45.157 INFO:teuthology.orchestra.run.smithi039.stdout:/usr/bin/ceph: stderr
2023-07-14T18:14:44.205+0000 7f6c2bf46700 1 -- 172.21.15.39:0/327764802 >> 172.21.15.39:0/327764802 conn(0x7f6c240ff770 msgr2=0x7f6c24101b80 unknown :-1 s=STATE_NONE l=0).mark_down
2023-07-14T18:14:45.157 INFO:teuthology.orchestra.run.smithi039.stdout:/usr/bin/ceph: stderr
2023-07-14T18:14:44.205+0000 7f6c2bf46700 1 -- 172.21.15.39:0/327764802 shutdown_connections
2023-07-14T18:14:45.157 INFO:teuthology.orchestra.run.smithi039.stdout:/usr/bin/ceph: stderr
2023-07-14T18:14:44.205+0000 7f6c2bf46700 1 -- 172.21.15.39:0/327764802 wait complete.
2023-07-14T18:14:45.157 INFO:teuthology.orchestra.run.smithi039.stdout:/usr/bin/ceph: stderr
2023-07-14T18:14:44.206+0000 7f6c2bf46700 1 Processor -- start
2023-07-14T18:14:45.157 INFO:teuthology.orchestra.run.smithi039.stdout:/usr/bin/ceph: stderr
2023-07-14T18:14:44.206+0000 7f6c2bf46700 1 -- start start
2023-07-14T18:14:45.157 INFO:teuthology.orchestra.run.smithi039.stdout:/usr/bin/ceph: stderr
2023-07-14T18:14:44.206+0000 7f6c2bf46700 1 --2- >> [v2:172.21.15.39:3300/0,v1:172.21.15.39:6789/0] conn(0x7f6c24105cf0 0x7f6c24199030 unknown :-1 s=NONE pgs=0 cs=0 l=1 rev1=0 crypto rx=0 tx=0 comp rx=0 tx=0).connect
2023-07-14T18:14:45.157 INFO:teuthology.orchestra.run.smithi039.stdout:/usr/bin/ceph: stderr
2023-07-14T18:14:44.206+0000 7f6c2bf46700 1 -- --> [v2:172.21.15.39:3300/0,v1:172.21.15.39:6789/0] -- mon_getmap magic: 0 v1 -- 0x7f6c24199570 con 0x7f6c24105cf0
2023-07-14T18:14:45.158 INFO:teuthology.orchestra.run.smithi039.stdout:/usr/bin/ceph: stderr
2023-07-14T18:14:44.206+0000 7f6c29ce2700 1 --2- >> [v2:172.21.15.39:3300/0,v1:172.21.15.39:6789/0] conn(0x7f6c24105cf0 0x7f6c24199030 unknown :-1 s=BANNER_CONNECTING pgs=0 cs=0 l=1 rev1=0 crypto rx=0 tx=0 comp rx=0 tx=0)._handle_peer_banner_payload supported=3 required=0
2023-07-14T18:14:45.158 INFO:teuthology.orchestra.run.smithi039.stdout:/usr/bin/ceph: stderr
2023-07-14T18:14:44.206+0000 7f6c29ce2700 1 --2- >> [v2:172.21.15.39:3300/0,v1:172.21.15.39:6789/0] conn(0x7f6c24105cf0 0x7f6c24199030 unknown :-1 s=HELLO_CONNECTING pgs=0 cs=0 l=1 rev1=1 crypto rx=0 tx=0 comp rx=0 tx=0).handle_hello peer v2:172.21.15.39:3300/0 says I am v2:172.21.15.39:48692/0 (socket says 172.21.15.39:48692)
2023-07-14T18:14:45.158 INFO:teuthology.orchestra.run.smithi039.stdout:/usr/bin/ceph: stderr
2023-07-14T18:14:44.206+0000 7f6c29ce2700 1 -- 172.21.15.39:0/613684982 learned_addr learned my addr 172.21.15.39:0/613684982 (peer_addr_for_me v2:172.21.15.39:0/0)
2023-07-14T18:14:45.158 INFO:teuthology.orchestra.run.smithi039.stdout:/usr/bin/ceph: stderr
2023-07-14T18:14:44.206+0000 7f6c29ce2700 1 -- 172.21.15.39:0/613684982 --> [v2:172.21.15.39:3300/0,v1:172.21.15.39:6789/0] -- mon_subscribe({config=0+,monmap=0+}) v3 -- 0x7f6c20009550 con 0x7f6c24105cf0
2023-07-14T18:14:45.158 INFO:teuthology.orchestra.run.smithi039.stdout:/usr/bin/ceph: stderr
2023-07-14T18:14:44.207+0000 7f6c29ce2700 1 --2- 172.21.15.39:0/613684982 >> [v2:172.21.15.39:3300/0,v1:172.21.15.39:6789/0] conn(0x7f6c24105cf0 0x7f6c24199030 secure :-1 s=READY pgs=60 cs=0 l=1 rev1=1 crypto rx=0x7f6c20006af0 tx=0x7f6c20011e80 comp rx=0 tx=0).ready entity=mon.0 client_cookie=0 server_cookie=0 in_seq=0 out_seq=0
2023-07-14T18:14:45.158 INFO:teuthology.orchestra.run.smithi039.stdout:/usr/bin/ceph: stderr
2023-07-14T18:14:44.207+0000 7f6c1affd700 1 -- 172.21.15.39:0/613684982 <== mon.0 v2:172.21.15.39:3300/0 1 ==== mon_map magic: 0 v1 ==== 205+0+0 (secure 0 0 0) 0x7f6c200037d0 con 0x7f6c24105cf0
2023-07-14T18:14:45.158 INFO:teuthology.orchestra.run.smithi039.stdout:/usr/bin/ceph: stderr
2023-07-14T18:14:44.207+0000 7f6c1affd700 1 -- 172.21.15.39:0/613684982 <== mon.0 v2:172.21.15.39:3300/0 2 ==== config(25 keys) v1 ==== 1067+0+0 (secure 0 0 0) 0x7f6c2001b440 con 0x7f6c24105cf0
2023-07-14T18:14:45.159 INFO:teuthology.orchestra.run.smithi039.stdout:/usr/bin/ceph: stderr
2023-07-14T18:14:44.207+0000 7f6c2bf46700 1 -- 172.21.15.39:0/613684982 --> [v2:172.21.15.39:3300/0,v1:172.21.15.39:6789/0] -- mon_subscribe({mgrmap=0+}) v3 -- 0x7f6c24199770 con 0x7f6c24105cf0
2023-07-14T18:14:45.159 INFO:teuthology.orchestra.run.smithi039.stdout:/usr/bin/ceph: stderr
2023-07-14T18:14:44.207+0000 7f6c1affd700 1 -- 172.21.15.39:0/613684982 <== mon.0 v2:172.21.15.39:3300/0 3 ==== mon_map magic: 0 v1 ==== 205+0+0 (secure 0 0 0) 0x7f6c20019560 con 0x7f6c24105cf0
2023-07-14T18:14:45.159 INFO:teuthology.orchestra.run.smithi039.stdout:/usr/bin/ceph: stderr
2023-07-14T18:14:44.207+0000 7f6c2bf46700 1 -- 172.21.15.39:0/613684982 --> [v2:172.21.15.39:3300/0,v1:172.21.15.39:6789/0] -- mon_subscribe({osdmap=0}) v3 -- 0x7f6c24199b90 con 0x7f6c24105cf0
2023-07-14T18:14:45.159 INFO:teuthology.orchestra.run.smithi039.stdout:/usr/bin/ceph: stderr
2023-07-14T18:14:44.208+0000 7f6c1affd700 1 -- 172.21.15.39:0/613684982 <== mon.0 v2:172.21.15.39:3300/0 4 ==== mgrmap(e 9) v1 ==== 45496+0+0 (secure 0 0 0) 0x7f6c20003930 con 0x7f6c24105cf0
2023-07-14T18:14:45.159 INFO:teuthology.orchestra.run.smithi039.stdout:/usr/bin/ceph: stderr
2023-07-14T18:14:44.208+0000 7f6c1affd700 1 --2- 172.21.15.39:0/613684982 >> [v2:172.21.15.39:6800/1733981271,v1:172.21.15.39:6801/1733981271] conn(0x7f6c10038710 0x7f6c1003abc0 unknown :-1 s=NONE pgs=0 cs=0 l=1 rev1=0 crypto rx=0 tx=0 comp rx=0 tx=0).connect
2023-07-14T18:14:45.159 INFO:teuthology.orchestra.run.smithi039.stdout:/usr/bin/ceph: stderr
2023-07-14T18:14:44.208+0000 7f6c2bf46700 1 -- 172.21.15.39:0/613684982 --> [v2:172.21.15.39:3300/0,v1:172.21.15.39:6789/0] -- mon_command({"prefix": "get_command_descriptions"} v 0) v1 -- 0x7f6c241092c0 con 0x7f6c24105cf0
2023-07-14T18:14:45.159 INFO:teuthology.orchestra.run.smithi039.stdout:/usr/bin/ceph: stderr
2023-07-14T18:14:44.208+0000 7f6c294e1700 1 -- 172.21.15.39:0/613684982 >> [v2:172.21.15.39:6800/1733981271,v1:172.21.15.39:6801/1733981271] conn(0x7f6c10038710 msgr2=0x7f6c1003abc0 unknown :-1 s=STATE_CONNECTING_RE l=1).process reconnect failed to v2:172.21.15.39:6800/1733981271
2023-07-14T18:14:45.160 INFO:teuthology.orchestra.run.smithi039.stdout:/usr/bin/ceph: stderr
2023-07-14T18:14:44.208+0000 7f6c1affd700 1 -- 172.21.15.39:0/613684982 <== mon.0 v2:172.21.15.39:3300/0 5 ==== osd_map(2..2 src has 1..2) v4 ==== 940+0+0 (secure 0 0 0) 0x7f6c2004c600 con 0x7f6c24105cf0
2023-07-14T18:14:45.160 INFO:teuthology.orchestra.run.smithi039.stdout:/usr/bin/ceph: stderr
2023-07-14T18:14:44.208+0000 7f6c294e1700 1 --2- 172.21.15.39:0/613684982 >> [v2:172.21.15.39:6800/1733981271,v1:172.21.15.39:6801/1733981271] conn(0x7f6c10038710 0x7f6c1003abc0 unknown :-1 s=START_CONNECT pgs=0 cs=0 l=1 rev1=0 crypto rx=0 tx=0 comp rx=0 tx=0)._fault waiting 0.200000
2023-07-14T18:14:45.161 INFO:teuthology.orchestra.run.smithi039.stdout:/usr/bin/ceph: stderr
2023-07-14T18:14:44.213+0000 7f6c1affd700 1 -- 172.21.15.39:0/613684982 <== mon.0 v2:172.21.15.39:3300/0 6 ==== mon_command_ack([{"prefix": "get_command_descriptions"}]=0 v0) v1 ==== 72+0+178025 (secure 0 0 0) 0x7f6c2001a3d0 con 0x7f6c24105cf0
2023-07-14T18:14:45.161 INFO:teuthology.orchestra.run.smithi039.stdout:/usr/bin/ceph: stderr
2023-07-14T18:14:44.409+0000 7f6c294e1700 1 -- 172.21.15.39:0/613684982 >> [v2:172.21.15.39:6800/1733981271,v1:172.21.15.39:6801/1733981271] conn(0x7f6c10038710 msgr2=0x7f6c1003abc0 unknown :-1 s=STATE_CONNECTING_RE l=1).process reconnect failed to v2:172.21.15.39:6800/1733981271
2023-07-14T18:14:45.162 INFO:teuthology.orchestra.run.smithi039.stdout:/usr/bin/ceph: stderr
2023-07-14T18:14:44.409+0000 7f6c294e1700 1 --2- 172.21.15.39:0/613684982 >> [v2:172.21.15.39:6800/1733981271,v1:172.21.15.39:6801/1733981271] conn(0x7f6c10038710 0x7f6c1003abc0 unknown :-1 s=START_CONNECT pgs=0 cs=0 l=1 rev1=0 crypto rx=0 tx=0 comp rx=0 tx=0)._fault waiting 0.400000
2023-07-14T18:14:45.162 INFO:teuthology.orchestra.run.smithi039.stdout:/usr/bin/ceph: stderr
2023-07-14T18:14:44.679+0000 7f6c2bf46700 1 -- 172.21.15.39:0/613684982 --> [v2:172.21.15.39:3300/0,v1:172.21.15.39:6789/0] -- mon_command({"prefix": "mgr stat"} v 0) v1 -- 0x7f6c2419aab0 con 0x7f6c24105cf0
2023-07-14T18:14:45.162 INFO:teuthology.orchestra.run.smithi039.stdout:/usr/bin/ceph: stderr
2023-07-14T18:14:44.680+0000 7f6c1affd700 1 -- 172.21.15.39:0/613684982 <== mon.0 v2:172.21.15.39:3300/0 7 ==== mon_command_ack([{"prefix": "mgr stat"}]=0 v9) v1 ==== 56+0+88 (secure 0 0 0) 0x7f6c20018350 con 0x7f6c24105cf0
2023-07-14T18:14:45.162 INFO:teuthology.orchestra.run.smithi039.stdout:/usr/bin/ceph: stderr
2023-07-14T18:14:44.682+0000 7f6c2bf46700 1 -- 172.21.15.39:0/613684982 >> [v2:172.21.15.39:6800/1733981271,v1:172.21.15.39:6801/1733981271] conn(0x7f6c10038710 msgr2=0x7f6c1003abc0 unknown :-1 s=STATE_CONNECTING l=1).mark_down
2023-07-14T18:14:45.162 INFO:teuthology.orchestra.run.smithi039.stdout:/usr/bin/ceph: stderr
2023-07-14T18:14:44.682+0000 7f6c2bf46700 1 --2- 172.21.15.39:0/613684982 >> [v2:172.21.15.39:6800/1733981271,v1:172.21.15.39:6801/1733981271] conn(0x7f6c10038710 0x7f6c1003abc0 unknown :-1 s=START_CONNECT pgs=0 cs=0 l=1 rev1=0 crypto rx=0 tx=0 comp rx=0 tx=0).stop
2023-07-14T18:14:45.162 INFO:teuthology.orchestra.run.smithi039.stdout:/usr/bin/ceph: stderr
2023-07-14T18:14:44.682+0000 7f6c2bf46700 1 -- 172.21.15.39:0/613684982 >> [v2:172.21.15.39:3300/0,v1:172.21.15.39:6789/0] conn(0x7f6c24105cf0 msgr2=0x7f6c24199030 secure :-1 s=STATE_CONNECTION_ESTABLISHED l=1).mark_down
2023-07-14T18:14:45.163 INFO:teuthology.orchestra.run.smithi039.stdout:/usr/bin/ceph: stderr
2023-07-14T18:14:44.682+0000 7f6c2bf46700 1 --2- 172.21.15.39:0/613684982 >> [v2:172.21.15.39:3300/0,v1:172.21.15.39:6789/0] conn(0x7f6c24105cf0 0x7f6c24199030 secure :-1 s=READY pgs=60 cs=0 l=1 rev1=1 crypto rx=0x7f6c20006af0 tx=0x7f6c20011e80 comp rx=0 tx=0).stop
2023-07-14T18:14:45.163 INFO:teuthology.orchestra.run.smithi039.stdout:/usr/bin/ceph: stderr
2023-07-14T18:14:44.682+0000 7f6c2bf46700 1 -- 172.21.15.39:0/613684982 shutdown_connections
2023-07-14T18:14:45.163 INFO:teuthology.orchestra.run.smithi039.stdout:/usr/bin/ceph: stderr
2023-07-14T18:14:44.682+0000 7f6c2bf46700 1 --2- 172.21.15.39:0/613684982 >> [v2:172.21.15.39:6800/1733981271,v1:172.21.15.39:6801/1733981271] conn(0x7f6c10038710 0x7f6c1003abc0 unknown :-1 s=CLOSED pgs=0 cs=0 l=1 rev1=0 crypto rx=0 tx=0 comp rx=0 tx=0).stop
2023-07-14T18:14:45.163 INFO:teuthology.orchestra.run.smithi039.stdout:/usr/bin/ceph: stderr
2023-07-14T18:14:44.682+0000 7f6c2bf46700 1 --2- 172.21.15.39:0/613684982 >> [v2:172.21.15.39:3300/0,v1:172.21.15.39:6789/0] conn(0x7f6c24105cf0 0x7f6c24199030 unknown :-1 s=CLOSED pgs=60 cs=0 l=1 rev1=1 crypto rx=0 tx=0 comp rx=0 tx=0).stop
2023-07-14T18:14:45.163 INFO:teuthology.orchestra.run.smithi039.stdout:/usr/bin/ceph: stderr
2023-07-14T18:14:44.682+0000 7f6c2bf46700 1 -- 172.21.15.39:0/613684982 >> 172.21.15.39:0/613684982 conn(0x7f6c240ff770 msgr2=0x7f6c24100e20 unknown :-1 s=STATE_NONE l=0).mark_down
2023-07-14T18:14:45.163 INFO:teuthology.orchestra.run.smithi039.stdout:/usr/bin/ceph: stderr
2023-07-14T18:14:44.682+0000 7f6c2bf46700 1 -- 172.21.15.39:0/613684982 shutdown_connections
2023-07-14T18:14:45.163 INFO:teuthology.orchestra.run.smithi039.stdout:/usr/bin/ceph: stderr
2023-07-14T18:14:44.683+0000 7f6c2bf46700 1 -- 172.21.15.39:0/613684982 wait complete.
2023-07-14T18:14:45.164 INFO:teuthology.orchestra.run.smithi039.stdout:Waiting for the mgr to restart...
2023-07-14T18:14:45.164 INFO:teuthology.orchestra.run.smithi039.stdout:Waiting for mgr epoch 9...
2023-07-14T18:14:45.200 INFO:journalctl@ceph.mgr.x.smithi039.stdout:Jul 14 18:14:44 smithi039 ceph-1151f38e-2272-11ee-9b33-001a4aab830c-mgr-x[127694]:
2023-07-14T18:14:44.811+0000 7f2559d25200 -1 mgr[py] Module alerts has missing NOTIFY_TYPES member
2023-07-14T18:14:45.700 INFO:journalctl@ceph.mon.a.smithi039.stdout:Jul 14 18:14:45 smithi039 ceph-mon[127449]: from='client.? 172.21.15.39:0/613684982' entity='client.admin' cmd=[{"prefix": "mgr stat"}]: dispatch
2023-07-14T18:14:45.701 INFO:journalctl@ceph.mgr.x.smithi039.stdout:Jul 14 18:14:45 smithi039 ceph-1151f38e-2272-11ee-9b33-001a4aab830c-mgr-x[127694]:
2023-07-14T18:14:45.355+0000 7f2559d25200 -1 mgr[py] Module progress has missing NOTIFY_TYPES member
2023-07-14T18:14:46.450 INFO:journalctl@ceph.mgr.x.smithi039.stdout:Jul 14 18:14:46 smithi039 ceph-1151f38e-2272-11ee-9b33-001a4aab830c-mgr-x[127694]:
2023-07-14T18:14:46.042+0000 7f2559d25200 -1 mgr[py] Module rook has missing NOTIFY_TYPES member
2023-07-14T18:14:46.451 INFO:journalctl@ceph.mgr.x.smithi039.stdout:Jul 14 18:14:46 smithi039 ceph-1151f38e-2272-11ee-9b33-001a4aab830c-mgr-x[127694]:
2023-07-14T18:14:46.233+0000 7f2559d25200 -1 mgr[py] Module iostat has missing NOTIFY_TYPES member
2023-07-14T18:14:47.574 INFO:journalctl@ceph.mgr.x.smithi039.stdout:Jul 14 18:14:47 smithi039 ceph-1151f38e-2272-11ee-9b33-001a4aab830c-mgr-x[127694]:
2023-07-14T18:14:47.200+0000 7f2559d25200 -1 mgr[py] Module test_orchestrator has missing NOTIFY_TYPES member
2023-07-14T18:14:47.574 INFO:journalctl@ceph.mgr.x.smithi039.stdout:Jul 14 18:14:47 smithi039 ceph-1151f38e-2272-11ee-9b33-001a4aab830c-mgr-x[127694]:
2023-07-14T18:14:47.311+0000 7f2559d25200 -1 mgr[py] Module osd_perf_query has missing NOTIFY_TYPES member
2023-07-14T18:14:47.923 INFO:journalctl@ceph.mgr.x.smithi039.stdout:Jul 14 18:14:47 smithi039 ceph-1151f38e-2272-11ee-9b33-001a4aab830c-mgr-x[127694]:
2023-07-14T18:14:47.530+0000 7f2559d25200 -1 mgr[py] Module orchestrator has missing NOTIFY_TYPES member
2023-07-14T18:14:48.177 INFO:journalctl@ceph.mgr.x.smithi039.stdout:Jul 14 18:14:47 smithi039 ceph-1151f38e-2272-11ee-9b33-001a4aab830c-mgr-x[127694]:
2023-07-14T18:14:47.879+0000 7f2559d25200 -1 mgr[py] Module rgw has missing NOTIFY_TYPES member
2023-07-14T18:14:48.450 INFO:journalctl@ceph.mgr.x.smithi039.stdout:Jul 14 18:14:48 smithi039 ceph-1151f38e-2272-11ee-9b33-001a4aab830c-mgr-x[127694]:
2023-07-14T18:14:48.133+0000 7f2559d25200 -1 mgr[py] Module influx has missing NOTIFY_TYPES member
2023-07-14T18:14:48.486 INFO:journalctl@ceph.mgr.x.smithi039.stdout:Jul 14 18:14:48 smithi039 ceph-1151f38e-2272-11ee-9b33-001a4aab830c-mgr-x[127694]:
2023-07-14T18:14:48.317+0000 7f2559d25200 -1 mgr[py] Module telemetry has missing NOTIFY_TYPES member
2023-07-14T18:14:48.950 INFO:journalctl@ceph.mgr.x.smithi039.stdout:Jul 14 18:14:48 smithi039 ceph-1151f38e-2272-11ee-9b33-001a4aab830c-mgr-x[127694]:
2023-07-14T18:14:48.646+0000 7f2559d25200 -1 mgr[py] Module telegraf has missing NOTIFY_TYPES member
2023-07-14T18:14:49.914 INFO:journalctl@ceph.mgr.x.smithi039.stdout:Jul 14 18:14:49 smithi039 ceph-1151f38e-2272-11ee-9b33-001a4aab830c-mgr-x[127694]:
2023-07-14T18:14:49.469+0000 7f2559d25200 -1 mgr[py] Module balancer has missing NOTIFY_TYPES member
2023-07-14T18:14:49.915 INFO:journalctl@ceph.mgr.x.smithi039.stdout:Jul 14 18:14:49 smithi039 ceph-1151f38e-2272-11ee-9b33-001a4aab830c-mgr-x[127694]:
2023-07-14T18:14:49.627+0000 7f2559d25200 -1 mgr[py] Module diskprediction_local has missing NOTIFY_TYPES member
2023-07-14T18:14:50.200 INFO:journalctl@ceph.mgr.x.smithi039.stdout:Jul 14 18:14:49 smithi039 ceph-1151f38e-2272-11ee-9b33-001a4aab830c-mgr-x[127694]:
2023-07-14T18:14:49.871+0000 7f2559d25200 -1 mgr[py] Module nfs has missing NOTIFY_TYPES member
2023-07-14T18:14:50.201 INFO:journalctl@ceph.mgr.x.smithi039.stdout:Jul 14 18:14:50 smithi039 ceph-1151f38e-2272-11ee-9b33-001a4aab830c-mgr-x[127694]:
2023-07-14T18:14:50.008+0000 7f2559d25200 -1 mgr[py] Module rbd_support has missing NOTIFY_TYPES member
2023-07-14T18:14:50.701 INFO:journalctl@ceph.mgr.x.smithi039.stdout:Jul 14 18:14:50 smithi039 ceph-1151f38e-2272-11ee-9b33-001a4aab830c-mgr-x[127694]:
2023-07-14T18:14:50.279+0000 7f2559d25200 -1 mgr[py] Module volumes has missing NOTIFY_TYPES member
2023-07-14T18:14:51.700 INFO:journalctl@ceph.mgr.x.smithi039.stdout:Jul 14 18:14:51 smithi039 ceph-1151f38e-2272-11ee-9b33-001a4aab830c-mgr-x[127694]:
2023-07-14T18:14:51.320+0000 7f2559d25200 -1 mgr[py] Module pg_autoscaler has missing NOTIFY_TYPES member
2023-07-14T18:14:52.677 INFO:journalctl@ceph.mon.a.smithi039.stdout:Jul 14 18:14:52 smithi039 ceph-mon[127449]: Active manager daemon x restarted
2023-07-14T18:14:52.678 INFO:journalctl@ceph.mon.a.smithi039.stdout:Jul 14 18:14:52 smithi039 ceph-mon[127449]: Activating manager daemon x
2023-07-14T18:14:52.678 INFO:journalctl@ceph.mon.a.smithi039.stdout:Jul 14 18:14:52 smithi039 ceph-mon[127449]: osdmap e3: 0 total, 0 up, 0 in
2023-07-14T18:14:52.678 INFO:journalctl@ceph.mon.a.smithi039.stdout:Jul 14 18:14:52 smithi039 ceph-mon[127449]: mgrmap e10: x(active, starting, since 0.0125824s)
2023-07-14T18:14:52.678 INFO:journalctl@ceph.mon.a.smithi039.stdout:Jul 14 18:14:52 smithi039 ceph-mon[127449]: from='mgr.14152 172.21.15.39:0/80477561' entity='mgr.x' cmd=[{"prefix": "mon metadata", "id": "a"}]: dispatch
2023-07-14T18:14:52.678 INFO:journalctl@ceph.mon.a.smithi039.stdout:Jul 14 18:14:52 smithi039 ceph-mon[127449]: from='mgr.14152 172.21.15.39:0/80477561' entity='mgr.x' cmd=[{"prefix": "mgr metadata", "who": "x", "id": "x"}]: dispatch
2023-07-14T18:14:52.679 INFO:journalctl@ceph.mon.a.smithi039.stdout:Jul 14 18:14:52 smithi039 ceph-mon[127449]: from='mgr.14152 172.21.15.39:0/80477561' entity='mgr.x' cmd=[{"prefix": "mds metadata"}]: dispatch
2023-07-14T18:14:52.679 INFO:journalctl@ceph.mon.a.smithi039.stdout:Jul 14 18:14:52 smithi039 ceph-mon[127449]: from='mgr.14152 172.21.15.39:0/80477561' entity='mgr.x' cmd=[{"prefix": "osd metadata"}]: dispatch
2023-07-14T18:14:52.679 INFO:journalctl@ceph.mon.a.smithi039.stdout:Jul 14 18:14:52 smithi039 ceph-mon[127449]: from='mgr.14152 172.21.15.39:0/80477561' entity='mgr.x' cmd=[{"prefix": "mon metadata"}]: dispatch
2023-07-14T18:14:52.679 INFO:journalctl@ceph.mon.a.smithi039.stdout:Jul 14 18:14:52 smithi039 ceph-mon[127449]: Manager daemon x is now available
2023-07-14T18:14:52.679 INFO:journalctl@ceph.mon.a.smithi039.stdout:Jul 14 18:14:52 smithi039 ceph-mon[127449]: from='mgr.14152 172.21.15.39:0/80477561' entity='mgr.x' cmd=[{"prefix": "config dump", "format": "json"}]: dispatch
2023-07-14T18:14:52.679 INFO:journalctl@ceph.mon.a.smithi039.stdout:Jul 14 18:14:52 smithi039 ceph-mon[127449]: from='mgr.14152 172.21.15.39:0/80477561' entity='mgr.x' cmd=[{"prefix": "config dump", "format": "json"}]: dispatch
2023-07-14T18:14:52.679 INFO:journalctl@ceph.mon.a.smithi039.stdout:Jul 14 18:14:52 smithi039 ceph-mon[127449]: from='mgr.14152 172.21.15.39:0/80477561' entity='mgr.x' cmd=[{"prefix":"config rm","who":"mgr","name":"mgr/rbd_support/x/mirror_snapshot_schedule"}]: dispatch
2023-07-14T18:14:52.680 INFO:journalctl@ceph.mon.a.smithi039.stdout:Jul 14 18:14:52 smithi039 ceph-mon[127449]: from='mgr.14152 172.21.15.39:0/80477561' entity='mgr.x' cmd=[{"prefix":"config rm","who":"mgr","name":"mgr/rbd_support/x/trash_purge_schedule"}]: dispatch
2023-07-14T18:14:52.728 INFO:teuthology.orchestra.run.smithi039.stdout:/usr/bin/ceph: stdout {
2023-07-14T18:14:52.728 INFO:teuthology.orchestra.run.smithi039.stdout:/usr/bin/ceph: stdout "mgrmap_epoch": 11,
2023-07-14T18:14:52.728 INFO:teuthology.orchestra.run.smithi039.stdout:/usr/bin/ceph: stdout "initialized": true
2023-07-14T18:14:52.728 INFO:teuthology.orchestra.run.smithi039.stdout:/usr/bin/ceph: stdout }
2023-07-14T18:14:52.729 INFO:teuthology.orchestra.run.smithi039.stdout:/usr/bin/ceph: stderr
2023-07-14T18:14:45.567+0000 7f0749056700 1 Processor -- start
2023-07-14T18:14:52.729 INFO:teuthology.orchestra.run.smithi039.stdout:/usr/bin/ceph: stderr
2023-07-14T18:14:45.567+0000 7f0749056700 1 -- start start
2023-07-14T18:14:52.729 INFO:teuthology.orchestra.run.smithi039.stdout:/usr/bin/ceph: stderr
2023-07-14T18:14:45.567+0000 7f0749056700 1 --2- >> [v2:172.21.15.39:3300/0,v1:172.21.15.39:6789/0] conn(0x7f0744105cf0 0x7f07441080d0 unknown :-1 s=NONE pgs=0 cs=0 l=0 rev1=0 crypto rx=0 tx=0 comp rx=0 tx=0).connect
2023-07-14T18:14:52.729 INFO:teuthology.orchestra.run.smithi039.stdout:/usr/bin/ceph: stderr
2023-07-14T18:14:45.567+0000 7f0749056700 1 -- --> [v2:172.21.15.39:3300/0,v1:172.21.15.39:6789/0] -- mon_getmap magic: 0 v1 -- 0x7f0744079d50 con 0x7f0744105cf0
2023-07-14T18:14:52.729 INFO:teuthology.orchestra.run.smithi039.stdout:/usr/bin/ceph: stderr
2023-07-14T18:14:45.567+0000 7f0742d9d700 1 --2- >> [v2:172.21.15.39:3300/0,v1:172.21.15.39:6789/0] conn(0x7f0744105cf0 0x7f07441080d0 unknown :-1 s=BANNER_CONNECTING pgs=0 cs=0 l=0 rev1=0 crypto rx=0 tx=0 comp rx=0 tx=0)._handle_peer_banner_payload supported=3 required=0
2023-07-14T18:14:52.729 INFO:teuthology.orchestra.run.smithi039.stdout:/usr/bin/ceph: stderr
2023-07-14T18:14:45.567+0000 7f0742d9d700 1 --2- >> [v2:172.21.15.39:3300/0,v1:172.21.15.39:6789/0] conn(0x7f0744105cf0 0x7f07441080d0 unknown :-1 s=HELLO_CONNECTING pgs=0 cs=0 l=0 rev1=1 crypto rx=0 tx=0 comp rx=0 tx=0).handle_hello peer v2:172.21.15.39:3300/0 says I am v2:172.21.15.39:48700/0 (socket says 172.21.15.39:48700)
2023-07-14T18:14:52.729 INFO:teuthology.orchestra.run.smithi039.stdout:/usr/bin/ceph: stderr
2023-07-14T18:14:45.567+0000 7f0742d9d700 1 -- 172.21.15.39:0/298047237 learned_addr learned my addr 172.21.15.39:0/298047237 (peer_addr_for_me v2:172.21.15.39:0/0)
2023-07-14T18:14:52.729 INFO:teuthology.orchestra.run.smithi039.stdout:/usr/bin/ceph: stderr
2023-07-14T18:14:45.568+0000 7f0742d9d700 1 -- 172.21.15.39:0/298047237 --> [v2:172.21.15.39:3300/0,v1:172.21.15.39:6789/0] -- mon_subscribe({config=0+,monmap=0+}) v3 -- 0x7f0744079e90 con 0x7f0744105cf0
2023-07-14T18:14:52.730 INFO:teuthology.orchestra.run.smithi039.stdout:/usr/bin/ceph: stderr
2023-07-14T18:14:45.568+0000 7f0742d9d700 1 --2- 172.21.15.39:0/298047237 >> [v2:172.21.15.39:3300/0,v1:172.21.15.39:6789/0] conn(0x7f0744105cf0 0x7f07441080d0 secure :-1 s=READY pgs=61 cs=0 l=1 rev1=1 crypto rx=0x7f07340098a0 tx=0x7f0734009bb0 comp rx=0 tx=0).ready entity=mon.0 client_cookie=c0f2ca3683abada9 server_cookie=0 in_seq=0 out_seq=0
2023-07-14T18:14:52.730 INFO:teuthology.orchestra.run.smithi039.stdout:/usr/bin/ceph: stderr
2023-07-14T18:14:45.568+0000 7f0741d9b700 1 -- 172.21.15.39:0/298047237 <== mon.0 v2:172.21.15.39:3300/0 1 ==== mon_map magic: 0 v1 ==== 205+0+0 (secure 0 0 0) 0x7f0734004160 con 0x7f0744105cf0
2023-07-14T18:14:52.730 INFO:teuthology.orchestra.run.smithi039.stdout:/usr/bin/ceph: stderr
2023-07-14T18:14:45.568+0000 7f0741d9b700 1 -- 172.21.15.39:0/298047237 <== mon.0 v2:172.21.15.39:3300/0 2 ==== config(25 keys) v1 ==== 1067+0+0 (secure 0 0 0) 0x7f07340042c0 con 0x7f0744105cf0
2023-07-14T18:14:52.730 INFO:teuthology.orchestra.run.smithi039.stdout:/usr/bin/ceph: stderr
2023-07-14T18:14:45.568+0000 7f0741d9b700 1 -- 172.21.15.39:0/298047237 <== mon.0 v2:172.21.15.39:3300/0 3 ==== mon_map magic: 0 v1 ==== 205+0+0 (secure 0 0 0) 0x7f07340118e0 con 0x7f0744105cf0
2023-07-14T18:14:52.730 INFO:teuthology.orchestra.run.smithi039.stdout:/usr/bin/ceph: stderr
2023-07-14T18:14:45.569+0000 7f0749056700 1 -- 172.21.15.39:0/298047237 >> [v2:172.21.15.39:3300/0,v1:172.21.15.39:6789/0] conn(0x7f0744105cf0 msgr2=0x7f07441080d0 secure :-1 s=STATE_CONNECTION_ESTABLISHED l=1).mark_down
2023-07-14T18:14:52.730 INFO:teuthology.orchestra.run.smithi039.stdout:/usr/bin/ceph: stderr
2023-07-14T18:14:45.569+0000 7f0749056700 1 --2- 172.21.15.39:0/298047237 >> [v2:172.21.15.39:3300/0,v1:172.21.15.39:6789/0] conn(0x7f0744105cf0 0x7f07441080d0 secure :-1 s=READY pgs=61 cs=0 l=1 rev1=1 crypto rx=0x7f07340098a0 tx=0x7f0734009bb0 comp rx=0 tx=0).stop
2023-07-14T18:14:52.730 INFO:teuthology.orchestra.run.smithi039.stdout:/usr/bin/ceph: stderr
2023-07-14T18:14:45.569+0000 7f0749056700 1 -- 172.21.15.39:0/298047237 shutdown_connections
2023-07-14T18:14:52.731 INFO:teuthology.orchestra.run.smithi039.stdout:/usr/bin/ceph: stderr
2023-07-14T18:14:45.569+0000 7f0749056700 1 --2- 172.21.15.39:0/298047237 >> [v2:172.21.15.39:3300/0,v1:172.21.15.39:6789/0] conn(0x7f0744105cf0 0x7f07441080d0 unknown :-1 s=CLOSED pgs=61 cs=0 l=1 rev1=1 crypto rx=0 tx=0 comp rx=0 tx=0).stop
2023-07-14T18:14:52.731 INFO:teuthology.orchestra.run.smithi039.stdout:/usr/bin/ceph: stderr
2023-07-14T18:14:45.569+0000 7f0749056700 1 -- 172.21.15.39:0/298047237 >> 172.21.15.39:0/298047237 conn(0x7f07440ff770 msgr2=0x7f0744101b80 unknown :-1 s=STATE_NONE l=0).mark_down
2023-07-14T18:14:52.731 INFO:teuthology.orchestra.run.smithi039.stdout:/usr/bin/ceph: stderr
2023-07-14T18:14:45.569+0000 7f0749056700 1 -- 172.21.15.39:0/298047237 shutdown_connections
2023-07-14T18:14:52.731 INFO:teuthology.orchestra.run.smithi039.stdout:/usr/bin/ceph: stderr
2023-07-14T18:14:45.569+0000 7f0749056700 1 -- 172.21.15.39:0/298047237 wait complete.
2023-07-14T18:14:52.731 INFO:teuthology.orchestra.run.smithi039.stdout:/usr/bin/ceph: stderr
2023-07-14T18:14:45.570+0000 7f0749056700 1 Processor -- start
2023-07-14T18:14:52.731 INFO:teuthology.orchestra.run.smithi039.stdout:/usr/bin/ceph: stderr
2023-07-14T18:14:45.570+0000 7f0749056700 1 -- start start
2023-07-14T18:14:52.731 INFO:teuthology.orchestra.run.smithi039.stdout:/usr/bin/ceph: stderr
2023-07-14T18:14:45.570+0000 7f0749056700 1 --2- >> [v2:172.21.15.39:3300/0,v1:172.21.15.39:6789/0] conn(0x7f0744105cf0 0x7f0744103ca0 unknown :-1 s=NONE pgs=0 cs=0 l=1 rev1=0 crypto rx=0 tx=0 comp rx=0 tx=0).connect
2023-07-14T18:14:52.731 INFO:teuthology.orchestra.run.smithi039.stdout:/usr/bin/ceph: stderr
2023-07-14T18:14:45.570+0000 7f0749056700 1 -- --> [v2:172.21.15.39:3300/0,v1:172.21.15.39:6789/0] -- mon_getmap magic: 0 v1 -- 0x7f0744105830 con 0x7f0744105cf0
2023-07-14T18:14:52.732 INFO:teuthology.orchestra.run.smithi039.stdout:/usr/bin/ceph: stderr
2023-07-14T18:14:45.570+0000 7f0742d9d700 1 --2- >> [v2:172.21.15.39:3300/0,v1:172.21.15.39:6789/0] conn(0x7f0744105cf0 0x7f0744103ca0 unknown :-1 s=BANNER_CONNECTING pgs=0 cs=0 l=1 rev1=0 crypto rx=0 tx=0 comp rx=0 tx=0)._handle_peer_banner_payload supported=3 required=0
2023-07-14T18:14:52.732 INFO:teuthology.orchestra.run.smithi039.stdout:/usr/bin/ceph: stderr
2023-07-14T18:14:45.570+0000 7f0742d9d700 1 --2- >> [v2:172.21.15.39:3300/0,v1:172.21.15.39:6789/0] conn(0x7f0744105cf0 0x7f0744103ca0 unknown :-1 s=HELLO_CONNECTING pgs=0 cs=0 l=1 rev1=1 crypto rx=0 tx=0 comp rx=0 tx=0).handle_hello peer v2:172.21.15.39:3300/0 says I am v2:172.21.15.39:48702/0 (socket says 172.21.15.39:48702)
2023-07-14T18:14:52.732 INFO:teuthology.orchestra.run.smithi039.stdout:/usr/bin/ceph: stderr
2023-07-14T18:14:45.570+0000 7f0742d9d700 1 -- 172.21.15.39:0/1642176064 learned_addr learned my addr 172.21.15.39:0/1642176064 (peer_addr_for_me v2:172.21.15.39:0/0)
2023-07-14T18:14:52.732 INFO:teuthology.orchestra.run.smithi039.stdout:/usr/bin/ceph: stderr
2023-07-14T18:14:45.570+0000 7f0742d9d700 1 -- 172.21.15.39:0/1642176064 --> [v2:172.21.15.39:3300/0,v1:172.21.15.39:6789/0] -- mon_subscribe({config=0+,monmap=0+}) v3 -- 0x7f0734009550 con 0x7f0744105cf0
2023-07-14T18:14:52.732 INFO:teuthology.orchestra.run.smithi039.stdout:/usr/bin/ceph: stderr
2023-07-14T18:14:45.571+0000 7f0742d9d700 1 --2- 172.21.15.39:0/1642176064 >> [v2:172.21.15.39:3300/0,v1:172.21.15.39:6789/0] conn(0x7f0744105cf0 0x7f0744103ca0 secure :-1 s=READY pgs=62 cs=0 l=1 rev1=1 crypto rx=0x7f0734006af0 tx=0x7f0734011e80 comp rx=0 tx=0).ready entity=mon.0 client_cookie=0 server_cookie=0 in_seq=0 out_seq=0
2023-07-14T18:14:52.732 INFO:teuthology.orchestra.run.smithi039.stdout:/usr/bin/ceph: stderr
2023-07-14T18:14:45.571+0000 7f072bfff700 1 -- 172.21.15.39:0/1642176064 <== mon.0 v2:172.21.15.39:3300/0 1 ==== mon_map magic: 0 v1 ==== 205+0+0 (secure 0 0 0) 0x7f07340037d0 con 0x7f0744105cf0
2023-07-14T18:14:52.732 INFO:teuthology.orchestra.run.smithi039.stdout:/usr/bin/ceph: stderr
2023-07-14T18:14:45.571+0000 7f072bfff700 1 -- 172.21.15.39:0/1642176064 <== mon.0 v2:172.21.15.39:3300/0 2 ==== config(25 keys) v1 ==== 1067+0+0 (secure 0 0 0) 0x7f073401b440 con 0x7f0744105cf0
2023-07-14T18:14:52.733 INFO:teuthology.orchestra.run.smithi039.stdout:/usr/bin/ceph: stderr
2023-07-14T18:14:45.571+0000 7f0749056700 1 -- 172.21.15.39:0/1642176064 --> [v2:172.21.15.39:3300/0,v1:172.21.15.39:6789/0] -- mon_subscribe({mgrmap=0+}) v3 -- 0x7f0744105a30 con 0x7f0744105cf0
2023-07-14T18:14:52.733 INFO:teuthology.orchestra.run.smithi039.stdout:/usr/bin/ceph: stderr
