2023-07-14T18:14:45.571+0000 7f072bfff700 1 -- 172.21.15.39:0/1642176064 <== mon.0 v2:172.21.15.39:3300/0 3 ==== mon_map magic: 0 v1 ==== 205+0+0 (secure 0 0 0) 0x7f0734019560 con 0x7f0744105cf0
2023-07-14T18:14:52.733 INFO:teuthology.orchestra.run.smithi039.stdout:/usr/bin/ceph: stderr
2023-07-14T18:14:45.571+0000 7f0749056700 1 -- 172.21.15.39:0/1642176064 --> [v2:172.21.15.39:3300/0,v1:172.21.15.39:6789/0] -- mon_subscribe({osdmap=0}) v3 -- 0x7f07441043b0 con 0x7f0744105cf0
2023-07-14T18:14:52.733 INFO:teuthology.orchestra.run.smithi039.stdout:/usr/bin/ceph: stderr
2023-07-14T18:14:45.572+0000 7f072bfff700 1 -- 172.21.15.39:0/1642176064 <== mon.0 v2:172.21.15.39:3300/0 4 ==== mgrmap(e 9) v1 ==== 45496+0+0 (secure 0 0 0) 0x7f0734003930 con 0x7f0744105cf0
2023-07-14T18:14:52.733 INFO:teuthology.orchestra.run.smithi039.stdout:/usr/bin/ceph: stderr
2023-07-14T18:14:45.573+0000 7f072bfff700 1 --2- 172.21.15.39:0/1642176064 >> [v2:172.21.15.39:6800/1733981271,v1:172.21.15.39:6801/1733981271] conn(0x7f072c0387b0 0x7f072c03ac60 unknown :-1 s=NONE pgs=0 cs=0 l=1 rev1=0 crypto rx=0 tx=0 comp rx=0 tx=0).connect
2023-07-14T18:14:52.733 INFO:teuthology.orchestra.run.smithi039.stdout:/usr/bin/ceph: stderr
2023-07-14T18:14:45.573+0000 7f072bfff700 1 -- 172.21.15.39:0/1642176064 --> [v2:172.21.15.39:6800/1733981271,v1:172.21.15.39:6801/1733981271] -- command(tid 0: {"prefix": "get_command_descriptions"}) v1 -- 0x7f072c03b370 con 0x7f072c0387b0
2023-07-14T18:14:52.733 INFO:teuthology.orchestra.run.smithi039.stdout:/usr/bin/ceph: stderr
2023-07-14T18:14:45.573+0000 7f072bfff700 1 -- 172.21.15.39:0/1642176064 <== mon.0 v2:172.21.15.39:3300/0 5 ==== osd_map(2..2 src has 1..2) v4 ==== 940+0+0 (secure 0 0 0) 0x7f073404c630 con 0x7f0744105cf0
2023-07-14T18:14:52.734 INFO:teuthology.orchestra.run.smithi039.stdout:/usr/bin/ceph: stderr
2023-07-14T18:14:45.573+0000 7f074259c700 1 -- 172.21.15.39:0/1642176064 >> [v2:172.21.15.39:6800/1733981271,v1:172.21.15.39:6801/1733981271] conn(0x7f072c0387b0 msgr2=0x7f072c03ac60 unknown :-1 s=STATE_CONNECTING_RE l=1).process reconnect failed to v2:172.21.15.39:6800/1733981271
2023-07-14T18:14:52.734 INFO:teuthology.orchestra.run.smithi039.stdout:/usr/bin/ceph: stderr
2023-07-14T18:14:45.573+0000 7f074259c700 1 --2- 172.21.15.39:0/1642176064 >> [v2:172.21.15.39:6800/1733981271,v1:172.21.15.39:6801/1733981271] conn(0x7f072c0387b0 0x7f072c03ac60 unknown :-1 s=START_CONNECT pgs=0 cs=0 l=1 rev1=0 crypto rx=0 tx=0 comp rx=0 tx=0)._fault waiting 0.200000
2023-07-14T18:14:52.734 INFO:teuthology.orchestra.run.smithi039.stdout:/usr/bin/ceph: stderr
2023-07-14T18:14:45.774+0000 7f074259c700 1 -- 172.21.15.39:0/1642176064 >> [v2:172.21.15.39:6800/1733981271,v1:172.21.15.39:6801/1733981271] conn(0x7f072c0387b0 msgr2=0x7f072c03ac60 unknown :-1 s=STATE_CONNECTING_RE l=1).process reconnect failed to v2:172.21.15.39:6800/1733981271
2023-07-14T18:14:52.734 INFO:teuthology.orchestra.run.smithi039.stdout:/usr/bin/ceph: stderr
2023-07-14T18:14:45.774+0000 7f074259c700 1 --2- 172.21.15.39:0/1642176064 >> [v2:172.21.15.39:6800/1733981271,v1:172.21.15.39:6801/1733981271] conn(0x7f072c0387b0 0x7f072c03ac60 unknown :-1 s=START_CONNECT pgs=0 cs=0 l=1 rev1=0 crypto rx=0 tx=0 comp rx=0 tx=0)._fault waiting 0.400000
2023-07-14T18:14:52.734 INFO:teuthology.orchestra.run.smithi039.stdout:/usr/bin/ceph: stderr
2023-07-14T18:14:46.174+0000 7f074259c700 1 -- 172.21.15.39:0/1642176064 >> [v2:172.21.15.39:6800/1733981271,v1:172.21.15.39:6801/1733981271] conn(0x7f072c0387b0 msgr2=0x7f072c03ac60 unknown :-1 s=STATE_CONNECTING_RE l=1).process reconnect failed to v2:172.21.15.39:6800/1733981271
2023-07-14T18:14:52.734 INFO:teuthology.orchestra.run.smithi039.stdout:/usr/bin/ceph: stderr
2023-07-14T18:14:46.174+0000 7f074259c700 1 --2- 172.21.15.39:0/1642176064 >> [v2:172.21.15.39:6800/1733981271,v1:172.21.15.39:6801/1733981271] conn(0x7f072c0387b0 0x7f072c03ac60 unknown :-1 s=START_CONNECT pgs=0 cs=0 l=1 rev1=0 crypto rx=0 tx=0 comp rx=0 tx=0)._fault waiting 0.800000
2023-07-14T18:14:52.734 INFO:teuthology.orchestra.run.smithi039.stdout:/usr/bin/ceph: stderr
2023-07-14T18:14:46.975+0000 7f074259c700 1 -- 172.21.15.39:0/1642176064 >> [v2:172.21.15.39:6800/1733981271,v1:172.21.15.39:6801/1733981271] conn(0x7f072c0387b0 msgr2=0x7f072c03ac60 unknown :-1 s=STATE_CONNECTING_RE l=1).process reconnect failed to v2:172.21.15.39:6800/1733981271
2023-07-14T18:14:52.734 INFO:teuthology.orchestra.run.smithi039.stdout:/usr/bin/ceph: stderr
2023-07-14T18:14:46.975+0000 7f074259c700 1 --2- 172.21.15.39:0/1642176064 >> [v2:172.21.15.39:6800/1733981271,v1:172.21.15.39:6801/1733981271] conn(0x7f072c0387b0 0x7f072c03ac60 unknown :-1 s=START_CONNECT pgs=0 cs=0 l=1 rev1=0 crypto rx=0 tx=0 comp rx=0 tx=0)._fault waiting 1.600000
2023-07-14T18:14:52.735 INFO:teuthology.orchestra.run.smithi039.stdout:/usr/bin/ceph: stderr
2023-07-14T18:14:48.576+0000 7f074259c700 1 -- 172.21.15.39:0/1642176064 >> [v2:172.21.15.39:6800/1733981271,v1:172.21.15.39:6801/1733981271] conn(0x7f072c0387b0 msgr2=0x7f072c03ac60 unknown :-1 s=STATE_CONNECTING_RE l=1).process reconnect failed to v2:172.21.15.39:6800/1733981271
2023-07-14T18:14:52.735 INFO:teuthology.orchestra.run.smithi039.stdout:/usr/bin/ceph: stderr
2023-07-14T18:14:48.576+0000 7f074259c700 1 --2- 172.21.15.39:0/1642176064 >> [v2:172.21.15.39:6800/1733981271,v1:172.21.15.39:6801/1733981271] conn(0x7f072c0387b0 0x7f072c03ac60 unknown :-1 s=START_CONNECT pgs=0 cs=0 l=1 rev1=0 crypto rx=0 tx=0 comp rx=0 tx=0)._fault waiting 3.200000
2023-07-14T18:14:52.735 INFO:teuthology.orchestra.run.smithi039.stdout:/usr/bin/ceph: stderr
2023-07-14T18:14:51.344+0000 7f072bfff700 1 -- 172.21.15.39:0/1642176064 <== mon.0 v2:172.21.15.39:3300/0 6 ==== mgrmap(e 10) v1 ==== 45263+0+0 (secure 0 0 0) 0x7f073400f2e0 con 0x7f0744105cf0
2023-07-14T18:14:52.735 INFO:teuthology.orchestra.run.smithi039.stdout:/usr/bin/ceph: stderr
2023-07-14T18:14:51.344+0000 7f072bfff700 1 -- 172.21.15.39:0/1642176064 >> [v2:172.21.15.39:6800/1733981271,v1:172.21.15.39:6801/1733981271] conn(0x7f072c0387b0 msgr2=0x7f072c03ac60 unknown :-1 s=STATE_CONNECTING l=1).mark_down
2023-07-14T18:14:52.735 INFO:teuthology.orchestra.run.smithi039.stdout:/usr/bin/ceph: stderr
2023-07-14T18:14:51.344+0000 7f072bfff700 1 --2- 172.21.15.39:0/1642176064 >> [v2:172.21.15.39:6800/1733981271,v1:172.21.15.39:6801/1733981271] conn(0x7f072c0387b0 0x7f072c03ac60 unknown :-1 s=START_CONNECT pgs=0 cs=0 l=1 rev1=0 crypto rx=0 tx=0 comp rx=0 tx=0).stop
2023-07-14T18:14:52.735 INFO:teuthology.orchestra.run.smithi039.stdout:/usr/bin/ceph: stderr
2023-07-14T18:14:52.341+0000 7f072bfff700 1 -- 172.21.15.39:0/1642176064 <== mon.0 v2:172.21.15.39:3300/0 7 ==== mgrmap(e 11) v1 ==== 45390+0+0 (secure 0 0 0) 0x7f0734019b50 con 0x7f0744105cf0
2023-07-14T18:14:52.735 INFO:teuthology.orchestra.run.smithi039.stdout:/usr/bin/ceph: stderr
2023-07-14T18:14:52.342+0000 7f072bfff700 1 --2- 172.21.15.39:0/1642176064 >> [v2:172.21.15.39:6800/2948171247,v1:172.21.15.39:6801/2948171247] conn(0x7f072c03bff0 0x7f072c03e3d0 unknown :-1 s=NONE pgs=0 cs=0 l=1 rev1=0 crypto rx=0 tx=0 comp rx=0 tx=0).connect
2023-07-14T18:14:52.735 INFO:teuthology.orchestra.run.smithi039.stdout:/usr/bin/ceph: stderr
2023-07-14T18:14:52.342+0000 7f072bfff700 1 -- 172.21.15.39:0/1642176064 --> [v2:172.21.15.39:6800/2948171247,v1:172.21.15.39:6801/2948171247] -- command(tid 0: {"prefix": "get_command_descriptions"}) v1 -- 0x7f072c03b370 con 0x7f072c03bff0
2023-07-14T18:14:52.736 INFO:teuthology.orchestra.run.smithi039.stdout:/usr/bin/ceph: stderr
2023-07-14T18:14:52.342+0000 7f074259c700 1 --2- 172.21.15.39:0/1642176064 >> [v2:172.21.15.39:6800/2948171247,v1:172.21.15.39:6801/2948171247] conn(0x7f072c03bff0 0x7f072c03e3d0 unknown :-1 s=BANNER_CONNECTING pgs=0 cs=0 l=1 rev1=0 crypto rx=0 tx=0 comp rx=0 tx=0)._handle_peer_banner_payload supported=3 required=0
2023-07-14T18:14:52.736 INFO:teuthology.orchestra.run.smithi039.stdout:/usr/bin/ceph: stderr
2023-07-14T18:14:52.343+0000 7f074259c700 1 --2- 172.21.15.39:0/1642176064 >> [v2:172.21.15.39:6800/2948171247,v1:172.21.15.39:6801/2948171247] conn(0x7f072c03bff0 0x7f072c03e3d0 secure :-1 s=READY pgs=3 cs=0 l=1 rev1=1 crypto rx=0x7f0738003a10 tx=0x7f07380092b0 comp rx=0 tx=0).ready entity=mgr.14152 client_cookie=0 server_cookie=0 in_seq=0 out_seq=0
2023-07-14T18:14:52.736 INFO:teuthology.orchestra.run.smithi039.stdout:/usr/bin/ceph: stderr
2023-07-14T18:14:52.343+0000 7f072bfff700 1 -- 172.21.15.39:0/1642176064 <== mgr.14152 v2:172.21.15.39:6800/2948171247 1 ==== command_reply(tid 0: 0 ) v1 ==== 8+0+6910 (secure 0 0 0) 0x7f072c03b370 con 0x7f072c03bff0
2023-07-14T18:14:52.736 INFO:teuthology.orchestra.run.smithi039.stdout:/usr/bin/ceph: stderr
2023-07-14T18:14:52.354+0000 7f0749056700 1 -- 172.21.15.39:0/1642176064 --> [v2:172.21.15.39:6800/2948171247,v1:172.21.15.39:6801/2948171247] -- command(tid 1: {"prefix": "mgr_status"}) v1 -- 0x7f07441051f0 con 0x7f072c03bff0
2023-07-14T18:14:52.736 INFO:teuthology.orchestra.run.smithi039.stdout:/usr/bin/ceph: stderr
2023-07-14T18:14:52.355+0000 7f072bfff700 1 -- 172.21.15.39:0/1642176064 <== mgr.14152 v2:172.21.15.39:6800/2948171247 2 ==== command_reply(tid 1: 0 ) v1 ==== 8+0+52 (secure 0 0 0) 0x7f07441051f0 con 0x7f072c03bff0
2023-07-14T18:14:52.736 INFO:teuthology.orchestra.run.smithi039.stdout:/usr/bin/ceph: stderr
2023-07-14T18:14:52.355+0000 7f0749056700 1 -- 172.21.15.39:0/1642176064 >> [v2:172.21.15.39:6800/2948171247,v1:172.21.15.39:6801/2948171247] conn(0x7f072c03bff0 msgr2=0x7f072c03e3d0 secure :-1 s=STATE_CONNECTION_ESTABLISHED l=1).mark_down
2023-07-14T18:14:52.736 INFO:teuthology.orchestra.run.smithi039.stdout:/usr/bin/ceph: stderr
2023-07-14T18:14:52.355+0000 7f0749056700 1 --2- 172.21.15.39:0/1642176064 >> [v2:172.21.15.39:6800/2948171247,v1:172.21.15.39:6801/2948171247] conn(0x7f072c03bff0 0x7f072c03e3d0 secure :-1 s=READY pgs=3 cs=0 l=1 rev1=1 crypto rx=0x7f0738003a10 tx=0x7f07380092b0 comp rx=0 tx=0).stop
2023-07-14T18:14:52.737 INFO:teuthology.orchestra.run.smithi039.stdout:/usr/bin/ceph: stderr
2023-07-14T18:14:52.355+0000 7f0749056700 1 -- 172.21.15.39:0/1642176064 >> [v2:172.21.15.39:3300/0,v1:172.21.15.39:6789/0] conn(0x7f0744105cf0 msgr2=0x7f0744103ca0 secure :-1 s=STATE_CONNECTION_ESTABLISHED l=1).mark_down
2023-07-14T18:14:52.737 INFO:teuthology.orchestra.run.smithi039.stdout:/usr/bin/ceph: stderr
2023-07-14T18:14:52.355+0000 7f0749056700 1 --2- 172.21.15.39:0/1642176064 >> [v2:172.21.15.39:3300/0,v1:172.21.15.39:6789/0] conn(0x7f0744105cf0 0x7f0744103ca0 secure :-1 s=READY pgs=62 cs=0 l=1 rev1=1 crypto rx=0x7f0734006af0 tx=0x7f0734011e80 comp rx=0 tx=0).stop
2023-07-14T18:14:52.737 INFO:teuthology.orchestra.run.smithi039.stdout:/usr/bin/ceph: stderr
2023-07-14T18:14:52.355+0000 7f0749056700 1 -- 172.21.15.39:0/1642176064 shutdown_connections
2023-07-14T18:14:52.737 INFO:teuthology.orchestra.run.smithi039.stdout:/usr/bin/ceph: stderr
2023-07-14T18:14:52.355+0000 7f0749056700 1 --2- 172.21.15.39:0/1642176064 >> [v2:172.21.15.39:6800/2948171247,v1:172.21.15.39:6801/2948171247] conn(0x7f072c03bff0 0x7f072c03e3d0 unknown :-1 s=CLOSED pgs=3 cs=0 l=1 rev1=1 crypto rx=0 tx=0 comp rx=0 tx=0).stop
2023-07-14T18:14:52.737 INFO:teuthology.orchestra.run.smithi039.stdout:/usr/bin/ceph: stderr
2023-07-14T18:14:52.355+0000 7f0749056700 1 --2- 172.21.15.39:0/1642176064 >> [v2:172.21.15.39:3300/0,v1:172.21.15.39:6789/0] conn(0x7f0744105cf0 0x7f0744103ca0 unknown :-1 s=CLOSED pgs=62 cs=0 l=1 rev1=1 crypto rx=0 tx=0 comp rx=0 tx=0).stop
2023-07-14T18:14:52.737 INFO:teuthology.orchestra.run.smithi039.stdout:/usr/bin/ceph: stderr
2023-07-14T18:14:52.355+0000 7f0749056700 1 --2- 172.21.15.39:0/1642176064 >> [v2:172.21.15.39:6800/1733981271,v1:172.21.15.39:6801/1733981271] conn(0x7f072c0387b0 0x7f072c03ac60 unknown :-1 s=CLOSED pgs=0 cs=0 l=1 rev1=0 crypto rx=0 tx=0 comp rx=0 tx=0).stop
2023-07-14T18:14:52.737 INFO:teuthology.orchestra.run.smithi039.stdout:/usr/bin/ceph: stderr
2023-07-14T18:14:52.355+0000 7f0749056700 1 -- 172.21.15.39:0/1642176064 >> 172.21.15.39:0/1642176064 conn(0x7f07440ff770 msgr2=0x7f0744100e20 unknown :-1 s=STATE_NONE l=0).mark_down
2023-07-14T18:14:52.737 INFO:teuthology.orchestra.run.smithi039.stdout:/usr/bin/ceph: stderr
2023-07-14T18:14:52.355+0000 7f0749056700 1 -- 172.21.15.39:0/1642176064 shutdown_connections
2023-07-14T18:14:52.738 INFO:teuthology.orchestra.run.smithi039.stdout:/usr/bin/ceph: stderr
2023-07-14T18:14:52.355+0000 7f0749056700 1 -- 172.21.15.39:0/1642176064 wait complete.
2023-07-14T18:14:52.738 INFO:teuthology.orchestra.run.smithi039.stdout:mgr epoch 9 is available
2023-07-14T18:14:52.738 INFO:teuthology.orchestra.run.smithi039.stdout:Generating a dashboard self-signed certificate...
2023-07-14T18:14:53.701 INFO:journalctl@ceph.mon.a.smithi039.stdout:Jul 14 18:14:53 smithi039 ceph-mon[127449]: [14/Jul/2023:18:14:52] ENGINE Bus STARTING
2023-07-14T18:14:53.701 INFO:journalctl@ceph.mon.a.smithi039.stdout:Jul 14 18:14:53 smithi039 ceph-mon[127449]: [14/Jul/2023:18:14:52] ENGINE Serving on http://172.21.15.39:8765
2023-07-14T18:14:53.701 INFO:journalctl@ceph.mon.a.smithi039.stdout:Jul 14 18:14:53 smithi039 ceph-mon[127449]: [14/Jul/2023:18:14:52] ENGINE Serving on https://172.21.15.39:7150
2023-07-14T18:14:53.701 INFO:journalctl@ceph.mon.a.smithi039.stdout:Jul 14 18:14:53 smithi039 ceph-mon[127449]: [14/Jul/2023:18:14:52] ENGINE Bus STARTED
2023-07-14T18:14:53.702 INFO:journalctl@ceph.mon.a.smithi039.stdout:Jul 14 18:14:53 smithi039 ceph-mon[127449]: mgrmap e11: x(active, since 1.01094s)
2023-07-14T18:14:54.075 INFO:teuthology.orchestra.run.smithi039.stdout:/usr/bin/ceph: stdout Self-signed certificate created
2023-07-14T18:14:54.075 INFO:teuthology.orchestra.run.smithi039.stdout:/usr/bin/ceph: stderr
2023-07-14T18:14:53.206+0000 7efe5598f700 1 Processor -- start
2023-07-14T18:14:54.076 INFO:teuthology.orchestra.run.smithi039.stdout:/usr/bin/ceph: stderr
2023-07-14T18:14:53.206+0000 7efe5598f700 1 -- start start
2023-07-14T18:14:54.076 INFO:teuthology.orchestra.run.smithi039.stdout:/usr/bin/ceph: stderr
2023-07-14T18:14:53.206+0000 7efe5598f700 1 --2- >> [v2:172.21.15.39:3300/0,v1:172.21.15.39:6789/0] conn(0x7efe501040e0 0x7efe501044f0 unknown :-1 s=NONE pgs=0 cs=0 l=0 rev1=0 crypto rx=0 tx=0 comp rx=0 tx=0).connect
2023-07-14T18:14:54.076 INFO:teuthology.orchestra.run.smithi039.stdout:/usr/bin/ceph: stderr
2023-07-14T18:14:53.206+0000 7efe5598f700 1 -- --> [v2:172.21.15.39:3300/0,v1:172.21.15.39:6789/0] -- mon_getmap magic: 0 v1 -- 0x7efe50104a30 con 0x7efe501040e0
2023-07-14T18:14:54.076 INFO:teuthology.orchestra.run.smithi039.stdout:/usr/bin/ceph: stderr
2023-07-14T18:14:53.207+0000 7efe4effd700 1 --2- >> [v2:172.21.15.39:3300/0,v1:172.21.15.39:6789/0] conn(0x7efe501040e0 0x7efe501044f0 unknown :-1 s=BANNER_CONNECTING pgs=0 cs=0 l=0 rev1=0 crypto rx=0 tx=0 comp rx=0 tx=0)._handle_peer_banner_payload supported=3 required=0
2023-07-14T18:14:54.076 INFO:teuthology.orchestra.run.smithi039.stdout:/usr/bin/ceph: stderr
2023-07-14T18:14:53.207+0000 7efe4effd700 1 --2- >> [v2:172.21.15.39:3300/0,v1:172.21.15.39:6789/0] conn(0x7efe501040e0 0x7efe501044f0 unknown :-1 s=HELLO_CONNECTING pgs=0 cs=0 l=0 rev1=1 crypto rx=0 tx=0 comp rx=0 tx=0).handle_hello peer v2:172.21.15.39:3300/0 says I am v2:172.21.15.39:48756/0 (socket says 172.21.15.39:48756)
2023-07-14T18:14:54.076 INFO:teuthology.orchestra.run.smithi039.stdout:/usr/bin/ceph: stderr
2023-07-14T18:14:53.207+0000 7efe4effd700 1 -- 172.21.15.39:0/2250044635 learned_addr learned my addr 172.21.15.39:0/2250044635 (peer_addr_for_me v2:172.21.15.39:0/0)
2023-07-14T18:14:54.076 INFO:teuthology.orchestra.run.smithi039.stdout:/usr/bin/ceph: stderr
2023-07-14T18:14:53.207+0000 7efe4effd700 1 -- 172.21.15.39:0/2250044635 --> [v2:172.21.15.39:3300/0,v1:172.21.15.39:6789/0] -- mon_subscribe({config=0+,monmap=0+}) v3 -- 0x7efe50104b70 con 0x7efe501040e0
2023-07-14T18:14:54.077 INFO:teuthology.orchestra.run.smithi039.stdout:/usr/bin/ceph: stderr
2023-07-14T18:14:53.207+0000 7efe4effd700 1 --2- 172.21.15.39:0/2250044635 >> [v2:172.21.15.39:3300/0,v1:172.21.15.39:6789/0] conn(0x7efe501040e0 0x7efe501044f0 secure :-1 s=READY pgs=70 cs=0 l=1 rev1=1 crypto rx=0x7efe400098a0 tx=0x7efe40009bb0 comp rx=0 tx=0).ready entity=mon.0 client_cookie=316d9c1de09330ac server_cookie=0 in_seq=0 out_seq=0
2023-07-14T18:14:54.077 INFO:teuthology.orchestra.run.smithi039.stdout:/usr/bin/ceph: stderr
2023-07-14T18:14:53.208+0000 7efe4dffb700 1 -- 172.21.15.39:0/2250044635 <== mon.0 v2:172.21.15.39:3300/0 1 ==== mon_map magic: 0 v1 ==== 205+0+0 (secure 0 0 0) 0x7efe40004160 con 0x7efe501040e0
2023-07-14T18:14:54.077 INFO:teuthology.orchestra.run.smithi039.stdout:/usr/bin/ceph: stderr
2023-07-14T18:14:53.208+0000 7efe4dffb700 1 -- 172.21.15.39:0/2250044635 <== mon.0 v2:172.21.15.39:3300/0 2 ==== config(25 keys) v1 ==== 1067+0+0 (secure 0 0 0) 0x7efe400042c0 con 0x7efe501040e0
2023-07-14T18:14:54.077 INFO:teuthology.orchestra.run.smithi039.stdout:/usr/bin/ceph: stderr
2023-07-14T18:14:53.208+0000 7efe4dffb700 1 -- 172.21.15.39:0/2250044635 <== mon.0 v2:172.21.15.39:3300/0 3 ==== mon_map magic: 0 v1 ==== 205+0+0 (secure 0 0 0) 0x7efe400118e0 con 0x7efe501040e0
2023-07-14T18:14:54.077 INFO:teuthology.orchestra.run.smithi039.stdout:/usr/bin/ceph: stderr
2023-07-14T18:14:53.208+0000 7efe5598f700 1 -- 172.21.15.39:0/2250044635 >> [v2:172.21.15.39:3300/0,v1:172.21.15.39:6789/0] conn(0x7efe501040e0 msgr2=0x7efe501044f0 secure :-1 s=STATE_CONNECTION_ESTABLISHED l=1).mark_down
2023-07-14T18:14:54.077 INFO:teuthology.orchestra.run.smithi039.stdout:/usr/bin/ceph: stderr
2023-07-14T18:14:53.208+0000 7efe5598f700 1 --2- 172.21.15.39:0/2250044635 >> [v2:172.21.15.39:3300/0,v1:172.21.15.39:6789/0] conn(0x7efe501040e0 0x7efe501044f0 secure :-1 s=READY pgs=70 cs=0 l=1 rev1=1 crypto rx=0x7efe400098a0 tx=0x7efe40009bb0 comp rx=0 tx=0).stop
2023-07-14T18:14:54.077 INFO:teuthology.orchestra.run.smithi039.stdout:/usr/bin/ceph: stderr
2023-07-14T18:14:53.208+0000 7efe5598f700 1 -- 172.21.15.39:0/2250044635 shutdown_connections
2023-07-14T18:14:54.078 INFO:teuthology.orchestra.run.smithi039.stdout:/usr/bin/ceph: stderr
2023-07-14T18:14:53.208+0000 7efe5598f700 1 --2- 172.21.15.39:0/2250044635 >> [v2:172.21.15.39:3300/0,v1:172.21.15.39:6789/0] conn(0x7efe501040e0 0x7efe501044f0 unknown :-1 s=CLOSED pgs=70 cs=0 l=1 rev1=1 crypto rx=0 tx=0 comp rx=0 tx=0).stop
2023-07-14T18:14:54.078 INFO:teuthology.orchestra.run.smithi039.stdout:/usr/bin/ceph: stderr
2023-07-14T18:14:53.208+0000 7efe5598f700 1 -- 172.21.15.39:0/2250044635 >> 172.21.15.39:0/2250044635 conn(0x7efe500ff770 msgr2=0x7efe50101b80 unknown :-1 s=STATE_NONE l=0).mark_down
2023-07-14T18:14:54.078 INFO:teuthology.orchestra.run.smithi039.stdout:/usr/bin/ceph: stderr
2023-07-14T18:14:53.208+0000 7efe5598f700 1 -- 172.21.15.39:0/2250044635 shutdown_connections
2023-07-14T18:14:54.078 INFO:teuthology.orchestra.run.smithi039.stdout:/usr/bin/ceph: stderr
2023-07-14T18:14:53.208+0000 7efe5598f700 1 -- 172.21.15.39:0/2250044635 wait complete.
2023-07-14T18:14:54.078 INFO:teuthology.orchestra.run.smithi039.stdout:/usr/bin/ceph: stderr
2023-07-14T18:14:53.209+0000 7efe5598f700 1 Processor -- start
2023-07-14T18:14:54.078 INFO:teuthology.orchestra.run.smithi039.stdout:/usr/bin/ceph: stderr
2023-07-14T18:14:53.209+0000 7efe5598f700 1 -- start start
2023-07-14T18:14:54.078 INFO:teuthology.orchestra.run.smithi039.stdout:/usr/bin/ceph: stderr
2023-07-14T18:14:53.210+0000 7efe5598f700 1 --2- >> [v2:172.21.15.39:3300/0,v1:172.21.15.39:6789/0] conn(0x7efe501040e0 0x7efe50198fc0 unknown :-1 s=NONE pgs=0 cs=0 l=1 rev1=0 crypto rx=0 tx=0 comp rx=0 tx=0).connect
2023-07-14T18:14:54.078 INFO:teuthology.orchestra.run.smithi039.stdout:/usr/bin/ceph: stderr
2023-07-14T18:14:53.210+0000 7efe5598f700 1 -- --> [v2:172.21.15.39:3300/0,v1:172.21.15.39:6789/0] -- mon_getmap magic: 0 v1 -- 0x7efe50199500 con 0x7efe501040e0
2023-07-14T18:14:54.079 INFO:teuthology.orchestra.run.smithi039.stdout:/usr/bin/ceph: stderr
2023-07-14T18:14:53.210+0000 7efe4effd700 1 --2- >> [v2:172.21.15.39:3300/0,v1:172.21.15.39:6789/0] conn(0x7efe501040e0 0x7efe50198fc0 unknown :-1 s=BANNER_CONNECTING pgs=0 cs=0 l=1 rev1=0 crypto rx=0 tx=0 comp rx=0 tx=0)._handle_peer_banner_payload supported=3 required=0
2023-07-14T18:14:54.079 INFO:teuthology.orchestra.run.smithi039.stdout:/usr/bin/ceph: stderr
2023-07-14T18:14:53.210+0000 7efe4effd700 1 --2- >> [v2:172.21.15.39:3300/0,v1:172.21.15.39:6789/0] conn(0x7efe501040e0 0x7efe50198fc0 unknown :-1 s=HELLO_CONNECTING pgs=0 cs=0 l=1 rev1=1 crypto rx=0 tx=0 comp rx=0 tx=0).handle_hello peer v2:172.21.15.39:3300/0 says I am v2:172.21.15.39:48758/0 (socket says 172.21.15.39:48758)
2023-07-14T18:14:54.079 INFO:teuthology.orchestra.run.smithi039.stdout:/usr/bin/ceph: stderr
2023-07-14T18:14:53.210+0000 7efe4effd700 1 -- 172.21.15.39:0/1726375906 learned_addr learned my addr 172.21.15.39:0/1726375906 (peer_addr_for_me v2:172.21.15.39:0/0)
2023-07-14T18:14:54.079 INFO:teuthology.orchestra.run.smithi039.stdout:/usr/bin/ceph: stderr
2023-07-14T18:14:53.210+0000 7efe4effd700 1 -- 172.21.15.39:0/1726375906 --> [v2:172.21.15.39:3300/0,v1:172.21.15.39:6789/0] -- mon_subscribe({config=0+,monmap=0+}) v3 -- 0x7efe40009550 con 0x7efe501040e0
2023-07-14T18:14:54.079 INFO:teuthology.orchestra.run.smithi039.stdout:/usr/bin/ceph: stderr
2023-07-14T18:14:53.210+0000 7efe4effd700 1 --2- 172.21.15.39:0/1726375906 >> [v2:172.21.15.39:3300/0,v1:172.21.15.39:6789/0] conn(0x7efe501040e0 0x7efe50198fc0 secure :-1 s=READY pgs=71 cs=0 l=1 rev1=1 crypto rx=0x7efe400118f0 tx=0x7efe400119d0 comp rx=0 tx=0).ready entity=mon.0 client_cookie=0 server_cookie=0 in_seq=0 out_seq=0
2023-07-14T18:14:54.079 INFO:teuthology.orchestra.run.smithi039.stdout:/usr/bin/ceph: stderr
2023-07-14T18:14:53.210+0000 7efe5498d700 1 -- 172.21.15.39:0/1726375906 <== mon.0 v2:172.21.15.39:3300/0 1 ==== mon_map magic: 0 v1 ==== 205+0+0 (secure 0 0 0) 0x7efe400036a0 con 0x7efe501040e0
2023-07-14T18:14:54.079 INFO:teuthology.orchestra.run.smithi039.stdout:/usr/bin/ceph: stderr
2023-07-14T18:14:53.210+0000 7efe5498d700 1 -- 172.21.15.39:0/1726375906 <== mon.0 v2:172.21.15.39:3300/0 2 ==== config(25 keys) v1 ==== 1067+0+0 (secure 0 0 0) 0x7efe4001b440 con 0x7efe501040e0
2023-07-14T18:14:54.080 INFO:teuthology.orchestra.run.smithi039.stdout:/usr/bin/ceph: stderr
2023-07-14T18:14:53.210+0000 7efe5598f700 1 -- 172.21.15.39:0/1726375906 --> [v2:172.21.15.39:3300/0,v1:172.21.15.39:6789/0] -- mon_subscribe({mgrmap=0+}) v3 -- 0x7efe50199700 con 0x7efe501040e0
2023-07-14T18:14:54.080 INFO:teuthology.orchestra.run.smithi039.stdout:/usr/bin/ceph: stderr
2023-07-14T18:14:53.210+0000 7efe5498d700 1 -- 172.21.15.39:0/1726375906 <== mon.0 v2:172.21.15.39:3300/0 3 ==== mon_map magic: 0 v1 ==== 205+0+0 (secure 0 0 0) 0x7efe400193f0 con 0x7efe501040e0
2023-07-14T18:14:54.080 INFO:teuthology.orchestra.run.smithi039.stdout:/usr/bin/ceph: stderr
2023-07-14T18:14:53.211+0000 7efe5598f700 1 -- 172.21.15.39:0/1726375906 --> [v2:172.21.15.39:3300/0,v1:172.21.15.39:6789/0] -- mon_subscribe({osdmap=0}) v3 -- 0x7efe50199b20 con 0x7efe501040e0
2023-07-14T18:14:54.080 INFO:teuthology.orchestra.run.smithi039.stdout:/usr/bin/ceph: stderr
2023-07-14T18:14:53.212+0000 7efe5598f700 1 -- 172.21.15.39:0/1726375906 --> [v2:172.21.15.39:3300/0,v1:172.21.15.39:6789/0] -- mon_command({"prefix": "get_command_descriptions"} v 0) v1 -- 0x7efe50068520 con 0x7efe501040e0
2023-07-14T18:14:54.081 INFO:teuthology.orchestra.run.smithi039.stdout:/usr/bin/ceph: stderr
2023-07-14T18:14:53.212+0000 7efe5498d700 1 -- 172.21.15.39:0/1726375906 <== mon.0 v2:172.21.15.39:3300/0 4 ==== mgrmap(e 11) v1 ==== 45390+0+0 (secure 0 0 0) 0x7efe4001b5b0 con 0x7efe501040e0
2023-07-14T18:14:54.081 INFO:teuthology.orchestra.run.smithi039.stdout:/usr/bin/ceph: stderr
2023-07-14T18:14:53.212+0000 7efe5498d700 1 --2- 172.21.15.39:0/1726375906 >> [v2:172.21.15.39:6800/2948171247,v1:172.21.15.39:6801/2948171247] conn(0x7efe3c038630 0x7efe3c03aae0 unknown :-1 s=NONE pgs=0 cs=0 l=1 rev1=0 crypto rx=0 tx=0 comp rx=0 tx=0).connect
2023-07-14T18:14:54.081 INFO:teuthology.orchestra.run.smithi039.stdout:/usr/bin/ceph: stderr
2023-07-14T18:14:53.212+0000 7efe5498d700 1 -- 172.21.15.39:0/1726375906 <== mon.0 v2:172.21.15.39:3300/0 5 ==== osd_map(3..3 src has 1..3) v4 ==== 1155+0+0 (secure 0 0 0) 0x7efe4004c520 con 0x7efe501040e0
2023-07-14T18:14:54.081 INFO:teuthology.orchestra.run.smithi039.stdout:/usr/bin/ceph: stderr
2023-07-14T18:14:53.212+0000 7efe4e7fc700 1 --2- 172.21.15.39:0/1726375906 >> [v2:172.21.15.39:6800/2948171247,v1:172.21.15.39:6801/2948171247] conn(0x7efe3c038630 0x7efe3c03aae0 unknown :-1 s=BANNER_CONNECTING pgs=0 cs=0 l=1 rev1=0 crypto rx=0 tx=0 comp rx=0 tx=0)._handle_peer_banner_payload supported=3 required=0
2023-07-14T18:14:54.081 INFO:teuthology.orchestra.run.smithi039.stdout:/usr/bin/ceph: stderr
2023-07-14T18:14:53.213+0000 7efe4e7fc700 1 --2- 172.21.15.39:0/1726375906 >> [v2:172.21.15.39:6800/2948171247,v1:172.21.15.39:6801/2948171247] conn(0x7efe3c038630 0x7efe3c03aae0 secure :-1 s=READY pgs=7 cs=0 l=1 rev1=1 crypto rx=0x7efe38006fd0 tx=0x7efe38006e40 comp rx=0 tx=0).ready entity=mgr.14152 client_cookie=0 server_cookie=0 in_seq=0 out_seq=0
2023-07-14T18:14:54.081 INFO:teuthology.orchestra.run.smithi039.stdout:/usr/bin/ceph: stderr
2023-07-14T18:14:53.217+0000 7efe5498d700 1 -- 172.21.15.39:0/1726375906 <== mon.0 v2:172.21.15.39:3300/0 6 ==== mon_command_ack([{"prefix": "get_command_descriptions"}]=0 v0) v1 ==== 72+0+178025 (secure 0 0 0) 0x7efe40023590 con 0x7efe501040e0
2023-07-14T18:14:54.081 INFO:teuthology.orchestra.run.smithi039.stdout:/usr/bin/ceph: stderr
2023-07-14T18:14:53.599+0000 7efe5598f700 1 -- 172.21.15.39:0/1726375906 --> [v2:172.21.15.39:6800/2948171247,v1:172.21.15.39:6801/2948171247] -- mgr_command(tid 0: {"prefix": "dashboard create-self-signed-cert", "target": ["mon-mgr", ""]}) v1 -- 0x7efe50101910 con 0x7efe3c038630
2023-07-14T18:14:54.082 INFO:teuthology.orchestra.run.smithi039.stdout:/usr/bin/ceph: stderr
2023-07-14T18:14:53.634+0000 7efe5498d700 1 -- 172.21.15.39:0/1726375906 <== mgr.14152 v2:172.21.15.39:6800/2948171247 1 ==== mgr_command_reply(tid 0: 0 ) v1 ==== 8+0+32 (secure 0 0 0) 0x7efe50101910 con 0x7efe3c038630
2023-07-14T18:14:54.082 INFO:teuthology.orchestra.run.smithi039.stdout:/usr/bin/ceph: stderr
2023-07-14T18:14:53.636+0000 7efe5598f700 1 -- 172.21.15.39:0/1726375906 >> [v2:172.21.15.39:6800/2948171247,v1:172.21.15.39:6801/2948171247] conn(0x7efe3c038630 msgr2=0x7efe3c03aae0 secure :-1 s=STATE_CONNECTION_ESTABLISHED l=1).mark_down
2023-07-14T18:14:54.082 INFO:teuthology.orchestra.run.smithi039.stdout:/usr/bin/ceph: stderr
2023-07-14T18:14:53.636+0000 7efe5598f700 1 --2- 172.21.15.39:0/1726375906 >> [v2:172.21.15.39:6800/2948171247,v1:172.21.15.39:6801/2948171247] conn(0x7efe3c038630 0x7efe3c03aae0 secure :-1 s=READY pgs=7 cs=0 l=1 rev1=1 crypto rx=0x7efe38006fd0 tx=0x7efe38006e40 comp rx=0 tx=0).stop
2023-07-14T18:14:54.082 INFO:teuthology.orchestra.run.smithi039.stdout:/usr/bin/ceph: stderr
2023-07-14T18:14:53.636+0000 7efe5598f700 1 -- 172.21.15.39:0/1726375906 >> [v2:172.21.15.39:3300/0,v1:172.21.15.39:6789/0] conn(0x7efe501040e0 msgr2=0x7efe50198fc0 secure :-1 s=STATE_CONNECTION_ESTABLISHED l=1).mark_down
2023-07-14T18:14:54.082 INFO:teuthology.orchestra.run.smithi039.stdout:/usr/bin/ceph: stderr
2023-07-14T18:14:53.636+0000 7efe5598f700 1 --2- 172.21.15.39:0/1726375906 >> [v2:172.21.15.39:3300/0,v1:172.21.15.39:6789/0] conn(0x7efe501040e0 0x7efe50198fc0 secure :-1 s=READY pgs=71 cs=0 l=1 rev1=1 crypto rx=0x7efe400118f0 tx=0x7efe400119d0 comp rx=0 tx=0).stop
2023-07-14T18:14:54.083 INFO:teuthology.orchestra.run.smithi039.stdout:/usr/bin/ceph: stderr
2023-07-14T18:14:53.636+0000 7efe5598f700 1 -- 172.21.15.39:0/1726375906 shutdown_connections
2023-07-14T18:14:54.083 INFO:teuthology.orchestra.run.smithi039.stdout:/usr/bin/ceph: stderr
2023-07-14T18:14:53.636+0000 7efe5598f700 1 --2- 172.21.15.39:0/1726375906 >> [v2:172.21.15.39:6800/2948171247,v1:172.21.15.39:6801/2948171247] conn(0x7efe3c038630 0x7efe3c03aae0 unknown :-1 s=CLOSED pgs=7 cs=0 l=1 rev1=1 crypto rx=0 tx=0 comp rx=0 tx=0).stop
2023-07-14T18:14:54.083 INFO:teuthology.orchestra.run.smithi039.stdout:/usr/bin/ceph: stderr
2023-07-14T18:14:53.636+0000 7efe5598f700 1 --2- 172.21.15.39:0/1726375906 >> [v2:172.21.15.39:3300/0,v1:172.21.15.39:6789/0] conn(0x7efe501040e0 0x7efe50198fc0 unknown :-1 s=CLOSED pgs=71 cs=0 l=1 rev1=1 crypto rx=0 tx=0 comp rx=0 tx=0).stop
2023-07-14T18:14:54.083 INFO:teuthology.orchestra.run.smithi039.stdout:/usr/bin/ceph: stderr
2023-07-14T18:14:53.637+0000 7efe5598f700 1 -- 172.21.15.39:0/1726375906 >> 172.21.15.39:0/1726375906 conn(0x7efe500ff770 msgr2=0x7efe500798b0 unknown :-1 s=STATE_NONE l=0).mark_down
2023-07-14T18:14:54.083 INFO:teuthology.orchestra.run.smithi039.stdout:/usr/bin/ceph: stderr
2023-07-14T18:14:53.637+0000 7efe5598f700 1 -- 172.21.15.39:0/1726375906 shutdown_connections
2023-07-14T18:14:54.083 INFO:teuthology.orchestra.run.smithi039.stdout:/usr/bin/ceph: stderr
2023-07-14T18:14:53.637+0000 7efe5598f700 1 -- 172.21.15.39:0/1726375906 wait complete.
2023-07-14T18:14:54.084 INFO:teuthology.orchestra.run.smithi039.stdout:Creating initial admin user...
2023-07-14T18:14:54.701 INFO:journalctl@ceph.mon.a.smithi039.stdout:Jul 14 18:14:54 smithi039 ceph-mon[127449]: from='client.14156 -' entity='client.admin' cmd=[{"prefix": "get_command_descriptions"}]: dispatch
2023-07-14T18:14:54.701 INFO:journalctl@ceph.mon.a.smithi039.stdout:Jul 14 18:14:54 smithi039 ceph-mon[127449]: from='client.14156 -' entity='client.admin' cmd=[{"prefix": "mgr_status"}]: dispatch
2023-07-14T18:14:54.701 INFO:journalctl@ceph.mon.a.smithi039.stdout:Jul 14 18:14:54 smithi039 ceph-mon[127449]: from='mgr.14152 172.21.15.39:0/80477561' entity='mgr.x'
2023-07-14T18:14:54.701 INFO:journalctl@ceph.mon.a.smithi039.stdout:Jul 14 18:14:54 smithi039 ceph-mon[127449]: from='mgr.14152 172.21.15.39:0/80477561' entity='mgr.x'
2023-07-14T18:14:54.701 INFO:journalctl@ceph.mon.a.smithi039.stdout:Jul 14 18:14:54 smithi039 ceph-mon[127449]: from='mgr.14152 172.21.15.39:0/80477561' entity='mgr.x'
2023-07-14T18:14:54.702 INFO:journalctl@ceph.mon.a.smithi039.stdout:Jul 14 18:14:54 smithi039 ceph-mon[127449]: from='mgr.14152 172.21.15.39:0/80477561' entity='mgr.x'
2023-07-14T18:14:55.654 INFO:journalctl@ceph.mon.a.smithi039.stdout:Jul 14 18:14:55 smithi039 ceph-mon[127449]: from='client.14164 -' entity='client.admin' cmd=[{"prefix": "dashboard create-self-signed-cert", "target": ["mon-mgr", ""]}]: dispatch
2023-07-14T18:14:55.654 INFO:journalctl@ceph.mon.a.smithi039.stdout:Jul 14 18:14:55 smithi039 ceph-mon[127449]: mgrmap e12: x(active, since 2s)
2023-07-14T18:14:55.655 INFO:journalctl@ceph.mon.a.smithi039.stdout:Jul 14 18:14:55 smithi039 ceph-mon[127449]: from='mgr.14152 172.21.15.39:0/80477561' entity='mgr.x'
2023-07-14T18:14:56.027 INFO:teuthology.orchestra.run.smithi039.stdout:/usr/bin/ceph: stdout {"username": "admin", "password": "$2b$12$Hd5FHG1p7SmdZVbaZboGvehfidx2lZOECwaQYxKe/LwLkohgzh66e", "roles": ["administrator"], "name": null, "email": null, "lastUpdate": 1689358495, "enabled": true, "pwdExpirationDate": null, "pwdUpdateRequired": true}
2023-07-14T18:14:56.027 INFO:teuthology.orchestra.run.smithi039.stdout:/usr/bin/ceph: stderr
2023-07-14T18:14:54.507+0000 7f4137e96700 1 Processor -- start
2023-07-14T18:14:56.028 INFO:teuthology.orchestra.run.smithi039.stdout:/usr/bin/ceph: stderr
2023-07-14T18:14:54.508+0000 7f4137e96700 1 -- start start
2023-07-14T18:14:56.028 INFO:teuthology.orchestra.run.smithi039.stdout:/usr/bin/ceph: stderr
2023-07-14T18:14:54.508+0000 7f4137e96700 1 --2- >> [v2:172.21.15.39:3300/0,v1:172.21.15.39:6789/0] conn(0x7f413007bd90 0x7f413007a290 unknown :-1 s=NONE pgs=0 cs=0 l=0 rev1=0 crypto rx=0 tx=0 comp rx=0 tx=0).connect
2023-07-14T18:14:56.028 INFO:teuthology.orchestra.run.smithi039.stdout:/usr/bin/ceph: stderr
2023-07-14T18:14:54.508+0000 7f4137e96700 1 -- --> [v2:172.21.15.39:3300/0,v1:172.21.15.39:6789/0] -- mon_getmap magic: 0 v1 -- 0x7f413007a7d0 con 0x7f413007bd90
2023-07-14T18:14:56.029 INFO:teuthology.orchestra.run.smithi039.stdout:/usr/bin/ceph: stderr
2023-07-14T18:14:54.508+0000 7f4135c32700 1 --2- >> [v2:172.21.15.39:3300/0,v1:172.21.15.39:6789/0] conn(0x7f413007bd90 0x7f413007a290 unknown :-1 s=BANNER_CONNECTING pgs=0 cs=0 l=0 rev1=0 crypto rx=0 tx=0 comp rx=0 tx=0)._handle_peer_banner_payload supported=3 required=0
2023-07-14T18:14:56.029 INFO:teuthology.orchestra.run.smithi039.stdout:/usr/bin/ceph: stderr
2023-07-14T18:14:54.508+0000 7f4135c32700 1 --2- >> [v2:172.21.15.39:3300/0,v1:172.21.15.39:6789/0] conn(0x7f413007bd90 0x7f413007a290 unknown :-1 s=HELLO_CONNECTING pgs=0 cs=0 l=0 rev1=1 crypto rx=0 tx=0 comp rx=0 tx=0).handle_hello peer v2:172.21.15.39:3300/0 says I am v2:172.21.15.39:48762/0 (socket says 172.21.15.39:48762)
2023-07-14T18:14:56.029 INFO:teuthology.orchestra.run.smithi039.stdout:/usr/bin/ceph: stderr
2023-07-14T18:14:54.508+0000 7f4135c32700 1 -- 172.21.15.39:0/752950094 learned_addr learned my addr 172.21.15.39:0/752950094 (peer_addr_for_me v2:172.21.15.39:0/0)
2023-07-14T18:14:56.030 INFO:teuthology.orchestra.run.smithi039.stdout:/usr/bin/ceph: stderr
2023-07-14T18:14:54.508+0000 7f4135c32700 1 -- 172.21.15.39:0/752950094 --> [v2:172.21.15.39:3300/0,v1:172.21.15.39:6789/0] -- mon_subscribe({config=0+,monmap=0+}) v3 -- 0x7f413007a910 con 0x7f413007bd90
2023-07-14T18:14:56.030 INFO:teuthology.orchestra.run.smithi039.stdout:/usr/bin/ceph: stderr
2023-07-14T18:14:54.508+0000 7f4135c32700 1 --2- 172.21.15.39:0/752950094 >> [v2:172.21.15.39:3300/0,v1:172.21.15.39:6789/0] conn(0x7f413007bd90 0x7f413007a290 secure :-1 s=READY pgs=72 cs=0 l=1 rev1=1 crypto rx=0x7f412c0098a0 tx=0x7f412c009bb0 comp rx=0 tx=0).ready entity=mon.0 client_cookie=558a4b3d7e7b969e server_cookie=0 in_seq=0 out_seq=0
2023-07-14T18:14:56.030 INFO:teuthology.orchestra.run.smithi039.stdout:/usr/bin/ceph: stderr
2023-07-14T18:14:54.509+0000 7f4134c30700 1 -- 172.21.15.39:0/752950094 <== mon.0 v2:172.21.15.39:3300/0 1 ==== mon_map magic: 0 v1 ==== 205+0+0 (secure 0 0 0) 0x7f412c004160 con 0x7f413007bd90
2023-07-14T18:14:56.030 INFO:teuthology.orchestra.run.smithi039.stdout:/usr/bin/ceph: stderr
2023-07-14T18:14:54.509+0000 7f4134c30700 1 -- 172.21.15.39:0/752950094 <== mon.0 v2:172.21.15.39:3300/0 2 ==== config(25 keys) v1 ==== 1067+0+0 (secure 0 0 0) 0x7f412c0042c0 con 0x7f413007bd90
2023-07-14T18:14:56.031 INFO:teuthology.orchestra.run.smithi039.stdout:/usr/bin/ceph: stderr
2023-07-14T18:14:54.509+0000 7f4134c30700 1 -- 172.21.15.39:0/752950094 <== mon.0 v2:172.21.15.39:3300/0 3 ==== mon_map magic: 0 v1 ==== 205+0+0 (secure 0 0 0) 0x7f412c0118e0 con 0x7f413007bd90
2023-07-14T18:14:56.031 INFO:teuthology.orchestra.run.smithi039.stdout:/usr/bin/ceph: stderr
2023-07-14T18:14:54.509+0000 7f4137e96700 1 -- 172.21.15.39:0/752950094 >> [v2:172.21.15.39:3300/0,v1:172.21.15.39:6789/0] conn(0x7f413007bd90 msgr2=0x7f413007a290 secure :-1 s=STATE_CONNECTION_ESTABLISHED l=1).mark_down
2023-07-14T18:14:56.031 INFO:teuthology.orchestra.run.smithi039.stdout:/usr/bin/ceph: stderr
2023-07-14T18:14:54.509+0000 7f4137e96700 1 --2- 172.21.15.39:0/752950094 >> [v2:172.21.15.39:3300/0,v1:172.21.15.39:6789/0] conn(0x7f413007bd90 0x7f413007a290 secure :-1 s=READY pgs=72 cs=0 l=1 rev1=1 crypto rx=0x7f412c0098a0 tx=0x7f412c009bb0 comp rx=0 tx=0).stop
2023-07-14T18:14:56.032 INFO:teuthology.orchestra.run.smithi039.stdout:/usr/bin/ceph: stderr
2023-07-14T18:14:54.509+0000 7f4137e96700 1 -- 172.21.15.39:0/752950094 shutdown_connections
2023-07-14T18:14:56.032 INFO:teuthology.orchestra.run.smithi039.stdout:/usr/bin/ceph: stderr
2023-07-14T18:14:54.509+0000 7f4137e96700 1 --2- 172.21.15.39:0/752950094 >> [v2:172.21.15.39:3300/0,v1:172.21.15.39:6789/0] conn(0x7f413007bd90 0x7f413007a290 unknown :-1 s=CLOSED pgs=72 cs=0 l=1 rev1=1 crypto rx=0 tx=0 comp rx=0 tx=0).stop
2023-07-14T18:14:56.032 INFO:teuthology.orchestra.run.smithi039.stdout:/usr/bin/ceph: stderr
2023-07-14T18:14:54.509+0000 7f4137e96700 1 -- 172.21.15.39:0/752950094 >> 172.21.15.39:0/752950094 conn(0x7f41301008c0 msgr2=0x7f4130102cd0 unknown :-1 s=STATE_NONE l=0).mark_down
2023-07-14T18:14:56.032 INFO:teuthology.orchestra.run.smithi039.stdout:/usr/bin/ceph: stderr
2023-07-14T18:14:54.509+0000 7f4137e96700 1 -- 172.21.15.39:0/752950094 shutdown_connections
2023-07-14T18:14:56.033 INFO:teuthology.orchestra.run.smithi039.stdout:/usr/bin/ceph: stderr
2023-07-14T18:14:54.509+0000 7f4137e96700 1 -- 172.21.15.39:0/752950094 wait complete.
2023-07-14T18:14:56.033 INFO:teuthology.orchestra.run.smithi039.stdout:/usr/bin/ceph: stderr
2023-07-14T18:14:54.510+0000 7f4137e96700 1 Processor -- start
2023-07-14T18:14:56.033 INFO:teuthology.orchestra.run.smithi039.stdout:/usr/bin/ceph: stderr
2023-07-14T18:14:54.510+0000 7f4137e96700 1 -- start start
2023-07-14T18:14:56.034 INFO:teuthology.orchestra.run.smithi039.stdout:/usr/bin/ceph: stderr
2023-07-14T18:14:54.510+0000 7f4137e96700 1 --2- >> [v2:172.21.15.39:3300/0,v1:172.21.15.39:6789/0] conn(0x7f413007bd90 0x7f4130105130 unknown :-1 s=NONE pgs=0 cs=0 l=1 rev1=0 crypto rx=0 tx=0 comp rx=0 tx=0).connect
2023-07-14T18:14:56.034 INFO:teuthology.orchestra.run.smithi039.stdout:/usr/bin/ceph: stderr
2023-07-14T18:14:54.510+0000 7f4137e96700 1 -- --> [v2:172.21.15.39:3300/0,v1:172.21.15.39:6789/0] -- mon_getmap magic: 0 v1 -- 0x7f4130105670 con 0x7f413007bd90
2023-07-14T18:14:56.034 INFO:teuthology.orchestra.run.smithi039.stdout:/usr/bin/ceph: stderr
2023-07-14T18:14:54.510+0000 7f4135c32700 1 --2- >> [v2:172.21.15.39:3300/0,v1:172.21.15.39:6789/0] conn(0x7f413007bd90 0x7f4130105130 unknown :-1 s=BANNER_CONNECTING pgs=0 cs=0 l=1 rev1=0 crypto rx=0 tx=0 comp rx=0 tx=0)._handle_peer_banner_payload supported=3 required=0
2023-07-14T18:14:56.034 INFO:teuthology.orchestra.run.smithi039.stdout:/usr/bin/ceph: stderr
2023-07-14T18:14:54.510+0000 7f4135c32700 1 --2- >> [v2:172.21.15.39:3300/0,v1:172.21.15.39:6789/0] conn(0x7f413007bd90 0x7f4130105130 unknown :-1 s=HELLO_CONNECTING pgs=0 cs=0 l=1 rev1=1 crypto rx=0 tx=0 comp rx=0 tx=0).handle_hello peer v2:172.21.15.39:3300/0 says I am v2:172.21.15.39:48764/0 (socket says 172.21.15.39:48764)
2023-07-14T18:14:56.035 INFO:teuthology.orchestra.run.smithi039.stdout:/usr/bin/ceph: stderr
2023-07-14T18:14:54.510+0000 7f4135c32700 1 -- 172.21.15.39:0/229425536 learned_addr learned my addr 172.21.15.39:0/229425536 (peer_addr_for_me v2:172.21.15.39:0/0)
2023-07-14T18:14:56.035 INFO:teuthology.orchestra.run.smithi039.stdout:/usr/bin/ceph: stderr
2023-07-14T18:14:54.511+0000 7f4135c32700 1 -- 172.21.15.39:0/229425536 --> [v2:172.21.15.39:3300/0,v1:172.21.15.39:6789/0] -- mon_subscribe({config=0+,monmap=0+}) v3 -- 0x7f412c009550 con 0x7f413007bd90
2023-07-14T18:14:56.035 INFO:teuthology.orchestra.run.smithi039.stdout:/usr/bin/ceph: stderr
2023-07-14T18:14:54.511+0000 7f4135c32700 1 --2- 172.21.15.39:0/229425536 >> [v2:172.21.15.39:3300/0,v1:172.21.15.39:6789/0] conn(0x7f413007bd90 0x7f4130105130 secure :-1 s=READY pgs=73 cs=0 l=1 rev1=1 crypto rx=0x7f412c006af0 tx=0x7f412c011e80 comp rx=0 tx=0).ready entity=mon.0 client_cookie=0 server_cookie=0 in_seq=0 out_seq=0
2023-07-14T18:14:56.036 INFO:teuthology.orchestra.run.smithi039.stdout:/usr/bin/ceph: stderr
2023-07-14T18:14:54.511+0000 7f4122ffd700 1 -- 172.21.15.39:0/229425536 <== mon.0 v2:172.21.15.39:3300/0 1 ==== mon_map magic: 0 v1 ==== 205+0+0 (secure 0 0 0) 0x7f412c0037d0 con 0x7f413007bd90
2023-07-14T18:14:56.036 INFO:teuthology.orchestra.run.smithi039.stdout:/usr/bin/ceph: stderr
2023-07-14T18:14:54.511+0000 7f4122ffd700 1 -- 172.21.15.39:0/229425536 <== mon.0 v2:172.21.15.39:3300/0 2 ==== config(25 keys) v1 ==== 1067+0+0 (secure 0 0 0) 0x7f412c01b440 con 0x7f413007bd90
2023-07-14T18:14:56.036 INFO:teuthology.orchestra.run.smithi039.stdout:/usr/bin/ceph: stderr
2023-07-14T18:14:54.511+0000 7f4137e96700 1 -- 172.21.15.39:0/229425536 --> [v2:172.21.15.39:3300/0,v1:172.21.15.39:6789/0] -- mon_subscribe({mgrmap=0+}) v3 -- 0x7f4130105870 con 0x7f413007bd90
2023-07-14T18:14:56.036 INFO:teuthology.orchestra.run.smithi039.stdout:/usr/bin/ceph: stderr
2023-07-14T18:14:54.511+0000 7f4122ffd700 1 -- 172.21.15.39:0/229425536 <== mon.0 v2:172.21.15.39:3300/0 3 ==== mon_map magic: 0 v1 ==== 205+0+0 (secure 0 0 0) 0x7f412c019560 con 0x7f413007bd90
2023-07-14T18:14:56.037 INFO:teuthology.orchestra.run.smithi039.stdout:/usr/bin/ceph: stderr
2023-07-14T18:14:54.511+0000 7f4137e96700 1 -- 172.21.15.39:0/229425536 --> [v2:172.21.15.39:3300/0,v1:172.21.15.39:6789/0] -- mon_subscribe({osdmap=0}) v3 -- 0x7f4130105c90 con 0x7f413007bd90
2023-07-14T18:14:56.037 INFO:teuthology.orchestra.run.smithi039.stdout:/usr/bin/ceph: stderr
2023-07-14T18:14:54.512+0000 7f4122ffd700 1 -- 172.21.15.39:0/229425536 <== mon.0 v2:172.21.15.39:3300/0 4 ==== mgrmap(e 12) v1 ==== 45496+0+0 (secure 0 0 0) 0x7f412c0197d0 con 0x7f413007bd90
2023-07-14T18:14:56.037 INFO:teuthology.orchestra.run.smithi039.stdout:/usr/bin/ceph: stderr
2023-07-14T18:14:54.512+0000 7f4122ffd700 1 --2- 172.21.15.39:0/229425536 >> [v2:172.21.15.39:6800/2948171247,v1:172.21.15.39:6801/2948171247] conn(0x7f411c038760 0x7f411c03ac10 unknown :-1 s=NONE pgs=0 cs=0 l=1 rev1=0 crypto rx=0 tx=0 comp rx=0 tx=0).connect
2023-07-14T18:14:56.037 INFO:teuthology.orchestra.run.smithi039.stdout:/usr/bin/ceph: stderr
2023-07-14T18:14:54.512+0000 7f4122ffd700 1 -- 172.21.15.39:0/229425536 <== mon.0 v2:172.21.15.39:3300/0 5 ==== osd_map(3..3 src has 1..3) v4 ==== 1155+0+0 (secure 0 0 0) 0x7f412c04c670 con 0x7f413007bd90
2023-07-14T18:14:56.038 INFO:teuthology.orchestra.run.smithi039.stdout:/usr/bin/ceph: stderr
2023-07-14T18:14:54.512+0000 7f4135431700 1 --2- 172.21.15.39:0/229425536 >> [v2:172.21.15.39:6800/2948171247,v1:172.21.15.39:6801/2948171247] conn(0x7f411c038760 0x7f411c03ac10 unknown :-1 s=BANNER_CONNECTING pgs=0 cs=0 l=1 rev1=0 crypto rx=0 tx=0 comp rx=0 tx=0)._handle_peer_banner_payload supported=3 required=0
2023-07-14T18:14:56.038 INFO:teuthology.orchestra.run.smithi039.stdout:/usr/bin/ceph: stderr
2023-07-14T18:14:54.512+0000 7f4137e96700 1 -- 172.21.15.39:0/229425536 --> [v2:172.21.15.39:3300/0,v1:172.21.15.39:6789/0] -- mon_command({"prefix": "get_command_descriptions"} v 0) v1 -- 0x7f4130068520 con 0x7f413007bd90
2023-07-14T18:14:56.038 INFO:teuthology.orchestra.run.smithi039.stdout:/usr/bin/ceph: stderr
2023-07-14T18:14:54.513+0000 7f4135431700 1 --2- 172.21.15.39:0/229425536 >> [v2:172.21.15.39:6800/2948171247,v1:172.21.15.39:6801/2948171247] conn(0x7f411c038760 0x7f411c03ac10 secure :-1 s=READY pgs=8 cs=0 l=1 rev1=1 crypto rx=0x7f4124006fd0 tx=0x7f4124006e40 comp rx=0 tx=0).ready entity=mgr.14152 client_cookie=0 server_cookie=0 in_seq=0 out_seq=0
2023-07-14T18:14:56.039 INFO:teuthology.orchestra.run.smithi039.stdout:/usr/bin/ceph: stderr
2023-07-14T18:14:54.517+0000 7f4122ffd700 1 -- 172.21.15.39:0/229425536 <== mon.0 v2:172.21.15.39:3300/0 6 ==== mon_command_ack([{"prefix": "get_command_descriptions"}]=0 v0) v1 ==== 72+0+178025 (secure 0 0 0) 0x7f412c018db0 con 0x7f413007bd90
2023-07-14T18:14:56.039 INFO:teuthology.orchestra.run.smithi039.stdout:/usr/bin/ceph: stderr
2023-07-14T18:14:54.928+0000 7f4137e96700 1 -- 172.21.15.39:0/229425536 --> [v2:172.21.15.39:6800/2948171247,v1:172.21.15.39:6801/2948171247] -- mgr_command(tid 0: {"prefix": "dashboard ac-user-create", "username": "admin", "rolename": "administrator", "force_password": true, "pwd_update_required": true, "target": ["mon-mgr", ""]}) v1 -- 0x7f41301073f0 con 0x7f411c038760
2023-07-14T18:14:56.039 INFO:teuthology.orchestra.run.smithi039.stdout:/usr/bin/ceph: stderr
2023-07-14T18:14:55.177+0000 7f4122ffd700 1 -- 172.21.15.39:0/229425536 <== mgr.14152 v2:172.21.15.39:6800/2948171247 1 ==== mgr_command_reply(tid 0: 0 ) v1 ==== 8+0+252 (secure 0 0 0) 0x7f41301073f0 con 0x7f411c038760
2023-07-14T18:14:56.039 INFO:teuthology.orchestra.run.smithi039.stdout:/usr/bin/ceph: stderr
2023-07-14T18:14:55.179+0000 7f4137e96700 1 -- 172.21.15.39:0/229425536 >> [v2:172.21.15.39:6800/2948171247,v1:172.21.15.39:6801/2948171247] conn(0x7f411c038760 msgr2=0x7f411c03ac10 secure :-1 s=STATE_CONNECTION_ESTABLISHED l=1).mark_down
2023-07-14T18:14:56.040 INFO:teuthology.orchestra.run.smithi039.stdout:/usr/bin/ceph: stderr
2023-07-14T18:14:55.179+0000 7f4137e96700 1 --2- 172.21.15.39:0/229425536 >> [v2:172.21.15.39:6800/2948171247,v1:172.21.15.39:6801/2948171247] conn(0x7f411c038760 0x7f411c03ac10 secure :-1 s=READY pgs=8 cs=0 l=1 rev1=1 crypto rx=0x7f4124006fd0 tx=0x7f4124006e40 comp rx=0 tx=0).stop
2023-07-14T18:14:56.040 INFO:teuthology.orchestra.run.smithi039.stdout:/usr/bin/ceph: stderr
2023-07-14T18:14:55.179+0000 7f4137e96700 1 -- 172.21.15.39:0/229425536 >> [v2:172.21.15.39:3300/0,v1:172.21.15.39:6789/0] conn(0x7f413007bd90 msgr2=0x7f4130105130 secure :-1 s=STATE_CONNECTION_ESTABLISHED l=1).mark_down
2023-07-14T18:14:56.040 INFO:teuthology.orchestra.run.smithi039.stdout:/usr/bin/ceph: stderr
2023-07-14T18:14:55.179+0000 7f4137e96700 1 --2- 172.21.15.39:0/229425536 >> [v2:172.21.15.39:3300/0,v1:172.21.15.39:6789/0] conn(0x7f413007bd90 0x7f4130105130 secure :-1 s=READY pgs=73 cs=0 l=1 rev1=1 crypto rx=0x7f412c006af0 tx=0x7f412c011e80 comp rx=0 tx=0).stop
2023-07-14T18:14:56.041 INFO:teuthology.orchestra.run.smithi039.stdout:/usr/bin/ceph: stderr
2023-07-14T18:14:55.179+0000 7f4137e96700 1 -- 172.21.15.39:0/229425536 shutdown_connections
2023-07-14T18:14:56.041 INFO:teuthology.orchestra.run.smithi039.stdout:/usr/bin/ceph: stderr
2023-07-14T18:14:55.179+0000 7f4137e96700 1 --2- 172.21.15.39:0/229425536 >> [v2:172.21.15.39:6800/2948171247,v1:172.21.15.39:6801/2948171247] conn(0x7f411c038760 0x7f411c03ac10 unknown :-1 s=CLOSED pgs=8 cs=0 l=1 rev1=1 crypto rx=0 tx=0 comp rx=0 tx=0).stop
2023-07-14T18:14:56.041 INFO:teuthology.orchestra.run.smithi039.stdout:/usr/bin/ceph: stderr
2023-07-14T18:14:55.179+0000 7f4137e96700 1 --2- 172.21.15.39:0/229425536 >> [v2:172.21.15.39:3300/0,v1:172.21.15.39:6789/0] conn(0x7f413007bd90 0x7f4130105130 unknown :-1 s=CLOSED pgs=73 cs=0 l=1 rev1=1 crypto rx=0 tx=0 comp rx=0 tx=0).stop
2023-07-14T18:14:56.041 INFO:teuthology.orchestra.run.smithi039.stdout:/usr/bin/ceph: stderr
2023-07-14T18:14:55.179+0000 7f4137e96700 1 -- 172.21.15.39:0/229425536 >> 172.21.15.39:0/229425536 conn(0x7f41301008c0 msgr2=0x7f4130101fc0 unknown :-1 s=STATE_NONE l=0).mark_down
2023-07-14T18:14:56.042 INFO:teuthology.orchestra.run.smithi039.stdout:/usr/bin/ceph: stderr
2023-07-14T18:14:55.179+0000 7f4137e96700 1 -- 172.21.15.39:0/229425536 shutdown_connections
2023-07-14T18:14:56.042 INFO:teuthology.orchestra.run.smithi039.stdout:/usr/bin/ceph: stderr
2023-07-14T18:14:55.179+0000 7f4137e96700 1 -- 172.21.15.39:0/229425536 wait complete.
2023-07-14T18:14:56.042 INFO:teuthology.orchestra.run.smithi039.stdout:Fetching dashboard port number...
2023-07-14T18:14:56.701 INFO:journalctl@ceph.mon.a.smithi039.stdout:Jul 14 18:14:56 smithi039 ceph-mon[127449]: from='client.14166 -' entity='client.admin' cmd=[{"prefix": "dashboard ac-user-create", "username": "admin", "rolename": "administrator", "force_password": true, "pwd_update_required": true, "target": ["mon-mgr", ""]}]: dispatch
2023-07-14T18:14:57.266 INFO:teuthology.orchestra.run.smithi039.stdout:/usr/bin/ceph: stdout 8443
2023-07-14T18:14:57.267 INFO:teuthology.orchestra.run.smithi039.stdout:/usr/bin/ceph: stderr
2023-07-14T18:14:56.461+0000 7fba0760f700 1 Processor -- start
2023-07-14T18:14:57.267 INFO:teuthology.orchestra.run.smithi039.stdout:/usr/bin/ceph: stderr
2023-07-14T18:14:56.461+0000 7fba0760f700 1 -- start start
2023-07-14T18:14:57.267 INFO:teuthology.orchestra.run.smithi039.stdout:/usr/bin/ceph: stderr
2023-07-14T18:14:56.461+0000 7fba0760f700 1 --2- >> [v2:172.21.15.39:3300/0,v1:172.21.15.39:6789/0] conn(0x7fba001040e0 0x7fba001044f0 unknown :-1 s=NONE pgs=0 cs=0 l=0 rev1=0 crypto rx=0 tx=0 comp rx=0 tx=0).connect
2023-07-14T18:14:57.267 INFO:teuthology.orchestra.run.smithi039.stdout:/usr/bin/ceph: stderr
2023-07-14T18:14:56.461+0000 7fba0760f700 1 -- --> [v2:172.21.15.39:3300/0,v1:172.21.15.39:6789/0] -- mon_getmap magic: 0 v1 -- 0x7fba00104a30 con 0x7fba001040e0
2023-07-14T18:14:57.267 INFO:teuthology.orchestra.run.smithi039.stdout:/usr/bin/ceph: stderr
2023-07-14T18:14:56.461+0000 7fba053ab700 1 --2- >> [v2:172.21.15.39:3300/0,v1:172.21.15.39:6789/0] conn(0x7fba001040e0 0x7fba001044f0 unknown :-1 s=BANNER_CONNECTING pgs=0 cs=0 l=0 rev1=0 crypto rx=0 tx=0 comp rx=0 tx=0)._handle_peer_banner_payload supported=3 required=0
2023-07-14T18:14:57.267 INFO:teuthology.orchestra.run.smithi039.stdout:/usr/bin/ceph: stderr
2023-07-14T18:14:56.461+0000 7fba053ab700 1 --2- >> [v2:172.21.15.39:3300/0,v1:172.21.15.39:6789/0] conn(0x7fba001040e0 0x7fba001044f0 unknown :-1 s=HELLO_CONNECTING pgs=0 cs=0 l=0 rev1=1 crypto rx=0 tx=0 comp rx=0 tx=0).handle_hello peer v2:172.21.15.39:3300/0 says I am v2:172.21.15.39:48768/0 (socket says 172.21.15.39:48768)
2023-07-14T18:14:57.268 INFO:teuthology.orchestra.run.smithi039.stdout:/usr/bin/ceph: stderr
2023-07-14T18:14:56.461+0000 7fba053ab700 1 -- 172.21.15.39:0/2727019346 learned_addr learned my addr 172.21.15.39:0/2727019346 (peer_addr_for_me v2:172.21.15.39:0/0)
2023-07-14T18:14:57.268 INFO:teuthology.orchestra.run.smithi039.stdout:/usr/bin/ceph: stderr
2023-07-14T18:14:56.462+0000 7fba053ab700 1 -- 172.21.15.39:0/2727019346 --> [v2:172.21.15.39:3300/0,v1:172.21.15.39:6789/0] -- mon_subscribe({config=0+,monmap=0+}) v3 -- 0x7fba00104b70 con 0x7fba001040e0
2023-07-14T18:14:57.268 INFO:teuthology.orchestra.run.smithi039.stdout:/usr/bin/ceph: stderr
2023-07-14T18:14:56.462+0000 7fba053ab700 1 --2- 172.21.15.39:0/2727019346 >> [v2:172.21.15.39:3300/0,v1:172.21.15.39:6789/0] conn(0x7fba001040e0 0x7fba001044f0 secure :-1 s=READY pgs=74 cs=0 l=1 rev1=1 crypto rx=0x7fb9fc0098a0 tx=0x7fb9fc009bb0 comp rx=0 tx=0).ready entity=mon.0 client_cookie=5748a831691352f0 server_cookie=0 in_seq=0 out_seq=0
