2023-07-14T18:14:27.978 INFO:teuthology.orchestra.run.smithi039.stdout:/usr/bin/ceph: stderr
2023-07-14T18:14:27.208+0000 7f08b0534700 1 -- 172.21.15.39:0/80599861 >> [v2:172.21.15.39:3300/0,v1:172.21.15.39:6789/0] conn(0x7f08a81040e0 msgr2=0x7f08a81044f0 secure :-1 s=STATE_CONNECTION_ESTABLISHED l=1).mark_down
2023-07-14T18:14:27.978 INFO:teuthology.orchestra.run.smithi039.stdout:/usr/bin/ceph: stderr
2023-07-14T18:14:27.208+0000 7f08b0534700 1 --2- 172.21.15.39:0/80599861 >> [v2:172.21.15.39:3300/0,v1:172.21.15.39:6789/0] conn(0x7f08a81040e0 0x7f08a81044f0 secure :-1 s=READY pgs=37 cs=0 l=1 rev1=1 crypto rx=0x7f08a40098a0 tx=0x7f08a4009bb0 comp rx=0 tx=0).stop
2023-07-14T18:14:27.979 INFO:teuthology.orchestra.run.smithi039.stdout:/usr/bin/ceph: stderr
2023-07-14T18:14:27.208+0000 7f08b0534700 1 -- 172.21.15.39:0/80599861 shutdown_connections
2023-07-14T18:14:27.979 INFO:teuthology.orchestra.run.smithi039.stdout:/usr/bin/ceph: stderr
2023-07-14T18:14:27.208+0000 7f08b0534700 1 --2- 172.21.15.39:0/80599861 >> [v2:172.21.15.39:3300/0,v1:172.21.15.39:6789/0] conn(0x7f08a81040e0 0x7f08a81044f0 unknown :-1 s=CLOSED pgs=37 cs=0 l=1 rev1=1 crypto rx=0 tx=0 comp rx=0 tx=0).stop
2023-07-14T18:14:27.979 INFO:teuthology.orchestra.run.smithi039.stdout:/usr/bin/ceph: stderr
2023-07-14T18:14:27.208+0000 7f08b0534700 1 -- 172.21.15.39:0/80599861 >> 172.21.15.39:0/80599861 conn(0x7f08a80ff750 msgr2=0x7f08a8101b60 unknown :-1 s=STATE_NONE l=0).mark_down
2023-07-14T18:14:27.979 INFO:teuthology.orchestra.run.smithi039.stdout:/usr/bin/ceph: stderr
2023-07-14T18:14:27.208+0000 7f08b0534700 1 -- 172.21.15.39:0/80599861 shutdown_connections
2023-07-14T18:14:27.979 INFO:teuthology.orchestra.run.smithi039.stdout:/usr/bin/ceph: stderr
2023-07-14T18:14:27.208+0000 7f08b0534700 1 -- 172.21.15.39:0/80599861 wait complete.
2023-07-14T18:14:27.979 INFO:teuthology.orchestra.run.smithi039.stdout:/usr/bin/ceph: stderr
2023-07-14T18:14:27.209+0000 7f08b0534700 1 Processor -- start
2023-07-14T18:14:27.979 INFO:teuthology.orchestra.run.smithi039.stdout:/usr/bin/ceph: stderr
2023-07-14T18:14:27.209+0000 7f08b0534700 1 -- start start
2023-07-14T18:14:27.979 INFO:teuthology.orchestra.run.smithi039.stdout:/usr/bin/ceph: stderr
2023-07-14T18:14:27.209+0000 7f08b0534700 1 --2- >> [v2:172.21.15.39:3300/0,v1:172.21.15.39:6789/0] conn(0x7f08a81040e0 0x7f08a819df70 unknown :-1 s=NONE pgs=0 cs=0 l=1 rev1=0 crypto rx=0 tx=0 comp rx=0 tx=0).connect
2023-07-14T18:14:27.980 INFO:teuthology.orchestra.run.smithi039.stdout:/usr/bin/ceph: stderr
2023-07-14T18:14:27.209+0000 7f08b0534700 1 -- --> [v2:172.21.15.39:3300/0,v1:172.21.15.39:6789/0] -- mon_getmap magic: 0 v1 -- 0x7f08a8199960 con 0x7f08a81040e0
2023-07-14T18:14:27.980 INFO:teuthology.orchestra.run.smithi039.stdout:/usr/bin/ceph: stderr
2023-07-14T18:14:27.209+0000 7f08ae2d0700 1 --2- >> [v2:172.21.15.39:3300/0,v1:172.21.15.39:6789/0] conn(0x7f08a81040e0 0x7f08a819df70 unknown :-1 s=BANNER_CONNECTING pgs=0 cs=0 l=1 rev1=0 crypto rx=0 tx=0 comp rx=0 tx=0)._handle_peer_banner_payload supported=3 required=0
2023-07-14T18:14:27.980 INFO:teuthology.orchestra.run.smithi039.stdout:/usr/bin/ceph: stderr
2023-07-14T18:14:27.209+0000 7f08ae2d0700 1 --2- >> [v2:172.21.15.39:3300/0,v1:172.21.15.39:6789/0] conn(0x7f08a81040e0 0x7f08a819df70 unknown :-1 s=HELLO_CONNECTING pgs=0 cs=0 l=1 rev1=1 crypto rx=0 tx=0 comp rx=0 tx=0).handle_hello peer v2:172.21.15.39:3300/0 says I am v2:172.21.15.39:48584/0 (socket says 172.21.15.39:48584)
2023-07-14T18:14:27.980 INFO:teuthology.orchestra.run.smithi039.stdout:/usr/bin/ceph: stderr
2023-07-14T18:14:27.209+0000 7f08ae2d0700 1 -- 172.21.15.39:0/2398547476 learned_addr learned my addr 172.21.15.39:0/2398547476 (peer_addr_for_me v2:172.21.15.39:0/0)
2023-07-14T18:14:27.980 INFO:teuthology.orchestra.run.smithi039.stdout:/usr/bin/ceph: stderr
2023-07-14T18:14:27.209+0000 7f08ae2d0700 1 -- 172.21.15.39:0/2398547476 --> [v2:172.21.15.39:3300/0,v1:172.21.15.39:6789/0] -- mon_subscribe({config=0+,monmap=0+}) v3 -- 0x7f08a4009550 con 0x7f08a81040e0
2023-07-14T18:14:27.980 INFO:teuthology.orchestra.run.smithi039.stdout:/usr/bin/ceph: stderr
2023-07-14T18:14:27.209+0000 7f08ae2d0700 1 --2- 172.21.15.39:0/2398547476 >> [v2:172.21.15.39:3300/0,v1:172.21.15.39:6789/0] conn(0x7f08a81040e0 0x7f08a819df70 secure :-1 s=READY pgs=38 cs=0 l=1 rev1=1 crypto rx=0x7f08a4006af0 tx=0x7f08a4011a30 comp rx=0 tx=0).ready entity=mon.0 client_cookie=0 server_cookie=0 in_seq=0 out_seq=0
2023-07-14T18:14:27.980 INFO:teuthology.orchestra.run.smithi039.stdout:/usr/bin/ceph: stderr
2023-07-14T18:14:27.210+0000 7f089f7fe700 1 -- 172.21.15.39:0/2398547476 <== mon.0 v2:172.21.15.39:3300/0 1 ==== mon_map magic: 0 v1 ==== 205+0+0 (secure 0 0 0) 0x7f08a4003bf0 con 0x7f08a81040e0
2023-07-14T18:14:27.981 INFO:teuthology.orchestra.run.smithi039.stdout:/usr/bin/ceph: stderr
2023-07-14T18:14:27.210+0000 7f089f7fe700 1 -- 172.21.15.39:0/2398547476 <== mon.0 v2:172.21.15.39:3300/0 2 ==== config(25 keys) v1 ==== 1036+0+0 (secure 0 0 0) 0x7f08a401b8b0 con 0x7f08a81040e0
2023-07-14T18:14:27.981 INFO:teuthology.orchestra.run.smithi039.stdout:/usr/bin/ceph: stderr
2023-07-14T18:14:27.210+0000 7f08b0534700 1 -- 172.21.15.39:0/2398547476 --> [v2:172.21.15.39:3300/0,v1:172.21.15.39:6789/0] -- mon_subscribe({mgrmap=0+}) v3 -- 0x7f08a8079ce0 con 0x7f08a81040e0
2023-07-14T18:14:27.981 INFO:teuthology.orchestra.run.smithi039.stdout:/usr/bin/ceph: stderr
2023-07-14T18:14:27.210+0000 7f089f7fe700 1 -- 172.21.15.39:0/2398547476 <== mon.0 v2:172.21.15.39:3300/0 3 ==== mon_map magic: 0 v1 ==== 205+0+0 (secure 0 0 0) 0x7f08a4019880 con 0x7f08a81040e0
2023-07-14T18:14:27.981 INFO:teuthology.orchestra.run.smithi039.stdout:/usr/bin/ceph: stderr
2023-07-14T18:14:27.210+0000 7f08b0534700 1 -- 172.21.15.39:0/2398547476 --> [v2:172.21.15.39:3300/0,v1:172.21.15.39:6789/0] -- mon_subscribe({osdmap=0}) v3 -- 0x7f08a819e680 con 0x7f08a81040e0
2023-07-14T18:14:27.981 INFO:teuthology.orchestra.run.smithi039.stdout:/usr/bin/ceph: stderr
2023-07-14T18:14:27.211+0000 7f089f7fe700 1 -- 172.21.15.39:0/2398547476 <== mon.0 v2:172.21.15.39:3300/0 4 ==== mgrmap(e 7) v1 ==== 45377+0+0 (secure 0 0 0) 0x7f08a4019b40 con 0x7f08a81040e0
2023-07-14T18:14:27.981 INFO:teuthology.orchestra.run.smithi039.stdout:/usr/bin/ceph: stderr
2023-07-14T18:14:27.211+0000 7f089f7fe700 1 --2- 172.21.15.39:0/2398547476 >> [v2:172.21.15.39:6800/1733981271,v1:172.21.15.39:6801/1733981271] conn(0x7f08940385a0 0x7f089403aa50 unknown :-1 s=NONE pgs=0 cs=0 l=1 rev1=0 crypto rx=0 tx=0 comp rx=0 tx=0).connect
2023-07-14T18:14:27.981 INFO:teuthology.orchestra.run.smithi039.stdout:/usr/bin/ceph: stderr
2023-07-14T18:14:27.211+0000 7f089f7fe700 1 -- 172.21.15.39:0/2398547476 <== mon.0 v2:172.21.15.39:3300/0 5 ==== osd_map(2..2 src has 1..2) v4 ==== 940+0+0 (secure 0 0 0) 0x7f08a404c890 con 0x7f08a81040e0
2023-07-14T18:14:27.981 INFO:teuthology.orchestra.run.smithi039.stdout:/usr/bin/ceph: stderr
2023-07-14T18:14:27.211+0000 7f08b0534700 1 -- 172.21.15.39:0/2398547476 --> [v2:172.21.15.39:3300/0,v1:172.21.15.39:6789/0] -- mon_command({"prefix": "get_command_descriptions"} v 0) v1 -- 0x7f08a8061c70 con 0x7f08a81040e0
2023-07-14T18:14:27.982 INFO:teuthology.orchestra.run.smithi039.stdout:/usr/bin/ceph: stderr
2023-07-14T18:14:27.211+0000 7f08adacf700 1 --2- 172.21.15.39:0/2398547476 >> [v2:172.21.15.39:6800/1733981271,v1:172.21.15.39:6801/1733981271] conn(0x7f08940385a0 0x7f089403aa50 unknown :-1 s=BANNER_CONNECTING pgs=0 cs=0 l=1 rev1=0 crypto rx=0 tx=0 comp rx=0 tx=0)._handle_peer_banner_payload supported=3 required=0
2023-07-14T18:14:27.982 INFO:teuthology.orchestra.run.smithi039.stdout:/usr/bin/ceph: stderr
2023-07-14T18:14:27.212+0000 7f08adacf700 1 --2- 172.21.15.39:0/2398547476 >> [v2:172.21.15.39:6800/1733981271,v1:172.21.15.39:6801/1733981271] conn(0x7f08940385a0 0x7f089403aa50 secure :-1 s=READY pgs=7 cs=0 l=1 rev1=1 crypto rx=0x7f0898006fd0 tx=0x7f0898006e40 comp rx=0 tx=0).ready entity=mgr.14120 client_cookie=0 server_cookie=0 in_seq=0 out_seq=0
2023-07-14T18:14:27.982 INFO:teuthology.orchestra.run.smithi039.stdout:/usr/bin/ceph: stderr
2023-07-14T18:14:27.216+0000 7f089f7fe700 1 -- 172.21.15.39:0/2398547476 <== mon.0 v2:172.21.15.39:3300/0 6 ==== mon_command_ack([{"prefix": "get_command_descriptions"}]=0 v0) v1 ==== 72+0+178025 (secure 0 0 0) 0x7f08a401ba20 con 0x7f08a81040e0
2023-07-14T18:14:27.982 INFO:teuthology.orchestra.run.smithi039.stdout:/usr/bin/ceph: stderr
2023-07-14T18:14:27.340+0000 7f089f7fe700 1 -- 172.21.15.39:0/2398547476 <== mon.0 v2:172.21.15.39:3300/0 7 ==== mgrmap(e 8) v1 ==== 45483+0+0 (secure 0 0 0) 0x7f08a400f2e0 con 0x7f08a81040e0
2023-07-14T18:14:27.982 INFO:teuthology.orchestra.run.smithi039.stdout:/usr/bin/ceph: stderr
2023-07-14T18:14:27.606+0000 7f08b0534700 1 -- 172.21.15.39:0/2398547476 --> [v2:172.21.15.39:6800/1733981271,v1:172.21.15.39:6801/1733981271] -- mgr_command(tid 0: {"prefix": "orch set backend", "module_name": "cephadm", "target": ["mon-mgr", ""]}) v1 -- 0x7f08a8100b90 con 0x7f08940385a0
2023-07-14T18:14:27.982 INFO:teuthology.orchestra.run.smithi039.stdout:/usr/bin/ceph: stderr
2023-07-14T18:14:27.611+0000 7f089f7fe700 1 -- 172.21.15.39:0/2398547476 <== mgr.14120 v2:172.21.15.39:6800/1733981271 1 ==== mgr_command_reply(tid 0: 0 ) v1 ==== 8+0+0 (secure 0 0 0) 0x7f08a8100b90 con 0x7f08940385a0
2023-07-14T18:14:27.982 INFO:teuthology.orchestra.run.smithi039.stdout:/usr/bin/ceph: stderr
2023-07-14T18:14:27.614+0000 7f08b0534700 1 -- 172.21.15.39:0/2398547476 >> [v2:172.21.15.39:6800/1733981271,v1:172.21.15.39:6801/1733981271] conn(0x7f08940385a0 msgr2=0x7f089403aa50 secure :-1 s=STATE_CONNECTION_ESTABLISHED l=1).mark_down
2023-07-14T18:14:27.982 INFO:teuthology.orchestra.run.smithi039.stdout:/usr/bin/ceph: stderr
2023-07-14T18:14:27.614+0000 7f08b0534700 1 --2- 172.21.15.39:0/2398547476 >> [v2:172.21.15.39:6800/1733981271,v1:172.21.15.39:6801/1733981271] conn(0x7f08940385a0 0x7f089403aa50 secure :-1 s=READY pgs=7 cs=0 l=1 rev1=1 crypto rx=0x7f0898006fd0 tx=0x7f0898006e40 comp rx=0 tx=0).stop
2023-07-14T18:14:27.983 INFO:teuthology.orchestra.run.smithi039.stdout:/usr/bin/ceph: stderr
2023-07-14T18:14:27.614+0000 7f08b0534700 1 -- 172.21.15.39:0/2398547476 >> [v2:172.21.15.39:3300/0,v1:172.21.15.39:6789/0] conn(0x7f08a81040e0 msgr2=0x7f08a819df70 secure :-1 s=STATE_CONNECTION_ESTABLISHED l=1).mark_down
2023-07-14T18:14:27.983 INFO:teuthology.orchestra.run.smithi039.stdout:/usr/bin/ceph: stderr
2023-07-14T18:14:27.614+0000 7f08b0534700 1 --2- 172.21.15.39:0/2398547476 >> [v2:172.21.15.39:3300/0,v1:172.21.15.39:6789/0] conn(0x7f08a81040e0 0x7f08a819df70 secure :-1 s=READY pgs=38 cs=0 l=1 rev1=1 crypto rx=0x7f08a4006af0 tx=0x7f08a4011a30 comp rx=0 tx=0).stop
2023-07-14T18:14:27.983 INFO:teuthology.orchestra.run.smithi039.stdout:/usr/bin/ceph: stderr
2023-07-14T18:14:27.614+0000 7f08b0534700 1 -- 172.21.15.39:0/2398547476 shutdown_connections
2023-07-14T18:14:27.983 INFO:teuthology.orchestra.run.smithi039.stdout:/usr/bin/ceph: stderr
2023-07-14T18:14:27.614+0000 7f08b0534700 1 --2- 172.21.15.39:0/2398547476 >> [v2:172.21.15.39:6800/1733981271,v1:172.21.15.39:6801/1733981271] conn(0x7f08940385a0 0x7f089403aa50 unknown :-1 s=CLOSED pgs=7 cs=0 l=1 rev1=1 crypto rx=0 tx=0 comp rx=0 tx=0).stop
2023-07-14T18:14:27.983 INFO:teuthology.orchestra.run.smithi039.stdout:/usr/bin/ceph: stderr
2023-07-14T18:14:27.614+0000 7f08b0534700 1 --2- 172.21.15.39:0/2398547476 >> [v2:172.21.15.39:3300/0,v1:172.21.15.39:6789/0] conn(0x7f08a81040e0 0x7f08a819df70 unknown :-1 s=CLOSED pgs=38 cs=0 l=1 rev1=1 crypto rx=0 tx=0 comp rx=0 tx=0).stop
2023-07-14T18:14:27.984 INFO:teuthology.orchestra.run.smithi039.stdout:/usr/bin/ceph: stderr
2023-07-14T18:14:27.614+0000 7f08b0534700 1 -- 172.21.15.39:0/2398547476 >> 172.21.15.39:0/2398547476 conn(0x7f08a80ff750 msgr2=0x7f08a8100480 unknown :-1 s=STATE_NONE l=0).mark_down
2023-07-14T18:14:27.984 INFO:teuthology.orchestra.run.smithi039.stdout:/usr/bin/ceph: stderr
2023-07-14T18:14:27.614+0000 7f08b0534700 1 -- 172.21.15.39:0/2398547476 shutdown_connections
2023-07-14T18:14:27.984 INFO:teuthology.orchestra.run.smithi039.stdout:/usr/bin/ceph: stderr
2023-07-14T18:14:27.614+0000 7f08b0534700 1 -- 172.21.15.39:0/2398547476 wait complete.
2023-07-14T18:14:28.700 INFO:journalctl@ceph.mon.a.smithi039.stdout:Jul 14 18:14:28 smithi039 ceph-mon[127449]: mgrmap e8: x(active, since 2s)
2023-07-14T18:14:28.701 INFO:journalctl@ceph.mon.a.smithi039.stdout:Jul 14 18:14:28 smithi039 ceph-mon[127449]: from='client.14132 -' entity='client.admin' cmd=[{"prefix": "orch set backend", "module_name": "cephadm", "target": ["mon-mgr", ""]}]: dispatch
2023-07-14T18:14:28.701 INFO:journalctl@ceph.mon.a.smithi039.stdout:Jul 14 18:14:28 smithi039 ceph-mon[127449]: from='mgr.14120 172.21.15.39:0/3209411636' entity='mgr.x'
2023-07-14T18:14:28.701 INFO:journalctl@ceph.mon.a.smithi039.stdout:Jul 14 18:14:28 smithi039 ceph-mon[127449]: from='mgr.14120 172.21.15.39:0/3209411636' entity='mgr.x' cmd=[{"prefix": "config dump", "format": "json"}]: dispatch
2023-07-14T18:14:29.224 INFO:teuthology.orchestra.run.smithi039.stdout:/usr/bin/ceph: stdout value unchanged
2023-07-14T18:14:29.224 INFO:teuthology.orchestra.run.smithi039.stdout:/usr/bin/ceph: stderr
2023-07-14T18:14:28.462+0000 7f61524c6700 1 Processor -- start
2023-07-14T18:14:29.224 INFO:teuthology.orchestra.run.smithi039.stdout:/usr/bin/ceph: stderr
2023-07-14T18:14:28.463+0000 7f61524c6700 1 -- start start
2023-07-14T18:14:29.225 INFO:teuthology.orchestra.run.smithi039.stdout:/usr/bin/ceph: stderr
2023-07-14T18:14:28.463+0000 7f61524c6700 1 --2- >> [v2:172.21.15.39:3300/0,v1:172.21.15.39:6789/0] conn(0x7f614c105750 0x7f614c105b60 unknown :-1 s=NONE pgs=0 cs=0 l=0 rev1=0 crypto rx=0 tx=0 comp rx=0 tx=0).connect
2023-07-14T18:14:29.225 INFO:teuthology.orchestra.run.smithi039.stdout:/usr/bin/ceph: stderr
2023-07-14T18:14:28.463+0000 7f61524c6700 1 -- --> [v2:172.21.15.39:3300/0,v1:172.21.15.39:6789/0] -- mon_getmap magic: 0 v1 -- 0x7f614c1060a0 con 0x7f614c105750
2023-07-14T18:14:29.225 INFO:teuthology.orchestra.run.smithi039.stdout:/usr/bin/ceph: stderr
2023-07-14T18:14:28.463+0000 7f614bfff700 1 --2- >> [v2:172.21.15.39:3300/0,v1:172.21.15.39:6789/0] conn(0x7f614c105750 0x7f614c105b60 unknown :-1 s=BANNER_CONNECTING pgs=0 cs=0 l=0 rev1=0 crypto rx=0 tx=0 comp rx=0 tx=0)._handle_peer_banner_payload supported=3 required=0
2023-07-14T18:14:29.225 INFO:teuthology.orchestra.run.smithi039.stdout:/usr/bin/ceph: stderr
2023-07-14T18:14:28.463+0000 7f614bfff700 1 --2- >> [v2:172.21.15.39:3300/0,v1:172.21.15.39:6789/0] conn(0x7f614c105750 0x7f614c105b60 unknown :-1 s=HELLO_CONNECTING pgs=0 cs=0 l=0 rev1=1 crypto rx=0 tx=0 comp rx=0 tx=0).handle_hello peer v2:172.21.15.39:3300/0 says I am v2:172.21.15.39:48590/0 (socket says 172.21.15.39:48590)
2023-07-14T18:14:29.225 INFO:teuthology.orchestra.run.smithi039.stdout:/usr/bin/ceph: stderr
2023-07-14T18:14:28.463+0000 7f614bfff700 1 -- 172.21.15.39:0/2149378656 learned_addr learned my addr 172.21.15.39:0/2149378656 (peer_addr_for_me v2:172.21.15.39:0/0)
2023-07-14T18:14:29.225 INFO:teuthology.orchestra.run.smithi039.stdout:/usr/bin/ceph: stderr
2023-07-14T18:14:28.463+0000 7f614bfff700 1 -- 172.21.15.39:0/2149378656 --> [v2:172.21.15.39:3300/0,v1:172.21.15.39:6789/0] -- mon_subscribe({config=0+,monmap=0+}) v3 -- 0x7f614c1061e0 con 0x7f614c105750
2023-07-14T18:14:29.225 INFO:teuthology.orchestra.run.smithi039.stdout:/usr/bin/ceph: stderr
2023-07-14T18:14:28.463+0000 7f614bfff700 1 --2- 172.21.15.39:0/2149378656 >> [v2:172.21.15.39:3300/0,v1:172.21.15.39:6789/0] conn(0x7f614c105750 0x7f614c105b60 secure :-1 s=READY pgs=39 cs=0 l=1 rev1=1 crypto rx=0x7f61340098a0 tx=0x7f6134009bb0 comp rx=0 tx=0).ready entity=mon.0 client_cookie=1c304591d98e30c5 server_cookie=0 in_seq=0 out_seq=0
2023-07-14T18:14:29.225 INFO:teuthology.orchestra.run.smithi039.stdout:/usr/bin/ceph: stderr
2023-07-14T18:14:28.464+0000 7f614affd700 1 -- 172.21.15.39:0/2149378656 <== mon.0 v2:172.21.15.39:3300/0 1 ==== mon_map magic: 0 v1 ==== 205+0+0 (secure 0 0 0) 0x7f6134004160 con 0x7f614c105750
2023-07-14T18:14:29.226 INFO:teuthology.orchestra.run.smithi039.stdout:/usr/bin/ceph: stderr
2023-07-14T18:14:28.464+0000 7f614affd700 1 -- 172.21.15.39:0/2149378656 <== mon.0 v2:172.21.15.39:3300/0 2 ==== config(25 keys) v1 ==== 1036+0+0 (secure 0 0 0) 0x7f61340042c0 con 0x7f614c105750
2023-07-14T18:14:29.226 INFO:teuthology.orchestra.run.smithi039.stdout:/usr/bin/ceph: stderr
2023-07-14T18:14:28.464+0000 7f614affd700 1 -- 172.21.15.39:0/2149378656 <== mon.0 v2:172.21.15.39:3300/0 3 ==== mon_map magic: 0 v1 ==== 205+0+0 (secure 0 0 0) 0x7f6134011940 con 0x7f614c105750
2023-07-14T18:14:29.226 INFO:teuthology.orchestra.run.smithi039.stdout:/usr/bin/ceph: stderr
2023-07-14T18:14:28.464+0000 7f61524c6700 1 -- 172.21.15.39:0/2149378656 >> [v2:172.21.15.39:3300/0,v1:172.21.15.39:6789/0] conn(0x7f614c105750 msgr2=0x7f614c105b60 secure :-1 s=STATE_CONNECTION_ESTABLISHED l=1).mark_down
2023-07-14T18:14:29.226 INFO:teuthology.orchestra.run.smithi039.stdout:/usr/bin/ceph: stderr
2023-07-14T18:14:28.464+0000 7f61524c6700 1 --2- 172.21.15.39:0/2149378656 >> [v2:172.21.15.39:3300/0,v1:172.21.15.39:6789/0] conn(0x7f614c105750 0x7f614c105b60 secure :-1 s=READY pgs=39 cs=0 l=1 rev1=1 crypto rx=0x7f61340098a0 tx=0x7f6134009bb0 comp rx=0 tx=0).stop
2023-07-14T18:14:29.227 INFO:teuthology.orchestra.run.smithi039.stdout:/usr/bin/ceph: stderr
2023-07-14T18:14:28.464+0000 7f61524c6700 1 -- 172.21.15.39:0/2149378656 shutdown_connections
2023-07-14T18:14:29.227 INFO:teuthology.orchestra.run.smithi039.stdout:/usr/bin/ceph: stderr
2023-07-14T18:14:28.464+0000 7f61524c6700 1 --2- 172.21.15.39:0/2149378656 >> [v2:172.21.15.39:3300/0,v1:172.21.15.39:6789/0] conn(0x7f614c105750 0x7f614c105b60 unknown :-1 s=CLOSED pgs=39 cs=0 l=1 rev1=1 crypto rx=0 tx=0 comp rx=0 tx=0).stop
2023-07-14T18:14:29.227 INFO:teuthology.orchestra.run.smithi039.stdout:/usr/bin/ceph: stderr
2023-07-14T18:14:28.464+0000 7f61524c6700 1 -- 172.21.15.39:0/2149378656 >> 172.21.15.39:0/2149378656 conn(0x7f614c0feef0 msgr2=0x7f614c101300 unknown :-1 s=STATE_NONE l=0).mark_down
2023-07-14T18:14:29.227 INFO:teuthology.orchestra.run.smithi039.stdout:/usr/bin/ceph: stderr
2023-07-14T18:14:28.464+0000 7f61524c6700 1 -- 172.21.15.39:0/2149378656 shutdown_connections
2023-07-14T18:14:29.227 INFO:teuthology.orchestra.run.smithi039.stdout:/usr/bin/ceph: stderr
2023-07-14T18:14:28.464+0000 7f61524c6700 1 -- 172.21.15.39:0/2149378656 wait complete.
2023-07-14T18:14:29.227 INFO:teuthology.orchestra.run.smithi039.stdout:/usr/bin/ceph: stderr
2023-07-14T18:14:28.465+0000 7f61524c6700 1 Processor -- start
2023-07-14T18:14:29.227 INFO:teuthology.orchestra.run.smithi039.stdout:/usr/bin/ceph: stderr
2023-07-14T18:14:28.465+0000 7f61524c6700 1 -- start start
2023-07-14T18:14:29.228 INFO:teuthology.orchestra.run.smithi039.stdout:/usr/bin/ceph: stderr
2023-07-14T18:14:28.466+0000 7f61524c6700 1 --2- >> [v2:172.21.15.39:3300/0,v1:172.21.15.39:6789/0] conn(0x7f614c105750 0x7f614c19b180 unknown :-1 s=NONE pgs=0 cs=0 l=1 rev1=0 crypto rx=0 tx=0 comp rx=0 tx=0).connect
2023-07-14T18:14:29.228 INFO:teuthology.orchestra.run.smithi039.stdout:/usr/bin/ceph: stderr
2023-07-14T18:14:28.466+0000 7f61524c6700 1 -- --> [v2:172.21.15.39:3300/0,v1:172.21.15.39:6789/0] -- mon_getmap magic: 0 v1 -- 0x7f614c19b6c0 con 0x7f614c105750
2023-07-14T18:14:29.228 INFO:teuthology.orchestra.run.smithi039.stdout:/usr/bin/ceph: stderr
2023-07-14T18:14:28.466+0000 7f614bfff700 1 --2- >> [v2:172.21.15.39:3300/0,v1:172.21.15.39:6789/0] conn(0x7f614c105750 0x7f614c19b180 unknown :-1 s=BANNER_CONNECTING pgs=0 cs=0 l=1 rev1=0 crypto rx=0 tx=0 comp rx=0 tx=0)._handle_peer_banner_payload supported=3 required=0
2023-07-14T18:14:29.228 INFO:teuthology.orchestra.run.smithi039.stdout:/usr/bin/ceph: stderr
2023-07-14T18:14:28.466+0000 7f614bfff700 1 --2- >> [v2:172.21.15.39:3300/0,v1:172.21.15.39:6789/0] conn(0x7f614c105750 0x7f614c19b180 unknown :-1 s=HELLO_CONNECTING pgs=0 cs=0 l=1 rev1=1 crypto rx=0 tx=0 comp rx=0 tx=0).handle_hello peer v2:172.21.15.39:3300/0 says I am v2:172.21.15.39:48592/0 (socket says 172.21.15.39:48592)
2023-07-14T18:14:29.228 INFO:teuthology.orchestra.run.smithi039.stdout:/usr/bin/ceph: stderr
2023-07-14T18:14:28.466+0000 7f614bfff700 1 -- 172.21.15.39:0/3429037973 learned_addr learned my addr 172.21.15.39:0/3429037973 (peer_addr_for_me v2:172.21.15.39:0/0)
2023-07-14T18:14:29.228 INFO:teuthology.orchestra.run.smithi039.stdout:/usr/bin/ceph: stderr
2023-07-14T18:14:28.466+0000 7f614bfff700 1 -- 172.21.15.39:0/3429037973 --> [v2:172.21.15.39:3300/0,v1:172.21.15.39:6789/0] -- mon_subscribe({config=0+,monmap=0+}) v3 -- 0x7f6134009550 con 0x7f614c105750
2023-07-14T18:14:29.229 INFO:teuthology.orchestra.run.smithi039.stdout:/usr/bin/ceph: stderr
2023-07-14T18:14:28.466+0000 7f614bfff700 1 --2- 172.21.15.39:0/3429037973 >> [v2:172.21.15.39:3300/0,v1:172.21.15.39:6789/0] conn(0x7f614c105750 0x7f614c19b180 secure :-1 s=READY pgs=40 cs=0 l=1 rev1=1 crypto rx=0x7f6134011de0 tx=0x7f6134011ec0 comp rx=0 tx=0).ready entity=mon.0 client_cookie=0 server_cookie=0 in_seq=0 out_seq=0
2023-07-14T18:14:29.229 INFO:teuthology.orchestra.run.smithi039.stdout:/usr/bin/ceph: stderr
2023-07-14T18:14:28.466+0000 7f61497fa700 1 -- 172.21.15.39:0/3429037973 <== mon.0 v2:172.21.15.39:3300/0 1 ==== mon_map magic: 0 v1 ==== 205+0+0 (secure 0 0 0) 0x7f61340036a0 con 0x7f614c105750
2023-07-14T18:14:29.229 INFO:teuthology.orchestra.run.smithi039.stdout:/usr/bin/ceph: stderr
2023-07-14T18:14:28.466+0000 7f61524c6700 1 -- 172.21.15.39:0/3429037973 --> [v2:172.21.15.39:3300/0,v1:172.21.15.39:6789/0] -- mon_subscribe({mgrmap=0+}) v3 -- 0x7f614c19b8c0 con 0x7f614c105750
2023-07-14T18:14:29.229 INFO:teuthology.orchestra.run.smithi039.stdout:/usr/bin/ceph: stderr
2023-07-14T18:14:28.466+0000 7f61497fa700 1 -- 172.21.15.39:0/3429037973 <== mon.0 v2:172.21.15.39:3300/0 2 ==== config(25 keys) v1 ==== 1036+0+0 (secure 0 0 0) 0x7f613401b440 con 0x7f614c105750
2023-07-14T18:14:29.229 INFO:teuthology.orchestra.run.smithi039.stdout:/usr/bin/ceph: stderr
2023-07-14T18:14:28.466+0000 7f61524c6700 1 -- 172.21.15.39:0/3429037973 --> [v2:172.21.15.39:3300/0,v1:172.21.15.39:6789/0] -- mon_subscribe({osdmap=0}) v3 -- 0x7f614c19bce0 con 0x7f614c105750
2023-07-14T18:14:29.229 INFO:teuthology.orchestra.run.smithi039.stdout:/usr/bin/ceph: stderr
2023-07-14T18:14:28.466+0000 7f61497fa700 1 -- 172.21.15.39:0/3429037973 <== mon.0 v2:172.21.15.39:3300/0 3 ==== mon_map magic: 0 v1 ==== 205+0+0 (secure 0 0 0) 0x7f61340193f0 con 0x7f614c105750
2023-07-14T18:14:29.230 INFO:teuthology.orchestra.run.smithi039.stdout:/usr/bin/ceph: stderr
2023-07-14T18:14:28.467+0000 7f61497fa700 1 -- 172.21.15.39:0/3429037973 <== mon.0 v2:172.21.15.39:3300/0 4 ==== mgrmap(e 8) v1 ==== 45483+0+0 (secure 0 0 0) 0x7f61340196b0 con 0x7f614c105750
2023-07-14T18:14:29.230 INFO:teuthology.orchestra.run.smithi039.stdout:/usr/bin/ceph: stderr
2023-07-14T18:14:28.467+0000 7f61497fa700 1 --2- 172.21.15.39:0/3429037973 >> [v2:172.21.15.39:6800/1733981271,v1:172.21.15.39:6801/1733981271] conn(0x7f6138038710 0x7f613803abc0 unknown :-1 s=NONE pgs=0 cs=0 l=1 rev1=0 crypto rx=0 tx=0 comp rx=0 tx=0).connect
2023-07-14T18:14:29.230 INFO:teuthology.orchestra.run.smithi039.stdout:/usr/bin/ceph: stderr
2023-07-14T18:14:28.467+0000 7f61524c6700 1 -- 172.21.15.39:0/3429037973 --> [v2:172.21.15.39:3300/0,v1:172.21.15.39:6789/0] -- mon_command({"prefix": "get_command_descriptions"} v 0) v1 -- 0x7f614c068520 con 0x7f614c105750
2023-07-14T18:14:29.230 INFO:teuthology.orchestra.run.smithi039.stdout:/usr/bin/ceph: stderr
2023-07-14T18:14:28.467+0000 7f61497fa700 1 -- 172.21.15.39:0/3429037973 <== mon.0 v2:172.21.15.39:3300/0 5 ==== osd_map(2..2 src has 1..2) v4 ==== 940+0+0 (secure 0 0 0) 0x7f613404c530 con 0x7f614c105750
2023-07-14T18:14:29.230 INFO:teuthology.orchestra.run.smithi039.stdout:/usr/bin/ceph: stderr
2023-07-14T18:14:28.468+0000 7f614b7fe700 1 --2- 172.21.15.39:0/3429037973 >> [v2:172.21.15.39:6800/1733981271,v1:172.21.15.39:6801/1733981271] conn(0x7f6138038710 0x7f613803abc0 unknown :-1 s=BANNER_CONNECTING pgs=0 cs=0 l=1 rev1=0 crypto rx=0 tx=0 comp rx=0 tx=0)._handle_peer_banner_payload supported=3 required=0
2023-07-14T18:14:29.230 INFO:teuthology.orchestra.run.smithi039.stdout:/usr/bin/ceph: stderr
2023-07-14T18:14:28.468+0000 7f614b7fe700 1 --2- 172.21.15.39:0/3429037973 >> [v2:172.21.15.39:6800/1733981271,v1:172.21.15.39:6801/1733981271] conn(0x7f6138038710 0x7f613803abc0 secure :-1 s=READY pgs=8 cs=0 l=1 rev1=1 crypto rx=0x7f613c006fd0 tx=0x7f613c006e40 comp rx=0 tx=0).ready entity=mgr.14120 client_cookie=0 server_cookie=0 in_seq=0 out_seq=0
2023-07-14T18:14:29.230 INFO:teuthology.orchestra.run.smithi039.stdout:/usr/bin/ceph: stderr
2023-07-14T18:14:28.473+0000 7f61497fa700 1 -- 172.21.15.39:0/3429037973 <== mon.0 v2:172.21.15.39:3300/0 6 ==== mon_command_ack([{"prefix": "get_command_descriptions"}]=0 v0) v1 ==== 72+0+178025 (secure 0 0 0) 0x7f613401f020 con 0x7f614c105750
2023-07-14T18:14:29.231 INFO:teuthology.orchestra.run.smithi039.stdout:/usr/bin/ceph: stderr
2023-07-14T18:14:28.831+0000 7f61524c6700 1 -- 172.21.15.39:0/3429037973 --> [v2:172.21.15.39:6800/1733981271,v1:172.21.15.39:6801/1733981271] -- mgr_command(tid 0: {"prefix": "cephadm set-user", "user": "root", "target": ["mon-mgr", ""]}) v1 -- 0x7f614c19cd60 con 0x7f6138038710
2023-07-14T18:14:29.231 INFO:teuthology.orchestra.run.smithi039.stdout:/usr/bin/ceph: stderr
2023-07-14T18:14:28.831+0000 7f61497fa700 1 -- 172.21.15.39:0/3429037973 <== mgr.14120 v2:172.21.15.39:6800/1733981271 1 ==== mgr_command_reply(tid 0: 0 ) v1 ==== 8+0+16 (secure 0 0 0) 0x7f614c19cd60 con 0x7f6138038710
2023-07-14T18:14:29.231 INFO:teuthology.orchestra.run.smithi039.stdout:/usr/bin/ceph: stderr
2023-07-14T18:14:28.834+0000 7f61524c6700 1 -- 172.21.15.39:0/3429037973 >> [v2:172.21.15.39:6800/1733981271,v1:172.21.15.39:6801/1733981271] conn(0x7f6138038710 msgr2=0x7f613803abc0 secure :-1 s=STATE_CONNECTION_ESTABLISHED l=1).mark_down
2023-07-14T18:14:29.231 INFO:teuthology.orchestra.run.smithi039.stdout:/usr/bin/ceph: stderr
2023-07-14T18:14:28.834+0000 7f61524c6700 1 --2- 172.21.15.39:0/3429037973 >> [v2:172.21.15.39:6800/1733981271,v1:172.21.15.39:6801/1733981271] conn(0x7f6138038710 0x7f613803abc0 secure :-1 s=READY pgs=8 cs=0 l=1 rev1=1 crypto rx=0x7f613c006fd0 tx=0x7f613c006e40 comp rx=0 tx=0).stop
2023-07-14T18:14:29.231 INFO:teuthology.orchestra.run.smithi039.stdout:/usr/bin/ceph: stderr
2023-07-14T18:14:28.834+0000 7f61524c6700 1 -- 172.21.15.39:0/3429037973 >> [v2:172.21.15.39:3300/0,v1:172.21.15.39:6789/0] conn(0x7f614c105750 msgr2=0x7f614c19b180 secure :-1 s=STATE_CONNECTION_ESTABLISHED l=1).mark_down
2023-07-14T18:14:29.231 INFO:teuthology.orchestra.run.smithi039.stdout:/usr/bin/ceph: stderr
2023-07-14T18:14:28.834+0000 7f61524c6700 1 --2- 172.21.15.39:0/3429037973 >> [v2:172.21.15.39:3300/0,v1:172.21.15.39:6789/0] conn(0x7f614c105750 0x7f614c19b180 secure :-1 s=READY pgs=40 cs=0 l=1 rev1=1 crypto rx=0x7f6134011de0 tx=0x7f6134011ec0 comp rx=0 tx=0).stop
2023-07-14T18:14:29.231 INFO:teuthology.orchestra.run.smithi039.stdout:/usr/bin/ceph: stderr
2023-07-14T18:14:28.834+0000 7f61524c6700 1 -- 172.21.15.39:0/3429037973 shutdown_connections
2023-07-14T18:14:29.231 INFO:teuthology.orchestra.run.smithi039.stdout:/usr/bin/ceph: stderr
2023-07-14T18:14:28.834+0000 7f61524c6700 1 --2- 172.21.15.39:0/3429037973 >> [v2:172.21.15.39:6800/1733981271,v1:172.21.15.39:6801/1733981271] conn(0x7f6138038710 0x7f613803abc0 unknown :-1 s=CLOSED pgs=8 cs=0 l=1 rev1=1 crypto rx=0 tx=0 comp rx=0 tx=0).stop
2023-07-14T18:14:29.232 INFO:teuthology.orchestra.run.smithi039.stdout:/usr/bin/ceph: stderr
2023-07-14T18:14:28.834+0000 7f61524c6700 1 --2- 172.21.15.39:0/3429037973 >> [v2:172.21.15.39:3300/0,v1:172.21.15.39:6789/0] conn(0x7f614c105750 0x7f614c19b180 unknown :-1 s=CLOSED pgs=40 cs=0 l=1 rev1=1 crypto rx=0 tx=0 comp rx=0 tx=0).stop
2023-07-14T18:14:29.232 INFO:teuthology.orchestra.run.smithi039.stdout:/usr/bin/ceph: stderr
2023-07-14T18:14:28.834+0000 7f61524c6700 1 -- 172.21.15.39:0/3429037973 >> 172.21.15.39:0/3429037973 conn(0x7f614c0feef0 msgr2=0x7f614c0ffc60 unknown :-1 s=STATE_NONE l=0).mark_down
2023-07-14T18:14:29.232 INFO:teuthology.orchestra.run.smithi039.stdout:/usr/bin/ceph: stderr
2023-07-14T18:14:28.834+0000 7f61524c6700 1 -- 172.21.15.39:0/3429037973 shutdown_connections
2023-07-14T18:14:29.232 INFO:teuthology.orchestra.run.smithi039.stdout:/usr/bin/ceph: stderr
2023-07-14T18:14:28.834+0000 7f61524c6700 1 -- 172.21.15.39:0/3429037973 wait complete.
2023-07-14T18:14:29.232 INFO:teuthology.orchestra.run.smithi039.stdout:Generating ssh key...
2023-07-14T18:14:29.700 INFO:journalctl@ceph.mon.a.smithi039.stdout:Jul 14 18:14:29 smithi039 ceph-mon[127449]: [14/Jul/2023:18:14:28] ENGINE Bus STARTING
2023-07-14T18:14:29.700 INFO:journalctl@ceph.mon.a.smithi039.stdout:Jul 14 18:14:29 smithi039 ceph-mon[127449]: [14/Jul/2023:18:14:28] ENGINE Serving on https://172.21.15.39:7150
2023-07-14T18:14:29.701 INFO:journalctl@ceph.mon.a.smithi039.stdout:Jul 14 18:14:29 smithi039 ceph-mon[127449]: [14/Jul/2023:18:14:28] ENGINE Serving on http://172.21.15.39:8765
2023-07-14T18:14:29.701 INFO:journalctl@ceph.mon.a.smithi039.stdout:Jul 14 18:14:29 smithi039 ceph-mon[127449]: [14/Jul/2023:18:14:28] ENGINE Bus STARTED
2023-07-14T18:14:29.701 INFO:journalctl@ceph.mon.a.smithi039.stdout:Jul 14 18:14:29 smithi039 ceph-mon[127449]: from='mgr.14120 172.21.15.39:0/3209411636' entity='mgr.x' cmd=[{"prefix": "config dump", "format": "json"}]: dispatch
2023-07-14T18:14:29.701 INFO:journalctl@ceph.mon.a.smithi039.stdout:Jul 14 18:14:29 smithi039 ceph-mon[127449]: from='client.14134 -' entity='client.admin' cmd=[{"prefix": "cephadm set-user", "user": "root", "target": ["mon-mgr", ""]}]: dispatch
2023-07-14T18:14:30.700 INFO:journalctl@ceph.mgr.x.smithi039.stdout:Jul 14 18:14:30 smithi039 ceph-1151f38e-2272-11ee-9b33-001a4aab830c-mgr-x[127694]: Generating public/private rsa key pair.
2023-07-14T18:14:30.701 INFO:journalctl@ceph.mgr.x.smithi039.stdout:Jul 14 18:14:30 smithi039 ceph-1151f38e-2272-11ee-9b33-001a4aab830c-mgr-x[127694]: Your identification has been saved in /tmp/tmp34iwqy3d/key.
2023-07-14T18:14:30.701 INFO:journalctl@ceph.mgr.x.smithi039.stdout:Jul 14 18:14:30 smithi039 ceph-1151f38e-2272-11ee-9b33-001a4aab830c-mgr-x[127694]: Your public key has been saved in /tmp/tmp34iwqy3d/key.pub.
2023-07-14T18:14:30.701 INFO:journalctl@ceph.mgr.x.smithi039.stdout:Jul 14 18:14:30 smithi039 ceph-1151f38e-2272-11ee-9b33-001a4aab830c-mgr-x[127694]: The key fingerprint is:
2023-07-14T18:14:30.701 INFO:journalctl@ceph.mgr.x.smithi039.stdout:Jul 14 18:14:30 smithi039 ceph-1151f38e-2272-11ee-9b33-001a4aab830c-mgr-x[127694]: SHA256:5ZvgOfdGe8fGYuV2xfyAcXdgvggscJ8EEsgNM4h0sz4 ceph-1151f38e-2272-11ee-9b33-001a4aab830c
2023-07-14T18:14:30.701 INFO:journalctl@ceph.mgr.x.smithi039.stdout:Jul 14 18:14:30 smithi039 ceph-1151f38e-2272-11ee-9b33-001a4aab830c-mgr-x[127694]: The key's randomart image is:
2023-07-14T18:14:30.701 INFO:journalctl@ceph.mgr.x.smithi039.stdout:Jul 14 18:14:30 smithi039 ceph-1151f38e-2272-11ee-9b33-001a4aab830c-mgr-x[127694]: +---[RSA 3072]----+
2023-07-14T18:14:30.701 INFO:journalctl@ceph.mgr.x.smithi039.stdout:Jul 14 18:14:30 smithi039 ceph-1151f38e-2272-11ee-9b33-001a4aab830c-mgr-x[127694]: |.o =++o... |
2023-07-14T18:14:30.702 INFO:journalctl@ceph.mgr.x.smithi039.stdout:Jul 14 18:14:30 smithi039 ceph-1151f38e-2272-11ee-9b33-001a4aab830c-mgr-x[127694]: |. o =oo.. . o |
2023-07-14T18:14:30.702 INFO:journalctl@ceph.mgr.x.smithi039.stdout:Jul 14 18:14:30 smithi039 ceph-1151f38e-2272-11ee-9b33-001a4aab830c-mgr-x[127694]: | . o +.. o . |
2023-07-14T18:14:30.702 INFO:journalctl@ceph.mgr.x.smithi039.stdout:Jul 14 18:14:30 smithi039 ceph-1151f38e-2272-11ee-9b33-001a4aab830c-mgr-x[127694]: | . .o= . o o|
2023-07-14T18:14:30.702 INFO:journalctl@ceph.mgr.x.smithi039.stdout:Jul 14 18:14:30 smithi039 ceph-1151f38e-2272-11ee-9b33-001a4aab830c-mgr-x[127694]: | E S... = =.|
2023-07-14T18:14:30.702 INFO:journalctl@ceph.mgr.x.smithi039.stdout:Jul 14 18:14:30 smithi039 ceph-1151f38e-2272-11ee-9b33-001a4aab830c-mgr-x[127694]: | . . o o+ o =|
2023-07-14T18:14:30.702 INFO:journalctl@ceph.mgr.x.smithi039.stdout:Jul 14 18:14:30 smithi039 ceph-1151f38e-2272-11ee-9b33-001a4aab830c-mgr-x[127694]: | + +. . *o|
2023-07-14T18:14:30.702 INFO:journalctl@ceph.mgr.x.smithi039.stdout:Jul 14 18:14:30 smithi039 ceph-1151f38e-2272-11ee-9b33-001a4aab830c-mgr-x[127694]: | o .o + X|
2023-07-14T18:14:30.702 INFO:journalctl@ceph.mgr.x.smithi039.stdout:Jul 14 18:14:30 smithi039 ceph-1151f38e-2272-11ee-9b33-001a4aab830c-mgr-x[127694]: | ..o =.|
2023-07-14T18:14:30.703 INFO:journalctl@ceph.mgr.x.smithi039.stdout:Jul 14 18:14:30 smithi039 ceph-1151f38e-2272-11ee-9b33-001a4aab830c-mgr-x[127694]: +----[SHA256]-----+
2023-07-14T18:14:30.972 INFO:teuthology.orchestra.run.smithi039.stdout:/usr/bin/ceph: stderr
2023-07-14T18:14:29.615+0000 7f36722bb700 1 Processor -- start
2023-07-14T18:14:30.972 INFO:teuthology.orchestra.run.smithi039.stdout:/usr/bin/ceph: stderr
2023-07-14T18:14:29.615+0000 7f36722bb700 1 -- start start
2023-07-14T18:14:30.972 INFO:teuthology.orchestra.run.smithi039.stdout:/usr/bin/ceph: stderr
2023-07-14T18:14:29.615+0000 7f36722bb700 1 --2- >> [v2:172.21.15.39:3300/0,v1:172.21.15.39:6789/0] conn(0x7f366c1040e0 0x7f366c1044f0 unknown :-1 s=NONE pgs=0 cs=0 l=0 rev1=0 crypto rx=0 tx=0 comp rx=0 tx=0).connect
2023-07-14T18:14:30.972 INFO:teuthology.orchestra.run.smithi039.stdout:/usr/bin/ceph: stderr
2023-07-14T18:14:29.615+0000 7f36722bb700 1 -- --> [v2:172.21.15.39:3300/0,v1:172.21.15.39:6789/0] -- mon_getmap magic: 0 v1 -- 0x7f366c104a30 con 0x7f366c1040e0
2023-07-14T18:14:30.973 INFO:teuthology.orchestra.run.smithi039.stdout:/usr/bin/ceph: stderr
2023-07-14T18:14:29.615+0000 7f366bfff700 1 --2- >> [v2:172.21.15.39:3300/0,v1:172.21.15.39:6789/0] conn(0x7f366c1040e0 0x7f366c1044f0 unknown :-1 s=BANNER_CONNECTING pgs=0 cs=0 l=0 rev1=0 crypto rx=0 tx=0 comp rx=0 tx=0)._handle_peer_banner_payload supported=3 required=0
2023-07-14T18:14:30.973 INFO:teuthology.orchestra.run.smithi039.stdout:/usr/bin/ceph: stderr
2023-07-14T18:14:29.615+0000 7f366bfff700 1 --2- >> [v2:172.21.15.39:3300/0,v1:172.21.15.39:6789/0] conn(0x7f366c1040e0 0x7f366c1044f0 unknown :-1 s=HELLO_CONNECTING pgs=0 cs=0 l=0 rev1=1 crypto rx=0 tx=0 comp rx=0 tx=0).handle_hello peer v2:172.21.15.39:3300/0 says I am v2:172.21.15.39:48602/0 (socket says 172.21.15.39:48602)
2023-07-14T18:14:30.973 INFO:teuthology.orchestra.run.smithi039.stdout:/usr/bin/ceph: stderr
2023-07-14T18:14:29.615+0000 7f366bfff700 1 -- 172.21.15.39:0/2627713537 learned_addr learned my addr 172.21.15.39:0/2627713537 (peer_addr_for_me v2:172.21.15.39:0/0)
2023-07-14T18:14:30.973 INFO:teuthology.orchestra.run.smithi039.stdout:/usr/bin/ceph: stderr
2023-07-14T18:14:29.616+0000 7f366bfff700 1 -- 172.21.15.39:0/2627713537 --> [v2:172.21.15.39:3300/0,v1:172.21.15.39:6789/0] -- mon_subscribe({config=0+,monmap=0+}) v3 -- 0x7f366c104b70 con 0x7f366c1040e0
2023-07-14T18:14:30.973 INFO:teuthology.orchestra.run.smithi039.stdout:/usr/bin/ceph: stderr
2023-07-14T18:14:29.616+0000 7f366bfff700 1 --2- 172.21.15.39:0/2627713537 >> [v2:172.21.15.39:3300/0,v1:172.21.15.39:6789/0] conn(0x7f366c1040e0 0x7f366c1044f0 secure :-1 s=READY pgs=41 cs=0 l=1 rev1=1 crypto rx=0x7f365c0098a0 tx=0x7f365c009bb0 comp rx=0 tx=0).ready entity=mon.0 client_cookie=2ef56ec52aa18769 server_cookie=0 in_seq=0 out_seq=0
2023-07-14T18:14:30.973 INFO:teuthology.orchestra.run.smithi039.stdout:/usr/bin/ceph: stderr
2023-07-14T18:14:29.616+0000 7f366affd700 1 -- 172.21.15.39:0/2627713537 <== mon.0 v2:172.21.15.39:3300/0 1 ==== mon_map magic: 0 v1 ==== 205+0+0 (secure 0 0 0) 0x7f365c004160 con 0x7f366c1040e0
2023-07-14T18:14:30.973 INFO:teuthology.orchestra.run.smithi039.stdout:/usr/bin/ceph: stderr
2023-07-14T18:14:29.616+0000 7f366affd700 1 -- 172.21.15.39:0/2627713537 <== mon.0 v2:172.21.15.39:3300/0 2 ==== config(25 keys) v1 ==== 1036+0+0 (secure 0 0 0) 0x7f365c0042c0 con 0x7f366c1040e0
2023-07-14T18:14:30.974 INFO:teuthology.orchestra.run.smithi039.stdout:/usr/bin/ceph: stderr
2023-07-14T18:14:29.616+0000 7f366affd700 1 -- 172.21.15.39:0/2627713537 <== mon.0 v2:172.21.15.39:3300/0 3 ==== mon_map magic: 0 v1 ==== 205+0+0 (secure 0 0 0) 0x7f365c011940 con 0x7f366c1040e0
2023-07-14T18:14:30.974 INFO:teuthology.orchestra.run.smithi039.stdout:/usr/bin/ceph: stderr
2023-07-14T18:14:29.616+0000 7f36722bb700 1 -- 172.21.15.39:0/2627713537 >> [v2:172.21.15.39:3300/0,v1:172.21.15.39:6789/0] conn(0x7f366c1040e0 msgr2=0x7f366c1044f0 secure :-1 s=STATE_CONNECTION_ESTABLISHED l=1).mark_down
2023-07-14T18:14:30.974 INFO:teuthology.orchestra.run.smithi039.stdout:/usr/bin/ceph: stderr
2023-07-14T18:14:29.616+0000 7f36722bb700 1 --2- 172.21.15.39:0/2627713537 >> [v2:172.21.15.39:3300/0,v1:172.21.15.39:6789/0] conn(0x7f366c1040e0 0x7f366c1044f0 secure :-1 s=READY pgs=41 cs=0 l=1 rev1=1 crypto rx=0x7f365c0098a0 tx=0x7f365c009bb0 comp rx=0 tx=0).stop
2023-07-14T18:14:30.974 INFO:teuthology.orchestra.run.smithi039.stdout:/usr/bin/ceph: stderr
2023-07-14T18:14:29.617+0000 7f36722bb700 1 -- 172.21.15.39:0/2627713537 shutdown_connections
2023-07-14T18:14:30.974 INFO:teuthology.orchestra.run.smithi039.stdout:/usr/bin/ceph: stderr
2023-07-14T18:14:29.617+0000 7f36722bb700 1 --2- 172.21.15.39:0/2627713537 >> [v2:172.21.15.39:3300/0,v1:172.21.15.39:6789/0] conn(0x7f366c1040e0 0x7f366c1044f0 unknown :-1 s=CLOSED pgs=41 cs=0 l=1 rev1=1 crypto rx=0 tx=0 comp rx=0 tx=0).stop
2023-07-14T18:14:30.974 INFO:teuthology.orchestra.run.smithi039.stdout:/usr/bin/ceph: stderr
2023-07-14T18:14:29.617+0000 7f36722bb700 1 -- 172.21.15.39:0/2627713537 >> 172.21.15.39:0/2627713537 conn(0x7f366c0ff770 msgr2=0x7f366c101b80 unknown :-1 s=STATE_NONE l=0).mark_down
2023-07-14T18:14:30.974 INFO:teuthology.orchestra.run.smithi039.stdout:/usr/bin/ceph: stderr
2023-07-14T18:14:29.617+0000 7f36722bb700 1 -- 172.21.15.39:0/2627713537 shutdown_connections
2023-07-14T18:14:30.974 INFO:teuthology.orchestra.run.smithi039.stdout:/usr/bin/ceph: stderr
2023-07-14T18:14:29.617+0000 7f36722bb700 1 -- 172.21.15.39:0/2627713537 wait complete.
2023-07-14T18:14:30.975 INFO:teuthology.orchestra.run.smithi039.stdout:/usr/bin/ceph: stderr
2023-07-14T18:14:29.617+0000 7f36722bb700 1 Processor -- start
2023-07-14T18:14:30.975 INFO:teuthology.orchestra.run.smithi039.stdout:/usr/bin/ceph: stderr
2023-07-14T18:14:29.617+0000 7f36722bb700 1 -- start start
2023-07-14T18:14:30.975 INFO:teuthology.orchestra.run.smithi039.stdout:/usr/bin/ceph: stderr
2023-07-14T18:14:29.618+0000 7f36722bb700 1 --2- >> [v2:172.21.15.39:3300/0,v1:172.21.15.39:6789/0] conn(0x7f366c1040e0 0x7f366c19b120 unknown :-1 s=NONE pgs=0 cs=0 l=1 rev1=0 crypto rx=0 tx=0 comp rx=0 tx=0).connect
2023-07-14T18:14:30.975 INFO:teuthology.orchestra.run.smithi039.stdout:/usr/bin/ceph: stderr
2023-07-14T18:14:29.618+0000 7f36722bb700 1 -- --> [v2:172.21.15.39:3300/0,v1:172.21.15.39:6789/0] -- mon_getmap magic: 0 v1 -- 0x7f366c19b660 con 0x7f366c1040e0
2023-07-14T18:14:30.975 INFO:teuthology.orchestra.run.smithi039.stdout:/usr/bin/ceph: stderr
2023-07-14T18:14:29.618+0000 7f366bfff700 1 --2- >> [v2:172.21.15.39:3300/0,v1:172.21.15.39:6789/0] conn(0x7f366c1040e0 0x7f366c19b120 unknown :-1 s=BANNER_CONNECTING pgs=0 cs=0 l=1 rev1=0 crypto rx=0 tx=0 comp rx=0 tx=0)._handle_peer_banner_payload supported=3 required=0
2023-07-14T18:14:30.975 INFO:teuthology.orchestra.run.smithi039.stdout:/usr/bin/ceph: stderr
2023-07-14T18:14:29.618+0000 7f366bfff700 1 --2- >> [v2:172.21.15.39:3300/0,v1:172.21.15.39:6789/0] conn(0x7f366c1040e0 0x7f366c19b120 unknown :-1 s=HELLO_CONNECTING pgs=0 cs=0 l=1 rev1=1 crypto rx=0 tx=0 comp rx=0 tx=0).handle_hello peer v2:172.21.15.39:3300/0 says I am v2:172.21.15.39:48604/0 (socket says 172.21.15.39:48604)
2023-07-14T18:14:30.975 INFO:teuthology.orchestra.run.smithi039.stdout:/usr/bin/ceph: stderr
2023-07-14T18:14:29.618+0000 7f366bfff700 1 -- 172.21.15.39:0/1538227063 learned_addr learned my addr 172.21.15.39:0/1538227063 (peer_addr_for_me v2:172.21.15.39:0/0)
2023-07-14T18:14:30.975 INFO:teuthology.orchestra.run.smithi039.stdout:/usr/bin/ceph: stderr
2023-07-14T18:14:29.618+0000 7f366bfff700 1 -- 172.21.15.39:0/1538227063 --> [v2:172.21.15.39:3300/0,v1:172.21.15.39:6789/0] -- mon_subscribe({config=0+,monmap=0+}) v3 -- 0x7f365c009550 con 0x7f366c1040e0
2023-07-14T18:14:30.976 INFO:teuthology.orchestra.run.smithi039.stdout:/usr/bin/ceph: stderr
2023-07-14T18:14:29.618+0000 7f366bfff700 1 --2- 172.21.15.39:0/1538227063 >> [v2:172.21.15.39:3300/0,v1:172.21.15.39:6789/0] conn(0x7f366c1040e0 0x7f366c19b120 secure :-1 s=READY pgs=42 cs=0 l=1 rev1=1 crypto rx=0x7f365c011dc0 tx=0x7f365c011ea0 comp rx=0 tx=0).ready entity=mon.0 client_cookie=0 server_cookie=0 in_seq=0 out_seq=0
2023-07-14T18:14:30.976 INFO:teuthology.orchestra.run.smithi039.stdout:/usr/bin/ceph: stderr
2023-07-14T18:14:29.618+0000 7f36697fa700 1 -- 172.21.15.39:0/1538227063 <== mon.0 v2:172.21.15.39:3300/0 1 ==== mon_map magic: 0 v1 ==== 205+0+0 (secure 0 0 0) 0x7f365c0037d0 con 0x7f366c1040e0
2023-07-14T18:14:30.976 INFO:teuthology.orchestra.run.smithi039.stdout:/usr/bin/ceph: stderr
2023-07-14T18:14:29.618+0000 7f36697fa700 1 -- 172.21.15.39:0/1538227063 <== mon.0 v2:172.21.15.39:3300/0 2 ==== config(25 keys) v1 ==== 1036+0+0 (secure 0 0 0) 0x7f365c01b440 con 0x7f366c1040e0
2023-07-14T18:14:30.976 INFO:teuthology.orchestra.run.smithi039.stdout:/usr/bin/ceph: stderr
2023-07-14T18:14:29.618+0000 7f36722bb700 1 -- 172.21.15.39:0/1538227063 --> [v2:172.21.15.39:3300/0,v1:172.21.15.39:6789/0] -- mon_subscribe({mgrmap=0+}) v3 -- 0x7f366c19b860 con 0x7f366c1040e0
2023-07-14T18:14:30.976 INFO:teuthology.orchestra.run.smithi039.stdout:/usr/bin/ceph: stderr
2023-07-14T18:14:29.618+0000 7f36697fa700 1 -- 172.21.15.39:0/1538227063 <== mon.0 v2:172.21.15.39:3300/0 3 ==== mon_map magic: 0 v1 ==== 205+0+0 (secure 0 0 0) 0x7f365c01a560 con 0x7f366c1040e0
2023-07-14T18:14:30.976 INFO:teuthology.orchestra.run.smithi039.stdout:/usr/bin/ceph: stderr
2023-07-14T18:14:29.618+0000 7f36722bb700 1 -- 172.21.15.39:0/1538227063 --> [v2:172.21.15.39:3300/0,v1:172.21.15.39:6789/0] -- mon_subscribe({osdmap=0}) v3 -- 0x7f366c19bc80 con 0x7f366c1040e0
2023-07-14T18:14:30.976 INFO:teuthology.orchestra.run.smithi039.stdout:/usr/bin/ceph: stderr
2023-07-14T18:14:29.619+0000 7f36697fa700 1 -- 172.21.15.39:0/1538227063 <== mon.0 v2:172.21.15.39:3300/0 4 ==== mgrmap(e 8) v1 ==== 45483+0+0 (secure 0 0 0) 0x7f365c01a7d0 con 0x7f366c1040e0
2023-07-14T18:14:30.977 INFO:teuthology.orchestra.run.smithi039.stdout:/usr/bin/ceph: stderr
2023-07-14T18:14:29.620+0000 7f36697fa700 1 --2- 172.21.15.39:0/1538227063 >> [v2:172.21.15.39:6800/1733981271,v1:172.21.15.39:6801/1733981271] conn(0x7f3654038760 0x7f365403ac10 unknown :-1 s=NONE pgs=0 cs=0 l=1 rev1=0 crypto rx=0 tx=0 comp rx=0 tx=0).connect
2023-07-14T18:14:30.977 INFO:teuthology.orchestra.run.smithi039.stdout:/usr/bin/ceph: stderr
2023-07-14T18:14:29.620+0000 7f36697fa700 1 -- 172.21.15.39:0/1538227063 <== mon.0 v2:172.21.15.39:3300/0 5 ==== osd_map(2..2 src has 1..2) v4 ==== 940+0+0 (secure 0 0 0) 0x7f365c04c7d0 con 0x7f366c1040e0
2023-07-14T18:14:30.977 INFO:teuthology.orchestra.run.smithi039.stdout:/usr/bin/ceph: stderr
2023-07-14T18:14:29.620+0000 7f366b7fe700 1 --2- 172.21.15.39:0/1538227063 >> [v2:172.21.15.39:6800/1733981271,v1:172.21.15.39:6801/1733981271] conn(0x7f3654038760 0x7f365403ac10 unknown :-1 s=BANNER_CONNECTING pgs=0 cs=0 l=1 rev1=0 crypto rx=0 tx=0 comp rx=0 tx=0)._handle_peer_banner_payload supported=3 required=0
2023-07-14T18:14:30.977 INFO:teuthology.orchestra.run.smithi039.stdout:/usr/bin/ceph: stderr
2023-07-14T18:14:29.620+0000 7f366b7fe700 1 --2- 172.21.15.39:0/1538227063 >> [v2:172.21.15.39:6800/1733981271,v1:172.21.15.39:6801/1733981271] conn(0x7f3654038760 0x7f365403ac10 secure :-1 s=READY pgs=9 cs=0 l=1 rev1=1 crypto rx=0x7f3660006fd0 tx=0x7f3660006e40 comp rx=0 tx=0).ready entity=mgr.14120 client_cookie=0 server_cookie=0 in_seq=0 out_seq=0
2023-07-14T18:14:30.977 INFO:teuthology.orchestra.run.smithi039.stdout:/usr/bin/ceph: stderr
2023-07-14T18:14:29.620+0000 7f36722bb700 1 -- 172.21.15.39:0/1538227063 --> [v2:172.21.15.39:3300/0,v1:172.21.15.39:6789/0] -- mon_command({"prefix": "get_command_descriptions"} v 0) v1 -- 0x7f366c068520 con 0x7f366c1040e0
2023-07-14T18:14:30.977 INFO:teuthology.orchestra.run.smithi039.stdout:/usr/bin/ceph: stderr
2023-07-14T18:14:29.625+0000 7f36697fa700 1 -- 172.21.15.39:0/1538227063 <== mon.0 v2:172.21.15.39:3300/0 6 ==== mon_command_ack([{"prefix": "get_command_descriptions"}]=0 v0) v1 ==== 72+0+178025 (secure 0 0 0) 0x7f365c023980 con 0x7f366c1040e0
2023-07-14T18:14:30.977 INFO:teuthology.orchestra.run.smithi039.stdout:/usr/bin/ceph: stderr
2023-07-14T18:14:29.983+0000 7f36722bb700 1 -- 172.21.15.39:0/1538227063 --> [v2:172.21.15.39:6800/1733981271,v1:172.21.15.39:6801/1733981271] -- mgr_command(tid 0: {"prefix": "cephadm generate-key", "target": ["mon-mgr", ""]}) v1 -- 0x7f366c060a80 con 0x7f3654038760
2023-07-14T18:14:30.978 INFO:teuthology.orchestra.run.smithi039.stdout:/usr/bin/ceph: stderr
2023-07-14T18:14:30.207+0000 7f36697fa700 1 -- 172.21.15.39:0/1538227063 <== mgr.14120 v2:172.21.15.39:6800/1733981271 1 ==== mgr_command_reply(tid 0: 0 ) v1 ==== 8+0+0 (secure 0 0 0) 0x7f366c060a80 con 0x7f3654038760
2023-07-14T18:14:30.978 INFO:teuthology.orchestra.run.smithi039.stdout:/usr/bin/ceph: stderr
2023-07-14T18:14:30.210+0000 7f36722bb700 1 -- 172.21.15.39:0/1538227063 >> [v2:172.21.15.39:6800/1733981271,v1:172.21.15.39:6801/1733981271] conn(0x7f3654038760 msgr2=0x7f365403ac10 secure :-1 s=STATE_CONNECTION_ESTABLISHED l=1).mark_down
2023-07-14T18:14:30.978 INFO:teuthology.orchestra.run.smithi039.stdout:/usr/bin/ceph: stderr
2023-07-14T18:14:30.210+0000 7f36722bb700 1 --2- 172.21.15.39:0/1538227063 >> [v2:172.21.15.39:6800/1733981271,v1:172.21.15.39:6801/1733981271] conn(0x7f3654038760 0x7f365403ac10 secure :-1 s=READY pgs=9 cs=0 l=1 rev1=1 crypto rx=0x7f3660006fd0 tx=0x7f3660006e40 comp rx=0 tx=0).stop
2023-07-14T18:14:30.978 INFO:teuthology.orchestra.run.smithi039.stdout:/usr/bin/ceph: stderr
2023-07-14T18:14:30.210+0000 7f36722bb700 1 -- 172.21.15.39:0/1538227063 >> [v2:172.21.15.39:3300/0,v1:172.21.15.39:6789/0] conn(0x7f366c1040e0 msgr2=0x7f366c19b120 secure :-1 s=STATE_CONNECTION_ESTABLISHED l=1).mark_down
2023-07-14T18:14:30.978 INFO:teuthology.orchestra.run.smithi039.stdout:/usr/bin/ceph: stderr
2023-07-14T18:14:30.210+0000 7f36722bb700 1 --2- 172.21.15.39:0/1538227063 >> [v2:172.21.15.39:3300/0,v1:172.21.15.39:6789/0] conn(0x7f366c1040e0 0x7f366c19b120 secure :-1 s=READY pgs=42 cs=0 l=1 rev1=1 crypto rx=0x7f365c011dc0 tx=0x7f365c011ea0 comp rx=0 tx=0).stop
2023-07-14T18:14:30.978 INFO:teuthology.orchestra.run.smithi039.stdout:/usr/bin/ceph: stderr
2023-07-14T18:14:30.210+0000 7f36722bb700 1 -- 172.21.15.39:0/1538227063 shutdown_connections
2023-07-14T18:14:30.978 INFO:teuthology.orchestra.run.smithi039.stdout:/usr/bin/ceph: stderr
2023-07-14T18:14:30.210+0000 7f36722bb700 1 --2- 172.21.15.39:0/1538227063 >> [v2:172.21.15.39:6800/1733981271,v1:172.21.15.39:6801/1733981271] conn(0x7f3654038760 0x7f365403ac10 unknown :-1 s=CLOSED pgs=9 cs=0 l=1 rev1=1 crypto rx=0 tx=0 comp rx=0 tx=0).stop
2023-07-14T18:14:30.978 INFO:teuthology.orchestra.run.smithi039.stdout:/usr/bin/ceph: stderr
2023-07-14T18:14:30.210+0000 7f36722bb700 1 --2- 172.21.15.39:0/1538227063 >> [v2:172.21.15.39:3300/0,v1:172.21.15.39:6789/0] conn(0x7f366c1040e0 0x7f366c19b120 unknown :-1 s=CLOSED pgs=42 cs=0 l=1 rev1=1 crypto rx=0 tx=0 comp rx=0 tx=0).stop
2023-07-14T18:14:30.979 INFO:teuthology.orchestra.run.smithi039.stdout:/usr/bin/ceph: stderr
2023-07-14T18:14:30.210+0000 7f36722bb700 1 -- 172.21.15.39:0/1538227063 >> 172.21.15.39:0/1538227063 conn(0x7f366c0ff770 msgr2=0x7f366c108e40 unknown :-1 s=STATE_NONE l=0).mark_down
2023-07-14T18:14:30.979 INFO:teuthology.orchestra.run.smithi039.stdout:/usr/bin/ceph: stderr
2023-07-14T18:14:30.210+0000 7f36722bb700 1 -- 172.21.15.39:0/1538227063 shutdown_connections
2023-07-14T18:14:30.979 INFO:teuthology.orchestra.run.smithi039.stdout:/usr/bin/ceph: stderr
2023-07-14T18:14:30.210+0000 7f36722bb700 1 -- 172.21.15.39:0/1538227063 wait complete.
2023-07-14T18:14:31.700 INFO:journalctl@ceph.mon.a.smithi039.stdout:Jul 14 18:14:31 smithi039 ceph-mon[127449]: from='client.14136 -' entity='client.admin' cmd=[{"prefix": "cephadm generate-key", "target": ["mon-mgr", ""]}]: dispatch
2023-07-14T18:14:31.701 INFO:journalctl@ceph.mon.a.smithi039.stdout:Jul 14 18:14:31 smithi039 ceph-mon[127449]: Generating ssh key...
2023-07-14T18:14:31.701 INFO:journalctl@ceph.mon.a.smithi039.stdout:Jul 14 18:14:31 smithi039 ceph-mon[127449]: from='mgr.14120 172.21.15.39:0/3209411636' entity='mgr.x'
2023-07-14T18:14:31.701 INFO:journalctl@ceph.mon.a.smithi039.stdout:Jul 14 18:14:31 smithi039 ceph-mon[127449]: from='mgr.14120 172.21.15.39:0/3209411636' entity='mgr.x'
2023-07-14T18:14:32.221 INFO:teuthology.orchestra.run.smithi039.stdout:/usr/bin/ceph: stdout ssh-rsa AAAAB3NzaC1yc2EAAAADAQABAAABgQDP3ZuUhXKu4UwNlXlVx5xKVLXP70jux97UHxuX0cWwdGfBoW3zwxDeL/1NMdw+ryHINGkn0ilV2k5pnphDfgp20g9+kJey3XzKXVOJFWCZ5rC6bEYRCjBR9fX1vajzOMBBaoqAWyUtCcH2n22dbZvgEBh4bwN1PxGgc7RjaVvGH2D5cAXgvPUdpGNjXbVLnK6lS49weq4YAY3dlDtK81ypBKfrygSO1FcS7d42hy6JT+3+fpyyCZc5qnk0jLfgvOVjd6Ix1oEhUjsQBD9BSubo7RLBr6y2vOp7UwG8JxPIIaS7fP2Co3WJVGF97uMIPfOG+E/0jESwzClWEdS7vm7NF4yq8AOXHRSTIJOUNzmSSQQchkfe6PNcCBMKMrcKdyP3H8mh6bzDmf/DgZ7SvIeP4WDjf8V8DNcYvlZ6mBCzEftRpJXeC5AesqhMrqpudfMaZAVhb93jCsF2Z+/kfIAKSjzp6z2n52Xm+xTeRdVjcJYrx1LVuTyrBelEuNMPfCE= ceph-1151f38e-2272-11ee-9b33-001a4aab830c
2023-07-14T18:14:32.222 INFO:teuthology.orchestra.run.smithi039.stdout:/usr/bin/ceph: stderr
2023-07-14T18:14:31.425+0000 7f4d5214e700 1 Processor -- start
