2023-07-14T18:16:57.685 INFO:journalctl@ceph.mgr.x.smithi064.stdout:Jul 14 18:16:57 smithi064 ceph-5441c8fe-2272-11ee-9b33-001a4aab830c-mgr-x[96968]:
2023-07-14T18:16:57.542+0000 7f955ffbf200 -1 mgr[py] Module devicehealth has missing NOTIFY_TYPES member
2023-07-14T18:16:57.685 INFO:journalctl@ceph.mgr.x.smithi064.stdout:Jul 14 18:16:57 smithi064 ceph-5441c8fe-2272-11ee-9b33-001a4aab830c-mgr-x[96968]:
2023-07-14T18:16:57.638+0000 7f955ffbf200 -1 mgr[py] Module osd_support has missing NOTIFY_TYPES member
2023-07-14T18:16:57.753 INFO:teuthology.orchestra.run.smithi064.stdout:/usr/bin/ceph: stderr
2023-07-14T18:16:56.547+0000 7fa16592f700 1 Processor -- start
2023-07-14T18:16:57.753 INFO:teuthology.orchestra.run.smithi064.stdout:/usr/bin/ceph: stderr
2023-07-14T18:16:56.547+0000 7fa16592f700 1 -- start start
2023-07-14T18:16:57.753 INFO:teuthology.orchestra.run.smithi064.stdout:/usr/bin/ceph: stderr
2023-07-14T18:16:56.547+0000 7fa16592f700 1 --2- >> [v2:172.21.15.64:3300/0,v1:172.21.15.64:6789/0] conn(0x7fa160073b40 0x7fa16010a290 unknown :-1 s=NONE pgs=0 cs=0 l=0 rev1=0 crypto rx=0 tx=0 comp rx=0 tx=0).connect
2023-07-14T18:16:57.753 INFO:teuthology.orchestra.run.smithi064.stdout:/usr/bin/ceph: stderr
2023-07-14T18:16:56.547+0000 7fa16592f700 1 -- --> [v2:172.21.15.64:3300/0,v1:172.21.15.64:6789/0] -- mon_getmap magic: 0 v1 -- 0x7fa160105c80 con 0x7fa160073b40
2023-07-14T18:16:57.753 INFO:teuthology.orchestra.run.smithi064.stdout:/usr/bin/ceph: stderr
2023-07-14T18:16:56.547+0000 7fa15effd700 1 --2- >> [v2:172.21.15.64:3300/0,v1:172.21.15.64:6789/0] conn(0x7fa160073b40 0x7fa16010a290 unknown :-1 s=BANNER_CONNECTING pgs=0 cs=0 l=0 rev1=0 crypto rx=0 tx=0 comp rx=0 tx=0)._handle_peer_banner_payload supported=3 required=0
2023-07-14T18:16:57.754 INFO:teuthology.orchestra.run.smithi064.stdout:/usr/bin/ceph: stderr
2023-07-14T18:16:56.547+0000 7fa15effd700 1 --2- >> [v2:172.21.15.64:3300/0,v1:172.21.15.64:6789/0] conn(0x7fa160073b40 0x7fa16010a290 unknown :-1 s=HELLO_CONNECTING pgs=0 cs=0 l=0 rev1=1 crypto rx=0 tx=0 comp rx=0 tx=0).handle_hello peer v2:172.21.15.64:3300/0 says I am v2:172.21.15.64:45738/0 (socket says 172.21.15.64:45738)
2023-07-14T18:16:57.754 INFO:teuthology.orchestra.run.smithi064.stdout:/usr/bin/ceph: stderr
2023-07-14T18:16:56.548+0000 7fa15effd700 1 -- 172.21.15.64:0/465836704 learned_addr learned my addr 172.21.15.64:0/465836704 (peer_addr_for_me v2:172.21.15.64:0/0)
2023-07-14T18:16:57.754 INFO:teuthology.orchestra.run.smithi064.stdout:/usr/bin/ceph: stderr
2023-07-14T18:16:56.548+0000 7fa15effd700 1 -- 172.21.15.64:0/465836704 --> [v2:172.21.15.64:3300/0,v1:172.21.15.64:6789/0] -- mon_subscribe({config=0+,monmap=0+}) v3 -- 0x7fa16010a7d0 con 0x7fa160073b40
2023-07-14T18:16:57.754 INFO:teuthology.orchestra.run.smithi064.stdout:/usr/bin/ceph: stderr
2023-07-14T18:16:56.548+0000 7fa15effd700 1 --2- 172.21.15.64:0/465836704 >> [v2:172.21.15.64:3300/0,v1:172.21.15.64:6789/0] conn(0x7fa160073b40 0x7fa16010a290 secure :-1 s=READY pgs=55 cs=0 l=1 rev1=1 crypto rx=0x7fa1540098a0 tx=0x7fa154009bb0 comp rx=0 tx=0).ready entity=mon.0 client_cookie=bcfc6583c8eab34 server_cookie=0 in_seq=0 out_seq=0
2023-07-14T18:16:57.754 INFO:teuthology.orchestra.run.smithi064.stdout:/usr/bin/ceph: stderr
2023-07-14T18:16:56.548+0000 7fa15dffb700 1 -- 172.21.15.64:0/465836704 <== mon.0 v2:172.21.15.64:3300/0 1 ==== mon_map magic: 0 v1 ==== 205+0+0 (secure 0 0 0) 0x7fa154004160 con 0x7fa160073b40
2023-07-14T18:16:57.754 INFO:teuthology.orchestra.run.smithi064.stdout:/usr/bin/ceph: stderr
2023-07-14T18:16:56.548+0000 7fa15dffb700 1 -- 172.21.15.64:0/465836704 <== mon.0 v2:172.21.15.64:3300/0 2 ==== config(25 keys) v1 ==== 1067+0+0 (secure 0 0 0) 0x7fa1540042c0 con 0x7fa160073b40
2023-07-14T18:16:57.754 INFO:teuthology.orchestra.run.smithi064.stdout:/usr/bin/ceph: stderr
2023-07-14T18:16:56.548+0000 7fa15dffb700 1 -- 172.21.15.64:0/465836704 <== mon.0 v2:172.21.15.64:3300/0 3 ==== mon_map magic: 0 v1 ==== 205+0+0 (secure 0 0 0) 0x7fa1540118e0 con 0x7fa160073b40
2023-07-14T18:16:57.755 INFO:teuthology.orchestra.run.smithi064.stdout:/usr/bin/ceph: stderr
2023-07-14T18:16:56.549+0000 7fa16592f700 1 -- 172.21.15.64:0/465836704 >> [v2:172.21.15.64:3300/0,v1:172.21.15.64:6789/0] conn(0x7fa160073b40 msgr2=0x7fa16010a290 secure :-1 s=STATE_CONNECTION_ESTABLISHED l=1).mark_down
2023-07-14T18:16:57.755 INFO:teuthology.orchestra.run.smithi064.stdout:/usr/bin/ceph: stderr
2023-07-14T18:16:56.549+0000 7fa16592f700 1 --2- 172.21.15.64:0/465836704 >> [v2:172.21.15.64:3300/0,v1:172.21.15.64:6789/0] conn(0x7fa160073b40 0x7fa16010a290 secure :-1 s=READY pgs=55 cs=0 l=1 rev1=1 crypto rx=0x7fa1540098a0 tx=0x7fa154009bb0 comp rx=0 tx=0).stop
2023-07-14T18:16:57.755 INFO:teuthology.orchestra.run.smithi064.stdout:/usr/bin/ceph: stderr
2023-07-14T18:16:56.549+0000 7fa16592f700 1 -- 172.21.15.64:0/465836704 shutdown_connections
2023-07-14T18:16:57.755 INFO:teuthology.orchestra.run.smithi064.stdout:/usr/bin/ceph: stderr
2023-07-14T18:16:56.549+0000 7fa16592f700 1 --2- 172.21.15.64:0/465836704 >> [v2:172.21.15.64:3300/0,v1:172.21.15.64:6789/0] conn(0x7fa160073b40 0x7fa16010a290 unknown :-1 s=CLOSED pgs=55 cs=0 l=1 rev1=1 crypto rx=0 tx=0 comp rx=0 tx=0).stop
2023-07-14T18:16:57.755 INFO:teuthology.orchestra.run.smithi064.stdout:/usr/bin/ceph: stderr
2023-07-14T18:16:56.549+0000 7fa16592f700 1 -- 172.21.15.64:0/465836704 >> 172.21.15.64:0/465836704 conn(0x7fa1600ff840 msgr2=0x7fa160101c50 unknown :-1 s=STATE_NONE l=0).mark_down
2023-07-14T18:16:57.755 INFO:teuthology.orchestra.run.smithi064.stdout:/usr/bin/ceph: stderr
2023-07-14T18:16:56.549+0000 7fa16592f700 1 -- 172.21.15.64:0/465836704 shutdown_connections
2023-07-14T18:16:57.755 INFO:teuthology.orchestra.run.smithi064.stdout:/usr/bin/ceph: stderr
2023-07-14T18:16:56.549+0000 7fa16592f700 1 -- 172.21.15.64:0/465836704 wait complete.
2023-07-14T18:16:57.755 INFO:teuthology.orchestra.run.smithi064.stdout:/usr/bin/ceph: stderr
2023-07-14T18:16:56.549+0000 7fa16592f700 1 Processor -- start
2023-07-14T18:16:57.756 INFO:teuthology.orchestra.run.smithi064.stdout:/usr/bin/ceph: stderr
2023-07-14T18:16:56.550+0000 7fa16592f700 1 -- start start
2023-07-14T18:16:57.756 INFO:teuthology.orchestra.run.smithi064.stdout:/usr/bin/ceph: stderr
2023-07-14T18:16:56.550+0000 7fa16592f700 1 --2- >> [v2:172.21.15.64:3300/0,v1:172.21.15.64:6789/0] conn(0x7fa160073b40 0x7fa16019b2b0 unknown :-1 s=NONE pgs=0 cs=0 l=1 rev1=0 crypto rx=0 tx=0 comp rx=0 tx=0).connect
2023-07-14T18:16:57.756 INFO:teuthology.orchestra.run.smithi064.stdout:/usr/bin/ceph: stderr
2023-07-14T18:16:56.550+0000 7fa16592f700 1 -- --> [v2:172.21.15.64:3300/0,v1:172.21.15.64:6789/0] -- mon_getmap magic: 0 v1 -- 0x7fa16019b7f0 con 0x7fa160073b40
2023-07-14T18:16:57.756 INFO:teuthology.orchestra.run.smithi064.stdout:/usr/bin/ceph: stderr
2023-07-14T18:16:56.550+0000 7fa15effd700 1 --2- >> [v2:172.21.15.64:3300/0,v1:172.21.15.64:6789/0] conn(0x7fa160073b40 0x7fa16019b2b0 unknown :-1 s=BANNER_CONNECTING pgs=0 cs=0 l=1 rev1=0 crypto rx=0 tx=0 comp rx=0 tx=0)._handle_peer_banner_payload supported=3 required=0
2023-07-14T18:16:57.756 INFO:teuthology.orchestra.run.smithi064.stdout:/usr/bin/ceph: stderr
2023-07-14T18:16:56.550+0000 7fa15effd700 1 --2- >> [v2:172.21.15.64:3300/0,v1:172.21.15.64:6789/0] conn(0x7fa160073b40 0x7fa16019b2b0 unknown :-1 s=HELLO_CONNECTING pgs=0 cs=0 l=1 rev1=1 crypto rx=0 tx=0 comp rx=0 tx=0).handle_hello peer v2:172.21.15.64:3300/0 says I am v2:172.21.15.64:45740/0 (socket says 172.21.15.64:45740)
2023-07-14T18:16:57.756 INFO:teuthology.orchestra.run.smithi064.stdout:/usr/bin/ceph: stderr
2023-07-14T18:16:56.550+0000 7fa15effd700 1 -- 172.21.15.64:0/894489388 learned_addr learned my addr 172.21.15.64:0/894489388 (peer_addr_for_me v2:172.21.15.64:0/0)
2023-07-14T18:16:57.756 INFO:teuthology.orchestra.run.smithi064.stdout:/usr/bin/ceph: stderr
2023-07-14T18:16:56.550+0000 7fa15effd700 1 -- 172.21.15.64:0/894489388 --> [v2:172.21.15.64:3300/0,v1:172.21.15.64:6789/0] -- mon_subscribe({config=0+,monmap=0+}) v3 -- 0x7fa154009550 con 0x7fa160073b40
2023-07-14T18:16:57.757 INFO:teuthology.orchestra.run.smithi064.stdout:/usr/bin/ceph: stderr
2023-07-14T18:16:56.550+0000 7fa15effd700 1 --2- 172.21.15.64:0/894489388 >> [v2:172.21.15.64:3300/0,v1:172.21.15.64:6789/0] conn(0x7fa160073b40 0x7fa16019b2b0 secure :-1 s=READY pgs=56 cs=0 l=1 rev1=1 crypto rx=0x7fa154003e30 tx=0x7fa154011e80 comp rx=0 tx=0).ready entity=mon.0 client_cookie=0 server_cookie=0 in_seq=0 out_seq=0
2023-07-14T18:16:57.757 INFO:teuthology.orchestra.run.smithi064.stdout:/usr/bin/ceph: stderr
2023-07-14T18:16:56.550+0000 7fa16492d700 1 -- 172.21.15.64:0/894489388 <== mon.0 v2:172.21.15.64:3300/0 1 ==== mon_map magic: 0 v1 ==== 205+0+0 (secure 0 0 0) 0x7fa1540036a0 con 0x7fa160073b40
2023-07-14T18:16:57.757 INFO:teuthology.orchestra.run.smithi064.stdout:/usr/bin/ceph: stderr
2023-07-14T18:16:56.550+0000 7fa16492d700 1 -- 172.21.15.64:0/894489388 <== mon.0 v2:172.21.15.64:3300/0 2 ==== config(25 keys) v1 ==== 1067+0+0 (secure 0 0 0) 0x7fa15401b440 con 0x7fa160073b40
2023-07-14T18:16:57.757 INFO:teuthology.orchestra.run.smithi064.stdout:/usr/bin/ceph: stderr
2023-07-14T18:16:56.550+0000 7fa16592f700 1 -- 172.21.15.64:0/894489388 --> [v2:172.21.15.64:3300/0,v1:172.21.15.64:6789/0] -- mon_subscribe({mgrmap=0+}) v3 -- 0x7fa16019b9f0 con 0x7fa160073b40
2023-07-14T18:16:57.757 INFO:teuthology.orchestra.run.smithi064.stdout:/usr/bin/ceph: stderr
2023-07-14T18:16:56.550+0000 7fa16492d700 1 -- 172.21.15.64:0/894489388 <== mon.0 v2:172.21.15.64:3300/0 3 ==== mon_map magic: 0 v1 ==== 205+0+0 (secure 0 0 0) 0x7fa1540193d0 con 0x7fa160073b40
2023-07-14T18:16:57.757 INFO:teuthology.orchestra.run.smithi064.stdout:/usr/bin/ceph: stderr
2023-07-14T18:16:56.551+0000 7fa16592f700 1 -- 172.21.15.64:0/894489388 --> [v2:172.21.15.64:3300/0,v1:172.21.15.64:6789/0] -- mon_subscribe({osdmap=0}) v3 -- 0x7fa16019be10 con 0x7fa160073b40
2023-07-14T18:16:57.757 INFO:teuthology.orchestra.run.smithi064.stdout:/usr/bin/ceph: stderr
2023-07-14T18:16:56.552+0000 7fa16492d700 1 -- 172.21.15.64:0/894489388 <== mon.0 v2:172.21.15.64:3300/0 4 ==== mgrmap(e 8) v1 ==== 45483+0+0 (secure 0 0 0) 0x7fa154019640 con 0x7fa160073b40
2023-07-14T18:16:57.757 INFO:teuthology.orchestra.run.smithi064.stdout:/usr/bin/ceph: stderr
2023-07-14T18:16:56.552+0000 7fa16492d700 1 --2- 172.21.15.64:0/894489388 >> [v2:172.21.15.64:6800/792928752,v1:172.21.15.64:6801/792928752] conn(0x7fa148038710 0x7fa14803abc0 unknown :-1 s=NONE pgs=0 cs=0 l=1 rev1=0 crypto rx=0 tx=0 comp rx=0 tx=0).connect
2023-07-14T18:16:57.758 INFO:teuthology.orchestra.run.smithi064.stdout:/usr/bin/ceph: stderr
2023-07-14T18:16:56.552+0000 7fa16492d700 1 -- 172.21.15.64:0/894489388 <== mon.0 v2:172.21.15.64:3300/0 5 ==== osd_map(2..2 src has 1..2) v4 ==== 940+0+0 (secure 0 0 0) 0x7fa15404c4d0 con 0x7fa160073b40
2023-07-14T18:16:57.758 INFO:teuthology.orchestra.run.smithi064.stdout:/usr/bin/ceph: stderr
2023-07-14T18:16:56.552+0000 7fa16592f700 1 -- 172.21.15.64:0/894489388 --> [v2:172.21.15.64:3300/0,v1:172.21.15.64:6789/0] -- mon_command({"prefix": "get_command_descriptions"} v 0) v1 -- 0x7fa160195260 con 0x7fa160073b40
2023-07-14T18:16:57.758 INFO:teuthology.orchestra.run.smithi064.stdout:/usr/bin/ceph: stderr
2023-07-14T18:16:56.552+0000 7fa15e7fc700 1 --2- 172.21.15.64:0/894489388 >> [v2:172.21.15.64:6800/792928752,v1:172.21.15.64:6801/792928752] conn(0x7fa148038710 0x7fa14803abc0 unknown :-1 s=BANNER_CONNECTING pgs=0 cs=0 l=1 rev1=0 crypto rx=0 tx=0 comp rx=0 tx=0)._handle_peer_banner_payload supported=3 required=0
2023-07-14T18:16:57.758 INFO:teuthology.orchestra.run.smithi064.stdout:/usr/bin/ceph: stderr
2023-07-14T18:16:56.552+0000 7fa15e7fc700 1 --2- 172.21.15.64:0/894489388 >> [v2:172.21.15.64:6800/792928752,v1:172.21.15.64:6801/792928752] conn(0x7fa148038710 0x7fa14803abc0 secure :-1 s=READY pgs=16 cs=0 l=1 rev1=1 crypto rx=0x7fa150006fd0 tx=0x7fa150006e40 comp rx=0 tx=0).ready entity=mgr.14120 client_cookie=0 server_cookie=0 in_seq=0 out_seq=0
2023-07-14T18:16:57.758 INFO:teuthology.orchestra.run.smithi064.stdout:/usr/bin/ceph: stderr
2023-07-14T18:16:56.557+0000 7fa16492d700 1 -- 172.21.15.64:0/894489388 <== mon.0 v2:172.21.15.64:3300/0 6 ==== mon_command_ack([{"prefix": "get_command_descriptions"}]=0 v0) v1 ==== 72+0+178025 (secure 0 0 0) 0x7fa154018940 con 0x7fa160073b40
2023-07-14T18:16:57.758 INFO:teuthology.orchestra.run.smithi064.stdout:/usr/bin/ceph: stderr
2023-07-14T18:16:57.022+0000 7fa16592f700 1 -- 172.21.15.64:0/894489388 --> [v2:172.21.15.64:3300/0,v1:172.21.15.64:6789/0] -- mon_command({"prefix": "mgr module enable", "module": "dashboard"} v 0) v1 -- 0x7fa160061c70 con 0x7fa160073b40
2023-07-14T18:16:57.758 INFO:teuthology.orchestra.run.smithi064.stdout:/usr/bin/ceph: stderr
2023-07-14T18:16:57.337+0000 7fa16492d700 1 -- 172.21.15.64:0/894489388 <== mon.0 v2:172.21.15.64:3300/0 7 ==== mgrmap(e 9) v1 ==== 45496+0+0 (secure 0 0 0) 0x7fa15401b5b0 con 0x7fa160073b40
2023-07-14T18:16:57.759 INFO:teuthology.orchestra.run.smithi064.stdout:/usr/bin/ceph: stderr
2023-07-14T18:16:57.339+0000 7fa16492d700 1 -- 172.21.15.64:0/894489388 <== mon.0 v2:172.21.15.64:3300/0 8 ==== mon_command_ack([{"prefix": "mgr module enable", "module": "dashboard"}]=0 v9) v1 ==== 88+0+0 (secure 0 0 0) 0x7fa154016de0 con 0x7fa160073b40
2023-07-14T18:16:57.759 INFO:teuthology.orchestra.run.smithi064.stdout:/usr/bin/ceph: stderr
2023-07-14T18:16:57.341+0000 7fa16592f700 1 -- 172.21.15.64:0/894489388 >> [v2:172.21.15.64:6800/792928752,v1:172.21.15.64:6801/792928752] conn(0x7fa148038710 msgr2=0x7fa14803abc0 secure :-1 s=STATE_CONNECTION_ESTABLISHED l=1).mark_down
2023-07-14T18:16:57.759 INFO:teuthology.orchestra.run.smithi064.stdout:/usr/bin/ceph: stderr
2023-07-14T18:16:57.341+0000 7fa16592f700 1 --2- 172.21.15.64:0/894489388 >> [v2:172.21.15.64:6800/792928752,v1:172.21.15.64:6801/792928752] conn(0x7fa148038710 0x7fa14803abc0 secure :-1 s=READY pgs=16 cs=0 l=1 rev1=1 crypto rx=0x7fa150006fd0 tx=0x7fa150006e40 comp rx=0 tx=0).stop
2023-07-14T18:16:57.759 INFO:teuthology.orchestra.run.smithi064.stdout:/usr/bin/ceph: stderr
2023-07-14T18:16:57.341+0000 7fa16592f700 1 -- 172.21.15.64:0/894489388 >> [v2:172.21.15.64:3300/0,v1:172.21.15.64:6789/0] conn(0x7fa160073b40 msgr2=0x7fa16019b2b0 secure :-1 s=STATE_CONNECTION_ESTABLISHED l=1).mark_down
2023-07-14T18:16:57.759 INFO:teuthology.orchestra.run.smithi064.stdout:/usr/bin/ceph: stderr
2023-07-14T18:16:57.341+0000 7fa16592f700 1 --2- 172.21.15.64:0/894489388 >> [v2:172.21.15.64:3300/0,v1:172.21.15.64:6789/0] conn(0x7fa160073b40 0x7fa16019b2b0 secure :-1 s=READY pgs=56 cs=0 l=1 rev1=1 crypto rx=0x7fa154003e30 tx=0x7fa154011e80 comp rx=0 tx=0).stop
2023-07-14T18:16:57.759 INFO:teuthology.orchestra.run.smithi064.stdout:/usr/bin/ceph: stderr
2023-07-14T18:16:57.341+0000 7fa16592f700 1 -- 172.21.15.64:0/894489388 shutdown_connections
2023-07-14T18:16:57.759 INFO:teuthology.orchestra.run.smithi064.stdout:/usr/bin/ceph: stderr
2023-07-14T18:16:57.341+0000 7fa16592f700 1 --2- 172.21.15.64:0/894489388 >> [v2:172.21.15.64:6800/792928752,v1:172.21.15.64:6801/792928752] conn(0x7fa148038710 0x7fa14803abc0 unknown :-1 s=CLOSED pgs=16 cs=0 l=1 rev1=1 crypto rx=0 tx=0 comp rx=0 tx=0).stop
2023-07-14T18:16:57.759 INFO:teuthology.orchestra.run.smithi064.stdout:/usr/bin/ceph: stderr
2023-07-14T18:16:57.341+0000 7fa16592f700 1 --2- 172.21.15.64:0/894489388 >> [v2:172.21.15.64:3300/0,v1:172.21.15.64:6789/0] conn(0x7fa160073b40 0x7fa16019b2b0 unknown :-1 s=CLOSED pgs=56 cs=0 l=1 rev1=1 crypto rx=0 tx=0 comp rx=0 tx=0).stop
2023-07-14T18:16:57.760 INFO:teuthology.orchestra.run.smithi064.stdout:/usr/bin/ceph: stderr
2023-07-14T18:16:57.341+0000 7fa16592f700 1 -- 172.21.15.64:0/894489388 >> 172.21.15.64:0/894489388 conn(0x7fa1600ff840 msgr2=0x7fa160100f90 unknown :-1 s=STATE_NONE l=0).mark_down
2023-07-14T18:16:57.760 INFO:teuthology.orchestra.run.smithi064.stdout:/usr/bin/ceph: stderr
2023-07-14T18:16:57.342+0000 7fa16592f700 1 -- 172.21.15.64:0/894489388 shutdown_connections
2023-07-14T18:16:57.760 INFO:teuthology.orchestra.run.smithi064.stdout:/usr/bin/ceph: stderr
2023-07-14T18:16:57.342+0000 7fa16592f700 1 -- 172.21.15.64:0/894489388 wait complete.
2023-07-14T18:16:57.954 INFO:journalctl@ceph.mgr.x.smithi064.stdout:Jul 14 18:16:57 smithi064 ceph-5441c8fe-2272-11ee-9b33-001a4aab830c-mgr-x[96968]:
2023-07-14T18:16:57.752+0000 7f955ffbf200 -1 mgr[py] Module snap_schedule has missing NOTIFY_TYPES member
2023-07-14T18:16:57.955 INFO:journalctl@ceph.mgr.x.smithi064.stdout:Jul 14 18:16:57 smithi064 ceph-5441c8fe-2272-11ee-9b33-001a4aab830c-mgr-x[96968]:
2023-07-14T18:16:57.864+0000 7f955ffbf200 -1 mgr[py] Module zabbix has missing NOTIFY_TYPES member
2023-07-14T18:16:58.335 INFO:journalctl@ceph.mgr.x.smithi064.stdout:Jul 14 18:16:58 smithi064 ceph-5441c8fe-2272-11ee-9b33-001a4aab830c-mgr-x[96968]:
2023-07-14T18:16:58.078+0000 7f955ffbf200 -1 mgr[py] Module crash has missing NOTIFY_TYPES member
2023-07-14T18:16:58.634 INFO:journalctl@ceph.mgr.x.smithi064.stdout:Jul 14 18:16:58 smithi064 ceph-5441c8fe-2272-11ee-9b33-001a4aab830c-mgr-x[96968]:
2023-07-14T18:16:58.478+0000 7f955ffbf200 -1 mgr[py] Module prometheus has missing NOTIFY_TYPES member
2023-07-14T18:16:58.634 INFO:journalctl@ceph.mon.a.smithi064.stdout:Jul 14 18:16:58 smithi064 ceph-mon[96720]: from='client.? 172.21.15.64:0/894489388' entity='client.admin' cmd='[{"prefix": "mgr module enable", "module": "dashboard"}]': finished
2023-07-14T18:16:58.634 INFO:journalctl@ceph.mon.a.smithi064.stdout:Jul 14 18:16:58 smithi064 ceph-mon[96720]: mgrmap e9: x(active, since 19s)
2023-07-14T18:16:58.915 INFO:journalctl@ceph.mgr.x.smithi064.stdout:Jul 14 18:16:58 smithi064 ceph-5441c8fe-2272-11ee-9b33-001a4aab830c-mgr-x[96968]:
2023-07-14T18:16:58.588+0000 7f955ffbf200 -1 mgr[py] Module status has missing NOTIFY_TYPES member
2023-07-14T18:16:58.916 INFO:journalctl@ceph.mgr.x.smithi064.stdout:Jul 14 18:16:58 smithi064 ceph-5441c8fe-2272-11ee-9b33-001a4aab830c-mgr-x[96968]:
2023-07-14T18:16:58.741+0000 7f955ffbf200 -1 mgr[py] Module selftest has missing NOTIFY_TYPES member
2023-07-14T18:16:59.103 INFO:teuthology.orchestra.run.smithi064.stdout:/usr/bin/ceph: stdout {
2023-07-14T18:16:59.103 INFO:teuthology.orchestra.run.smithi064.stdout:/usr/bin/ceph: stdout "epoch": 9,
2023-07-14T18:16:59.103 INFO:teuthology.orchestra.run.smithi064.stdout:/usr/bin/ceph: stdout "available": true,
2023-07-14T18:16:59.103 INFO:teuthology.orchestra.run.smithi064.stdout:/usr/bin/ceph: stdout "active_name": "x",
2023-07-14T18:16:59.104 INFO:teuthology.orchestra.run.smithi064.stdout:/usr/bin/ceph: stdout "num_standby": 0
2023-07-14T18:16:59.104 INFO:teuthology.orchestra.run.smithi064.stdout:/usr/bin/ceph: stdout }
2023-07-14T18:16:59.104 INFO:teuthology.orchestra.run.smithi064.stdout:/usr/bin/ceph: stderr
2023-07-14T18:16:58.200+0000 7f87e99c5700 1 Processor -- start
2023-07-14T18:16:59.104 INFO:teuthology.orchestra.run.smithi064.stdout:/usr/bin/ceph: stderr
2023-07-14T18:16:58.200+0000 7f87e99c5700 1 -- start start
2023-07-14T18:16:59.104 INFO:teuthology.orchestra.run.smithi064.stdout:/usr/bin/ceph: stderr
2023-07-14T18:16:58.200+0000 7f87e99c5700 1 --2- >> [v2:172.21.15.64:3300/0,v1:172.21.15.64:6789/0] conn(0x7f87e41052f0 0x7f87e4105700 unknown :-1 s=NONE pgs=0 cs=0 l=0 rev1=0 crypto rx=0 tx=0 comp rx=0 tx=0).connect
2023-07-14T18:16:59.104 INFO:teuthology.orchestra.run.smithi064.stdout:/usr/bin/ceph: stderr
2023-07-14T18:16:58.200+0000 7f87e99c5700 1 -- --> [v2:172.21.15.64:3300/0,v1:172.21.15.64:6789/0] -- mon_getmap magic: 0 v1 -- 0x7f87e4105c40 con 0x7f87e41052f0
2023-07-14T18:16:59.104 INFO:teuthology.orchestra.run.smithi064.stdout:/usr/bin/ceph: stderr
2023-07-14T18:16:58.200+0000 7f87e2ffd700 1 --2- >> [v2:172.21.15.64:3300/0,v1:172.21.15.64:6789/0] conn(0x7f87e41052f0 0x7f87e4105700 unknown :-1 s=BANNER_CONNECTING pgs=0 cs=0 l=0 rev1=0 crypto rx=0 tx=0 comp rx=0 tx=0)._handle_peer_banner_payload supported=3 required=0
2023-07-14T18:16:59.105 INFO:teuthology.orchestra.run.smithi064.stdout:/usr/bin/ceph: stderr
2023-07-14T18:16:58.200+0000 7f87e2ffd700 1 --2- >> [v2:172.21.15.64:3300/0,v1:172.21.15.64:6789/0] conn(0x7f87e41052f0 0x7f87e4105700 unknown :-1 s=HELLO_CONNECTING pgs=0 cs=0 l=0 rev1=1 crypto rx=0 tx=0 comp rx=0 tx=0).handle_hello peer v2:172.21.15.64:3300/0 says I am v2:172.21.15.64:45754/0 (socket says 172.21.15.64:45754)
2023-07-14T18:16:59.105 INFO:teuthology.orchestra.run.smithi064.stdout:/usr/bin/ceph: stderr
2023-07-14T18:16:58.200+0000 7f87e2ffd700 1 -- 172.21.15.64:0/2102660835 learned_addr learned my addr 172.21.15.64:0/2102660835 (peer_addr_for_me v2:172.21.15.64:0/0)
2023-07-14T18:16:59.105 INFO:teuthology.orchestra.run.smithi064.stdout:/usr/bin/ceph: stderr
2023-07-14T18:16:58.201+0000 7f87e2ffd700 1 -- 172.21.15.64:0/2102660835 --> [v2:172.21.15.64:3300/0,v1:172.21.15.64:6789/0] -- mon_subscribe({config=0+,monmap=0+}) v3 -- 0x7f87e4105d80 con 0x7f87e41052f0
2023-07-14T18:16:59.105 INFO:teuthology.orchestra.run.smithi064.stdout:/usr/bin/ceph: stderr
2023-07-14T18:16:58.201+0000 7f87e2ffd700 1 --2- 172.21.15.64:0/2102660835 >> [v2:172.21.15.64:3300/0,v1:172.21.15.64:6789/0] conn(0x7f87e41052f0 0x7f87e4105700 secure :-1 s=READY pgs=59 cs=0 l=1 rev1=1 crypto rx=0x7f87d40098a0 tx=0x7f87d4009bb0 comp rx=0 tx=0).ready entity=mon.0 client_cookie=c9f45c066bbd4d06 server_cookie=0 in_seq=0 out_seq=0
2023-07-14T18:16:59.105 INFO:teuthology.orchestra.run.smithi064.stdout:/usr/bin/ceph: stderr
2023-07-14T18:16:58.201+0000 7f87e1ffb700 1 -- 172.21.15.64:0/2102660835 <== mon.0 v2:172.21.15.64:3300/0 1 ==== mon_map magic: 0 v1 ==== 205+0+0 (secure 0 0 0) 0x7f87d4004160 con 0x7f87e41052f0
2023-07-14T18:16:59.105 INFO:teuthology.orchestra.run.smithi064.stdout:/usr/bin/ceph: stderr
2023-07-14T18:16:58.201+0000 7f87e1ffb700 1 -- 172.21.15.64:0/2102660835 <== mon.0 v2:172.21.15.64:3300/0 2 ==== config(25 keys) v1 ==== 1067+0+0 (secure 0 0 0) 0x7f87d40042c0 con 0x7f87e41052f0
2023-07-14T18:16:59.105 INFO:teuthology.orchestra.run.smithi064.stdout:/usr/bin/ceph: stderr
2023-07-14T18:16:58.201+0000 7f87e1ffb700 1 -- 172.21.15.64:0/2102660835 <== mon.0 v2:172.21.15.64:3300/0 3 ==== mon_map magic: 0 v1 ==== 205+0+0 (secure 0 0 0) 0x7f87d40118e0 con 0x7f87e41052f0
2023-07-14T18:16:59.105 INFO:teuthology.orchestra.run.smithi064.stdout:/usr/bin/ceph: stderr
2023-07-14T18:16:58.202+0000 7f87e99c5700 1 -- 172.21.15.64:0/2102660835 >> [v2:172.21.15.64:3300/0,v1:172.21.15.64:6789/0] conn(0x7f87e41052f0 msgr2=0x7f87e4105700 secure :-1 s=STATE_CONNECTION_ESTABLISHED l=1).mark_down
2023-07-14T18:16:59.106 INFO:teuthology.orchestra.run.smithi064.stdout:/usr/bin/ceph: stderr
2023-07-14T18:16:58.202+0000 7f87e99c5700 1 --2- 172.21.15.64:0/2102660835 >> [v2:172.21.15.64:3300/0,v1:172.21.15.64:6789/0] conn(0x7f87e41052f0 0x7f87e4105700 secure :-1 s=READY pgs=59 cs=0 l=1 rev1=1 crypto rx=0x7f87d40098a0 tx=0x7f87d4009bb0 comp rx=0 tx=0).stop
2023-07-14T18:16:59.106 INFO:teuthology.orchestra.run.smithi064.stdout:/usr/bin/ceph: stderr
2023-07-14T18:16:58.202+0000 7f87e99c5700 1 -- 172.21.15.64:0/2102660835 shutdown_connections
2023-07-14T18:16:59.106 INFO:teuthology.orchestra.run.smithi064.stdout:/usr/bin/ceph: stderr
2023-07-14T18:16:58.202+0000 7f87e99c5700 1 --2- 172.21.15.64:0/2102660835 >> [v2:172.21.15.64:3300/0,v1:172.21.15.64:6789/0] conn(0x7f87e41052f0 0x7f87e4105700 unknown :-1 s=CLOSED pgs=59 cs=0 l=1 rev1=1 crypto rx=0 tx=0 comp rx=0 tx=0).stop
2023-07-14T18:16:59.106 INFO:teuthology.orchestra.run.smithi064.stdout:/usr/bin/ceph: stderr
2023-07-14T18:16:58.202+0000 7f87e99c5700 1 -- 172.21.15.64:0/2102660835 >> 172.21.15.64:0/2102660835 conn(0x7f87e4100960 msgr2=0x7f87e4102d70 unknown :-1 s=STATE_NONE l=0).mark_down
2023-07-14T18:16:59.106 INFO:teuthology.orchestra.run.smithi064.stdout:/usr/bin/ceph: stderr
2023-07-14T18:16:58.202+0000 7f87e99c5700 1 -- 172.21.15.64:0/2102660835 shutdown_connections
2023-07-14T18:16:59.106 INFO:teuthology.orchestra.run.smithi064.stdout:/usr/bin/ceph: stderr
2023-07-14T18:16:58.202+0000 7f87e99c5700 1 -- 172.21.15.64:0/2102660835 wait complete.
2023-07-14T18:16:59.106 INFO:teuthology.orchestra.run.smithi064.stdout:/usr/bin/ceph: stderr
2023-07-14T18:16:58.202+0000 7f87e99c5700 1 Processor -- start
2023-07-14T18:16:59.107 INFO:teuthology.orchestra.run.smithi064.stdout:/usr/bin/ceph: stderr
2023-07-14T18:16:58.203+0000 7f87e99c5700 1 -- start start
2023-07-14T18:16:59.107 INFO:teuthology.orchestra.run.smithi064.stdout:/usr/bin/ceph: stderr
2023-07-14T18:16:58.203+0000 7f87e99c5700 1 --2- >> [v2:172.21.15.64:3300/0,v1:172.21.15.64:6789/0] conn(0x7f87e41052f0 0x7f87e41990e0 unknown :-1 s=NONE pgs=0 cs=0 l=1 rev1=0 crypto rx=0 tx=0 comp rx=0 tx=0).connect
2023-07-14T18:16:59.107 INFO:teuthology.orchestra.run.smithi064.stdout:/usr/bin/ceph: stderr
2023-07-14T18:16:58.203+0000 7f87e99c5700 1 -- --> [v2:172.21.15.64:3300/0,v1:172.21.15.64:6789/0] -- mon_getmap magic: 0 v1 -- 0x7f87e4199620 con 0x7f87e41052f0
2023-07-14T18:16:59.107 INFO:teuthology.orchestra.run.smithi064.stdout:/usr/bin/ceph: stderr
2023-07-14T18:16:58.203+0000 7f87e2ffd700 1 --2- >> [v2:172.21.15.64:3300/0,v1:172.21.15.64:6789/0] conn(0x7f87e41052f0 0x7f87e41990e0 unknown :-1 s=BANNER_CONNECTING pgs=0 cs=0 l=1 rev1=0 crypto rx=0 tx=0 comp rx=0 tx=0)._handle_peer_banner_payload supported=3 required=0
2023-07-14T18:16:59.107 INFO:teuthology.orchestra.run.smithi064.stdout:/usr/bin/ceph: stderr
2023-07-14T18:16:58.203+0000 7f87e2ffd700 1 --2- >> [v2:172.21.15.64:3300/0,v1:172.21.15.64:6789/0] conn(0x7f87e41052f0 0x7f87e41990e0 unknown :-1 s=HELLO_CONNECTING pgs=0 cs=0 l=1 rev1=1 crypto rx=0 tx=0 comp rx=0 tx=0).handle_hello peer v2:172.21.15.64:3300/0 says I am v2:172.21.15.64:45756/0 (socket says 172.21.15.64:45756)
2023-07-14T18:16:59.107 INFO:teuthology.orchestra.run.smithi064.stdout:/usr/bin/ceph: stderr
2023-07-14T18:16:58.203+0000 7f87e2ffd700 1 -- 172.21.15.64:0/254644509 learned_addr learned my addr 172.21.15.64:0/254644509 (peer_addr_for_me v2:172.21.15.64:0/0)
2023-07-14T18:16:59.107 INFO:teuthology.orchestra.run.smithi064.stdout:/usr/bin/ceph: stderr
2023-07-14T18:16:58.203+0000 7f87e2ffd700 1 -- 172.21.15.64:0/254644509 --> [v2:172.21.15.64:3300/0,v1:172.21.15.64:6789/0] -- mon_subscribe({config=0+,monmap=0+}) v3 -- 0x7f87d4009550 con 0x7f87e41052f0
2023-07-14T18:16:59.107 INFO:teuthology.orchestra.run.smithi064.stdout:/usr/bin/ceph: stderr
2023-07-14T18:16:58.203+0000 7f87e2ffd700 1 --2- 172.21.15.64:0/254644509 >> [v2:172.21.15.64:3300/0,v1:172.21.15.64:6789/0] conn(0x7f87e41052f0 0x7f87e41990e0 secure :-1 s=READY pgs=60 cs=0 l=1 rev1=1 crypto rx=0x7f87d4003e30 tx=0x7f87d40119a0 comp rx=0 tx=0).ready entity=mon.0 client_cookie=0 server_cookie=0 in_seq=0 out_seq=0
2023-07-14T18:16:59.108 INFO:teuthology.orchestra.run.smithi064.stdout:/usr/bin/ceph: stderr
2023-07-14T18:16:58.203+0000 7f87e89c3700 1 -- 172.21.15.64:0/254644509 <== mon.0 v2:172.21.15.64:3300/0 1 ==== mon_map magic: 0 v1 ==== 205+0+0 (secure 0 0 0) 0x7f87d40036a0 con 0x7f87e41052f0
2023-07-14T18:16:59.108 INFO:teuthology.orchestra.run.smithi064.stdout:/usr/bin/ceph: stderr
2023-07-14T18:16:58.204+0000 7f87e89c3700 1 -- 172.21.15.64:0/254644509 <== mon.0 v2:172.21.15.64:3300/0 2 ==== config(25 keys) v1 ==== 1067+0+0 (secure 0 0 0) 0x7f87d401b440 con 0x7f87e41052f0
2023-07-14T18:16:59.108 INFO:teuthology.orchestra.run.smithi064.stdout:/usr/bin/ceph: stderr
2023-07-14T18:16:58.204+0000 7f87e89c3700 1 -- 172.21.15.64:0/254644509 <== mon.0 v2:172.21.15.64:3300/0 3 ==== mon_map magic: 0 v1 ==== 205+0+0 (secure 0 0 0) 0x7f87d4023400 con 0x7f87e41052f0
2023-07-14T18:16:59.108 INFO:teuthology.orchestra.run.smithi064.stdout:/usr/bin/ceph: stderr
2023-07-14T18:16:58.204+0000 7f87e99c5700 1 -- 172.21.15.64:0/254644509 --> [v2:172.21.15.64:3300/0,v1:172.21.15.64:6789/0] -- mon_subscribe({mgrmap=0+}) v3 -- 0x7f87e4199820 con 0x7f87e41052f0
2023-07-14T18:16:59.108 INFO:teuthology.orchestra.run.smithi064.stdout:/usr/bin/ceph: stderr
2023-07-14T18:16:58.204+0000 7f87e99c5700 1 -- 172.21.15.64:0/254644509 --> [v2:172.21.15.64:3300/0,v1:172.21.15.64:6789/0] -- mon_subscribe({osdmap=0}) v3 -- 0x7f87e4199c40 con 0x7f87e41052f0
2023-07-14T18:16:59.108 INFO:teuthology.orchestra.run.smithi064.stdout:/usr/bin/ceph: stderr
2023-07-14T18:16:58.205+0000 7f87e89c3700 1 -- 172.21.15.64:0/254644509 <== mon.0 v2:172.21.15.64:3300/0 4 ==== mgrmap(e 9) v1 ==== 45496+0+0 (secure 0 0 0) 0x7f87d401b5b0 con 0x7f87e41052f0
2023-07-14T18:16:59.108 INFO:teuthology.orchestra.run.smithi064.stdout:/usr/bin/ceph: stderr
2023-07-14T18:16:58.205+0000 7f87e89c3700 1 --2- 172.21.15.64:0/254644509 >> [v2:172.21.15.64:6800/792928752,v1:172.21.15.64:6801/792928752] conn(0x7f87cc038760 0x7f87cc03ac10 unknown :-1 s=NONE pgs=0 cs=0 l=1 rev1=0 crypto rx=0 tx=0 comp rx=0 tx=0).connect
2023-07-14T18:16:59.108 INFO:teuthology.orchestra.run.smithi064.stdout:/usr/bin/ceph: stderr
2023-07-14T18:16:58.205+0000 7f87e89c3700 1 -- 172.21.15.64:0/254644509 <== mon.0 v2:172.21.15.64:3300/0 5 ==== osd_map(2..2 src has 1..2) v4 ==== 940+0+0 (secure 0 0 0) 0x7f87d404c730 con 0x7f87e41052f0
2023-07-14T18:16:59.109 INFO:teuthology.orchestra.run.smithi064.stdout:/usr/bin/ceph: stderr
2023-07-14T18:16:58.205+0000 7f87e27fc700 1 -- 172.21.15.64:0/254644509 >> [v2:172.21.15.64:6800/792928752,v1:172.21.15.64:6801/792928752] conn(0x7f87cc038760 msgr2=0x7f87cc03ac10 unknown :-1 s=STATE_CONNECTING_RE l=1).process reconnect failed to v2:172.21.15.64:6800/792928752
2023-07-14T18:16:59.109 INFO:teuthology.orchestra.run.smithi064.stdout:/usr/bin/ceph: stderr
2023-07-14T18:16:58.205+0000 7f87e27fc700 1 --2- 172.21.15.64:0/254644509 >> [v2:172.21.15.64:6800/792928752,v1:172.21.15.64:6801/792928752] conn(0x7f87cc038760 0x7f87cc03ac10 unknown :-1 s=START_CONNECT pgs=0 cs=0 l=1 rev1=0 crypto rx=0 tx=0 comp rx=0 tx=0)._fault waiting 0.200000
2023-07-14T18:16:59.109 INFO:teuthology.orchestra.run.smithi064.stdout:/usr/bin/ceph: stderr
2023-07-14T18:16:58.205+0000 7f87e99c5700 1 -- 172.21.15.64:0/254644509 --> [v2:172.21.15.64:3300/0,v1:172.21.15.64:6789/0] -- mon_command({"prefix": "get_command_descriptions"} v 0) v1 -- 0x7f87e41930b0 con 0x7f87e41052f0
2023-07-14T18:16:59.109 INFO:teuthology.orchestra.run.smithi064.stdout:/usr/bin/ceph: stderr
2023-07-14T18:16:58.210+0000 7f87e89c3700 1 -- 172.21.15.64:0/254644509 <== mon.0 v2:172.21.15.64:3300/0 6 ==== mon_command_ack([{"prefix": "get_command_descriptions"}]=0 v0) v1 ==== 72+0+178025 (secure 0 0 0) 0x7f87d4019840 con 0x7f87e41052f0
2023-07-14T18:16:59.109 INFO:teuthology.orchestra.run.smithi064.stdout:/usr/bin/ceph: stderr
2023-07-14T18:16:58.406+0000 7f87e27fc700 1 -- 172.21.15.64:0/254644509 >> [v2:172.21.15.64:6800/792928752,v1:172.21.15.64:6801/792928752] conn(0x7f87cc038760 msgr2=0x7f87cc03ac10 unknown :-1 s=STATE_CONNECTING_RE l=1).process reconnect failed to v2:172.21.15.64:6800/792928752
2023-07-14T18:16:59.109 INFO:teuthology.orchestra.run.smithi064.stdout:/usr/bin/ceph: stderr
2023-07-14T18:16:58.406+0000 7f87e27fc700 1 --2- 172.21.15.64:0/254644509 >> [v2:172.21.15.64:6800/792928752,v1:172.21.15.64:6801/792928752] conn(0x7f87cc038760 0x7f87cc03ac10 unknown :-1 s=START_CONNECT pgs=0 cs=0 l=1 rev1=0 crypto rx=0 tx=0 comp rx=0 tx=0)._fault waiting 0.400000
2023-07-14T18:16:59.110 INFO:teuthology.orchestra.run.smithi064.stdout:/usr/bin/ceph: stderr
2023-07-14T18:16:58.679+0000 7f87e99c5700 1 -- 172.21.15.64:0/254644509 --> [v2:172.21.15.64:3300/0,v1:172.21.15.64:6789/0] -- mon_command({"prefix": "mgr stat"} v 0) v1 -- 0x7f87e4107230 con 0x7f87e41052f0
2023-07-14T18:16:59.110 INFO:teuthology.orchestra.run.smithi064.stdout:/usr/bin/ceph: stderr
2023-07-14T18:16:58.680+0000 7f87e89c3700 1 -- 172.21.15.64:0/254644509 <== mon.0 v2:172.21.15.64:3300/0 7 ==== mon_command_ack([{"prefix": "mgr stat"}]=0 v9) v1 ==== 56+0+88 (secure 0 0 0) 0x7f87d4019840 con 0x7f87e41052f0
2023-07-14T18:16:59.110 INFO:teuthology.orchestra.run.smithi064.stdout:/usr/bin/ceph: stderr
2023-07-14T18:16:58.682+0000 7f87e99c5700 1 -- 172.21.15.64:0/254644509 >> [v2:172.21.15.64:6800/792928752,v1:172.21.15.64:6801/792928752] conn(0x7f87cc038760 msgr2=0x7f87cc03ac10 unknown :-1 s=STATE_CONNECTING l=1).mark_down
2023-07-14T18:16:59.110 INFO:teuthology.orchestra.run.smithi064.stdout:/usr/bin/ceph: stderr
2023-07-14T18:16:58.682+0000 7f87e99c5700 1 --2- 172.21.15.64:0/254644509 >> [v2:172.21.15.64:6800/792928752,v1:172.21.15.64:6801/792928752] conn(0x7f87cc038760 0x7f87cc03ac10 unknown :-1 s=START_CONNECT pgs=0 cs=0 l=1 rev1=0 crypto rx=0 tx=0 comp rx=0 tx=0).stop
2023-07-14T18:16:59.110 INFO:teuthology.orchestra.run.smithi064.stdout:/usr/bin/ceph: stderr
2023-07-14T18:16:58.682+0000 7f87e99c5700 1 -- 172.21.15.64:0/254644509 >> [v2:172.21.15.64:3300/0,v1:172.21.15.64:6789/0] conn(0x7f87e41052f0 msgr2=0x7f87e41990e0 secure :-1 s=STATE_CONNECTION_ESTABLISHED l=1).mark_down
2023-07-14T18:16:59.110 INFO:teuthology.orchestra.run.smithi064.stdout:/usr/bin/ceph: stderr
2023-07-14T18:16:58.682+0000 7f87e99c5700 1 --2- 172.21.15.64:0/254644509 >> [v2:172.21.15.64:3300/0,v1:172.21.15.64:6789/0] conn(0x7f87e41052f0 0x7f87e41990e0 secure :-1 s=READY pgs=60 cs=0 l=1 rev1=1 crypto rx=0x7f87d4003e30 tx=0x7f87d40119a0 comp rx=0 tx=0).stop
2023-07-14T18:16:59.110 INFO:teuthology.orchestra.run.smithi064.stdout:/usr/bin/ceph: stderr
2023-07-14T18:16:58.682+0000 7f87e99c5700 1 -- 172.21.15.64:0/254644509 shutdown_connections
2023-07-14T18:16:59.110 INFO:teuthology.orchestra.run.smithi064.stdout:/usr/bin/ceph: stderr
2023-07-14T18:16:58.682+0000 7f87e99c5700 1 --2- 172.21.15.64:0/254644509 >> [v2:172.21.15.64:6800/792928752,v1:172.21.15.64:6801/792928752] conn(0x7f87cc038760 0x7f87cc03ac10 unknown :-1 s=CLOSED pgs=0 cs=0 l=1 rev1=0 crypto rx=0 tx=0 comp rx=0 tx=0).stop
2023-07-14T18:16:59.111 INFO:teuthology.orchestra.run.smithi064.stdout:/usr/bin/ceph: stderr
2023-07-14T18:16:58.682+0000 7f87e99c5700 1 --2- 172.21.15.64:0/254644509 >> [v2:172.21.15.64:3300/0,v1:172.21.15.64:6789/0] conn(0x7f87e41052f0 0x7f87e41990e0 unknown :-1 s=CLOSED pgs=60 cs=0 l=1 rev1=1 crypto rx=0 tx=0 comp rx=0 tx=0).stop
2023-07-14T18:16:59.111 INFO:teuthology.orchestra.run.smithi064.stdout:/usr/bin/ceph: stderr
2023-07-14T18:16:58.682+0000 7f87e99c5700 1 -- 172.21.15.64:0/254644509 >> 172.21.15.64:0/254644509 conn(0x7f87e4100960 msgr2=0x7f87e41020a0 unknown :-1 s=STATE_NONE l=0).mark_down
2023-07-14T18:16:59.111 INFO:teuthology.orchestra.run.smithi064.stdout:/usr/bin/ceph: stderr
2023-07-14T18:16:58.682+0000 7f87e99c5700 1 -- 172.21.15.64:0/254644509 shutdown_connections
2023-07-14T18:16:59.111 INFO:teuthology.orchestra.run.smithi064.stdout:/usr/bin/ceph: stderr
2023-07-14T18:16:58.682+0000 7f87e99c5700 1 -- 172.21.15.64:0/254644509 wait complete.
2023-07-14T18:16:59.111 INFO:teuthology.orchestra.run.smithi064.stdout:Waiting for the mgr to restart...
2023-07-14T18:16:59.111 INFO:teuthology.orchestra.run.smithi064.stdout:Waiting for mgr epoch 9...
2023-07-14T18:16:59.296 INFO:journalctl@ceph.mgr.x.smithi064.stdout:Jul 14 18:16:58 smithi064 ceph-5441c8fe-2272-11ee-9b33-001a4aab830c-mgr-x[96968]:
2023-07-14T18:16:58.869+0000 7f955ffbf200 -1 mgr[py] Module alerts has missing NOTIFY_TYPES member
2023-07-14T18:16:59.551 INFO:journalctl@ceph.mgr.x.smithi064.stdout:Jul 14 18:16:59 smithi064 ceph-5441c8fe-2272-11ee-9b33-001a4aab830c-mgr-x[96968]:
2023-07-14T18:16:59.398+0000 7f955ffbf200 -1 mgr[py] Module progress has missing NOTIFY_TYPES member
2023-07-14T18:16:59.835 INFO:journalctl@ceph.mon.a.smithi064.stdout:Jul 14 18:16:59 smithi064 ceph-mon[96720]: from='client.? 172.21.15.64:0/254644509' entity='client.admin' cmd=[{"prefix": "mgr stat"}]: dispatch
2023-07-14T18:17:00.585 INFO:journalctl@ceph.mgr.x.smithi064.stdout:Jul 14 18:17:00 smithi064 ceph-5441c8fe-2272-11ee-9b33-001a4aab830c-mgr-x[96968]:
2023-07-14T18:17:00.083+0000 7f955ffbf200 -1 mgr[py] Module rook has missing NOTIFY_TYPES member
2023-07-14T18:17:00.586 INFO:journalctl@ceph.mgr.x.smithi064.stdout:Jul 14 18:17:00 smithi064 ceph-5441c8fe-2272-11ee-9b33-001a4aab830c-mgr-x[96968]:
2023-07-14T18:17:00.275+0000 7f955ffbf200 -1 mgr[py] Module iostat has missing NOTIFY_TYPES member
2023-07-14T18:17:01.585 INFO:journalctl@ceph.mgr.x.smithi064.stdout:Jul 14 18:17:01 smithi064 ceph-5441c8fe-2272-11ee-9b33-001a4aab830c-mgr-x[96968]:
2023-07-14T18:17:01.239+0000 7f955ffbf200 -1 mgr[py] Module test_orchestrator has missing NOTIFY_TYPES member
2023-07-14T18:17:01.586 INFO:journalctl@ceph.mgr.x.smithi064.stdout:Jul 14 18:17:01 smithi064 ceph-5441c8fe-2272-11ee-9b33-001a4aab830c-mgr-x[96968]:
2023-07-14T18:17:01.350+0000 7f955ffbf200 -1 mgr[py] Module osd_perf_query has missing NOTIFY_TYPES member
2023-07-14T18:17:01.963 INFO:journalctl@ceph.mgr.x.smithi064.stdout:Jul 14 18:17:01 smithi064 ceph-5441c8fe-2272-11ee-9b33-001a4aab830c-mgr-x[96968]:
2023-07-14T18:17:01.569+0000 7f955ffbf200 -1 mgr[py] Module orchestrator has missing NOTIFY_TYPES member
2023-07-14T18:17:02.217 INFO:journalctl@ceph.mgr.x.smithi064.stdout:Jul 14 18:17:01 smithi064 ceph-5441c8fe-2272-11ee-9b33-001a4aab830c-mgr-x[96968]:
2023-07-14T18:17:01.916+0000 7f955ffbf200 -1 mgr[py] Module rgw has missing NOTIFY_TYPES member
2023-07-14T18:17:02.586 INFO:journalctl@ceph.mgr.x.smithi064.stdout:Jul 14 18:17:02 smithi064 ceph-5441c8fe-2272-11ee-9b33-001a4aab830c-mgr-x[96968]:
2023-07-14T18:17:02.171+0000 7f955ffbf200 -1 mgr[py] Module influx has missing NOTIFY_TYPES member
2023-07-14T18:17:02.586 INFO:journalctl@ceph.mgr.x.smithi064.stdout:Jul 14 18:17:02 smithi064 ceph-5441c8fe-2272-11ee-9b33-001a4aab830c-mgr-x[96968]:
2023-07-14T18:17:02.352+0000 7f955ffbf200 -1 mgr[py] Module telemetry has missing NOTIFY_TYPES member
2023-07-14T18:17:03.086 INFO:journalctl@ceph.mgr.x.smithi064.stdout:Jul 14 18:17:02 smithi064 ceph-5441c8fe-2272-11ee-9b33-001a4aab830c-mgr-x[96968]:
2023-07-14T18:17:02.680+0000 7f955ffbf200 -1 mgr[py] Module telegraf has missing NOTIFY_TYPES member
2023-07-14T18:17:03.835 INFO:journalctl@ceph.mgr.x.smithi064.stdout:Jul 14 18:17:03 smithi064 ceph-5441c8fe-2272-11ee-9b33-001a4aab830c-mgr-x[96968]:
2023-07-14T18:17:03.506+0000 7f955ffbf200 -1 mgr[py] Module balancer has missing NOTIFY_TYPES member
2023-07-14T18:17:03.836 INFO:journalctl@ceph.mgr.x.smithi064.stdout:Jul 14 18:17:03 smithi064 ceph-5441c8fe-2272-11ee-9b33-001a4aab830c-mgr-x[96968]:
2023-07-14T18:17:03.664+0000 7f955ffbf200 -1 mgr[py] Module diskprediction_local has missing NOTIFY_TYPES member
2023-07-14T18:17:04.335 INFO:journalctl@ceph.mgr.x.smithi064.stdout:Jul 14 18:17:03 smithi064 ceph-5441c8fe-2272-11ee-9b33-001a4aab830c-mgr-x[96968]:
2023-07-14T18:17:03.908+0000 7f955ffbf200 -1 mgr[py] Module nfs has missing NOTIFY_TYPES member
2023-07-14T18:17:04.336 INFO:journalctl@ceph.mgr.x.smithi064.stdout:Jul 14 18:17:04 smithi064 ceph-5441c8fe-2272-11ee-9b33-001a4aab830c-mgr-x[96968]:
2023-07-14T18:17:04.046+0000 7f955ffbf200 -1 mgr[py] Module rbd_support has missing NOTIFY_TYPES member
2023-07-14T18:17:04.835 INFO:journalctl@ceph.mgr.x.smithi064.stdout:Jul 14 18:17:04 smithi064 ceph-5441c8fe-2272-11ee-9b33-001a4aab830c-mgr-x[96968]:
2023-07-14T18:17:04.320+0000 7f955ffbf200 -1 mgr[py] Module volumes has missing NOTIFY_TYPES member
2023-07-14T18:17:05.836 INFO:journalctl@ceph.mgr.x.smithi064.stdout:Jul 14 18:17:05 smithi064 ceph-5441c8fe-2272-11ee-9b33-001a4aab830c-mgr-x[96968]:
2023-07-14T18:17:05.366+0000 7f955ffbf200 -1 mgr[py] Module pg_autoscaler has missing NOTIFY_TYPES member
2023-07-14T18:17:05.836 INFO:journalctl@ceph.mon.a.smithi064.stdout:Jul 14 18:17:05 smithi064 ceph-mon[96720]: Active manager daemon x restarted
2023-07-14T18:17:05.836 INFO:journalctl@ceph.mon.a.smithi064.stdout:Jul 14 18:17:05 smithi064 ceph-mon[96720]: Activating manager daemon x
2023-07-14T18:17:05.837 INFO:journalctl@ceph.mon.a.smithi064.stdout:Jul 14 18:17:05 smithi064 ceph-mon[96720]: osdmap e3: 0 total, 0 up, 0 in
2023-07-14T18:17:05.837 INFO:journalctl@ceph.mon.a.smithi064.stdout:Jul 14 18:17:05 smithi064 ceph-mon[96720]: mgrmap e10: x(active, starting, since 0.00305046s)
2023-07-14T18:17:05.837 INFO:journalctl@ceph.mon.a.smithi064.stdout:Jul 14 18:17:05 smithi064 ceph-mon[96720]: from='mgr.14152 172.21.15.64:0/3519756555' entity='mgr.x' cmd=[{"prefix": "mon metadata", "id": "a"}]: dispatch
2023-07-14T18:17:05.837 INFO:journalctl@ceph.mon.a.smithi064.stdout:Jul 14 18:17:05 smithi064 ceph-mon[96720]: from='mgr.14152 172.21.15.64:0/3519756555' entity='mgr.x' cmd=[{"prefix": "mgr metadata", "who": "x", "id": "x"}]: dispatch
2023-07-14T18:17:05.837 INFO:journalctl@ceph.mon.a.smithi064.stdout:Jul 14 18:17:05 smithi064 ceph-mon[96720]: from='mgr.14152 172.21.15.64:0/3519756555' entity='mgr.x' cmd=[{"prefix": "mds metadata"}]: dispatch
2023-07-14T18:17:05.837 INFO:journalctl@ceph.mon.a.smithi064.stdout:Jul 14 18:17:05 smithi064 ceph-mon[96720]: from='mgr.14152 172.21.15.64:0/3519756555' entity='mgr.x' cmd=[{"prefix": "osd metadata"}]: dispatch
2023-07-14T18:17:05.837 INFO:journalctl@ceph.mon.a.smithi064.stdout:Jul 14 18:17:05 smithi064 ceph-mon[96720]: from='mgr.14152 172.21.15.64:0/3519756555' entity='mgr.x' cmd=[{"prefix": "mon metadata"}]: dispatch
2023-07-14T18:17:05.838 INFO:journalctl@ceph.mon.a.smithi064.stdout:Jul 14 18:17:05 smithi064 ceph-mon[96720]: Manager daemon x is now available
2023-07-14T18:17:05.838 INFO:journalctl@ceph.mon.a.smithi064.stdout:Jul 14 18:17:05 smithi064 ceph-mon[96720]: from='mgr.14152 172.21.15.64:0/3519756555' entity='mgr.x' cmd=[{"prefix": "config dump", "format": "json"}]: dispatch
2023-07-14T18:17:05.838 INFO:journalctl@ceph.mon.a.smithi064.stdout:Jul 14 18:17:05 smithi064 ceph-mon[96720]: from='mgr.14152 172.21.15.64:0/3519756555' entity='mgr.x' cmd=[{"prefix": "config dump", "format": "json"}]: dispatch
2023-07-14T18:17:06.735 INFO:journalctl@ceph.mon.a.smithi064.stdout:Jul 14 18:17:06 smithi064 ceph-mon[96720]: from='mgr.14152 172.21.15.64:0/3519756555' entity='mgr.x' cmd=[{"prefix":"config rm","who":"mgr","name":"mgr/rbd_support/x/mirror_snapshot_schedule"}]: dispatch
2023-07-14T18:17:06.736 INFO:journalctl@ceph.mon.a.smithi064.stdout:Jul 14 18:17:06 smithi064 ceph-mon[96720]: from='mgr.14152 172.21.15.64:0/3519756555' entity='mgr.x' cmd=[{"prefix":"config rm","who":"mgr","name":"mgr/rbd_support/x/trash_purge_schedule"}]: dispatch
2023-07-14T18:17:06.736 INFO:journalctl@ceph.mon.a.smithi064.stdout:Jul 14 18:17:06 smithi064 ceph-mon[96720]: [14/Jul/2023:18:17:06] ENGINE Bus STARTING
2023-07-14T18:17:06.736 INFO:journalctl@ceph.mon.a.smithi064.stdout:Jul 14 18:17:06 smithi064 ceph-mon[96720]: [14/Jul/2023:18:17:06] ENGINE Serving on http://172.21.15.64:8765
2023-07-14T18:17:06.736 INFO:journalctl@ceph.mon.a.smithi064.stdout:Jul 14 18:17:06 smithi064 ceph-mon[96720]: [14/Jul/2023:18:17:06] ENGINE Serving on https://172.21.15.64:7150
2023-07-14T18:17:06.736 INFO:journalctl@ceph.mon.a.smithi064.stdout:Jul 14 18:17:06 smithi064 ceph-mon[96720]: [14/Jul/2023:18:17:06] ENGINE Bus STARTED
2023-07-14T18:17:06.736 INFO:journalctl@ceph.mon.a.smithi064.stdout:Jul 14 18:17:06 smithi064 ceph-mon[96720]: from='client.14156 -' entity='client.admin' cmd=[{"prefix": "get_command_descriptions"}]: dispatch
2023-07-14T18:17:06.736 INFO:journalctl@ceph.mon.a.smithi064.stdout:Jul 14 18:17:06 smithi064 ceph-mon[96720]: mgrmap e11: x(active, since 1.00571s)
2023-07-14T18:17:06.737 INFO:journalctl@ceph.mon.a.smithi064.stdout:Jul 14 18:17:06 smithi064 ceph-mon[96720]: from='client.14156 -' entity='client.admin' cmd=[{"prefix": "mgr_status"}]: dispatch
2023-07-14T18:17:06.765 INFO:teuthology.orchestra.run.smithi064.stdout:/usr/bin/ceph: stdout {
2023-07-14T18:17:06.765 INFO:teuthology.orchestra.run.smithi064.stdout:/usr/bin/ceph: stdout "mgrmap_epoch": 11,
2023-07-14T18:17:06.765 INFO:teuthology.orchestra.run.smithi064.stdout:/usr/bin/ceph: stdout "initialized": true
2023-07-14T18:17:06.765 INFO:teuthology.orchestra.run.smithi064.stdout:/usr/bin/ceph: stdout }
2023-07-14T18:17:06.765 INFO:teuthology.orchestra.run.smithi064.stdout:/usr/bin/ceph: stderr
2023-07-14T18:16:59.507+0000 7fddb0396700 1 Processor -- start
2023-07-14T18:17:06.765 INFO:teuthology.orchestra.run.smithi064.stdout:/usr/bin/ceph: stderr
2023-07-14T18:16:59.507+0000 7fddb0396700 1 -- start start
2023-07-14T18:17:06.766 INFO:teuthology.orchestra.run.smithi064.stdout:/usr/bin/ceph: stderr
2023-07-14T18:16:59.508+0000 7fddb0396700 1 --2- >> [v2:172.21.15.64:3300/0,v1:172.21.15.64:6789/0] conn(0x7fdda81069c0 0x7fdda8106dd0 unknown :-1 s=NONE pgs=0 cs=0 l=0 rev1=0 crypto rx=0 tx=0 comp rx=0 tx=0).connect
2023-07-14T18:17:06.766 INFO:teuthology.orchestra.run.smithi064.stdout:/usr/bin/ceph: stderr
2023-07-14T18:16:59.508+0000 7fddb0396700 1 -- --> [v2:172.21.15.64:3300/0,v1:172.21.15.64:6789/0] -- mon_getmap magic: 0 v1 -- 0x7fdda8107310 con 0x7fdda81069c0
2023-07-14T18:17:06.766 INFO:teuthology.orchestra.run.smithi064.stdout:/usr/bin/ceph: stderr
2023-07-14T18:16:59.508+0000 7fddae132700 1 --2- >> [v2:172.21.15.64:3300/0,v1:172.21.15.64:6789/0] conn(0x7fdda81069c0 0x7fdda8106dd0 unknown :-1 s=BANNER_CONNECTING pgs=0 cs=0 l=0 rev1=0 crypto rx=0 tx=0 comp rx=0 tx=0)._handle_peer_banner_payload supported=3 required=0
2023-07-14T18:17:06.766 INFO:teuthology.orchestra.run.smithi064.stdout:/usr/bin/ceph: stderr
2023-07-14T18:16:59.508+0000 7fddae132700 1 --2- >> [v2:172.21.15.64:3300/0,v1:172.21.15.64:6789/0] conn(0x7fdda81069c0 0x7fdda8106dd0 unknown :-1 s=HELLO_CONNECTING pgs=0 cs=0 l=0 rev1=1 crypto rx=0 tx=0 comp rx=0 tx=0).handle_hello peer v2:172.21.15.64:3300/0 says I am v2:172.21.15.64:45764/0 (socket says 172.21.15.64:45764)
2023-07-14T18:17:06.766 INFO:teuthology.orchestra.run.smithi064.stdout:/usr/bin/ceph: stderr
2023-07-14T18:16:59.508+0000 7fddae132700 1 -- 172.21.15.64:0/1369091114 learned_addr learned my addr 172.21.15.64:0/1369091114 (peer_addr_for_me v2:172.21.15.64:0/0)
2023-07-14T18:17:06.766 INFO:teuthology.orchestra.run.smithi064.stdout:/usr/bin/ceph: stderr
2023-07-14T18:16:59.508+0000 7fddae132700 1 -- 172.21.15.64:0/1369091114 --> [v2:172.21.15.64:3300/0,v1:172.21.15.64:6789/0] -- mon_subscribe({config=0+,monmap=0+}) v3 -- 0x7fdda8107450 con 0x7fdda81069c0
2023-07-14T18:17:06.766 INFO:teuthology.orchestra.run.smithi064.stdout:/usr/bin/ceph: stderr
2023-07-14T18:16:59.509+0000 7fddae132700 1 --2- 172.21.15.64:0/1369091114 >> [v2:172.21.15.64:3300/0,v1:172.21.15.64:6789/0] conn(0x7fdda81069c0 0x7fdda8106dd0 secure :-1 s=READY pgs=61 cs=0 l=1 rev1=1 crypto rx=0x7fdda40098a0 tx=0x7fdda4009bb0 comp rx=0 tx=0).ready entity=mon.0 client_cookie=4a81f48a09b4a0ea server_cookie=0 in_seq=0 out_seq=0
2023-07-14T18:17:06.766 INFO:teuthology.orchestra.run.smithi064.stdout:/usr/bin/ceph: stderr
2023-07-14T18:16:59.509+0000 7fddad130700 1 -- 172.21.15.64:0/1369091114 <== mon.0 v2:172.21.15.64:3300/0 1 ==== mon_map magic: 0 v1 ==== 205+0+0 (secure 0 0 0) 0x7fdda4004160 con 0x7fdda81069c0
2023-07-14T18:17:06.767 INFO:teuthology.orchestra.run.smithi064.stdout:/usr/bin/ceph: stderr
2023-07-14T18:16:59.509+0000 7fddad130700 1 -- 172.21.15.64:0/1369091114 <== mon.0 v2:172.21.15.64:3300/0 2 ==== config(25 keys) v1 ==== 1067+0+0 (secure 0 0 0) 0x7fdda40042c0 con 0x7fdda81069c0
2023-07-14T18:17:06.767 INFO:teuthology.orchestra.run.smithi064.stdout:/usr/bin/ceph: stderr
2023-07-14T18:16:59.509+0000 7fddad130700 1 -- 172.21.15.64:0/1369091114 <== mon.0 v2:172.21.15.64:3300/0 3 ==== mon_map magic: 0 v1 ==== 205+0+0 (secure 0 0 0) 0x7fdda40118e0 con 0x7fdda81069c0
2023-07-14T18:17:06.767 INFO:teuthology.orchestra.run.smithi064.stdout:/usr/bin/ceph: stderr
2023-07-14T18:16:59.509+0000 7fddb0396700 1 -- 172.21.15.64:0/1369091114 >> [v2:172.21.15.64:3300/0,v1:172.21.15.64:6789/0] conn(0x7fdda81069c0 msgr2=0x7fdda8106dd0 secure :-1 s=STATE_CONNECTION_ESTABLISHED l=1).mark_down
2023-07-14T18:17:06.767 INFO:teuthology.orchestra.run.smithi064.stdout:/usr/bin/ceph: stderr
2023-07-14T18:16:59.509+0000 7fddb0396700 1 --2- 172.21.15.64:0/1369091114 >> [v2:172.21.15.64:3300/0,v1:172.21.15.64:6789/0] conn(0x7fdda81069c0 0x7fdda8106dd0 secure :-1 s=READY pgs=61 cs=0 l=1 rev1=1 crypto rx=0x7fdda40098a0 tx=0x7fdda4009bb0 comp rx=0 tx=0).stop
2023-07-14T18:17:06.767 INFO:teuthology.orchestra.run.smithi064.stdout:/usr/bin/ceph: stderr
2023-07-14T18:16:59.510+0000 7fddb0396700 1 -- 172.21.15.64:0/1369091114 shutdown_connections
2023-07-14T18:17:06.767 INFO:teuthology.orchestra.run.smithi064.stdout:/usr/bin/ceph: stderr
2023-07-14T18:16:59.510+0000 7fddb0396700 1 --2- 172.21.15.64:0/1369091114 >> [v2:172.21.15.64:3300/0,v1:172.21.15.64:6789/0] conn(0x7fdda81069c0 0x7fdda8106dd0 unknown :-1 s=CLOSED pgs=61 cs=0 l=1 rev1=1 crypto rx=0 tx=0 comp rx=0 tx=0).stop
2023-07-14T18:17:06.767 INFO:teuthology.orchestra.run.smithi064.stdout:/usr/bin/ceph: stderr
2023-07-14T18:16:59.510+0000 7fddb0396700 1 -- 172.21.15.64:0/1369091114 >> 172.21.15.64:0/1369091114 conn(0x7fdda80feff0 msgr2=0x7fdda8101400 unknown :-1 s=STATE_NONE l=0).mark_down
2023-07-14T18:17:06.768 INFO:teuthology.orchestra.run.smithi064.stdout:/usr/bin/ceph: stderr
2023-07-14T18:16:59.510+0000 7fddb0396700 1 -- 172.21.15.64:0/1369091114 shutdown_connections
2023-07-14T18:17:06.768 INFO:teuthology.orchestra.run.smithi064.stdout:/usr/bin/ceph: stderr
2023-07-14T18:16:59.510+0000 7fddb0396700 1 -- 172.21.15.64:0/1369091114 wait complete.
2023-07-14T18:17:06.768 INFO:teuthology.orchestra.run.smithi064.stdout:/usr/bin/ceph: stderr
2023-07-14T18:16:59.510+0000 7fddb0396700 1 Processor -- start
2023-07-14T18:17:06.768 INFO:teuthology.orchestra.run.smithi064.stdout:/usr/bin/ceph: stderr
2023-07-14T18:16:59.510+0000 7fddb0396700 1 -- start start
2023-07-14T18:17:06.768 INFO:teuthology.orchestra.run.smithi064.stdout:/usr/bin/ceph: stderr
2023-07-14T18:16:59.511+0000 7fddb0396700 1 --2- >> [v2:172.21.15.64:3300/0,v1:172.21.15.64:6789/0] conn(0x7fdda81069c0 0x7fdda81060c0 unknown :-1 s=NONE pgs=0 cs=0 l=1 rev1=0 crypto rx=0 tx=0 comp rx=0 tx=0).connect
2023-07-14T18:17:06.768 INFO:teuthology.orchestra.run.smithi064.stdout:/usr/bin/ceph: stderr
