2023-07-14T18:16:59.511+0000 7fddb0396700 1 -- --> [v2:172.21.15.64:3300/0,v1:172.21.15.64:6789/0] -- mon_getmap magic: 0 v1 -- 0x7fdda8106600 con 0x7fdda81069c0
2023-07-14T18:17:06.768 INFO:teuthology.orchestra.run.smithi064.stdout:/usr/bin/ceph: stderr
2023-07-14T18:16:59.511+0000 7fddae132700 1 --2- >> [v2:172.21.15.64:3300/0,v1:172.21.15.64:6789/0] conn(0x7fdda81069c0 0x7fdda81060c0 unknown :-1 s=BANNER_CONNECTING pgs=0 cs=0 l=1 rev1=0 crypto rx=0 tx=0 comp rx=0 tx=0)._handle_peer_banner_payload supported=3 required=0
2023-07-14T18:17:06.768 INFO:teuthology.orchestra.run.smithi064.stdout:/usr/bin/ceph: stderr
2023-07-14T18:16:59.511+0000 7fddae132700 1 --2- >> [v2:172.21.15.64:3300/0,v1:172.21.15.64:6789/0] conn(0x7fdda81069c0 0x7fdda81060c0 unknown :-1 s=HELLO_CONNECTING pgs=0 cs=0 l=1 rev1=1 crypto rx=0 tx=0 comp rx=0 tx=0).handle_hello peer v2:172.21.15.64:3300/0 says I am v2:172.21.15.64:45766/0 (socket says 172.21.15.64:45766)
2023-07-14T18:17:06.769 INFO:teuthology.orchestra.run.smithi064.stdout:/usr/bin/ceph: stderr
2023-07-14T18:16:59.511+0000 7fddae132700 1 -- 172.21.15.64:0/2140329152 learned_addr learned my addr 172.21.15.64:0/2140329152 (peer_addr_for_me v2:172.21.15.64:0/0)
2023-07-14T18:17:06.769 INFO:teuthology.orchestra.run.smithi064.stdout:/usr/bin/ceph: stderr
2023-07-14T18:16:59.511+0000 7fddae132700 1 -- 172.21.15.64:0/2140329152 --> [v2:172.21.15.64:3300/0,v1:172.21.15.64:6789/0] -- mon_subscribe({config=0+,monmap=0+}) v3 -- 0x7fdda4009550 con 0x7fdda81069c0
2023-07-14T18:17:06.769 INFO:teuthology.orchestra.run.smithi064.stdout:/usr/bin/ceph: stderr
2023-07-14T18:16:59.511+0000 7fddae132700 1 --2- 172.21.15.64:0/2140329152 >> [v2:172.21.15.64:3300/0,v1:172.21.15.64:6789/0] conn(0x7fdda81069c0 0x7fdda81060c0 secure :-1 s=READY pgs=62 cs=0 l=1 rev1=1 crypto rx=0x7fdda4003e30 tx=0x7fdda40119a0 comp rx=0 tx=0).ready entity=mon.0 client_cookie=0 server_cookie=0 in_seq=0 out_seq=0
2023-07-14T18:17:06.769 INFO:teuthology.orchestra.run.smithi064.stdout:/usr/bin/ceph: stderr
2023-07-14T18:16:59.511+0000 7fdd9f7fe700 1 -- 172.21.15.64:0/2140329152 <== mon.0 v2:172.21.15.64:3300/0 1 ==== mon_map magic: 0 v1 ==== 205+0+0 (secure 0 0 0) 0x7fdda40036a0 con 0x7fdda81069c0
2023-07-14T18:17:06.769 INFO:teuthology.orchestra.run.smithi064.stdout:/usr/bin/ceph: stderr
2023-07-14T18:16:59.511+0000 7fddb0396700 1 -- 172.21.15.64:0/2140329152 --> [v2:172.21.15.64:3300/0,v1:172.21.15.64:6789/0] -- mon_subscribe({mgrmap=0+}) v3 -- 0x7fdda8104710 con 0x7fdda81069c0
2023-07-14T18:17:06.769 INFO:teuthology.orchestra.run.smithi064.stdout:/usr/bin/ceph: stderr
2023-07-14T18:16:59.511+0000 7fdd9f7fe700 1 -- 172.21.15.64:0/2140329152 <== mon.0 v2:172.21.15.64:3300/0 2 ==== config(25 keys) v1 ==== 1067+0+0 (secure 0 0 0) 0x7fdda401b440 con 0x7fdda81069c0
2023-07-14T18:17:06.769 INFO:teuthology.orchestra.run.smithi064.stdout:/usr/bin/ceph: stderr
2023-07-14T18:16:59.511+0000 7fdd9f7fe700 1 -- 172.21.15.64:0/2140329152 <== mon.0 v2:172.21.15.64:3300/0 3 ==== mon_map magic: 0 v1 ==== 205+0+0 (secure 0 0 0) 0x7fdda4023400 con 0x7fdda81069c0
2023-07-14T18:17:06.770 INFO:teuthology.orchestra.run.smithi064.stdout:/usr/bin/ceph: stderr
2023-07-14T18:16:59.511+0000 7fddb0396700 1 -- 172.21.15.64:0/2140329152 --> [v2:172.21.15.64:3300/0,v1:172.21.15.64:6789/0] -- mon_subscribe({osdmap=0}) v3 -- 0x7fdda8104b30 con 0x7fdda81069c0
2023-07-14T18:17:06.770 INFO:teuthology.orchestra.run.smithi064.stdout:/usr/bin/ceph: stderr
2023-07-14T18:16:59.512+0000 7fdd9f7fe700 1 -- 172.21.15.64:0/2140329152 <== mon.0 v2:172.21.15.64:3300/0 4 ==== mgrmap(e 9) v1 ==== 45496+0+0 (secure 0 0 0) 0x7fdda401b5b0 con 0x7fdda81069c0
2023-07-14T18:17:06.770 INFO:teuthology.orchestra.run.smithi064.stdout:/usr/bin/ceph: stderr
2023-07-14T18:16:59.513+0000 7fdd9f7fe700 1 --2- 172.21.15.64:0/2140329152 >> [v2:172.21.15.64:6800/792928752,v1:172.21.15.64:6801/792928752] conn(0x7fdd94038760 0x7fdd9403ac10 unknown :-1 s=NONE pgs=0 cs=0 l=1 rev1=0 crypto rx=0 tx=0 comp rx=0 tx=0).connect
2023-07-14T18:17:06.770 INFO:teuthology.orchestra.run.smithi064.stdout:/usr/bin/ceph: stderr
2023-07-14T18:16:59.513+0000 7fdd9f7fe700 1 -- 172.21.15.64:0/2140329152 --> [v2:172.21.15.64:6800/792928752,v1:172.21.15.64:6801/792928752] -- command(tid 0: {"prefix": "get_command_descriptions"}) v1 -- 0x7fdd9403b320 con 0x7fdd94038760
2023-07-14T18:17:06.770 INFO:teuthology.orchestra.run.smithi064.stdout:/usr/bin/ceph: stderr
2023-07-14T18:16:59.513+0000 7fddad931700 1 -- 172.21.15.64:0/2140329152 >> [v2:172.21.15.64:6800/792928752,v1:172.21.15.64:6801/792928752] conn(0x7fdd94038760 msgr2=0x7fdd9403ac10 unknown :-1 s=STATE_CONNECTING_RE l=1).process reconnect failed to v2:172.21.15.64:6800/792928752
2023-07-14T18:17:06.770 INFO:teuthology.orchestra.run.smithi064.stdout:/usr/bin/ceph: stderr
2023-07-14T18:16:59.513+0000 7fdd9f7fe700 1 -- 172.21.15.64:0/2140329152 <== mon.0 v2:172.21.15.64:3300/0 5 ==== osd_map(2..2 src has 1..2) v4 ==== 940+0+0 (secure 0 0 0) 0x7fdda404c700 con 0x7fdda81069c0
2023-07-14T18:17:06.770 INFO:teuthology.orchestra.run.smithi064.stdout:/usr/bin/ceph: stderr
2023-07-14T18:16:59.513+0000 7fddad931700 1 --2- 172.21.15.64:0/2140329152 >> [v2:172.21.15.64:6800/792928752,v1:172.21.15.64:6801/792928752] conn(0x7fdd94038760 0x7fdd9403ac10 unknown :-1 s=START_CONNECT pgs=0 cs=0 l=1 rev1=0 crypto rx=0 tx=0 comp rx=0 tx=0)._fault waiting 0.200000
2023-07-14T18:17:06.770 INFO:teuthology.orchestra.run.smithi064.stdout:/usr/bin/ceph: stderr
2023-07-14T18:16:59.714+0000 7fddad931700 1 -- 172.21.15.64:0/2140329152 >> [v2:172.21.15.64:6800/792928752,v1:172.21.15.64:6801/792928752] conn(0x7fdd94038760 msgr2=0x7fdd9403ac10 unknown :-1 s=STATE_CONNECTING_RE l=1).process reconnect failed to v2:172.21.15.64:6800/792928752
2023-07-14T18:17:06.771 INFO:teuthology.orchestra.run.smithi064.stdout:/usr/bin/ceph: stderr
2023-07-14T18:16:59.714+0000 7fddad931700 1 --2- 172.21.15.64:0/2140329152 >> [v2:172.21.15.64:6800/792928752,v1:172.21.15.64:6801/792928752] conn(0x7fdd94038760 0x7fdd9403ac10 unknown :-1 s=START_CONNECT pgs=0 cs=0 l=1 rev1=0 crypto rx=0 tx=0 comp rx=0 tx=0)._fault waiting 0.400000
2023-07-14T18:17:06.771 INFO:teuthology.orchestra.run.smithi064.stdout:/usr/bin/ceph: stderr
2023-07-14T18:17:00.115+0000 7fddad931700 1 -- 172.21.15.64:0/2140329152 >> [v2:172.21.15.64:6800/792928752,v1:172.21.15.64:6801/792928752] conn(0x7fdd94038760 msgr2=0x7fdd9403ac10 unknown :-1 s=STATE_CONNECTING_RE l=1).process reconnect failed to v2:172.21.15.64:6800/792928752
2023-07-14T18:17:06.771 INFO:teuthology.orchestra.run.smithi064.stdout:/usr/bin/ceph: stderr
2023-07-14T18:17:00.115+0000 7fddad931700 1 --2- 172.21.15.64:0/2140329152 >> [v2:172.21.15.64:6800/792928752,v1:172.21.15.64:6801/792928752] conn(0x7fdd94038760 0x7fdd9403ac10 unknown :-1 s=START_CONNECT pgs=0 cs=0 l=1 rev1=0 crypto rx=0 tx=0 comp rx=0 tx=0)._fault waiting 0.800000
2023-07-14T18:17:06.771 INFO:teuthology.orchestra.run.smithi064.stdout:/usr/bin/ceph: stderr
2023-07-14T18:17:00.916+0000 7fddad931700 1 -- 172.21.15.64:0/2140329152 >> [v2:172.21.15.64:6800/792928752,v1:172.21.15.64:6801/792928752] conn(0x7fdd94038760 msgr2=0x7fdd9403ac10 unknown :-1 s=STATE_CONNECTING_RE l=1).process reconnect failed to v2:172.21.15.64:6800/792928752
2023-07-14T18:17:06.771 INFO:teuthology.orchestra.run.smithi064.stdout:/usr/bin/ceph: stderr
2023-07-14T18:17:00.916+0000 7fddad931700 1 --2- 172.21.15.64:0/2140329152 >> [v2:172.21.15.64:6800/792928752,v1:172.21.15.64:6801/792928752] conn(0x7fdd94038760 0x7fdd9403ac10 unknown :-1 s=START_CONNECT pgs=0 cs=0 l=1 rev1=0 crypto rx=0 tx=0 comp rx=0 tx=0)._fault waiting 1.600000
2023-07-14T18:17:06.771 INFO:teuthology.orchestra.run.smithi064.stdout:/usr/bin/ceph: stderr
2023-07-14T18:17:02.517+0000 7fddad931700 1 -- 172.21.15.64:0/2140329152 >> [v2:172.21.15.64:6800/792928752,v1:172.21.15.64:6801/792928752] conn(0x7fdd94038760 msgr2=0x7fdd9403ac10 unknown :-1 s=STATE_CONNECTING_RE l=1).process reconnect failed to v2:172.21.15.64:6800/792928752
2023-07-14T18:17:06.771 INFO:teuthology.orchestra.run.smithi064.stdout:/usr/bin/ceph: stderr
2023-07-14T18:17:02.517+0000 7fddad931700 1 --2- 172.21.15.64:0/2140329152 >> [v2:172.21.15.64:6800/792928752,v1:172.21.15.64:6801/792928752] conn(0x7fdd94038760 0x7fdd9403ac10 unknown :-1 s=START_CONNECT pgs=0 cs=0 l=1 rev1=0 crypto rx=0 tx=0 comp rx=0 tx=0)._fault waiting 3.200000
2023-07-14T18:17:06.771 INFO:teuthology.orchestra.run.smithi064.stdout:/usr/bin/ceph: stderr
2023-07-14T18:17:05.381+0000 7fdd9f7fe700 1 -- 172.21.15.64:0/2140329152 <== mon.0 v2:172.21.15.64:3300/0 6 ==== mgrmap(e 10) v1 ==== 45263+0+0 (secure 0 0 0) 0x7fdda4023680 con 0x7fdda81069c0
2023-07-14T18:17:06.772 INFO:teuthology.orchestra.run.smithi064.stdout:/usr/bin/ceph: stderr
2023-07-14T18:17:05.381+0000 7fdd9f7fe700 1 -- 172.21.15.64:0/2140329152 >> [v2:172.21.15.64:6800/792928752,v1:172.21.15.64:6801/792928752] conn(0x7fdd94038760 msgr2=0x7fdd9403ac10 unknown :-1 s=STATE_CONNECTING l=1).mark_down
2023-07-14T18:17:06.772 INFO:teuthology.orchestra.run.smithi064.stdout:/usr/bin/ceph: stderr
2023-07-14T18:17:05.381+0000 7fdd9f7fe700 1 --2- 172.21.15.64:0/2140329152 >> [v2:172.21.15.64:6800/792928752,v1:172.21.15.64:6801/792928752] conn(0x7fdd94038760 0x7fdd9403ac10 unknown :-1 s=START_CONNECT pgs=0 cs=0 l=1 rev1=0 crypto rx=0 tx=0 comp rx=0 tx=0).stop
2023-07-14T18:17:06.772 INFO:teuthology.orchestra.run.smithi064.stdout:/usr/bin/ceph: stderr
2023-07-14T18:17:06.382+0000 7fdd9f7fe700 1 -- 172.21.15.64:0/2140329152 <== mon.0 v2:172.21.15.64:3300/0 7 ==== mgrmap(e 11) v1 ==== 45390+0+0 (secure 0 0 0) 0x7fdda401dda0 con 0x7fdda81069c0
2023-07-14T18:17:06.772 INFO:teuthology.orchestra.run.smithi064.stdout:/usr/bin/ceph: stderr
2023-07-14T18:17:06.382+0000 7fdd9f7fe700 1 --2- 172.21.15.64:0/2140329152 >> [v2:172.21.15.64:6800/387190897,v1:172.21.15.64:6801/387190897] conn(0x7fdd9403bff0 0x7fdd9403e3d0 unknown :-1 s=NONE pgs=0 cs=0 l=1 rev1=0 crypto rx=0 tx=0 comp rx=0 tx=0).connect
2023-07-14T18:17:06.772 INFO:teuthology.orchestra.run.smithi064.stdout:/usr/bin/ceph: stderr
2023-07-14T18:17:06.382+0000 7fdd9f7fe700 1 -- 172.21.15.64:0/2140329152 --> [v2:172.21.15.64:6800/387190897,v1:172.21.15.64:6801/387190897] -- command(tid 0: {"prefix": "get_command_descriptions"}) v1 -- 0x7fdd9403b320 con 0x7fdd9403bff0
2023-07-14T18:17:06.772 INFO:teuthology.orchestra.run.smithi064.stdout:/usr/bin/ceph: stderr
2023-07-14T18:17:06.383+0000 7fddad931700 1 --2- 172.21.15.64:0/2140329152 >> [v2:172.21.15.64:6800/387190897,v1:172.21.15.64:6801/387190897] conn(0x7fdd9403bff0 0x7fdd9403e3d0 unknown :-1 s=BANNER_CONNECTING pgs=0 cs=0 l=1 rev1=0 crypto rx=0 tx=0 comp rx=0 tx=0)._handle_peer_banner_payload supported=3 required=0
2023-07-14T18:17:06.772 INFO:teuthology.orchestra.run.smithi064.stdout:/usr/bin/ceph: stderr
2023-07-14T18:17:06.383+0000 7fddad931700 1 --2- 172.21.15.64:0/2140329152 >> [v2:172.21.15.64:6800/387190897,v1:172.21.15.64:6801/387190897] conn(0x7fdd9403bff0 0x7fdd9403e3d0 secure :-1 s=READY pgs=1 cs=0 l=1 rev1=1 crypto rx=0x7fdd98003a10 tx=0x7fdd980092b0 comp rx=0 tx=0).ready entity=mgr.14152 client_cookie=0 server_cookie=0 in_seq=0 out_seq=0
2023-07-14T18:17:06.773 INFO:teuthology.orchestra.run.smithi064.stdout:/usr/bin/ceph: stderr
2023-07-14T18:17:06.384+0000 7fdd9f7fe700 1 -- 172.21.15.64:0/2140329152 <== mgr.14152 v2:172.21.15.64:6800/387190897 1 ==== command_reply(tid 0: 0 ) v1 ==== 8+0+6910 (secure 0 0 0) 0x7fdd9403b320 con 0x7fdd9403bff0
2023-07-14T18:17:06.773 INFO:teuthology.orchestra.run.smithi064.stdout:/usr/bin/ceph: stderr
2023-07-14T18:17:06.394+0000 7fddb0396700 1 -- 172.21.15.64:0/2140329152 --> [v2:172.21.15.64:6800/387190897,v1:172.21.15.64:6801/387190897] -- command(tid 1: {"prefix": "mgr_status"}) v1 -- 0x7fdda8105c60 con 0x7fdd9403bff0
2023-07-14T18:17:06.773 INFO:teuthology.orchestra.run.smithi064.stdout:/usr/bin/ceph: stderr
2023-07-14T18:17:06.395+0000 7fdd9f7fe700 1 -- 172.21.15.64:0/2140329152 <== mgr.14152 v2:172.21.15.64:6800/387190897 2 ==== command_reply(tid 1: 0 ) v1 ==== 8+0+52 (secure 0 0 0) 0x7fdda8105c60 con 0x7fdd9403bff0
2023-07-14T18:17:06.773 INFO:teuthology.orchestra.run.smithi064.stdout:/usr/bin/ceph: stderr
2023-07-14T18:17:06.395+0000 7fddb0396700 1 -- 172.21.15.64:0/2140329152 >> [v2:172.21.15.64:6800/387190897,v1:172.21.15.64:6801/387190897] conn(0x7fdd9403bff0 msgr2=0x7fdd9403e3d0 secure :-1 s=STATE_CONNECTION_ESTABLISHED l=1).mark_down
2023-07-14T18:17:06.773 INFO:teuthology.orchestra.run.smithi064.stdout:/usr/bin/ceph: stderr
2023-07-14T18:17:06.395+0000 7fddb0396700 1 --2- 172.21.15.64:0/2140329152 >> [v2:172.21.15.64:6800/387190897,v1:172.21.15.64:6801/387190897] conn(0x7fdd9403bff0 0x7fdd9403e3d0 secure :-1 s=READY pgs=1 cs=0 l=1 rev1=1 crypto rx=0x7fdd98003a10 tx=0x7fdd980092b0 comp rx=0 tx=0).stop
2023-07-14T18:17:06.773 INFO:teuthology.orchestra.run.smithi064.stdout:/usr/bin/ceph: stderr
2023-07-14T18:17:06.395+0000 7fddb0396700 1 -- 172.21.15.64:0/2140329152 >> [v2:172.21.15.64:3300/0,v1:172.21.15.64:6789/0] conn(0x7fdda81069c0 msgr2=0x7fdda81060c0 secure :-1 s=STATE_CONNECTION_ESTABLISHED l=1).mark_down
2023-07-14T18:17:06.773 INFO:teuthology.orchestra.run.smithi064.stdout:/usr/bin/ceph: stderr
2023-07-14T18:17:06.395+0000 7fddb0396700 1 --2- 172.21.15.64:0/2140329152 >> [v2:172.21.15.64:3300/0,v1:172.21.15.64:6789/0] conn(0x7fdda81069c0 0x7fdda81060c0 secure :-1 s=READY pgs=62 cs=0 l=1 rev1=1 crypto rx=0x7fdda4003e30 tx=0x7fdda40119a0 comp rx=0 tx=0).stop
2023-07-14T18:17:06.773 INFO:teuthology.orchestra.run.smithi064.stdout:/usr/bin/ceph: stderr
2023-07-14T18:17:06.395+0000 7fddb0396700 1 -- 172.21.15.64:0/2140329152 shutdown_connections
2023-07-14T18:17:06.774 INFO:teuthology.orchestra.run.smithi064.stdout:/usr/bin/ceph: stderr
2023-07-14T18:17:06.395+0000 7fddb0396700 1 --2- 172.21.15.64:0/2140329152 >> [v2:172.21.15.64:6800/387190897,v1:172.21.15.64:6801/387190897] conn(0x7fdd9403bff0 0x7fdd9403e3d0 unknown :-1 s=CLOSED pgs=1 cs=0 l=1 rev1=1 crypto rx=0 tx=0 comp rx=0 tx=0).stop
2023-07-14T18:17:06.774 INFO:teuthology.orchestra.run.smithi064.stdout:/usr/bin/ceph: stderr
2023-07-14T18:17:06.395+0000 7fddb0396700 1 --2- 172.21.15.64:0/2140329152 >> [v2:172.21.15.64:3300/0,v1:172.21.15.64:6789/0] conn(0x7fdda81069c0 0x7fdda81060c0 unknown :-1 s=CLOSED pgs=62 cs=0 l=1 rev1=1 crypto rx=0 tx=0 comp rx=0 tx=0).stop
2023-07-14T18:17:06.774 INFO:teuthology.orchestra.run.smithi064.stdout:/usr/bin/ceph: stderr
2023-07-14T18:17:06.395+0000 7fddb0396700 1 --2- 172.21.15.64:0/2140329152 >> [v2:172.21.15.64:6800/792928752,v1:172.21.15.64:6801/792928752] conn(0x7fdd94038760 0x7fdd9403ac10 unknown :-1 s=CLOSED pgs=0 cs=0 l=1 rev1=0 crypto rx=0 tx=0 comp rx=0 tx=0).stop
2023-07-14T18:17:06.774 INFO:teuthology.orchestra.run.smithi064.stdout:/usr/bin/ceph: stderr
2023-07-14T18:17:06.395+0000 7fddb0396700 1 -- 172.21.15.64:0/2140329152 >> 172.21.15.64:0/2140329152 conn(0x7fdda80feff0 msgr2=0x7fdda8100760 unknown :-1 s=STATE_NONE l=0).mark_down
2023-07-14T18:17:06.774 INFO:teuthology.orchestra.run.smithi064.stdout:/usr/bin/ceph: stderr
2023-07-14T18:17:06.395+0000 7fddb0396700 1 -- 172.21.15.64:0/2140329152 shutdown_connections
2023-07-14T18:17:06.774 INFO:teuthology.orchestra.run.smithi064.stdout:/usr/bin/ceph: stderr
2023-07-14T18:17:06.395+0000 7fddb0396700 1 -- 172.21.15.64:0/2140329152 wait complete.
2023-07-14T18:17:06.774 INFO:teuthology.orchestra.run.smithi064.stdout:mgr epoch 9 is available
2023-07-14T18:17:06.775 INFO:teuthology.orchestra.run.smithi064.stdout:Generating a dashboard self-signed certificate...
2023-07-14T18:17:08.211 INFO:teuthology.orchestra.run.smithi064.stdout:/usr/bin/ceph: stdout Self-signed certificate created
2023-07-14T18:17:08.211 INFO:teuthology.orchestra.run.smithi064.stdout:/usr/bin/ceph: stderr
2023-07-14T18:17:07.305+0000 7fe373ed8700 1 Processor -- start
2023-07-14T18:17:08.211 INFO:teuthology.orchestra.run.smithi064.stdout:/usr/bin/ceph: stderr
2023-07-14T18:17:07.305+0000 7fe373ed8700 1 -- start start
2023-07-14T18:17:08.211 INFO:teuthology.orchestra.run.smithi064.stdout:/usr/bin/ceph: stderr
2023-07-14T18:17:07.306+0000 7fe373ed8700 1 --2- >> [v2:172.21.15.64:3300/0,v1:172.21.15.64:6789/0] conn(0x7fe36c1035f0 0x7fe36c103a00 unknown :-1 s=NONE pgs=0 cs=0 l=0 rev1=0 crypto rx=0 tx=0 comp rx=0 tx=0).connect
2023-07-14T18:17:08.211 INFO:teuthology.orchestra.run.smithi064.stdout:/usr/bin/ceph: stderr
2023-07-14T18:17:07.306+0000 7fe373ed8700 1 -- --> [v2:172.21.15.64:3300/0,v1:172.21.15.64:6789/0] -- mon_getmap magic: 0 v1 -- 0x7fe36c103f40 con 0x7fe36c1035f0
2023-07-14T18:17:08.211 INFO:teuthology.orchestra.run.smithi064.stdout:/usr/bin/ceph: stderr
2023-07-14T18:17:07.306+0000 7fe371c74700 1 --2- >> [v2:172.21.15.64:3300/0,v1:172.21.15.64:6789/0] conn(0x7fe36c1035f0 0x7fe36c103a00 unknown :-1 s=BANNER_CONNECTING pgs=0 cs=0 l=0 rev1=0 crypto rx=0 tx=0 comp rx=0 tx=0)._handle_peer_banner_payload supported=3 required=0
2023-07-14T18:17:08.212 INFO:teuthology.orchestra.run.smithi064.stdout:/usr/bin/ceph: stderr
2023-07-14T18:17:07.306+0000 7fe371c74700 1 --2- >> [v2:172.21.15.64:3300/0,v1:172.21.15.64:6789/0] conn(0x7fe36c1035f0 0x7fe36c103a00 unknown :-1 s=HELLO_CONNECTING pgs=0 cs=0 l=0 rev1=1 crypto rx=0 tx=0 comp rx=0 tx=0).handle_hello peer v2:172.21.15.64:3300/0 says I am v2:172.21.15.64:45820/0 (socket says 172.21.15.64:45820)
2023-07-14T18:17:08.212 INFO:teuthology.orchestra.run.smithi064.stdout:/usr/bin/ceph: stderr
2023-07-14T18:17:07.306+0000 7fe371c74700 1 -- 172.21.15.64:0/4038216810 learned_addr learned my addr 172.21.15.64:0/4038216810 (peer_addr_for_me v2:172.21.15.64:0/0)
2023-07-14T18:17:08.212 INFO:teuthology.orchestra.run.smithi064.stdout:/usr/bin/ceph: stderr
2023-07-14T18:17:07.306+0000 7fe371c74700 1 -- 172.21.15.64:0/4038216810 --> [v2:172.21.15.64:3300/0,v1:172.21.15.64:6789/0] -- mon_subscribe({config=0+,monmap=0+}) v3 -- 0x7fe36c104080 con 0x7fe36c1035f0
2023-07-14T18:17:08.212 INFO:teuthology.orchestra.run.smithi064.stdout:/usr/bin/ceph: stderr
2023-07-14T18:17:07.306+0000 7fe371c74700 1 --2- 172.21.15.64:0/4038216810 >> [v2:172.21.15.64:3300/0,v1:172.21.15.64:6789/0] conn(0x7fe36c1035f0 0x7fe36c103a00 secure :-1 s=READY pgs=70 cs=0 l=1 rev1=1 crypto rx=0x7fe3680098a0 tx=0x7fe368009bb0 comp rx=0 tx=0).ready entity=mon.0 client_cookie=9dcefd01094f545a server_cookie=0 in_seq=0 out_seq=0
2023-07-14T18:17:08.212 INFO:teuthology.orchestra.run.smithi064.stdout:/usr/bin/ceph: stderr
2023-07-14T18:17:07.307+0000 7fe370c72700 1 -- 172.21.15.64:0/4038216810 <== mon.0 v2:172.21.15.64:3300/0 1 ==== mon_map magic: 0 v1 ==== 205+0+0 (secure 0 0 0) 0x7fe368004160 con 0x7fe36c1035f0
2023-07-14T18:17:08.212 INFO:teuthology.orchestra.run.smithi064.stdout:/usr/bin/ceph: stderr
2023-07-14T18:17:07.307+0000 7fe370c72700 1 -- 172.21.15.64:0/4038216810 <== mon.0 v2:172.21.15.64:3300/0 2 ==== config(25 keys) v1 ==== 1067+0+0 (secure 0 0 0) 0x7fe3680042c0 con 0x7fe36c1035f0
2023-07-14T18:17:08.212 INFO:teuthology.orchestra.run.smithi064.stdout:/usr/bin/ceph: stderr
2023-07-14T18:17:07.307+0000 7fe370c72700 1 -- 172.21.15.64:0/4038216810 <== mon.0 v2:172.21.15.64:3300/0 3 ==== mon_map magic: 0 v1 ==== 205+0+0 (secure 0 0 0) 0x7fe3680118e0 con 0x7fe36c1035f0
2023-07-14T18:17:08.213 INFO:teuthology.orchestra.run.smithi064.stdout:/usr/bin/ceph: stderr
2023-07-14T18:17:07.307+0000 7fe373ed8700 1 -- 172.21.15.64:0/4038216810 >> [v2:172.21.15.64:3300/0,v1:172.21.15.64:6789/0] conn(0x7fe36c1035f0 msgr2=0x7fe36c103a00 secure :-1 s=STATE_CONNECTION_ESTABLISHED l=1).mark_down
2023-07-14T18:17:08.213 INFO:teuthology.orchestra.run.smithi064.stdout:/usr/bin/ceph: stderr
2023-07-14T18:17:07.307+0000 7fe373ed8700 1 --2- 172.21.15.64:0/4038216810 >> [v2:172.21.15.64:3300/0,v1:172.21.15.64:6789/0] conn(0x7fe36c1035f0 0x7fe36c103a00 secure :-1 s=READY pgs=70 cs=0 l=1 rev1=1 crypto rx=0x7fe3680098a0 tx=0x7fe368009bb0 comp rx=0 tx=0).stop
2023-07-14T18:17:08.213 INFO:teuthology.orchestra.run.smithi064.stdout:/usr/bin/ceph: stderr
2023-07-14T18:17:07.307+0000 7fe373ed8700 1 -- 172.21.15.64:0/4038216810 shutdown_connections
2023-07-14T18:17:08.213 INFO:teuthology.orchestra.run.smithi064.stdout:/usr/bin/ceph: stderr
2023-07-14T18:17:07.307+0000 7fe373ed8700 1 --2- 172.21.15.64:0/4038216810 >> [v2:172.21.15.64:3300/0,v1:172.21.15.64:6789/0] conn(0x7fe36c1035f0 0x7fe36c103a00 unknown :-1 s=CLOSED pgs=70 cs=0 l=1 rev1=1 crypto rx=0 tx=0 comp rx=0 tx=0).stop
2023-07-14T18:17:08.213 INFO:teuthology.orchestra.run.smithi064.stdout:/usr/bin/ceph: stderr
2023-07-14T18:17:07.308+0000 7fe373ed8700 1 -- 172.21.15.64:0/4038216810 >> 172.21.15.64:0/4038216810 conn(0x7fe36c0feff0 msgr2=0x7fe36c101400 unknown :-1 s=STATE_NONE l=0).mark_down
2023-07-14T18:17:08.213 INFO:teuthology.orchestra.run.smithi064.stdout:/usr/bin/ceph: stderr
2023-07-14T18:17:07.308+0000 7fe373ed8700 1 -- 172.21.15.64:0/4038216810 shutdown_connections
2023-07-14T18:17:08.213 INFO:teuthology.orchestra.run.smithi064.stdout:/usr/bin/ceph: stderr
2023-07-14T18:17:07.308+0000 7fe373ed8700 1 -- 172.21.15.64:0/4038216810 wait complete.
2023-07-14T18:17:08.213 INFO:teuthology.orchestra.run.smithi064.stdout:/usr/bin/ceph: stderr
2023-07-14T18:17:07.308+0000 7fe373ed8700 1 Processor -- start
2023-07-14T18:17:08.214 INFO:teuthology.orchestra.run.smithi064.stdout:/usr/bin/ceph: stderr
2023-07-14T18:17:07.308+0000 7fe373ed8700 1 -- start start
2023-07-14T18:17:08.214 INFO:teuthology.orchestra.run.smithi064.stdout:/usr/bin/ceph: stderr
2023-07-14T18:17:07.308+0000 7fe373ed8700 1 --2- >> [v2:172.21.15.64:3300/0,v1:172.21.15.64:6789/0] conn(0x7fe36c1035f0 0x7fe36c196ee0 unknown :-1 s=NONE pgs=0 cs=0 l=1 rev1=0 crypto rx=0 tx=0 comp rx=0 tx=0).connect
2023-07-14T18:17:08.214 INFO:teuthology.orchestra.run.smithi064.stdout:/usr/bin/ceph: stderr
2023-07-14T18:17:07.308+0000 7fe373ed8700 1 -- --> [v2:172.21.15.64:3300/0,v1:172.21.15.64:6789/0] -- mon_getmap magic: 0 v1 -- 0x7fe36c197420 con 0x7fe36c1035f0
2023-07-14T18:17:08.214 INFO:teuthology.orchestra.run.smithi064.stdout:/usr/bin/ceph: stderr
2023-07-14T18:17:07.309+0000 7fe371c74700 1 --2- >> [v2:172.21.15.64:3300/0,v1:172.21.15.64:6789/0] conn(0x7fe36c1035f0 0x7fe36c196ee0 unknown :-1 s=BANNER_CONNECTING pgs=0 cs=0 l=1 rev1=0 crypto rx=0 tx=0 comp rx=0 tx=0)._handle_peer_banner_payload supported=3 required=0
2023-07-14T18:17:08.214 INFO:teuthology.orchestra.run.smithi064.stdout:/usr/bin/ceph: stderr
2023-07-14T18:17:07.309+0000 7fe371c74700 1 --2- >> [v2:172.21.15.64:3300/0,v1:172.21.15.64:6789/0] conn(0x7fe36c1035f0 0x7fe36c196ee0 unknown :-1 s=HELLO_CONNECTING pgs=0 cs=0 l=1 rev1=1 crypto rx=0 tx=0 comp rx=0 tx=0).handle_hello peer v2:172.21.15.64:3300/0 says I am v2:172.21.15.64:45822/0 (socket says 172.21.15.64:45822)
2023-07-14T18:17:08.214 INFO:teuthology.orchestra.run.smithi064.stdout:/usr/bin/ceph: stderr
2023-07-14T18:17:07.309+0000 7fe371c74700 1 -- 172.21.15.64:0/1554271629 learned_addr learned my addr 172.21.15.64:0/1554271629 (peer_addr_for_me v2:172.21.15.64:0/0)
2023-07-14T18:17:08.214 INFO:teuthology.orchestra.run.smithi064.stdout:/usr/bin/ceph: stderr
2023-07-14T18:17:07.309+0000 7fe371c74700 1 -- 172.21.15.64:0/1554271629 --> [v2:172.21.15.64:3300/0,v1:172.21.15.64:6789/0] -- mon_subscribe({config=0+,monmap=0+}) v3 -- 0x7fe368009550 con 0x7fe36c1035f0
2023-07-14T18:17:08.215 INFO:teuthology.orchestra.run.smithi064.stdout:/usr/bin/ceph: stderr
2023-07-14T18:17:07.309+0000 7fe371c74700 1 --2- 172.21.15.64:0/1554271629 >> [v2:172.21.15.64:3300/0,v1:172.21.15.64:6789/0] conn(0x7fe36c1035f0 0x7fe36c196ee0 secure :-1 s=READY pgs=71 cs=0 l=1 rev1=1 crypto rx=0x7fe368006af0 tx=0x7fe368011ed0 comp rx=0 tx=0).ready entity=mon.0 client_cookie=0 server_cookie=0 in_seq=0 out_seq=0
2023-07-14T18:17:08.215 INFO:teuthology.orchestra.run.smithi064.stdout:/usr/bin/ceph: stderr
2023-07-14T18:17:07.309+0000 7fe362ffd700 1 -- 172.21.15.64:0/1554271629 <== mon.0 v2:172.21.15.64:3300/0 1 ==== mon_map magic: 0 v1 ==== 205+0+0 (secure 0 0 0) 0x7fe3680037d0 con 0x7fe36c1035f0
2023-07-14T18:17:08.215 INFO:teuthology.orchestra.run.smithi064.stdout:/usr/bin/ceph: stderr
2023-07-14T18:17:07.309+0000 7fe362ffd700 1 -- 172.21.15.64:0/1554271629 <== mon.0 v2:172.21.15.64:3300/0 2 ==== config(25 keys) v1 ==== 1067+0+0 (secure 0 0 0) 0x7fe36801b440 con 0x7fe36c1035f0
2023-07-14T18:17:08.215 INFO:teuthology.orchestra.run.smithi064.stdout:/usr/bin/ceph: stderr
2023-07-14T18:17:07.309+0000 7fe373ed8700 1 -- 172.21.15.64:0/1554271629 --> [v2:172.21.15.64:3300/0,v1:172.21.15.64:6789/0] -- mon_subscribe({mgrmap=0+}) v3 -- 0x7fe36c197620 con 0x7fe36c1035f0
2023-07-14T18:17:08.215 INFO:teuthology.orchestra.run.smithi064.stdout:/usr/bin/ceph: stderr
2023-07-14T18:17:07.309+0000 7fe362ffd700 1 -- 172.21.15.64:0/1554271629 <== mon.0 v2:172.21.15.64:3300/0 3 ==== mon_map magic: 0 v1 ==== 205+0+0 (secure 0 0 0) 0x7fe368023400 con 0x7fe36c1035f0
2023-07-14T18:17:08.215 INFO:teuthology.orchestra.run.smithi064.stdout:/usr/bin/ceph: stderr
2023-07-14T18:17:07.309+0000 7fe373ed8700 1 -- 172.21.15.64:0/1554271629 --> [v2:172.21.15.64:3300/0,v1:172.21.15.64:6789/0] -- mon_subscribe({osdmap=0}) v3 -- 0x7fe36c197a40 con 0x7fe36c1035f0
2023-07-14T18:17:08.215 INFO:teuthology.orchestra.run.smithi064.stdout:/usr/bin/ceph: stderr
2023-07-14T18:17:07.310+0000 7fe362ffd700 1 -- 172.21.15.64:0/1554271629 <== mon.0 v2:172.21.15.64:3300/0 4 ==== mgrmap(e 11) v1 ==== 45390+0+0 (secure 0 0 0) 0x7fe3680236c0 con 0x7fe36c1035f0
2023-07-14T18:17:08.215 INFO:teuthology.orchestra.run.smithi064.stdout:/usr/bin/ceph: stderr
2023-07-14T18:17:07.311+0000 7fe362ffd700 1 --2- 172.21.15.64:0/1554271629 >> [v2:172.21.15.64:6800/387190897,v1:172.21.15.64:6801/387190897] conn(0x7fe35803c9f0 0x7fe35803eea0 unknown :-1 s=NONE pgs=0 cs=0 l=1 rev1=0 crypto rx=0 tx=0 comp rx=0 tx=0).connect
2023-07-14T18:17:08.216 INFO:teuthology.orchestra.run.smithi064.stdout:/usr/bin/ceph: stderr
2023-07-14T18:17:07.311+0000 7fe362ffd700 1 -- 172.21.15.64:0/1554271629 <== mon.0 v2:172.21.15.64:3300/0 5 ==== osd_map(3..3 src has 1..3) v4 ==== 1155+0+0 (secure 0 0 0) 0x7fe36804c6a0 con 0x7fe36c1035f0
2023-07-14T18:17:08.216 INFO:teuthology.orchestra.run.smithi064.stdout:/usr/bin/ceph: stderr
2023-07-14T18:17:07.311+0000 7fe371473700 1 --2- 172.21.15.64:0/1554271629 >> [v2:172.21.15.64:6800/387190897,v1:172.21.15.64:6801/387190897] conn(0x7fe35803c9f0 0x7fe35803eea0 unknown :-1 s=BANNER_CONNECTING pgs=0 cs=0 l=1 rev1=0 crypto rx=0 tx=0 comp rx=0 tx=0)._handle_peer_banner_payload supported=3 required=0
2023-07-14T18:17:08.216 INFO:teuthology.orchestra.run.smithi064.stdout:/usr/bin/ceph: stderr
2023-07-14T18:17:07.311+0000 7fe373ed8700 1 -- 172.21.15.64:0/1554271629 --> [v2:172.21.15.64:3300/0,v1:172.21.15.64:6789/0] -- mon_command({"prefix": "get_command_descriptions"} v 0) v1 -- 0x7fe36c190d10 con 0x7fe36c1035f0
2023-07-14T18:17:08.216 INFO:teuthology.orchestra.run.smithi064.stdout:/usr/bin/ceph: stderr
2023-07-14T18:17:07.311+0000 7fe371473700 1 --2- 172.21.15.64:0/1554271629 >> [v2:172.21.15.64:6800/387190897,v1:172.21.15.64:6801/387190897] conn(0x7fe35803c9f0 0x7fe35803eea0 secure :-1 s=READY pgs=7 cs=0 l=1 rev1=1 crypto rx=0x7fe35c006fd0 tx=0x7fe35c006e40 comp rx=0 tx=0).ready entity=mgr.14152 client_cookie=0 server_cookie=0 in_seq=0 out_seq=0
2023-07-14T18:17:08.216 INFO:teuthology.orchestra.run.smithi064.stdout:/usr/bin/ceph: stderr
2023-07-14T18:17:07.316+0000 7fe362ffd700 1 -- 172.21.15.64:0/1554271629 <== mon.0 v2:172.21.15.64:3300/0 6 ==== mon_command_ack([{"prefix": "get_command_descriptions"}]=0 v0) v1 ==== 72+0+178025 (secure 0 0 0) 0x7fe3680239c0 con 0x7fe36c1035f0
2023-07-14T18:17:08.216 INFO:teuthology.orchestra.run.smithi064.stdout:/usr/bin/ceph: stderr
2023-07-14T18:17:07.686+0000 7fe373ed8700 1 -- 172.21.15.64:0/1554271629 --> [v2:172.21.15.64:6800/387190897,v1:172.21.15.64:6801/387190897] -- mgr_command(tid 0: {"prefix": "dashboard create-self-signed-cert", "target": ["mon-mgr", ""]}) v1 -- 0x7fe36c060a80 con 0x7fe35803c9f0
2023-07-14T18:17:08.216 INFO:teuthology.orchestra.run.smithi064.stdout:/usr/bin/ceph: stderr
2023-07-14T18:17:07.818+0000 7fe362ffd700 1 -- 172.21.15.64:0/1554271629 <== mgr.14152 v2:172.21.15.64:6800/387190897 1 ==== mgr_command_reply(tid 0: 0 ) v1 ==== 8+0+32 (secure 0 0 0) 0x7fe36c060a80 con 0x7fe35803c9f0
2023-07-14T18:17:08.217 INFO:teuthology.orchestra.run.smithi064.stdout:/usr/bin/ceph: stderr
2023-07-14T18:17:07.821+0000 7fe373ed8700 1 -- 172.21.15.64:0/1554271629 >> [v2:172.21.15.64:6800/387190897,v1:172.21.15.64:6801/387190897] conn(0x7fe35803c9f0 msgr2=0x7fe35803eea0 secure :-1 s=STATE_CONNECTION_ESTABLISHED l=1).mark_down
2023-07-14T18:17:08.217 INFO:teuthology.orchestra.run.smithi064.stdout:/usr/bin/ceph: stderr
2023-07-14T18:17:07.821+0000 7fe373ed8700 1 --2- 172.21.15.64:0/1554271629 >> [v2:172.21.15.64:6800/387190897,v1:172.21.15.64:6801/387190897] conn(0x7fe35803c9f0 0x7fe35803eea0 secure :-1 s=READY pgs=7 cs=0 l=1 rev1=1 crypto rx=0x7fe35c006fd0 tx=0x7fe35c006e40 comp rx=0 tx=0).stop
2023-07-14T18:17:08.217 INFO:teuthology.orchestra.run.smithi064.stdout:/usr/bin/ceph: stderr
2023-07-14T18:17:07.821+0000 7fe373ed8700 1 -- 172.21.15.64:0/1554271629 >> [v2:172.21.15.64:3300/0,v1:172.21.15.64:6789/0] conn(0x7fe36c1035f0 msgr2=0x7fe36c196ee0 secure :-1 s=STATE_CONNECTION_ESTABLISHED l=1).mark_down
2023-07-14T18:17:08.217 INFO:teuthology.orchestra.run.smithi064.stdout:/usr/bin/ceph: stderr
2023-07-14T18:17:07.821+0000 7fe373ed8700 1 --2- 172.21.15.64:0/1554271629 >> [v2:172.21.15.64:3300/0,v1:172.21.15.64:6789/0] conn(0x7fe36c1035f0 0x7fe36c196ee0 secure :-1 s=READY pgs=71 cs=0 l=1 rev1=1 crypto rx=0x7fe368006af0 tx=0x7fe368011ed0 comp rx=0 tx=0).stop
2023-07-14T18:17:08.217 INFO:teuthology.orchestra.run.smithi064.stdout:/usr/bin/ceph: stderr
2023-07-14T18:17:07.821+0000 7fe373ed8700 1 -- 172.21.15.64:0/1554271629 shutdown_connections
2023-07-14T18:17:08.217 INFO:teuthology.orchestra.run.smithi064.stdout:/usr/bin/ceph: stderr
2023-07-14T18:17:07.821+0000 7fe373ed8700 1 --2- 172.21.15.64:0/1554271629 >> [v2:172.21.15.64:6800/387190897,v1:172.21.15.64:6801/387190897] conn(0x7fe35803c9f0 0x7fe35803eea0 unknown :-1 s=CLOSED pgs=7 cs=0 l=1 rev1=1 crypto rx=0 tx=0 comp rx=0 tx=0).stop
2023-07-14T18:17:08.217 INFO:teuthology.orchestra.run.smithi064.stdout:/usr/bin/ceph: stderr
2023-07-14T18:17:07.821+0000 7fe373ed8700 1 --2- 172.21.15.64:0/1554271629 >> [v2:172.21.15.64:3300/0,v1:172.21.15.64:6789/0] conn(0x7fe36c1035f0 0x7fe36c196ee0 unknown :-1 s=CLOSED pgs=71 cs=0 l=1 rev1=1 crypto rx=0 tx=0 comp rx=0 tx=0).stop
2023-07-14T18:17:08.217 INFO:teuthology.orchestra.run.smithi064.stdout:/usr/bin/ceph: stderr
2023-07-14T18:17:07.821+0000 7fe373ed8700 1 -- 172.21.15.64:0/1554271629 >> 172.21.15.64:0/1554271629 conn(0x7fe36c0feff0 msgr2=0x7fe36c100920 unknown :-1 s=STATE_NONE l=0).mark_down
2023-07-14T18:17:08.218 INFO:teuthology.orchestra.run.smithi064.stdout:/usr/bin/ceph: stderr
2023-07-14T18:17:07.821+0000 7fe373ed8700 1 -- 172.21.15.64:0/1554271629 shutdown_connections
2023-07-14T18:17:08.218 INFO:teuthology.orchestra.run.smithi064.stdout:/usr/bin/ceph: stderr
2023-07-14T18:17:07.821+0000 7fe373ed8700 1 -- 172.21.15.64:0/1554271629 wait complete.
2023-07-14T18:17:08.218 INFO:teuthology.orchestra.run.smithi064.stdout:Creating initial admin user...
2023-07-14T18:17:08.586 INFO:journalctl@ceph.mon.a.smithi064.stdout:Jul 14 18:17:08 smithi064 ceph-mon[96720]: from='mgr.14152 172.21.15.64:0/3519756555' entity='mgr.x'
2023-07-14T18:17:08.586 INFO:journalctl@ceph.mon.a.smithi064.stdout:Jul 14 18:17:08 smithi064 ceph-mon[96720]: from='mgr.14152 172.21.15.64:0/3519756555' entity='mgr.x'
2023-07-14T18:17:08.586 INFO:journalctl@ceph.mon.a.smithi064.stdout:Jul 14 18:17:08 smithi064 ceph-mon[96720]: from='mgr.14152 172.21.15.64:0/3519756555' entity='mgr.x'
2023-07-14T18:17:09.530 INFO:journalctl@ceph.mon.a.smithi064.stdout:Jul 14 18:17:09 smithi064 ceph-mon[96720]: from='client.14164 -' entity='client.admin' cmd=[{"prefix": "dashboard create-self-signed-cert", "target": ["mon-mgr", ""]}]: dispatch
2023-07-14T18:17:09.531 INFO:journalctl@ceph.mon.a.smithi064.stdout:Jul 14 18:17:09 smithi064 ceph-mon[96720]: mgrmap e12: x(active, since 2s)
2023-07-14T18:17:09.531 INFO:journalctl@ceph.mon.a.smithi064.stdout:Jul 14 18:17:09 smithi064 ceph-mon[96720]: from='mgr.14152 172.21.15.64:0/3519756555' entity='mgr.x'
2023-07-14T18:17:10.058 INFO:teuthology.orchestra.run.smithi064.stdout:/usr/bin/ceph: stdout {"username": "admin", "password": "$2b$12$MriL4yhPUUfSGr9MeB/dQOfomOYN58OklkMVzGvR9bvx0KBof7QBK", "roles": ["administrator"], "name": null, "email": null, "lastUpdate": 1689358629, "enabled": true, "pwdExpirationDate": null, "pwdUpdateRequired": true}
2023-07-14T18:17:10.058 INFO:teuthology.orchestra.run.smithi064.stdout:/usr/bin/ceph: stderr
2023-07-14T18:17:08.621+0000 7fcf8c946700 1 Processor -- start
2023-07-14T18:17:10.058 INFO:teuthology.orchestra.run.smithi064.stdout:/usr/bin/ceph: stderr
2023-07-14T18:17:08.621+0000 7fcf8c946700 1 -- start start
2023-07-14T18:17:10.058 INFO:teuthology.orchestra.run.smithi064.stdout:/usr/bin/ceph: stderr
2023-07-14T18:17:08.621+0000 7fcf8c946700 1 --2- >> [v2:172.21.15.64:3300/0,v1:172.21.15.64:6789/0] conn(0x7fcf88073b60 0x7fcf88107eb0 unknown :-1 s=NONE pgs=0 cs=0 l=0 rev1=0 crypto rx=0 tx=0 comp rx=0 tx=0).connect
2023-07-14T18:17:10.058 INFO:teuthology.orchestra.run.smithi064.stdout:/usr/bin/ceph: stderr
2023-07-14T18:17:08.621+0000 7fcf8c946700 1 -- --> [v2:172.21.15.64:3300/0,v1:172.21.15.64:6789/0] -- mon_getmap magic: 0 v1 -- 0x7fcf881083f0 con 0x7fcf88073b60
2023-07-14T18:17:10.059 INFO:teuthology.orchestra.run.smithi064.stdout:/usr/bin/ceph: stderr
2023-07-14T18:17:08.621+0000 7fcf8659c700 1 --2- >> [v2:172.21.15.64:3300/0,v1:172.21.15.64:6789/0] conn(0x7fcf88073b60 0x7fcf88107eb0 unknown :-1 s=BANNER_CONNECTING pgs=0 cs=0 l=0 rev1=0 crypto rx=0 tx=0 comp rx=0 tx=0)._handle_peer_banner_payload supported=3 required=0
2023-07-14T18:17:10.059 INFO:teuthology.orchestra.run.smithi064.stdout:/usr/bin/ceph: stderr
2023-07-14T18:17:08.621+0000 7fcf8659c700 1 --2- >> [v2:172.21.15.64:3300/0,v1:172.21.15.64:6789/0] conn(0x7fcf88073b60 0x7fcf88107eb0 unknown :-1 s=HELLO_CONNECTING pgs=0 cs=0 l=0 rev1=1 crypto rx=0 tx=0 comp rx=0 tx=0).handle_hello peer v2:172.21.15.64:3300/0 says I am v2:172.21.15.64:45826/0 (socket says 172.21.15.64:45826)
2023-07-14T18:17:10.059 INFO:teuthology.orchestra.run.smithi064.stdout:/usr/bin/ceph: stderr
2023-07-14T18:17:08.621+0000 7fcf8659c700 1 -- 172.21.15.64:0/2332977159 learned_addr learned my addr 172.21.15.64:0/2332977159 (peer_addr_for_me v2:172.21.15.64:0/0)
2023-07-14T18:17:10.059 INFO:teuthology.orchestra.run.smithi064.stdout:/usr/bin/ceph: stderr
2023-07-14T18:17:08.622+0000 7fcf8659c700 1 -- 172.21.15.64:0/2332977159 --> [v2:172.21.15.64:3300/0,v1:172.21.15.64:6789/0] -- mon_subscribe({config=0+,monmap=0+}) v3 -- 0x7fcf88108530 con 0x7fcf88073b60
2023-07-14T18:17:10.059 INFO:teuthology.orchestra.run.smithi064.stdout:/usr/bin/ceph: stderr
2023-07-14T18:17:08.622+0000 7fcf8659c700 1 --2- 172.21.15.64:0/2332977159 >> [v2:172.21.15.64:3300/0,v1:172.21.15.64:6789/0] conn(0x7fcf88073b60 0x7fcf88107eb0 secure :-1 s=READY pgs=72 cs=0 l=1 rev1=1 crypto rx=0x7fcf780098a0 tx=0x7fcf78009bb0 comp rx=0 tx=0).ready entity=mon.0 client_cookie=da1dd2464f3c4c1a server_cookie=0 in_seq=0 out_seq=0
2023-07-14T18:17:10.059 INFO:teuthology.orchestra.run.smithi064.stdout:/usr/bin/ceph: stderr
2023-07-14T18:17:08.622+0000 7fcf8559a700 1 -- 172.21.15.64:0/2332977159 <== mon.0 v2:172.21.15.64:3300/0 1 ==== mon_map magic: 0 v1 ==== 205+0+0 (secure 0 0 0) 0x7fcf78004160 con 0x7fcf88073b60
2023-07-14T18:17:10.059 INFO:teuthology.orchestra.run.smithi064.stdout:/usr/bin/ceph: stderr
2023-07-14T18:17:08.622+0000 7fcf8559a700 1 -- 172.21.15.64:0/2332977159 <== mon.0 v2:172.21.15.64:3300/0 2 ==== config(25 keys) v1 ==== 1067+0+0 (secure 0 0 0) 0x7fcf780042c0 con 0x7fcf88073b60
2023-07-14T18:17:10.059 INFO:teuthology.orchestra.run.smithi064.stdout:/usr/bin/ceph: stderr
2023-07-14T18:17:08.622+0000 7fcf8559a700 1 -- 172.21.15.64:0/2332977159 <== mon.0 v2:172.21.15.64:3300/0 3 ==== mon_map magic: 0 v1 ==== 205+0+0 (secure 0 0 0) 0x7fcf780118e0 con 0x7fcf88073b60
2023-07-14T18:17:10.060 INFO:teuthology.orchestra.run.smithi064.stdout:/usr/bin/ceph: stderr
2023-07-14T18:17:08.623+0000 7fcf8c946700 1 -- 172.21.15.64:0/2332977159 >> [v2:172.21.15.64:3300/0,v1:172.21.15.64:6789/0] conn(0x7fcf88073b60 msgr2=0x7fcf88107eb0 secure :-1 s=STATE_CONNECTION_ESTABLISHED l=1).mark_down
2023-07-14T18:17:10.060 INFO:teuthology.orchestra.run.smithi064.stdout:/usr/bin/ceph: stderr
2023-07-14T18:17:08.623+0000 7fcf8c946700 1 --2- 172.21.15.64:0/2332977159 >> [v2:172.21.15.64:3300/0,v1:172.21.15.64:6789/0] conn(0x7fcf88073b60 0x7fcf88107eb0 secure :-1 s=READY pgs=72 cs=0 l=1 rev1=1 crypto rx=0x7fcf780098a0 tx=0x7fcf78009bb0 comp rx=0 tx=0).stop
2023-07-14T18:17:10.060 INFO:teuthology.orchestra.run.smithi064.stdout:/usr/bin/ceph: stderr
2023-07-14T18:17:08.623+0000 7fcf8c946700 1 -- 172.21.15.64:0/2332977159 shutdown_connections
2023-07-14T18:17:10.060 INFO:teuthology.orchestra.run.smithi064.stdout:/usr/bin/ceph: stderr
2023-07-14T18:17:08.623+0000 7fcf8c946700 1 --2- 172.21.15.64:0/2332977159 >> [v2:172.21.15.64:3300/0,v1:172.21.15.64:6789/0] conn(0x7fcf88073b60 0x7fcf88107eb0 unknown :-1 s=CLOSED pgs=72 cs=0 l=1 rev1=1 crypto rx=0 tx=0 comp rx=0 tx=0).stop
2023-07-14T18:17:10.060 INFO:teuthology.orchestra.run.smithi064.stdout:/usr/bin/ceph: stderr
2023-07-14T18:17:08.623+0000 7fcf8c946700 1 -- 172.21.15.64:0/2332977159 >> 172.21.15.64:0/2332977159 conn(0x7fcf880ff880 msgr2=0x7fcf88101c90 unknown :-1 s=STATE_NONE l=0).mark_down
2023-07-14T18:17:10.060 INFO:teuthology.orchestra.run.smithi064.stdout:/usr/bin/ceph: stderr
2023-07-14T18:17:08.623+0000 7fcf8c946700 1 -- 172.21.15.64:0/2332977159 shutdown_connections
2023-07-14T18:17:10.060 INFO:teuthology.orchestra.run.smithi064.stdout:/usr/bin/ceph: stderr
2023-07-14T18:17:08.623+0000 7fcf8c946700 1 -- 172.21.15.64:0/2332977159 wait complete.
2023-07-14T18:17:10.061 INFO:teuthology.orchestra.run.smithi064.stdout:/usr/bin/ceph: stderr
2023-07-14T18:17:08.624+0000 7fcf8c946700 1 Processor -- start
2023-07-14T18:17:10.061 INFO:teuthology.orchestra.run.smithi064.stdout:/usr/bin/ceph: stderr
2023-07-14T18:17:08.624+0000 7fcf8c946700 1 -- start start
2023-07-14T18:17:10.061 INFO:teuthology.orchestra.run.smithi064.stdout:/usr/bin/ceph: stderr
2023-07-14T18:17:08.624+0000 7fcf8c946700 1 --2- >> [v2:172.21.15.64:3300/0,v1:172.21.15.64:6789/0] conn(0x7fcf881057c0 0x7fcf88103e50 unknown :-1 s=NONE pgs=0 cs=0 l=1 rev1=0 crypto rx=0 tx=0 comp rx=0 tx=0).connect
2023-07-14T18:17:10.061 INFO:teuthology.orchestra.run.smithi064.stdout:/usr/bin/ceph: stderr
2023-07-14T18:17:08.624+0000 7fcf8c946700 1 -- --> [v2:172.21.15.64:3300/0,v1:172.21.15.64:6789/0] -- mon_getmap magic: 0 v1 -- 0x7fcf88105bd0 con 0x7fcf881057c0
2023-07-14T18:17:10.061 INFO:teuthology.orchestra.run.smithi064.stdout:/usr/bin/ceph: stderr
2023-07-14T18:17:08.624+0000 7fcf8659c700 1 --2- >> [v2:172.21.15.64:3300/0,v1:172.21.15.64:6789/0] conn(0x7fcf881057c0 0x7fcf88103e50 unknown :-1 s=BANNER_CONNECTING pgs=0 cs=0 l=1 rev1=0 crypto rx=0 tx=0 comp rx=0 tx=0)._handle_peer_banner_payload supported=3 required=0
2023-07-14T18:17:10.061 INFO:teuthology.orchestra.run.smithi064.stdout:/usr/bin/ceph: stderr
2023-07-14T18:17:08.624+0000 7fcf8659c700 1 --2- >> [v2:172.21.15.64:3300/0,v1:172.21.15.64:6789/0] conn(0x7fcf881057c0 0x7fcf88103e50 unknown :-1 s=HELLO_CONNECTING pgs=0 cs=0 l=1 rev1=1 crypto rx=0 tx=0 comp rx=0 tx=0).handle_hello peer v2:172.21.15.64:3300/0 says I am v2:172.21.15.64:45828/0 (socket says 172.21.15.64:45828)
2023-07-14T18:17:10.061 INFO:teuthology.orchestra.run.smithi064.stdout:/usr/bin/ceph: stderr
2023-07-14T18:17:08.624+0000 7fcf8659c700 1 -- 172.21.15.64:0/2837628534 learned_addr learned my addr 172.21.15.64:0/2837628534 (peer_addr_for_me v2:172.21.15.64:0/0)
2023-07-14T18:17:10.061 INFO:teuthology.orchestra.run.smithi064.stdout:/usr/bin/ceph: stderr
2023-07-14T18:17:08.624+0000 7fcf8659c700 1 -- 172.21.15.64:0/2837628534 --> [v2:172.21.15.64:3300/0,v1:172.21.15.64:6789/0] -- mon_subscribe({config=0+,monmap=0+}) v3 -- 0x7fcf78009550 con 0x7fcf881057c0
2023-07-14T18:17:10.062 INFO:teuthology.orchestra.run.smithi064.stdout:/usr/bin/ceph: stderr
2023-07-14T18:17:08.624+0000 7fcf8659c700 1 --2- 172.21.15.64:0/2837628534 >> [v2:172.21.15.64:3300/0,v1:172.21.15.64:6789/0] conn(0x7fcf881057c0 0x7fcf88103e50 secure :-1 s=READY pgs=73 cs=0 l=1 rev1=1 crypto rx=0x7fcf78003e30 tx=0x7fcf780119a0 comp rx=0 tx=0).ready entity=mon.0 client_cookie=0 server_cookie=0 in_seq=0 out_seq=0
2023-07-14T18:17:10.062 INFO:teuthology.orchestra.run.smithi064.stdout:/usr/bin/ceph: stderr
2023-07-14T18:17:08.625+0000 7fcf777fe700 1 -- 172.21.15.64:0/2837628534 <== mon.0 v2:172.21.15.64:3300/0 1 ==== mon_map magic: 0 v1 ==== 205+0+0 (secure 0 0 0) 0x7fcf780036a0 con 0x7fcf881057c0
2023-07-14T18:17:10.062 INFO:teuthology.orchestra.run.smithi064.stdout:/usr/bin/ceph: stderr
2023-07-14T18:17:08.625+0000 7fcf777fe700 1 -- 172.21.15.64:0/2837628534 <== mon.0 v2:172.21.15.64:3300/0 2 ==== config(25 keys) v1 ==== 1067+0+0 (secure 0 0 0) 0x7fcf7801b440 con 0x7fcf881057c0
2023-07-14T18:17:10.062 INFO:teuthology.orchestra.run.smithi064.stdout:/usr/bin/ceph: stderr
2023-07-14T18:17:08.625+0000 7fcf8c946700 1 -- 172.21.15.64:0/2837628534 --> [v2:172.21.15.64:3300/0,v1:172.21.15.64:6789/0] -- mon_subscribe({mgrmap=0+}) v3 -- 0x7fcf88104390 con 0x7fcf881057c0
2023-07-14T18:17:10.062 INFO:teuthology.orchestra.run.smithi064.stdout:/usr/bin/ceph: stderr
2023-07-14T18:17:08.625+0000 7fcf777fe700 1 -- 172.21.15.64:0/2837628534 <== mon.0 v2:172.21.15.64:3300/0 3 ==== mon_map magic: 0 v1 ==== 205+0+0 (secure 0 0 0) 0x7fcf78023400 con 0x7fcf881057c0
2023-07-14T18:17:10.062 INFO:teuthology.orchestra.run.smithi064.stdout:/usr/bin/ceph: stderr
2023-07-14T18:17:08.625+0000 7fcf8c946700 1 -- 172.21.15.64:0/2837628534 --> [v2:172.21.15.64:3300/0,v1:172.21.15.64:6789/0] -- mon_subscribe({osdmap=0}) v3 -- 0x7fcf881047b0 con 0x7fcf881057c0
2023-07-14T18:17:10.062 INFO:teuthology.orchestra.run.smithi064.stdout:/usr/bin/ceph: stderr
2023-07-14T18:17:08.626+0000 7fcf777fe700 1 -- 172.21.15.64:0/2837628534 <== mon.0 v2:172.21.15.64:3300/0 4 ==== mgrmap(e 12) v1 ==== 45496+0+0 (secure 0 0 0) 0x7fcf7801b5b0 con 0x7fcf881057c0
2023-07-14T18:17:10.063 INFO:teuthology.orchestra.run.smithi064.stdout:/usr/bin/ceph: stderr
2023-07-14T18:17:08.626+0000 7fcf777fe700 1 --2- 172.21.15.64:0/2837628534 >> [v2:172.21.15.64:6800/387190897,v1:172.21.15.64:6801/387190897] conn(0x7fcf700387b0 0x7fcf7003ac60 unknown :-1 s=NONE pgs=0 cs=0 l=1 rev1=0 crypto rx=0 tx=0 comp rx=0 tx=0).connect
2023-07-14T18:17:10.063 INFO:teuthology.orchestra.run.smithi064.stdout:/usr/bin/ceph: stderr
2023-07-14T18:17:08.626+0000 7fcf777fe700 1 -- 172.21.15.64:0/2837628534 <== mon.0 v2:172.21.15.64:3300/0 5 ==== osd_map(3..3 src has 1..3) v4 ==== 1155+0+0 (secure 0 0 0) 0x7fcf7804c780 con 0x7fcf881057c0
2023-07-14T18:17:10.063 INFO:teuthology.orchestra.run.smithi064.stdout:/usr/bin/ceph: stderr
2023-07-14T18:17:08.626+0000 7fcf85d9b700 1 --2- 172.21.15.64:0/2837628534 >> [v2:172.21.15.64:6800/387190897,v1:172.21.15.64:6801/387190897] conn(0x7fcf700387b0 0x7fcf7003ac60 unknown :-1 s=BANNER_CONNECTING pgs=0 cs=0 l=1 rev1=0 crypto rx=0 tx=0 comp rx=0 tx=0)._handle_peer_banner_payload supported=3 required=0
2023-07-14T18:17:10.063 INFO:teuthology.orchestra.run.smithi064.stdout:/usr/bin/ceph: stderr
2023-07-14T18:17:08.626+0000 7fcf8c946700 1 -- 172.21.15.64:0/2837628534 --> [v2:172.21.15.64:3300/0,v1:172.21.15.64:6789/0] -- mon_command({"prefix": "get_command_descriptions"} v 0) v1 -- 0x7fcf881930a0 con 0x7fcf881057c0
2023-07-14T18:17:10.063 INFO:teuthology.orchestra.run.smithi064.stdout:/usr/bin/ceph: stderr
2023-07-14T18:17:08.626+0000 7fcf85d9b700 1 --2- 172.21.15.64:0/2837628534 >> [v2:172.21.15.64:6800/387190897,v1:172.21.15.64:6801/387190897] conn(0x7fcf700387b0 0x7fcf7003ac60 secure :-1 s=READY pgs=8 cs=0 l=1 rev1=1 crypto rx=0x7fcf7c006fd0 tx=0x7fcf7c006e40 comp rx=0 tx=0).ready entity=mgr.14152 client_cookie=0 server_cookie=0 in_seq=0 out_seq=0
2023-07-14T18:17:10.063 INFO:teuthology.orchestra.run.smithi064.stdout:/usr/bin/ceph: stderr
2023-07-14T18:17:08.631+0000 7fcf777fe700 1 -- 172.21.15.64:0/2837628534 <== mon.0 v2:172.21.15.64:3300/0 6 ==== mon_command_ack([{"prefix": "get_command_descriptions"}]=0 v0) v1 ==== 72+0+178025 (secure 0 0 0) 0x7fcf7801ba90 con 0x7fcf881057c0
2023-07-14T18:17:10.063 INFO:teuthology.orchestra.run.smithi064.stdout:/usr/bin/ceph: stderr
2023-07-14T18:17:09.028+0000 7fcf8c946700 1 -- 172.21.15.64:0/2837628534 --> [v2:172.21.15.64:6800/387190897,v1:172.21.15.64:6801/387190897] -- mgr_command(tid 0: {"prefix": "dashboard ac-user-create", "username": "admin", "rolename": "administrator", "force_password": true, "pwd_update_required": true, "target": ["mon-mgr", ""]}) v1 -- 0x7fcf88061a90 con 0x7fcf700387b0
2023-07-14T18:17:10.063 INFO:teuthology.orchestra.run.smithi064.stdout:/usr/bin/ceph: stderr
2023-07-14T18:17:09.276+0000 7fcf777fe700 1 -- 172.21.15.64:0/2837628534 <== mgr.14152 v2:172.21.15.64:6800/387190897 1 ==== mgr_command_reply(tid 0: 0 ) v1 ==== 8+0+252 (secure 0 0 0) 0x7fcf88061a90 con 0x7fcf700387b0
2023-07-14T18:17:10.064 INFO:teuthology.orchestra.run.smithi064.stdout:/usr/bin/ceph: stderr
2023-07-14T18:17:09.279+0000 7fcf8c946700 1 -- 172.21.15.64:0/2837628534 >> [v2:172.21.15.64:6800/387190897,v1:172.21.15.64:6801/387190897] conn(0x7fcf700387b0 msgr2=0x7fcf7003ac60 secure :-1 s=STATE_CONNECTION_ESTABLISHED l=1).mark_down
2023-07-14T18:17:10.064 INFO:teuthology.orchestra.run.smithi064.stdout:/usr/bin/ceph: stderr
2023-07-14T18:17:09.279+0000 7fcf8c946700 1 --2- 172.21.15.64:0/2837628534 >> [v2:172.21.15.64:6800/387190897,v1:172.21.15.64:6801/387190897] conn(0x7fcf700387b0 0x7fcf7003ac60 secure :-1 s=READY pgs=8 cs=0 l=1 rev1=1 crypto rx=0x7fcf7c006fd0 tx=0x7fcf7c006e40 comp rx=0 tx=0).stop
2023-07-14T18:17:10.064 INFO:teuthology.orchestra.run.smithi064.stdout:/usr/bin/ceph: stderr
2023-07-14T18:17:09.279+0000 7fcf8c946700 1 -- 172.21.15.64:0/2837628534 >> [v2:172.21.15.64:3300/0,v1:172.21.15.64:6789/0] conn(0x7fcf881057c0 msgr2=0x7fcf88103e50 secure :-1 s=STATE_CONNECTION_ESTABLISHED l=1).mark_down
2023-07-14T18:17:10.064 INFO:teuthology.orchestra.run.smithi064.stdout:/usr/bin/ceph: stderr
2023-07-14T18:17:09.279+0000 7fcf8c946700 1 --2- 172.21.15.64:0/2837628534 >> [v2:172.21.15.64:3300/0,v1:172.21.15.64:6789/0] conn(0x7fcf881057c0 0x7fcf88103e50 secure :-1 s=READY pgs=73 cs=0 l=1 rev1=1 crypto rx=0x7fcf78003e30 tx=0x7fcf780119a0 comp rx=0 tx=0).stop
2023-07-14T18:17:10.064 INFO:teuthology.orchestra.run.smithi064.stdout:/usr/bin/ceph: stderr
2023-07-14T18:17:09.279+0000 7fcf8c946700 1 -- 172.21.15.64:0/2837628534 shutdown_connections
2023-07-14T18:17:10.064 INFO:teuthology.orchestra.run.smithi064.stdout:/usr/bin/ceph: stderr
2023-07-14T18:17:09.279+0000 7fcf8c946700 1 --2- 172.21.15.64:0/2837628534 >> [v2:172.21.15.64:6800/387190897,v1:172.21.15.64:6801/387190897] conn(0x7fcf700387b0 0x7fcf7003ac60 unknown :-1 s=CLOSED pgs=8 cs=0 l=1 rev1=1 crypto rx=0 tx=0 comp rx=0 tx=0).stop
2023-07-14T18:17:10.064 INFO:teuthology.orchestra.run.smithi064.stdout:/usr/bin/ceph: stderr
2023-07-14T18:17:09.279+0000 7fcf8c946700 1 --2- 172.21.15.64:0/2837628534 >> [v2:172.21.15.64:3300/0,v1:172.21.15.64:6789/0] conn(0x7fcf881057c0 0x7fcf88103e50 unknown :-1 s=CLOSED pgs=73 cs=0 l=1 rev1=1 crypto rx=0 tx=0 comp rx=0 tx=0).stop
2023-07-14T18:17:10.065 INFO:teuthology.orchestra.run.smithi064.stdout:/usr/bin/ceph: stderr
2023-07-14T18:17:09.279+0000 7fcf8c946700 1 -- 172.21.15.64:0/2837628534 >> 172.21.15.64:0/2837628534 conn(0x7fcf880ff880 msgr2=0x7fcf88101c50 unknown :-1 s=STATE_NONE l=0).mark_down
2023-07-14T18:17:10.065 INFO:teuthology.orchestra.run.smithi064.stdout:/usr/bin/ceph: stderr
2023-07-14T18:17:09.279+0000 7fcf8c946700 1 -- 172.21.15.64:0/2837628534 shutdown_connections
2023-07-14T18:17:10.065 INFO:teuthology.orchestra.run.smithi064.stdout:/usr/bin/ceph: stderr
2023-07-14T18:17:09.279+0000 7fcf8c946700 1 -- 172.21.15.64:0/2837628534 wait complete.
2023-07-14T18:17:10.065 INFO:teuthology.orchestra.run.smithi064.stdout:Fetching dashboard port number...
2023-07-14T18:17:10.586 INFO:journalctl@ceph.mon.a.smithi064.stdout:Jul 14 18:17:10 smithi064 ceph-mon[96720]: from='client.14166 -' entity='client.admin' cmd=[{"prefix": "dashboard ac-user-create", "username": "admin", "rolename": "administrator", "force_password": true, "pwd_update_required": true, "target": ["mon-mgr", ""]}]: dispatch
2023-07-14T18:17:10.586 INFO:journalctl@ceph.mon.a.smithi064.stdout:Jul 14 18:17:10 smithi064 ceph-mon[96720]: from='mgr.14152 172.21.15.64:0/3519756555' entity='mgr.x'
2023-07-14T18:17:11.204 INFO:teuthology.orchestra.run.smithi064.stdout:/usr/bin/ceph: stdout 8443
2023-07-14T18:17:11.205 INFO:teuthology.orchestra.run.smithi064.stdout:/usr/bin/ceph: stderr
2023-07-14T18:17:10.445+0000 7f0706a84700 1 Processor -- start
2023-07-14T18:17:11.205 INFO:teuthology.orchestra.run.smithi064.stdout:/usr/bin/ceph: stderr
2023-07-14T18:17:10.445+0000 7f0706a84700 1 -- start start
2023-07-14T18:17:11.205 INFO:teuthology.orchestra.run.smithi064.stdout:/usr/bin/ceph: stderr
2023-07-14T18:17:10.446+0000 7f0706a84700 1 --2- >> [v2:172.21.15.64:3300/0,v1:172.21.15.64:6789/0] conn(0x7f0700105de0 0x7f07001081c0 unknown :-1 s=NONE pgs=0 cs=0 l=0 rev1=0 crypto rx=0 tx=0 comp rx=0 tx=0).connect
2023-07-14T18:17:11.205 INFO:teuthology.orchestra.run.smithi064.stdout:/usr/bin/ceph: stderr
2023-07-14T18:17:10.446+0000 7f0706a84700 1 -- --> [v2:172.21.15.64:3300/0,v1:172.21.15.64:6789/0] -- mon_getmap magic: 0 v1 -- 0x7f0700073be0 con 0x7f0700105de0
2023-07-14T18:17:11.205 INFO:teuthology.orchestra.run.smithi064.stdout:/usr/bin/ceph: stderr
