2023-07-14T18:56:24.396+0000 7fe371231700 1 --2- >> [v2:172.21.15.12:3300/0,v1:172.21.15.12:6789/0] conn(0x7fe36c1055e0 0x7fe36c1059f0 unknown :-1 s=NONE pgs=0 cs=0 l=0 rev1=0 crypto rx=0 tx=0 comp rx=0 tx=0).connect
2023-07-14T18:56:28.239 INFO:teuthology.orchestra.run.smithi012.stdout:/usr/bin/ceph: stderr
2023-07-14T18:56:24.396+0000 7fe371231700 1 -- --> [v2:172.21.15.12:3300/0,v1:172.21.15.12:6789/0] -- mon_getmap magic: 0 v1 -- 0x7fe36c105f30 con 0x7fe36c1055e0
2023-07-14T18:56:28.239 INFO:teuthology.orchestra.run.smithi012.stdout:/usr/bin/ceph: stderr
2023-07-14T18:56:24.397+0000 7fe36ad9d700 1 --2- >> [v2:172.21.15.12:3300/0,v1:172.21.15.12:6789/0] conn(0x7fe36c1055e0 0x7fe36c1059f0 unknown :-1 s=BANNER_CONNECTING pgs=0 cs=0 l=0 rev1=0 crypto rx=0 tx=0 comp rx=0 tx=0)._handle_peer_banner_payload supported=3 required=0
2023-07-14T18:56:28.239 INFO:teuthology.orchestra.run.smithi012.stdout:/usr/bin/ceph: stderr
2023-07-14T18:56:24.397+0000 7fe36ad9d700 1 --2- >> [v2:172.21.15.12:3300/0,v1:172.21.15.12:6789/0] conn(0x7fe36c1055e0 0x7fe36c1059f0 unknown :-1 s=HELLO_CONNECTING pgs=0 cs=0 l=0 rev1=1 crypto rx=0 tx=0 comp rx=0 tx=0).handle_hello peer v2:172.21.15.12:3300/0 says I am v2:172.21.15.12:35800/0 (socket says 172.21.15.12:35800)
2023-07-14T18:56:28.240 INFO:teuthology.orchestra.run.smithi012.stdout:/usr/bin/ceph: stderr
2023-07-14T18:56:24.397+0000 7fe36ad9d700 1 -- 172.21.15.12:0/2963971551 learned_addr learned my addr 172.21.15.12:0/2963971551 (peer_addr_for_me v2:172.21.15.12:0/0)
2023-07-14T18:56:28.240 INFO:teuthology.orchestra.run.smithi012.stdout:/usr/bin/ceph: stderr
2023-07-14T18:56:24.397+0000 7fe36ad9d700 1 -- 172.21.15.12:0/2963971551 --> [v2:172.21.15.12:3300/0,v1:172.21.15.12:6789/0] -- mon_subscribe({config=0+,monmap=0+}) v3 -- 0x7fe36c106070 con 0x7fe36c1055e0
2023-07-14T18:56:28.240 INFO:teuthology.orchestra.run.smithi012.stdout:/usr/bin/ceph: stderr
2023-07-14T18:56:24.397+0000 7fe36ad9d700 1 --2- 172.21.15.12:0/2963971551 >> [v2:172.21.15.12:3300/0,v1:172.21.15.12:6789/0] conn(0x7fe36c1055e0 0x7fe36c1059f0 secure :-1 s=READY pgs=45 cs=0 l=1 rev1=1 crypto rx=0x7fe35c0098a0 tx=0x7fe35c009bb0 comp rx=0 tx=0).ready entity=mon.0 client_cookie=7eeb6529a4d18693 server_cookie=0 in_seq=0 out_seq=0
2023-07-14T18:56:28.240 INFO:teuthology.orchestra.run.smithi012.stdout:/usr/bin/ceph: stderr
2023-07-14T18:56:24.397+0000 7fe369d9b700 1 -- 172.21.15.12:0/2963971551 <== mon.0 v2:172.21.15.12:3300/0 1 ==== mon_map magic: 0 v1 ==== 205+0+0 (secure 0 0 0) 0x7fe35c004160 con 0x7fe36c1055e0
2023-07-14T18:56:28.240 INFO:teuthology.orchestra.run.smithi012.stdout:/usr/bin/ceph: stderr
2023-07-14T18:56:24.398+0000 7fe369d9b700 1 -- 172.21.15.12:0/2963971551 <== mon.0 v2:172.21.15.12:3300/0 2 ==== config(26 keys) v1 ==== 1074+0+0 (secure 0 0 0) 0x7fe35c0042c0 con 0x7fe36c1055e0
2023-07-14T18:56:28.240 INFO:teuthology.orchestra.run.smithi012.stdout:/usr/bin/ceph: stderr
2023-07-14T18:56:24.398+0000 7fe369d9b700 1 -- 172.21.15.12:0/2963971551 <== mon.0 v2:172.21.15.12:3300/0 3 ==== mon_map magic: 0 v1 ==== 205+0+0 (secure 0 0 0) 0x7fe35c011a00 con 0x7fe36c1055e0
2023-07-14T18:56:28.240 INFO:teuthology.orchestra.run.smithi012.stdout:/usr/bin/ceph: stderr
2023-07-14T18:56:24.398+0000 7fe371231700 1 -- 172.21.15.12:0/2963971551 >> [v2:172.21.15.12:3300/0,v1:172.21.15.12:6789/0] conn(0x7fe36c1055e0 msgr2=0x7fe36c1059f0 secure :-1 s=STATE_CONNECTION_ESTABLISHED l=1).mark_down
2023-07-14T18:56:28.241 INFO:teuthology.orchestra.run.smithi012.stdout:/usr/bin/ceph: stderr
2023-07-14T18:56:24.398+0000 7fe371231700 1 --2- 172.21.15.12:0/2963971551 >> [v2:172.21.15.12:3300/0,v1:172.21.15.12:6789/0] conn(0x7fe36c1055e0 0x7fe36c1059f0 secure :-1 s=READY pgs=45 cs=0 l=1 rev1=1 crypto rx=0x7fe35c0098a0 tx=0x7fe35c009bb0 comp rx=0 tx=0).stop
2023-07-14T18:56:28.241 INFO:teuthology.orchestra.run.smithi012.stdout:/usr/bin/ceph: stderr
2023-07-14T18:56:24.398+0000 7fe371231700 1 -- 172.21.15.12:0/2963971551 shutdown_connections
2023-07-14T18:56:28.241 INFO:teuthology.orchestra.run.smithi012.stdout:/usr/bin/ceph: stderr
2023-07-14T18:56:24.398+0000 7fe371231700 1 --2- 172.21.15.12:0/2963971551 >> [v2:172.21.15.12:3300/0,v1:172.21.15.12:6789/0] conn(0x7fe36c1055e0 0x7fe36c1059f0 unknown :-1 s=CLOSED pgs=45 cs=0 l=1 rev1=1 crypto rx=0 tx=0 comp rx=0 tx=0).stop
2023-07-14T18:56:28.241 INFO:teuthology.orchestra.run.smithi012.stdout:/usr/bin/ceph: stderr
2023-07-14T18:56:24.398+0000 7fe371231700 1 -- 172.21.15.12:0/2963971551 >> 172.21.15.12:0/2963971551 conn(0x7fe36c100c90 msgr2=0x7fe36c1030a0 unknown :-1 s=STATE_NONE l=0).mark_down
2023-07-14T18:56:28.241 INFO:teuthology.orchestra.run.smithi012.stdout:/usr/bin/ceph: stderr
2023-07-14T18:56:24.398+0000 7fe371231700 1 -- 172.21.15.12:0/2963971551 shutdown_connections
2023-07-14T18:56:28.241 INFO:teuthology.orchestra.run.smithi012.stdout:/usr/bin/ceph: stderr
2023-07-14T18:56:24.398+0000 7fe371231700 1 -- 172.21.15.12:0/2963971551 wait complete.
2023-07-14T18:56:28.241 INFO:teuthology.orchestra.run.smithi012.stdout:/usr/bin/ceph: stderr
2023-07-14T18:56:24.399+0000 7fe371231700 1 Processor -- start
2023-07-14T18:56:28.241 INFO:teuthology.orchestra.run.smithi012.stdout:/usr/bin/ceph: stderr
2023-07-14T18:56:24.399+0000 7fe371231700 1 -- start start
2023-07-14T18:56:28.242 INFO:teuthology.orchestra.run.smithi012.stdout:/usr/bin/ceph: stderr
2023-07-14T18:56:24.400+0000 7fe371231700 1 --2- >> [v2:172.21.15.12:3300/0,v1:172.21.15.12:6789/0] conn(0x7fe36c1055e0 0x7fe36c19b4c0 unknown :-1 s=NONE pgs=0 cs=0 l=1 rev1=0 crypto rx=0 tx=0 comp rx=0 tx=0).connect
2023-07-14T18:56:28.242 INFO:teuthology.orchestra.run.smithi012.stdout:/usr/bin/ceph: stderr
2023-07-14T18:56:24.400+0000 7fe371231700 1 -- --> [v2:172.21.15.12:3300/0,v1:172.21.15.12:6789/0] -- mon_getmap magic: 0 v1 -- 0x7fe36c19ba00 con 0x7fe36c1055e0
2023-07-14T18:56:28.242 INFO:teuthology.orchestra.run.smithi012.stdout:/usr/bin/ceph: stderr
2023-07-14T18:56:24.400+0000 7fe36ad9d700 1 --2- >> [v2:172.21.15.12:3300/0,v1:172.21.15.12:6789/0] conn(0x7fe36c1055e0 0x7fe36c19b4c0 unknown :-1 s=BANNER_CONNECTING pgs=0 cs=0 l=1 rev1=0 crypto rx=0 tx=0 comp rx=0 tx=0)._handle_peer_banner_payload supported=3 required=0
2023-07-14T18:56:28.242 INFO:teuthology.orchestra.run.smithi012.stdout:/usr/bin/ceph: stderr
2023-07-14T18:56:24.400+0000 7fe36ad9d700 1 --2- >> [v2:172.21.15.12:3300/0,v1:172.21.15.12:6789/0] conn(0x7fe36c1055e0 0x7fe36c19b4c0 unknown :-1 s=HELLO_CONNECTING pgs=0 cs=0 l=1 rev1=1 crypto rx=0 tx=0 comp rx=0 tx=0).handle_hello peer v2:172.21.15.12:3300/0 says I am v2:172.21.15.12:35810/0 (socket says 172.21.15.12:35810)
2023-07-14T18:56:28.242 INFO:teuthology.orchestra.run.smithi012.stdout:/usr/bin/ceph: stderr
2023-07-14T18:56:24.400+0000 7fe36ad9d700 1 -- 172.21.15.12:0/984854945 learned_addr learned my addr 172.21.15.12:0/984854945 (peer_addr_for_me v2:172.21.15.12:0/0)
2023-07-14T18:56:28.242 INFO:teuthology.orchestra.run.smithi012.stdout:/usr/bin/ceph: stderr
2023-07-14T18:56:24.400+0000 7fe36ad9d700 1 -- 172.21.15.12:0/984854945 --> [v2:172.21.15.12:3300/0,v1:172.21.15.12:6789/0] -- mon_subscribe({config=0+,monmap=0+}) v3 -- 0x7fe35c009550 con 0x7fe36c1055e0
2023-07-14T18:56:28.242 INFO:teuthology.orchestra.run.smithi012.stdout:/usr/bin/ceph: stderr
2023-07-14T18:56:24.401+0000 7fe36ad9d700 1 --2- 172.21.15.12:0/984854945 >> [v2:172.21.15.12:3300/0,v1:172.21.15.12:6789/0] conn(0x7fe36c1055e0 0x7fe36c19b4c0 secure :-1 s=READY pgs=46 cs=0 l=1 rev1=1 crypto rx=0x7fe35c006af0 tx=0x7fe35c011ad0 comp rx=0 tx=0).ready entity=mon.0 client_cookie=0 server_cookie=0 in_seq=0 out_seq=0
2023-07-14T18:56:28.243 INFO:teuthology.orchestra.run.smithi012.stdout:/usr/bin/ceph: stderr
2023-07-14T18:56:24.401+0000 7fe353fff700 1 -- 172.21.15.12:0/984854945 <== mon.0 v2:172.21.15.12:3300/0 1 ==== mon_map magic: 0 v1 ==== 205+0+0 (secure 0 0 0) 0x7fe35c003a40 con 0x7fe36c1055e0
2023-07-14T18:56:28.243 INFO:teuthology.orchestra.run.smithi012.stdout:/usr/bin/ceph: stderr
2023-07-14T18:56:24.401+0000 7fe353fff700 1 -- 172.21.15.12:0/984854945 <== mon.0 v2:172.21.15.12:3300/0 2 ==== config(26 keys) v1 ==== 1074+0+0 (secure 0 0 0) 0x7fe35c003ba0 con 0x7fe36c1055e0
2023-07-14T18:56:28.243 INFO:teuthology.orchestra.run.smithi012.stdout:/usr/bin/ceph: stderr
2023-07-14T18:56:24.401+0000 7fe371231700 1 -- 172.21.15.12:0/984854945 --> [v2:172.21.15.12:3300/0,v1:172.21.15.12:6789/0] -- mon_subscribe({mgrmap=0+}) v3 -- 0x7fe36c19bc00 con 0x7fe36c1055e0
2023-07-14T18:56:28.243 INFO:teuthology.orchestra.run.smithi012.stdout:/usr/bin/ceph: stderr
2023-07-14T18:56:24.401+0000 7fe353fff700 1 -- 172.21.15.12:0/984854945 <== mon.0 v2:172.21.15.12:3300/0 3 ==== mon_map magic: 0 v1 ==== 205+0+0 (secure 0 0 0) 0x7fe35c01a6e0 con 0x7fe36c1055e0
2023-07-14T18:56:28.243 INFO:teuthology.orchestra.run.smithi012.stdout:/usr/bin/ceph: stderr
2023-07-14T18:56:24.401+0000 7fe371231700 1 -- 172.21.15.12:0/984854945 --> [v2:172.21.15.12:3300/0,v1:172.21.15.12:6789/0] -- mon_subscribe({osdmap=0}) v3 -- 0x7fe36c19c020 con 0x7fe36c1055e0
2023-07-14T18:56:28.243 INFO:teuthology.orchestra.run.smithi012.stdout:/usr/bin/ceph: stderr
2023-07-14T18:56:24.402+0000 7fe371231700 1 -- 172.21.15.12:0/984854945 --> [v2:172.21.15.12:3300/0,v1:172.21.15.12:6789/0] -- mon_command({"prefix": "get_command_descriptions"} v 0) v1 -- 0x7fe36c061c70 con 0x7fe36c1055e0
2023-07-14T18:56:28.243 INFO:teuthology.orchestra.run.smithi012.stdout:/usr/bin/ceph: stderr
2023-07-14T18:56:24.402+0000 7fe353fff700 1 -- 172.21.15.12:0/984854945 <== mon.0 v2:172.21.15.12:3300/0 4 ==== mgrmap(e 8) v1 ==== 45483+0+0 (secure 0 0 0) 0x7fe35c024a60 con 0x7fe36c1055e0
2023-07-14T18:56:28.243 INFO:teuthology.orchestra.run.smithi012.stdout:/usr/bin/ceph: stderr
2023-07-14T18:56:24.403+0000 7fe353fff700 1 --2- 172.21.15.12:0/984854945 >> [v2:172.21.15.12:6800/752663876,v1:172.21.15.12:6801/752663876] conn(0x7fe354038760 0x7fe35403ac10 unknown :-1 s=NONE pgs=0 cs=0 l=1 rev1=0 crypto rx=0 tx=0 comp rx=0 tx=0).connect
2023-07-14T18:56:28.244 INFO:teuthology.orchestra.run.smithi012.stdout:/usr/bin/ceph: stderr
2023-07-14T18:56:24.403+0000 7fe353fff700 1 -- 172.21.15.12:0/984854945 <== mon.0 v2:172.21.15.12:3300/0 5 ==== osd_map(2..2 src has 1..2) v4 ==== 940+0+0 (secure 0 0 0) 0x7fe35c04c7c0 con 0x7fe36c1055e0
2023-07-14T18:56:28.244 INFO:teuthology.orchestra.run.smithi012.stdout:/usr/bin/ceph: stderr
2023-07-14T18:56:24.403+0000 7fe36a59c700 1 --2- 172.21.15.12:0/984854945 >> [v2:172.21.15.12:6800/752663876,v1:172.21.15.12:6801/752663876] conn(0x7fe354038760 0x7fe35403ac10 unknown :-1 s=BANNER_CONNECTING pgs=0 cs=0 l=1 rev1=0 crypto rx=0 tx=0 comp rx=0 tx=0)._handle_peer_banner_payload supported=3 required=0
2023-07-14T18:56:28.244 INFO:teuthology.orchestra.run.smithi012.stdout:/usr/bin/ceph: stderr
2023-07-14T18:56:24.404+0000 7fe36a59c700 1 --2- 172.21.15.12:0/984854945 >> [v2:172.21.15.12:6800/752663876,v1:172.21.15.12:6801/752663876] conn(0x7fe354038760 0x7fe35403ac10 secure :-1 s=READY pgs=11 cs=0 l=1 rev1=1 crypto rx=0x7fe360006fd0 tx=0x7fe360006e40 comp rx=0 tx=0).ready entity=mgr.14120 client_cookie=0 server_cookie=0 in_seq=0 out_seq=0
2023-07-14T18:56:28.244 INFO:teuthology.orchestra.run.smithi012.stdout:/usr/bin/ceph: stderr
2023-07-14T18:56:24.408+0000 7fe353fff700 1 -- 172.21.15.12:0/984854945 <== mon.0 v2:172.21.15.12:3300/0 6 ==== mon_command_ack([{"prefix": "get_command_descriptions"}]=0 v0) v1 ==== 72+0+178025 (secure 0 0 0) 0x7fe35c024430 con 0x7fe36c1055e0
2023-07-14T18:56:28.244 INFO:teuthology.orchestra.run.smithi012.stdout:/usr/bin/ceph: stderr
2023-07-14T18:56:24.620+0000 7fe371231700 1 -- 172.21.15.12:0/984854945 --> [v2:172.21.15.12:6800/752663876,v1:172.21.15.12:6801/752663876] -- mgr_command(tid 0: {"prefix": "orch host add", "hostname": "smithi012", "addr": "172.21.15.12", "target": ["mon-mgr", ""]}) v1 -- 0x7fe36c102100 con 0x7fe354038760
2023-07-14T18:56:28.244 INFO:teuthology.orchestra.run.smithi012.stdout:/usr/bin/ceph: stderr
2023-07-14T18:56:27.840+0000 7fe353fff700 1 -- 172.21.15.12:0/984854945 <== mgr.14120 v2:172.21.15.12:6800/752663876 1 ==== mgr_command_reply(tid 0: 0 ) v1 ==== 8+0+48 (secure 0 0 0) 0x7fe36c102100 con 0x7fe354038760
2023-07-14T18:56:28.244 INFO:teuthology.orchestra.run.smithi012.stdout:/usr/bin/ceph: stderr
2023-07-14T18:56:27.843+0000 7fe371231700 1 -- 172.21.15.12:0/984854945 >> [v2:172.21.15.12:6800/752663876,v1:172.21.15.12:6801/752663876] conn(0x7fe354038760 msgr2=0x7fe35403ac10 secure :-1 s=STATE_CONNECTION_ESTABLISHED l=1).mark_down
2023-07-14T18:56:28.245 INFO:teuthology.orchestra.run.smithi012.stdout:/usr/bin/ceph: stderr
2023-07-14T18:56:27.843+0000 7fe371231700 1 --2- 172.21.15.12:0/984854945 >> [v2:172.21.15.12:6800/752663876,v1:172.21.15.12:6801/752663876] conn(0x7fe354038760 0x7fe35403ac10 secure :-1 s=READY pgs=11 cs=0 l=1 rev1=1 crypto rx=0x7fe360006fd0 tx=0x7fe360006e40 comp rx=0 tx=0).stop
2023-07-14T18:56:28.245 INFO:teuthology.orchestra.run.smithi012.stdout:/usr/bin/ceph: stderr
2023-07-14T18:56:27.843+0000 7fe371231700 1 -- 172.21.15.12:0/984854945 >> [v2:172.21.15.12:3300/0,v1:172.21.15.12:6789/0] conn(0x7fe36c1055e0 msgr2=0x7fe36c19b4c0 secure :-1 s=STATE_CONNECTION_ESTABLISHED l=1).mark_down
2023-07-14T18:56:28.245 INFO:teuthology.orchestra.run.smithi012.stdout:/usr/bin/ceph: stderr
2023-07-14T18:56:27.843+0000 7fe371231700 1 --2- 172.21.15.12:0/984854945 >> [v2:172.21.15.12:3300/0,v1:172.21.15.12:6789/0] conn(0x7fe36c1055e0 0x7fe36c19b4c0 secure :-1 s=READY pgs=46 cs=0 l=1 rev1=1 crypto rx=0x7fe35c006af0 tx=0x7fe35c011ad0 comp rx=0 tx=0).stop
2023-07-14T18:56:28.245 INFO:teuthology.orchestra.run.smithi012.stdout:/usr/bin/ceph: stderr
2023-07-14T18:56:27.844+0000 7fe371231700 1 -- 172.21.15.12:0/984854945 shutdown_connections
2023-07-14T18:56:28.245 INFO:teuthology.orchestra.run.smithi012.stdout:/usr/bin/ceph: stderr
2023-07-14T18:56:27.844+0000 7fe371231700 1 --2- 172.21.15.12:0/984854945 >> [v2:172.21.15.12:6800/752663876,v1:172.21.15.12:6801/752663876] conn(0x7fe354038760 0x7fe35403ac10 unknown :-1 s=CLOSED pgs=11 cs=0 l=1 rev1=1 crypto rx=0 tx=0 comp rx=0 tx=0).stop
2023-07-14T18:56:28.245 INFO:teuthology.orchestra.run.smithi012.stdout:/usr/bin/ceph: stderr
2023-07-14T18:56:27.844+0000 7fe371231700 1 --2- 172.21.15.12:0/984854945 >> [v2:172.21.15.12:3300/0,v1:172.21.15.12:6789/0] conn(0x7fe36c1055e0 0x7fe36c19b4c0 unknown :-1 s=CLOSED pgs=46 cs=0 l=1 rev1=1 crypto rx=0 tx=0 comp rx=0 tx=0).stop
2023-07-14T18:56:28.245 INFO:teuthology.orchestra.run.smithi012.stdout:/usr/bin/ceph: stderr
2023-07-14T18:56:27.844+0000 7fe371231700 1 -- 172.21.15.12:0/984854945 >> 172.21.15.12:0/984854945 conn(0x7fe36c100c90 msgr2=0x7fe36c1019f0 unknown :-1 s=STATE_NONE l=0).mark_down
2023-07-14T18:56:28.245 INFO:teuthology.orchestra.run.smithi012.stdout:/usr/bin/ceph: stderr
2023-07-14T18:56:27.844+0000 7fe371231700 1 -- 172.21.15.12:0/984854945 shutdown_connections
2023-07-14T18:56:28.246 INFO:teuthology.orchestra.run.smithi012.stdout:/usr/bin/ceph: stderr
2023-07-14T18:56:27.844+0000 7fe371231700 1 -- 172.21.15.12:0/984854945 wait complete.
2023-07-14T18:56:28.246 INFO:teuthology.orchestra.run.smithi012.stdout:Deploying unmanaged mon service...
2023-07-14T18:56:29.163 INFO:journalctl@ceph.mon.a.smithi012.stdout:Jul 14 18:56:28 smithi012 ceph-mon[126352]: from='mgr.14120 172.21.15.12:0/4259445508' entity='mgr.x'
2023-07-14T18:56:29.163 INFO:journalctl@ceph.mon.a.smithi012.stdout:Jul 14 18:56:28 smithi012 ceph-mon[126352]: Added host smithi012
2023-07-14T18:56:29.164 INFO:journalctl@ceph.mon.a.smithi012.stdout:Jul 14 18:56:28 smithi012 ceph-mon[126352]: from='mgr.14120 172.21.15.12:0/4259445508' entity='mgr.x' cmd=[{"prefix": "config dump", "format": "json"}]: dispatch
2023-07-14T18:56:29.538 INFO:teuthology.orchestra.run.smithi012.stdout:/usr/bin/ceph: stdout Scheduled mon update...
2023-07-14T18:56:29.538 INFO:teuthology.orchestra.run.smithi012.stdout:/usr/bin/ceph: stderr
2023-07-14T18:56:28.764+0000 7fc7daa1b700 1 Processor -- start
2023-07-14T18:56:29.539 INFO:teuthology.orchestra.run.smithi012.stdout:/usr/bin/ceph: stderr
2023-07-14T18:56:28.764+0000 7fc7daa1b700 1 -- start start
2023-07-14T18:56:29.539 INFO:teuthology.orchestra.run.smithi012.stdout:/usr/bin/ceph: stderr
2023-07-14T18:56:28.765+0000 7fc7daa1b700 1 --2- >> [v2:172.21.15.12:3300/0,v1:172.21.15.12:6789/0] conn(0x7fc7d407be10 0x7fc7d407a310 unknown :-1 s=NONE pgs=0 cs=0 l=0 rev1=0 crypto rx=0 tx=0 comp rx=0 tx=0).connect
2023-07-14T18:56:29.539 INFO:teuthology.orchestra.run.smithi012.stdout:/usr/bin/ceph: stderr
2023-07-14T18:56:28.765+0000 7fc7daa1b700 1 -- --> [v2:172.21.15.12:3300/0,v1:172.21.15.12:6789/0] -- mon_getmap magic: 0 v1 -- 0x7fc7d407a850 con 0x7fc7d407be10
2023-07-14T18:56:29.539 INFO:teuthology.orchestra.run.smithi012.stdout:/usr/bin/ceph: stderr
2023-07-14T18:56:28.765+0000 7fc7d3fff700 1 --2- >> [v2:172.21.15.12:3300/0,v1:172.21.15.12:6789/0] conn(0x7fc7d407be10 0x7fc7d407a310 unknown :-1 s=BANNER_CONNECTING pgs=0 cs=0 l=0 rev1=0 crypto rx=0 tx=0 comp rx=0 tx=0)._handle_peer_banner_payload supported=3 required=0
2023-07-14T18:56:29.539 INFO:teuthology.orchestra.run.smithi012.stdout:/usr/bin/ceph: stderr
2023-07-14T18:56:28.765+0000 7fc7d3fff700 1 --2- >> [v2:172.21.15.12:3300/0,v1:172.21.15.12:6789/0] conn(0x7fc7d407be10 0x7fc7d407a310 unknown :-1 s=HELLO_CONNECTING pgs=0 cs=0 l=0 rev1=1 crypto rx=0 tx=0 comp rx=0 tx=0).handle_hello peer v2:172.21.15.12:3300/0 says I am v2:172.21.15.12:35820/0 (socket says 172.21.15.12:35820)
2023-07-14T18:56:29.539 INFO:teuthology.orchestra.run.smithi012.stdout:/usr/bin/ceph: stderr
2023-07-14T18:56:28.765+0000 7fc7d3fff700 1 -- 172.21.15.12:0/1518918072 learned_addr learned my addr 172.21.15.12:0/1518918072 (peer_addr_for_me v2:172.21.15.12:0/0)
2023-07-14T18:56:29.539 INFO:teuthology.orchestra.run.smithi012.stdout:/usr/bin/ceph: stderr
2023-07-14T18:56:28.765+0000 7fc7d3fff700 1 -- 172.21.15.12:0/1518918072 --> [v2:172.21.15.12:3300/0,v1:172.21.15.12:6789/0] -- mon_subscribe({config=0+,monmap=0+}) v3 -- 0x7fc7d407a990 con 0x7fc7d407be10
2023-07-14T18:56:29.540 INFO:teuthology.orchestra.run.smithi012.stdout:/usr/bin/ceph: stderr
2023-07-14T18:56:28.766+0000 7fc7d3fff700 1 --2- 172.21.15.12:0/1518918072 >> [v2:172.21.15.12:3300/0,v1:172.21.15.12:6789/0] conn(0x7fc7d407be10 0x7fc7d407a310 secure :-1 s=READY pgs=47 cs=0 l=1 rev1=1 crypto rx=0x7fc7c40098a0 tx=0x7fc7c4009bb0 comp rx=0 tx=0).ready entity=mon.0 client_cookie=f7b30c70b9233be1 server_cookie=0 in_seq=0 out_seq=0
2023-07-14T18:56:29.540 INFO:teuthology.orchestra.run.smithi012.stdout:/usr/bin/ceph: stderr
2023-07-14T18:56:28.766+0000 7fc7d2ffd700 1 -- 172.21.15.12:0/1518918072 <== mon.0 v2:172.21.15.12:3300/0 1 ==== mon_map magic: 0 v1 ==== 205+0+0 (secure 0 0 0) 0x7fc7c4004160 con 0x7fc7d407be10
2023-07-14T18:56:29.540 INFO:teuthology.orchestra.run.smithi012.stdout:/usr/bin/ceph: stderr
2023-07-14T18:56:28.766+0000 7fc7d2ffd700 1 -- 172.21.15.12:0/1518918072 <== mon.0 v2:172.21.15.12:3300/0 2 ==== config(26 keys) v1 ==== 1074+0+0 (secure 0 0 0) 0x7fc7c40042c0 con 0x7fc7d407be10
2023-07-14T18:56:29.540 INFO:teuthology.orchestra.run.smithi012.stdout:/usr/bin/ceph: stderr
2023-07-14T18:56:28.766+0000 7fc7d2ffd700 1 -- 172.21.15.12:0/1518918072 <== mon.0 v2:172.21.15.12:3300/0 3 ==== mon_map magic: 0 v1 ==== 205+0+0 (secure 0 0 0) 0x7fc7c4011a00 con 0x7fc7d407be10
2023-07-14T18:56:29.540 INFO:teuthology.orchestra.run.smithi012.stdout:/usr/bin/ceph: stderr
2023-07-14T18:56:28.767+0000 7fc7daa1b700 1 -- 172.21.15.12:0/1518918072 >> [v2:172.21.15.12:3300/0,v1:172.21.15.12:6789/0] conn(0x7fc7d407be10 msgr2=0x7fc7d407a310 secure :-1 s=STATE_CONNECTION_ESTABLISHED l=1).mark_down
2023-07-14T18:56:29.540 INFO:teuthology.orchestra.run.smithi012.stdout:/usr/bin/ceph: stderr
2023-07-14T18:56:28.767+0000 7fc7daa1b700 1 --2- 172.21.15.12:0/1518918072 >> [v2:172.21.15.12:3300/0,v1:172.21.15.12:6789/0] conn(0x7fc7d407be10 0x7fc7d407a310 secure :-1 s=READY pgs=47 cs=0 l=1 rev1=1 crypto rx=0x7fc7c40098a0 tx=0x7fc7c4009bb0 comp rx=0 tx=0).stop
2023-07-14T18:56:29.540 INFO:teuthology.orchestra.run.smithi012.stdout:/usr/bin/ceph: stderr
2023-07-14T18:56:28.767+0000 7fc7daa1b700 1 -- 172.21.15.12:0/1518918072 shutdown_connections
2023-07-14T18:56:29.541 INFO:teuthology.orchestra.run.smithi012.stdout:/usr/bin/ceph: stderr
2023-07-14T18:56:28.767+0000 7fc7daa1b700 1 --2- 172.21.15.12:0/1518918072 >> [v2:172.21.15.12:3300/0,v1:172.21.15.12:6789/0] conn(0x7fc7d407be10 0x7fc7d407a310 unknown :-1 s=CLOSED pgs=47 cs=0 l=1 rev1=1 crypto rx=0 tx=0 comp rx=0 tx=0).stop
2023-07-14T18:56:29.541 INFO:teuthology.orchestra.run.smithi012.stdout:/usr/bin/ceph: stderr
2023-07-14T18:56:28.767+0000 7fc7daa1b700 1 -- 172.21.15.12:0/1518918072 >> 172.21.15.12:0/1518918072 conn(0x7fc7d4100c90 msgr2=0x7fc7d41030a0 unknown :-1 s=STATE_NONE l=0).mark_down
2023-07-14T18:56:29.541 INFO:teuthology.orchestra.run.smithi012.stdout:/usr/bin/ceph: stderr
2023-07-14T18:56:28.767+0000 7fc7daa1b700 1 -- 172.21.15.12:0/1518918072 shutdown_connections
2023-07-14T18:56:29.541 INFO:teuthology.orchestra.run.smithi012.stdout:/usr/bin/ceph: stderr
2023-07-14T18:56:28.767+0000 7fc7daa1b700 1 -- 172.21.15.12:0/1518918072 wait complete.
2023-07-14T18:56:29.541 INFO:teuthology.orchestra.run.smithi012.stdout:/usr/bin/ceph: stderr
2023-07-14T18:56:28.768+0000 7fc7daa1b700 1 Processor -- start
2023-07-14T18:56:29.541 INFO:teuthology.orchestra.run.smithi012.stdout:/usr/bin/ceph: stderr
2023-07-14T18:56:28.769+0000 7fc7daa1b700 1 -- start start
2023-07-14T18:56:29.541 INFO:teuthology.orchestra.run.smithi012.stdout:/usr/bin/ceph: stderr
2023-07-14T18:56:28.769+0000 7fc7daa1b700 1 --2- >> [v2:172.21.15.12:3300/0,v1:172.21.15.12:6789/0] conn(0x7fc7d407be10 0x7fc7d419b4e0 unknown :-1 s=NONE pgs=0 cs=0 l=1 rev1=0 crypto rx=0 tx=0 comp rx=0 tx=0).connect
2023-07-14T18:56:29.541 INFO:teuthology.orchestra.run.smithi012.stdout:/usr/bin/ceph: stderr
2023-07-14T18:56:28.769+0000 7fc7daa1b700 1 -- --> [v2:172.21.15.12:3300/0,v1:172.21.15.12:6789/0] -- mon_getmap magic: 0 v1 -- 0x7fc7d419ba20 con 0x7fc7d407be10
2023-07-14T18:56:29.542 INFO:teuthology.orchestra.run.smithi012.stdout:/usr/bin/ceph: stderr
2023-07-14T18:56:28.769+0000 7fc7d3fff700 1 --2- >> [v2:172.21.15.12:3300/0,v1:172.21.15.12:6789/0] conn(0x7fc7d407be10 0x7fc7d419b4e0 unknown :-1 s=BANNER_CONNECTING pgs=0 cs=0 l=1 rev1=0 crypto rx=0 tx=0 comp rx=0 tx=0)._handle_peer_banner_payload supported=3 required=0
2023-07-14T18:56:29.542 INFO:teuthology.orchestra.run.smithi012.stdout:/usr/bin/ceph: stderr
2023-07-14T18:56:28.769+0000 7fc7d3fff700 1 --2- >> [v2:172.21.15.12:3300/0,v1:172.21.15.12:6789/0] conn(0x7fc7d407be10 0x7fc7d419b4e0 unknown :-1 s=HELLO_CONNECTING pgs=0 cs=0 l=1 rev1=1 crypto rx=0 tx=0 comp rx=0 tx=0).handle_hello peer v2:172.21.15.12:3300/0 says I am v2:172.21.15.12:35836/0 (socket says 172.21.15.12:35836)
2023-07-14T18:56:29.542 INFO:teuthology.orchestra.run.smithi012.stdout:/usr/bin/ceph: stderr
2023-07-14T18:56:28.769+0000 7fc7d3fff700 1 -- 172.21.15.12:0/1964094374 learned_addr learned my addr 172.21.15.12:0/1964094374 (peer_addr_for_me v2:172.21.15.12:0/0)
2023-07-14T18:56:29.542 INFO:teuthology.orchestra.run.smithi012.stdout:/usr/bin/ceph: stderr
2023-07-14T18:56:28.770+0000 7fc7d3fff700 1 -- 172.21.15.12:0/1964094374 --> [v2:172.21.15.12:3300/0,v1:172.21.15.12:6789/0] -- mon_subscribe({config=0+,monmap=0+}) v3 -- 0x7fc7c4009550 con 0x7fc7d407be10
2023-07-14T18:56:29.542 INFO:teuthology.orchestra.run.smithi012.stdout:/usr/bin/ceph: stderr
2023-07-14T18:56:28.770+0000 7fc7d3fff700 1 --2- 172.21.15.12:0/1964094374 >> [v2:172.21.15.12:3300/0,v1:172.21.15.12:6789/0] conn(0x7fc7d407be10 0x7fc7d419b4e0 secure :-1 s=READY pgs=48 cs=0 l=1 rev1=1 crypto rx=0x7fc7c4006b20 tx=0x7fc7c4011ad0 comp rx=0 tx=0).ready entity=mon.0 client_cookie=0 server_cookie=0 in_seq=0 out_seq=0
2023-07-14T18:56:29.542 INFO:teuthology.orchestra.run.smithi012.stdout:/usr/bin/ceph: stderr
2023-07-14T18:56:28.770+0000 7fc7d17fa700 1 -- 172.21.15.12:0/1964094374 <== mon.0 v2:172.21.15.12:3300/0 1 ==== mon_map magic: 0 v1 ==== 205+0+0 (secure 0 0 0) 0x7fc7c4003b70 con 0x7fc7d407be10
2023-07-14T18:56:29.542 INFO:teuthology.orchestra.run.smithi012.stdout:/usr/bin/ceph: stderr
2023-07-14T18:56:28.770+0000 7fc7d17fa700 1 -- 172.21.15.12:0/1964094374 <== mon.0 v2:172.21.15.12:3300/0 2 ==== config(26 keys) v1 ==== 1074+0+0 (secure 0 0 0) 0x7fc7c4003cd0 con 0x7fc7d407be10
2023-07-14T18:56:29.543 INFO:teuthology.orchestra.run.smithi012.stdout:/usr/bin/ceph: stderr
2023-07-14T18:56:28.770+0000 7fc7daa1b700 1 -- 172.21.15.12:0/1964094374 --> [v2:172.21.15.12:3300/0,v1:172.21.15.12:6789/0] -- mon_subscribe({mgrmap=0+}) v3 -- 0x7fc7d419bc20 con 0x7fc7d407be10
2023-07-14T18:56:29.543 INFO:teuthology.orchestra.run.smithi012.stdout:/usr/bin/ceph: stderr
2023-07-14T18:56:28.770+0000 7fc7d17fa700 1 -- 172.21.15.12:0/1964094374 <== mon.0 v2:172.21.15.12:3300/0 3 ==== mon_map magic: 0 v1 ==== 205+0+0 (secure 0 0 0) 0x7fc7c40247c0 con 0x7fc7d407be10
2023-07-14T18:56:29.543 INFO:teuthology.orchestra.run.smithi012.stdout:/usr/bin/ceph: stderr
2023-07-14T18:56:28.770+0000 7fc7daa1b700 1 -- 172.21.15.12:0/1964094374 --> [v2:172.21.15.12:3300/0,v1:172.21.15.12:6789/0] -- mon_subscribe({osdmap=0}) v3 -- 0x7fc7d419c040 con 0x7fc7d407be10
2023-07-14T18:56:29.543 INFO:teuthology.orchestra.run.smithi012.stdout:/usr/bin/ceph: stderr
2023-07-14T18:56:28.771+0000 7fc7d17fa700 1 -- 172.21.15.12:0/1964094374 <== mon.0 v2:172.21.15.12:3300/0 4 ==== mgrmap(e 8) v1 ==== 45483+0+0 (secure 0 0 0) 0x7fc7c401ab40 con 0x7fc7d407be10
2023-07-14T18:56:29.543 INFO:teuthology.orchestra.run.smithi012.stdout:/usr/bin/ceph: stderr
2023-07-14T18:56:28.771+0000 7fc7daa1b700 1 -- 172.21.15.12:0/1964094374 --> [v2:172.21.15.12:3300/0,v1:172.21.15.12:6789/0] -- mon_command({"prefix": "get_command_descriptions"} v 0) v1 -- 0x7fc7d4061c70 con 0x7fc7d407be10
2023-07-14T18:56:29.543 INFO:teuthology.orchestra.run.smithi012.stdout:/usr/bin/ceph: stderr
2023-07-14T18:56:28.772+0000 7fc7d17fa700 1 --2- 172.21.15.12:0/1964094374 >> [v2:172.21.15.12:6800/752663876,v1:172.21.15.12:6801/752663876] conn(0x7fc7bc0387b0 0x7fc7bc03ac60 unknown :-1 s=NONE pgs=0 cs=0 l=1 rev1=0 crypto rx=0 tx=0 comp rx=0 tx=0).connect
2023-07-14T18:56:29.543 INFO:teuthology.orchestra.run.smithi012.stdout:/usr/bin/ceph: stderr
2023-07-14T18:56:28.772+0000 7fc7d17fa700 1 -- 172.21.15.12:0/1964094374 <== mon.0 v2:172.21.15.12:3300/0 5 ==== osd_map(2..2 src has 1..2) v4 ==== 940+0+0 (secure 0 0 0) 0x7fc7c404c9c0 con 0x7fc7d407be10
2023-07-14T18:56:29.543 INFO:teuthology.orchestra.run.smithi012.stdout:/usr/bin/ceph: stderr
2023-07-14T18:56:28.772+0000 7fc7d37fe700 1 --2- 172.21.15.12:0/1964094374 >> [v2:172.21.15.12:6800/752663876,v1:172.21.15.12:6801/752663876] conn(0x7fc7bc0387b0 0x7fc7bc03ac60 unknown :-1 s=BANNER_CONNECTING pgs=0 cs=0 l=1 rev1=0 crypto rx=0 tx=0 comp rx=0 tx=0)._handle_peer_banner_payload supported=3 required=0
2023-07-14T18:56:29.544 INFO:teuthology.orchestra.run.smithi012.stdout:/usr/bin/ceph: stderr
2023-07-14T18:56:28.773+0000 7fc7d37fe700 1 --2- 172.21.15.12:0/1964094374 >> [v2:172.21.15.12:6800/752663876,v1:172.21.15.12:6801/752663876] conn(0x7fc7bc0387b0 0x7fc7bc03ac60 secure :-1 s=READY pgs=12 cs=0 l=1 rev1=1 crypto rx=0x7fc7c8006fd0 tx=0x7fc7c8006e40 comp rx=0 tx=0).ready entity=mgr.14120 client_cookie=0 server_cookie=0 in_seq=0 out_seq=0
2023-07-14T18:56:29.544 INFO:teuthology.orchestra.run.smithi012.stdout:/usr/bin/ceph: stderr
2023-07-14T18:56:28.777+0000 7fc7d17fa700 1 -- 172.21.15.12:0/1964094374 <== mon.0 v2:172.21.15.12:3300/0 6 ==== mon_command_ack([{"prefix": "get_command_descriptions"}]=0 v0) v1 ==== 72+0+178025 (secure 0 0 0) 0x7fc7c401a950 con 0x7fc7d407be10
2023-07-14T18:56:29.544 INFO:teuthology.orchestra.run.smithi012.stdout:/usr/bin/ceph: stderr
2023-07-14T18:56:29.006+0000 7fc7daa1b700 1 -- 172.21.15.12:0/1964094374 --> [v2:172.21.15.12:6800/752663876,v1:172.21.15.12:6801/752663876] -- mgr_command(tid 0: {"prefix": "orch apply", "service_type": "mon", "unmanaged": true, "target": ["mon-mgr", ""]}) v1 -- 0x7fc7d4102160 con 0x7fc7bc0387b0
2023-07-14T18:56:29.544 INFO:teuthology.orchestra.run.smithi012.stdout:/usr/bin/ceph: stderr
2023-07-14T18:56:29.014+0000 7fc7d17fa700 1 -- 172.21.15.12:0/1964094374 <== mgr.14120 v2:172.21.15.12:6800/752663876 1 ==== mgr_command_reply(tid 0: 0 ) v1 ==== 8+0+24 (secure 0 0 0) 0x7fc7d4102160 con 0x7fc7bc0387b0
2023-07-14T18:56:29.544 INFO:teuthology.orchestra.run.smithi012.stdout:/usr/bin/ceph: stderr
2023-07-14T18:56:29.017+0000 7fc7daa1b700 1 -- 172.21.15.12:0/1964094374 >> [v2:172.21.15.12:6800/752663876,v1:172.21.15.12:6801/752663876] conn(0x7fc7bc0387b0 msgr2=0x7fc7bc03ac60 secure :-1 s=STATE_CONNECTION_ESTABLISHED l=1).mark_down
2023-07-14T18:56:29.544 INFO:teuthology.orchestra.run.smithi012.stdout:/usr/bin/ceph: stderr
2023-07-14T18:56:29.017+0000 7fc7daa1b700 1 --2- 172.21.15.12:0/1964094374 >> [v2:172.21.15.12:6800/752663876,v1:172.21.15.12:6801/752663876] conn(0x7fc7bc0387b0 0x7fc7bc03ac60 secure :-1 s=READY pgs=12 cs=0 l=1 rev1=1 crypto rx=0x7fc7c8006fd0 tx=0x7fc7c8006e40 comp rx=0 tx=0).stop
2023-07-14T18:56:29.544 INFO:teuthology.orchestra.run.smithi012.stdout:/usr/bin/ceph: stderr
2023-07-14T18:56:29.017+0000 7fc7daa1b700 1 -- 172.21.15.12:0/1964094374 >> [v2:172.21.15.12:3300/0,v1:172.21.15.12:6789/0] conn(0x7fc7d407be10 msgr2=0x7fc7d419b4e0 secure :-1 s=STATE_CONNECTION_ESTABLISHED l=1).mark_down
2023-07-14T18:56:29.544 INFO:teuthology.orchestra.run.smithi012.stdout:/usr/bin/ceph: stderr
2023-07-14T18:56:29.017+0000 7fc7daa1b700 1 --2- 172.21.15.12:0/1964094374 >> [v2:172.21.15.12:3300/0,v1:172.21.15.12:6789/0] conn(0x7fc7d407be10 0x7fc7d419b4e0 secure :-1 s=READY pgs=48 cs=0 l=1 rev1=1 crypto rx=0x7fc7c4006b20 tx=0x7fc7c4011ad0 comp rx=0 tx=0).stop
2023-07-14T18:56:29.545 INFO:teuthology.orchestra.run.smithi012.stdout:/usr/bin/ceph: stderr
2023-07-14T18:56:29.017+0000 7fc7daa1b700 1 -- 172.21.15.12:0/1964094374 shutdown_connections
2023-07-14T18:56:29.545 INFO:teuthology.orchestra.run.smithi012.stdout:/usr/bin/ceph: stderr
2023-07-14T18:56:29.017+0000 7fc7daa1b700 1 --2- 172.21.15.12:0/1964094374 >> [v2:172.21.15.12:6800/752663876,v1:172.21.15.12:6801/752663876] conn(0x7fc7bc0387b0 0x7fc7bc03ac60 unknown :-1 s=CLOSED pgs=12 cs=0 l=1 rev1=1 crypto rx=0 tx=0 comp rx=0 tx=0).stop
2023-07-14T18:56:29.545 INFO:teuthology.orchestra.run.smithi012.stdout:/usr/bin/ceph: stderr
2023-07-14T18:56:29.017+0000 7fc7daa1b700 1 --2- 172.21.15.12:0/1964094374 >> [v2:172.21.15.12:3300/0,v1:172.21.15.12:6789/0] conn(0x7fc7d407be10 0x7fc7d419b4e0 unknown :-1 s=CLOSED pgs=48 cs=0 l=1 rev1=1 crypto rx=0 tx=0 comp rx=0 tx=0).stop
2023-07-14T18:56:29.545 INFO:teuthology.orchestra.run.smithi012.stdout:/usr/bin/ceph: stderr
2023-07-14T18:56:29.017+0000 7fc7daa1b700 1 -- 172.21.15.12:0/1964094374 >> 172.21.15.12:0/1964094374 conn(0x7fc7d4100c90 msgr2=0x7fc7d4101a50 unknown :-1 s=STATE_NONE l=0).mark_down
2023-07-14T18:56:29.545 INFO:teuthology.orchestra.run.smithi012.stdout:/usr/bin/ceph: stderr
2023-07-14T18:56:29.017+0000 7fc7daa1b700 1 -- 172.21.15.12:0/1964094374 shutdown_connections
2023-07-14T18:56:29.545 INFO:teuthology.orchestra.run.smithi012.stdout:/usr/bin/ceph: stderr
2023-07-14T18:56:29.017+0000 7fc7daa1b700 1 -- 172.21.15.12:0/1964094374 wait complete.
2023-07-14T18:56:29.545 INFO:teuthology.orchestra.run.smithi012.stdout:Deploying unmanaged mgr service...
2023-07-14T18:56:30.162 INFO:journalctl@ceph.mon.a.smithi012.stdout:Jul 14 18:56:30 smithi012 ceph-mon[126352]: from='client.14142 -' entity='client.admin' cmd=[{"prefix": "orch apply", "service_type": "mon", "unmanaged": true, "target": ["mon-mgr", ""]}]: dispatch
2023-07-14T18:56:30.162 INFO:journalctl@ceph.mon.a.smithi012.stdout:Jul 14 18:56:30 smithi012 ceph-mon[126352]: Saving service mon spec with placement count:5
2023-07-14T18:56:30.163 INFO:journalctl@ceph.mon.a.smithi012.stdout:Jul 14 18:56:30 smithi012 ceph-mon[126352]: from='mgr.14120 172.21.15.12:0/4259445508' entity='mgr.x'
2023-07-14T18:56:30.922 INFO:teuthology.orchestra.run.smithi012.stdout:/usr/bin/ceph: stdout Scheduled mgr update...
2023-07-14T18:56:30.922 INFO:teuthology.orchestra.run.smithi012.stdout:/usr/bin/ceph: stderr
2023-07-14T18:56:30.195+0000 7f5d1abe2700 1 Processor -- start
2023-07-14T18:56:30.922 INFO:teuthology.orchestra.run.smithi012.stdout:/usr/bin/ceph: stderr
2023-07-14T18:56:30.195+0000 7f5d1abe2700 1 -- start start
2023-07-14T18:56:30.922 INFO:teuthology.orchestra.run.smithi012.stdout:/usr/bin/ceph: stderr
2023-07-14T18:56:30.196+0000 7f5d1abe2700 1 --2- >> [v2:172.21.15.12:3300/0,v1:172.21.15.12:6789/0] conn(0x7f5d1407be10 0x7f5d1407a310 unknown :-1 s=NONE pgs=0 cs=0 l=0 rev1=0 crypto rx=0 tx=0 comp rx=0 tx=0).connect
2023-07-14T18:56:30.923 INFO:teuthology.orchestra.run.smithi012.stdout:/usr/bin/ceph: stderr
2023-07-14T18:56:30.196+0000 7f5d1abe2700 1 -- --> [v2:172.21.15.12:3300/0,v1:172.21.15.12:6789/0] -- mon_getmap magic: 0 v1 -- 0x7f5d1407a850 con 0x7f5d1407be10
2023-07-14T18:56:30.923 INFO:teuthology.orchestra.run.smithi012.stdout:/usr/bin/ceph: stderr
2023-07-14T18:56:30.196+0000 7f5d1897e700 1 --2- >> [v2:172.21.15.12:3300/0,v1:172.21.15.12:6789/0] conn(0x7f5d1407be10 0x7f5d1407a310 unknown :-1 s=BANNER_CONNECTING pgs=0 cs=0 l=0 rev1=0 crypto rx=0 tx=0 comp rx=0 tx=0)._handle_peer_banner_payload supported=3 required=0
2023-07-14T18:56:30.923 INFO:teuthology.orchestra.run.smithi012.stdout:/usr/bin/ceph: stderr
2023-07-14T18:56:30.196+0000 7f5d1897e700 1 --2- >> [v2:172.21.15.12:3300/0,v1:172.21.15.12:6789/0] conn(0x7f5d1407be10 0x7f5d1407a310 unknown :-1 s=HELLO_CONNECTING pgs=0 cs=0 l=0 rev1=1 crypto rx=0 tx=0 comp rx=0 tx=0).handle_hello peer v2:172.21.15.12:3300/0 says I am v2:172.21.15.12:35840/0 (socket says 172.21.15.12:35840)
2023-07-14T18:56:30.923 INFO:teuthology.orchestra.run.smithi012.stdout:/usr/bin/ceph: stderr
2023-07-14T18:56:30.196+0000 7f5d1897e700 1 -- 172.21.15.12:0/28816453 learned_addr learned my addr 172.21.15.12:0/28816453 (peer_addr_for_me v2:172.21.15.12:0/0)
2023-07-14T18:56:30.923 INFO:teuthology.orchestra.run.smithi012.stdout:/usr/bin/ceph: stderr
2023-07-14T18:56:30.196+0000 7f5d1897e700 1 -- 172.21.15.12:0/28816453 --> [v2:172.21.15.12:3300/0,v1:172.21.15.12:6789/0] -- mon_subscribe({config=0+,monmap=0+}) v3 -- 0x7f5d1407a990 con 0x7f5d1407be10
2023-07-14T18:56:30.923 INFO:teuthology.orchestra.run.smithi012.stdout:/usr/bin/ceph: stderr
2023-07-14T18:56:30.196+0000 7f5d1897e700 1 --2- 172.21.15.12:0/28816453 >> [v2:172.21.15.12:3300/0,v1:172.21.15.12:6789/0] conn(0x7f5d1407be10 0x7f5d1407a310 secure :-1 s=READY pgs=49 cs=0 l=1 rev1=1 crypto rx=0x7f5d080098a0 tx=0x7f5d08009bb0 comp rx=0 tx=0).ready entity=mon.0 client_cookie=293f3a9447415863 server_cookie=0 in_seq=0 out_seq=0
2023-07-14T18:56:30.923 INFO:teuthology.orchestra.run.smithi012.stdout:/usr/bin/ceph: stderr
2023-07-14T18:56:30.197+0000 7f5d137fe700 1 -- 172.21.15.12:0/28816453 <== mon.0 v2:172.21.15.12:3300/0 1 ==== mon_map magic: 0 v1 ==== 205+0+0 (secure 0 0 0) 0x7f5d08004160 con 0x7f5d1407be10
2023-07-14T18:56:30.924 INFO:teuthology.orchestra.run.smithi012.stdout:/usr/bin/ceph: stderr
2023-07-14T18:56:30.197+0000 7f5d137fe700 1 -- 172.21.15.12:0/28816453 <== mon.0 v2:172.21.15.12:3300/0 2 ==== config(26 keys) v1 ==== 1074+0+0 (secure 0 0 0) 0x7f5d080042c0 con 0x7f5d1407be10
2023-07-14T18:56:30.924 INFO:teuthology.orchestra.run.smithi012.stdout:/usr/bin/ceph: stderr
2023-07-14T18:56:30.197+0000 7f5d137fe700 1 -- 172.21.15.12:0/28816453 <== mon.0 v2:172.21.15.12:3300/0 3 ==== mon_map magic: 0 v1 ==== 205+0+0 (secure 0 0 0) 0x7f5d08011a00 con 0x7f5d1407be10
2023-07-14T18:56:30.924 INFO:teuthology.orchestra.run.smithi012.stdout:/usr/bin/ceph: stderr
2023-07-14T18:56:30.197+0000 7f5d1abe2700 1 -- 172.21.15.12:0/28816453 >> [v2:172.21.15.12:3300/0,v1:172.21.15.12:6789/0] conn(0x7f5d1407be10 msgr2=0x7f5d1407a310 secure :-1 s=STATE_CONNECTION_ESTABLISHED l=1).mark_down
2023-07-14T18:56:30.924 INFO:teuthology.orchestra.run.smithi012.stdout:/usr/bin/ceph: stderr
2023-07-14T18:56:30.197+0000 7f5d1abe2700 1 --2- 172.21.15.12:0/28816453 >> [v2:172.21.15.12:3300/0,v1:172.21.15.12:6789/0] conn(0x7f5d1407be10 0x7f5d1407a310 secure :-1 s=READY pgs=49 cs=0 l=1 rev1=1 crypto rx=0x7f5d080098a0 tx=0x7f5d08009bb0 comp rx=0 tx=0).stop
2023-07-14T18:56:30.924 INFO:teuthology.orchestra.run.smithi012.stdout:/usr/bin/ceph: stderr
2023-07-14T18:56:30.197+0000 7f5d1abe2700 1 -- 172.21.15.12:0/28816453 shutdown_connections
2023-07-14T18:56:30.924 INFO:teuthology.orchestra.run.smithi012.stdout:/usr/bin/ceph: stderr
2023-07-14T18:56:30.197+0000 7f5d1abe2700 1 --2- 172.21.15.12:0/28816453 >> [v2:172.21.15.12:3300/0,v1:172.21.15.12:6789/0] conn(0x7f5d1407be10 0x7f5d1407a310 unknown :-1 s=CLOSED pgs=49 cs=0 l=1 rev1=1 crypto rx=0 tx=0 comp rx=0 tx=0).stop
2023-07-14T18:56:30.924 INFO:teuthology.orchestra.run.smithi012.stdout:/usr/bin/ceph: stderr
2023-07-14T18:56:30.197+0000 7f5d1abe2700 1 -- 172.21.15.12:0/28816453 >> 172.21.15.12:0/28816453 conn(0x7f5d14100c90 msgr2=0x7f5d141030a0 unknown :-1 s=STATE_NONE l=0).mark_down
2023-07-14T18:56:30.925 INFO:teuthology.orchestra.run.smithi012.stdout:/usr/bin/ceph: stderr
2023-07-14T18:56:30.198+0000 7f5d1abe2700 1 -- 172.21.15.12:0/28816453 shutdown_connections
2023-07-14T18:56:30.925 INFO:teuthology.orchestra.run.smithi012.stdout:/usr/bin/ceph: stderr
2023-07-14T18:56:30.198+0000 7f5d1abe2700 1 -- 172.21.15.12:0/28816453 wait complete.
2023-07-14T18:56:30.925 INFO:teuthology.orchestra.run.smithi012.stdout:/usr/bin/ceph: stderr
2023-07-14T18:56:30.199+0000 7f5d1abe2700 1 Processor -- start
2023-07-14T18:56:30.925 INFO:teuthology.orchestra.run.smithi012.stdout:/usr/bin/ceph: stderr
2023-07-14T18:56:30.199+0000 7f5d1abe2700 1 -- start start
2023-07-14T18:56:30.925 INFO:teuthology.orchestra.run.smithi012.stdout:/usr/bin/ceph: stderr
2023-07-14T18:56:30.200+0000 7f5d1abe2700 1 --2- >> [v2:172.21.15.12:3300/0,v1:172.21.15.12:6789/0] conn(0x7f5d1407be10 0x7f5d1419b4e0 unknown :-1 s=NONE pgs=0 cs=0 l=1 rev1=0 crypto rx=0 tx=0 comp rx=0 tx=0).connect
2023-07-14T18:56:30.925 INFO:teuthology.orchestra.run.smithi012.stdout:/usr/bin/ceph: stderr
2023-07-14T18:56:30.200+0000 7f5d1abe2700 1 -- --> [v2:172.21.15.12:3300/0,v1:172.21.15.12:6789/0] -- mon_getmap magic: 0 v1 -- 0x7f5d1419ba20 con 0x7f5d1407be10
2023-07-14T18:56:30.925 INFO:teuthology.orchestra.run.smithi012.stdout:/usr/bin/ceph: stderr
2023-07-14T18:56:30.200+0000 7f5d1897e700 1 --2- >> [v2:172.21.15.12:3300/0,v1:172.21.15.12:6789/0] conn(0x7f5d1407be10 0x7f5d1419b4e0 unknown :-1 s=BANNER_CONNECTING pgs=0 cs=0 l=1 rev1=0 crypto rx=0 tx=0 comp rx=0 tx=0)._handle_peer_banner_payload supported=3 required=0
2023-07-14T18:56:30.925 INFO:teuthology.orchestra.run.smithi012.stdout:/usr/bin/ceph: stderr
2023-07-14T18:56:30.200+0000 7f5d1897e700 1 --2- >> [v2:172.21.15.12:3300/0,v1:172.21.15.12:6789/0] conn(0x7f5d1407be10 0x7f5d1419b4e0 unknown :-1 s=HELLO_CONNECTING pgs=0 cs=0 l=1 rev1=1 crypto rx=0 tx=0 comp rx=0 tx=0).handle_hello peer v2:172.21.15.12:3300/0 says I am v2:172.21.15.12:35856/0 (socket says 172.21.15.12:35856)
2023-07-14T18:56:30.926 INFO:teuthology.orchestra.run.smithi012.stdout:/usr/bin/ceph: stderr
2023-07-14T18:56:30.200+0000 7f5d1897e700 1 -- 172.21.15.12:0/924950940 learned_addr learned my addr 172.21.15.12:0/924950940 (peer_addr_for_me v2:172.21.15.12:0/0)
2023-07-14T18:56:30.926 INFO:teuthology.orchestra.run.smithi012.stdout:/usr/bin/ceph: stderr
2023-07-14T18:56:30.200+0000 7f5d1897e700 1 -- 172.21.15.12:0/924950940 --> [v2:172.21.15.12:3300/0,v1:172.21.15.12:6789/0] -- mon_subscribe({config=0+,monmap=0+}) v3 -- 0x7f5d08009550 con 0x7f5d1407be10
2023-07-14T18:56:30.926 INFO:teuthology.orchestra.run.smithi012.stdout:/usr/bin/ceph: stderr
2023-07-14T18:56:30.201+0000 7f5d1897e700 1 --2- 172.21.15.12:0/924950940 >> [v2:172.21.15.12:3300/0,v1:172.21.15.12:6789/0] conn(0x7f5d1407be10 0x7f5d1419b4e0 secure :-1 s=READY pgs=50 cs=0 l=1 rev1=1 crypto rx=0x7f5d08006b20 tx=0x7f5d08011ad0 comp rx=0 tx=0).ready entity=mon.0 client_cookie=0 server_cookie=0 in_seq=0 out_seq=0
2023-07-14T18:56:30.926 INFO:teuthology.orchestra.run.smithi012.stdout:/usr/bin/ceph: stderr
2023-07-14T18:56:30.201+0000 7f5d11ffb700 1 -- 172.21.15.12:0/924950940 <== mon.0 v2:172.21.15.12:3300/0 1 ==== mon_map magic: 0 v1 ==== 205+0+0 (secure 0 0 0) 0x7f5d08003b70 con 0x7f5d1407be10
2023-07-14T18:56:30.926 INFO:teuthology.orchestra.run.smithi012.stdout:/usr/bin/ceph: stderr
2023-07-14T18:56:30.201+0000 7f5d11ffb700 1 -- 172.21.15.12:0/924950940 <== mon.0 v2:172.21.15.12:3300/0 2 ==== config(26 keys) v1 ==== 1074+0+0 (secure 0 0 0) 0x7f5d08003cd0 con 0x7f5d1407be10
2023-07-14T18:56:30.926 INFO:teuthology.orchestra.run.smithi012.stdout:/usr/bin/ceph: stderr
2023-07-14T18:56:30.201+0000 7f5d1abe2700 1 -- 172.21.15.12:0/924950940 --> [v2:172.21.15.12:3300/0,v1:172.21.15.12:6789/0] -- mon_subscribe({mgrmap=0+}) v3 -- 0x7f5d1419bc20 con 0x7f5d1407be10
2023-07-14T18:56:30.926 INFO:teuthology.orchestra.run.smithi012.stdout:/usr/bin/ceph: stderr
2023-07-14T18:56:30.201+0000 7f5d11ffb700 1 -- 172.21.15.12:0/924950940 <== mon.0 v2:172.21.15.12:3300/0 3 ==== mon_map magic: 0 v1 ==== 205+0+0 (secure 0 0 0) 0x7f5d080247c0 con 0x7f5d1407be10
2023-07-14T18:56:30.927 INFO:teuthology.orchestra.run.smithi012.stdout:/usr/bin/ceph: stderr
2023-07-14T18:56:30.201+0000 7f5d1abe2700 1 -- 172.21.15.12:0/924950940 --> [v2:172.21.15.12:3300/0,v1:172.21.15.12:6789/0] -- mon_subscribe({osdmap=0}) v3 -- 0x7f5d1419c040 con 0x7f5d1407be10
2023-07-14T18:56:30.927 INFO:teuthology.orchestra.run.smithi012.stdout:/usr/bin/ceph: stderr
2023-07-14T18:56:30.202+0000 7f5d11ffb700 1 -- 172.21.15.12:0/924950940 <== mon.0 v2:172.21.15.12:3300/0 4 ==== mgrmap(e 8) v1 ==== 45483+0+0 (secure 0 0 0) 0x7f5d08024960 con 0x7f5d1407be10
2023-07-14T18:56:30.927 INFO:teuthology.orchestra.run.smithi012.stdout:/usr/bin/ceph: stderr
2023-07-14T18:56:30.202+0000 7f5d1abe2700 1 -- 172.21.15.12:0/924950940 --> [v2:172.21.15.12:3300/0,v1:172.21.15.12:6789/0] -- mon_command({"prefix": "get_command_descriptions"} v 0) v1 -- 0x7f5d14061c70 con 0x7f5d1407be10
2023-07-14T18:56:30.927 INFO:teuthology.orchestra.run.smithi012.stdout:/usr/bin/ceph: stderr
2023-07-14T18:56:30.203+0000 7f5d11ffb700 1 --2- 172.21.15.12:0/924950940 >> [v2:172.21.15.12:6800/752663876,v1:172.21.15.12:6801/752663876] conn(0x7f5d040387b0 0x7f5d0403ac60 unknown :-1 s=NONE pgs=0 cs=0 l=1 rev1=0 crypto rx=0 tx=0 comp rx=0 tx=0).connect
2023-07-14T18:56:30.927 INFO:teuthology.orchestra.run.smithi012.stdout:/usr/bin/ceph: stderr
2023-07-14T18:56:30.203+0000 7f5d11ffb700 1 -- 172.21.15.12:0/924950940 <== mon.0 v2:172.21.15.12:3300/0 5 ==== osd_map(2..2 src has 1..2) v4 ==== 940+0+0 (secure 0 0 0) 0x7f5d0804cb90 con 0x7f5d1407be10
2023-07-14T18:56:30.927 INFO:teuthology.orchestra.run.smithi012.stdout:/usr/bin/ceph: stderr
2023-07-14T18:56:30.203+0000 7f5d13fff700 1 --2- 172.21.15.12:0/924950940 >> [v2:172.21.15.12:6800/752663876,v1:172.21.15.12:6801/752663876] conn(0x7f5d040387b0 0x7f5d0403ac60 unknown :-1 s=BANNER_CONNECTING pgs=0 cs=0 l=1 rev1=0 crypto rx=0 tx=0 comp rx=0 tx=0)._handle_peer_banner_payload supported=3 required=0
2023-07-14T18:56:30.927 INFO:teuthology.orchestra.run.smithi012.stdout:/usr/bin/ceph: stderr
2023-07-14T18:56:30.203+0000 7f5d13fff700 1 --2- 172.21.15.12:0/924950940 >> [v2:172.21.15.12:6800/752663876,v1:172.21.15.12:6801/752663876] conn(0x7f5d040387b0 0x7f5d0403ac60 secure :-1 s=READY pgs=13 cs=0 l=1 rev1=1 crypto rx=0x7f5d00006fd0 tx=0x7f5d00006e40 comp rx=0 tx=0).ready entity=mgr.14120 client_cookie=0 server_cookie=0 in_seq=0 out_seq=0
2023-07-14T18:56:30.927 INFO:teuthology.orchestra.run.smithi012.stdout:/usr/bin/ceph: stderr
2023-07-14T18:56:30.208+0000 7f5d11ffb700 1 -- 172.21.15.12:0/924950940 <== mon.0 v2:172.21.15.12:3300/0 6 ==== mon_command_ack([{"prefix": "get_command_descriptions"}]=0 v0) v1 ==== 72+0+178025 (secure 0 0 0) 0x7f5d08024c10 con 0x7f5d1407be10
2023-07-14T18:56:30.928 INFO:teuthology.orchestra.run.smithi012.stdout:/usr/bin/ceph: stderr
2023-07-14T18:56:30.426+0000 7f5d1abe2700 1 -- 172.21.15.12:0/924950940 --> [v2:172.21.15.12:6800/752663876,v1:172.21.15.12:6801/752663876] -- mgr_command(tid 0: {"prefix": "orch apply", "service_type": "mgr", "unmanaged": true, "target": ["mon-mgr", ""]}) v1 -- 0x7f5d14102160 con 0x7f5d040387b0
2023-07-14T18:56:30.928 INFO:teuthology.orchestra.run.smithi012.stdout:/usr/bin/ceph: stderr
2023-07-14T18:56:30.433+0000 7f5d11ffb700 1 -- 172.21.15.12:0/924950940 <== mgr.14120 v2:172.21.15.12:6800/752663876 1 ==== mgr_command_reply(tid 0: 0 ) v1 ==== 8+0+24 (secure 0 0 0) 0x7f5d14102160 con 0x7f5d040387b0
2023-07-14T18:56:30.928 INFO:teuthology.orchestra.run.smithi012.stdout:/usr/bin/ceph: stderr
2023-07-14T18:56:30.436+0000 7f5d1abe2700 1 -- 172.21.15.12:0/924950940 >> [v2:172.21.15.12:6800/752663876,v1:172.21.15.12:6801/752663876] conn(0x7f5d040387b0 msgr2=0x7f5d0403ac60 secure :-1 s=STATE_CONNECTION_ESTABLISHED l=1).mark_down
2023-07-14T18:56:30.928 INFO:teuthology.orchestra.run.smithi012.stdout:/usr/bin/ceph: stderr
2023-07-14T18:56:30.436+0000 7f5d1abe2700 1 --2- 172.21.15.12:0/924950940 >> [v2:172.21.15.12:6800/752663876,v1:172.21.15.12:6801/752663876] conn(0x7f5d040387b0 0x7f5d0403ac60 secure :-1 s=READY pgs=13 cs=0 l=1 rev1=1 crypto rx=0x7f5d00006fd0 tx=0x7f5d00006e40 comp rx=0 tx=0).stop
2023-07-14T18:56:30.928 INFO:teuthology.orchestra.run.smithi012.stdout:/usr/bin/ceph: stderr
2023-07-14T18:56:30.436+0000 7f5d1abe2700 1 -- 172.21.15.12:0/924950940 >> [v2:172.21.15.12:3300/0,v1:172.21.15.12:6789/0] conn(0x7f5d1407be10 msgr2=0x7f5d1419b4e0 secure :-1 s=STATE_CONNECTION_ESTABLISHED l=1).mark_down
2023-07-14T18:56:30.928 INFO:teuthology.orchestra.run.smithi012.stdout:/usr/bin/ceph: stderr
2023-07-14T18:56:30.436+0000 7f5d1abe2700 1 --2- 172.21.15.12:0/924950940 >> [v2:172.21.15.12:3300/0,v1:172.21.15.12:6789/0] conn(0x7f5d1407be10 0x7f5d1419b4e0 secure :-1 s=READY pgs=50 cs=0 l=1 rev1=1 crypto rx=0x7f5d08006b20 tx=0x7f5d08011ad0 comp rx=0 tx=0).stop
2023-07-14T18:56:30.928 INFO:teuthology.orchestra.run.smithi012.stdout:/usr/bin/ceph: stderr
2023-07-14T18:56:30.436+0000 7f5d1abe2700 1 -- 172.21.15.12:0/924950940 shutdown_connections
2023-07-14T18:56:30.929 INFO:teuthology.orchestra.run.smithi012.stdout:/usr/bin/ceph: stderr
2023-07-14T18:56:30.436+0000 7f5d1abe2700 1 --2- 172.21.15.12:0/924950940 >> [v2:172.21.15.12:6800/752663876,v1:172.21.15.12:6801/752663876] conn(0x7f5d040387b0 0x7f5d0403ac60 unknown :-1 s=CLOSED pgs=13 cs=0 l=1 rev1=1 crypto rx=0 tx=0 comp rx=0 tx=0).stop
2023-07-14T18:56:30.929 INFO:teuthology.orchestra.run.smithi012.stdout:/usr/bin/ceph: stderr
2023-07-14T18:56:30.436+0000 7f5d1abe2700 1 --2- 172.21.15.12:0/924950940 >> [v2:172.21.15.12:3300/0,v1:172.21.15.12:6789/0] conn(0x7f5d1407be10 0x7f5d1419b4e0 unknown :-1 s=CLOSED pgs=50 cs=0 l=1 rev1=1 crypto rx=0 tx=0 comp rx=0 tx=0).stop
2023-07-14T18:56:30.929 INFO:teuthology.orchestra.run.smithi012.stdout:/usr/bin/ceph: stderr
2023-07-14T18:56:30.436+0000 7f5d1abe2700 1 -- 172.21.15.12:0/924950940 >> 172.21.15.12:0/924950940 conn(0x7f5d14100c90 msgr2=0x7f5d14101a50 unknown :-1 s=STATE_NONE l=0).mark_down
2023-07-14T18:56:30.929 INFO:teuthology.orchestra.run.smithi012.stdout:/usr/bin/ceph: stderr
2023-07-14T18:56:30.436+0000 7f5d1abe2700 1 -- 172.21.15.12:0/924950940 shutdown_connections
2023-07-14T18:56:30.929 INFO:teuthology.orchestra.run.smithi012.stdout:/usr/bin/ceph: stderr
2023-07-14T18:56:30.436+0000 7f5d1abe2700 1 -- 172.21.15.12:0/924950940 wait complete.
2023-07-14T18:56:31.727 INFO:journalctl@ceph.mon.a.smithi012.stdout:Jul 14 18:56:31 smithi012 ceph-mon[126352]: from='client.14144 -' entity='client.admin' cmd=[{"prefix": "orch apply", "service_type": "mgr", "unmanaged": true, "target": ["mon-mgr", ""]}]: dispatch
2023-07-14T18:56:31.728 INFO:journalctl@ceph.mon.a.smithi012.stdout:Jul 14 18:56:31 smithi012 ceph-mon[126352]: Saving service mgr spec with placement count:2
2023-07-14T18:56:31.728 INFO:journalctl@ceph.mon.a.smithi012.stdout:Jul 14 18:56:31 smithi012 ceph-mon[126352]: from='mgr.14120 172.21.15.12:0/4259445508' entity='mgr.x'
2023-07-14T18:56:31.728 INFO:journalctl@ceph.mon.a.smithi012.stdout:Jul 14 18:56:31 smithi012 ceph-mon[126352]: from='mgr.14120 172.21.15.12:0/4259445508' entity='mgr.x'
2023-07-14T18:56:31.728 INFO:journalctl@ceph.mon.a.smithi012.stdout:Jul 14 18:56:31 smithi012 ceph-mon[126352]: from='mgr.14120 172.21.15.12:0/4259445508' entity='mgr.x'
2023-07-14T18:56:32.201 INFO:teuthology.orchestra.run.smithi012.stdout:/usr/bin/ceph: stderr
2023-07-14T18:56:31.464+0000 7fc9f6d80700 1 Processor -- start
2023-07-14T18:56:32.201 INFO:teuthology.orchestra.run.smithi012.stdout:/usr/bin/ceph: stderr
2023-07-14T18:56:31.464+0000 7fc9f6d80700 1 -- start start
2023-07-14T18:56:32.202 INFO:teuthology.orchestra.run.smithi012.stdout:/usr/bin/ceph: stderr
2023-07-14T18:56:31.465+0000 7fc9f6d80700 1 --2- >> [v2:172.21.15.12:3300/0,v1:172.21.15.12:6789/0] conn(0x7fc9f0103cd0 0x7fc9f01040e0 unknown :-1 s=NONE pgs=0 cs=0 l=0 rev1=0 crypto rx=0 tx=0 comp rx=0 tx=0).connect
2023-07-14T18:56:32.202 INFO:teuthology.orchestra.run.smithi012.stdout:/usr/bin/ceph: stderr
2023-07-14T18:56:31.465+0000 7fc9f6d80700 1 -- --> [v2:172.21.15.12:3300/0,v1:172.21.15.12:6789/0] -- mon_getmap magic: 0 v1 -- 0x7fc9f0079d90 con 0x7fc9f0103cd0
2023-07-14T18:56:32.202 INFO:teuthology.orchestra.run.smithi012.stdout:/usr/bin/ceph: stderr
2023-07-14T18:56:31.465+0000 7fc9f4b1c700 1 --2- >> [v2:172.21.15.12:3300/0,v1:172.21.15.12:6789/0] conn(0x7fc9f0103cd0 0x7fc9f01040e0 unknown :-1 s=BANNER_CONNECTING pgs=0 cs=0 l=0 rev1=0 crypto rx=0 tx=0 comp rx=0 tx=0)._handle_peer_banner_payload supported=3 required=0
2023-07-14T18:56:32.202 INFO:teuthology.orchestra.run.smithi012.stdout:/usr/bin/ceph: stderr
