2023-07-14T18:56:37.185 INFO:teuthology.orchestra.run.smithi012.stdout:/usr/bin/ceph: stdout }
2023-07-14T18:56:37.186 INFO:teuthology.orchestra.run.smithi012.stdout:/usr/bin/ceph: stderr
2023-07-14T18:56:36.035+0000 7fb27c545700 1 Processor -- start
2023-07-14T18:56:37.186 INFO:teuthology.orchestra.run.smithi012.stdout:/usr/bin/ceph: stderr
2023-07-14T18:56:36.035+0000 7fb27c545700 1 -- start start
2023-07-14T18:56:37.186 INFO:teuthology.orchestra.run.smithi012.stdout:/usr/bin/ceph: stderr
2023-07-14T18:56:36.036+0000 7fb27c545700 1 --2- >> [v2:172.21.15.12:3300/0,v1:172.21.15.12:6789/0] conn(0x7fb27407be10 0x7fb27407a310 unknown :-1 s=NONE pgs=0 cs=0 l=0 rev1=0 crypto rx=0 tx=0 comp rx=0 tx=0).connect
2023-07-14T18:56:37.186 INFO:teuthology.orchestra.run.smithi012.stdout:/usr/bin/ceph: stderr
2023-07-14T18:56:36.036+0000 7fb27c545700 1 -- --> [v2:172.21.15.12:3300/0,v1:172.21.15.12:6789/0] -- mon_getmap magic: 0 v1 -- 0x7fb27407a850 con 0x7fb27407be10
2023-07-14T18:56:37.186 INFO:teuthology.orchestra.run.smithi012.stdout:/usr/bin/ceph: stderr
2023-07-14T18:56:36.036+0000 7fb27a2e1700 1 --2- >> [v2:172.21.15.12:3300/0,v1:172.21.15.12:6789/0] conn(0x7fb27407be10 0x7fb27407a310 unknown :-1 s=BANNER_CONNECTING pgs=0 cs=0 l=0 rev1=0 crypto rx=0 tx=0 comp rx=0 tx=0)._handle_peer_banner_payload supported=3 required=0
2023-07-14T18:56:37.186 INFO:teuthology.orchestra.run.smithi012.stdout:/usr/bin/ceph: stderr
2023-07-14T18:56:36.036+0000 7fb27a2e1700 1 --2- >> [v2:172.21.15.12:3300/0,v1:172.21.15.12:6789/0] conn(0x7fb27407be10 0x7fb27407a310 unknown :-1 s=HELLO_CONNECTING pgs=0 cs=0 l=0 rev1=1 crypto rx=0 tx=0 comp rx=0 tx=0).handle_hello peer v2:172.21.15.12:3300/0 says I am v2:172.21.15.12:38410/0 (socket says 172.21.15.12:38410)
2023-07-14T18:56:37.186 INFO:teuthology.orchestra.run.smithi012.stdout:/usr/bin/ceph: stderr
2023-07-14T18:56:36.036+0000 7fb27a2e1700 1 -- 172.21.15.12:0/2924505221 learned_addr learned my addr 172.21.15.12:0/2924505221 (peer_addr_for_me v2:172.21.15.12:0/0)
2023-07-14T18:56:37.187 INFO:teuthology.orchestra.run.smithi012.stdout:/usr/bin/ceph: stderr
2023-07-14T18:56:36.037+0000 7fb27a2e1700 1 -- 172.21.15.12:0/2924505221 --> [v2:172.21.15.12:3300/0,v1:172.21.15.12:6789/0] -- mon_subscribe({config=0+,monmap=0+}) v3 -- 0x7fb27407a990 con 0x7fb27407be10
2023-07-14T18:56:37.187 INFO:teuthology.orchestra.run.smithi012.stdout:/usr/bin/ceph: stderr
2023-07-14T18:56:36.037+0000 7fb27a2e1700 1 --2- 172.21.15.12:0/2924505221 >> [v2:172.21.15.12:3300/0,v1:172.21.15.12:6789/0] conn(0x7fb27407be10 0x7fb27407a310 secure :-1 s=READY pgs=59 cs=0 l=1 rev1=1 crypto rx=0x7fb2700098a0 tx=0x7fb270009bb0 comp rx=0 tx=0).ready entity=mon.0 client_cookie=dc5a1e454f8dc31b server_cookie=0 in_seq=0 out_seq=0
2023-07-14T18:56:37.187 INFO:teuthology.orchestra.run.smithi012.stdout:/usr/bin/ceph: stderr
2023-07-14T18:56:36.037+0000 7fb2792df700 1 -- 172.21.15.12:0/2924505221 <== mon.0 v2:172.21.15.12:3300/0 1 ==== mon_map magic: 0 v1 ==== 205+0+0 (secure 0 0 0) 0x7fb270004160 con 0x7fb27407be10
2023-07-14T18:56:37.187 INFO:teuthology.orchestra.run.smithi012.stdout:/usr/bin/ceph: stderr
2023-07-14T18:56:36.037+0000 7fb2792df700 1 -- 172.21.15.12:0/2924505221 <== mon.0 v2:172.21.15.12:3300/0 2 ==== config(26 keys) v1 ==== 1105+0+0 (secure 0 0 0) 0x7fb2700042c0 con 0x7fb27407be10
2023-07-14T18:56:37.187 INFO:teuthology.orchestra.run.smithi012.stdout:/usr/bin/ceph: stderr
2023-07-14T18:56:36.037+0000 7fb2792df700 1 -- 172.21.15.12:0/2924505221 <== mon.0 v2:172.21.15.12:3300/0 3 ==== mon_map magic: 0 v1 ==== 205+0+0 (secure 0 0 0) 0x7fb2700119b0 con 0x7fb27407be10
2023-07-14T18:56:37.187 INFO:teuthology.orchestra.run.smithi012.stdout:/usr/bin/ceph: stderr
2023-07-14T18:56:36.038+0000 7fb27c545700 1 -- 172.21.15.12:0/2924505221 >> [v2:172.21.15.12:3300/0,v1:172.21.15.12:6789/0] conn(0x7fb27407be10 msgr2=0x7fb27407a310 secure :-1 s=STATE_CONNECTION_ESTABLISHED l=1).mark_down
2023-07-14T18:56:37.187 INFO:teuthology.orchestra.run.smithi012.stdout:/usr/bin/ceph: stderr
2023-07-14T18:56:36.038+0000 7fb27c545700 1 --2- 172.21.15.12:0/2924505221 >> [v2:172.21.15.12:3300/0,v1:172.21.15.12:6789/0] conn(0x7fb27407be10 0x7fb27407a310 secure :-1 s=READY pgs=59 cs=0 l=1 rev1=1 crypto rx=0x7fb2700098a0 tx=0x7fb270009bb0 comp rx=0 tx=0).stop
2023-07-14T18:56:37.188 INFO:teuthology.orchestra.run.smithi012.stdout:/usr/bin/ceph: stderr
2023-07-14T18:56:36.038+0000 7fb27c545700 1 -- 172.21.15.12:0/2924505221 shutdown_connections
2023-07-14T18:56:37.188 INFO:teuthology.orchestra.run.smithi012.stdout:/usr/bin/ceph: stderr
2023-07-14T18:56:36.038+0000 7fb27c545700 1 --2- 172.21.15.12:0/2924505221 >> [v2:172.21.15.12:3300/0,v1:172.21.15.12:6789/0] conn(0x7fb27407be10 0x7fb27407a310 unknown :-1 s=CLOSED pgs=59 cs=0 l=1 rev1=1 crypto rx=0 tx=0 comp rx=0 tx=0).stop
2023-07-14T18:56:37.188 INFO:teuthology.orchestra.run.smithi012.stdout:/usr/bin/ceph: stderr
2023-07-14T18:56:36.038+0000 7fb27c545700 1 -- 172.21.15.12:0/2924505221 >> 172.21.15.12:0/2924505221 conn(0x7fb274100c90 msgr2=0x7fb2741030a0 unknown :-1 s=STATE_NONE l=0).mark_down
2023-07-14T18:56:37.188 INFO:teuthology.orchestra.run.smithi012.stdout:/usr/bin/ceph: stderr
2023-07-14T18:56:36.038+0000 7fb27c545700 1 -- 172.21.15.12:0/2924505221 shutdown_connections
2023-07-14T18:56:37.188 INFO:teuthology.orchestra.run.smithi012.stdout:/usr/bin/ceph: stderr
2023-07-14T18:56:36.038+0000 7fb27c545700 1 -- 172.21.15.12:0/2924505221 wait complete.
2023-07-14T18:56:37.188 INFO:teuthology.orchestra.run.smithi012.stdout:/usr/bin/ceph: stderr
2023-07-14T18:56:36.039+0000 7fb27c545700 1 Processor -- start
2023-07-14T18:56:37.188 INFO:teuthology.orchestra.run.smithi012.stdout:/usr/bin/ceph: stderr
2023-07-14T18:56:36.040+0000 7fb27c545700 1 -- start start
2023-07-14T18:56:37.189 INFO:teuthology.orchestra.run.smithi012.stdout:/usr/bin/ceph: stderr
2023-07-14T18:56:36.040+0000 7fb27c545700 1 --2- >> [v2:172.21.15.12:3300/0,v1:172.21.15.12:6789/0] conn(0x7fb27407be10 0x7fb27419b4f0 unknown :-1 s=NONE pgs=0 cs=0 l=1 rev1=0 crypto rx=0 tx=0 comp rx=0 tx=0).connect
2023-07-14T18:56:37.189 INFO:teuthology.orchestra.run.smithi012.stdout:/usr/bin/ceph: stderr
2023-07-14T18:56:36.040+0000 7fb27c545700 1 -- --> [v2:172.21.15.12:3300/0,v1:172.21.15.12:6789/0] -- mon_getmap magic: 0 v1 -- 0x7fb27419ba30 con 0x7fb27407be10
2023-07-14T18:56:37.189 INFO:teuthology.orchestra.run.smithi012.stdout:/usr/bin/ceph: stderr
2023-07-14T18:56:36.040+0000 7fb27a2e1700 1 --2- >> [v2:172.21.15.12:3300/0,v1:172.21.15.12:6789/0] conn(0x7fb27407be10 0x7fb27419b4f0 unknown :-1 s=BANNER_CONNECTING pgs=0 cs=0 l=1 rev1=0 crypto rx=0 tx=0 comp rx=0 tx=0)._handle_peer_banner_payload supported=3 required=0
2023-07-14T18:56:37.189 INFO:teuthology.orchestra.run.smithi012.stdout:/usr/bin/ceph: stderr
2023-07-14T18:56:36.040+0000 7fb27a2e1700 1 --2- >> [v2:172.21.15.12:3300/0,v1:172.21.15.12:6789/0] conn(0x7fb27407be10 0x7fb27419b4f0 unknown :-1 s=HELLO_CONNECTING pgs=0 cs=0 l=1 rev1=1 crypto rx=0 tx=0 comp rx=0 tx=0).handle_hello peer v2:172.21.15.12:3300/0 says I am v2:172.21.15.12:38420/0 (socket says 172.21.15.12:38420)
2023-07-14T18:56:37.189 INFO:teuthology.orchestra.run.smithi012.stdout:/usr/bin/ceph: stderr
2023-07-14T18:56:36.040+0000 7fb27a2e1700 1 -- 172.21.15.12:0/565971925 learned_addr learned my addr 172.21.15.12:0/565971925 (peer_addr_for_me v2:172.21.15.12:0/0)
2023-07-14T18:56:37.189 INFO:teuthology.orchestra.run.smithi012.stdout:/usr/bin/ceph: stderr
2023-07-14T18:56:36.041+0000 7fb27a2e1700 1 -- 172.21.15.12:0/565971925 --> [v2:172.21.15.12:3300/0,v1:172.21.15.12:6789/0] -- mon_subscribe({config=0+,monmap=0+}) v3 -- 0x7fb270009550 con 0x7fb27407be10
2023-07-14T18:56:37.189 INFO:teuthology.orchestra.run.smithi012.stdout:/usr/bin/ceph: stderr
2023-07-14T18:56:36.041+0000 7fb27a2e1700 1 --2- 172.21.15.12:0/565971925 >> [v2:172.21.15.12:3300/0,v1:172.21.15.12:6789/0] conn(0x7fb27407be10 0x7fb27419b4f0 secure :-1 s=READY pgs=60 cs=0 l=1 rev1=1 crypto rx=0x7fb270003e60 tx=0x7fb270011a30 comp rx=0 tx=0).ready entity=mon.0 client_cookie=0 server_cookie=0 in_seq=0 out_seq=0
2023-07-14T18:56:37.190 INFO:teuthology.orchestra.run.smithi012.stdout:/usr/bin/ceph: stderr
2023-07-14T18:56:36.041+0000 7fb26b7fe700 1 -- 172.21.15.12:0/565971925 <== mon.0 v2:172.21.15.12:3300/0 1 ==== mon_map magic: 0 v1 ==== 205+0+0 (secure 0 0 0) 0x7fb270003b20 con 0x7fb27407be10
2023-07-14T18:56:37.190 INFO:teuthology.orchestra.run.smithi012.stdout:/usr/bin/ceph: stderr
2023-07-14T18:56:36.041+0000 7fb26b7fe700 1 -- 172.21.15.12:0/565971925 <== mon.0 v2:172.21.15.12:3300/0 2 ==== config(26 keys) v1 ==== 1105+0+0 (secure 0 0 0) 0x7fb270003c80 con 0x7fb27407be10
2023-07-14T18:56:37.190 INFO:teuthology.orchestra.run.smithi012.stdout:/usr/bin/ceph: stderr
2023-07-14T18:56:36.041+0000 7fb27c545700 1 -- 172.21.15.12:0/565971925 --> [v2:172.21.15.12:3300/0,v1:172.21.15.12:6789/0] -- mon_subscribe({mgrmap=0+}) v3 -- 0x7fb27419bc30 con 0x7fb27407be10
2023-07-14T18:56:37.190 INFO:teuthology.orchestra.run.smithi012.stdout:/usr/bin/ceph: stderr
2023-07-14T18:56:36.041+0000 7fb26b7fe700 1 -- 172.21.15.12:0/565971925 <== mon.0 v2:172.21.15.12:3300/0 3 ==== mon_map magic: 0 v1 ==== 205+0+0 (secure 0 0 0) 0x7fb270024760 con 0x7fb27407be10
2023-07-14T18:56:37.190 INFO:teuthology.orchestra.run.smithi012.stdout:/usr/bin/ceph: stderr
2023-07-14T18:56:36.042+0000 7fb27c545700 1 -- 172.21.15.12:0/565971925 --> [v2:172.21.15.12:3300/0,v1:172.21.15.12:6789/0] -- mon_subscribe({osdmap=0}) v3 -- 0x7fb27419c050 con 0x7fb27407be10
2023-07-14T18:56:37.190 INFO:teuthology.orchestra.run.smithi012.stdout:/usr/bin/ceph: stderr
2023-07-14T18:56:36.043+0000 7fb26b7fe700 1 -- 172.21.15.12:0/565971925 <== mon.0 v2:172.21.15.12:3300/0 4 ==== mgrmap(e 9) v1 ==== 45496+0+0 (secure 0 0 0) 0x7fb27001ab10 con 0x7fb27407be10
2023-07-14T18:56:37.190 INFO:teuthology.orchestra.run.smithi012.stdout:/usr/bin/ceph: stderr
2023-07-14T18:56:36.043+0000 7fb27c545700 1 -- 172.21.15.12:0/565971925 --> [v2:172.21.15.12:3300/0,v1:172.21.15.12:6789/0] -- mon_command({"prefix": "get_command_descriptions"} v 0) v1 -- 0x7fb274061c70 con 0x7fb27407be10
2023-07-14T18:56:37.191 INFO:teuthology.orchestra.run.smithi012.stdout:/usr/bin/ceph: stderr
2023-07-14T18:56:36.043+0000 7fb26b7fe700 1 --2- 172.21.15.12:0/565971925 >> [v2:172.21.15.12:6800/752663876,v1:172.21.15.12:6801/752663876] conn(0x7fb2600387b0 0x7fb26003ac60 unknown :-1 s=NONE pgs=0 cs=0 l=1 rev1=0 crypto rx=0 tx=0 comp rx=0 tx=0).connect
2023-07-14T18:56:37.191 INFO:teuthology.orchestra.run.smithi012.stdout:/usr/bin/ceph: stderr
2023-07-14T18:56:36.043+0000 7fb26b7fe700 1 -- 172.21.15.12:0/565971925 <== mon.0 v2:172.21.15.12:3300/0 5 ==== osd_map(2..2 src has 1..2) v4 ==== 940+0+0 (secure 0 0 0) 0x7fb27004c950 con 0x7fb27407be10
2023-07-14T18:56:37.191 INFO:teuthology.orchestra.run.smithi012.stdout:/usr/bin/ceph: stderr
2023-07-14T18:56:36.043+0000 7fb279ae0700 1 -- 172.21.15.12:0/565971925 >> [v2:172.21.15.12:6800/752663876,v1:172.21.15.12:6801/752663876] conn(0x7fb2600387b0 msgr2=0x7fb26003ac60 unknown :-1 s=STATE_CONNECTING_RE l=1).process reconnect failed to v2:172.21.15.12:6800/752663876
2023-07-14T18:56:37.191 INFO:teuthology.orchestra.run.smithi012.stdout:/usr/bin/ceph: stderr
2023-07-14T18:56:36.044+0000 7fb279ae0700 1 --2- 172.21.15.12:0/565971925 >> [v2:172.21.15.12:6800/752663876,v1:172.21.15.12:6801/752663876] conn(0x7fb2600387b0 0x7fb26003ac60 unknown :-1 s=START_CONNECT pgs=0 cs=0 l=1 rev1=0 crypto rx=0 tx=0 comp rx=0 tx=0)._fault waiting 0.200000
2023-07-14T18:56:37.191 INFO:teuthology.orchestra.run.smithi012.stdout:/usr/bin/ceph: stderr
2023-07-14T18:56:36.049+0000 7fb26b7fe700 1 -- 172.21.15.12:0/565971925 <== mon.0 v2:172.21.15.12:3300/0 6 ==== mon_command_ack([{"prefix": "get_command_descriptions"}]=0 v0) v1 ==== 72+0+178025 (secure 0 0 0) 0x7fb27001a430 con 0x7fb27407be10
2023-07-14T18:56:37.191 INFO:teuthology.orchestra.run.smithi012.stdout:/usr/bin/ceph: stderr
2023-07-14T18:56:36.245+0000 7fb279ae0700 1 -- 172.21.15.12:0/565971925 >> [v2:172.21.15.12:6800/752663876,v1:172.21.15.12:6801/752663876] conn(0x7fb2600387b0 msgr2=0x7fb26003ac60 unknown :-1 s=STATE_CONNECTING_RE l=1).process reconnect failed to v2:172.21.15.12:6800/752663876
2023-07-14T18:56:37.191 INFO:teuthology.orchestra.run.smithi012.stdout:/usr/bin/ceph: stderr
2023-07-14T18:56:36.245+0000 7fb279ae0700 1 --2- 172.21.15.12:0/565971925 >> [v2:172.21.15.12:6800/752663876,v1:172.21.15.12:6801/752663876] conn(0x7fb2600387b0 0x7fb26003ac60 unknown :-1 s=START_CONNECT pgs=0 cs=0 l=1 rev1=0 crypto rx=0 tx=0 comp rx=0 tx=0)._fault waiting 0.400000
2023-07-14T18:56:37.192 INFO:teuthology.orchestra.run.smithi012.stdout:/usr/bin/ceph: stderr
2023-07-14T18:56:36.323+0000 7fb27c545700 1 -- 172.21.15.12:0/565971925 --> [v2:172.21.15.12:3300/0,v1:172.21.15.12:6789/0] -- mon_command({"prefix": "mgr stat"} v 0) v1 -- 0x7fb274073fe0 con 0x7fb27407be10
2023-07-14T18:56:37.192 INFO:teuthology.orchestra.run.smithi012.stdout:/usr/bin/ceph: stderr
2023-07-14T18:56:36.324+0000 7fb26b7fe700 1 -- 172.21.15.12:0/565971925 <== mon.0 v2:172.21.15.12:3300/0 7 ==== mon_command_ack([{"prefix": "mgr stat"}]=0 v9) v1 ==== 56+0+88 (secure 0 0 0) 0x7fb270018b40 con 0x7fb27407be10
2023-07-14T18:56:37.192 INFO:teuthology.orchestra.run.smithi012.stdout:/usr/bin/ceph: stderr
2023-07-14T18:56:36.328+0000 7fb27c545700 1 -- 172.21.15.12:0/565971925 >> [v2:172.21.15.12:6800/752663876,v1:172.21.15.12:6801/752663876] conn(0x7fb2600387b0 msgr2=0x7fb26003ac60 unknown :-1 s=STATE_CONNECTING l=1).mark_down
2023-07-14T18:56:37.192 INFO:teuthology.orchestra.run.smithi012.stdout:/usr/bin/ceph: stderr
2023-07-14T18:56:36.328+0000 7fb27c545700 1 --2- 172.21.15.12:0/565971925 >> [v2:172.21.15.12:6800/752663876,v1:172.21.15.12:6801/752663876] conn(0x7fb2600387b0 0x7fb26003ac60 unknown :-1 s=START_CONNECT pgs=0 cs=0 l=1 rev1=0 crypto rx=0 tx=0 comp rx=0 tx=0).stop
2023-07-14T18:56:37.192 INFO:teuthology.orchestra.run.smithi012.stdout:/usr/bin/ceph: stderr
2023-07-14T18:56:36.328+0000 7fb27c545700 1 -- 172.21.15.12:0/565971925 >> [v2:172.21.15.12:3300/0,v1:172.21.15.12:6789/0] conn(0x7fb27407be10 msgr2=0x7fb27419b4f0 secure :-1 s=STATE_CONNECTION_ESTABLISHED l=1).mark_down
2023-07-14T18:56:37.192 INFO:teuthology.orchestra.run.smithi012.stdout:/usr/bin/ceph: stderr
2023-07-14T18:56:36.328+0000 7fb27c545700 1 --2- 172.21.15.12:0/565971925 >> [v2:172.21.15.12:3300/0,v1:172.21.15.12:6789/0] conn(0x7fb27407be10 0x7fb27419b4f0 secure :-1 s=READY pgs=60 cs=0 l=1 rev1=1 crypto rx=0x7fb270003e60 tx=0x7fb270011a30 comp rx=0 tx=0).stop
2023-07-14T18:56:37.192 INFO:teuthology.orchestra.run.smithi012.stdout:/usr/bin/ceph: stderr
2023-07-14T18:56:36.328+0000 7fb27c545700 1 -- 172.21.15.12:0/565971925 shutdown_connections
2023-07-14T18:56:37.193 INFO:teuthology.orchestra.run.smithi012.stdout:/usr/bin/ceph: stderr
2023-07-14T18:56:36.328+0000 7fb27c545700 1 --2- 172.21.15.12:0/565971925 >> [v2:172.21.15.12:6800/752663876,v1:172.21.15.12:6801/752663876] conn(0x7fb2600387b0 0x7fb26003ac60 unknown :-1 s=CLOSED pgs=0 cs=0 l=1 rev1=0 crypto rx=0 tx=0 comp rx=0 tx=0).stop
2023-07-14T18:56:37.193 INFO:teuthology.orchestra.run.smithi012.stdout:/usr/bin/ceph: stderr
2023-07-14T18:56:36.328+0000 7fb27c545700 1 --2- 172.21.15.12:0/565971925 >> [v2:172.21.15.12:3300/0,v1:172.21.15.12:6789/0] conn(0x7fb27407be10 0x7fb27419b4f0 unknown :-1 s=CLOSED pgs=60 cs=0 l=1 rev1=1 crypto rx=0 tx=0 comp rx=0 tx=0).stop
2023-07-14T18:56:37.193 INFO:teuthology.orchestra.run.smithi012.stdout:/usr/bin/ceph: stderr
2023-07-14T18:56:36.328+0000 7fb27c545700 1 -- 172.21.15.12:0/565971925 >> 172.21.15.12:0/565971925 conn(0x7fb274100c90 msgr2=0x7fb274101a50 unknown :-1 s=STATE_NONE l=0).mark_down
2023-07-14T18:56:37.193 INFO:teuthology.orchestra.run.smithi012.stdout:/usr/bin/ceph: stderr
2023-07-14T18:56:36.328+0000 7fb27c545700 1 -- 172.21.15.12:0/565971925 shutdown_connections
2023-07-14T18:56:37.193 INFO:teuthology.orchestra.run.smithi012.stdout:/usr/bin/ceph: stderr
2023-07-14T18:56:36.328+0000 7fb27c545700 1 -- 172.21.15.12:0/565971925 wait complete.
2023-07-14T18:56:37.193 INFO:teuthology.orchestra.run.smithi012.stdout:Waiting for the mgr to restart...
2023-07-14T18:56:37.193 INFO:teuthology.orchestra.run.smithi012.stdout:Waiting for mgr epoch 9...
2023-07-14T18:56:37.221 INFO:journalctl@ceph.mon.a.smithi012.stdout:Jul 14 18:56:36 smithi012 ceph-mon[126352]: from='client.? 172.21.15.12:0/565971925' entity='client.admin' cmd=[{"prefix": "mgr stat"}]: dispatch
2023-07-14T18:56:37.496 INFO:journalctl@ceph.mgr.x.smithi012.stdout:Jul 14 18:56:37 smithi012 ceph-e6594762-2277-11ee-9b33-001a4aab830c-mgr-x[126604]:
2023-07-14T18:56:37.417+0000 7f3b1043d200 -1 mgr[py] Module progress has missing NOTIFY_TYPES member
2023-07-14T18:56:38.587 INFO:journalctl@ceph.mgr.x.smithi012.stdout:Jul 14 18:56:38 smithi012 ceph-e6594762-2277-11ee-9b33-001a4aab830c-mgr-x[126604]:
2023-07-14T18:56:38.204+0000 7f3b1043d200 -1 mgr[py] Module rook has missing NOTIFY_TYPES member
2023-07-14T18:56:38.588 INFO:journalctl@ceph.mgr.x.smithi012.stdout:Jul 14 18:56:38 smithi012 ceph-e6594762-2277-11ee-9b33-001a4aab830c-mgr-x[126604]:
2023-07-14T18:56:38.416+0000 7f3b1043d200 -1 mgr[py] Module iostat has missing NOTIFY_TYPES member
2023-07-14T18:56:39.754 INFO:journalctl@ceph.mgr.x.smithi012.stdout:Jul 14 18:56:39 smithi012 ceph-e6594762-2277-11ee-9b33-001a4aab830c-mgr-x[126604]:
2023-07-14T18:56:39.395+0000 7f3b1043d200 -1 mgr[py] Module test_orchestrator has missing NOTIFY_TYPES member
2023-07-14T18:56:39.755 INFO:journalctl@ceph.mgr.x.smithi012.stdout:Jul 14 18:56:39 smithi012 ceph-e6594762-2277-11ee-9b33-001a4aab830c-mgr-x[126604]:
2023-07-14T18:56:39.518+0000 7f3b1043d200 -1 mgr[py] Module osd_perf_query has missing NOTIFY_TYPES member
2023-07-14T18:56:40.413 INFO:journalctl@ceph.mgr.x.smithi012.stdout:Jul 14 18:56:39 smithi012 ceph-e6594762-2277-11ee-9b33-001a4aab830c-mgr-x[126604]:
2023-07-14T18:56:39.748+0000 7f3b1043d200 -1 mgr[py] Module orchestrator has missing NOTIFY_TYPES member
2023-07-14T18:56:40.413 INFO:journalctl@ceph.mgr.x.smithi012.stdout:Jul 14 18:56:40 smithi012 ceph-e6594762-2277-11ee-9b33-001a4aab830c-mgr-x[126604]:
2023-07-14T18:56:40.122+0000 7f3b1043d200 -1 mgr[py] Module rgw has missing NOTIFY_TYPES member
2023-07-14T18:56:40.837 INFO:journalctl@ceph.mgr.x.smithi012.stdout:Jul 14 18:56:40 smithi012 ceph-e6594762-2277-11ee-9b33-001a4aab830c-mgr-x[126604]:
2023-07-14T18:56:40.406+0000 7f3b1043d200 -1 mgr[py] Module influx has missing NOTIFY_TYPES member
2023-07-14T18:56:40.837 INFO:journalctl@ceph.mgr.x.smithi012.stdout:Jul 14 18:56:40 smithi012 ceph-e6594762-2277-11ee-9b33-001a4aab830c-mgr-x[126604]:
2023-07-14T18:56:40.606+0000 7f3b1043d200 -1 mgr[py] Module telemetry has missing NOTIFY_TYPES member
2023-07-14T18:56:41.337 INFO:journalctl@ceph.mgr.x.smithi012.stdout:Jul 14 18:56:40 smithi012 ceph-e6594762-2277-11ee-9b33-001a4aab830c-mgr-x[126604]:
2023-07-14T18:56:40.958+0000 7f3b1043d200 -1 mgr[py] Module telegraf has missing NOTIFY_TYPES member
2023-07-14T18:56:42.337 INFO:journalctl@ceph.mgr.x.smithi012.stdout:Jul 14 18:56:41 smithi012 ceph-e6594762-2277-11ee-9b33-001a4aab830c-mgr-x[126604]:
2023-07-14T18:56:41.916+0000 7f3b1043d200 -1 mgr[py] Module balancer has missing NOTIFY_TYPES member
2023-07-14T18:56:42.338 INFO:journalctl@ceph.mgr.x.smithi012.stdout:Jul 14 18:56:42 smithi012 ceph-e6594762-2277-11ee-9b33-001a4aab830c-mgr-x[126604]:
2023-07-14T18:56:42.095+0000 7f3b1043d200 -1 mgr[py] Module diskprediction_local has missing NOTIFY_TYPES member
2023-07-14T18:56:42.789 INFO:journalctl@ceph.mgr.x.smithi012.stdout:Jul 14 18:56:42 smithi012 ceph-e6594762-2277-11ee-9b33-001a4aab830c-mgr-x[126604]:
2023-07-14T18:56:42.348+0000 7f3b1043d200 -1 mgr[py] Module nfs has missing NOTIFY_TYPES member
2023-07-14T18:56:42.789 INFO:journalctl@ceph.mgr.x.smithi012.stdout:Jul 14 18:56:42 smithi012 ceph-e6594762-2277-11ee-9b33-001a4aab830c-mgr-x[126604]:
2023-07-14T18:56:42.500+0000 7f3b1043d200 -1 mgr[py] Module rbd_support has missing NOTIFY_TYPES member
2023-07-14T18:56:44.337 INFO:journalctl@ceph.mgr.x.smithi012.stdout:Jul 14 18:56:42 smithi012 ceph-e6594762-2277-11ee-9b33-001a4aab830c-mgr-x[126604]:
2023-07-14T18:56:42.783+0000 7f3b1043d200 -1 mgr[py] Module volumes has missing NOTIFY_TYPES member
2023-07-14T18:56:44.337 INFO:journalctl@ceph.mgr.x.smithi012.stdout:Jul 14 18:56:43 smithi012 ceph-e6594762-2277-11ee-9b33-001a4aab830c-mgr-x[126604]:
2023-07-14T18:56:43.884+0000 7f3b1043d200 -1 mgr[py] Module pg_autoscaler has missing NOTIFY_TYPES member
2023-07-14T18:56:44.338 INFO:journalctl@ceph.mon.a.smithi012.stdout:Jul 14 18:56:43 smithi012 ceph-mon[126352]: Active manager daemon x restarted
2023-07-14T18:56:44.338 INFO:journalctl@ceph.mon.a.smithi012.stdout:Jul 14 18:56:43 smithi012 ceph-mon[126352]: Activating manager daemon x
2023-07-14T18:56:44.338 INFO:journalctl@ceph.mon.a.smithi012.stdout:Jul 14 18:56:43 smithi012 ceph-mon[126352]: osdmap e3: 0 total, 0 up, 0 in
2023-07-14T18:56:44.338 INFO:journalctl@ceph.mon.a.smithi012.stdout:Jul 14 18:56:43 smithi012 ceph-mon[126352]: mgrmap e10: x(active, starting, since 0.00619206s)
2023-07-14T18:56:44.338 INFO:journalctl@ceph.mon.a.smithi012.stdout:Jul 14 18:56:43 smithi012 ceph-mon[126352]: from='mgr.14152 172.21.15.12:0/3690661697' entity='mgr.x' cmd=[{"prefix": "mon metadata", "id": "a"}]: dispatch
2023-07-14T18:56:44.339 INFO:journalctl@ceph.mon.a.smithi012.stdout:Jul 14 18:56:43 smithi012 ceph-mon[126352]: from='mgr.14152 172.21.15.12:0/3690661697' entity='mgr.x' cmd=[{"prefix": "mgr metadata", "who": "x", "id": "x"}]: dispatch
2023-07-14T18:56:44.339 INFO:journalctl@ceph.mon.a.smithi012.stdout:Jul 14 18:56:43 smithi012 ceph-mon[126352]: from='mgr.14152 172.21.15.12:0/3690661697' entity='mgr.x' cmd=[{"prefix": "mds metadata"}]: dispatch
2023-07-14T18:56:44.339 INFO:journalctl@ceph.mon.a.smithi012.stdout:Jul 14 18:56:43 smithi012 ceph-mon[126352]: from='mgr.14152 172.21.15.12:0/3690661697' entity='mgr.x' cmd=[{"prefix": "osd metadata"}]: dispatch
2023-07-14T18:56:44.339 INFO:journalctl@ceph.mon.a.smithi012.stdout:Jul 14 18:56:43 smithi012 ceph-mon[126352]: from='mgr.14152 172.21.15.12:0/3690661697' entity='mgr.x' cmd=[{"prefix": "mon metadata"}]: dispatch
2023-07-14T18:56:44.339 INFO:journalctl@ceph.mon.a.smithi012.stdout:Jul 14 18:56:43 smithi012 ceph-mon[126352]: Manager daemon x is now available
2023-07-14T18:56:44.339 INFO:journalctl@ceph.mon.a.smithi012.stdout:Jul 14 18:56:43 smithi012 ceph-mon[126352]: from='mgr.14152 172.21.15.12:0/3690661697' entity='mgr.x' cmd=[{"prefix": "config dump", "format": "json"}]: dispatch
2023-07-14T18:56:44.339 INFO:journalctl@ceph.mon.a.smithi012.stdout:Jul 14 18:56:43 smithi012 ceph-mon[126352]: from='mgr.14152 172.21.15.12:0/3690661697' entity='mgr.x' cmd=[{"prefix": "config dump", "format": "json"}]: dispatch
2023-07-14T18:56:45.290 INFO:journalctl@ceph.mon.a.smithi012.stdout:Jul 14 18:56:44 smithi012 ceph-mon[126352]: from='mgr.14152 172.21.15.12:0/3690661697' entity='mgr.x' cmd=[{"prefix":"config rm","who":"mgr","name":"mgr/rbd_support/x/mirror_snapshot_schedule"}]: dispatch
2023-07-14T18:56:45.290 INFO:journalctl@ceph.mon.a.smithi012.stdout:Jul 14 18:56:44 smithi012 ceph-mon[126352]: from='mgr.14152 172.21.15.12:0/3690661697' entity='mgr.x' cmd=[{"prefix":"config rm","who":"mgr","name":"mgr/rbd_support/x/trash_purge_schedule"}]: dispatch
2023-07-14T18:56:45.291 INFO:journalctl@ceph.mon.a.smithi012.stdout:Jul 14 18:56:44 smithi012 ceph-mon[126352]: mgrmap e11: x(active, since 1.00771s)
2023-07-14T18:56:45.302 INFO:teuthology.orchestra.run.smithi012.stdout:/usr/bin/ceph: stdout {
2023-07-14T18:56:45.303 INFO:teuthology.orchestra.run.smithi012.stdout:/usr/bin/ceph: stdout "mgrmap_epoch": 11,
2023-07-14T18:56:45.303 INFO:teuthology.orchestra.run.smithi012.stdout:/usr/bin/ceph: stdout "initialized": true
2023-07-14T18:56:45.303 INFO:teuthology.orchestra.run.smithi012.stdout:/usr/bin/ceph: stdout }
2023-07-14T18:56:45.303 INFO:teuthology.orchestra.run.smithi012.stdout:/usr/bin/ceph: stderr
2023-07-14T18:56:37.735+0000 7fd69d9b8700 1 Processor -- start
2023-07-14T18:56:45.303 INFO:teuthology.orchestra.run.smithi012.stdout:/usr/bin/ceph: stderr
2023-07-14T18:56:37.735+0000 7fd69d9b8700 1 -- start start
2023-07-14T18:56:45.304 INFO:teuthology.orchestra.run.smithi012.stdout:/usr/bin/ceph: stderr
2023-07-14T18:56:37.736+0000 7fd69d9b8700 1 --2- >> [v2:172.21.15.12:3300/0,v1:172.21.15.12:6789/0] conn(0x7fd69807be10 0x7fd69807a310 unknown :-1 s=NONE pgs=0 cs=0 l=0 rev1=0 crypto rx=0 tx=0 comp rx=0 tx=0).connect
2023-07-14T18:56:45.304 INFO:teuthology.orchestra.run.smithi012.stdout:/usr/bin/ceph: stderr
2023-07-14T18:56:37.736+0000 7fd69d9b8700 1 -- --> [v2:172.21.15.12:3300/0,v1:172.21.15.12:6789/0] -- mon_getmap magic: 0 v1 -- 0x7fd69807a850 con 0x7fd69807be10
2023-07-14T18:56:45.304 INFO:teuthology.orchestra.run.smithi012.stdout:/usr/bin/ceph: stderr
2023-07-14T18:56:37.736+0000 7fd696ffd700 1 --2- >> [v2:172.21.15.12:3300/0,v1:172.21.15.12:6789/0] conn(0x7fd69807be10 0x7fd69807a310 unknown :-1 s=BANNER_CONNECTING pgs=0 cs=0 l=0 rev1=0 crypto rx=0 tx=0 comp rx=0 tx=0)._handle_peer_banner_payload supported=3 required=0
2023-07-14T18:56:45.304 INFO:teuthology.orchestra.run.smithi012.stdout:/usr/bin/ceph: stderr
2023-07-14T18:56:37.736+0000 7fd696ffd700 1 --2- >> [v2:172.21.15.12:3300/0,v1:172.21.15.12:6789/0] conn(0x7fd69807be10 0x7fd69807a310 unknown :-1 s=HELLO_CONNECTING pgs=0 cs=0 l=0 rev1=1 crypto rx=0 tx=0 comp rx=0 tx=0).handle_hello peer v2:172.21.15.12:3300/0 says I am v2:172.21.15.12:38434/0 (socket says 172.21.15.12:38434)
2023-07-14T18:56:45.304 INFO:teuthology.orchestra.run.smithi012.stdout:/usr/bin/ceph: stderr
2023-07-14T18:56:37.736+0000 7fd696ffd700 1 -- 172.21.15.12:0/3398849711 learned_addr learned my addr 172.21.15.12:0/3398849711 (peer_addr_for_me v2:172.21.15.12:0/0)
2023-07-14T18:56:45.304 INFO:teuthology.orchestra.run.smithi012.stdout:/usr/bin/ceph: stderr
2023-07-14T18:56:37.737+0000 7fd696ffd700 1 -- 172.21.15.12:0/3398849711 --> [v2:172.21.15.12:3300/0,v1:172.21.15.12:6789/0] -- mon_subscribe({config=0+,monmap=0+}) v3 -- 0x7fd69807a990 con 0x7fd69807be10
2023-07-14T18:56:45.305 INFO:teuthology.orchestra.run.smithi012.stdout:/usr/bin/ceph: stderr
2023-07-14T18:56:37.737+0000 7fd696ffd700 1 --2- 172.21.15.12:0/3398849711 >> [v2:172.21.15.12:3300/0,v1:172.21.15.12:6789/0] conn(0x7fd69807be10 0x7fd69807a310 secure :-1 s=READY pgs=61 cs=0 l=1 rev1=1 crypto rx=0x7fd6880098a0 tx=0x7fd688009bb0 comp rx=0 tx=0).ready entity=mon.0 client_cookie=b35b7c3429034832 server_cookie=0 in_seq=0 out_seq=0
2023-07-14T18:56:45.305 INFO:teuthology.orchestra.run.smithi012.stdout:/usr/bin/ceph: stderr
2023-07-14T18:56:37.737+0000 7fd695ffb700 1 -- 172.21.15.12:0/3398849711 <== mon.0 v2:172.21.15.12:3300/0 1 ==== mon_map magic: 0 v1 ==== 205+0+0 (secure 0 0 0) 0x7fd688004160 con 0x7fd69807be10
2023-07-14T18:56:45.305 INFO:teuthology.orchestra.run.smithi012.stdout:/usr/bin/ceph: stderr
2023-07-14T18:56:37.737+0000 7fd695ffb700 1 -- 172.21.15.12:0/3398849711 <== mon.0 v2:172.21.15.12:3300/0 2 ==== config(26 keys) v1 ==== 1105+0+0 (secure 0 0 0) 0x7fd6880042c0 con 0x7fd69807be10
2023-07-14T18:56:45.305 INFO:teuthology.orchestra.run.smithi012.stdout:/usr/bin/ceph: stderr
2023-07-14T18:56:37.737+0000 7fd695ffb700 1 -- 172.21.15.12:0/3398849711 <== mon.0 v2:172.21.15.12:3300/0 3 ==== mon_map magic: 0 v1 ==== 205+0+0 (secure 0 0 0) 0x7fd6880119b0 con 0x7fd69807be10
2023-07-14T18:56:45.305 INFO:teuthology.orchestra.run.smithi012.stdout:/usr/bin/ceph: stderr
2023-07-14T18:56:37.738+0000 7fd69d9b8700 1 -- 172.21.15.12:0/3398849711 >> [v2:172.21.15.12:3300/0,v1:172.21.15.12:6789/0] conn(0x7fd69807be10 msgr2=0x7fd69807a310 secure :-1 s=STATE_CONNECTION_ESTABLISHED l=1).mark_down
2023-07-14T18:56:45.305 INFO:teuthology.orchestra.run.smithi012.stdout:/usr/bin/ceph: stderr
2023-07-14T18:56:37.738+0000 7fd69d9b8700 1 --2- 172.21.15.12:0/3398849711 >> [v2:172.21.15.12:3300/0,v1:172.21.15.12:6789/0] conn(0x7fd69807be10 0x7fd69807a310 secure :-1 s=READY pgs=61 cs=0 l=1 rev1=1 crypto rx=0x7fd6880098a0 tx=0x7fd688009bb0 comp rx=0 tx=0).stop
2023-07-14T18:56:45.305 INFO:teuthology.orchestra.run.smithi012.stdout:/usr/bin/ceph: stderr
2023-07-14T18:56:37.738+0000 7fd69d9b8700 1 -- 172.21.15.12:0/3398849711 shutdown_connections
2023-07-14T18:56:45.305 INFO:teuthology.orchestra.run.smithi012.stdout:/usr/bin/ceph: stderr
2023-07-14T18:56:37.738+0000 7fd69d9b8700 1 --2- 172.21.15.12:0/3398849711 >> [v2:172.21.15.12:3300/0,v1:172.21.15.12:6789/0] conn(0x7fd69807be10 0x7fd69807a310 unknown :-1 s=CLOSED pgs=61 cs=0 l=1 rev1=1 crypto rx=0 tx=0 comp rx=0 tx=0).stop
2023-07-14T18:56:45.306 INFO:teuthology.orchestra.run.smithi012.stdout:/usr/bin/ceph: stderr
2023-07-14T18:56:37.738+0000 7fd69d9b8700 1 -- 172.21.15.12:0/3398849711 >> 172.21.15.12:0/3398849711 conn(0x7fd698100c90 msgr2=0x7fd6981030a0 unknown :-1 s=STATE_NONE l=0).mark_down
2023-07-14T18:56:45.306 INFO:teuthology.orchestra.run.smithi012.stdout:/usr/bin/ceph: stderr
2023-07-14T18:56:37.738+0000 7fd69d9b8700 1 -- 172.21.15.12:0/3398849711 shutdown_connections
2023-07-14T18:56:45.306 INFO:teuthology.orchestra.run.smithi012.stdout:/usr/bin/ceph: stderr
2023-07-14T18:56:37.738+0000 7fd69d9b8700 1 -- 172.21.15.12:0/3398849711 wait complete.
2023-07-14T18:56:45.306 INFO:teuthology.orchestra.run.smithi012.stdout:/usr/bin/ceph: stderr
2023-07-14T18:56:37.739+0000 7fd69d9b8700 1 Processor -- start
2023-07-14T18:56:45.306 INFO:teuthology.orchestra.run.smithi012.stdout:/usr/bin/ceph: stderr
2023-07-14T18:56:37.739+0000 7fd69d9b8700 1 -- start start
2023-07-14T18:56:45.306 INFO:teuthology.orchestra.run.smithi012.stdout:/usr/bin/ceph: stderr
2023-07-14T18:56:37.740+0000 7fd69d9b8700 1 --2- >> [v2:172.21.15.12:3300/0,v1:172.21.15.12:6789/0] conn(0x7fd69807be10 0x7fd69819b4f0 unknown :-1 s=NONE pgs=0 cs=0 l=1 rev1=0 crypto rx=0 tx=0 comp rx=0 tx=0).connect
2023-07-14T18:56:45.306 INFO:teuthology.orchestra.run.smithi012.stdout:/usr/bin/ceph: stderr
2023-07-14T18:56:37.740+0000 7fd69d9b8700 1 -- --> [v2:172.21.15.12:3300/0,v1:172.21.15.12:6789/0] -- mon_getmap magic: 0 v1 -- 0x7fd69819ba30 con 0x7fd69807be10
2023-07-14T18:56:45.306 INFO:teuthology.orchestra.run.smithi012.stdout:/usr/bin/ceph: stderr
2023-07-14T18:56:37.740+0000 7fd696ffd700 1 --2- >> [v2:172.21.15.12:3300/0,v1:172.21.15.12:6789/0] conn(0x7fd69807be10 0x7fd69819b4f0 unknown :-1 s=BANNER_CONNECTING pgs=0 cs=0 l=1 rev1=0 crypto rx=0 tx=0 comp rx=0 tx=0)._handle_peer_banner_payload supported=3 required=0
2023-07-14T18:56:45.307 INFO:teuthology.orchestra.run.smithi012.stdout:/usr/bin/ceph: stderr
2023-07-14T18:56:37.740+0000 7fd696ffd700 1 --2- >> [v2:172.21.15.12:3300/0,v1:172.21.15.12:6789/0] conn(0x7fd69807be10 0x7fd69819b4f0 unknown :-1 s=HELLO_CONNECTING pgs=0 cs=0 l=1 rev1=1 crypto rx=0 tx=0 comp rx=0 tx=0).handle_hello peer v2:172.21.15.12:3300/0 says I am v2:172.21.15.12:38440/0 (socket says 172.21.15.12:38440)
2023-07-14T18:56:45.307 INFO:teuthology.orchestra.run.smithi012.stdout:/usr/bin/ceph: stderr
2023-07-14T18:56:37.740+0000 7fd696ffd700 1 -- 172.21.15.12:0/3663251919 learned_addr learned my addr 172.21.15.12:0/3663251919 (peer_addr_for_me v2:172.21.15.12:0/0)
2023-07-14T18:56:45.307 INFO:teuthology.orchestra.run.smithi012.stdout:/usr/bin/ceph: stderr
2023-07-14T18:56:37.740+0000 7fd696ffd700 1 -- 172.21.15.12:0/3663251919 --> [v2:172.21.15.12:3300/0,v1:172.21.15.12:6789/0] -- mon_subscribe({config=0+,monmap=0+}) v3 -- 0x7fd688009550 con 0x7fd69807be10
2023-07-14T18:56:45.307 INFO:teuthology.orchestra.run.smithi012.stdout:/usr/bin/ceph: stderr
2023-07-14T18:56:37.741+0000 7fd696ffd700 1 --2- 172.21.15.12:0/3663251919 >> [v2:172.21.15.12:3300/0,v1:172.21.15.12:6789/0] conn(0x7fd69807be10 0x7fd69819b4f0 secure :-1 s=READY pgs=62 cs=0 l=1 rev1=1 crypto rx=0x7fd688003e60 tx=0x7fd688011a30 comp rx=0 tx=0).ready entity=mon.0 client_cookie=0 server_cookie=0 in_seq=0 out_seq=0
2023-07-14T18:56:45.307 INFO:teuthology.orchestra.run.smithi012.stdout:/usr/bin/ceph: stderr
2023-07-14T18:56:37.741+0000 7fd69c9b6700 1 -- 172.21.15.12:0/3663251919 <== mon.0 v2:172.21.15.12:3300/0 1 ==== mon_map magic: 0 v1 ==== 205+0+0 (secure 0 0 0) 0x7fd688003b20 con 0x7fd69807be10
2023-07-14T18:56:45.307 INFO:teuthology.orchestra.run.smithi012.stdout:/usr/bin/ceph: stderr
2023-07-14T18:56:37.741+0000 7fd69d9b8700 1 -- 172.21.15.12:0/3663251919 --> [v2:172.21.15.12:3300/0,v1:172.21.15.12:6789/0] -- mon_subscribe({mgrmap=0+}) v3 -- 0x7fd69819bc30 con 0x7fd69807be10
2023-07-14T18:56:45.307 INFO:teuthology.orchestra.run.smithi012.stdout:/usr/bin/ceph: stderr
2023-07-14T18:56:37.741+0000 7fd69c9b6700 1 -- 172.21.15.12:0/3663251919 <== mon.0 v2:172.21.15.12:3300/0 2 ==== config(26 keys) v1 ==== 1105+0+0 (secure 0 0 0) 0x7fd688003c80 con 0x7fd69807be10
2023-07-14T18:56:45.308 INFO:teuthology.orchestra.run.smithi012.stdout:/usr/bin/ceph: stderr
2023-07-14T18:56:37.741+0000 7fd69c9b6700 1 -- 172.21.15.12:0/3663251919 <== mon.0 v2:172.21.15.12:3300/0 3 ==== mon_map magic: 0 v1 ==== 205+0+0 (secure 0 0 0) 0x7fd688024760 con 0x7fd69807be10
2023-07-14T18:56:45.308 INFO:teuthology.orchestra.run.smithi012.stdout:/usr/bin/ceph: stderr
2023-07-14T18:56:37.741+0000 7fd69d9b8700 1 -- 172.21.15.12:0/3663251919 --> [v2:172.21.15.12:3300/0,v1:172.21.15.12:6789/0] -- mon_subscribe({osdmap=0}) v3 -- 0x7fd69819c050 con 0x7fd69807be10
2023-07-14T18:56:45.308 INFO:teuthology.orchestra.run.smithi012.stdout:/usr/bin/ceph: stderr
2023-07-14T18:56:37.742+0000 7fd69c9b6700 1 -- 172.21.15.12:0/3663251919 <== mon.0 v2:172.21.15.12:3300/0 4 ==== mgrmap(e 9) v1 ==== 45496+0+0 (secure 0 0 0) 0x7fd68801ab10 con 0x7fd69807be10
2023-07-14T18:56:45.308 INFO:teuthology.orchestra.run.smithi012.stdout:/usr/bin/ceph: stderr
2023-07-14T18:56:37.743+0000 7fd69c9b6700 1 --2- 172.21.15.12:0/3663251919 >> [v2:172.21.15.12:6800/752663876,v1:172.21.15.12:6801/752663876] conn(0x7fd680038760 0x7fd68003ac10 unknown :-1 s=NONE pgs=0 cs=0 l=1 rev1=0 crypto rx=0 tx=0 comp rx=0 tx=0).connect
2023-07-14T18:56:45.308 INFO:teuthology.orchestra.run.smithi012.stdout:/usr/bin/ceph: stderr
2023-07-14T18:56:37.743+0000 7fd69c9b6700 1 -- 172.21.15.12:0/3663251919 --> [v2:172.21.15.12:6800/752663876,v1:172.21.15.12:6801/752663876] -- command(tid 0: {"prefix": "get_command_descriptions"}) v1 -- 0x7fd68003b320 con 0x7fd680038760
2023-07-14T18:56:45.308 INFO:teuthology.orchestra.run.smithi012.stdout:/usr/bin/ceph: stderr
2023-07-14T18:56:37.743+0000 7fd69c9b6700 1 -- 172.21.15.12:0/3663251919 <== mon.0 v2:172.21.15.12:3300/0 5 ==== osd_map(2..2 src has 1..2) v4 ==== 940+0+0 (secure 0 0 0) 0x7fd68804ca50 con 0x7fd69807be10
2023-07-14T18:56:45.308 INFO:teuthology.orchestra.run.smithi012.stdout:/usr/bin/ceph: stderr
2023-07-14T18:56:37.743+0000 7fd6967fc700 1 -- 172.21.15.12:0/3663251919 >> [v2:172.21.15.12:6800/752663876,v1:172.21.15.12:6801/752663876] conn(0x7fd680038760 msgr2=0x7fd68003ac10 unknown :-1 s=STATE_CONNECTING_RE l=1).process reconnect failed to v2:172.21.15.12:6800/752663876
2023-07-14T18:56:45.309 INFO:teuthology.orchestra.run.smithi012.stdout:/usr/bin/ceph: stderr
2023-07-14T18:56:37.743+0000 7fd6967fc700 1 --2- 172.21.15.12:0/3663251919 >> [v2:172.21.15.12:6800/752663876,v1:172.21.15.12:6801/752663876] conn(0x7fd680038760 0x7fd68003ac10 unknown :-1 s=START_CONNECT pgs=0 cs=0 l=1 rev1=0 crypto rx=0 tx=0 comp rx=0 tx=0)._fault waiting 0.200000
2023-07-14T18:56:45.309 INFO:teuthology.orchestra.run.smithi012.stdout:/usr/bin/ceph: stderr
2023-07-14T18:56:37.945+0000 7fd6967fc700 1 -- 172.21.15.12:0/3663251919 >> [v2:172.21.15.12:6800/752663876,v1:172.21.15.12:6801/752663876] conn(0x7fd680038760 msgr2=0x7fd68003ac10 unknown :-1 s=STATE_CONNECTING_RE l=1).process reconnect failed to v2:172.21.15.12:6800/752663876
2023-07-14T18:56:45.309 INFO:teuthology.orchestra.run.smithi012.stdout:/usr/bin/ceph: stderr
2023-07-14T18:56:37.945+0000 7fd6967fc700 1 --2- 172.21.15.12:0/3663251919 >> [v2:172.21.15.12:6800/752663876,v1:172.21.15.12:6801/752663876] conn(0x7fd680038760 0x7fd68003ac10 unknown :-1 s=START_CONNECT pgs=0 cs=0 l=1 rev1=0 crypto rx=0 tx=0 comp rx=0 tx=0)._fault waiting 0.400000
2023-07-14T18:56:45.309 INFO:teuthology.orchestra.run.smithi012.stdout:/usr/bin/ceph: stderr
2023-07-14T18:56:38.345+0000 7fd6967fc700 1 -- 172.21.15.12:0/3663251919 >> [v2:172.21.15.12:6800/752663876,v1:172.21.15.12:6801/752663876] conn(0x7fd680038760 msgr2=0x7fd68003ac10 unknown :-1 s=STATE_CONNECTING_RE l=1).process reconnect failed to v2:172.21.15.12:6800/752663876
2023-07-14T18:56:45.309 INFO:teuthology.orchestra.run.smithi012.stdout:/usr/bin/ceph: stderr
2023-07-14T18:56:38.345+0000 7fd6967fc700 1 --2- 172.21.15.12:0/3663251919 >> [v2:172.21.15.12:6800/752663876,v1:172.21.15.12:6801/752663876] conn(0x7fd680038760 0x7fd68003ac10 unknown :-1 s=START_CONNECT pgs=0 cs=0 l=1 rev1=0 crypto rx=0 tx=0 comp rx=0 tx=0)._fault waiting 0.800000
2023-07-14T18:56:45.309 INFO:teuthology.orchestra.run.smithi012.stdout:/usr/bin/ceph: stderr
2023-07-14T18:56:39.146+0000 7fd6967fc700 1 -- 172.21.15.12:0/3663251919 >> [v2:172.21.15.12:6800/752663876,v1:172.21.15.12:6801/752663876] conn(0x7fd680038760 msgr2=0x7fd68003ac10 unknown :-1 s=STATE_CONNECTING_RE l=1).process reconnect failed to v2:172.21.15.12:6800/752663876
2023-07-14T18:56:45.309 INFO:teuthology.orchestra.run.smithi012.stdout:/usr/bin/ceph: stderr
2023-07-14T18:56:39.146+0000 7fd6967fc700 1 --2- 172.21.15.12:0/3663251919 >> [v2:172.21.15.12:6800/752663876,v1:172.21.15.12:6801/752663876] conn(0x7fd680038760 0x7fd68003ac10 unknown :-1 s=START_CONNECT pgs=0 cs=0 l=1 rev1=0 crypto rx=0 tx=0 comp rx=0 tx=0)._fault waiting 1.600000
2023-07-14T18:56:45.309 INFO:teuthology.orchestra.run.smithi012.stdout:/usr/bin/ceph: stderr
2023-07-14T18:56:40.748+0000 7fd6967fc700 1 -- 172.21.15.12:0/3663251919 >> [v2:172.21.15.12:6800/752663876,v1:172.21.15.12:6801/752663876] conn(0x7fd680038760 msgr2=0x7fd68003ac10 unknown :-1 s=STATE_CONNECTING_RE l=1).process reconnect failed to v2:172.21.15.12:6800/752663876
2023-07-14T18:56:45.310 INFO:teuthology.orchestra.run.smithi012.stdout:/usr/bin/ceph: stderr
2023-07-14T18:56:40.748+0000 7fd6967fc700 1 --2- 172.21.15.12:0/3663251919 >> [v2:172.21.15.12:6800/752663876,v1:172.21.15.12:6801/752663876] conn(0x7fd680038760 0x7fd68003ac10 unknown :-1 s=START_CONNECT pgs=0 cs=0 l=1 rev1=0 crypto rx=0 tx=0 comp rx=0 tx=0)._fault waiting 3.200000
2023-07-14T18:56:45.310 INFO:teuthology.orchestra.run.smithi012.stdout:/usr/bin/ceph: stderr
2023-07-14T18:56:43.891+0000 7fd69c9b6700 1 -- 172.21.15.12:0/3663251919 <== mon.0 v2:172.21.15.12:3300/0 6 ==== mgrmap(e 10) v1 ==== 45263+0+0 (secure 0 0 0) 0x7fd68802d770 con 0x7fd69807be10
2023-07-14T18:56:45.310 INFO:teuthology.orchestra.run.smithi012.stdout:/usr/bin/ceph: stderr
2023-07-14T18:56:43.891+0000 7fd69c9b6700 1 -- 172.21.15.12:0/3663251919 >> [v2:172.21.15.12:6800/752663876,v1:172.21.15.12:6801/752663876] conn(0x7fd680038760 msgr2=0x7fd68003ac10 unknown :-1 s=STATE_CONNECTING l=1).mark_down
2023-07-14T18:56:45.310 INFO:teuthology.orchestra.run.smithi012.stdout:/usr/bin/ceph: stderr
2023-07-14T18:56:43.891+0000 7fd69c9b6700 1 --2- 172.21.15.12:0/3663251919 >> [v2:172.21.15.12:6800/752663876,v1:172.21.15.12:6801/752663876] conn(0x7fd680038760 0x7fd68003ac10 unknown :-1 s=START_CONNECT pgs=0 cs=0 l=1 rev1=0 crypto rx=0 tx=0 comp rx=0 tx=0).stop
2023-07-14T18:56:45.310 INFO:teuthology.orchestra.run.smithi012.stdout:/usr/bin/ceph: stderr
2023-07-14T18:56:44.891+0000 7fd69c9b6700 1 -- 172.21.15.12:0/3663251919 <== mon.0 v2:172.21.15.12:3300/0 7 ==== mgrmap(e 11) v1 ==== 45390+0+0 (secure 0 0 0) 0x7fd68801a600 con 0x7fd69807be10
2023-07-14T18:56:45.310 INFO:teuthology.orchestra.run.smithi012.stdout:/usr/bin/ceph: stderr
2023-07-14T18:56:44.891+0000 7fd69c9b6700 1 --2- 172.21.15.12:0/3663251919 >> [v2:172.21.15.12:6800/3195559678,v1:172.21.15.12:6801/3195559678] conn(0x7fd68003bff0 0x7fd68003e3d0 unknown :-1 s=NONE pgs=0 cs=0 l=1 rev1=0 crypto rx=0 tx=0 comp rx=0 tx=0).connect
2023-07-14T18:56:45.310 INFO:teuthology.orchestra.run.smithi012.stdout:/usr/bin/ceph: stderr
2023-07-14T18:56:44.891+0000 7fd69c9b6700 1 -- 172.21.15.12:0/3663251919 --> [v2:172.21.15.12:6800/3195559678,v1:172.21.15.12:6801/3195559678] -- command(tid 0: {"prefix": "get_command_descriptions"}) v1 -- 0x7fd68003b320 con 0x7fd68003bff0
2023-07-14T18:56:45.310 INFO:teuthology.orchestra.run.smithi012.stdout:/usr/bin/ceph: stderr
2023-07-14T18:56:44.892+0000 7fd6967fc700 1 --2- 172.21.15.12:0/3663251919 >> [v2:172.21.15.12:6800/3195559678,v1:172.21.15.12:6801/3195559678] conn(0x7fd68003bff0 0x7fd68003e3d0 unknown :-1 s=BANNER_CONNECTING pgs=0 cs=0 l=1 rev1=0 crypto rx=0 tx=0 comp rx=0 tx=0)._handle_peer_banner_payload supported=3 required=0
2023-07-14T18:56:45.311 INFO:teuthology.orchestra.run.smithi012.stdout:/usr/bin/ceph: stderr
2023-07-14T18:56:44.893+0000 7fd6967fc700 1 --2- 172.21.15.12:0/3663251919 >> [v2:172.21.15.12:6800/3195559678,v1:172.21.15.12:6801/3195559678] conn(0x7fd68003bff0 0x7fd68003e3d0 secure :-1 s=READY pgs=1 cs=0 l=1 rev1=1 crypto rx=0x7fd68c003a10 tx=0x7fd68c0092b0 comp rx=0 tx=0).ready entity=mgr.14152 client_cookie=0 server_cookie=0 in_seq=0 out_seq=0
2023-07-14T18:56:45.311 INFO:teuthology.orchestra.run.smithi012.stdout:/usr/bin/ceph: stderr
2023-07-14T18:56:44.894+0000 7fd69c9b6700 1 -- 172.21.15.12:0/3663251919 <== mgr.14152 v2:172.21.15.12:6800/3195559678 1 ==== command_reply(tid 0: 0 ) v1 ==== 8+0+6910 (secure 0 0 0) 0x7fd68003b320 con 0x7fd68003bff0
2023-07-14T18:56:45.311 INFO:teuthology.orchestra.run.smithi012.stdout:/usr/bin/ceph: stderr
2023-07-14T18:56:44.901+0000 7fd69d9b8700 1 -- 172.21.15.12:0/3663251919 --> [v2:172.21.15.12:6800/3195559678,v1:172.21.15.12:6801/3195559678] -- command(tid 1: {"prefix": "mgr_status"}) v1 -- 0x7fd69819c830 con 0x7fd68003bff0
2023-07-14T18:56:45.311 INFO:teuthology.orchestra.run.smithi012.stdout:/usr/bin/ceph: stderr
2023-07-14T18:56:44.901+0000 7fd69c9b6700 1 -- 172.21.15.12:0/3663251919 <== mgr.14152 v2:172.21.15.12:6800/3195559678 2 ==== command_reply(tid 1: 0 ) v1 ==== 8+0+52 (secure 0 0 0) 0x7fd69819c830 con 0x7fd68003bff0
2023-07-14T18:56:45.311 INFO:teuthology.orchestra.run.smithi012.stdout:/usr/bin/ceph: stderr
2023-07-14T18:56:44.902+0000 7fd69d9b8700 1 -- 172.21.15.12:0/3663251919 >> [v2:172.21.15.12:6800/3195559678,v1:172.21.15.12:6801/3195559678] conn(0x7fd68003bff0 msgr2=0x7fd68003e3d0 secure :-1 s=STATE_CONNECTION_ESTABLISHED l=1).mark_down
2023-07-14T18:56:45.311 INFO:teuthology.orchestra.run.smithi012.stdout:/usr/bin/ceph: stderr
2023-07-14T18:56:44.902+0000 7fd69d9b8700 1 --2- 172.21.15.12:0/3663251919 >> [v2:172.21.15.12:6800/3195559678,v1:172.21.15.12:6801/3195559678] conn(0x7fd68003bff0 0x7fd68003e3d0 secure :-1 s=READY pgs=1 cs=0 l=1 rev1=1 crypto rx=0x7fd68c003a10 tx=0x7fd68c0092b0 comp rx=0 tx=0).stop
2023-07-14T18:56:45.311 INFO:teuthology.orchestra.run.smithi012.stdout:/usr/bin/ceph: stderr
2023-07-14T18:56:44.902+0000 7fd69d9b8700 1 -- 172.21.15.12:0/3663251919 >> [v2:172.21.15.12:3300/0,v1:172.21.15.12:6789/0] conn(0x7fd69807be10 msgr2=0x7fd69819b4f0 secure :-1 s=STATE_CONNECTION_ESTABLISHED l=1).mark_down
2023-07-14T18:56:45.311 INFO:teuthology.orchestra.run.smithi012.stdout:/usr/bin/ceph: stderr
2023-07-14T18:56:44.902+0000 7fd69d9b8700 1 --2- 172.21.15.12:0/3663251919 >> [v2:172.21.15.12:3300/0,v1:172.21.15.12:6789/0] conn(0x7fd69807be10 0x7fd69819b4f0 secure :-1 s=READY pgs=62 cs=0 l=1 rev1=1 crypto rx=0x7fd688003e60 tx=0x7fd688011a30 comp rx=0 tx=0).stop
2023-07-14T18:56:45.312 INFO:teuthology.orchestra.run.smithi012.stdout:/usr/bin/ceph: stderr
2023-07-14T18:56:44.902+0000 7fd69d9b8700 1 -- 172.21.15.12:0/3663251919 shutdown_connections
2023-07-14T18:56:45.312 INFO:teuthology.orchestra.run.smithi012.stdout:/usr/bin/ceph: stderr
2023-07-14T18:56:44.902+0000 7fd69d9b8700 1 --2- 172.21.15.12:0/3663251919 >> [v2:172.21.15.12:6800/3195559678,v1:172.21.15.12:6801/3195559678] conn(0x7fd68003bff0 0x7fd68003e3d0 unknown :-1 s=CLOSED pgs=1 cs=0 l=1 rev1=1 crypto rx=0 tx=0 comp rx=0 tx=0).stop
2023-07-14T18:56:45.312 INFO:teuthology.orchestra.run.smithi012.stdout:/usr/bin/ceph: stderr
2023-07-14T18:56:44.902+0000 7fd69d9b8700 1 --2- 172.21.15.12:0/3663251919 >> [v2:172.21.15.12:3300/0,v1:172.21.15.12:6789/0] conn(0x7fd69807be10 0x7fd69819b4f0 unknown :-1 s=CLOSED pgs=62 cs=0 l=1 rev1=1 crypto rx=0 tx=0 comp rx=0 tx=0).stop
2023-07-14T18:56:45.312 INFO:teuthology.orchestra.run.smithi012.stdout:/usr/bin/ceph: stderr
2023-07-14T18:56:44.902+0000 7fd69d9b8700 1 --2- 172.21.15.12:0/3663251919 >> [v2:172.21.15.12:6800/752663876,v1:172.21.15.12:6801/752663876] conn(0x7fd680038760 0x7fd68003ac10 unknown :-1 s=CLOSED pgs=0 cs=0 l=1 rev1=0 crypto rx=0 tx=0 comp rx=0 tx=0).stop
2023-07-14T18:56:45.312 INFO:teuthology.orchestra.run.smithi012.stdout:/usr/bin/ceph: stderr
2023-07-14T18:56:44.902+0000 7fd69d9b8700 1 -- 172.21.15.12:0/3663251919 >> 172.21.15.12:0/3663251919 conn(0x7fd698100c90 msgr2=0x7fd698101a50 unknown :-1 s=STATE_NONE l=0).mark_down
2023-07-14T18:56:45.312 INFO:teuthology.orchestra.run.smithi012.stdout:/usr/bin/ceph: stderr
2023-07-14T18:56:44.902+0000 7fd69d9b8700 1 -- 172.21.15.12:0/3663251919 shutdown_connections
2023-07-14T18:56:45.312 INFO:teuthology.orchestra.run.smithi012.stdout:/usr/bin/ceph: stderr
2023-07-14T18:56:44.902+0000 7fd69d9b8700 1 -- 172.21.15.12:0/3663251919 wait complete.
2023-07-14T18:56:45.313 INFO:teuthology.orchestra.run.smithi012.stdout:mgr epoch 9 is available
2023-07-14T18:56:45.313 INFO:teuthology.orchestra.run.smithi012.stdout:Generating a dashboard self-signed certificate...
2023-07-14T18:56:46.284 INFO:journalctl@ceph.mon.a.smithi012.stdout:Jul 14 18:56:45 smithi012 ceph-mon[126352]: [14/Jul/2023:18:56:44] ENGINE Bus STARTING
2023-07-14T18:56:46.284 INFO:journalctl@ceph.mon.a.smithi012.stdout:Jul 14 18:56:45 smithi012 ceph-mon[126352]: [14/Jul/2023:18:56:44] ENGINE Serving on http://172.21.15.12:8765
2023-07-14T18:56:46.284 INFO:journalctl@ceph.mon.a.smithi012.stdout:Jul 14 18:56:45 smithi012 ceph-mon[126352]: from='client.14156 -' entity='client.admin' cmd=[{"prefix": "get_command_descriptions"}]: dispatch
2023-07-14T18:56:46.284 INFO:journalctl@ceph.mon.a.smithi012.stdout:Jul 14 18:56:45 smithi012 ceph-mon[126352]: from='client.14156 -' entity='client.admin' cmd=[{"prefix": "mgr_status"}]: dispatch
2023-07-14T18:56:46.285 INFO:journalctl@ceph.mon.a.smithi012.stdout:Jul 14 18:56:45 smithi012 ceph-mon[126352]: [14/Jul/2023:18:56:44] ENGINE Serving on https://172.21.15.12:7150
2023-07-14T18:56:46.285 INFO:journalctl@ceph.mon.a.smithi012.stdout:Jul 14 18:56:45 smithi012 ceph-mon[126352]: [14/Jul/2023:18:56:44] ENGINE Bus STARTED
2023-07-14T18:56:46.680 INFO:teuthology.orchestra.run.smithi012.stdout:/usr/bin/ceph: stdout Self-signed certificate created
2023-07-14T18:56:46.681 INFO:teuthology.orchestra.run.smithi012.stdout:/usr/bin/ceph: stderr
2023-07-14T18:56:45.826+0000 7f01a2947700 1 Processor -- start
2023-07-14T18:56:46.681 INFO:teuthology.orchestra.run.smithi012.stdout:/usr/bin/ceph: stderr
2023-07-14T18:56:45.826+0000 7f01a2947700 1 -- start start
2023-07-14T18:56:46.681 INFO:teuthology.orchestra.run.smithi012.stdout:/usr/bin/ceph: stderr
2023-07-14T18:56:45.826+0000 7f01a2947700 1 --2- >> [v2:172.21.15.12:3300/0,v1:172.21.15.12:6789/0] conn(0x7f019c079d10 0x7f019c10a370 unknown :-1 s=NONE pgs=0 cs=0 l=0 rev1=0 crypto rx=0 tx=0 comp rx=0 tx=0).connect
2023-07-14T18:56:46.681 INFO:teuthology.orchestra.run.smithi012.stdout:/usr/bin/ceph: stderr
2023-07-14T18:56:45.826+0000 7f01a2947700 1 -- --> [v2:172.21.15.12:3300/0,v1:172.21.15.12:6789/0] -- mon_getmap magic: 0 v1 -- 0x7f019c105d60 con 0x7f019c079d10
2023-07-14T18:56:46.681 INFO:teuthology.orchestra.run.smithi012.stdout:/usr/bin/ceph: stderr
2023-07-14T18:56:45.827+0000 7f019bfff700 1 --2- >> [v2:172.21.15.12:3300/0,v1:172.21.15.12:6789/0] conn(0x7f019c079d10 0x7f019c10a370 unknown :-1 s=BANNER_CONNECTING pgs=0 cs=0 l=0 rev1=0 crypto rx=0 tx=0 comp rx=0 tx=0)._handle_peer_banner_payload supported=3 required=0
2023-07-14T18:56:46.681 INFO:teuthology.orchestra.run.smithi012.stdout:/usr/bin/ceph: stderr
2023-07-14T18:56:45.827+0000 7f019bfff700 1 --2- >> [v2:172.21.15.12:3300/0,v1:172.21.15.12:6789/0] conn(0x7f019c079d10 0x7f019c10a370 unknown :-1 s=HELLO_CONNECTING pgs=0 cs=0 l=0 rev1=1 crypto rx=0 tx=0 comp rx=0 tx=0).handle_hello peer v2:172.21.15.12:3300/0 says I am v2:172.21.15.12:44044/0 (socket says 172.21.15.12:44044)
2023-07-14T18:56:46.682 INFO:teuthology.orchestra.run.smithi012.stdout:/usr/bin/ceph: stderr
2023-07-14T18:56:45.827+0000 7f019bfff700 1 -- 172.21.15.12:0/3851598991 learned_addr learned my addr 172.21.15.12:0/3851598991 (peer_addr_for_me v2:172.21.15.12:0/0)
2023-07-14T18:56:46.682 INFO:teuthology.orchestra.run.smithi012.stdout:/usr/bin/ceph: stderr
2023-07-14T18:56:45.828+0000 7f019bfff700 1 -- 172.21.15.12:0/3851598991 --> [v2:172.21.15.12:3300/0,v1:172.21.15.12:6789/0] -- mon_subscribe({config=0+,monmap=0+}) v3 -- 0x7f019c10a8b0 con 0x7f019c079d10
2023-07-14T18:56:46.682 INFO:teuthology.orchestra.run.smithi012.stdout:/usr/bin/ceph: stderr
2023-07-14T18:56:45.828+0000 7f019bfff700 1 --2- 172.21.15.12:0/3851598991 >> [v2:172.21.15.12:3300/0,v1:172.21.15.12:6789/0] conn(0x7f019c079d10 0x7f019c10a370 secure :-1 s=READY pgs=70 cs=0 l=1 rev1=1 crypto rx=0x7f018c0098a0 tx=0x7f018c009bb0 comp rx=0 tx=0).ready entity=mon.0 client_cookie=7eb08d0bf737b3aa server_cookie=0 in_seq=0 out_seq=0
2023-07-14T18:56:46.682 INFO:teuthology.orchestra.run.smithi012.stdout:/usr/bin/ceph: stderr
2023-07-14T18:56:45.828+0000 7f019affd700 1 -- 172.21.15.12:0/3851598991 <== mon.0 v2:172.21.15.12:3300/0 1 ==== mon_map magic: 0 v1 ==== 205+0+0 (secure 0 0 0) 0x7f018c004160 con 0x7f019c079d10
2023-07-14T18:56:46.682 INFO:teuthology.orchestra.run.smithi012.stdout:/usr/bin/ceph: stderr
