2023-07-14T18:56:10.657 INFO:teuthology.orchestra.run.smithi078.stdout:/usr/bin/ceph: stderr
2023-07-14T18:56:10.072+0000 7fd0bb445700 1 --2- >> [v2:172.21.15.78:3300/0,v1:172.21.15.78:6789/0] conn(0x7fd0b4105cc0 0x7fd0b41080a0 unknown :-1 s=NONE pgs=0 cs=0 l=0 rev1=0 crypto rx=0 tx=0 comp rx=0 tx=0).connect
2023-07-14T18:56:10.658 INFO:teuthology.orchestra.run.smithi078.stdout:/usr/bin/ceph: stderr
2023-07-14T18:56:10.072+0000 7fd0bb445700 1 -- --> [v2:172.21.15.78:3300/0,v1:172.21.15.78:6789/0] -- mon_getmap magic: 0 v1 -- 0x7fd0b4079d10 con 0x7fd0b4105cc0
2023-07-14T18:56:10.658 INFO:teuthology.orchestra.run.smithi078.stdout:/usr/bin/ceph: stderr
2023-07-14T18:56:10.072+0000 7fd0b91e1700 1 --2- >> [v2:172.21.15.78:3300/0,v1:172.21.15.78:6789/0] conn(0x7fd0b4105cc0 0x7fd0b41080a0 unknown :-1 s=BANNER_CONNECTING pgs=0 cs=0 l=0 rev1=0 crypto rx=0 tx=0 comp rx=0 tx=0)._handle_peer_banner_payload supported=3 required=0
2023-07-14T18:56:10.658 INFO:teuthology.orchestra.run.smithi078.stdout:/usr/bin/ceph: stderr
2023-07-14T18:56:10.072+0000 7fd0b91e1700 1 --2- >> [v2:172.21.15.78:3300/0,v1:172.21.15.78:6789/0] conn(0x7fd0b4105cc0 0x7fd0b41080a0 unknown :-1 s=HELLO_CONNECTING pgs=0 cs=0 l=0 rev1=1 crypto rx=0 tx=0 comp rx=0 tx=0).handle_hello peer v2:172.21.15.78:3300/0 says I am v2:172.21.15.78:33270/0 (socket says 172.21.15.78:33270)
2023-07-14T18:56:10.658 INFO:teuthology.orchestra.run.smithi078.stdout:/usr/bin/ceph: stderr
2023-07-14T18:56:10.072+0000 7fd0b91e1700 1 -- 172.21.15.78:0/392263252 learned_addr learned my addr 172.21.15.78:0/392263252 (peer_addr_for_me v2:172.21.15.78:0/0)
2023-07-14T18:56:10.658 INFO:teuthology.orchestra.run.smithi078.stdout:/usr/bin/ceph: stderr
2023-07-14T18:56:10.072+0000 7fd0b91e1700 1 -- 172.21.15.78:0/392263252 --> [v2:172.21.15.78:3300/0,v1:172.21.15.78:6789/0] -- mon_subscribe({config=0+,monmap=0+}) v3 -- 0x7fd0b4079e50 con 0x7fd0b4105cc0
2023-07-14T18:56:10.658 INFO:teuthology.orchestra.run.smithi078.stdout:/usr/bin/ceph: stderr
2023-07-14T18:56:10.072+0000 7fd0b91e1700 1 --2- 172.21.15.78:0/392263252 >> [v2:172.21.15.78:3300/0,v1:172.21.15.78:6789/0] conn(0x7fd0b4105cc0 0x7fd0b41080a0 secure :-1 s=READY pgs=37 cs=0 l=1 rev1=1 crypto rx=0x7fd0a40098a0 tx=0x7fd0a4009bb0 comp rx=0 tx=0).ready entity=mon.0 client_cookie=3b40b7d83ec9ae29 server_cookie=0 in_seq=0 out_seq=0
2023-07-14T18:56:10.658 INFO:teuthology.orchestra.run.smithi078.stdout:/usr/bin/ceph: stderr
2023-07-14T18:56:10.072+0000 7fd0abfff700 1 -- 172.21.15.78:0/392263252 <== mon.0 v2:172.21.15.78:3300/0 1 ==== mon_map magic: 0 v1 ==== 205+0+0 (secure 0 0 0) 0x7fd0a4004160 con 0x7fd0b4105cc0
2023-07-14T18:56:10.659 INFO:teuthology.orchestra.run.smithi078.stdout:/usr/bin/ceph: stderr
2023-07-14T18:56:10.073+0000 7fd0abfff700 1 -- 172.21.15.78:0/392263252 <== mon.0 v2:172.21.15.78:3300/0 2 ==== config(25 keys) v1 ==== 1036+0+0 (secure 0 0 0) 0x7fd0a40042c0 con 0x7fd0b4105cc0
2023-07-14T18:56:10.659 INFO:teuthology.orchestra.run.smithi078.stdout:/usr/bin/ceph: stderr
2023-07-14T18:56:10.073+0000 7fd0abfff700 1 -- 172.21.15.78:0/392263252 <== mon.0 v2:172.21.15.78:3300/0 3 ==== mon_map magic: 0 v1 ==== 205+0+0 (secure 0 0 0) 0x7fd0a4011940 con 0x7fd0b4105cc0
2023-07-14T18:56:10.659 INFO:teuthology.orchestra.run.smithi078.stdout:/usr/bin/ceph: stderr
2023-07-14T18:56:10.073+0000 7fd0bb445700 1 -- 172.21.15.78:0/392263252 >> [v2:172.21.15.78:3300/0,v1:172.21.15.78:6789/0] conn(0x7fd0b4105cc0 msgr2=0x7fd0b41080a0 secure :-1 s=STATE_CONNECTION_ESTABLISHED l=1).mark_down
2023-07-14T18:56:10.659 INFO:teuthology.orchestra.run.smithi078.stdout:/usr/bin/ceph: stderr
2023-07-14T18:56:10.073+0000 7fd0bb445700 1 --2- 172.21.15.78:0/392263252 >> [v2:172.21.15.78:3300/0,v1:172.21.15.78:6789/0] conn(0x7fd0b4105cc0 0x7fd0b41080a0 secure :-1 s=READY pgs=37 cs=0 l=1 rev1=1 crypto rx=0x7fd0a40098a0 tx=0x7fd0a4009bb0 comp rx=0 tx=0).stop
2023-07-14T18:56:10.659 INFO:teuthology.orchestra.run.smithi078.stdout:/usr/bin/ceph: stderr
2023-07-14T18:56:10.073+0000 7fd0bb445700 1 -- 172.21.15.78:0/392263252 shutdown_connections
2023-07-14T18:56:10.659 INFO:teuthology.orchestra.run.smithi078.stdout:/usr/bin/ceph: stderr
2023-07-14T18:56:10.073+0000 7fd0bb445700 1 --2- 172.21.15.78:0/392263252 >> [v2:172.21.15.78:3300/0,v1:172.21.15.78:6789/0] conn(0x7fd0b4105cc0 0x7fd0b41080a0 unknown :-1 s=CLOSED pgs=37 cs=0 l=1 rev1=1 crypto rx=0 tx=0 comp rx=0 tx=0).stop
2023-07-14T18:56:10.659 INFO:teuthology.orchestra.run.smithi078.stdout:/usr/bin/ceph: stderr
2023-07-14T18:56:10.073+0000 7fd0bb445700 1 -- 172.21.15.78:0/392263252 >> 172.21.15.78:0/392263252 conn(0x7fd0b40ff6e0 msgr2=0x7fd0b4101af0 unknown :-1 s=STATE_NONE l=0).mark_down
2023-07-14T18:56:10.659 INFO:teuthology.orchestra.run.smithi078.stdout:/usr/bin/ceph: stderr
2023-07-14T18:56:10.073+0000 7fd0bb445700 1 -- 172.21.15.78:0/392263252 shutdown_connections
2023-07-14T18:56:10.660 INFO:teuthology.orchestra.run.smithi078.stdout:/usr/bin/ceph: stderr
2023-07-14T18:56:10.073+0000 7fd0bb445700 1 -- 172.21.15.78:0/392263252 wait complete.
2023-07-14T18:56:10.660 INFO:teuthology.orchestra.run.smithi078.stdout:/usr/bin/ceph: stderr
2023-07-14T18:56:10.074+0000 7fd0bb445700 1 Processor -- start
2023-07-14T18:56:10.660 INFO:teuthology.orchestra.run.smithi078.stdout:/usr/bin/ceph: stderr
2023-07-14T18:56:10.074+0000 7fd0bb445700 1 -- start start
2023-07-14T18:56:10.660 INFO:teuthology.orchestra.run.smithi078.stdout:/usr/bin/ceph: stderr
2023-07-14T18:56:10.074+0000 7fd0bb445700 1 --2- >> [v2:172.21.15.78:3300/0,v1:172.21.15.78:6789/0] conn(0x7fd0b4105cc0 0x7fd0b4198c70 unknown :-1 s=NONE pgs=0 cs=0 l=1 rev1=0 crypto rx=0 tx=0 comp rx=0 tx=0).connect
2023-07-14T18:56:10.660 INFO:teuthology.orchestra.run.smithi078.stdout:/usr/bin/ceph: stderr
2023-07-14T18:56:10.074+0000 7fd0bb445700 1 -- --> [v2:172.21.15.78:3300/0,v1:172.21.15.78:6789/0] -- mon_getmap magic: 0 v1 -- 0x7fd0b41991b0 con 0x7fd0b4105cc0
2023-07-14T18:56:10.660 INFO:teuthology.orchestra.run.smithi078.stdout:/usr/bin/ceph: stderr
2023-07-14T18:56:10.074+0000 7fd0b91e1700 1 --2- >> [v2:172.21.15.78:3300/0,v1:172.21.15.78:6789/0] conn(0x7fd0b4105cc0 0x7fd0b4198c70 unknown :-1 s=BANNER_CONNECTING pgs=0 cs=0 l=1 rev1=0 crypto rx=0 tx=0 comp rx=0 tx=0)._handle_peer_banner_payload supported=3 required=0
2023-07-14T18:56:10.660 INFO:teuthology.orchestra.run.smithi078.stdout:/usr/bin/ceph: stderr
2023-07-14T18:56:10.075+0000 7fd0b91e1700 1 --2- >> [v2:172.21.15.78:3300/0,v1:172.21.15.78:6789/0] conn(0x7fd0b4105cc0 0x7fd0b4198c70 unknown :-1 s=HELLO_CONNECTING pgs=0 cs=0 l=1 rev1=1 crypto rx=0 tx=0 comp rx=0 tx=0).handle_hello peer v2:172.21.15.78:3300/0 says I am v2:172.21.15.78:33272/0 (socket says 172.21.15.78:33272)
2023-07-14T18:56:10.661 INFO:teuthology.orchestra.run.smithi078.stdout:/usr/bin/ceph: stderr
2023-07-14T18:56:10.075+0000 7fd0b91e1700 1 -- 172.21.15.78:0/668830408 learned_addr learned my addr 172.21.15.78:0/668830408 (peer_addr_for_me v2:172.21.15.78:0/0)
2023-07-14T18:56:10.661 INFO:teuthology.orchestra.run.smithi078.stdout:/usr/bin/ceph: stderr
2023-07-14T18:56:10.075+0000 7fd0b91e1700 1 -- 172.21.15.78:0/668830408 --> [v2:172.21.15.78:3300/0,v1:172.21.15.78:6789/0] -- mon_subscribe({config=0+,monmap=0+}) v3 -- 0x7fd0a4009550 con 0x7fd0b4105cc0
2023-07-14T18:56:10.661 INFO:teuthology.orchestra.run.smithi078.stdout:/usr/bin/ceph: stderr
2023-07-14T18:56:10.075+0000 7fd0b91e1700 1 --2- 172.21.15.78:0/668830408 >> [v2:172.21.15.78:3300/0,v1:172.21.15.78:6789/0] conn(0x7fd0b4105cc0 0x7fd0b4198c70 secure :-1 s=READY pgs=38 cs=0 l=1 rev1=1 crypto rx=0x7fd0a4000c00 tx=0x7fd0a4011e70 comp rx=0 tx=0).ready entity=mon.0 client_cookie=0 server_cookie=0 in_seq=0 out_seq=0
2023-07-14T18:56:10.661 INFO:teuthology.orchestra.run.smithi078.stdout:/usr/bin/ceph: stderr
2023-07-14T18:56:10.075+0000 7fd0aa7fc700 1 -- 172.21.15.78:0/668830408 <== mon.0 v2:172.21.15.78:3300/0 1 ==== mon_map magic: 0 v1 ==== 205+0+0 (secure 0 0 0) 0x7fd0a40036a0 con 0x7fd0b4105cc0
2023-07-14T18:56:10.661 INFO:teuthology.orchestra.run.smithi078.stdout:/usr/bin/ceph: stderr
2023-07-14T18:56:10.075+0000 7fd0aa7fc700 1 -- 172.21.15.78:0/668830408 <== mon.0 v2:172.21.15.78:3300/0 2 ==== config(25 keys) v1 ==== 1036+0+0 (secure 0 0 0) 0x7fd0a401b440 con 0x7fd0b4105cc0
2023-07-14T18:56:10.661 INFO:teuthology.orchestra.run.smithi078.stdout:/usr/bin/ceph: stderr
2023-07-14T18:56:10.075+0000 7fd0bb445700 1 -- 172.21.15.78:0/668830408 --> [v2:172.21.15.78:3300/0,v1:172.21.15.78:6789/0] -- mon_subscribe({mgrmap=0+}) v3 -- 0x7fd0b41993b0 con 0x7fd0b4105cc0
2023-07-14T18:56:10.661 INFO:teuthology.orchestra.run.smithi078.stdout:/usr/bin/ceph: stderr
2023-07-14T18:56:10.075+0000 7fd0aa7fc700 1 -- 172.21.15.78:0/668830408 <== mon.0 v2:172.21.15.78:3300/0 3 ==== mon_map magic: 0 v1 ==== 205+0+0 (secure 0 0 0) 0x7fd0a40193f0 con 0x7fd0b4105cc0
2023-07-14T18:56:10.661 INFO:teuthology.orchestra.run.smithi078.stdout:/usr/bin/ceph: stderr
2023-07-14T18:56:10.075+0000 7fd0bb445700 1 -- 172.21.15.78:0/668830408 --> [v2:172.21.15.78:3300/0,v1:172.21.15.78:6789/0] -- mon_subscribe({osdmap=0}) v3 -- 0x7fd0b4199830 con 0x7fd0b4105cc0
2023-07-14T18:56:10.662 INFO:teuthology.orchestra.run.smithi078.stdout:/usr/bin/ceph: stderr
2023-07-14T18:56:10.076+0000 7fd0aa7fc700 1 -- 172.21.15.78:0/668830408 <== mon.0 v2:172.21.15.78:3300/0 4 ==== mgrmap(e 7) v1 ==== 45377+0+0 (secure 0 0 0) 0x7fd0a4019620 con 0x7fd0b4105cc0
2023-07-14T18:56:10.662 INFO:teuthology.orchestra.run.smithi078.stdout:/usr/bin/ceph: stderr
2023-07-14T18:56:10.076+0000 7fd0bb445700 1 -- 172.21.15.78:0/668830408 --> [v2:172.21.15.78:3300/0,v1:172.21.15.78:6789/0] -- mon_command({"prefix": "get_command_descriptions"} v 0) v1 -- 0x7fd0b4109180 con 0x7fd0b4105cc0
2023-07-14T18:56:10.662 INFO:teuthology.orchestra.run.smithi078.stdout:/usr/bin/ceph: stderr
2023-07-14T18:56:10.076+0000 7fd0aa7fc700 1 --2- 172.21.15.78:0/668830408 >> [v2:172.21.15.78:6800/378103227,v1:172.21.15.78:6801/378103227] conn(0x7fd0a0038740 0x7fd0a003abf0 unknown :-1 s=NONE pgs=0 cs=0 l=1 rev1=0 crypto rx=0 tx=0 comp rx=0 tx=0).connect
2023-07-14T18:56:10.662 INFO:teuthology.orchestra.run.smithi078.stdout:/usr/bin/ceph: stderr
2023-07-14T18:56:10.076+0000 7fd0aa7fc700 1 -- 172.21.15.78:0/668830408 <== mon.0 v2:172.21.15.78:3300/0 5 ==== osd_map(2..2 src has 1..2) v4 ==== 940+0+0 (secure 0 0 0) 0x7fd0a404c690 con 0x7fd0b4105cc0
2023-07-14T18:56:10.662 INFO:teuthology.orchestra.run.smithi078.stdout:/usr/bin/ceph: stderr
2023-07-14T18:56:10.076+0000 7fd0b89e0700 1 --2- 172.21.15.78:0/668830408 >> [v2:172.21.15.78:6800/378103227,v1:172.21.15.78:6801/378103227] conn(0x7fd0a0038740 0x7fd0a003abf0 unknown :-1 s=BANNER_CONNECTING pgs=0 cs=0 l=1 rev1=0 crypto rx=0 tx=0 comp rx=0 tx=0)._handle_peer_banner_payload supported=3 required=0
2023-07-14T18:56:10.662 INFO:teuthology.orchestra.run.smithi078.stdout:/usr/bin/ceph: stderr
2023-07-14T18:56:10.077+0000 7fd0b89e0700 1 --2- 172.21.15.78:0/668830408 >> [v2:172.21.15.78:6800/378103227,v1:172.21.15.78:6801/378103227] conn(0x7fd0a0038740 0x7fd0a003abf0 secure :-1 s=READY pgs=7 cs=0 l=1 rev1=1 crypto rx=0x7fd0b0006fd0 tx=0x7fd0b0006e40 comp rx=0 tx=0).ready entity=mgr.14120 client_cookie=0 server_cookie=0 in_seq=0 out_seq=0
2023-07-14T18:56:10.662 INFO:teuthology.orchestra.run.smithi078.stdout:/usr/bin/ceph: stderr
2023-07-14T18:56:10.081+0000 7fd0aa7fc700 1 -- 172.21.15.78:0/668830408 <== mon.0 v2:172.21.15.78:3300/0 6 ==== mon_command_ack([{"prefix": "get_command_descriptions"}]=0 v0) v1 ==== 72+0+178025 (secure 0 0 0) 0x7fd0a4022720 con 0x7fd0b4105cc0
2023-07-14T18:56:10.662 INFO:teuthology.orchestra.run.smithi078.stdout:/usr/bin/ceph: stderr
2023-07-14T18:56:10.244+0000 7fd0aa7fc700 1 -- 172.21.15.78:0/668830408 <== mon.0 v2:172.21.15.78:3300/0 7 ==== mgrmap(e 8) v1 ==== 45483+0+0 (secure 0 0 0) 0x7fd0a401b640 con 0x7fd0b4105cc0
2023-07-14T18:56:10.663 INFO:teuthology.orchestra.run.smithi078.stdout:/usr/bin/ceph: stderr
2023-07-14T18:56:10.279+0000 7fd0bb445700 1 -- 172.21.15.78:0/668830408 --> [v2:172.21.15.78:6800/378103227,v1:172.21.15.78:6801/378103227] -- mgr_command(tid 0: {"prefix": "orch set backend", "module_name": "cephadm", "target": ["mon-mgr", ""]}) v1 -- 0x7fd0b4100a20 con 0x7fd0a0038740
2023-07-14T18:56:10.663 INFO:teuthology.orchestra.run.smithi078.stdout:/usr/bin/ceph: stderr
2023-07-14T18:56:10.285+0000 7fd0aa7fc700 1 -- 172.21.15.78:0/668830408 <== mgr.14120 v2:172.21.15.78:6800/378103227 1 ==== mgr_command_reply(tid 0: 0 ) v1 ==== 8+0+0 (secure 0 0 0) 0x7fd0b4100a20 con 0x7fd0a0038740
2023-07-14T18:56:10.663 INFO:teuthology.orchestra.run.smithi078.stdout:/usr/bin/ceph: stderr
2023-07-14T18:56:10.287+0000 7fd0bb445700 1 -- 172.21.15.78:0/668830408 >> [v2:172.21.15.78:6800/378103227,v1:172.21.15.78:6801/378103227] conn(0x7fd0a0038740 msgr2=0x7fd0a003abf0 secure :-1 s=STATE_CONNECTION_ESTABLISHED l=1).mark_down
2023-07-14T18:56:10.663 INFO:teuthology.orchestra.run.smithi078.stdout:/usr/bin/ceph: stderr
2023-07-14T18:56:10.287+0000 7fd0bb445700 1 --2- 172.21.15.78:0/668830408 >> [v2:172.21.15.78:6800/378103227,v1:172.21.15.78:6801/378103227] conn(0x7fd0a0038740 0x7fd0a003abf0 secure :-1 s=READY pgs=7 cs=0 l=1 rev1=1 crypto rx=0x7fd0b0006fd0 tx=0x7fd0b0006e40 comp rx=0 tx=0).stop
2023-07-14T18:56:10.663 INFO:teuthology.orchestra.run.smithi078.stdout:/usr/bin/ceph: stderr
2023-07-14T18:56:10.287+0000 7fd0bb445700 1 -- 172.21.15.78:0/668830408 >> [v2:172.21.15.78:3300/0,v1:172.21.15.78:6789/0] conn(0x7fd0b4105cc0 msgr2=0x7fd0b4198c70 secure :-1 s=STATE_CONNECTION_ESTABLISHED l=1).mark_down
2023-07-14T18:56:10.663 INFO:teuthology.orchestra.run.smithi078.stdout:/usr/bin/ceph: stderr
2023-07-14T18:56:10.287+0000 7fd0bb445700 1 --2- 172.21.15.78:0/668830408 >> [v2:172.21.15.78:3300/0,v1:172.21.15.78:6789/0] conn(0x7fd0b4105cc0 0x7fd0b4198c70 secure :-1 s=READY pgs=38 cs=0 l=1 rev1=1 crypto rx=0x7fd0a4000c00 tx=0x7fd0a4011e70 comp rx=0 tx=0).stop
2023-07-14T18:56:10.663 INFO:teuthology.orchestra.run.smithi078.stdout:/usr/bin/ceph: stderr
2023-07-14T18:56:10.287+0000 7fd0bb445700 1 -- 172.21.15.78:0/668830408 shutdown_connections
2023-07-14T18:56:10.664 INFO:teuthology.orchestra.run.smithi078.stdout:/usr/bin/ceph: stderr
2023-07-14T18:56:10.287+0000 7fd0bb445700 1 --2- 172.21.15.78:0/668830408 >> [v2:172.21.15.78:6800/378103227,v1:172.21.15.78:6801/378103227] conn(0x7fd0a0038740 0x7fd0a003abf0 unknown :-1 s=CLOSED pgs=7 cs=0 l=1 rev1=1 crypto rx=0 tx=0 comp rx=0 tx=0).stop
2023-07-14T18:56:10.664 INFO:teuthology.orchestra.run.smithi078.stdout:/usr/bin/ceph: stderr
2023-07-14T18:56:10.287+0000 7fd0bb445700 1 --2- 172.21.15.78:0/668830408 >> [v2:172.21.15.78:3300/0,v1:172.21.15.78:6789/0] conn(0x7fd0b4105cc0 0x7fd0b4198c70 unknown :-1 s=CLOSED pgs=38 cs=0 l=1 rev1=1 crypto rx=0 tx=0 comp rx=0 tx=0).stop
2023-07-14T18:56:10.664 INFO:teuthology.orchestra.run.smithi078.stdout:/usr/bin/ceph: stderr
2023-07-14T18:56:10.287+0000 7fd0bb445700 1 -- 172.21.15.78:0/668830408 >> 172.21.15.78:0/668830408 conn(0x7fd0b40ff6e0 msgr2=0x7fd0b4100310 unknown :-1 s=STATE_NONE l=0).mark_down
2023-07-14T18:56:10.664 INFO:teuthology.orchestra.run.smithi078.stdout:/usr/bin/ceph: stderr
2023-07-14T18:56:10.287+0000 7fd0bb445700 1 -- 172.21.15.78:0/668830408 shutdown_connections
2023-07-14T18:56:10.664 INFO:teuthology.orchestra.run.smithi078.stdout:/usr/bin/ceph: stderr
2023-07-14T18:56:10.288+0000 7fd0bb445700 1 -- 172.21.15.78:0/668830408 wait complete.
2023-07-14T18:56:11.515 INFO:journalctl@ceph.mon.a.smithi078.stdout:Jul 14 18:56:11 smithi078 ceph-mon[127425]: mgrmap e8: x(active, since 2s)
2023-07-14T18:56:11.515 INFO:journalctl@ceph.mon.a.smithi078.stdout:Jul 14 18:56:11 smithi078 ceph-mon[127425]: from='client.14132 -' entity='client.admin' cmd=[{"prefix": "orch set backend", "module_name": "cephadm", "target": ["mon-mgr", ""]}]: dispatch
2023-07-14T18:56:11.515 INFO:journalctl@ceph.mon.a.smithi078.stdout:Jul 14 18:56:11 smithi078 ceph-mon[127425]: from='mgr.14120 172.21.15.78:0/2124955082' entity='mgr.x'
2023-07-14T18:56:11.515 INFO:journalctl@ceph.mon.a.smithi078.stdout:Jul 14 18:56:11 smithi078 ceph-mon[127425]: from='mgr.14120 172.21.15.78:0/2124955082' entity='mgr.x' cmd=[{"prefix": "config dump", "format": "json"}]: dispatch
2023-07-14T18:56:11.699 INFO:teuthology.orchestra.run.smithi078.stdout:/usr/bin/ceph: stdout value unchanged
2023-07-14T18:56:11.699 INFO:teuthology.orchestra.run.smithi078.stdout:/usr/bin/ceph: stderr
2023-07-14T18:56:11.170+0000 7f5883fd3700 1 Processor -- start
2023-07-14T18:56:11.700 INFO:teuthology.orchestra.run.smithi078.stdout:/usr/bin/ceph: stderr
2023-07-14T18:56:11.170+0000 7f5883fd3700 1 -- start start
2023-07-14T18:56:11.700 INFO:teuthology.orchestra.run.smithi078.stdout:/usr/bin/ceph: stderr
2023-07-14T18:56:11.170+0000 7f5883fd3700 1 --2- >> [v2:172.21.15.78:3300/0,v1:172.21.15.78:6789/0] conn(0x7f587c079cd0 0x7f587c10a120 unknown :-1 s=NONE pgs=0 cs=0 l=0 rev1=0 crypto rx=0 tx=0 comp rx=0 tx=0).connect
2023-07-14T18:56:11.700 INFO:teuthology.orchestra.run.smithi078.stdout:/usr/bin/ceph: stderr
2023-07-14T18:56:11.170+0000 7f5883fd3700 1 -- --> [v2:172.21.15.78:3300/0,v1:172.21.15.78:6789/0] -- mon_getmap magic: 0 v1 -- 0x7f587c105b10 con 0x7f587c079cd0
2023-07-14T18:56:11.700 INFO:teuthology.orchestra.run.smithi078.stdout:/usr/bin/ceph: stderr
2023-07-14T18:56:11.171+0000 7f5881d6f700 1 --2- >> [v2:172.21.15.78:3300/0,v1:172.21.15.78:6789/0] conn(0x7f587c079cd0 0x7f587c10a120 unknown :-1 s=BANNER_CONNECTING pgs=0 cs=0 l=0 rev1=0 crypto rx=0 tx=0 comp rx=0 tx=0)._handle_peer_banner_payload supported=3 required=0
2023-07-14T18:56:11.700 INFO:teuthology.orchestra.run.smithi078.stdout:/usr/bin/ceph: stderr
2023-07-14T18:56:11.171+0000 7f5881d6f700 1 --2- >> [v2:172.21.15.78:3300/0,v1:172.21.15.78:6789/0] conn(0x7f587c079cd0 0x7f587c10a120 unknown :-1 s=HELLO_CONNECTING pgs=0 cs=0 l=0 rev1=1 crypto rx=0 tx=0 comp rx=0 tx=0).handle_hello peer v2:172.21.15.78:3300/0 says I am v2:172.21.15.78:33276/0 (socket says 172.21.15.78:33276)
2023-07-14T18:56:11.700 INFO:teuthology.orchestra.run.smithi078.stdout:/usr/bin/ceph: stderr
2023-07-14T18:56:11.171+0000 7f5881d6f700 1 -- 172.21.15.78:0/2633574248 learned_addr learned my addr 172.21.15.78:0/2633574248 (peer_addr_for_me v2:172.21.15.78:0/0)
2023-07-14T18:56:11.700 INFO:teuthology.orchestra.run.smithi078.stdout:/usr/bin/ceph: stderr
2023-07-14T18:56:11.171+0000 7f5881d6f700 1 -- 172.21.15.78:0/2633574248 --> [v2:172.21.15.78:3300/0,v1:172.21.15.78:6789/0] -- mon_subscribe({config=0+,monmap=0+}) v3 -- 0x7f587c10a660 con 0x7f587c079cd0
2023-07-14T18:56:11.701 INFO:teuthology.orchestra.run.smithi078.stdout:/usr/bin/ceph: stderr
2023-07-14T18:56:11.171+0000 7f5881d6f700 1 --2- 172.21.15.78:0/2633574248 >> [v2:172.21.15.78:3300/0,v1:172.21.15.78:6789/0] conn(0x7f587c079cd0 0x7f587c10a120 secure :-1 s=READY pgs=39 cs=0 l=1 rev1=1 crypto rx=0x7f586c0098a0 tx=0x7f586c009bb0 comp rx=0 tx=0).ready entity=mon.0 client_cookie=c6441087242537e2 server_cookie=0 in_seq=0 out_seq=0
2023-07-14T18:56:11.701 INFO:teuthology.orchestra.run.smithi078.stdout:/usr/bin/ceph: stderr
2023-07-14T18:56:11.171+0000 7f5880d6d700 1 -- 172.21.15.78:0/2633574248 <== mon.0 v2:172.21.15.78:3300/0 1 ==== mon_map magic: 0 v1 ==== 205+0+0 (secure 0 0 0) 0x7f586c004160 con 0x7f587c079cd0
2023-07-14T18:56:11.701 INFO:teuthology.orchestra.run.smithi078.stdout:/usr/bin/ceph: stderr
2023-07-14T18:56:11.171+0000 7f5880d6d700 1 -- 172.21.15.78:0/2633574248 <== mon.0 v2:172.21.15.78:3300/0 2 ==== config(25 keys) v1 ==== 1036+0+0 (secure 0 0 0) 0x7f586c0042c0 con 0x7f587c079cd0
2023-07-14T18:56:11.701 INFO:teuthology.orchestra.run.smithi078.stdout:/usr/bin/ceph: stderr
2023-07-14T18:56:11.171+0000 7f5880d6d700 1 -- 172.21.15.78:0/2633574248 <== mon.0 v2:172.21.15.78:3300/0 3 ==== mon_map magic: 0 v1 ==== 205+0+0 (secure 0 0 0) 0x7f586c011940 con 0x7f587c079cd0
2023-07-14T18:56:11.701 INFO:teuthology.orchestra.run.smithi078.stdout:/usr/bin/ceph: stderr
2023-07-14T18:56:11.172+0000 7f5883fd3700 1 -- 172.21.15.78:0/2633574248 >> [v2:172.21.15.78:3300/0,v1:172.21.15.78:6789/0] conn(0x7f587c079cd0 msgr2=0x7f587c10a120 secure :-1 s=STATE_CONNECTION_ESTABLISHED l=1).mark_down
2023-07-14T18:56:11.701 INFO:teuthology.orchestra.run.smithi078.stdout:/usr/bin/ceph: stderr
2023-07-14T18:56:11.172+0000 7f5883fd3700 1 --2- 172.21.15.78:0/2633574248 >> [v2:172.21.15.78:3300/0,v1:172.21.15.78:6789/0] conn(0x7f587c079cd0 0x7f587c10a120 secure :-1 s=READY pgs=39 cs=0 l=1 rev1=1 crypto rx=0x7f586c0098a0 tx=0x7f586c009bb0 comp rx=0 tx=0).stop
2023-07-14T18:56:11.701 INFO:teuthology.orchestra.run.smithi078.stdout:/usr/bin/ceph: stderr
2023-07-14T18:56:11.172+0000 7f5883fd3700 1 -- 172.21.15.78:0/2633574248 shutdown_connections
2023-07-14T18:56:11.702 INFO:teuthology.orchestra.run.smithi078.stdout:/usr/bin/ceph: stderr
2023-07-14T18:56:11.172+0000 7f5883fd3700 1 --2- 172.21.15.78:0/2633574248 >> [v2:172.21.15.78:3300/0,v1:172.21.15.78:6789/0] conn(0x7f587c079cd0 0x7f587c10a120 unknown :-1 s=CLOSED pgs=39 cs=0 l=1 rev1=1 crypto rx=0 tx=0 comp rx=0 tx=0).stop
2023-07-14T18:56:11.702 INFO:teuthology.orchestra.run.smithi078.stdout:/usr/bin/ceph: stderr
2023-07-14T18:56:11.172+0000 7f5883fd3700 1 -- 172.21.15.78:0/2633574248 >> 172.21.15.78:0/2633574248 conn(0x7f587c0ff710 msgr2=0x7f587c101b20 unknown :-1 s=STATE_NONE l=0).mark_down
2023-07-14T18:56:11.702 INFO:teuthology.orchestra.run.smithi078.stdout:/usr/bin/ceph: stderr
2023-07-14T18:56:11.172+0000 7f5883fd3700 1 -- 172.21.15.78:0/2633574248 shutdown_connections
2023-07-14T18:56:11.702 INFO:teuthology.orchestra.run.smithi078.stdout:/usr/bin/ceph: stderr
2023-07-14T18:56:11.172+0000 7f5883fd3700 1 -- 172.21.15.78:0/2633574248 wait complete.
2023-07-14T18:56:11.702 INFO:teuthology.orchestra.run.smithi078.stdout:/usr/bin/ceph: stderr
2023-07-14T18:56:11.173+0000 7f5883fd3700 1 Processor -- start
2023-07-14T18:56:11.702 INFO:teuthology.orchestra.run.smithi078.stdout:/usr/bin/ceph: stderr
2023-07-14T18:56:11.173+0000 7f5883fd3700 1 -- start start
2023-07-14T18:56:11.703 INFO:teuthology.orchestra.run.smithi078.stdout:/usr/bin/ceph: stderr
2023-07-14T18:56:11.173+0000 7f5883fd3700 1 --2- >> [v2:172.21.15.78:3300/0,v1:172.21.15.78:6789/0] conn(0x7f587c19b160 0x7f587c19b570 unknown :-1 s=NONE pgs=0 cs=0 l=1 rev1=0 crypto rx=0 tx=0 comp rx=0 tx=0).connect
2023-07-14T18:56:11.703 INFO:teuthology.orchestra.run.smithi078.stdout:/usr/bin/ceph: stderr
2023-07-14T18:56:11.173+0000 7f5883fd3700 1 -- --> [v2:172.21.15.78:3300/0,v1:172.21.15.78:6789/0] -- mon_getmap magic: 0 v1 -- 0x7f587c19bab0 con 0x7f587c19b160
2023-07-14T18:56:11.703 INFO:teuthology.orchestra.run.smithi078.stdout:/usr/bin/ceph: stderr
2023-07-14T18:56:11.173+0000 7f5881d6f700 1 --2- >> [v2:172.21.15.78:3300/0,v1:172.21.15.78:6789/0] conn(0x7f587c19b160 0x7f587c19b570 unknown :-1 s=BANNER_CONNECTING pgs=0 cs=0 l=1 rev1=0 crypto rx=0 tx=0 comp rx=0 tx=0)._handle_peer_banner_payload supported=3 required=0
2023-07-14T18:56:11.703 INFO:teuthology.orchestra.run.smithi078.stdout:/usr/bin/ceph: stderr
2023-07-14T18:56:11.173+0000 7f5881d6f700 1 --2- >> [v2:172.21.15.78:3300/0,v1:172.21.15.78:6789/0] conn(0x7f587c19b160 0x7f587c19b570 unknown :-1 s=HELLO_CONNECTING pgs=0 cs=0 l=1 rev1=1 crypto rx=0 tx=0 comp rx=0 tx=0).handle_hello peer v2:172.21.15.78:3300/0 says I am v2:172.21.15.78:33278/0 (socket says 172.21.15.78:33278)
2023-07-14T18:56:11.703 INFO:teuthology.orchestra.run.smithi078.stdout:/usr/bin/ceph: stderr
2023-07-14T18:56:11.173+0000 7f5881d6f700 1 -- 172.21.15.78:0/4118371935 learned_addr learned my addr 172.21.15.78:0/4118371935 (peer_addr_for_me v2:172.21.15.78:0/0)
2023-07-14T18:56:11.703 INFO:teuthology.orchestra.run.smithi078.stdout:/usr/bin/ceph: stderr
2023-07-14T18:56:11.173+0000 7f5881d6f700 1 -- 172.21.15.78:0/4118371935 --> [v2:172.21.15.78:3300/0,v1:172.21.15.78:6789/0] -- mon_subscribe({config=0+,monmap=0+}) v3 -- 0x7f586c009550 con 0x7f587c19b160
2023-07-14T18:56:11.703 INFO:teuthology.orchestra.run.smithi078.stdout:/usr/bin/ceph: stderr
2023-07-14T18:56:11.173+0000 7f5881d6f700 1 --2- 172.21.15.78:0/4118371935 >> [v2:172.21.15.78:3300/0,v1:172.21.15.78:6789/0] conn(0x7f587c19b160 0x7f587c19b570 secure :-1 s=READY pgs=40 cs=0 l=1 rev1=1 crypto rx=0x7f586c000c00 tx=0x7f586c003a40 comp rx=0 tx=0).ready entity=mon.0 client_cookie=0 server_cookie=0 in_seq=0 out_seq=0
2023-07-14T18:56:11.703 INFO:teuthology.orchestra.run.smithi078.stdout:/usr/bin/ceph: stderr
2023-07-14T18:56:11.174+0000 7f5872ffd700 1 -- 172.21.15.78:0/4118371935 <== mon.0 v2:172.21.15.78:3300/0 1 ==== mon_map magic: 0 v1 ==== 205+0+0 (secure 0 0 0) 0x7f586c0118f0 con 0x7f587c19b160
2023-07-14T18:56:11.704 INFO:teuthology.orchestra.run.smithi078.stdout:/usr/bin/ceph: stderr
2023-07-14T18:56:11.174+0000 7f5872ffd700 1 -- 172.21.15.78:0/4118371935 <== mon.0 v2:172.21.15.78:3300/0 2 ==== config(25 keys) v1 ==== 1036+0+0 (secure 0 0 0) 0x7f586c01b470 con 0x7f587c19b160
2023-07-14T18:56:11.704 INFO:teuthology.orchestra.run.smithi078.stdout:/usr/bin/ceph: stderr
2023-07-14T18:56:11.174+0000 7f5883fd3700 1 -- 172.21.15.78:0/4118371935 --> [v2:172.21.15.78:3300/0,v1:172.21.15.78:6789/0] -- mon_subscribe({mgrmap=0+}) v3 -- 0x7f587c19bcb0 con 0x7f587c19b160
2023-07-14T18:56:11.704 INFO:teuthology.orchestra.run.smithi078.stdout:/usr/bin/ceph: stderr
2023-07-14T18:56:11.174+0000 7f5872ffd700 1 -- 172.21.15.78:0/4118371935 <== mon.0 v2:172.21.15.78:3300/0 3 ==== mon_map magic: 0 v1 ==== 205+0+0 (secure 0 0 0) 0x7f586c01c450 con 0x7f587c19b160
2023-07-14T18:56:11.704 INFO:teuthology.orchestra.run.smithi078.stdout:/usr/bin/ceph: stderr
2023-07-14T18:56:11.174+0000 7f5883fd3700 1 -- 172.21.15.78:0/4118371935 --> [v2:172.21.15.78:3300/0,v1:172.21.15.78:6789/0] -- mon_subscribe({osdmap=0}) v3 -- 0x7f587c19e910 con 0x7f587c19b160
2023-07-14T18:56:11.704 INFO:teuthology.orchestra.run.smithi078.stdout:/usr/bin/ceph: stderr
2023-07-14T18:56:11.174+0000 7f5872ffd700 1 -- 172.21.15.78:0/4118371935 <== mon.0 v2:172.21.15.78:3300/0 4 ==== mgrmap(e 8) v1 ==== 45483+0+0 (secure 0 0 0) 0x7f586c022070 con 0x7f587c19b160
2023-07-14T18:56:11.704 INFO:teuthology.orchestra.run.smithi078.stdout:/usr/bin/ceph: stderr
2023-07-14T18:56:11.175+0000 7f5872ffd700 1 --2- 172.21.15.78:0/4118371935 >> [v2:172.21.15.78:6800/378103227,v1:172.21.15.78:6801/378103227] conn(0x7f5868038820 0x7f586803acd0 unknown :-1 s=NONE pgs=0 cs=0 l=1 rev1=0 crypto rx=0 tx=0 comp rx=0 tx=0).connect
2023-07-14T18:56:11.704 INFO:teuthology.orchestra.run.smithi078.stdout:/usr/bin/ceph: stderr
2023-07-14T18:56:11.175+0000 7f5872ffd700 1 -- 172.21.15.78:0/4118371935 <== mon.0 v2:172.21.15.78:3300/0 5 ==== osd_map(2..2 src has 1..2) v4 ==== 940+0+0 (secure 0 0 0) 0x7f586c04c700 con 0x7f587c19b160
2023-07-14T18:56:11.705 INFO:teuthology.orchestra.run.smithi078.stdout:/usr/bin/ceph: stderr
2023-07-14T18:56:11.175+0000 7f5883fd3700 1 -- 172.21.15.78:0/4118371935 --> [v2:172.21.15.78:3300/0,v1:172.21.15.78:6789/0] -- mon_command({"prefix": "get_command_descriptions"} v 0) v1 -- 0x7f587c061c70 con 0x7f587c19b160
2023-07-14T18:56:11.705 INFO:teuthology.orchestra.run.smithi078.stdout:/usr/bin/ceph: stderr
2023-07-14T18:56:11.175+0000 7f588156e700 1 --2- 172.21.15.78:0/4118371935 >> [v2:172.21.15.78:6800/378103227,v1:172.21.15.78:6801/378103227] conn(0x7f5868038820 0x7f586803acd0 unknown :-1 s=BANNER_CONNECTING pgs=0 cs=0 l=1 rev1=0 crypto rx=0 tx=0 comp rx=0 tx=0)._handle_peer_banner_payload supported=3 required=0
2023-07-14T18:56:11.705 INFO:teuthology.orchestra.run.smithi078.stdout:/usr/bin/ceph: stderr
2023-07-14T18:56:11.175+0000 7f588156e700 1 --2- 172.21.15.78:0/4118371935 >> [v2:172.21.15.78:6800/378103227,v1:172.21.15.78:6801/378103227] conn(0x7f5868038820 0x7f586803acd0 secure :-1 s=READY pgs=8 cs=0 l=1 rev1=1 crypto rx=0x7f5878006fd0 tx=0x7f5878006e40 comp rx=0 tx=0).ready entity=mgr.14120 client_cookie=0 server_cookie=0 in_seq=0 out_seq=0
2023-07-14T18:56:11.705 INFO:teuthology.orchestra.run.smithi078.stdout:/usr/bin/ceph: stderr
2023-07-14T18:56:11.180+0000 7f5872ffd700 1 -- 172.21.15.78:0/4118371935 <== mon.0 v2:172.21.15.78:3300/0 6 ==== mon_command_ack([{"prefix": "get_command_descriptions"}]=0 v0) v1 ==== 72+0+178025 (secure 0 0 0) 0x7f586c01c5b0 con 0x7f587c19b160
2023-07-14T18:56:11.705 INFO:teuthology.orchestra.run.smithi078.stdout:/usr/bin/ceph: stderr
2023-07-14T18:56:11.365+0000 7f5883fd3700 1 -- 172.21.15.78:0/4118371935 --> [v2:172.21.15.78:6800/378103227,v1:172.21.15.78:6801/378103227] -- mgr_command(tid 0: {"prefix": "cephadm set-user", "user": "root", "target": ["mon-mgr", ""]}) v1 -- 0x7f587c101a20 con 0x7f5868038820
2023-07-14T18:56:11.705 INFO:teuthology.orchestra.run.smithi078.stdout:/usr/bin/ceph: stderr
2023-07-14T18:56:11.366+0000 7f5872ffd700 1 -- 172.21.15.78:0/4118371935 <== mgr.14120 v2:172.21.15.78:6800/378103227 1 ==== mgr_command_reply(tid 0: 0 ) v1 ==== 8+0+16 (secure 0 0 0) 0x7f587c101a20 con 0x7f5868038820
2023-07-14T18:56:11.705 INFO:teuthology.orchestra.run.smithi078.stdout:/usr/bin/ceph: stderr
2023-07-14T18:56:11.368+0000 7f5883fd3700 1 -- 172.21.15.78:0/4118371935 >> [v2:172.21.15.78:6800/378103227,v1:172.21.15.78:6801/378103227] conn(0x7f5868038820 msgr2=0x7f586803acd0 secure :-1 s=STATE_CONNECTION_ESTABLISHED l=1).mark_down
2023-07-14T18:56:11.705 INFO:teuthology.orchestra.run.smithi078.stdout:/usr/bin/ceph: stderr
2023-07-14T18:56:11.368+0000 7f5883fd3700 1 --2- 172.21.15.78:0/4118371935 >> [v2:172.21.15.78:6800/378103227,v1:172.21.15.78:6801/378103227] conn(0x7f5868038820 0x7f586803acd0 secure :-1 s=READY pgs=8 cs=0 l=1 rev1=1 crypto rx=0x7f5878006fd0 tx=0x7f5878006e40 comp rx=0 tx=0).stop
2023-07-14T18:56:11.706 INFO:teuthology.orchestra.run.smithi078.stdout:/usr/bin/ceph: stderr
2023-07-14T18:56:11.368+0000 7f5883fd3700 1 -- 172.21.15.78:0/4118371935 >> [v2:172.21.15.78:3300/0,v1:172.21.15.78:6789/0] conn(0x7f587c19b160 msgr2=0x7f587c19b570 secure :-1 s=STATE_CONNECTION_ESTABLISHED l=1).mark_down
2023-07-14T18:56:11.706 INFO:teuthology.orchestra.run.smithi078.stdout:/usr/bin/ceph: stderr
2023-07-14T18:56:11.368+0000 7f5883fd3700 1 --2- 172.21.15.78:0/4118371935 >> [v2:172.21.15.78:3300/0,v1:172.21.15.78:6789/0] conn(0x7f587c19b160 0x7f587c19b570 secure :-1 s=READY pgs=40 cs=0 l=1 rev1=1 crypto rx=0x7f586c000c00 tx=0x7f586c003a40 comp rx=0 tx=0).stop
2023-07-14T18:56:11.706 INFO:teuthology.orchestra.run.smithi078.stdout:/usr/bin/ceph: stderr
2023-07-14T18:56:11.368+0000 7f5883fd3700 1 -- 172.21.15.78:0/4118371935 shutdown_connections
2023-07-14T18:56:11.706 INFO:teuthology.orchestra.run.smithi078.stdout:/usr/bin/ceph: stderr
2023-07-14T18:56:11.368+0000 7f5883fd3700 1 --2- 172.21.15.78:0/4118371935 >> [v2:172.21.15.78:6800/378103227,v1:172.21.15.78:6801/378103227] conn(0x7f5868038820 0x7f586803acd0 unknown :-1 s=CLOSED pgs=8 cs=0 l=1 rev1=1 crypto rx=0 tx=0 comp rx=0 tx=0).stop
2023-07-14T18:56:11.706 INFO:teuthology.orchestra.run.smithi078.stdout:/usr/bin/ceph: stderr
2023-07-14T18:56:11.368+0000 7f5883fd3700 1 --2- 172.21.15.78:0/4118371935 >> [v2:172.21.15.78:3300/0,v1:172.21.15.78:6789/0] conn(0x7f587c19b160 0x7f587c19b570 unknown :-1 s=CLOSED pgs=40 cs=0 l=1 rev1=1 crypto rx=0 tx=0 comp rx=0 tx=0).stop
2023-07-14T18:56:11.706 INFO:teuthology.orchestra.run.smithi078.stdout:/usr/bin/ceph: stderr
2023-07-14T18:56:11.368+0000 7f5883fd3700 1 -- 172.21.15.78:0/4118371935 >> 172.21.15.78:0/4118371935 conn(0x7f587c0ff710 msgr2=0x7f587c100d20 unknown :-1 s=STATE_NONE l=0).mark_down
2023-07-14T18:56:11.706 INFO:teuthology.orchestra.run.smithi078.stdout:/usr/bin/ceph: stderr
2023-07-14T18:56:11.368+0000 7f5883fd3700 1 -- 172.21.15.78:0/4118371935 shutdown_connections
2023-07-14T18:56:11.707 INFO:teuthology.orchestra.run.smithi078.stdout:/usr/bin/ceph: stderr
2023-07-14T18:56:11.368+0000 7f5883fd3700 1 -- 172.21.15.78:0/4118371935 wait complete.
2023-07-14T18:56:11.707 INFO:teuthology.orchestra.run.smithi078.stdout:Generating ssh key...
2023-07-14T18:56:12.549 INFO:journalctl@ceph.mon.a.smithi078.stdout:Jul 14 18:56:12 smithi078 ceph-mon[127425]: from='client.14134 -' entity='client.admin' cmd=[{"prefix": "cephadm set-user", "user": "root", "target": ["mon-mgr", ""]}]: dispatch
2023-07-14T18:56:12.549 INFO:journalctl@ceph.mgr.x.smithi078.stdout:Jul 14 18:56:12 smithi078 ceph-e2ca1a0e-2277-11ee-9b33-001a4aab830c-mgr-x[127670]: Generating public/private rsa key pair.
2023-07-14T18:56:12.549 INFO:journalctl@ceph.mgr.x.smithi078.stdout:Jul 14 18:56:12 smithi078 ceph-e2ca1a0e-2277-11ee-9b33-001a4aab830c-mgr-x[127670]: Your identification has been saved in /tmp/tmpp1jvmjwk/key.
2023-07-14T18:56:12.549 INFO:journalctl@ceph.mgr.x.smithi078.stdout:Jul 14 18:56:12 smithi078 ceph-e2ca1a0e-2277-11ee-9b33-001a4aab830c-mgr-x[127670]: Your public key has been saved in /tmp/tmpp1jvmjwk/key.pub.
2023-07-14T18:56:12.550 INFO:journalctl@ceph.mgr.x.smithi078.stdout:Jul 14 18:56:12 smithi078 ceph-e2ca1a0e-2277-11ee-9b33-001a4aab830c-mgr-x[127670]: The key fingerprint is:
2023-07-14T18:56:12.550 INFO:journalctl@ceph.mgr.x.smithi078.stdout:Jul 14 18:56:12 smithi078 ceph-e2ca1a0e-2277-11ee-9b33-001a4aab830c-mgr-x[127670]: SHA256:y9YiBS5EbARvDtyMtK0hLwJQH58CNYBA2gMFBfQnQTQ ceph-e2ca1a0e-2277-11ee-9b33-001a4aab830c
2023-07-14T18:56:12.550 INFO:journalctl@ceph.mgr.x.smithi078.stdout:Jul 14 18:56:12 smithi078 ceph-e2ca1a0e-2277-11ee-9b33-001a4aab830c-mgr-x[127670]: The key's randomart image is:
2023-07-14T18:56:12.550 INFO:journalctl@ceph.mgr.x.smithi078.stdout:Jul 14 18:56:12 smithi078 ceph-e2ca1a0e-2277-11ee-9b33-001a4aab830c-mgr-x[127670]: +---[RSA 3072]----+
2023-07-14T18:56:12.550 INFO:journalctl@ceph.mgr.x.smithi078.stdout:Jul 14 18:56:12 smithi078 ceph-e2ca1a0e-2277-11ee-9b33-001a4aab830c-mgr-x[127670]: |XX@E* |
2023-07-14T18:56:12.551 INFO:journalctl@ceph.mgr.x.smithi078.stdout:Jul 14 18:56:12 smithi078 ceph-e2ca1a0e-2277-11ee-9b33-001a4aab830c-mgr-x[127670]: |+=.@=+ . |
2023-07-14T18:56:12.551 INFO:journalctl@ceph.mgr.x.smithi078.stdout:Jul 14 18:56:12 smithi078 ceph-e2ca1a0e-2277-11ee-9b33-001a4aab830c-mgr-x[127670]: |+ O+X.+ |
2023-07-14T18:56:12.551 INFO:journalctl@ceph.mgr.x.smithi078.stdout:Jul 14 18:56:12 smithi078 ceph-e2ca1a0e-2277-11ee-9b33-001a4aab830c-mgr-x[127670]: |.o Ooo . |
2023-07-14T18:56:12.551 INFO:journalctl@ceph.mgr.x.smithi078.stdout:Jul 14 18:56:12 smithi078 ceph-e2ca1a0e-2277-11ee-9b33-001a4aab830c-mgr-x[127670]: |o o o . S |
2023-07-14T18:56:12.551 INFO:journalctl@ceph.mgr.x.smithi078.stdout:Jul 14 18:56:12 smithi078 ceph-e2ca1a0e-2277-11ee-9b33-001a4aab830c-mgr-x[127670]: |.. . o o |
2023-07-14T18:56:12.551 INFO:journalctl@ceph.mgr.x.smithi078.stdout:Jul 14 18:56:12 smithi078 ceph-e2ca1a0e-2277-11ee-9b33-001a4aab830c-mgr-x[127670]: | . = . |
2023-07-14T18:56:12.551 INFO:journalctl@ceph.mgr.x.smithi078.stdout:Jul 14 18:56:12 smithi078 ceph-e2ca1a0e-2277-11ee-9b33-001a4aab830c-mgr-x[127670]: | o . |
2023-07-14T18:56:12.552 INFO:journalctl@ceph.mgr.x.smithi078.stdout:Jul 14 18:56:12 smithi078 ceph-e2ca1a0e-2277-11ee-9b33-001a4aab830c-mgr-x[127670]: | |
2023-07-14T18:56:12.552 INFO:journalctl@ceph.mgr.x.smithi078.stdout:Jul 14 18:56:12 smithi078 ceph-e2ca1a0e-2277-11ee-9b33-001a4aab830c-mgr-x[127670]: +----[SHA256]-----+
2023-07-14T18:56:12.843 INFO:teuthology.orchestra.run.smithi078.stdout:/usr/bin/ceph: stderr
2023-07-14T18:56:12.143+0000 7f4dfee20700 1 Processor -- start
2023-07-14T18:56:12.843 INFO:teuthology.orchestra.run.smithi078.stdout:/usr/bin/ceph: stderr
2023-07-14T18:56:12.143+0000 7f4dfee20700 1 -- start start
2023-07-14T18:56:12.843 INFO:teuthology.orchestra.run.smithi078.stdout:/usr/bin/ceph: stderr
2023-07-14T18:56:12.143+0000 7f4dfee20700 1 --2- >> [v2:172.21.15.78:3300/0,v1:172.21.15.78:6789/0] conn(0x7f4df8104080 0x7f4df8104490 unknown :-1 s=NONE pgs=0 cs=0 l=0 rev1=0 crypto rx=0 tx=0 comp rx=0 tx=0).connect
2023-07-14T18:56:12.843 INFO:teuthology.orchestra.run.smithi078.stdout:/usr/bin/ceph: stderr
2023-07-14T18:56:12.143+0000 7f4dfee20700 1 -- --> [v2:172.21.15.78:3300/0,v1:172.21.15.78:6789/0] -- mon_getmap magic: 0 v1 -- 0x7f4df81049d0 con 0x7f4df8104080
2023-07-14T18:56:12.844 INFO:teuthology.orchestra.run.smithi078.stdout:/usr/bin/ceph: stderr
2023-07-14T18:56:12.143+0000 7f4dfcbbc700 1 --2- >> [v2:172.21.15.78:3300/0,v1:172.21.15.78:6789/0] conn(0x7f4df8104080 0x7f4df8104490 unknown :-1 s=BANNER_CONNECTING pgs=0 cs=0 l=0 rev1=0 crypto rx=0 tx=0 comp rx=0 tx=0)._handle_peer_banner_payload supported=3 required=0
2023-07-14T18:56:12.844 INFO:teuthology.orchestra.run.smithi078.stdout:/usr/bin/ceph: stderr
2023-07-14T18:56:12.143+0000 7f4dfcbbc700 1 --2- >> [v2:172.21.15.78:3300/0,v1:172.21.15.78:6789/0] conn(0x7f4df8104080 0x7f4df8104490 unknown :-1 s=HELLO_CONNECTING pgs=0 cs=0 l=0 rev1=1 crypto rx=0 tx=0 comp rx=0 tx=0).handle_hello peer v2:172.21.15.78:3300/0 says I am v2:172.21.15.78:33282/0 (socket says 172.21.15.78:33282)
2023-07-14T18:56:12.844 INFO:teuthology.orchestra.run.smithi078.stdout:/usr/bin/ceph: stderr
2023-07-14T18:56:12.143+0000 7f4dfcbbc700 1 -- 172.21.15.78:0/3927453330 learned_addr learned my addr 172.21.15.78:0/3927453330 (peer_addr_for_me v2:172.21.15.78:0/0)
2023-07-14T18:56:12.844 INFO:teuthology.orchestra.run.smithi078.stdout:/usr/bin/ceph: stderr
2023-07-14T18:56:12.143+0000 7f4dfcbbc700 1 -- 172.21.15.78:0/3927453330 --> [v2:172.21.15.78:3300/0,v1:172.21.15.78:6789/0] -- mon_subscribe({config=0+,monmap=0+}) v3 -- 0x7f4df8104b10 con 0x7f4df8104080
2023-07-14T18:56:12.844 INFO:teuthology.orchestra.run.smithi078.stdout:/usr/bin/ceph: stderr
2023-07-14T18:56:12.144+0000 7f4dfcbbc700 1 --2- 172.21.15.78:0/3927453330 >> [v2:172.21.15.78:3300/0,v1:172.21.15.78:6789/0] conn(0x7f4df8104080 0x7f4df8104490 secure :-1 s=READY pgs=41 cs=0 l=1 rev1=1 crypto rx=0x7f4dec0098a0 tx=0x7f4dec009bb0 comp rx=0 tx=0).ready entity=mon.0 client_cookie=17ffcc00d555d58f server_cookie=0 in_seq=0 out_seq=0
2023-07-14T18:56:12.845 INFO:teuthology.orchestra.run.smithi078.stdout:/usr/bin/ceph: stderr
2023-07-14T18:56:12.144+0000 7f4df77fe700 1 -- 172.21.15.78:0/3927453330 <== mon.0 v2:172.21.15.78:3300/0 1 ==== mon_map magic: 0 v1 ==== 205+0+0 (secure 0 0 0) 0x7f4dec004160 con 0x7f4df8104080
2023-07-14T18:56:12.845 INFO:teuthology.orchestra.run.smithi078.stdout:/usr/bin/ceph: stderr
2023-07-14T18:56:12.144+0000 7f4df77fe700 1 -- 172.21.15.78:0/3927453330 <== mon.0 v2:172.21.15.78:3300/0 2 ==== config(25 keys) v1 ==== 1036+0+0 (secure 0 0 0) 0x7f4dec0042c0 con 0x7f4df8104080
2023-07-14T18:56:12.845 INFO:teuthology.orchestra.run.smithi078.stdout:/usr/bin/ceph: stderr
2023-07-14T18:56:12.144+0000 7f4df77fe700 1 -- 172.21.15.78:0/3927453330 <== mon.0 v2:172.21.15.78:3300/0 3 ==== mon_map magic: 0 v1 ==== 205+0+0 (secure 0 0 0) 0x7f4dec011940 con 0x7f4df8104080
2023-07-14T18:56:12.845 INFO:teuthology.orchestra.run.smithi078.stdout:/usr/bin/ceph: stderr
2023-07-14T18:56:12.144+0000 7f4dfee20700 1 -- 172.21.15.78:0/3927453330 >> [v2:172.21.15.78:3300/0,v1:172.21.15.78:6789/0] conn(0x7f4df8104080 msgr2=0x7f4df8104490 secure :-1 s=STATE_CONNECTION_ESTABLISHED l=1).mark_down
2023-07-14T18:56:12.845 INFO:teuthology.orchestra.run.smithi078.stdout:/usr/bin/ceph: stderr
2023-07-14T18:56:12.144+0000 7f4dfee20700 1 --2- 172.21.15.78:0/3927453330 >> [v2:172.21.15.78:3300/0,v1:172.21.15.78:6789/0] conn(0x7f4df8104080 0x7f4df8104490 secure :-1 s=READY pgs=41 cs=0 l=1 rev1=1 crypto rx=0x7f4dec0098a0 tx=0x7f4dec009bb0 comp rx=0 tx=0).stop
2023-07-14T18:56:12.845 INFO:teuthology.orchestra.run.smithi078.stdout:/usr/bin/ceph: stderr
2023-07-14T18:56:12.144+0000 7f4dfee20700 1 -- 172.21.15.78:0/3927453330 shutdown_connections
2023-07-14T18:56:12.845 INFO:teuthology.orchestra.run.smithi078.stdout:/usr/bin/ceph: stderr
2023-07-14T18:56:12.144+0000 7f4dfee20700 1 --2- 172.21.15.78:0/3927453330 >> [v2:172.21.15.78:3300/0,v1:172.21.15.78:6789/0] conn(0x7f4df8104080 0x7f4df8104490 unknown :-1 s=CLOSED pgs=41 cs=0 l=1 rev1=1 crypto rx=0 tx=0 comp rx=0 tx=0).stop
2023-07-14T18:56:12.846 INFO:teuthology.orchestra.run.smithi078.stdout:/usr/bin/ceph: stderr
2023-07-14T18:56:12.144+0000 7f4dfee20700 1 -- 172.21.15.78:0/3927453330 >> 172.21.15.78:0/3927453330 conn(0x7f4df80ff710 msgr2=0x7f4df8101b20 unknown :-1 s=STATE_NONE l=0).mark_down
2023-07-14T18:56:12.846 INFO:teuthology.orchestra.run.smithi078.stdout:/usr/bin/ceph: stderr
2023-07-14T18:56:12.144+0000 7f4dfee20700 1 -- 172.21.15.78:0/3927453330 shutdown_connections
2023-07-14T18:56:12.846 INFO:teuthology.orchestra.run.smithi078.stdout:/usr/bin/ceph: stderr
2023-07-14T18:56:12.144+0000 7f4dfee20700 1 -- 172.21.15.78:0/3927453330 wait complete.
2023-07-14T18:56:12.846 INFO:teuthology.orchestra.run.smithi078.stdout:/usr/bin/ceph: stderr
2023-07-14T18:56:12.145+0000 7f4dfee20700 1 Processor -- start
2023-07-14T18:56:12.846 INFO:teuthology.orchestra.run.smithi078.stdout:/usr/bin/ceph: stderr
2023-07-14T18:56:12.145+0000 7f4dfee20700 1 -- start start
2023-07-14T18:56:12.846 INFO:teuthology.orchestra.run.smithi078.stdout:/usr/bin/ceph: stderr
2023-07-14T18:56:12.145+0000 7f4dfee20700 1 --2- >> [v2:172.21.15.78:3300/0,v1:172.21.15.78:6789/0] conn(0x7f4df8104080 0x7f4df818f1a0 unknown :-1 s=NONE pgs=0 cs=0 l=1 rev1=0 crypto rx=0 tx=0 comp rx=0 tx=0).connect
2023-07-14T18:56:12.846 INFO:teuthology.orchestra.run.smithi078.stdout:/usr/bin/ceph: stderr
2023-07-14T18:56:12.145+0000 7f4dfee20700 1 -- --> [v2:172.21.15.78:3300/0,v1:172.21.15.78:6789/0] -- mon_getmap magic: 0 v1 -- 0x7f4df818f6e0 con 0x7f4df8104080
2023-07-14T18:56:12.847 INFO:teuthology.orchestra.run.smithi078.stdout:/usr/bin/ceph: stderr
2023-07-14T18:56:12.145+0000 7f4dfcbbc700 1 --2- >> [v2:172.21.15.78:3300/0,v1:172.21.15.78:6789/0] conn(0x7f4df8104080 0x7f4df818f1a0 unknown :-1 s=BANNER_CONNECTING pgs=0 cs=0 l=1 rev1=0 crypto rx=0 tx=0 comp rx=0 tx=0)._handle_peer_banner_payload supported=3 required=0
2023-07-14T18:56:12.847 INFO:teuthology.orchestra.run.smithi078.stdout:/usr/bin/ceph: stderr
2023-07-14T18:56:12.145+0000 7f4dfcbbc700 1 --2- >> [v2:172.21.15.78:3300/0,v1:172.21.15.78:6789/0] conn(0x7f4df8104080 0x7f4df818f1a0 unknown :-1 s=HELLO_CONNECTING pgs=0 cs=0 l=1 rev1=1 crypto rx=0 tx=0 comp rx=0 tx=0).handle_hello peer v2:172.21.15.78:3300/0 says I am v2:172.21.15.78:33284/0 (socket says 172.21.15.78:33284)
2023-07-14T18:56:12.847 INFO:teuthology.orchestra.run.smithi078.stdout:/usr/bin/ceph: stderr
2023-07-14T18:56:12.145+0000 7f4dfcbbc700 1 -- 172.21.15.78:0/3346328512 learned_addr learned my addr 172.21.15.78:0/3346328512 (peer_addr_for_me v2:172.21.15.78:0/0)
2023-07-14T18:56:12.847 INFO:teuthology.orchestra.run.smithi078.stdout:/usr/bin/ceph: stderr
2023-07-14T18:56:12.145+0000 7f4dfcbbc700 1 -- 172.21.15.78:0/3346328512 --> [v2:172.21.15.78:3300/0,v1:172.21.15.78:6789/0] -- mon_subscribe({config=0+,monmap=0+}) v3 -- 0x7f4dec009550 con 0x7f4df8104080
2023-07-14T18:56:12.847 INFO:teuthology.orchestra.run.smithi078.stdout:/usr/bin/ceph: stderr
2023-07-14T18:56:12.146+0000 7f4dfcbbc700 1 --2- 172.21.15.78:0/3346328512 >> [v2:172.21.15.78:3300/0,v1:172.21.15.78:6789/0] conn(0x7f4df8104080 0x7f4df818f1a0 secure :-1 s=READY pgs=42 cs=0 l=1 rev1=1 crypto rx=0x7f4dec011dc0 tx=0x7f4dec011ea0 comp rx=0 tx=0).ready entity=mon.0 client_cookie=0 server_cookie=0 in_seq=0 out_seq=0
2023-07-14T18:56:12.847 INFO:teuthology.orchestra.run.smithi078.stdout:/usr/bin/ceph: stderr
2023-07-14T18:56:12.146+0000 7f4df5ffb700 1 -- 172.21.15.78:0/3346328512 <== mon.0 v2:172.21.15.78:3300/0 1 ==== mon_map magic: 0 v1 ==== 205+0+0 (secure 0 0 0) 0x7f4dec0037d0 con 0x7f4df8104080
2023-07-14T18:56:12.847 INFO:teuthology.orchestra.run.smithi078.stdout:/usr/bin/ceph: stderr
2023-07-14T18:56:12.146+0000 7f4df5ffb700 1 -- 172.21.15.78:0/3346328512 <== mon.0 v2:172.21.15.78:3300/0 2 ==== config(25 keys) v1 ==== 1036+0+0 (secure 0 0 0) 0x7f4dec01b440 con 0x7f4df8104080
2023-07-14T18:56:12.847 INFO:teuthology.orchestra.run.smithi078.stdout:/usr/bin/ceph: stderr
2023-07-14T18:56:12.146+0000 7f4df5ffb700 1 -- 172.21.15.78:0/3346328512 <== mon.0 v2:172.21.15.78:3300/0 3 ==== mon_map magic: 0 v1 ==== 205+0+0 (secure 0 0 0) 0x7f4dec01a560 con 0x7f4df8104080
2023-07-14T18:56:12.848 INFO:teuthology.orchestra.run.smithi078.stdout:/usr/bin/ceph: stderr
2023-07-14T18:56:12.146+0000 7f4dfee20700 1 -- 172.21.15.78:0/3346328512 --> [v2:172.21.15.78:3300/0,v1:172.21.15.78:6789/0] -- mon_subscribe({mgrmap=0+}) v3 -- 0x7f4df818d7f0 con 0x7f4df8104080
2023-07-14T18:56:12.848 INFO:teuthology.orchestra.run.smithi078.stdout:/usr/bin/ceph: stderr
2023-07-14T18:56:12.146+0000 7f4dfee20700 1 -- 172.21.15.78:0/3346328512 --> [v2:172.21.15.78:3300/0,v1:172.21.15.78:6789/0] -- mon_subscribe({osdmap=0}) v3 -- 0x7f4df818dc10 con 0x7f4df8104080
2023-07-14T18:56:12.848 INFO:teuthology.orchestra.run.smithi078.stdout:/usr/bin/ceph: stderr
2023-07-14T18:56:12.147+0000 7f4df5ffb700 1 -- 172.21.15.78:0/3346328512 <== mon.0 v2:172.21.15.78:3300/0 4 ==== mgrmap(e 8) v1 ==== 45483+0+0 (secure 0 0 0) 0x7f4dec01b5b0 con 0x7f4df8104080
2023-07-14T18:56:12.848 INFO:teuthology.orchestra.run.smithi078.stdout:/usr/bin/ceph: stderr
2023-07-14T18:56:12.147+0000 7f4df5ffb700 1 --2- 172.21.15.78:0/3346328512 >> [v2:172.21.15.78:6800/378103227,v1:172.21.15.78:6801/378103227] conn(0x7f4de8038820 0x7f4de803acd0 unknown :-1 s=NONE pgs=0 cs=0 l=1 rev1=0 crypto rx=0 tx=0 comp rx=0 tx=0).connect
2023-07-14T18:56:12.848 INFO:teuthology.orchestra.run.smithi078.stdout:/usr/bin/ceph: stderr
2023-07-14T18:56:12.147+0000 7f4dfee20700 1 -- 172.21.15.78:0/3346328512 --> [v2:172.21.15.78:3300/0,v1:172.21.15.78:6789/0] -- mon_command({"prefix": "get_command_descriptions"} v 0) v1 -- 0x7f4df8061c70 con 0x7f4df8104080
2023-07-14T18:56:12.848 INFO:teuthology.orchestra.run.smithi078.stdout:/usr/bin/ceph: stderr
2023-07-14T18:56:12.147+0000 7f4df5ffb700 1 -- 172.21.15.78:0/3346328512 <== mon.0 v2:172.21.15.78:3300/0 5 ==== osd_map(2..2 src has 1..2) v4 ==== 940+0+0 (secure 0 0 0) 0x7f4dec04c5d0 con 0x7f4df8104080
2023-07-14T18:56:12.848 INFO:teuthology.orchestra.run.smithi078.stdout:/usr/bin/ceph: stderr
2023-07-14T18:56:12.147+0000 7f4df7fff700 1 --2- 172.21.15.78:0/3346328512 >> [v2:172.21.15.78:6800/378103227,v1:172.21.15.78:6801/378103227] conn(0x7f4de8038820 0x7f4de803acd0 unknown :-1 s=BANNER_CONNECTING pgs=0 cs=0 l=1 rev1=0 crypto rx=0 tx=0 comp rx=0 tx=0)._handle_peer_banner_payload supported=3 required=0
2023-07-14T18:56:12.849 INFO:teuthology.orchestra.run.smithi078.stdout:/usr/bin/ceph: stderr
2023-07-14T18:56:12.148+0000 7f4df7fff700 1 --2- 172.21.15.78:0/3346328512 >> [v2:172.21.15.78:6800/378103227,v1:172.21.15.78:6801/378103227] conn(0x7f4de8038820 0x7f4de803acd0 secure :-1 s=READY pgs=9 cs=0 l=1 rev1=1 crypto rx=0x7f4de4006fd0 tx=0x7f4de4006e40 comp rx=0 tx=0).ready entity=mgr.14120 client_cookie=0 server_cookie=0 in_seq=0 out_seq=0
2023-07-14T18:56:12.849 INFO:teuthology.orchestra.run.smithi078.stdout:/usr/bin/ceph: stderr
2023-07-14T18:56:12.152+0000 7f4df5ffb700 1 -- 172.21.15.78:0/3346328512 <== mon.0 v2:172.21.15.78:3300/0 6 ==== mon_command_ack([{"prefix": "get_command_descriptions"}]=0 v0) v1 ==== 72+0+178025 (secure 0 0 0) 0x7f4dec01f020 con 0x7f4df8104080
2023-07-14T18:56:12.849 INFO:teuthology.orchestra.run.smithi078.stdout:/usr/bin/ceph: stderr
2023-07-14T18:56:12.338+0000 7f4dfee20700 1 -- 172.21.15.78:0/3346328512 --> [v2:172.21.15.78:6800/378103227,v1:172.21.15.78:6801/378103227] -- mgr_command(tid 0: {"prefix": "cephadm generate-key", "target": ["mon-mgr", ""]}) v1 -- 0x7f4df818e6a0 con 0x7f4de8038820
2023-07-14T18:56:12.849 INFO:teuthology.orchestra.run.smithi078.stdout:/usr/bin/ceph: stderr
2023-07-14T18:56:12.412+0000 7f4df5ffb700 1 -- 172.21.15.78:0/3346328512 <== mgr.14120 v2:172.21.15.78:6800/378103227 1 ==== mgr_command_reply(tid 0: 0 ) v1 ==== 8+0+0 (secure 0 0 0) 0x7f4df818e6a0 con 0x7f4de8038820
2023-07-14T18:56:12.849 INFO:teuthology.orchestra.run.smithi078.stdout:/usr/bin/ceph: stderr
2023-07-14T18:56:12.414+0000 7f4dfee20700 1 -- 172.21.15.78:0/3346328512 >> [v2:172.21.15.78:6800/378103227,v1:172.21.15.78:6801/378103227] conn(0x7f4de8038820 msgr2=0x7f4de803acd0 secure :-1 s=STATE_CONNECTION_ESTABLISHED l=1).mark_down
2023-07-14T18:56:12.850 INFO:teuthology.orchestra.run.smithi078.stdout:/usr/bin/ceph: stderr
2023-07-14T18:56:12.414+0000 7f4dfee20700 1 --2- 172.21.15.78:0/3346328512 >> [v2:172.21.15.78:6800/378103227,v1:172.21.15.78:6801/378103227] conn(0x7f4de8038820 0x7f4de803acd0 secure :-1 s=READY pgs=9 cs=0 l=1 rev1=1 crypto rx=0x7f4de4006fd0 tx=0x7f4de4006e40 comp rx=0 tx=0).stop
2023-07-14T18:56:12.850 INFO:teuthology.orchestra.run.smithi078.stdout:/usr/bin/ceph: stderr
2023-07-14T18:56:12.414+0000 7f4dfee20700 1 -- 172.21.15.78:0/3346328512 >> [v2:172.21.15.78:3300/0,v1:172.21.15.78:6789/0] conn(0x7f4df8104080 msgr2=0x7f4df818f1a0 secure :-1 s=STATE_CONNECTION_ESTABLISHED l=1).mark_down
2023-07-14T18:56:12.850 INFO:teuthology.orchestra.run.smithi078.stdout:/usr/bin/ceph: stderr
2023-07-14T18:56:12.414+0000 7f4dfee20700 1 --2- 172.21.15.78:0/3346328512 >> [v2:172.21.15.78:3300/0,v1:172.21.15.78:6789/0] conn(0x7f4df8104080 0x7f4df818f1a0 secure :-1 s=READY pgs=42 cs=0 l=1 rev1=1 crypto rx=0x7f4dec011dc0 tx=0x7f4dec011ea0 comp rx=0 tx=0).stop
2023-07-14T18:56:12.850 INFO:teuthology.orchestra.run.smithi078.stdout:/usr/bin/ceph: stderr
2023-07-14T18:56:12.414+0000 7f4dfee20700 1 -- 172.21.15.78:0/3346328512 shutdown_connections
2023-07-14T18:56:12.850 INFO:teuthology.orchestra.run.smithi078.stdout:/usr/bin/ceph: stderr
2023-07-14T18:56:12.414+0000 7f4dfee20700 1 --2- 172.21.15.78:0/3346328512 >> [v2:172.21.15.78:6800/378103227,v1:172.21.15.78:6801/378103227] conn(0x7f4de8038820 0x7f4de803acd0 unknown :-1 s=CLOSED pgs=9 cs=0 l=1 rev1=1 crypto rx=0 tx=0 comp rx=0 tx=0).stop
2023-07-14T18:56:12.850 INFO:teuthology.orchestra.run.smithi078.stdout:/usr/bin/ceph: stderr
2023-07-14T18:56:12.414+0000 7f4dfee20700 1 --2- 172.21.15.78:0/3346328512 >> [v2:172.21.15.78:3300/0,v1:172.21.15.78:6789/0] conn(0x7f4df8104080 0x7f4df818f1a0 unknown :-1 s=CLOSED pgs=42 cs=0 l=1 rev1=1 crypto rx=0 tx=0 comp rx=0 tx=0).stop
