2023-07-14T18:56:02.904 INFO:journalctl@ceph.mgr.x.smithi078.stdout:Jul 14 18:56:02 smithi078 ceph-e2ca1a0e-2277-11ee-9b33-001a4aab830c-mgr-x[127670]:
2023-07-14T18:56:02.569+0000 7f7e609ae200 -1 mgr[py] Module prometheus has missing NOTIFY_TYPES member
2023-07-14T18:56:02.904 INFO:journalctl@ceph.mgr.x.smithi078.stdout:Jul 14 18:56:02 smithi078 ceph-e2ca1a0e-2277-11ee-9b33-001a4aab830c-mgr-x[127670]:
2023-07-14T18:56:02.659+0000 7f7e609ae200 -1 mgr[py] Module status has missing NOTIFY_TYPES member
2023-07-14T18:56:02.904 INFO:journalctl@ceph.mgr.x.smithi078.stdout:Jul 14 18:56:02 smithi078 ceph-e2ca1a0e-2277-11ee-9b33-001a4aab830c-mgr-x[127670]:
2023-07-14T18:56:02.791+0000 7f7e609ae200 -1 mgr[py] Module selftest has missing NOTIFY_TYPES member
2023-07-14T18:56:03.157 INFO:teuthology.orchestra.run.smithi078.stdout:/usr/bin/ceph: stdout {
2023-07-14T18:56:03.157 INFO:teuthology.orchestra.run.smithi078.stdout:/usr/bin/ceph: stdout "epoch": 5,
2023-07-14T18:56:03.157 INFO:teuthology.orchestra.run.smithi078.stdout:/usr/bin/ceph: stdout "available": true,
2023-07-14T18:56:03.157 INFO:teuthology.orchestra.run.smithi078.stdout:/usr/bin/ceph: stdout "active_name": "x",
2023-07-14T18:56:03.158 INFO:teuthology.orchestra.run.smithi078.stdout:/usr/bin/ceph: stdout "num_standby": 0
2023-07-14T18:56:03.158 INFO:teuthology.orchestra.run.smithi078.stdout:/usr/bin/ceph: stdout }
2023-07-14T18:56:03.158 INFO:teuthology.orchestra.run.smithi078.stdout:/usr/bin/ceph: stderr
2023-07-14T18:56:02.505+0000 7f2dfdff4700 1 Processor -- start
2023-07-14T18:56:03.158 INFO:teuthology.orchestra.run.smithi078.stdout:/usr/bin/ceph: stderr
2023-07-14T18:56:02.505+0000 7f2dfdff4700 1 -- start start
2023-07-14T18:56:03.158 INFO:teuthology.orchestra.run.smithi078.stdout:/usr/bin/ceph: stderr
2023-07-14T18:56:02.505+0000 7f2dfdff4700 1 --2- >> [v2:172.21.15.78:3300/0,v1:172.21.15.78:6789/0] conn(0x7f2df8103480 0x7f2df8103890 unknown :-1 s=NONE pgs=0 cs=0 l=0 rev1=0 crypto rx=0 tx=0 comp rx=0 tx=0).connect
2023-07-14T18:56:03.158 INFO:teuthology.orchestra.run.smithi078.stdout:/usr/bin/ceph: stderr
2023-07-14T18:56:02.506+0000 7f2dfdff4700 1 -- --> [v2:172.21.15.78:3300/0,v1:172.21.15.78:6789/0] -- mon_getmap magic: 0 v1 -- 0x7f2df8103dd0 con 0x7f2df8103480
2023-07-14T18:56:03.158 INFO:teuthology.orchestra.run.smithi078.stdout:/usr/bin/ceph: stderr
2023-07-14T18:56:02.506+0000 7f2df77fe700 1 --2- >> [v2:172.21.15.78:3300/0,v1:172.21.15.78:6789/0] conn(0x7f2df8103480 0x7f2df8103890 unknown :-1 s=BANNER_CONNECTING pgs=0 cs=0 l=0 rev1=0 crypto rx=0 tx=0 comp rx=0 tx=0)._handle_peer_banner_payload supported=3 required=0
2023-07-14T18:56:03.159 INFO:teuthology.orchestra.run.smithi078.stdout:/usr/bin/ceph: stderr
2023-07-14T18:56:02.506+0000 7f2df77fe700 1 --2- >> [v2:172.21.15.78:3300/0,v1:172.21.15.78:6789/0] conn(0x7f2df8103480 0x7f2df8103890 unknown :-1 s=HELLO_CONNECTING pgs=0 cs=0 l=0 rev1=1 crypto rx=0 tx=0 comp rx=0 tx=0).handle_hello peer v2:172.21.15.78:3300/0 says I am v2:172.21.15.78:33204/0 (socket says 172.21.15.78:33204)
2023-07-14T18:56:03.159 INFO:teuthology.orchestra.run.smithi078.stdout:/usr/bin/ceph: stderr
2023-07-14T18:56:02.506+0000 7f2df77fe700 1 -- 172.21.15.78:0/1481369370 learned_addr learned my addr 172.21.15.78:0/1481369370 (peer_addr_for_me v2:172.21.15.78:0/0)
2023-07-14T18:56:03.159 INFO:teuthology.orchestra.run.smithi078.stdout:/usr/bin/ceph: stderr
2023-07-14T18:56:02.506+0000 7f2df77fe700 1 -- 172.21.15.78:0/1481369370 --> [v2:172.21.15.78:3300/0,v1:172.21.15.78:6789/0] -- mon_subscribe({config=0+,monmap=0+}) v3 -- 0x7f2df8103f10 con 0x7f2df8103480
2023-07-14T18:56:03.159 INFO:teuthology.orchestra.run.smithi078.stdout:/usr/bin/ceph: stderr
2023-07-14T18:56:02.506+0000 7f2df77fe700 1 --2- 172.21.15.78:0/1481369370 >> [v2:172.21.15.78:3300/0,v1:172.21.15.78:6789/0] conn(0x7f2df8103480 0x7f2df8103890 secure :-1 s=READY pgs=26 cs=0 l=1 rev1=1 crypto rx=0x7f2de80098a0 tx=0x7f2de8009bb0 comp rx=0 tx=0).ready entity=mon.0 client_cookie=3eafd69f19a86c35 server_cookie=0 in_seq=0 out_seq=0
2023-07-14T18:56:03.159 INFO:teuthology.orchestra.run.smithi078.stdout:/usr/bin/ceph: stderr
2023-07-14T18:56:02.506+0000 7f2df67fc700 1 -- 172.21.15.78:0/1481369370 <== mon.0 v2:172.21.15.78:3300/0 1 ==== mon_map magic: 0 v1 ==== 205+0+0 (secure 0 0 0) 0x7f2de8004160 con 0x7f2df8103480
2023-07-14T18:56:03.163 INFO:teuthology.orchestra.run.smithi078.stdout:/usr/bin/ceph: stderr
2023-07-14T18:56:02.506+0000 7f2df67fc700 1 -- 172.21.15.78:0/1481369370 <== mon.0 v2:172.21.15.78:3300/0 2 ==== config(25 keys) v1 ==== 1036+0+0 (secure 0 0 0) 0x7f2de80042c0 con 0x7f2df8103480
2023-07-14T18:56:03.163 INFO:teuthology.orchestra.run.smithi078.stdout:/usr/bin/ceph: stderr
2023-07-14T18:56:02.506+0000 7f2df67fc700 1 -- 172.21.15.78:0/1481369370 <== mon.0 v2:172.21.15.78:3300/0 3 ==== mon_map magic: 0 v1 ==== 205+0+0 (secure 0 0 0) 0x7f2de8011940 con 0x7f2df8103480
2023-07-14T18:56:03.163 INFO:teuthology.orchestra.run.smithi078.stdout:/usr/bin/ceph: stderr
2023-07-14T18:56:02.507+0000 7f2dfdff4700 1 -- 172.21.15.78:0/1481369370 >> [v2:172.21.15.78:3300/0,v1:172.21.15.78:6789/0] conn(0x7f2df8103480 msgr2=0x7f2df8103890 secure :-1 s=STATE_CONNECTION_ESTABLISHED l=1).mark_down
2023-07-14T18:56:03.163 INFO:teuthology.orchestra.run.smithi078.stdout:/usr/bin/ceph: stderr
2023-07-14T18:56:02.507+0000 7f2dfdff4700 1 --2- 172.21.15.78:0/1481369370 >> [v2:172.21.15.78:3300/0,v1:172.21.15.78:6789/0] conn(0x7f2df8103480 0x7f2df8103890 secure :-1 s=READY pgs=26 cs=0 l=1 rev1=1 crypto rx=0x7f2de80098a0 tx=0x7f2de8009bb0 comp rx=0 tx=0).stop
2023-07-14T18:56:03.163 INFO:teuthology.orchestra.run.smithi078.stdout:/usr/bin/ceph: stderr
2023-07-14T18:56:02.507+0000 7f2dfdff4700 1 -- 172.21.15.78:0/1481369370 shutdown_connections
2023-07-14T18:56:03.164 INFO:teuthology.orchestra.run.smithi078.stdout:/usr/bin/ceph: stderr
2023-07-14T18:56:02.507+0000 7f2dfdff4700 1 --2- 172.21.15.78:0/1481369370 >> [v2:172.21.15.78:3300/0,v1:172.21.15.78:6789/0] conn(0x7f2df8103480 0x7f2df8103890 unknown :-1 s=CLOSED pgs=26 cs=0 l=1 rev1=1 crypto rx=0 tx=0 comp rx=0 tx=0).stop
2023-07-14T18:56:03.164 INFO:teuthology.orchestra.run.smithi078.stdout:/usr/bin/ceph: stderr
2023-07-14T18:56:02.507+0000 7f2dfdff4700 1 -- 172.21.15.78:0/1481369370 >> 172.21.15.78:0/1481369370 conn(0x7f2df80fee80 msgr2=0x7f2df8101290 unknown :-1 s=STATE_NONE l=0).mark_down
2023-07-14T18:56:03.164 INFO:teuthology.orchestra.run.smithi078.stdout:/usr/bin/ceph: stderr
2023-07-14T18:56:02.507+0000 7f2dfdff4700 1 -- 172.21.15.78:0/1481369370 shutdown_connections
2023-07-14T18:56:03.164 INFO:teuthology.orchestra.run.smithi078.stdout:/usr/bin/ceph: stderr
2023-07-14T18:56:02.507+0000 7f2dfdff4700 1 -- 172.21.15.78:0/1481369370 wait complete.
2023-07-14T18:56:03.164 INFO:teuthology.orchestra.run.smithi078.stdout:/usr/bin/ceph: stderr
2023-07-14T18:56:02.508+0000 7f2dfdff4700 1 Processor -- start
2023-07-14T18:56:03.165 INFO:teuthology.orchestra.run.smithi078.stdout:/usr/bin/ceph: stderr
2023-07-14T18:56:02.508+0000 7f2dfdff4700 1 -- start start
2023-07-14T18:56:03.165 INFO:teuthology.orchestra.run.smithi078.stdout:/usr/bin/ceph: stderr
2023-07-14T18:56:02.508+0000 7f2dfdff4700 1 --2- >> [v2:172.21.15.78:3300/0,v1:172.21.15.78:6789/0] conn(0x7f2df8103480 0x7f2df819af80 unknown :-1 s=NONE pgs=0 cs=0 l=1 rev1=0 crypto rx=0 tx=0 comp rx=0 tx=0).connect
2023-07-14T18:56:03.165 INFO:teuthology.orchestra.run.smithi078.stdout:/usr/bin/ceph: stderr
2023-07-14T18:56:02.508+0000 7f2dfdff4700 1 -- --> [v2:172.21.15.78:3300/0,v1:172.21.15.78:6789/0] -- mon_getmap magic: 0 v1 -- 0x7f2df819b4c0 con 0x7f2df8103480
2023-07-14T18:56:03.165 INFO:teuthology.orchestra.run.smithi078.stdout:/usr/bin/ceph: stderr
2023-07-14T18:56:02.508+0000 7f2df77fe700 1 --2- >> [v2:172.21.15.78:3300/0,v1:172.21.15.78:6789/0] conn(0x7f2df8103480 0x7f2df819af80 unknown :-1 s=BANNER_CONNECTING pgs=0 cs=0 l=1 rev1=0 crypto rx=0 tx=0 comp rx=0 tx=0)._handle_peer_banner_payload supported=3 required=0
2023-07-14T18:56:03.165 INFO:teuthology.orchestra.run.smithi078.stdout:/usr/bin/ceph: stderr
2023-07-14T18:56:02.508+0000 7f2df77fe700 1 --2- >> [v2:172.21.15.78:3300/0,v1:172.21.15.78:6789/0] conn(0x7f2df8103480 0x7f2df819af80 unknown :-1 s=HELLO_CONNECTING pgs=0 cs=0 l=1 rev1=1 crypto rx=0 tx=0 comp rx=0 tx=0).handle_hello peer v2:172.21.15.78:3300/0 says I am v2:172.21.15.78:33206/0 (socket says 172.21.15.78:33206)
2023-07-14T18:56:03.165 INFO:teuthology.orchestra.run.smithi078.stdout:/usr/bin/ceph: stderr
2023-07-14T18:56:02.508+0000 7f2df77fe700 1 -- 172.21.15.78:0/1807939483 learned_addr learned my addr 172.21.15.78:0/1807939483 (peer_addr_for_me v2:172.21.15.78:0/0)
2023-07-14T18:56:03.166 INFO:teuthology.orchestra.run.smithi078.stdout:/usr/bin/ceph: stderr
2023-07-14T18:56:02.508+0000 7f2df77fe700 1 -- 172.21.15.78:0/1807939483 --> [v2:172.21.15.78:3300/0,v1:172.21.15.78:6789/0] -- mon_subscribe({config=0+,monmap=0+}) v3 -- 0x7f2de8009550 con 0x7f2df8103480
2023-07-14T18:56:03.166 INFO:teuthology.orchestra.run.smithi078.stdout:/usr/bin/ceph: stderr
2023-07-14T18:56:02.509+0000 7f2df77fe700 1 --2- 172.21.15.78:0/1807939483 >> [v2:172.21.15.78:3300/0,v1:172.21.15.78:6789/0] conn(0x7f2df8103480 0x7f2df819af80 secure :-1 s=READY pgs=27 cs=0 l=1 rev1=1 crypto rx=0x7f2de8000c00 tx=0x7f2de8011e70 comp rx=0 tx=0).ready entity=mon.0 client_cookie=0 server_cookie=0 in_seq=0 out_seq=0
2023-07-14T18:56:03.166 INFO:teuthology.orchestra.run.smithi078.stdout:/usr/bin/ceph: stderr
2023-07-14T18:56:02.509+0000 7f2df4ff9700 1 -- 172.21.15.78:0/1807939483 <== mon.0 v2:172.21.15.78:3300/0 1 ==== mon_map magic: 0 v1 ==== 205+0+0 (secure 0 0 0) 0x7f2de80036a0 con 0x7f2df8103480
2023-07-14T18:56:03.166 INFO:teuthology.orchestra.run.smithi078.stdout:/usr/bin/ceph: stderr
2023-07-14T18:56:02.509+0000 7f2dfdff4700 1 -- 172.21.15.78:0/1807939483 --> [v2:172.21.15.78:3300/0,v1:172.21.15.78:6789/0] -- mon_subscribe({mgrmap=0+}) v3 -- 0x7f2df819b6c0 con 0x7f2df8103480
2023-07-14T18:56:03.166 INFO:teuthology.orchestra.run.smithi078.stdout:/usr/bin/ceph: stderr
2023-07-14T18:56:02.509+0000 7f2df4ff9700 1 -- 172.21.15.78:0/1807939483 <== mon.0 v2:172.21.15.78:3300/0 2 ==== config(25 keys) v1 ==== 1036+0+0 (secure 0 0 0) 0x7f2de801b440 con 0x7f2df8103480
2023-07-14T18:56:03.166 INFO:teuthology.orchestra.run.smithi078.stdout:/usr/bin/ceph: stderr
2023-07-14T18:56:02.509+0000 7f2df4ff9700 1 -- 172.21.15.78:0/1807939483 <== mon.0 v2:172.21.15.78:3300/0 3 ==== mon_map magic: 0 v1 ==== 205+0+0 (secure 0 0 0) 0x7f2de80193f0 con 0x7f2df8103480
2023-07-14T18:56:03.166 INFO:teuthology.orchestra.run.smithi078.stdout:/usr/bin/ceph: stderr
2023-07-14T18:56:02.509+0000 7f2dfdff4700 1 -- 172.21.15.78:0/1807939483 --> [v2:172.21.15.78:3300/0,v1:172.21.15.78:6789/0] -- mon_subscribe({osdmap=0}) v3 -- 0x7f2df819bae0 con 0x7f2df8103480
2023-07-14T18:56:03.167 INFO:teuthology.orchestra.run.smithi078.stdout:/usr/bin/ceph: stderr
2023-07-14T18:56:02.510+0000 7f2dfdff4700 1 -- 172.21.15.78:0/1807939483 --> [v2:172.21.15.78:3300/0,v1:172.21.15.78:6789/0] -- mon_command({"prefix": "get_command_descriptions"} v 0) v1 -- 0x7f2df8105460 con 0x7f2df8103480
2023-07-14T18:56:03.167 INFO:teuthology.orchestra.run.smithi078.stdout:/usr/bin/ceph: stderr
2023-07-14T18:56:02.510+0000 7f2df4ff9700 1 -- 172.21.15.78:0/1807939483 <== mon.0 v2:172.21.15.78:3300/0 4 ==== mgrmap(e 5) v1 ==== 45483+0+0 (secure 0 0 0) 0x7f2de801b5b0 con 0x7f2df8103480
2023-07-14T18:56:03.167 INFO:teuthology.orchestra.run.smithi078.stdout:/usr/bin/ceph: stderr
2023-07-14T18:56:02.510+0000 7f2df4ff9700 1 --2- 172.21.15.78:0/1807939483 >> [v2:172.21.15.78:6800/3249522727,v1:172.21.15.78:6801/3249522727] conn(0x7f2de00387d0 0x7f2de003ac80 unknown :-1 s=NONE pgs=0 cs=0 l=1 rev1=0 crypto rx=0 tx=0 comp rx=0 tx=0).connect
2023-07-14T18:56:03.167 INFO:teuthology.orchestra.run.smithi078.stdout:/usr/bin/ceph: stderr
2023-07-14T18:56:02.510+0000 7f2df6ffd700 1 -- 172.21.15.78:0/1807939483 >> [v2:172.21.15.78:6800/3249522727,v1:172.21.15.78:6801/3249522727] conn(0x7f2de00387d0 msgr2=0x7f2de003ac80 unknown :-1 s=STATE_CONNECTING_RE l=1).process reconnect failed to v2:172.21.15.78:6800/3249522727
2023-07-14T18:56:03.167 INFO:teuthology.orchestra.run.smithi078.stdout:/usr/bin/ceph: stderr
2023-07-14T18:56:02.510+0000 7f2df4ff9700 1 -- 172.21.15.78:0/1807939483 <== mon.0 v2:172.21.15.78:3300/0 5 ==== osd_map(1..1 src has 1..1) v4 ==== 725+0+0 (secure 0 0 0) 0x7f2de804c5f0 con 0x7f2df8103480
2023-07-14T18:56:03.167 INFO:teuthology.orchestra.run.smithi078.stdout:/usr/bin/ceph: stderr
2023-07-14T18:56:02.510+0000 7f2df6ffd700 1 --2- 172.21.15.78:0/1807939483 >> [v2:172.21.15.78:6800/3249522727,v1:172.21.15.78:6801/3249522727] conn(0x7f2de00387d0 0x7f2de003ac80 unknown :-1 s=START_CONNECT pgs=0 cs=0 l=1 rev1=0 crypto rx=0 tx=0 comp rx=0 tx=0)._fault waiting 0.200000
2023-07-14T18:56:03.167 INFO:teuthology.orchestra.run.smithi078.stdout:/usr/bin/ceph: stderr
2023-07-14T18:56:02.519+0000 7f2df4ff9700 1 -- 172.21.15.78:0/1807939483 <== mon.0 v2:172.21.15.78:3300/0 6 ==== mon_command_ack([{"prefix": "get_command_descriptions"}]=0 v0) v1 ==== 72+0+178025 (secure 0 0 0) 0x7f2df8105460 con 0x7f2df8103480
2023-07-14T18:56:03.167 INFO:teuthology.orchestra.run.smithi078.stdout:/usr/bin/ceph: stderr
2023-07-14T18:56:02.710+0000 7f2df6ffd700 1 -- 172.21.15.78:0/1807939483 >> [v2:172.21.15.78:6800/3249522727,v1:172.21.15.78:6801/3249522727] conn(0x7f2de00387d0 msgr2=0x7f2de003ac80 unknown :-1 s=STATE_CONNECTING_RE l=1).process reconnect failed to v2:172.21.15.78:6800/3249522727
2023-07-14T18:56:03.168 INFO:teuthology.orchestra.run.smithi078.stdout:/usr/bin/ceph: stderr
2023-07-14T18:56:02.710+0000 7f2df6ffd700 1 --2- 172.21.15.78:0/1807939483 >> [v2:172.21.15.78:6800/3249522727,v1:172.21.15.78:6801/3249522727] conn(0x7f2de00387d0 0x7f2de003ac80 unknown :-1 s=START_CONNECT pgs=0 cs=0 l=1 rev1=0 crypto rx=0 tx=0 comp rx=0 tx=0)._fault waiting 0.400000
2023-07-14T18:56:03.168 INFO:teuthology.orchestra.run.smithi078.stdout:/usr/bin/ceph: stderr
2023-07-14T18:56:02.760+0000 7f2dfdff4700 1 -- 172.21.15.78:0/1807939483 --> [v2:172.21.15.78:3300/0,v1:172.21.15.78:6789/0] -- mon_command({"prefix": "mgr stat"} v 0) v1 -- 0x7f2df8105460 con 0x7f2df8103480
2023-07-14T18:56:03.168 INFO:teuthology.orchestra.run.smithi078.stdout:/usr/bin/ceph: stderr
2023-07-14T18:56:02.760+0000 7f2df4ff9700 1 -- 172.21.15.78:0/1807939483 <== mon.0 v2:172.21.15.78:3300/0 7 ==== mon_command_ack([{"prefix": "mgr stat"}]=0 v5) v1 ==== 56+0+88 (secure 0 0 0) 0x7f2df8105460 con 0x7f2df8103480
2023-07-14T18:56:03.168 INFO:teuthology.orchestra.run.smithi078.stdout:/usr/bin/ceph: stderr
2023-07-14T18:56:02.763+0000 7f2dfdff4700 1 -- 172.21.15.78:0/1807939483 >> [v2:172.21.15.78:6800/3249522727,v1:172.21.15.78:6801/3249522727] conn(0x7f2de00387d0 msgr2=0x7f2de003ac80 unknown :-1 s=STATE_CONNECTING l=1).mark_down
2023-07-14T18:56:03.168 INFO:teuthology.orchestra.run.smithi078.stdout:/usr/bin/ceph: stderr
2023-07-14T18:56:02.763+0000 7f2dfdff4700 1 --2- 172.21.15.78:0/1807939483 >> [v2:172.21.15.78:6800/3249522727,v1:172.21.15.78:6801/3249522727] conn(0x7f2de00387d0 0x7f2de003ac80 unknown :-1 s=START_CONNECT pgs=0 cs=0 l=1 rev1=0 crypto rx=0 tx=0 comp rx=0 tx=0).stop
2023-07-14T18:56:03.168 INFO:teuthology.orchestra.run.smithi078.stdout:/usr/bin/ceph: stderr
2023-07-14T18:56:02.763+0000 7f2dfdff4700 1 -- 172.21.15.78:0/1807939483 >> [v2:172.21.15.78:3300/0,v1:172.21.15.78:6789/0] conn(0x7f2df8103480 msgr2=0x7f2df819af80 secure :-1 s=STATE_CONNECTION_ESTABLISHED l=1).mark_down
2023-07-14T18:56:03.168 INFO:teuthology.orchestra.run.smithi078.stdout:/usr/bin/ceph: stderr
2023-07-14T18:56:02.763+0000 7f2dfdff4700 1 --2- 172.21.15.78:0/1807939483 >> [v2:172.21.15.78:3300/0,v1:172.21.15.78:6789/0] conn(0x7f2df8103480 0x7f2df819af80 secure :-1 s=READY pgs=27 cs=0 l=1 rev1=1 crypto rx=0x7f2de8000c00 tx=0x7f2de8011e70 comp rx=0 tx=0).stop
2023-07-14T18:56:03.169 INFO:teuthology.orchestra.run.smithi078.stdout:/usr/bin/ceph: stderr
2023-07-14T18:56:02.763+0000 7f2dfdff4700 1 -- 172.21.15.78:0/1807939483 shutdown_connections
2023-07-14T18:56:03.169 INFO:teuthology.orchestra.run.smithi078.stdout:/usr/bin/ceph: stderr
2023-07-14T18:56:02.763+0000 7f2dfdff4700 1 --2- 172.21.15.78:0/1807939483 >> [v2:172.21.15.78:6800/3249522727,v1:172.21.15.78:6801/3249522727] conn(0x7f2de00387d0 0x7f2de003ac80 unknown :-1 s=CLOSED pgs=0 cs=0 l=1 rev1=0 crypto rx=0 tx=0 comp rx=0 tx=0).stop
2023-07-14T18:56:03.169 INFO:teuthology.orchestra.run.smithi078.stdout:/usr/bin/ceph: stderr
2023-07-14T18:56:02.763+0000 7f2dfdff4700 1 --2- 172.21.15.78:0/1807939483 >> [v2:172.21.15.78:3300/0,v1:172.21.15.78:6789/0] conn(0x7f2df8103480 0x7f2df819af80 unknown :-1 s=CLOSED pgs=27 cs=0 l=1 rev1=1 crypto rx=0 tx=0 comp rx=0 tx=0).stop
2023-07-14T18:56:03.169 INFO:teuthology.orchestra.run.smithi078.stdout:/usr/bin/ceph: stderr
2023-07-14T18:56:02.763+0000 7f2dfdff4700 1 -- 172.21.15.78:0/1807939483 >> 172.21.15.78:0/1807939483 conn(0x7f2df80fee80 msgr2=0x7f2df8191e70 unknown :-1 s=STATE_NONE l=0).mark_down
2023-07-14T18:56:03.169 INFO:teuthology.orchestra.run.smithi078.stdout:/usr/bin/ceph: stderr
2023-07-14T18:56:02.763+0000 7f2dfdff4700 1 -- 172.21.15.78:0/1807939483 shutdown_connections
2023-07-14T18:56:03.169 INFO:teuthology.orchestra.run.smithi078.stdout:/usr/bin/ceph: stderr
2023-07-14T18:56:02.763+0000 7f2dfdff4700 1 -- 172.21.15.78:0/1807939483 wait complete.
2023-07-14T18:56:03.169 INFO:teuthology.orchestra.run.smithi078.stdout:Waiting for the mgr to restart...
2023-07-14T18:56:03.170 INFO:teuthology.orchestra.run.smithi078.stdout:Waiting for mgr epoch 5...
2023-07-14T18:56:03.170 INFO:journalctl@ceph.mgr.x.smithi078.stdout:Jul 14 18:56:02 smithi078 ceph-e2ca1a0e-2277-11ee-9b33-001a4aab830c-mgr-x[127670]:
2023-07-14T18:56:02.896+0000 7f7e609ae200 -1 mgr[py] Module alerts has missing NOTIFY_TYPES member
2023-07-14T18:56:03.549 INFO:journalctl@ceph.mgr.x.smithi078.stdout:Jul 14 18:56:03 smithi078 ceph-e2ca1a0e-2277-11ee-9b33-001a4aab830c-mgr-x[127670]:
2023-07-14T18:56:03.328+0000 7f7e609ae200 -1 mgr[py] Module progress has missing NOTIFY_TYPES member
2023-07-14T18:56:03.912 INFO:journalctl@ceph.mon.a.smithi078.stdout:Jul 14 18:56:03 smithi078 ceph-mon[127425]: from='client.? 172.21.15.78:0/1807939483' entity='client.admin' cmd=[{"prefix": "mgr stat"}]: dispatch
2023-07-14T18:56:04.299 INFO:journalctl@ceph.mgr.x.smithi078.stdout:Jul 14 18:56:03 smithi078 ceph-e2ca1a0e-2277-11ee-9b33-001a4aab830c-mgr-x[127670]:
2023-07-14T18:56:03.905+0000 7f7e609ae200 -1 mgr[py] Module rook has missing NOTIFY_TYPES member
2023-07-14T18:56:04.299 INFO:journalctl@ceph.mgr.x.smithi078.stdout:Jul 14 18:56:04 smithi078 ceph-e2ca1a0e-2277-11ee-9b33-001a4aab830c-mgr-x[127670]:
2023-07-14T18:56:04.074+0000 7f7e609ae200 -1 mgr[py] Module iostat has missing NOTIFY_TYPES member
2023-07-14T18:56:05.097 INFO:journalctl@ceph.mgr.x.smithi078.stdout:Jul 14 18:56:04 smithi078 ceph-e2ca1a0e-2277-11ee-9b33-001a4aab830c-mgr-x[127670]:
2023-07-14T18:56:04.831+0000 7f7e609ae200 -1 mgr[py] Module test_orchestrator has missing NOTIFY_TYPES member
2023-07-14T18:56:05.098 INFO:journalctl@ceph.mgr.x.smithi078.stdout:Jul 14 18:56:04 smithi078 ceph-e2ca1a0e-2277-11ee-9b33-001a4aab830c-mgr-x[127670]:
2023-07-14T18:56:04.920+0000 7f7e609ae200 -1 mgr[py] Module osd_perf_query has missing NOTIFY_TYPES member
2023-07-14T18:56:05.098 INFO:journalctl@ceph.mgr.x.smithi078.stdout:Jul 14 18:56:05 smithi078 ceph-e2ca1a0e-2277-11ee-9b33-001a4aab830c-mgr-x[127670]:
2023-07-14T18:56:05.091+0000 7f7e609ae200 -1 mgr[py] Module orchestrator has missing NOTIFY_TYPES member
2023-07-14T18:56:05.742 INFO:journalctl@ceph.mgr.x.smithi078.stdout:Jul 14 18:56:05 smithi078 ceph-e2ca1a0e-2277-11ee-9b33-001a4aab830c-mgr-x[127670]:
2023-07-14T18:56:05.365+0000 7f7e609ae200 -1 mgr[py] Module rgw has missing NOTIFY_TYPES member
2023-07-14T18:56:05.742 INFO:journalctl@ceph.mgr.x.smithi078.stdout:Jul 14 18:56:05 smithi078 ceph-e2ca1a0e-2277-11ee-9b33-001a4aab830c-mgr-x[127670]:
2023-07-14T18:56:05.590+0000 7f7e609ae200 -1 mgr[py] Module influx has missing NOTIFY_TYPES member
2023-07-14T18:56:05.742 INFO:journalctl@ceph.mgr.x.smithi078.stdout:Jul 14 18:56:05 smithi078 ceph-e2ca1a0e-2277-11ee-9b33-001a4aab830c-mgr-x[127670]:
2023-07-14T18:56:05.735+0000 7f7e609ae200 -1 mgr[py] Module telemetry has missing NOTIFY_TYPES member
2023-07-14T18:56:06.299 INFO:journalctl@ceph.mgr.x.smithi078.stdout:Jul 14 18:56:05 smithi078 ceph-e2ca1a0e-2277-11ee-9b33-001a4aab830c-mgr-x[127670]:
2023-07-14T18:56:05.993+0000 7f7e609ae200 -1 mgr[py] Module telegraf has missing NOTIFY_TYPES member
2023-07-14T18:56:07.010 INFO:journalctl@ceph.mgr.x.smithi078.stdout:Jul 14 18:56:06 smithi078 ceph-e2ca1a0e-2277-11ee-9b33-001a4aab830c-mgr-x[127670]:
2023-07-14T18:56:06.685+0000 7f7e609ae200 -1 mgr[py] Module balancer has missing NOTIFY_TYPES member
2023-07-14T18:56:07.010 INFO:journalctl@ceph.mgr.x.smithi078.stdout:Jul 14 18:56:06 smithi078 ceph-e2ca1a0e-2277-11ee-9b33-001a4aab830c-mgr-x[127670]:
2023-07-14T18:56:06.814+0000 7f7e609ae200 -1 mgr[py] Module diskprediction_local has missing NOTIFY_TYPES member
2023-07-14T18:56:07.299 INFO:journalctl@ceph.mgr.x.smithi078.stdout:Jul 14 18:56:07 smithi078 ceph-e2ca1a0e-2277-11ee-9b33-001a4aab830c-mgr-x[127670]:
2023-07-14T18:56:07.003+0000 7f7e609ae200 -1 mgr[py] Module nfs has missing NOTIFY_TYPES member
2023-07-14T18:56:07.299 INFO:journalctl@ceph.mgr.x.smithi078.stdout:Jul 14 18:56:07 smithi078 ceph-e2ca1a0e-2277-11ee-9b33-001a4aab830c-mgr-x[127670]:
2023-07-14T18:56:07.116+0000 7f7e609ae200 -1 mgr[py] Module rbd_support has missing NOTIFY_TYPES member
2023-07-14T18:56:07.799 INFO:journalctl@ceph.mgr.x.smithi078.stdout:Jul 14 18:56:07 smithi078 ceph-e2ca1a0e-2277-11ee-9b33-001a4aab830c-mgr-x[127670]:
2023-07-14T18:56:07.331+0000 7f7e609ae200 -1 mgr[py] Module volumes has missing NOTIFY_TYPES member
2023-07-14T18:56:08.549 INFO:journalctl@ceph.mgr.x.smithi078.stdout:Jul 14 18:56:08 smithi078 ceph-e2ca1a0e-2277-11ee-9b33-001a4aab830c-mgr-x[127670]:
2023-07-14T18:56:08.176+0000 7f7e609ae200 -1 mgr[py] Module pg_autoscaler has missing NOTIFY_TYPES member
2023-07-14T18:56:08.549 INFO:journalctl@ceph.mon.a.smithi078.stdout:Jul 14 18:56:08 smithi078 ceph-mon[127425]: Active manager daemon x restarted
2023-07-14T18:56:08.549 INFO:journalctl@ceph.mon.a.smithi078.stdout:Jul 14 18:56:08 smithi078 ceph-mon[127425]: Activating manager daemon x
2023-07-14T18:56:08.549 INFO:journalctl@ceph.mon.a.smithi078.stdout:Jul 14 18:56:08 smithi078 ceph-mon[127425]: osdmap e2: 0 total, 0 up, 0 in
2023-07-14T18:56:08.550 INFO:journalctl@ceph.mon.a.smithi078.stdout:Jul 14 18:56:08 smithi078 ceph-mon[127425]: mgrmap e6: x(active, starting, since 0.00326382s)
2023-07-14T18:56:08.550 INFO:journalctl@ceph.mon.a.smithi078.stdout:Jul 14 18:56:08 smithi078 ceph-mon[127425]: from='mgr.14120 172.21.15.78:0/2124955082' entity='mgr.x' cmd=[{"prefix": "mon metadata", "id": "a"}]: dispatch
2023-07-14T18:56:08.550 INFO:journalctl@ceph.mon.a.smithi078.stdout:Jul 14 18:56:08 smithi078 ceph-mon[127425]: from='mgr.14120 172.21.15.78:0/2124955082' entity='mgr.x' cmd=[{"prefix": "mgr metadata", "who": "x", "id": "x"}]: dispatch
2023-07-14T18:56:08.550 INFO:journalctl@ceph.mon.a.smithi078.stdout:Jul 14 18:56:08 smithi078 ceph-mon[127425]: from='mgr.14120 172.21.15.78:0/2124955082' entity='mgr.x' cmd=[{"prefix": "mds metadata"}]: dispatch
2023-07-14T18:56:08.550 INFO:journalctl@ceph.mon.a.smithi078.stdout:Jul 14 18:56:08 smithi078 ceph-mon[127425]: from='mgr.14120 172.21.15.78:0/2124955082' entity='mgr.x' cmd=[{"prefix": "osd metadata"}]: dispatch
2023-07-14T18:56:08.550 INFO:journalctl@ceph.mon.a.smithi078.stdout:Jul 14 18:56:08 smithi078 ceph-mon[127425]: from='mgr.14120 172.21.15.78:0/2124955082' entity='mgr.x' cmd=[{"prefix": "mon metadata"}]: dispatch
2023-07-14T18:56:08.550 INFO:journalctl@ceph.mon.a.smithi078.stdout:Jul 14 18:56:08 smithi078 ceph-mon[127425]: Manager daemon x is now available
2023-07-14T18:56:08.551 INFO:journalctl@ceph.mon.a.smithi078.stdout:Jul 14 18:56:08 smithi078 ceph-mon[127425]: from='mgr.14120 172.21.15.78:0/2124955082' entity='mgr.x'
2023-07-14T18:56:08.551 INFO:journalctl@ceph.mon.a.smithi078.stdout:Jul 14 18:56:08 smithi078 ceph-mon[127425]: from='mgr.14120 172.21.15.78:0/2124955082' entity='mgr.x'
2023-07-14T18:56:08.551 INFO:journalctl@ceph.mon.a.smithi078.stdout:Jul 14 18:56:08 smithi078 ceph-mon[127425]: from='mgr.14120 172.21.15.78:0/2124955082' entity='mgr.x' cmd=[{"prefix": "config dump", "format": "json"}]: dispatch
2023-07-14T18:56:08.551 INFO:journalctl@ceph.mon.a.smithi078.stdout:Jul 14 18:56:08 smithi078 ceph-mon[127425]: from='mgr.14120 172.21.15.78:0/2124955082' entity='mgr.x' cmd=[{"prefix": "config dump", "format": "json"}]: dispatch
2023-07-14T18:56:08.551 INFO:journalctl@ceph.mon.a.smithi078.stdout:Jul 14 18:56:08 smithi078 ceph-mon[127425]: from='mgr.14120 172.21.15.78:0/2124955082' entity='mgr.x' cmd=[{"prefix": "config dump", "format": "json"}]: dispatch
2023-07-14T18:56:09.549 INFO:journalctl@ceph.mon.a.smithi078.stdout:Jul 14 18:56:09 smithi078 ceph-mon[127425]: Found migration_current of "None". Setting to last migration.
2023-07-14T18:56:09.549 INFO:journalctl@ceph.mon.a.smithi078.stdout:Jul 14 18:56:09 smithi078 ceph-mon[127425]: from='mgr.14120 172.21.15.78:0/2124955082' entity='mgr.x' cmd=[{"prefix":"config rm","who":"mgr","name":"mgr/rbd_support/x/mirror_snapshot_schedule"}]: dispatch
2023-07-14T18:56:09.549 INFO:journalctl@ceph.mon.a.smithi078.stdout:Jul 14 18:56:09 smithi078 ceph-mon[127425]: from='mgr.14120 172.21.15.78:0/2124955082' entity='mgr.x' cmd=[{"prefix":"config rm","who":"mgr","name":"mgr/rbd_support/x/trash_purge_schedule"}]: dispatch
2023-07-14T18:56:09.550 INFO:journalctl@ceph.mon.a.smithi078.stdout:Jul 14 18:56:09 smithi078 ceph-mon[127425]: from='mgr.14120 172.21.15.78:0/2124955082' entity='mgr.x'
2023-07-14T18:56:09.550 INFO:journalctl@ceph.mon.a.smithi078.stdout:Jul 14 18:56:09 smithi078 ceph-mon[127425]: from='mgr.14120 172.21.15.78:0/2124955082' entity='mgr.x'
2023-07-14T18:56:09.550 INFO:journalctl@ceph.mon.a.smithi078.stdout:Jul 14 18:56:09 smithi078 ceph-mon[127425]: mgrmap e7: x(active, since 1.00499s)
2023-07-14T18:56:09.616 INFO:teuthology.orchestra.run.smithi078.stdout:/usr/bin/ceph: stdout {
2023-07-14T18:56:09.617 INFO:teuthology.orchestra.run.smithi078.stdout:/usr/bin/ceph: stdout "mgrmap_epoch": 7,
2023-07-14T18:56:09.617 INFO:teuthology.orchestra.run.smithi078.stdout:/usr/bin/ceph: stdout "initialized": true
2023-07-14T18:56:09.617 INFO:teuthology.orchestra.run.smithi078.stdout:/usr/bin/ceph: stdout }
2023-07-14T18:56:09.617 INFO:teuthology.orchestra.run.smithi078.stdout:/usr/bin/ceph: stderr
2023-07-14T18:56:03.612+0000 7fc7ae98c700 1 Processor -- start
2023-07-14T18:56:09.617 INFO:teuthology.orchestra.run.smithi078.stdout:/usr/bin/ceph: stderr
2023-07-14T18:56:03.612+0000 7fc7ae98c700 1 -- start start
2023-07-14T18:56:09.617 INFO:teuthology.orchestra.run.smithi078.stdout:/usr/bin/ceph: stderr
2023-07-14T18:56:03.612+0000 7fc7ae98c700 1 --2- >> [v2:172.21.15.78:3300/0,v1:172.21.15.78:6789/0] conn(0x7fc7a8079c90 0x7fc7a8107d60 unknown :-1 s=NONE pgs=0 cs=0 l=0 rev1=0 crypto rx=0 tx=0 comp rx=0 tx=0).connect
2023-07-14T18:56:09.618 INFO:teuthology.orchestra.run.smithi078.stdout:/usr/bin/ceph: stderr
2023-07-14T18:56:03.612+0000 7fc7ae98c700 1 -- --> [v2:172.21.15.78:3300/0,v1:172.21.15.78:6789/0] -- mon_getmap magic: 0 v1 -- 0x7fc7a81082a0 con 0x7fc7a8079c90
2023-07-14T18:56:09.618 INFO:teuthology.orchestra.run.smithi078.stdout:/usr/bin/ceph: stderr
2023-07-14T18:56:03.613+0000 7fc7a7fff700 1 --2- >> [v2:172.21.15.78:3300/0,v1:172.21.15.78:6789/0] conn(0x7fc7a8079c90 0x7fc7a8107d60 unknown :-1 s=BANNER_CONNECTING pgs=0 cs=0 l=0 rev1=0 crypto rx=0 tx=0 comp rx=0 tx=0)._handle_peer_banner_payload supported=3 required=0
2023-07-14T18:56:09.618 INFO:teuthology.orchestra.run.smithi078.stdout:/usr/bin/ceph: stderr
2023-07-14T18:56:03.613+0000 7fc7a7fff700 1 --2- >> [v2:172.21.15.78:3300/0,v1:172.21.15.78:6789/0] conn(0x7fc7a8079c90 0x7fc7a8107d60 unknown :-1 s=HELLO_CONNECTING pgs=0 cs=0 l=0 rev1=1 crypto rx=0 tx=0 comp rx=0 tx=0).handle_hello peer v2:172.21.15.78:3300/0 says I am v2:172.21.15.78:33214/0 (socket says 172.21.15.78:33214)
2023-07-14T18:56:09.618 INFO:teuthology.orchestra.run.smithi078.stdout:/usr/bin/ceph: stderr
2023-07-14T18:56:03.613+0000 7fc7a7fff700 1 -- 172.21.15.78:0/1260414700 learned_addr learned my addr 172.21.15.78:0/1260414700 (peer_addr_for_me v2:172.21.15.78:0/0)
2023-07-14T18:56:09.618 INFO:teuthology.orchestra.run.smithi078.stdout:/usr/bin/ceph: stderr
2023-07-14T18:56:03.613+0000 7fc7a7fff700 1 -- 172.21.15.78:0/1260414700 --> [v2:172.21.15.78:3300/0,v1:172.21.15.78:6789/0] -- mon_subscribe({config=0+,monmap=0+}) v3 -- 0x7fc7a81083e0 con 0x7fc7a8079c90
2023-07-14T18:56:09.618 INFO:teuthology.orchestra.run.smithi078.stdout:/usr/bin/ceph: stderr
2023-07-14T18:56:03.613+0000 7fc7a7fff700 1 --2- 172.21.15.78:0/1260414700 >> [v2:172.21.15.78:3300/0,v1:172.21.15.78:6789/0] conn(0x7fc7a8079c90 0x7fc7a8107d60 secure :-1 s=READY pgs=28 cs=0 l=1 rev1=1 crypto rx=0x7fc7980098a0 tx=0x7fc798009bb0 comp rx=0 tx=0).ready entity=mon.0 client_cookie=567675089c228d3e server_cookie=0 in_seq=0 out_seq=0
2023-07-14T18:56:09.618 INFO:teuthology.orchestra.run.smithi078.stdout:/usr/bin/ceph: stderr
2023-07-14T18:56:03.613+0000 7fc7a6ffd700 1 -- 172.21.15.78:0/1260414700 <== mon.0 v2:172.21.15.78:3300/0 1 ==== mon_map magic: 0 v1 ==== 205+0+0 (secure 0 0 0) 0x7fc798004160 con 0x7fc7a8079c90
2023-07-14T18:56:09.619 INFO:teuthology.orchestra.run.smithi078.stdout:/usr/bin/ceph: stderr
2023-07-14T18:56:03.613+0000 7fc7a6ffd700 1 -- 172.21.15.78:0/1260414700 <== mon.0 v2:172.21.15.78:3300/0 2 ==== config(25 keys) v1 ==== 1036+0+0 (secure 0 0 0) 0x7fc7980042c0 con 0x7fc7a8079c90
2023-07-14T18:56:09.619 INFO:teuthology.orchestra.run.smithi078.stdout:/usr/bin/ceph: stderr
2023-07-14T18:56:03.613+0000 7fc7a6ffd700 1 -- 172.21.15.78:0/1260414700 <== mon.0 v2:172.21.15.78:3300/0 3 ==== mon_map magic: 0 v1 ==== 205+0+0 (secure 0 0 0) 0x7fc798011940 con 0x7fc7a8079c90
2023-07-14T18:56:09.619 INFO:teuthology.orchestra.run.smithi078.stdout:/usr/bin/ceph: stderr
2023-07-14T18:56:03.614+0000 7fc7ae98c700 1 -- 172.21.15.78:0/1260414700 >> [v2:172.21.15.78:3300/0,v1:172.21.15.78:6789/0] conn(0x7fc7a8079c90 msgr2=0x7fc7a8107d60 secure :-1 s=STATE_CONNECTION_ESTABLISHED l=1).mark_down
2023-07-14T18:56:09.619 INFO:teuthology.orchestra.run.smithi078.stdout:/usr/bin/ceph: stderr
2023-07-14T18:56:03.614+0000 7fc7ae98c700 1 --2- 172.21.15.78:0/1260414700 >> [v2:172.21.15.78:3300/0,v1:172.21.15.78:6789/0] conn(0x7fc7a8079c90 0x7fc7a8107d60 secure :-1 s=READY pgs=28 cs=0 l=1 rev1=1 crypto rx=0x7fc7980098a0 tx=0x7fc798009bb0 comp rx=0 tx=0).stop
2023-07-14T18:56:09.619 INFO:teuthology.orchestra.run.smithi078.stdout:/usr/bin/ceph: stderr
2023-07-14T18:56:03.614+0000 7fc7ae98c700 1 -- 172.21.15.78:0/1260414700 shutdown_connections
2023-07-14T18:56:09.619 INFO:teuthology.orchestra.run.smithi078.stdout:/usr/bin/ceph: stderr
2023-07-14T18:56:03.614+0000 7fc7ae98c700 1 --2- 172.21.15.78:0/1260414700 >> [v2:172.21.15.78:3300/0,v1:172.21.15.78:6789/0] conn(0x7fc7a8079c90 0x7fc7a8107d60 unknown :-1 s=CLOSED pgs=28 cs=0 l=1 rev1=1 crypto rx=0 tx=0 comp rx=0 tx=0).stop
2023-07-14T18:56:09.619 INFO:teuthology.orchestra.run.smithi078.stdout:/usr/bin/ceph: stderr
2023-07-14T18:56:03.614+0000 7fc7ae98c700 1 -- 172.21.15.78:0/1260414700 >> 172.21.15.78:0/1260414700 conn(0x7fc7a80ff710 msgr2=0x7fc7a8101b20 unknown :-1 s=STATE_NONE l=0).mark_down
2023-07-14T18:56:09.619 INFO:teuthology.orchestra.run.smithi078.stdout:/usr/bin/ceph: stderr
2023-07-14T18:56:03.614+0000 7fc7ae98c700 1 -- 172.21.15.78:0/1260414700 shutdown_connections
2023-07-14T18:56:09.620 INFO:teuthology.orchestra.run.smithi078.stdout:/usr/bin/ceph: stderr
2023-07-14T18:56:03.614+0000 7fc7ae98c700 1 -- 172.21.15.78:0/1260414700 wait complete.
2023-07-14T18:56:09.620 INFO:teuthology.orchestra.run.smithi078.stdout:/usr/bin/ceph: stderr
2023-07-14T18:56:03.615+0000 7fc7ae98c700 1 Processor -- start
2023-07-14T18:56:09.620 INFO:teuthology.orchestra.run.smithi078.stdout:/usr/bin/ceph: stderr
2023-07-14T18:56:03.615+0000 7fc7ae98c700 1 -- start start
2023-07-14T18:56:09.620 INFO:teuthology.orchestra.run.smithi078.stdout:/usr/bin/ceph: stderr
2023-07-14T18:56:03.615+0000 7fc7ae98c700 1 --2- >> [v2:172.21.15.78:3300/0,v1:172.21.15.78:6789/0] conn(0x7fc7a8079c90 0x7fc7a8198d50 unknown :-1 s=NONE pgs=0 cs=0 l=1 rev1=0 crypto rx=0 tx=0 comp rx=0 tx=0).connect
2023-07-14T18:56:09.620 INFO:teuthology.orchestra.run.smithi078.stdout:/usr/bin/ceph: stderr
2023-07-14T18:56:03.615+0000 7fc7ae98c700 1 -- --> [v2:172.21.15.78:3300/0,v1:172.21.15.78:6789/0] -- mon_getmap magic: 0 v1 -- 0x7fc7a8199290 con 0x7fc7a8079c90
2023-07-14T18:56:09.620 INFO:teuthology.orchestra.run.smithi078.stdout:/usr/bin/ceph: stderr
2023-07-14T18:56:03.615+0000 7fc7a7fff700 1 --2- >> [v2:172.21.15.78:3300/0,v1:172.21.15.78:6789/0] conn(0x7fc7a8079c90 0x7fc7a8198d50 unknown :-1 s=BANNER_CONNECTING pgs=0 cs=0 l=1 rev1=0 crypto rx=0 tx=0 comp rx=0 tx=0)._handle_peer_banner_payload supported=3 required=0
2023-07-14T18:56:09.620 INFO:teuthology.orchestra.run.smithi078.stdout:/usr/bin/ceph: stderr
2023-07-14T18:56:03.615+0000 7fc7a7fff700 1 --2- >> [v2:172.21.15.78:3300/0,v1:172.21.15.78:6789/0] conn(0x7fc7a8079c90 0x7fc7a8198d50 unknown :-1 s=HELLO_CONNECTING pgs=0 cs=0 l=1 rev1=1 crypto rx=0 tx=0 comp rx=0 tx=0).handle_hello peer v2:172.21.15.78:3300/0 says I am v2:172.21.15.78:33216/0 (socket says 172.21.15.78:33216)
2023-07-14T18:56:09.621 INFO:teuthology.orchestra.run.smithi078.stdout:/usr/bin/ceph: stderr
2023-07-14T18:56:03.615+0000 7fc7a7fff700 1 -- 172.21.15.78:0/4159252615 learned_addr learned my addr 172.21.15.78:0/4159252615 (peer_addr_for_me v2:172.21.15.78:0/0)
2023-07-14T18:56:09.621 INFO:teuthology.orchestra.run.smithi078.stdout:/usr/bin/ceph: stderr
2023-07-14T18:56:03.616+0000 7fc7a7fff700 1 -- 172.21.15.78:0/4159252615 --> [v2:172.21.15.78:3300/0,v1:172.21.15.78:6789/0] -- mon_subscribe({config=0+,monmap=0+}) v3 -- 0x7fc798009550 con 0x7fc7a8079c90
2023-07-14T18:56:09.621 INFO:teuthology.orchestra.run.smithi078.stdout:/usr/bin/ceph: stderr
2023-07-14T18:56:03.616+0000 7fc7a7fff700 1 --2- 172.21.15.78:0/4159252615 >> [v2:172.21.15.78:3300/0,v1:172.21.15.78:6789/0] conn(0x7fc7a8079c90 0x7fc7a8198d50 secure :-1 s=READY pgs=29 cs=0 l=1 rev1=1 crypto rx=0x7fc798006af0 tx=0x7fc798011a30 comp rx=0 tx=0).ready entity=mon.0 client_cookie=0 server_cookie=0 in_seq=0 out_seq=0
2023-07-14T18:56:09.621 INFO:teuthology.orchestra.run.smithi078.stdout:/usr/bin/ceph: stderr
2023-07-14T18:56:03.616+0000 7fc7a57fa700 1 -- 172.21.15.78:0/4159252615 <== mon.0 v2:172.21.15.78:3300/0 1 ==== mon_map magic: 0 v1 ==== 205+0+0 (secure 0 0 0) 0x7fc798003c30 con 0x7fc7a8079c90
2023-07-14T18:56:09.621 INFO:teuthology.orchestra.run.smithi078.stdout:/usr/bin/ceph: stderr
2023-07-14T18:56:03.616+0000 7fc7a57fa700 1 -- 172.21.15.78:0/4159252615 <== mon.0 v2:172.21.15.78:3300/0 2 ==== config(25 keys) v1 ==== 1036+0+0 (secure 0 0 0) 0x7fc79801b8b0 con 0x7fc7a8079c90
2023-07-14T18:56:09.621 INFO:teuthology.orchestra.run.smithi078.stdout:/usr/bin/ceph: stderr
2023-07-14T18:56:03.616+0000 7fc7ae98c700 1 -- 172.21.15.78:0/4159252615 --> [v2:172.21.15.78:3300/0,v1:172.21.15.78:6789/0] -- mon_subscribe({mgrmap=0+}) v3 -- 0x7fc7a8199490 con 0x7fc7a8079c90
2023-07-14T18:56:09.621 INFO:teuthology.orchestra.run.smithi078.stdout:/usr/bin/ceph: stderr
2023-07-14T18:56:03.616+0000 7fc7a57fa700 1 -- 172.21.15.78:0/4159252615 <== mon.0 v2:172.21.15.78:3300/0 3 ==== mon_map magic: 0 v1 ==== 205+0+0 (secure 0 0 0) 0x7fc7980237d0 con 0x7fc7a8079c90
2023-07-14T18:56:09.621 INFO:teuthology.orchestra.run.smithi078.stdout:/usr/bin/ceph: stderr
2023-07-14T18:56:03.616+0000 7fc7ae98c700 1 -- 172.21.15.78:0/4159252615 --> [v2:172.21.15.78:3300/0,v1:172.21.15.78:6789/0] -- mon_subscribe({osdmap=0}) v3 -- 0x7fc7a81998b0 con 0x7fc7a8079c90
2023-07-14T18:56:09.622 INFO:teuthology.orchestra.run.smithi078.stdout:/usr/bin/ceph: stderr
2023-07-14T18:56:03.617+0000 7fc7a57fa700 1 -- 172.21.15.78:0/4159252615 <== mon.0 v2:172.21.15.78:3300/0 4 ==== mgrmap(e 5) v1 ==== 45483+0+0 (secure 0 0 0) 0x7fc798023a90 con 0x7fc7a8079c90
2023-07-14T18:56:09.622 INFO:teuthology.orchestra.run.smithi078.stdout:/usr/bin/ceph: stderr
2023-07-14T18:56:03.617+0000 7fc7a57fa700 1 --2- 172.21.15.78:0/4159252615 >> [v2:172.21.15.78:6800/3249522727,v1:172.21.15.78:6801/3249522727] conn(0x7fc790038780 0x7fc79003ac30 unknown :-1 s=NONE pgs=0 cs=0 l=1 rev1=0 crypto rx=0 tx=0 comp rx=0 tx=0).connect
2023-07-14T18:56:09.622 INFO:teuthology.orchestra.run.smithi078.stdout:/usr/bin/ceph: stderr
2023-07-14T18:56:03.617+0000 7fc7a57fa700 1 -- 172.21.15.78:0/4159252615 --> [v2:172.21.15.78:6800/3249522727,v1:172.21.15.78:6801/3249522727] -- command(tid 0: {"prefix": "get_command_descriptions"}) v1 -- 0x7fc79003b340 con 0x7fc790038780
2023-07-14T18:56:09.622 INFO:teuthology.orchestra.run.smithi078.stdout:/usr/bin/ceph: stderr
2023-07-14T18:56:03.617+0000 7fc7a57fa700 1 -- 172.21.15.78:0/4159252615 <== mon.0 v2:172.21.15.78:3300/0 5 ==== osd_map(1..1 src has 1..1) v4 ==== 725+0+0 (secure 0 0 0) 0x7fc79804cc10 con 0x7fc7a8079c90
2023-07-14T18:56:09.622 INFO:teuthology.orchestra.run.smithi078.stdout:/usr/bin/ceph: stderr
2023-07-14T18:56:03.617+0000 7fc7a77fe700 1 -- 172.21.15.78:0/4159252615 >> [v2:172.21.15.78:6800/3249522727,v1:172.21.15.78:6801/3249522727] conn(0x7fc790038780 msgr2=0x7fc79003ac30 unknown :-1 s=STATE_CONNECTING_RE l=1).process reconnect failed to v2:172.21.15.78:6800/3249522727
2023-07-14T18:56:09.622 INFO:teuthology.orchestra.run.smithi078.stdout:/usr/bin/ceph: stderr
2023-07-14T18:56:03.617+0000 7fc7a77fe700 1 --2- 172.21.15.78:0/4159252615 >> [v2:172.21.15.78:6800/3249522727,v1:172.21.15.78:6801/3249522727] conn(0x7fc790038780 0x7fc79003ac30 unknown :-1 s=START_CONNECT pgs=0 cs=0 l=1 rev1=0 crypto rx=0 tx=0 comp rx=0 tx=0)._fault waiting 0.200000
2023-07-14T18:56:09.622 INFO:teuthology.orchestra.run.smithi078.stdout:/usr/bin/ceph: stderr
2023-07-14T18:56:03.818+0000 7fc7a77fe700 1 -- 172.21.15.78:0/4159252615 >> [v2:172.21.15.78:6800/3249522727,v1:172.21.15.78:6801/3249522727] conn(0x7fc790038780 msgr2=0x7fc79003ac30 unknown :-1 s=STATE_CONNECTING_RE l=1).process reconnect failed to v2:172.21.15.78:6800/3249522727
2023-07-14T18:56:09.623 INFO:teuthology.orchestra.run.smithi078.stdout:/usr/bin/ceph: stderr
2023-07-14T18:56:03.818+0000 7fc7a77fe700 1 --2- 172.21.15.78:0/4159252615 >> [v2:172.21.15.78:6800/3249522727,v1:172.21.15.78:6801/3249522727] conn(0x7fc790038780 0x7fc79003ac30 unknown :-1 s=START_CONNECT pgs=0 cs=0 l=1 rev1=0 crypto rx=0 tx=0 comp rx=0 tx=0)._fault waiting 0.400000
2023-07-14T18:56:09.623 INFO:teuthology.orchestra.run.smithi078.stdout:/usr/bin/ceph: stderr
2023-07-14T18:56:04.219+0000 7fc7a77fe700 1 -- 172.21.15.78:0/4159252615 >> [v2:172.21.15.78:6800/3249522727,v1:172.21.15.78:6801/3249522727] conn(0x7fc790038780 msgr2=0x7fc79003ac30 unknown :-1 s=STATE_CONNECTING_RE l=1).process reconnect failed to v2:172.21.15.78:6800/3249522727
2023-07-14T18:56:09.623 INFO:teuthology.orchestra.run.smithi078.stdout:/usr/bin/ceph: stderr
2023-07-14T18:56:04.219+0000 7fc7a77fe700 1 --2- 172.21.15.78:0/4159252615 >> [v2:172.21.15.78:6800/3249522727,v1:172.21.15.78:6801/3249522727] conn(0x7fc790038780 0x7fc79003ac30 unknown :-1 s=START_CONNECT pgs=0 cs=0 l=1 rev1=0 crypto rx=0 tx=0 comp rx=0 tx=0)._fault waiting 0.800000
2023-07-14T18:56:09.623 INFO:teuthology.orchestra.run.smithi078.stdout:/usr/bin/ceph: stderr
2023-07-14T18:56:05.020+0000 7fc7a77fe700 1 -- 172.21.15.78:0/4159252615 >> [v2:172.21.15.78:6800/3249522727,v1:172.21.15.78:6801/3249522727] conn(0x7fc790038780 msgr2=0x7fc79003ac30 unknown :-1 s=STATE_CONNECTING_RE l=1).process reconnect failed to v2:172.21.15.78:6800/3249522727
2023-07-14T18:56:09.623 INFO:teuthology.orchestra.run.smithi078.stdout:/usr/bin/ceph: stderr
2023-07-14T18:56:05.020+0000 7fc7a77fe700 1 --2- 172.21.15.78:0/4159252615 >> [v2:172.21.15.78:6800/3249522727,v1:172.21.15.78:6801/3249522727] conn(0x7fc790038780 0x7fc79003ac30 unknown :-1 s=START_CONNECT pgs=0 cs=0 l=1 rev1=0 crypto rx=0 tx=0 comp rx=0 tx=0)._fault waiting 1.600000
2023-07-14T18:56:09.623 INFO:teuthology.orchestra.run.smithi078.stdout:/usr/bin/ceph: stderr
2023-07-14T18:56:06.621+0000 7fc7a77fe700 1 -- 172.21.15.78:0/4159252615 >> [v2:172.21.15.78:6800/3249522727,v1:172.21.15.78:6801/3249522727] conn(0x7fc790038780 msgr2=0x7fc79003ac30 unknown :-1 s=STATE_CONNECTING_RE l=1).process reconnect failed to v2:172.21.15.78:6800/3249522727
2023-07-14T18:56:09.623 INFO:teuthology.orchestra.run.smithi078.stdout:/usr/bin/ceph: stderr
2023-07-14T18:56:06.621+0000 7fc7a77fe700 1 --2- 172.21.15.78:0/4159252615 >> [v2:172.21.15.78:6800/3249522727,v1:172.21.15.78:6801/3249522727] conn(0x7fc790038780 0x7fc79003ac30 unknown :-1 s=START_CONNECT pgs=0 cs=0 l=1 rev1=0 crypto rx=0 tx=0 comp rx=0 tx=0)._fault waiting 3.200000
2023-07-14T18:56:09.623 INFO:teuthology.orchestra.run.smithi078.stdout:/usr/bin/ceph: stderr
2023-07-14T18:56:08.191+0000 7fc7a57fa700 1 -- 172.21.15.78:0/4159252615 <== mon.0 v2:172.21.15.78:3300/0 6 ==== mgrmap(e 6) v1 ==== 45250+0+0 (secure 0 0 0) 0x7fc79802c3f0 con 0x7fc7a8079c90
2023-07-14T18:56:09.624 INFO:teuthology.orchestra.run.smithi078.stdout:/usr/bin/ceph: stderr
2023-07-14T18:56:08.191+0000 7fc7a57fa700 1 -- 172.21.15.78:0/4159252615 >> [v2:172.21.15.78:6800/3249522727,v1:172.21.15.78:6801/3249522727] conn(0x7fc790038780 msgr2=0x7fc79003ac30 unknown :-1 s=STATE_CONNECTING l=1).mark_down
2023-07-14T18:56:09.624 INFO:teuthology.orchestra.run.smithi078.stdout:/usr/bin/ceph: stderr
2023-07-14T18:56:08.191+0000 7fc7a57fa700 1 --2- 172.21.15.78:0/4159252615 >> [v2:172.21.15.78:6800/3249522727,v1:172.21.15.78:6801/3249522727] conn(0x7fc790038780 0x7fc79003ac30 unknown :-1 s=START_CONNECT pgs=0 cs=0 l=1 rev1=0 crypto rx=0 tx=0 comp rx=0 tx=0).stop
2023-07-14T18:56:09.624 INFO:teuthology.orchestra.run.smithi078.stdout:/usr/bin/ceph: stderr
2023-07-14T18:56:09.192+0000 7fc7a57fa700 1 -- 172.21.15.78:0/4159252615 <== mon.0 v2:172.21.15.78:3300/0 7 ==== mgrmap(e 7) v1 ==== 45377+0+0 (secure 0 0 0) 0x7fc79804e5a0 con 0x7fc7a8079c90
2023-07-14T18:56:09.624 INFO:teuthology.orchestra.run.smithi078.stdout:/usr/bin/ceph: stderr
2023-07-14T18:56:09.192+0000 7fc7a57fa700 1 --2- 172.21.15.78:0/4159252615 >> [v2:172.21.15.78:6800/378103227,v1:172.21.15.78:6801/378103227] conn(0x7fc79003bfb0 0x7fc79003e390 unknown :-1 s=NONE pgs=0 cs=0 l=1 rev1=0 crypto rx=0 tx=0 comp rx=0 tx=0).connect
2023-07-14T18:56:09.624 INFO:teuthology.orchestra.run.smithi078.stdout:/usr/bin/ceph: stderr
2023-07-14T18:56:09.192+0000 7fc7a57fa700 1 -- 172.21.15.78:0/4159252615 --> [v2:172.21.15.78:6800/378103227,v1:172.21.15.78:6801/378103227] -- command(tid 0: {"prefix": "get_command_descriptions"}) v1 -- 0x7fc79003b340 con 0x7fc79003bfb0
2023-07-14T18:56:09.624 INFO:teuthology.orchestra.run.smithi078.stdout:/usr/bin/ceph: stderr
2023-07-14T18:56:09.192+0000 7fc7a77fe700 1 --2- 172.21.15.78:0/4159252615 >> [v2:172.21.15.78:6800/378103227,v1:172.21.15.78:6801/378103227] conn(0x7fc79003bfb0 0x7fc79003e390 unknown :-1 s=BANNER_CONNECTING pgs=0 cs=0 l=1 rev1=0 crypto rx=0 tx=0 comp rx=0 tx=0)._handle_peer_banner_payload supported=3 required=0
2023-07-14T18:56:09.624 INFO:teuthology.orchestra.run.smithi078.stdout:/usr/bin/ceph: stderr
2023-07-14T18:56:09.193+0000 7fc7a77fe700 1 --2- 172.21.15.78:0/4159252615 >> [v2:172.21.15.78:6800/378103227,v1:172.21.15.78:6801/378103227] conn(0x7fc79003bfb0 0x7fc79003e390 secure :-1 s=READY pgs=2 cs=0 l=1 rev1=1 crypto rx=0x7fc79c003a10 tx=0x7fc79c009290 comp rx=0 tx=0).ready entity=mgr.14120 client_cookie=0 server_cookie=0 in_seq=0 out_seq=0
2023-07-14T18:56:09.625 INFO:teuthology.orchestra.run.smithi078.stdout:/usr/bin/ceph: stderr
2023-07-14T18:56:09.194+0000 7fc7a57fa700 1 -- 172.21.15.78:0/4159252615 <== mgr.14120 v2:172.21.15.78:6800/378103227 1 ==== command_reply(tid 0: 0 ) v1 ==== 8+0+6910 (secure 0 0 0) 0x7fc79003b340 con 0x7fc79003bfb0
2023-07-14T18:56:09.625 INFO:teuthology.orchestra.run.smithi078.stdout:/usr/bin/ceph: stderr
2023-07-14T18:56:09.199+0000 7fc7ae98c700 1 -- 172.21.15.78:0/4159252615 --> [v2:172.21.15.78:6800/378103227,v1:172.21.15.78:6801/378103227] -- command(tid 1: {"prefix": "mgr_status"}) v1 -- 0x7fc7a8061c70 con 0x7fc79003bfb0
2023-07-14T18:56:09.625 INFO:teuthology.orchestra.run.smithi078.stdout:/usr/bin/ceph: stderr
2023-07-14T18:56:09.200+0000 7fc7a57fa700 1 -- 172.21.15.78:0/4159252615 <== mgr.14120 v2:172.21.15.78:6800/378103227 2 ==== command_reply(tid 1: 0 ) v1 ==== 8+0+51 (secure 0 0 0) 0x7fc7a8061c70 con 0x7fc79003bfb0
2023-07-14T18:56:09.625 INFO:teuthology.orchestra.run.smithi078.stdout:/usr/bin/ceph: stderr
2023-07-14T18:56:09.200+0000 7fc7ae98c700 1 -- 172.21.15.78:0/4159252615 >> [v2:172.21.15.78:6800/378103227,v1:172.21.15.78:6801/378103227] conn(0x7fc79003bfb0 msgr2=0x7fc79003e390 secure :-1 s=STATE_CONNECTION_ESTABLISHED l=1).mark_down
2023-07-14T18:56:09.625 INFO:teuthology.orchestra.run.smithi078.stdout:/usr/bin/ceph: stderr
2023-07-14T18:56:09.200+0000 7fc7ae98c700 1 --2- 172.21.15.78:0/4159252615 >> [v2:172.21.15.78:6800/378103227,v1:172.21.15.78:6801/378103227] conn(0x7fc79003bfb0 0x7fc79003e390 secure :-1 s=READY pgs=2 cs=0 l=1 rev1=1 crypto rx=0x7fc79c003a10 tx=0x7fc79c009290 comp rx=0 tx=0).stop
2023-07-14T18:56:09.625 INFO:teuthology.orchestra.run.smithi078.stdout:/usr/bin/ceph: stderr
2023-07-14T18:56:09.200+0000 7fc7ae98c700 1 -- 172.21.15.78:0/4159252615 >> [v2:172.21.15.78:3300/0,v1:172.21.15.78:6789/0] conn(0x7fc7a8079c90 msgr2=0x7fc7a8198d50 secure :-1 s=STATE_CONNECTION_ESTABLISHED l=1).mark_down
2023-07-14T18:56:09.625 INFO:teuthology.orchestra.run.smithi078.stdout:/usr/bin/ceph: stderr
2023-07-14T18:56:09.200+0000 7fc7ae98c700 1 --2- 172.21.15.78:0/4159252615 >> [v2:172.21.15.78:3300/0,v1:172.21.15.78:6789/0] conn(0x7fc7a8079c90 0x7fc7a8198d50 secure :-1 s=READY pgs=29 cs=0 l=1 rev1=1 crypto rx=0x7fc798006af0 tx=0x7fc798011a30 comp rx=0 tx=0).stop
2023-07-14T18:56:09.625 INFO:teuthology.orchestra.run.smithi078.stdout:/usr/bin/ceph: stderr
2023-07-14T18:56:09.200+0000 7fc7ae98c700 1 -- 172.21.15.78:0/4159252615 shutdown_connections
2023-07-14T18:56:09.626 INFO:teuthology.orchestra.run.smithi078.stdout:/usr/bin/ceph: stderr
2023-07-14T18:56:09.200+0000 7fc7ae98c700 1 --2- 172.21.15.78:0/4159252615 >> [v2:172.21.15.78:6800/378103227,v1:172.21.15.78:6801/378103227] conn(0x7fc79003bfb0 0x7fc79003e390 unknown :-1 s=CLOSED pgs=2 cs=0 l=1 rev1=1 crypto rx=0 tx=0 comp rx=0 tx=0).stop
2023-07-14T18:56:09.626 INFO:teuthology.orchestra.run.smithi078.stdout:/usr/bin/ceph: stderr
2023-07-14T18:56:09.200+0000 7fc7ae98c700 1 --2- 172.21.15.78:0/4159252615 >> [v2:172.21.15.78:3300/0,v1:172.21.15.78:6789/0] conn(0x7fc7a8079c90 0x7fc7a8198d50 unknown :-1 s=CLOSED pgs=29 cs=0 l=1 rev1=1 crypto rx=0 tx=0 comp rx=0 tx=0).stop
2023-07-14T18:56:09.626 INFO:teuthology.orchestra.run.smithi078.stdout:/usr/bin/ceph: stderr
2023-07-14T18:56:09.200+0000 7fc7ae98c700 1 --2- 172.21.15.78:0/4159252615 >> [v2:172.21.15.78:6800/3249522727,v1:172.21.15.78:6801/3249522727] conn(0x7fc790038780 0x7fc79003ac30 unknown :-1 s=CLOSED pgs=0 cs=0 l=1 rev1=0 crypto rx=0 tx=0 comp rx=0 tx=0).stop
2023-07-14T18:56:09.626 INFO:teuthology.orchestra.run.smithi078.stdout:/usr/bin/ceph: stderr
2023-07-14T18:56:09.200+0000 7fc7ae98c700 1 -- 172.21.15.78:0/4159252615 >> 172.21.15.78:0/4159252615 conn(0x7fc7a80ff710 msgr2=0x7fc7a81003e0 unknown :-1 s=STATE_NONE l=0).mark_down
2023-07-14T18:56:09.626 INFO:teuthology.orchestra.run.smithi078.stdout:/usr/bin/ceph: stderr
2023-07-14T18:56:09.200+0000 7fc7ae98c700 1 -- 172.21.15.78:0/4159252615 shutdown_connections
2023-07-14T18:56:09.626 INFO:teuthology.orchestra.run.smithi078.stdout:/usr/bin/ceph: stderr
2023-07-14T18:56:09.200+0000 7fc7ae98c700 1 -- 172.21.15.78:0/4159252615 wait complete.
2023-07-14T18:56:09.626 INFO:teuthology.orchestra.run.smithi078.stdout:mgr epoch 5 is available
2023-07-14T18:56:09.627 INFO:teuthology.orchestra.run.smithi078.stdout:Setting orchestrator backend to cephadm...
2023-07-14T18:56:10.549 INFO:journalctl@ceph.mon.a.smithi078.stdout:Jul 14 18:56:10 smithi078 ceph-mon[127425]: from='client.14124 -' entity='client.admin' cmd=[{"prefix": "get_command_descriptions"}]: dispatch
2023-07-14T18:56:10.549 INFO:journalctl@ceph.mon.a.smithi078.stdout:Jul 14 18:56:10 smithi078 ceph-mon[127425]: from='client.14124 -' entity='client.admin' cmd=[{"prefix": "mgr_status"}]: dispatch
2023-07-14T18:56:10.549 INFO:journalctl@ceph.mon.a.smithi078.stdout:Jul 14 18:56:10 smithi078 ceph-mon[127425]: [14/Jul/2023:18:56:09] ENGINE Bus STARTING
2023-07-14T18:56:10.549 INFO:journalctl@ceph.mon.a.smithi078.stdout:Jul 14 18:56:10 smithi078 ceph-mon[127425]: [14/Jul/2023:18:56:09] ENGINE Serving on http://172.21.15.78:8765
2023-07-14T18:56:10.549 INFO:journalctl@ceph.mon.a.smithi078.stdout:Jul 14 18:56:10 smithi078 ceph-mon[127425]: [14/Jul/2023:18:56:09] ENGINE Serving on https://172.21.15.78:7150
2023-07-14T18:56:10.549 INFO:journalctl@ceph.mon.a.smithi078.stdout:Jul 14 18:56:10 smithi078 ceph-mon[127425]: [14/Jul/2023:18:56:09] ENGINE Bus STARTED
2023-07-14T18:56:10.550 INFO:journalctl@ceph.mon.a.smithi078.stdout:Jul 14 18:56:10 smithi078 ceph-mon[127425]: from='mgr.14120 172.21.15.78:0/2124955082' entity='mgr.x' cmd=[{"prefix": "config dump", "format": "json"}]: dispatch
2023-07-14T18:56:10.657 INFO:teuthology.orchestra.run.smithi078.stdout:/usr/bin/ceph: stderr
2023-07-14T18:56:10.071+0000 7fd0bb445700 1 Processor -- start
2023-07-14T18:56:10.657 INFO:teuthology.orchestra.run.smithi078.stdout:/usr/bin/ceph: stderr
2023-07-14T18:56:10.072+0000 7fd0bb445700 1 -- start start
