2023-07-14T18:56:18.390 INFO:teuthology.orchestra.run.smithi078.stdout:/usr/bin/ceph: stderr
2023-07-14T18:56:17.950+0000 7f160f270700 1 -- 172.21.15.78:0/205179057 shutdown_connections
2023-07-14T18:56:18.390 INFO:teuthology.orchestra.run.smithi078.stdout:/usr/bin/ceph: stderr
2023-07-14T18:56:17.950+0000 7f160f270700 1 -- 172.21.15.78:0/205179057 wait complete.
2023-07-14T18:56:18.390 INFO:teuthology.orchestra.run.smithi078.stdout:Deploying unmanaged mgr service...
2023-07-14T18:56:19.049 INFO:journalctl@ceph.mon.a.smithi078.stdout:Jul 14 18:56:18 smithi078 ceph-mon[127425]: from='client.14142 -' entity='client.admin' cmd=[{"prefix": "orch apply", "service_type": "mon", "unmanaged": true, "target": ["mon-mgr", ""]}]: dispatch
2023-07-14T18:56:19.049 INFO:journalctl@ceph.mon.a.smithi078.stdout:Jul 14 18:56:18 smithi078 ceph-mon[127425]: Saving service mon spec with placement count:5
2023-07-14T18:56:19.049 INFO:journalctl@ceph.mon.a.smithi078.stdout:Jul 14 18:56:18 smithi078 ceph-mon[127425]: from='mgr.14120 172.21.15.78:0/2124955082' entity='mgr.x'
2023-07-14T18:56:19.676 INFO:teuthology.orchestra.run.smithi078.stdout:/usr/bin/ceph: stdout Scheduled mgr update...
2023-07-14T18:56:19.677 INFO:teuthology.orchestra.run.smithi078.stdout:/usr/bin/ceph: stderr
2023-07-14T18:56:19.042+0000 7f82b0a2b700 1 Processor -- start
2023-07-14T18:56:19.677 INFO:teuthology.orchestra.run.smithi078.stdout:/usr/bin/ceph: stderr
2023-07-14T18:56:19.042+0000 7f82b0a2b700 1 -- start start
2023-07-14T18:56:19.677 INFO:teuthology.orchestra.run.smithi078.stdout:/usr/bin/ceph: stderr
2023-07-14T18:56:19.042+0000 7f82b0a2b700 1 --2- >> [v2:172.21.15.78:3300/0,v1:172.21.15.78:6789/0] conn(0x7f82ac104070 0x7f82ac104480 unknown :-1 s=NONE pgs=0 cs=0 l=0 rev1=0 crypto rx=0 tx=0 comp rx=0 tx=0).connect
2023-07-14T18:56:19.678 INFO:teuthology.orchestra.run.smithi078.stdout:/usr/bin/ceph: stderr
2023-07-14T18:56:19.042+0000 7f82b0a2b700 1 -- --> [v2:172.21.15.78:3300/0,v1:172.21.15.78:6789/0] -- mon_getmap magic: 0 v1 -- 0x7f82ac1049c0 con 0x7f82ac104070
2023-07-14T18:56:19.678 INFO:teuthology.orchestra.run.smithi078.stdout:/usr/bin/ceph: stderr
2023-07-14T18:56:19.042+0000 7f82aa59c700 1 --2- >> [v2:172.21.15.78:3300/0,v1:172.21.15.78:6789/0] conn(0x7f82ac104070 0x7f82ac104480 unknown :-1 s=BANNER_CONNECTING pgs=0 cs=0 l=0 rev1=0 crypto rx=0 tx=0 comp rx=0 tx=0)._handle_peer_banner_payload supported=3 required=0
2023-07-14T18:56:19.678 INFO:teuthology.orchestra.run.smithi078.stdout:/usr/bin/ceph: stderr
2023-07-14T18:56:19.043+0000 7f82aa59c700 1 --2- >> [v2:172.21.15.78:3300/0,v1:172.21.15.78:6789/0] conn(0x7f82ac104070 0x7f82ac104480 unknown :-1 s=HELLO_CONNECTING pgs=0 cs=0 l=0 rev1=1 crypto rx=0 tx=0 comp rx=0 tx=0).handle_hello peer v2:172.21.15.78:3300/0 says I am v2:172.21.15.78:33336/0 (socket says 172.21.15.78:33336)
2023-07-14T18:56:19.678 INFO:teuthology.orchestra.run.smithi078.stdout:/usr/bin/ceph: stderr
2023-07-14T18:56:19.043+0000 7f82aa59c700 1 -- 172.21.15.78:0/1447752765 learned_addr learned my addr 172.21.15.78:0/1447752765 (peer_addr_for_me v2:172.21.15.78:0/0)
2023-07-14T18:56:19.678 INFO:teuthology.orchestra.run.smithi078.stdout:/usr/bin/ceph: stderr
2023-07-14T18:56:19.043+0000 7f82aa59c700 1 -- 172.21.15.78:0/1447752765 --> [v2:172.21.15.78:3300/0,v1:172.21.15.78:6789/0] -- mon_subscribe({config=0+,monmap=0+}) v3 -- 0x7f82ac104b00 con 0x7f82ac104070
2023-07-14T18:56:19.679 INFO:teuthology.orchestra.run.smithi078.stdout:/usr/bin/ceph: stderr
2023-07-14T18:56:19.043+0000 7f82aa59c700 1 --2- 172.21.15.78:0/1447752765 >> [v2:172.21.15.78:3300/0,v1:172.21.15.78:6789/0] conn(0x7f82ac104070 0x7f82ac104480 secure :-1 s=READY pgs=49 cs=0 l=1 rev1=1 crypto rx=0x7f82a00098a0 tx=0x7f82a0009bb0 comp rx=0 tx=0).ready entity=mon.0 client_cookie=2b249b9b3435fb5b server_cookie=0 in_seq=0 out_seq=0
2023-07-14T18:56:19.679 INFO:teuthology.orchestra.run.smithi078.stdout:/usr/bin/ceph: stderr
2023-07-14T18:56:19.043+0000 7f82a959a700 1 -- 172.21.15.78:0/1447752765 <== mon.0 v2:172.21.15.78:3300/0 1 ==== mon_map magic: 0 v1 ==== 205+0+0 (secure 0 0 0) 0x7f82a0004160 con 0x7f82ac104070
2023-07-14T18:56:19.679 INFO:teuthology.orchestra.run.smithi078.stdout:/usr/bin/ceph: stderr
2023-07-14T18:56:19.043+0000 7f82a959a700 1 -- 172.21.15.78:0/1447752765 <== mon.0 v2:172.21.15.78:3300/0 2 ==== config(25 keys) v1 ==== 1036+0+0 (secure 0 0 0) 0x7f82a00042c0 con 0x7f82ac104070
2023-07-14T18:56:19.679 INFO:teuthology.orchestra.run.smithi078.stdout:/usr/bin/ceph: stderr
2023-07-14T18:56:19.043+0000 7f82a959a700 1 -- 172.21.15.78:0/1447752765 <== mon.0 v2:172.21.15.78:3300/0 3 ==== mon_map magic: 0 v1 ==== 205+0+0 (secure 0 0 0) 0x7f82a0011940 con 0x7f82ac104070
2023-07-14T18:56:19.679 INFO:teuthology.orchestra.run.smithi078.stdout:/usr/bin/ceph: stderr
2023-07-14T18:56:19.044+0000 7f82b0a2b700 1 -- 172.21.15.78:0/1447752765 >> [v2:172.21.15.78:3300/0,v1:172.21.15.78:6789/0] conn(0x7f82ac104070 msgr2=0x7f82ac104480 secure :-1 s=STATE_CONNECTION_ESTABLISHED l=1).mark_down
2023-07-14T18:56:19.679 INFO:teuthology.orchestra.run.smithi078.stdout:/usr/bin/ceph: stderr
2023-07-14T18:56:19.044+0000 7f82b0a2b700 1 --2- 172.21.15.78:0/1447752765 >> [v2:172.21.15.78:3300/0,v1:172.21.15.78:6789/0] conn(0x7f82ac104070 0x7f82ac104480 secure :-1 s=READY pgs=49 cs=0 l=1 rev1=1 crypto rx=0x7f82a00098a0 tx=0x7f82a0009bb0 comp rx=0 tx=0).stop
2023-07-14T18:56:19.679 INFO:teuthology.orchestra.run.smithi078.stdout:/usr/bin/ceph: stderr
2023-07-14T18:56:19.044+0000 7f82b0a2b700 1 -- 172.21.15.78:0/1447752765 shutdown_connections
2023-07-14T18:56:19.680 INFO:teuthology.orchestra.run.smithi078.stdout:/usr/bin/ceph: stderr
2023-07-14T18:56:19.044+0000 7f82b0a2b700 1 --2- 172.21.15.78:0/1447752765 >> [v2:172.21.15.78:3300/0,v1:172.21.15.78:6789/0] conn(0x7f82ac104070 0x7f82ac104480 unknown :-1 s=CLOSED pgs=49 cs=0 l=1 rev1=1 crypto rx=0 tx=0 comp rx=0 tx=0).stop
2023-07-14T18:56:19.680 INFO:teuthology.orchestra.run.smithi078.stdout:/usr/bin/ceph: stderr
2023-07-14T18:56:19.044+0000 7f82b0a2b700 1 -- 172.21.15.78:0/1447752765 >> 172.21.15.78:0/1447752765 conn(0x7f82ac0ff6e0 msgr2=0x7f82ac101af0 unknown :-1 s=STATE_NONE l=0).mark_down
2023-07-14T18:56:19.680 INFO:teuthology.orchestra.run.smithi078.stdout:/usr/bin/ceph: stderr
2023-07-14T18:56:19.044+0000 7f82b0a2b700 1 -- 172.21.15.78:0/1447752765 shutdown_connections
2023-07-14T18:56:19.680 INFO:teuthology.orchestra.run.smithi078.stdout:/usr/bin/ceph: stderr
2023-07-14T18:56:19.044+0000 7f82b0a2b700 1 -- 172.21.15.78:0/1447752765 wait complete.
2023-07-14T18:56:19.680 INFO:teuthology.orchestra.run.smithi078.stdout:/usr/bin/ceph: stderr
2023-07-14T18:56:19.044+0000 7f82b0a2b700 1 Processor -- start
2023-07-14T18:56:19.680 INFO:teuthology.orchestra.run.smithi078.stdout:/usr/bin/ceph: stderr
2023-07-14T18:56:19.044+0000 7f82b0a2b700 1 -- start start
2023-07-14T18:56:19.680 INFO:teuthology.orchestra.run.smithi078.stdout:/usr/bin/ceph: stderr
2023-07-14T18:56:19.045+0000 7f82b0a2b700 1 --2- >> [v2:172.21.15.78:3300/0,v1:172.21.15.78:6789/0] conn(0x7f82ac104070 0x7f82ac079b00 unknown :-1 s=NONE pgs=0 cs=0 l=1 rev1=0 crypto rx=0 tx=0 comp rx=0 tx=0).connect
2023-07-14T18:56:19.681 INFO:teuthology.orchestra.run.smithi078.stdout:/usr/bin/ceph: stderr
2023-07-14T18:56:19.045+0000 7f82b0a2b700 1 -- --> [v2:172.21.15.78:3300/0,v1:172.21.15.78:6789/0] -- mon_getmap magic: 0 v1 -- 0x7f82ac1997c0 con 0x7f82ac104070
2023-07-14T18:56:19.681 INFO:teuthology.orchestra.run.smithi078.stdout:/usr/bin/ceph: stderr
2023-07-14T18:56:19.045+0000 7f82aa59c700 1 --2- >> [v2:172.21.15.78:3300/0,v1:172.21.15.78:6789/0] conn(0x7f82ac104070 0x7f82ac079b00 unknown :-1 s=BANNER_CONNECTING pgs=0 cs=0 l=1 rev1=0 crypto rx=0 tx=0 comp rx=0 tx=0)._handle_peer_banner_payload supported=3 required=0
2023-07-14T18:56:19.681 INFO:teuthology.orchestra.run.smithi078.stdout:/usr/bin/ceph: stderr
2023-07-14T18:56:19.045+0000 7f82aa59c700 1 --2- >> [v2:172.21.15.78:3300/0,v1:172.21.15.78:6789/0] conn(0x7f82ac104070 0x7f82ac079b00 unknown :-1 s=HELLO_CONNECTING pgs=0 cs=0 l=1 rev1=1 crypto rx=0 tx=0 comp rx=0 tx=0).handle_hello peer v2:172.21.15.78:3300/0 says I am v2:172.21.15.78:33338/0 (socket says 172.21.15.78:33338)
2023-07-14T18:56:19.681 INFO:teuthology.orchestra.run.smithi078.stdout:/usr/bin/ceph: stderr
2023-07-14T18:56:19.045+0000 7f82aa59c700 1 -- 172.21.15.78:0/1360873349 learned_addr learned my addr 172.21.15.78:0/1360873349 (peer_addr_for_me v2:172.21.15.78:0/0)
2023-07-14T18:56:19.681 INFO:teuthology.orchestra.run.smithi078.stdout:/usr/bin/ceph: stderr
2023-07-14T18:56:19.045+0000 7f82aa59c700 1 -- 172.21.15.78:0/1360873349 --> [v2:172.21.15.78:3300/0,v1:172.21.15.78:6789/0] -- mon_subscribe({config=0+,monmap=0+}) v3 -- 0x7f82a0009550 con 0x7f82ac104070
2023-07-14T18:56:19.681 INFO:teuthology.orchestra.run.smithi078.stdout:/usr/bin/ceph: stderr
2023-07-14T18:56:19.045+0000 7f82aa59c700 1 --2- 172.21.15.78:0/1360873349 >> [v2:172.21.15.78:3300/0,v1:172.21.15.78:6789/0] conn(0x7f82ac104070 0x7f82ac079b00 secure :-1 s=READY pgs=50 cs=0 l=1 rev1=1 crypto rx=0x7f82a0011dc0 tx=0x7f82a0011ea0 comp rx=0 tx=0).ready entity=mon.0 client_cookie=0 server_cookie=0 in_seq=0 out_seq=0
2023-07-14T18:56:19.681 INFO:teuthology.orchestra.run.smithi078.stdout:/usr/bin/ceph: stderr
2023-07-14T18:56:19.045+0000 7f829b7fe700 1 -- 172.21.15.78:0/1360873349 <== mon.0 v2:172.21.15.78:3300/0 1 ==== mon_map magic: 0 v1 ==== 205+0+0 (secure 0 0 0) 0x7f82a00037d0 con 0x7f82ac104070
2023-07-14T18:56:19.681 INFO:teuthology.orchestra.run.smithi078.stdout:/usr/bin/ceph: stderr
2023-07-14T18:56:19.045+0000 7f82b0a2b700 1 -- 172.21.15.78:0/1360873349 --> [v2:172.21.15.78:3300/0,v1:172.21.15.78:6789/0] -- mon_subscribe({mgrmap=0+}) v3 -- 0x7f82ac19ddd0 con 0x7f82ac104070
2023-07-14T18:56:19.682 INFO:teuthology.orchestra.run.smithi078.stdout:/usr/bin/ceph: stderr
2023-07-14T18:56:19.045+0000 7f82b0a2b700 1 -- 172.21.15.78:0/1360873349 --> [v2:172.21.15.78:3300/0,v1:172.21.15.78:6789/0] -- mon_subscribe({osdmap=0}) v3 -- 0x7f82ac19e130 con 0x7f82ac104070
2023-07-14T18:56:19.682 INFO:teuthology.orchestra.run.smithi078.stdout:/usr/bin/ceph: stderr
2023-07-14T18:56:19.045+0000 7f829b7fe700 1 -- 172.21.15.78:0/1360873349 <== mon.0 v2:172.21.15.78:3300/0 2 ==== config(25 keys) v1 ==== 1036+0+0 (secure 0 0 0) 0x7f82a001b440 con 0x7f82ac104070
2023-07-14T18:56:19.682 INFO:teuthology.orchestra.run.smithi078.stdout:/usr/bin/ceph: stderr
2023-07-14T18:56:19.045+0000 7f829b7fe700 1 -- 172.21.15.78:0/1360873349 <== mon.0 v2:172.21.15.78:3300/0 3 ==== mon_map magic: 0 v1 ==== 205+0+0 (secure 0 0 0) 0x7f82a001a560 con 0x7f82ac104070
2023-07-14T18:56:19.682 INFO:teuthology.orchestra.run.smithi078.stdout:/usr/bin/ceph: stderr
2023-07-14T18:56:19.046+0000 7f829b7fe700 1 -- 172.21.15.78:0/1360873349 <== mon.0 v2:172.21.15.78:3300/0 4 ==== mgrmap(e 8) v1 ==== 45483+0+0 (secure 0 0 0) 0x7f82a001a7d0 con 0x7f82ac104070
2023-07-14T18:56:19.682 INFO:teuthology.orchestra.run.smithi078.stdout:/usr/bin/ceph: stderr
2023-07-14T18:56:19.046+0000 7f82b0a2b700 1 -- 172.21.15.78:0/1360873349 --> [v2:172.21.15.78:3300/0,v1:172.21.15.78:6789/0] -- mon_command({"prefix": "get_command_descriptions"} v 0) v1 -- 0x7f828c005320 con 0x7f82ac104070
2023-07-14T18:56:19.682 INFO:teuthology.orchestra.run.smithi078.stdout:/usr/bin/ceph: stderr
2023-07-14T18:56:19.046+0000 7f829b7fe700 1 --2- 172.21.15.78:0/1360873349 >> [v2:172.21.15.78:6800/378103227,v1:172.21.15.78:6801/378103227] conn(0x7f8294038820 0x7f829403acd0 unknown :-1 s=NONE pgs=0 cs=0 l=1 rev1=0 crypto rx=0 tx=0 comp rx=0 tx=0).connect
2023-07-14T18:56:19.682 INFO:teuthology.orchestra.run.smithi078.stdout:/usr/bin/ceph: stderr
2023-07-14T18:56:19.046+0000 7f829b7fe700 1 -- 172.21.15.78:0/1360873349 <== mon.0 v2:172.21.15.78:3300/0 5 ==== osd_map(2..2 src has 1..2) v4 ==== 940+0+0 (secure 0 0 0) 0x7f82a004c610 con 0x7f82ac104070
2023-07-14T18:56:19.683 INFO:teuthology.orchestra.run.smithi078.stdout:/usr/bin/ceph: stderr
2023-07-14T18:56:19.047+0000 7f82a9d9b700 1 --2- 172.21.15.78:0/1360873349 >> [v2:172.21.15.78:6800/378103227,v1:172.21.15.78:6801/378103227] conn(0x7f8294038820 0x7f829403acd0 unknown :-1 s=BANNER_CONNECTING pgs=0 cs=0 l=1 rev1=0 crypto rx=0 tx=0 comp rx=0 tx=0)._handle_peer_banner_payload supported=3 required=0
2023-07-14T18:56:19.683 INFO:teuthology.orchestra.run.smithi078.stdout:/usr/bin/ceph: stderr
2023-07-14T18:56:19.047+0000 7f82a9d9b700 1 --2- 172.21.15.78:0/1360873349 >> [v2:172.21.15.78:6800/378103227,v1:172.21.15.78:6801/378103227] conn(0x7f8294038820 0x7f829403acd0 secure :-1 s=READY pgs=13 cs=0 l=1 rev1=1 crypto rx=0x7f829c006fd0 tx=0x7f829c006e40 comp rx=0 tx=0).ready entity=mgr.14120 client_cookie=0 server_cookie=0 in_seq=0 out_seq=0
2023-07-14T18:56:19.683 INFO:teuthology.orchestra.run.smithi078.stdout:/usr/bin/ceph: stderr
2023-07-14T18:56:19.051+0000 7f829b7fe700 1 -- 172.21.15.78:0/1360873349 <== mon.0 v2:172.21.15.78:3300/0 6 ==== mon_command_ack([{"prefix": "get_command_descriptions"}]=0 v0) v1 ==== 72+0+178025 (secure 0 0 0) 0x7f82a0023590 con 0x7f82ac104070
2023-07-14T18:56:19.683 INFO:teuthology.orchestra.run.smithi078.stdout:/usr/bin/ceph: stderr
2023-07-14T18:56:19.178+0000 7f829b7fe700 1 -- 172.21.15.78:0/1360873349 <== mon.0 v2:172.21.15.78:3300/0 7 ==== config(25 keys) v1 ==== 1067+0+0 (secure 0 0 0) 0x7f82a004c080 con 0x7f82ac104070
2023-07-14T18:56:19.683 INFO:teuthology.orchestra.run.smithi078.stdout:/usr/bin/ceph: stderr
2023-07-14T18:56:19.259+0000 7f82b0a2b700 1 -- 172.21.15.78:0/1360873349 --> [v2:172.21.15.78:6800/378103227,v1:172.21.15.78:6801/378103227] -- mgr_command(tid 0: {"prefix": "orch apply", "service_type": "mgr", "unmanaged": true, "target": ["mon-mgr", ""]}) v1 -- 0x7f828c000bf0 con 0x7f8294038820
2023-07-14T18:56:19.683 INFO:teuthology.orchestra.run.smithi078.stdout:/usr/bin/ceph: stderr
2023-07-14T18:56:19.263+0000 7f829b7fe700 1 -- 172.21.15.78:0/1360873349 <== mgr.14120 v2:172.21.15.78:6800/378103227 1 ==== mgr_command_reply(tid 0: 0 ) v1 ==== 8+0+24 (secure 0 0 0) 0x7f828c000bf0 con 0x7f8294038820
2023-07-14T18:56:19.683 INFO:teuthology.orchestra.run.smithi078.stdout:/usr/bin/ceph: stderr
2023-07-14T18:56:19.265+0000 7f82b0a2b700 1 -- 172.21.15.78:0/1360873349 >> [v2:172.21.15.78:6800/378103227,v1:172.21.15.78:6801/378103227] conn(0x7f8294038820 msgr2=0x7f829403acd0 secure :-1 s=STATE_CONNECTION_ESTABLISHED l=1).mark_down
2023-07-14T18:56:19.683 INFO:teuthology.orchestra.run.smithi078.stdout:/usr/bin/ceph: stderr
2023-07-14T18:56:19.265+0000 7f82b0a2b700 1 --2- 172.21.15.78:0/1360873349 >> [v2:172.21.15.78:6800/378103227,v1:172.21.15.78:6801/378103227] conn(0x7f8294038820 0x7f829403acd0 secure :-1 s=READY pgs=13 cs=0 l=1 rev1=1 crypto rx=0x7f829c006fd0 tx=0x7f829c006e40 comp rx=0 tx=0).stop
2023-07-14T18:56:19.684 INFO:teuthology.orchestra.run.smithi078.stdout:/usr/bin/ceph: stderr
2023-07-14T18:56:19.265+0000 7f82b0a2b700 1 -- 172.21.15.78:0/1360873349 >> [v2:172.21.15.78:3300/0,v1:172.21.15.78:6789/0] conn(0x7f82ac104070 msgr2=0x7f82ac079b00 secure :-1 s=STATE_CONNECTION_ESTABLISHED l=1).mark_down
2023-07-14T18:56:19.684 INFO:teuthology.orchestra.run.smithi078.stdout:/usr/bin/ceph: stderr
2023-07-14T18:56:19.265+0000 7f82b0a2b700 1 --2- 172.21.15.78:0/1360873349 >> [v2:172.21.15.78:3300/0,v1:172.21.15.78:6789/0] conn(0x7f82ac104070 0x7f82ac079b00 secure :-1 s=READY pgs=50 cs=0 l=1 rev1=1 crypto rx=0x7f82a0011dc0 tx=0x7f82a0011ea0 comp rx=0 tx=0).stop
2023-07-14T18:56:19.684 INFO:teuthology.orchestra.run.smithi078.stdout:/usr/bin/ceph: stderr
2023-07-14T18:56:19.265+0000 7f82b0a2b700 1 -- 172.21.15.78:0/1360873349 shutdown_connections
2023-07-14T18:56:19.684 INFO:teuthology.orchestra.run.smithi078.stdout:/usr/bin/ceph: stderr
2023-07-14T18:56:19.265+0000 7f82b0a2b700 1 --2- 172.21.15.78:0/1360873349 >> [v2:172.21.15.78:6800/378103227,v1:172.21.15.78:6801/378103227] conn(0x7f8294038820 0x7f829403acd0 unknown :-1 s=CLOSED pgs=13 cs=0 l=1 rev1=1 crypto rx=0 tx=0 comp rx=0 tx=0).stop
2023-07-14T18:56:19.684 INFO:teuthology.orchestra.run.smithi078.stdout:/usr/bin/ceph: stderr
2023-07-14T18:56:19.265+0000 7f82b0a2b700 1 --2- 172.21.15.78:0/1360873349 >> [v2:172.21.15.78:3300/0,v1:172.21.15.78:6789/0] conn(0x7f82ac104070 0x7f82ac079b00 unknown :-1 s=CLOSED pgs=50 cs=0 l=1 rev1=1 crypto rx=0 tx=0 comp rx=0 tx=0).stop
2023-07-14T18:56:19.684 INFO:teuthology.orchestra.run.smithi078.stdout:/usr/bin/ceph: stderr
2023-07-14T18:56:19.265+0000 7f82b0a2b700 1 -- 172.21.15.78:0/1360873349 >> 172.21.15.78:0/1360873349 conn(0x7f82ac0ff6e0 msgr2=0x7f82ac100310 unknown :-1 s=STATE_NONE l=0).mark_down
2023-07-14T18:56:19.684 INFO:teuthology.orchestra.run.smithi078.stdout:/usr/bin/ceph: stderr
2023-07-14T18:56:19.265+0000 7f82b0a2b700 1 -- 172.21.15.78:0/1360873349 shutdown_connections
2023-07-14T18:56:19.685 INFO:teuthology.orchestra.run.smithi078.stdout:/usr/bin/ceph: stderr
2023-07-14T18:56:19.266+0000 7f82b0a2b700 1 -- 172.21.15.78:0/1360873349 wait complete.
2023-07-14T18:56:20.184 INFO:journalctl@ceph.mon.a.smithi078.stdout:Jul 14 18:56:20 smithi078 ceph-mon[127425]: from='mgr.14120 172.21.15.78:0/2124955082' entity='mgr.x'
2023-07-14T18:56:20.184 INFO:journalctl@ceph.mon.a.smithi078.stdout:Jul 14 18:56:20 smithi078 ceph-mon[127425]: from='client.14144 -' entity='client.admin' cmd=[{"prefix": "orch apply", "service_type": "mgr", "unmanaged": true, "target": ["mon-mgr", ""]}]: dispatch
2023-07-14T18:56:20.184 INFO:journalctl@ceph.mon.a.smithi078.stdout:Jul 14 18:56:20 smithi078 ceph-mon[127425]: Saving service mgr spec with placement count:2
2023-07-14T18:56:20.184 INFO:journalctl@ceph.mon.a.smithi078.stdout:Jul 14 18:56:20 smithi078 ceph-mon[127425]: from='mgr.14120 172.21.15.78:0/2124955082' entity='mgr.x'
2023-07-14T18:56:20.185 INFO:journalctl@ceph.mon.a.smithi078.stdout:Jul 14 18:56:20 smithi078 ceph-mon[127425]: from='mgr.14120 172.21.15.78:0/2124955082' entity='mgr.x'
2023-07-14T18:56:20.720 INFO:teuthology.orchestra.run.smithi078.stdout:/usr/bin/ceph: stderr
2023-07-14T18:56:20.128+0000 7fef94d2e700 1 Processor -- start
2023-07-14T18:56:20.720 INFO:teuthology.orchestra.run.smithi078.stdout:/usr/bin/ceph: stderr
2023-07-14T18:56:20.128+0000 7fef94d2e700 1 -- start start
2023-07-14T18:56:20.720 INFO:teuthology.orchestra.run.smithi078.stdout:/usr/bin/ceph: stderr
2023-07-14T18:56:20.128+0000 7fef94d2e700 1 --2- >> [v2:172.21.15.78:3300/0,v1:172.21.15.78:6789/0] conn(0x7fef901055f0 0x7fef90105a00 unknown :-1 s=NONE pgs=0 cs=0 l=0 rev1=0 crypto rx=0 tx=0 comp rx=0 tx=0).connect
2023-07-14T18:56:20.721 INFO:teuthology.orchestra.run.smithi078.stdout:/usr/bin/ceph: stderr
2023-07-14T18:56:20.128+0000 7fef94d2e700 1 -- --> [v2:172.21.15.78:3300/0,v1:172.21.15.78:6789/0] -- mon_getmap magic: 0 v1 -- 0x7fef90105f40 con 0x7fef901055f0
2023-07-14T18:56:20.721 INFO:teuthology.orchestra.run.smithi078.stdout:/usr/bin/ceph: stderr
2023-07-14T18:56:20.128+0000 7fef8e59c700 1 --2- >> [v2:172.21.15.78:3300/0,v1:172.21.15.78:6789/0] conn(0x7fef901055f0 0x7fef90105a00 unknown :-1 s=BANNER_CONNECTING pgs=0 cs=0 l=0 rev1=0 crypto rx=0 tx=0 comp rx=0 tx=0)._handle_peer_banner_payload supported=3 required=0
2023-07-14T18:56:20.721 INFO:teuthology.orchestra.run.smithi078.stdout:/usr/bin/ceph: stderr
2023-07-14T18:56:20.128+0000 7fef8e59c700 1 --2- >> [v2:172.21.15.78:3300/0,v1:172.21.15.78:6789/0] conn(0x7fef901055f0 0x7fef90105a00 unknown :-1 s=HELLO_CONNECTING pgs=0 cs=0 l=0 rev1=1 crypto rx=0 tx=0 comp rx=0 tx=0).handle_hello peer v2:172.21.15.78:3300/0 says I am v2:172.21.15.78:33342/0 (socket says 172.21.15.78:33342)
2023-07-14T18:56:20.721 INFO:teuthology.orchestra.run.smithi078.stdout:/usr/bin/ceph: stderr
2023-07-14T18:56:20.128+0000 7fef8e59c700 1 -- 172.21.15.78:0/261548453 learned_addr learned my addr 172.21.15.78:0/261548453 (peer_addr_for_me v2:172.21.15.78:0/0)
2023-07-14T18:56:20.721 INFO:teuthology.orchestra.run.smithi078.stdout:/usr/bin/ceph: stderr
2023-07-14T18:56:20.129+0000 7fef8e59c700 1 -- 172.21.15.78:0/261548453 --> [v2:172.21.15.78:3300/0,v1:172.21.15.78:6789/0] -- mon_subscribe({config=0+,monmap=0+}) v3 -- 0x7fef90106080 con 0x7fef901055f0
2023-07-14T18:56:20.721 INFO:teuthology.orchestra.run.smithi078.stdout:/usr/bin/ceph: stderr
2023-07-14T18:56:20.129+0000 7fef8e59c700 1 --2- 172.21.15.78:0/261548453 >> [v2:172.21.15.78:3300/0,v1:172.21.15.78:6789/0] conn(0x7fef901055f0 0x7fef90105a00 secure :-1 s=READY pgs=51 cs=0 l=1 rev1=1 crypto rx=0x7fef800098a0 tx=0x7fef80009bb0 comp rx=0 tx=0).ready entity=mon.0 client_cookie=cb5e0b4568f733af server_cookie=0 in_seq=0 out_seq=0
2023-07-14T18:56:20.721 INFO:teuthology.orchestra.run.smithi078.stdout:/usr/bin/ceph: stderr
2023-07-14T18:56:20.129+0000 7fef8d59a700 1 -- 172.21.15.78:0/261548453 <== mon.0 v2:172.21.15.78:3300/0 1 ==== mon_map magic: 0 v1 ==== 205+0+0 (secure 0 0 0) 0x7fef80004160 con 0x7fef901055f0
2023-07-14T18:56:20.722 INFO:teuthology.orchestra.run.smithi078.stdout:/usr/bin/ceph: stderr
2023-07-14T18:56:20.129+0000 7fef8d59a700 1 -- 172.21.15.78:0/261548453 <== mon.0 v2:172.21.15.78:3300/0 2 ==== config(25 keys) v1 ==== 1067+0+0 (secure 0 0 0) 0x7fef800042c0 con 0x7fef901055f0
2023-07-14T18:56:20.722 INFO:teuthology.orchestra.run.smithi078.stdout:/usr/bin/ceph: stderr
2023-07-14T18:56:20.129+0000 7fef8d59a700 1 -- 172.21.15.78:0/261548453 <== mon.0 v2:172.21.15.78:3300/0 3 ==== mon_map magic: 0 v1 ==== 205+0+0 (secure 0 0 0) 0x7fef800118e0 con 0x7fef901055f0
2023-07-14T18:56:20.722 INFO:teuthology.orchestra.run.smithi078.stdout:/usr/bin/ceph: stderr
2023-07-14T18:56:20.130+0000 7fef94d2e700 1 -- 172.21.15.78:0/261548453 >> [v2:172.21.15.78:3300/0,v1:172.21.15.78:6789/0] conn(0x7fef901055f0 msgr2=0x7fef90105a00 secure :-1 s=STATE_CONNECTION_ESTABLISHED l=1).mark_down
2023-07-14T18:56:20.722 INFO:teuthology.orchestra.run.smithi078.stdout:/usr/bin/ceph: stderr
2023-07-14T18:56:20.130+0000 7fef94d2e700 1 --2- 172.21.15.78:0/261548453 >> [v2:172.21.15.78:3300/0,v1:172.21.15.78:6789/0] conn(0x7fef901055f0 0x7fef90105a00 secure :-1 s=READY pgs=51 cs=0 l=1 rev1=1 crypto rx=0x7fef800098a0 tx=0x7fef80009bb0 comp rx=0 tx=0).stop
2023-07-14T18:56:20.722 INFO:teuthology.orchestra.run.smithi078.stdout:/usr/bin/ceph: stderr
2023-07-14T18:56:20.130+0000 7fef94d2e700 1 -- 172.21.15.78:0/261548453 shutdown_connections
2023-07-14T18:56:20.722 INFO:teuthology.orchestra.run.smithi078.stdout:/usr/bin/ceph: stderr
2023-07-14T18:56:20.130+0000 7fef94d2e700 1 --2- 172.21.15.78:0/261548453 >> [v2:172.21.15.78:3300/0,v1:172.21.15.78:6789/0] conn(0x7fef901055f0 0x7fef90105a00 unknown :-1 s=CLOSED pgs=51 cs=0 l=1 rev1=1 crypto rx=0 tx=0 comp rx=0 tx=0).stop
2023-07-14T18:56:20.722 INFO:teuthology.orchestra.run.smithi078.stdout:/usr/bin/ceph: stderr
2023-07-14T18:56:20.130+0000 7fef94d2e700 1 -- 172.21.15.78:0/261548453 >> 172.21.15.78:0/261548453 conn(0x7fef900fee20 msgr2=0x7fef90101230 unknown :-1 s=STATE_NONE l=0).mark_down
2023-07-14T18:56:20.723 INFO:teuthology.orchestra.run.smithi078.stdout:/usr/bin/ceph: stderr
2023-07-14T18:56:20.130+0000 7fef94d2e700 1 -- 172.21.15.78:0/261548453 shutdown_connections
2023-07-14T18:56:20.723 INFO:teuthology.orchestra.run.smithi078.stdout:/usr/bin/ceph: stderr
2023-07-14T18:56:20.130+0000 7fef94d2e700 1 -- 172.21.15.78:0/261548453 wait complete.
2023-07-14T18:56:20.723 INFO:teuthology.orchestra.run.smithi078.stdout:/usr/bin/ceph: stderr
2023-07-14T18:56:20.131+0000 7fef94d2e700 1 Processor -- start
2023-07-14T18:56:20.723 INFO:teuthology.orchestra.run.smithi078.stdout:/usr/bin/ceph: stderr
2023-07-14T18:56:20.131+0000 7fef94d2e700 1 -- start start
2023-07-14T18:56:20.723 INFO:teuthology.orchestra.run.smithi078.stdout:/usr/bin/ceph: stderr
2023-07-14T18:56:20.131+0000 7fef94d2e700 1 --2- >> [v2:172.21.15.78:3300/0,v1:172.21.15.78:6789/0] conn(0x7fef901055f0 0x7fef9018f150 unknown :-1 s=NONE pgs=0 cs=0 l=1 rev1=0 crypto rx=0 tx=0 comp rx=0 tx=0).connect
2023-07-14T18:56:20.723 INFO:teuthology.orchestra.run.smithi078.stdout:/usr/bin/ceph: stderr
2023-07-14T18:56:20.131+0000 7fef94d2e700 1 -- --> [v2:172.21.15.78:3300/0,v1:172.21.15.78:6789/0] -- mon_getmap magic: 0 v1 -- 0x7fef9018f690 con 0x7fef901055f0
2023-07-14T18:56:20.723 INFO:teuthology.orchestra.run.smithi078.stdout:/usr/bin/ceph: stderr
2023-07-14T18:56:20.131+0000 7fef8e59c700 1 --2- >> [v2:172.21.15.78:3300/0,v1:172.21.15.78:6789/0] conn(0x7fef901055f0 0x7fef9018f150 unknown :-1 s=BANNER_CONNECTING pgs=0 cs=0 l=1 rev1=0 crypto rx=0 tx=0 comp rx=0 tx=0)._handle_peer_banner_payload supported=3 required=0
2023-07-14T18:56:20.724 INFO:teuthology.orchestra.run.smithi078.stdout:/usr/bin/ceph: stderr
2023-07-14T18:56:20.131+0000 7fef8e59c700 1 --2- >> [v2:172.21.15.78:3300/0,v1:172.21.15.78:6789/0] conn(0x7fef901055f0 0x7fef9018f150 unknown :-1 s=HELLO_CONNECTING pgs=0 cs=0 l=1 rev1=1 crypto rx=0 tx=0 comp rx=0 tx=0).handle_hello peer v2:172.21.15.78:3300/0 says I am v2:172.21.15.78:33344/0 (socket says 172.21.15.78:33344)
2023-07-14T18:56:20.724 INFO:teuthology.orchestra.run.smithi078.stdout:/usr/bin/ceph: stderr
2023-07-14T18:56:20.131+0000 7fef8e59c700 1 -- 172.21.15.78:0/640443206 learned_addr learned my addr 172.21.15.78:0/640443206 (peer_addr_for_me v2:172.21.15.78:0/0)
2023-07-14T18:56:20.724 INFO:teuthology.orchestra.run.smithi078.stdout:/usr/bin/ceph: stderr
2023-07-14T18:56:20.131+0000 7fef8e59c700 1 -- 172.21.15.78:0/640443206 --> [v2:172.21.15.78:3300/0,v1:172.21.15.78:6789/0] -- mon_subscribe({config=0+,monmap=0+}) v3 -- 0x7fef80009550 con 0x7fef901055f0
2023-07-14T18:56:20.724 INFO:teuthology.orchestra.run.smithi078.stdout:/usr/bin/ceph: stderr
2023-07-14T18:56:20.132+0000 7fef8e59c700 1 --2- 172.21.15.78:0/640443206 >> [v2:172.21.15.78:3300/0,v1:172.21.15.78:6789/0] conn(0x7fef901055f0 0x7fef9018f150 secure :-1 s=READY pgs=52 cs=0 l=1 rev1=1 crypto rx=0x7fef80006af0 tx=0x7fef80011e80 comp rx=0 tx=0).ready entity=mon.0 client_cookie=0 server_cookie=0 in_seq=0 out_seq=0
2023-07-14T18:56:20.724 INFO:teuthology.orchestra.run.smithi078.stdout:/usr/bin/ceph: stderr
2023-07-14T18:56:20.132+0000 7fef7f7fe700 1 -- 172.21.15.78:0/640443206 <== mon.0 v2:172.21.15.78:3300/0 1 ==== mon_map magic: 0 v1 ==== 205+0+0 (secure 0 0 0) 0x7fef800037d0 con 0x7fef901055f0
2023-07-14T18:56:20.724 INFO:teuthology.orchestra.run.smithi078.stdout:/usr/bin/ceph: stderr
2023-07-14T18:56:20.132+0000 7fef94d2e700 1 -- 172.21.15.78:0/640443206 --> [v2:172.21.15.78:3300/0,v1:172.21.15.78:6789/0] -- mon_subscribe({mgrmap=0+}) v3 -- 0x7fef9018d7a0 con 0x7fef901055f0
2023-07-14T18:56:20.724 INFO:teuthology.orchestra.run.smithi078.stdout:/usr/bin/ceph: stderr
2023-07-14T18:56:20.132+0000 7fef7f7fe700 1 -- 172.21.15.78:0/640443206 <== mon.0 v2:172.21.15.78:3300/0 2 ==== config(25 keys) v1 ==== 1067+0+0 (secure 0 0 0) 0x7fef8001b440 con 0x7fef901055f0
2023-07-14T18:56:20.725 INFO:teuthology.orchestra.run.smithi078.stdout:/usr/bin/ceph: stderr
2023-07-14T18:56:20.132+0000 7fef7f7fe700 1 -- 172.21.15.78:0/640443206 <== mon.0 v2:172.21.15.78:3300/0 3 ==== mon_map magic: 0 v1 ==== 205+0+0 (secure 0 0 0) 0x7fef800193d0 con 0x7fef901055f0
2023-07-14T18:56:20.725 INFO:teuthology.orchestra.run.smithi078.stdout:/usr/bin/ceph: stderr
2023-07-14T18:56:20.132+0000 7fef94d2e700 1 -- 172.21.15.78:0/640443206 --> [v2:172.21.15.78:3300/0,v1:172.21.15.78:6789/0] -- mon_subscribe({osdmap=0}) v3 -- 0x7fef9018dbc0 con 0x7fef901055f0
2023-07-14T18:56:20.725 INFO:teuthology.orchestra.run.smithi078.stdout:/usr/bin/ceph: stderr
2023-07-14T18:56:20.133+0000 7fef7f7fe700 1 -- 172.21.15.78:0/640443206 <== mon.0 v2:172.21.15.78:3300/0 4 ==== mgrmap(e 8) v1 ==== 45483+0+0 (secure 0 0 0) 0x7fef80019640 con 0x7fef901055f0
2023-07-14T18:56:20.725 INFO:teuthology.orchestra.run.smithi078.stdout:/usr/bin/ceph: stderr
2023-07-14T18:56:20.133+0000 7fef7f7fe700 1 --2- 172.21.15.78:0/640443206 >> [v2:172.21.15.78:6800/378103227,v1:172.21.15.78:6801/378103227] conn(0x7fef780387d0 0x7fef7803ac80 unknown :-1 s=NONE pgs=0 cs=0 l=1 rev1=0 crypto rx=0 tx=0 comp rx=0 tx=0).connect
2023-07-14T18:56:20.725 INFO:teuthology.orchestra.run.smithi078.stdout:/usr/bin/ceph: stderr
2023-07-14T18:56:20.133+0000 7fef7f7fe700 1 -- 172.21.15.78:0/640443206 <== mon.0 v2:172.21.15.78:3300/0 5 ==== osd_map(2..2 src has 1..2) v4 ==== 940+0+0 (secure 0 0 0) 0x7fef8004d410 con 0x7fef901055f0
2023-07-14T18:56:20.725 INFO:teuthology.orchestra.run.smithi078.stdout:/usr/bin/ceph: stderr
2023-07-14T18:56:20.133+0000 7fef8dd9b700 1 --2- 172.21.15.78:0/640443206 >> [v2:172.21.15.78:6800/378103227,v1:172.21.15.78:6801/378103227] conn(0x7fef780387d0 0x7fef7803ac80 unknown :-1 s=BANNER_CONNECTING pgs=0 cs=0 l=1 rev1=0 crypto rx=0 tx=0 comp rx=0 tx=0)._handle_peer_banner_payload supported=3 required=0
2023-07-14T18:56:20.725 INFO:teuthology.orchestra.run.smithi078.stdout:/usr/bin/ceph: stderr
2023-07-14T18:56:20.133+0000 7fef94d2e700 1 -- 172.21.15.78:0/640443206 --> [v2:172.21.15.78:3300/0,v1:172.21.15.78:6789/0] -- mon_command({"prefix": "get_command_descriptions"} v 0) v1 -- 0x7fef90104ed0 con 0x7fef901055f0
2023-07-14T18:56:20.726 INFO:teuthology.orchestra.run.smithi078.stdout:/usr/bin/ceph: stderr
2023-07-14T18:56:20.133+0000 7fef8dd9b700 1 --2- 172.21.15.78:0/640443206 >> [v2:172.21.15.78:6800/378103227,v1:172.21.15.78:6801/378103227] conn(0x7fef780387d0 0x7fef7803ac80 secure :-1 s=READY pgs=14 cs=0 l=1 rev1=1 crypto rx=0x7fef84006fd0 tx=0x7fef84006e40 comp rx=0 tx=0).ready entity=mgr.14120 client_cookie=0 server_cookie=0 in_seq=0 out_seq=0
2023-07-14T18:56:20.726 INFO:teuthology.orchestra.run.smithi078.stdout:/usr/bin/ceph: stderr
2023-07-14T18:56:20.138+0000 7fef7f7fe700 1 -- 172.21.15.78:0/640443206 <== mon.0 v2:172.21.15.78:3300/0 6 ==== mon_command_ack([{"prefix": "get_command_descriptions"}]=0 v0) v1 ==== 72+0+178025 (secure 0 0 0) 0x7fef80018920 con 0x7fef901055f0
2023-07-14T18:56:20.726 INFO:teuthology.orchestra.run.smithi078.stdout:/usr/bin/ceph: stderr
2023-07-14T18:56:20.358+0000 7fef94d2e700 1 -- 172.21.15.78:0/640443206 --> [v2:172.21.15.78:3300/0,v1:172.21.15.78:6789/0] -- mon_command([{prefix=config set, name=mgr/cephadm/container_init}] v 0) v1 -- 0x7fef90105090 con 0x7fef901055f0
2023-07-14T18:56:20.726 INFO:teuthology.orchestra.run.smithi078.stdout:/usr/bin/ceph: stderr
2023-07-14T18:56:20.362+0000 7fef7f7fe700 1 -- 172.21.15.78:0/640443206 <== mon.0 v2:172.21.15.78:3300/0 7 ==== mon_command_ack([{prefix=config set, name=mgr/cephadm/container_init}]=0 v7)=0 v7) v1 ==== 142+0+0 (secure 0 0 0) 0x7fef8001f210 con 0x7fef901055f0
2023-07-14T18:56:20.726 INFO:teuthology.orchestra.run.smithi078.stdout:/usr/bin/ceph: stderr
2023-07-14T18:56:20.364+0000 7fef94d2e700 1 -- 172.21.15.78:0/640443206 >> [v2:172.21.15.78:6800/378103227,v1:172.21.15.78:6801/378103227] conn(0x7fef780387d0 msgr2=0x7fef7803ac80 secure :-1 s=STATE_CONNECTION_ESTABLISHED l=1).mark_down
2023-07-14T18:56:20.726 INFO:teuthology.orchestra.run.smithi078.stdout:/usr/bin/ceph: stderr
2023-07-14T18:56:20.364+0000 7fef94d2e700 1 --2- 172.21.15.78:0/640443206 >> [v2:172.21.15.78:6800/378103227,v1:172.21.15.78:6801/378103227] conn(0x7fef780387d0 0x7fef7803ac80 secure :-1 s=READY pgs=14 cs=0 l=1 rev1=1 crypto rx=0x7fef84006fd0 tx=0x7fef84006e40 comp rx=0 tx=0).stop
2023-07-14T18:56:20.726 INFO:teuthology.orchestra.run.smithi078.stdout:/usr/bin/ceph: stderr
2023-07-14T18:56:20.364+0000 7fef94d2e700 1 -- 172.21.15.78:0/640443206 >> [v2:172.21.15.78:3300/0,v1:172.21.15.78:6789/0] conn(0x7fef901055f0 msgr2=0x7fef9018f150 secure :-1 s=STATE_CONNECTION_ESTABLISHED l=1).mark_down
2023-07-14T18:56:20.727 INFO:teuthology.orchestra.run.smithi078.stdout:/usr/bin/ceph: stderr
2023-07-14T18:56:20.364+0000 7fef94d2e700 1 --2- 172.21.15.78:0/640443206 >> [v2:172.21.15.78:3300/0,v1:172.21.15.78:6789/0] conn(0x7fef901055f0 0x7fef9018f150 secure :-1 s=READY pgs=52 cs=0 l=1 rev1=1 crypto rx=0x7fef80006af0 tx=0x7fef80011e80 comp rx=0 tx=0).stop
2023-07-14T18:56:20.727 INFO:teuthology.orchestra.run.smithi078.stdout:/usr/bin/ceph: stderr
2023-07-14T18:56:20.364+0000 7fef94d2e700 1 -- 172.21.15.78:0/640443206 shutdown_connections
2023-07-14T18:56:20.727 INFO:teuthology.orchestra.run.smithi078.stdout:/usr/bin/ceph: stderr
2023-07-14T18:56:20.364+0000 7fef94d2e700 1 --2- 172.21.15.78:0/640443206 >> [v2:172.21.15.78:6800/378103227,v1:172.21.15.78:6801/378103227] conn(0x7fef780387d0 0x7fef7803ac80 unknown :-1 s=CLOSED pgs=14 cs=0 l=1 rev1=1 crypto rx=0 tx=0 comp rx=0 tx=0).stop
2023-07-14T18:56:20.727 INFO:teuthology.orchestra.run.smithi078.stdout:/usr/bin/ceph: stderr
2023-07-14T18:56:20.364+0000 7fef94d2e700 1 --2- 172.21.15.78:0/640443206 >> [v2:172.21.15.78:3300/0,v1:172.21.15.78:6789/0] conn(0x7fef901055f0 0x7fef9018f150 unknown :-1 s=CLOSED pgs=52 cs=0 l=1 rev1=1 crypto rx=0 tx=0 comp rx=0 tx=0).stop
2023-07-14T18:56:20.727 INFO:teuthology.orchestra.run.smithi078.stdout:/usr/bin/ceph: stderr
2023-07-14T18:56:20.364+0000 7fef94d2e700 1 -- 172.21.15.78:0/640443206 >> 172.21.15.78:0/640443206 conn(0x7fef900fee20 msgr2=0x7fef90103b20 unknown :-1 s=STATE_NONE l=0).mark_down
2023-07-14T18:56:20.727 INFO:teuthology.orchestra.run.smithi078.stdout:/usr/bin/ceph: stderr
2023-07-14T18:56:20.364+0000 7fef94d2e700 1 -- 172.21.15.78:0/640443206 shutdown_connections
2023-07-14T18:56:20.727 INFO:teuthology.orchestra.run.smithi078.stdout:/usr/bin/ceph: stderr
2023-07-14T18:56:20.364+0000 7fef94d2e700 1 -- 172.21.15.78:0/640443206 wait complete.
2023-07-14T18:56:21.740 INFO:journalctl@ceph.mon.a.smithi078.stdout:Jul 14 18:56:21 smithi078 ceph-mon[127425]: from='client.? 172.21.15.78:0/640443206' entity='client.admin'
2023-07-14T18:56:21.766 INFO:teuthology.orchestra.run.smithi078.stdout:/usr/bin/ceph: stderr
2023-07-14T18:56:21.167+0000 7f2ce0108700 1 Processor -- start
2023-07-14T18:56:21.766 INFO:teuthology.orchestra.run.smithi078.stdout:/usr/bin/ceph: stderr
2023-07-14T18:56:21.168+0000 7f2ce0108700 1 -- start start
2023-07-14T18:56:21.766 INFO:teuthology.orchestra.run.smithi078.stdout:/usr/bin/ceph: stderr
2023-07-14T18:56:21.168+0000 7f2ce0108700 1 --2- >> [v2:172.21.15.78:3300/0,v1:172.21.15.78:6789/0] conn(0x7f2cd8106770 0x7f2cd8106b80 unknown :-1 s=NONE pgs=0 cs=0 l=0 rev1=0 crypto rx=0 tx=0 comp rx=0 tx=0).connect
2023-07-14T18:56:21.766 INFO:teuthology.orchestra.run.smithi078.stdout:/usr/bin/ceph: stderr
2023-07-14T18:56:21.168+0000 7f2ce0108700 1 -- --> [v2:172.21.15.78:3300/0,v1:172.21.15.78:6789/0] -- mon_getmap magic: 0 v1 -- 0x7f2cd81070c0 con 0x7f2cd8106770
2023-07-14T18:56:21.766 INFO:teuthology.orchestra.run.smithi078.stdout:/usr/bin/ceph: stderr
2023-07-14T18:56:21.168+0000 7f2cddea4700 1 --2- >> [v2:172.21.15.78:3300/0,v1:172.21.15.78:6789/0] conn(0x7f2cd8106770 0x7f2cd8106b80 unknown :-1 s=BANNER_CONNECTING pgs=0 cs=0 l=0 rev1=0 crypto rx=0 tx=0 comp rx=0 tx=0)._handle_peer_banner_payload supported=3 required=0
2023-07-14T18:56:21.767 INFO:teuthology.orchestra.run.smithi078.stdout:/usr/bin/ceph: stderr
2023-07-14T18:56:21.168+0000 7f2cddea4700 1 --2- >> [v2:172.21.15.78:3300/0,v1:172.21.15.78:6789/0] conn(0x7f2cd8106770 0x7f2cd8106b80 unknown :-1 s=HELLO_CONNECTING pgs=0 cs=0 l=0 rev1=1 crypto rx=0 tx=0 comp rx=0 tx=0).handle_hello peer v2:172.21.15.78:3300/0 says I am v2:172.21.15.78:33348/0 (socket says 172.21.15.78:33348)
2023-07-14T18:56:21.767 INFO:teuthology.orchestra.run.smithi078.stdout:/usr/bin/ceph: stderr
2023-07-14T18:56:21.168+0000 7f2cddea4700 1 -- 172.21.15.78:0/1310010894 learned_addr learned my addr 172.21.15.78:0/1310010894 (peer_addr_for_me v2:172.21.15.78:0/0)
2023-07-14T18:56:21.767 INFO:teuthology.orchestra.run.smithi078.stdout:/usr/bin/ceph: stderr
2023-07-14T18:56:21.168+0000 7f2cddea4700 1 -- 172.21.15.78:0/1310010894 --> [v2:172.21.15.78:3300/0,v1:172.21.15.78:6789/0] -- mon_subscribe({config=0+,monmap=0+}) v3 -- 0x7f2cd8107200 con 0x7f2cd8106770
2023-07-14T18:56:21.767 INFO:teuthology.orchestra.run.smithi078.stdout:/usr/bin/ceph: stderr
2023-07-14T18:56:21.169+0000 7f2cddea4700 1 --2- 172.21.15.78:0/1310010894 >> [v2:172.21.15.78:3300/0,v1:172.21.15.78:6789/0] conn(0x7f2cd8106770 0x7f2cd8106b80 secure :-1 s=READY pgs=53 cs=0 l=1 rev1=1 crypto rx=0x7f2cd40098a0 tx=0x7f2cd4009bb0 comp rx=0 tx=0).ready entity=mon.0 client_cookie=8363cdfa0d4412e server_cookie=0 in_seq=0 out_seq=0
2023-07-14T18:56:21.767 INFO:teuthology.orchestra.run.smithi078.stdout:/usr/bin/ceph: stderr
2023-07-14T18:56:21.169+0000 7f2cdcea2700 1 -- 172.21.15.78:0/1310010894 <== mon.0 v2:172.21.15.78:3300/0 1 ==== mon_map magic: 0 v1 ==== 205+0+0 (secure 0 0 0) 0x7f2cd4004160 con 0x7f2cd8106770
2023-07-14T18:56:21.767 INFO:teuthology.orchestra.run.smithi078.stdout:/usr/bin/ceph: stderr
2023-07-14T18:56:21.169+0000 7f2cdcea2700 1 -- 172.21.15.78:0/1310010894 <== mon.0 v2:172.21.15.78:3300/0 2 ==== config(25 keys) v1 ==== 1067+0+0 (secure 0 0 0) 0x7f2cd40042c0 con 0x7f2cd8106770
2023-07-14T18:56:21.767 INFO:teuthology.orchestra.run.smithi078.stdout:/usr/bin/ceph: stderr
2023-07-14T18:56:21.169+0000 7f2cdcea2700 1 -- 172.21.15.78:0/1310010894 <== mon.0 v2:172.21.15.78:3300/0 3 ==== mon_map magic: 0 v1 ==== 205+0+0 (secure 0 0 0) 0x7f2cd40118e0 con 0x7f2cd8106770
2023-07-14T18:56:21.767 INFO:teuthology.orchestra.run.smithi078.stdout:/usr/bin/ceph: stderr
2023-07-14T18:56:21.169+0000 7f2ce0108700 1 -- 172.21.15.78:0/1310010894 >> [v2:172.21.15.78:3300/0,v1:172.21.15.78:6789/0] conn(0x7f2cd8106770 msgr2=0x7f2cd8106b80 secure :-1 s=STATE_CONNECTION_ESTABLISHED l=1).mark_down
2023-07-14T18:56:21.768 INFO:teuthology.orchestra.run.smithi078.stdout:/usr/bin/ceph: stderr
2023-07-14T18:56:21.169+0000 7f2ce0108700 1 --2- 172.21.15.78:0/1310010894 >> [v2:172.21.15.78:3300/0,v1:172.21.15.78:6789/0] conn(0x7f2cd8106770 0x7f2cd8106b80 secure :-1 s=READY pgs=53 cs=0 l=1 rev1=1 crypto rx=0x7f2cd40098a0 tx=0x7f2cd4009bb0 comp rx=0 tx=0).stop
2023-07-14T18:56:21.768 INFO:teuthology.orchestra.run.smithi078.stdout:/usr/bin/ceph: stderr
2023-07-14T18:56:21.169+0000 7f2ce0108700 1 -- 172.21.15.78:0/1310010894 shutdown_connections
2023-07-14T18:56:21.768 INFO:teuthology.orchestra.run.smithi078.stdout:/usr/bin/ceph: stderr
2023-07-14T18:56:21.169+0000 7f2ce0108700 1 --2- 172.21.15.78:0/1310010894 >> [v2:172.21.15.78:3300/0,v1:172.21.15.78:6789/0] conn(0x7f2cd8106770 0x7f2cd8106b80 unknown :-1 s=CLOSED pgs=53 cs=0 l=1 rev1=1 crypto rx=0 tx=0 comp rx=0 tx=0).stop
2023-07-14T18:56:21.768 INFO:teuthology.orchestra.run.smithi078.stdout:/usr/bin/ceph: stderr
2023-07-14T18:56:21.169+0000 7f2ce0108700 1 -- 172.21.15.78:0/1310010894 >> 172.21.15.78:0/1310010894 conn(0x7f2cd80fee80 msgr2=0x7f2cd8101290 unknown :-1 s=STATE_NONE l=0).mark_down
2023-07-14T18:56:21.768 INFO:teuthology.orchestra.run.smithi078.stdout:/usr/bin/ceph: stderr
2023-07-14T18:56:21.170+0000 7f2ce0108700 1 -- 172.21.15.78:0/1310010894 shutdown_connections
2023-07-14T18:56:21.768 INFO:teuthology.orchestra.run.smithi078.stdout:/usr/bin/ceph: stderr
2023-07-14T18:56:21.170+0000 7f2ce0108700 1 -- 172.21.15.78:0/1310010894 wait complete.
2023-07-14T18:56:21.768 INFO:teuthology.orchestra.run.smithi078.stdout:/usr/bin/ceph: stderr
2023-07-14T18:56:21.170+0000 7f2ce0108700 1 Processor -- start
2023-07-14T18:56:21.769 INFO:teuthology.orchestra.run.smithi078.stdout:/usr/bin/ceph: stderr
2023-07-14T18:56:21.170+0000 7f2ce0108700 1 -- start start
2023-07-14T18:56:21.769 INFO:teuthology.orchestra.run.smithi078.stdout:/usr/bin/ceph: stderr
2023-07-14T18:56:21.171+0000 7f2ce0108700 1 --2- >> [v2:172.21.15.78:3300/0,v1:172.21.15.78:6789/0] conn(0x7f2cd8106770 0x7f2cd8198d90 unknown :-1 s=NONE pgs=0 cs=0 l=1 rev1=0 crypto rx=0 tx=0 comp rx=0 tx=0).connect
2023-07-14T18:56:21.769 INFO:teuthology.orchestra.run.smithi078.stdout:/usr/bin/ceph: stderr
2023-07-14T18:56:21.171+0000 7f2ce0108700 1 -- --> [v2:172.21.15.78:3300/0,v1:172.21.15.78:6789/0] -- mon_getmap magic: 0 v1 -- 0x7f2cd81992d0 con 0x7f2cd8106770
2023-07-14T18:56:21.769 INFO:teuthology.orchestra.run.smithi078.stdout:/usr/bin/ceph: stderr
2023-07-14T18:56:21.171+0000 7f2cddea4700 1 --2- >> [v2:172.21.15.78:3300/0,v1:172.21.15.78:6789/0] conn(0x7f2cd8106770 0x7f2cd8198d90 unknown :-1 s=BANNER_CONNECTING pgs=0 cs=0 l=1 rev1=0 crypto rx=0 tx=0 comp rx=0 tx=0)._handle_peer_banner_payload supported=3 required=0
2023-07-14T18:56:21.769 INFO:teuthology.orchestra.run.smithi078.stdout:/usr/bin/ceph: stderr
2023-07-14T18:56:21.171+0000 7f2cddea4700 1 --2- >> [v2:172.21.15.78:3300/0,v1:172.21.15.78:6789/0] conn(0x7f2cd8106770 0x7f2cd8198d90 unknown :-1 s=HELLO_CONNECTING pgs=0 cs=0 l=1 rev1=1 crypto rx=0 tx=0 comp rx=0 tx=0).handle_hello peer v2:172.21.15.78:3300/0 says I am v2:172.21.15.78:33350/0 (socket says 172.21.15.78:33350)
2023-07-14T18:56:21.769 INFO:teuthology.orchestra.run.smithi078.stdout:/usr/bin/ceph: stderr
2023-07-14T18:56:21.171+0000 7f2cddea4700 1 -- 172.21.15.78:0/3099804196 learned_addr learned my addr 172.21.15.78:0/3099804196 (peer_addr_for_me v2:172.21.15.78:0/0)
2023-07-14T18:56:21.769 INFO:teuthology.orchestra.run.smithi078.stdout:/usr/bin/ceph: stderr
2023-07-14T18:56:21.171+0000 7f2cddea4700 1 -- 172.21.15.78:0/3099804196 --> [v2:172.21.15.78:3300/0,v1:172.21.15.78:6789/0] -- mon_subscribe({config=0+,monmap=0+}) v3 -- 0x7f2cd4009550 con 0x7f2cd8106770
2023-07-14T18:56:21.769 INFO:teuthology.orchestra.run.smithi078.stdout:/usr/bin/ceph: stderr
2023-07-14T18:56:21.171+0000 7f2cddea4700 1 --2- 172.21.15.78:0/3099804196 >> [v2:172.21.15.78:3300/0,v1:172.21.15.78:6789/0] conn(0x7f2cd8106770 0x7f2cd8198d90 secure :-1 s=READY pgs=54 cs=0 l=1 rev1=1 crypto rx=0x7f2cd4000c00 tx=0x7f2cd40119a0 comp rx=0 tx=0).ready entity=mon.0 client_cookie=0 server_cookie=0 in_seq=0 out_seq=0
2023-07-14T18:56:21.770 INFO:teuthology.orchestra.run.smithi078.stdout:/usr/bin/ceph: stderr
2023-07-14T18:56:21.171+0000 7f2cceffd700 1 -- 172.21.15.78:0/3099804196 <== mon.0 v2:172.21.15.78:3300/0 1 ==== mon_map magic: 0 v1 ==== 205+0+0 (secure 0 0 0) 0x7f2cd40036a0 con 0x7f2cd8106770
2023-07-14T18:56:21.770 INFO:teuthology.orchestra.run.smithi078.stdout:/usr/bin/ceph: stderr
2023-07-14T18:56:21.171+0000 7f2cceffd700 1 -- 172.21.15.78:0/3099804196 <== mon.0 v2:172.21.15.78:3300/0 2 ==== config(25 keys) v1 ==== 1067+0+0 (secure 0 0 0) 0x7f2cd401b440 con 0x7f2cd8106770
2023-07-14T18:56:21.770 INFO:teuthology.orchestra.run.smithi078.stdout:/usr/bin/ceph: stderr
2023-07-14T18:56:21.171+0000 7f2ce0108700 1 -- 172.21.15.78:0/3099804196 --> [v2:172.21.15.78:3300/0,v1:172.21.15.78:6789/0] -- mon_subscribe({mgrmap=0+}) v3 -- 0x7f2cd81994d0 con 0x7f2cd8106770
2023-07-14T18:56:21.770 INFO:teuthology.orchestra.run.smithi078.stdout:/usr/bin/ceph: stderr
2023-07-14T18:56:21.171+0000 7f2cceffd700 1 -- 172.21.15.78:0/3099804196 <== mon.0 v2:172.21.15.78:3300/0 3 ==== mon_map magic: 0 v1 ==== 205+0+0 (secure 0 0 0) 0x7f2cd401a3d0 con 0x7f2cd8106770
2023-07-14T18:56:21.770 INFO:teuthology.orchestra.run.smithi078.stdout:/usr/bin/ceph: stderr
2023-07-14T18:56:21.171+0000 7f2ce0108700 1 -- 172.21.15.78:0/3099804196 --> [v2:172.21.15.78:3300/0,v1:172.21.15.78:6789/0] -- mon_subscribe({osdmap=0}) v3 -- 0x7f2cd81998f0 con 0x7f2cd8106770
2023-07-14T18:56:21.770 INFO:teuthology.orchestra.run.smithi078.stdout:/usr/bin/ceph: stderr
2023-07-14T18:56:21.172+0000 7f2ce0108700 1 -- 172.21.15.78:0/3099804196 --> [v2:172.21.15.78:3300/0,v1:172.21.15.78:6789/0] -- mon_command({"prefix": "get_command_descriptions"} v 0) v1 -- 0x7f2cd8061c70 con 0x7f2cd8106770
2023-07-14T18:56:21.771 INFO:teuthology.orchestra.run.smithi078.stdout:/usr/bin/ceph: stderr
2023-07-14T18:56:21.173+0000 7f2cceffd700 1 -- 172.21.15.78:0/3099804196 <== mon.0 v2:172.21.15.78:3300/0 4 ==== mgrmap(e 8) v1 ==== 45483+0+0 (secure 0 0 0) 0x7f2cd401b5b0 con 0x7f2cd8106770
2023-07-14T18:56:21.771 INFO:teuthology.orchestra.run.smithi078.stdout:/usr/bin/ceph: stderr
2023-07-14T18:56:21.173+0000 7f2cceffd700 1 --2- 172.21.15.78:0/3099804196 >> [v2:172.21.15.78:6800/378103227,v1:172.21.15.78:6801/378103227] conn(0x7f2cc40387d0 0x7f2cc403ac80 unknown :-1 s=NONE pgs=0 cs=0 l=1 rev1=0 crypto rx=0 tx=0 comp rx=0 tx=0).connect
2023-07-14T18:56:21.771 INFO:teuthology.orchestra.run.smithi078.stdout:/usr/bin/ceph: stderr
2023-07-14T18:56:21.173+0000 7f2cceffd700 1 -- 172.21.15.78:0/3099804196 <== mon.0 v2:172.21.15.78:3300/0 5 ==== osd_map(2..2 src has 1..2) v4 ==== 940+0+0 (secure 0 0 0) 0x7f2cd404c720 con 0x7f2cd8106770
2023-07-14T18:56:21.771 INFO:teuthology.orchestra.run.smithi078.stdout:/usr/bin/ceph: stderr
2023-07-14T18:56:21.173+0000 7f2cdd6a3700 1 --2- 172.21.15.78:0/3099804196 >> [v2:172.21.15.78:6800/378103227,v1:172.21.15.78:6801/378103227] conn(0x7f2cc40387d0 0x7f2cc403ac80 unknown :-1 s=BANNER_CONNECTING pgs=0 cs=0 l=1 rev1=0 crypto rx=0 tx=0 comp rx=0 tx=0)._handle_peer_banner_payload supported=3 required=0
2023-07-14T18:56:21.771 INFO:teuthology.orchestra.run.smithi078.stdout:/usr/bin/ceph: stderr
2023-07-14T18:56:21.173+0000 7f2cdd6a3700 1 --2- 172.21.15.78:0/3099804196 >> [v2:172.21.15.78:6800/378103227,v1:172.21.15.78:6801/378103227] conn(0x7f2cc40387d0 0x7f2cc403ac80 secure :-1 s=READY pgs=15 cs=0 l=1 rev1=1 crypto rx=0x7f2cc8006fd0 tx=0x7f2cc8006e40 comp rx=0 tx=0).ready entity=mgr.14120 client_cookie=0 server_cookie=0 in_seq=0 out_seq=0
2023-07-14T18:56:21.771 INFO:teuthology.orchestra.run.smithi078.stdout:/usr/bin/ceph: stderr
2023-07-14T18:56:21.182+0000 7f2cceffd700 1 -- 172.21.15.78:0/3099804196 <== mon.0 v2:172.21.15.78:3300/0 6 ==== mon_command_ack([{"prefix": "get_command_descriptions"}]=0 v0) v1 ==== 72+0+178025 (secure 0 0 0) 0x7f2cd40039e0 con 0x7f2cd8106770
2023-07-14T18:56:21.771 INFO:teuthology.orchestra.run.smithi078.stdout:/usr/bin/ceph: stderr
2023-07-14T18:56:21.375+0000 7f2ce0108700 1 -- 172.21.15.78:0/3099804196 --> [v2:172.21.15.78:3300/0,v1:172.21.15.78:6789/0] -- mon_command([{prefix=config set, name=mgr/dashboard/ssl_server_port}] v 0) v1 -- 0x7f2cd819c2f0 con 0x7f2cd8106770
2023-07-14T18:56:21.771 INFO:teuthology.orchestra.run.smithi078.stdout:/usr/bin/ceph: stderr
2023-07-14T18:56:21.381+0000 7f2cceffd700 1 -- 172.21.15.78:0/3099804196 <== mon.0 v2:172.21.15.78:3300/0 7 ==== mon_command_ack([{prefix=config set, name=mgr/dashboard/ssl_server_port}]=0 v8)=0 v8) v1 ==== 130+0+0 (secure 0 0 0) 0x7f2cd401f020 con 0x7f2cd8106770
2023-07-14T18:56:21.772 INFO:teuthology.orchestra.run.smithi078.stdout:/usr/bin/ceph: stderr
2023-07-14T18:56:21.383+0000 7f2ce0108700 1 -- 172.21.15.78:0/3099804196 >> [v2:172.21.15.78:6800/378103227,v1:172.21.15.78:6801/378103227] conn(0x7f2cc40387d0 msgr2=0x7f2cc403ac80 secure :-1 s=STATE_CONNECTION_ESTABLISHED l=1).mark_down
2023-07-14T18:56:21.772 INFO:teuthology.orchestra.run.smithi078.stdout:/usr/bin/ceph: stderr
2023-07-14T18:56:21.383+0000 7f2ce0108700 1 --2- 172.21.15.78:0/3099804196 >> [v2:172.21.15.78:6800/378103227,v1:172.21.15.78:6801/378103227] conn(0x7f2cc40387d0 0x7f2cc403ac80 secure :-1 s=READY pgs=15 cs=0 l=1 rev1=1 crypto rx=0x7f2cc8006fd0 tx=0x7f2cc8006e40 comp rx=0 tx=0).stop
2023-07-14T18:56:21.772 INFO:teuthology.orchestra.run.smithi078.stdout:/usr/bin/ceph: stderr
2023-07-14T18:56:21.383+0000 7f2ce0108700 1 -- 172.21.15.78:0/3099804196 >> [v2:172.21.15.78:3300/0,v1:172.21.15.78:6789/0] conn(0x7f2cd8106770 msgr2=0x7f2cd8198d90 secure :-1 s=STATE_CONNECTION_ESTABLISHED l=1).mark_down
2023-07-14T18:56:21.772 INFO:teuthology.orchestra.run.smithi078.stdout:/usr/bin/ceph: stderr
2023-07-14T18:56:21.383+0000 7f2ce0108700 1 --2- 172.21.15.78:0/3099804196 >> [v2:172.21.15.78:3300/0,v1:172.21.15.78:6789/0] conn(0x7f2cd8106770 0x7f2cd8198d90 secure :-1 s=READY pgs=54 cs=0 l=1 rev1=1 crypto rx=0x7f2cd4000c00 tx=0x7f2cd40119a0 comp rx=0 tx=0).stop
2023-07-14T18:56:21.772 INFO:teuthology.orchestra.run.smithi078.stdout:/usr/bin/ceph: stderr
2023-07-14T18:56:21.383+0000 7f2ce0108700 1 -- 172.21.15.78:0/3099804196 shutdown_connections
2023-07-14T18:56:21.772 INFO:teuthology.orchestra.run.smithi078.stdout:/usr/bin/ceph: stderr
2023-07-14T18:56:21.383+0000 7f2ce0108700 1 --2- 172.21.15.78:0/3099804196 >> [v2:172.21.15.78:6800/378103227,v1:172.21.15.78:6801/378103227] conn(0x7f2cc40387d0 0x7f2cc403ac80 unknown :-1 s=CLOSED pgs=15 cs=0 l=1 rev1=1 crypto rx=0 tx=0 comp rx=0 tx=0).stop
2023-07-14T18:56:21.773 INFO:teuthology.orchestra.run.smithi078.stdout:/usr/bin/ceph: stderr
2023-07-14T18:56:21.383+0000 7f2ce0108700 1 --2- 172.21.15.78:0/3099804196 >> [v2:172.21.15.78:3300/0,v1:172.21.15.78:6789/0] conn(0x7f2cd8106770 0x7f2cd8198d90 unknown :-1 s=CLOSED pgs=54 cs=0 l=1 rev1=1 crypto rx=0 tx=0 comp rx=0 tx=0).stop
2023-07-14T18:56:21.773 INFO:teuthology.orchestra.run.smithi078.stdout:/usr/bin/ceph: stderr
2023-07-14T18:56:21.383+0000 7f2ce0108700 1 -- 172.21.15.78:0/3099804196 >> 172.21.15.78:0/3099804196 conn(0x7f2cd80fee80 msgr2=0x7f2cd80ffb20 unknown :-1 s=STATE_NONE l=0).mark_down
2023-07-14T18:56:21.773 INFO:teuthology.orchestra.run.smithi078.stdout:/usr/bin/ceph: stderr
2023-07-14T18:56:21.383+0000 7f2ce0108700 1 -- 172.21.15.78:0/3099804196 shutdown_connections
2023-07-14T18:56:21.773 INFO:teuthology.orchestra.run.smithi078.stdout:/usr/bin/ceph: stderr
2023-07-14T18:56:21.383+0000 7f2ce0108700 1 -- 172.21.15.78:0/3099804196 wait complete.
2023-07-14T18:56:21.773 INFO:teuthology.orchestra.run.smithi078.stdout:Enabling the dashboard module...
2023-07-14T18:56:22.799 INFO:journalctl@ceph.mon.a.smithi078.stdout:Jul 14 18:56:22 smithi078 ceph-mon[127425]: from='client.? 172.21.15.78:0/3099804196' entity='client.admin'
2023-07-14T18:56:22.799 INFO:journalctl@ceph.mon.a.smithi078.stdout:Jul 14 18:56:22 smithi078 ceph-mon[127425]: from='mgr.14120 172.21.15.78:0/2124955082' entity='mgr.x'
2023-07-14T18:56:23.663 INFO:journalctl@ceph.mon.a.smithi078.stdout:Jul 14 18:56:23 smithi078 ceph-mon[127425]: from='client.? 172.21.15.78:0/3401469944' entity='client.admin' cmd=[{"prefix": "mgr module enable", "module": "dashboard"}]: dispatch
2023-07-14T18:56:23.663 INFO:journalctl@ceph.mon.a.smithi078.stdout:Jul 14 18:56:23 smithi078 ceph-mon[127425]: from='mgr.14120 172.21.15.78:0/2124955082' entity='mgr.x'
