2023-07-14T19:09:52.467 INFO:teuthology.orchestra.run.smithi040.stdout:/usr/bin/ceph: stderr
2023-07-14T19:09:46.508+0000 7f0d99d9b700 1 -- 172.21.15.40:0/1364520678 >> [v2:172.21.15.40:6800/3698757264,v1:172.21.15.40:6801/3698757264] conn(0x7f0d84038760 msgr2=0x7f0d8403ac10 unknown :-1 s=STATE_CONNECTING_RE l=1).process reconnect failed to v2:172.21.15.40:6800/3698757264
2023-07-14T19:09:52.467 INFO:teuthology.orchestra.run.smithi040.stdout:/usr/bin/ceph: stderr
2023-07-14T19:09:46.508+0000 7f0d99d9b700 1 --2- 172.21.15.40:0/1364520678 >> [v2:172.21.15.40:6800/3698757264,v1:172.21.15.40:6801/3698757264] conn(0x7f0d84038760 0x7f0d8403ac10 unknown :-1 s=START_CONNECT pgs=0 cs=0 l=1 rev1=0 crypto rx=0 tx=0 comp rx=0 tx=0)._fault waiting 1.600000
2023-07-14T19:09:52.467 INFO:teuthology.orchestra.run.smithi040.stdout:/usr/bin/ceph: stderr
2023-07-14T19:09:48.109+0000 7f0d99d9b700 1 -- 172.21.15.40:0/1364520678 >> [v2:172.21.15.40:6800/3698757264,v1:172.21.15.40:6801/3698757264] conn(0x7f0d84038760 msgr2=0x7f0d8403ac10 unknown :-1 s=STATE_CONNECTING_RE l=1).process reconnect failed to v2:172.21.15.40:6800/3698757264
2023-07-14T19:09:52.467 INFO:teuthology.orchestra.run.smithi040.stdout:/usr/bin/ceph: stderr
2023-07-14T19:09:48.109+0000 7f0d99d9b700 1 --2- 172.21.15.40:0/1364520678 >> [v2:172.21.15.40:6800/3698757264,v1:172.21.15.40:6801/3698757264] conn(0x7f0d84038760 0x7f0d8403ac10 unknown :-1 s=START_CONNECT pgs=0 cs=0 l=1 rev1=0 crypto rx=0 tx=0 comp rx=0 tx=0)._fault waiting 3.200000
2023-07-14T19:09:52.467 INFO:teuthology.orchestra.run.smithi040.stdout:/usr/bin/ceph: stderr
2023-07-14T19:09:50.733+0000 7f0d8b7fe700 1 -- 172.21.15.40:0/1364520678 <== mon.0 v2:172.21.15.40:3300/0 6 ==== mgrmap(e 10) v1 ==== 45263+0+0 (secure 0 0 0) 0x7f0d8c02d9b0 con 0x7f0d9c105f00
2023-07-14T19:09:52.467 INFO:teuthology.orchestra.run.smithi040.stdout:/usr/bin/ceph: stderr
2023-07-14T19:09:50.733+0000 7f0d8b7fe700 1 -- 172.21.15.40:0/1364520678 >> [v2:172.21.15.40:6800/3698757264,v1:172.21.15.40:6801/3698757264] conn(0x7f0d84038760 msgr2=0x7f0d8403ac10 unknown :-1 s=STATE_CONNECTING l=1).mark_down
2023-07-14T19:09:52.468 INFO:teuthology.orchestra.run.smithi040.stdout:/usr/bin/ceph: stderr
2023-07-14T19:09:50.733+0000 7f0d8b7fe700 1 --2- 172.21.15.40:0/1364520678 >> [v2:172.21.15.40:6800/3698757264,v1:172.21.15.40:6801/3698757264] conn(0x7f0d84038760 0x7f0d8403ac10 unknown :-1 s=START_CONNECT pgs=0 cs=0 l=1 rev1=0 crypto rx=0 tx=0 comp rx=0 tx=0).stop
2023-07-14T19:09:52.468 INFO:teuthology.orchestra.run.smithi040.stdout:/usr/bin/ceph: stderr
2023-07-14T19:09:51.735+0000 7f0d8b7fe700 1 -- 172.21.15.40:0/1364520678 <== mon.0 v2:172.21.15.40:3300/0 7 ==== mgrmap(e 11) v1 ==== 45390+0+0 (secure 0 0 0) 0x7f0d8c019d80 con 0x7f0d9c105f00
2023-07-14T19:09:52.468 INFO:teuthology.orchestra.run.smithi040.stdout:/usr/bin/ceph: stderr
2023-07-14T19:09:51.735+0000 7f0d8b7fe700 1 --2- 172.21.15.40:0/1364520678 >> [v2:172.21.15.40:6800/1693027118,v1:172.21.15.40:6801/1693027118] conn(0x7f0d8403bff0 0x7f0d8403e3d0 unknown :-1 s=NONE pgs=0 cs=0 l=1 rev1=0 crypto rx=0 tx=0 comp rx=0 tx=0).connect
2023-07-14T19:09:52.468 INFO:teuthology.orchestra.run.smithi040.stdout:/usr/bin/ceph: stderr
2023-07-14T19:09:51.735+0000 7f0d8b7fe700 1 -- 172.21.15.40:0/1364520678 --> [v2:172.21.15.40:6800/1693027118,v1:172.21.15.40:6801/1693027118] -- command(tid 0: {"prefix": "get_command_descriptions"}) v1 -- 0x7f0d8403b320 con 0x7f0d8403bff0
2023-07-14T19:09:52.468 INFO:teuthology.orchestra.run.smithi040.stdout:/usr/bin/ceph: stderr
2023-07-14T19:09:51.735+0000 7f0d99d9b700 1 --2- 172.21.15.40:0/1364520678 >> [v2:172.21.15.40:6800/1693027118,v1:172.21.15.40:6801/1693027118] conn(0x7f0d8403bff0 0x7f0d8403e3d0 unknown :-1 s=BANNER_CONNECTING pgs=0 cs=0 l=1 rev1=0 crypto rx=0 tx=0 comp rx=0 tx=0)._handle_peer_banner_payload supported=3 required=0
2023-07-14T19:09:52.468 INFO:teuthology.orchestra.run.smithi040.stdout:/usr/bin/ceph: stderr
2023-07-14T19:09:51.736+0000 7f0d99d9b700 1 --2- 172.21.15.40:0/1364520678 >> [v2:172.21.15.40:6800/1693027118,v1:172.21.15.40:6801/1693027118] conn(0x7f0d8403bff0 0x7f0d8403e3d0 secure :-1 s=READY pgs=2 cs=0 l=1 rev1=1 crypto rx=0x7f0d90003a10 tx=0x7f0d90009270 comp rx=0 tx=0).ready entity=mgr.14152 client_cookie=0 server_cookie=0 in_seq=0 out_seq=0
2023-07-14T19:09:52.468 INFO:teuthology.orchestra.run.smithi040.stdout:/usr/bin/ceph: stderr
2023-07-14T19:09:51.737+0000 7f0d8b7fe700 1 -- 172.21.15.40:0/1364520678 <== mgr.14152 v2:172.21.15.40:6800/1693027118 1 ==== command_reply(tid 0: 0 ) v1 ==== 8+0+6910 (secure 0 0 0) 0x7f0d8403b320 con 0x7f0d8403bff0
2023-07-14T19:09:52.469 INFO:teuthology.orchestra.run.smithi040.stdout:/usr/bin/ceph: stderr
2023-07-14T19:09:51.747+0000 7f0da0f97700 1 -- 172.21.15.40:0/1364520678 --> [v2:172.21.15.40:6800/1693027118,v1:172.21.15.40:6801/1693027118] -- command(tid 1: {"prefix": "mgr_status"}) v1 -- 0x7f0d9c19a460 con 0x7f0d8403bff0
2023-07-14T19:09:52.469 INFO:teuthology.orchestra.run.smithi040.stdout:/usr/bin/ceph: stderr
2023-07-14T19:09:51.748+0000 7f0d8b7fe700 1 -- 172.21.15.40:0/1364520678 <== mgr.14152 v2:172.21.15.40:6800/1693027118 2 ==== command_reply(tid 1: 0 ) v1 ==== 8+0+52 (secure 0 0 0) 0x7f0d9c19a460 con 0x7f0d8403bff0
2023-07-14T19:09:52.469 INFO:teuthology.orchestra.run.smithi040.stdout:/usr/bin/ceph: stderr
2023-07-14T19:09:51.748+0000 7f0da0f97700 1 -- 172.21.15.40:0/1364520678 >> [v2:172.21.15.40:6800/1693027118,v1:172.21.15.40:6801/1693027118] conn(0x7f0d8403bff0 msgr2=0x7f0d8403e3d0 secure :-1 s=STATE_CONNECTION_ESTABLISHED l=1).mark_down
2023-07-14T19:09:52.469 INFO:teuthology.orchestra.run.smithi040.stdout:/usr/bin/ceph: stderr
2023-07-14T19:09:51.748+0000 7f0da0f97700 1 --2- 172.21.15.40:0/1364520678 >> [v2:172.21.15.40:6800/1693027118,v1:172.21.15.40:6801/1693027118] conn(0x7f0d8403bff0 0x7f0d8403e3d0 secure :-1 s=READY pgs=2 cs=0 l=1 rev1=1 crypto rx=0x7f0d90003a10 tx=0x7f0d90009270 comp rx=0 tx=0).stop
2023-07-14T19:09:52.469 INFO:teuthology.orchestra.run.smithi040.stdout:/usr/bin/ceph: stderr
2023-07-14T19:09:51.748+0000 7f0da0f97700 1 -- 172.21.15.40:0/1364520678 >> [v2:172.21.15.40:3300/0,v1:172.21.15.40:6789/0] conn(0x7f0d9c105f00 msgr2=0x7f0d9c199120 secure :-1 s=STATE_CONNECTION_ESTABLISHED l=1).mark_down
2023-07-14T19:09:52.469 INFO:teuthology.orchestra.run.smithi040.stdout:/usr/bin/ceph: stderr
2023-07-14T19:09:51.748+0000 7f0da0f97700 1 --2- 172.21.15.40:0/1364520678 >> [v2:172.21.15.40:3300/0,v1:172.21.15.40:6789/0] conn(0x7f0d9c105f00 0x7f0d9c199120 secure :-1 s=READY pgs=62 cs=0 l=1 rev1=1 crypto rx=0x7f0d8c003e60 tx=0x7f0d8c011aa0 comp rx=0 tx=0).stop
2023-07-14T19:09:52.469 INFO:teuthology.orchestra.run.smithi040.stdout:/usr/bin/ceph: stderr
2023-07-14T19:09:51.748+0000 7f0da0f97700 1 -- 172.21.15.40:0/1364520678 shutdown_connections
2023-07-14T19:09:52.470 INFO:teuthology.orchestra.run.smithi040.stdout:/usr/bin/ceph: stderr
2023-07-14T19:09:51.748+0000 7f0da0f97700 1 --2- 172.21.15.40:0/1364520678 >> [v2:172.21.15.40:6800/1693027118,v1:172.21.15.40:6801/1693027118] conn(0x7f0d8403bff0 0x7f0d8403e3d0 unknown :-1 s=CLOSED pgs=2 cs=0 l=1 rev1=1 crypto rx=0 tx=0 comp rx=0 tx=0).stop
2023-07-14T19:09:52.470 INFO:teuthology.orchestra.run.smithi040.stdout:/usr/bin/ceph: stderr
2023-07-14T19:09:51.748+0000 7f0da0f97700 1 --2- 172.21.15.40:0/1364520678 >> [v2:172.21.15.40:3300/0,v1:172.21.15.40:6789/0] conn(0x7f0d9c105f00 0x7f0d9c199120 unknown :-1 s=CLOSED pgs=62 cs=0 l=1 rev1=1 crypto rx=0 tx=0 comp rx=0 tx=0).stop
2023-07-14T19:09:52.470 INFO:teuthology.orchestra.run.smithi040.stdout:/usr/bin/ceph: stderr
2023-07-14T19:09:51.748+0000 7f0da0f97700 1 --2- 172.21.15.40:0/1364520678 >> [v2:172.21.15.40:6800/3698757264,v1:172.21.15.40:6801/3698757264] conn(0x7f0d84038760 0x7f0d8403ac10 unknown :-1 s=CLOSED pgs=0 cs=0 l=1 rev1=0 crypto rx=0 tx=0 comp rx=0 tx=0).stop
2023-07-14T19:09:52.470 INFO:teuthology.orchestra.run.smithi040.stdout:/usr/bin/ceph: stderr
2023-07-14T19:09:51.748+0000 7f0da0f97700 1 -- 172.21.15.40:0/1364520678 >> 172.21.15.40:0/1364520678 conn(0x7f0d9c0ff9a0 msgr2=0x7f0d9c100780 unknown :-1 s=STATE_NONE l=0).mark_down
2023-07-14T19:09:52.470 INFO:teuthology.orchestra.run.smithi040.stdout:/usr/bin/ceph: stderr
2023-07-14T19:09:51.748+0000 7f0da0f97700 1 -- 172.21.15.40:0/1364520678 shutdown_connections
2023-07-14T19:09:52.470 INFO:teuthology.orchestra.run.smithi040.stdout:/usr/bin/ceph: stderr
2023-07-14T19:09:51.748+0000 7f0da0f97700 1 -- 172.21.15.40:0/1364520678 wait complete.
2023-07-14T19:09:52.470 INFO:teuthology.orchestra.run.smithi040.stdout:mgr epoch 9 is available
2023-07-14T19:09:52.470 INFO:teuthology.orchestra.run.smithi040.stdout:Generating a dashboard self-signed certificate...
2023-07-14T19:09:53.722 INFO:journalctl@ceph.mon.a.smithi040.stdout:Jul 14 19:09:53 smithi040 ceph-mon[96518]: from='client.14156 -' entity='client.admin' cmd=[{"prefix": "mgr_status"}]: dispatch
2023-07-14T19:09:53.722 INFO:journalctl@ceph.mon.a.smithi040.stdout:Jul 14 19:09:53 smithi040 ceph-mon[96518]: [14/Jul/2023:19:09:51] ENGINE Serving on https://172.21.15.40:7150
2023-07-14T19:09:53.722 INFO:journalctl@ceph.mon.a.smithi040.stdout:Jul 14 19:09:53 smithi040 ceph-mon[96518]: [14/Jul/2023:19:09:51] ENGINE Serving on http://172.21.15.40:8765
2023-07-14T19:09:53.722 INFO:journalctl@ceph.mon.a.smithi040.stdout:Jul 14 19:09:53 smithi040 ceph-mon[96518]: [14/Jul/2023:19:09:51] ENGINE Bus STARTED
2023-07-14T19:09:53.722 INFO:journalctl@ceph.mon.a.smithi040.stdout:Jul 14 19:09:53 smithi040 ceph-mon[96518]: from='mgr.14152 172.21.15.40:0/2647863621' entity='mgr.x'
2023-07-14T19:09:53.723 INFO:journalctl@ceph.mon.a.smithi040.stdout:Jul 14 19:09:53 smithi040 ceph-mon[96518]: from='mgr.14152 172.21.15.40:0/2647863621' entity='mgr.x'
2023-07-14T19:09:53.723 INFO:journalctl@ceph.mon.a.smithi040.stdout:Jul 14 19:09:53 smithi040 ceph-mon[96518]: from='mgr.14152 172.21.15.40:0/2647863621' entity='mgr.x'
2023-07-14T19:09:53.723 INFO:journalctl@ceph.mon.a.smithi040.stdout:Jul 14 19:09:53 smithi040 ceph-mon[96518]: from='mgr.14152 172.21.15.40:0/2647863621' entity='mgr.x'
2023-07-14T19:09:53.807 INFO:teuthology.orchestra.run.smithi040.stdout:/usr/bin/ceph: stdout Self-signed certificate created
2023-07-14T19:09:53.807 INFO:teuthology.orchestra.run.smithi040.stdout:/usr/bin/ceph: stderr
2023-07-14T19:09:52.947+0000 7fd55d6e1700 1 Processor -- start
2023-07-14T19:09:53.807 INFO:teuthology.orchestra.run.smithi040.stdout:/usr/bin/ceph: stderr
2023-07-14T19:09:52.947+0000 7fd55d6e1700 1 -- start start
2023-07-14T19:09:53.808 INFO:teuthology.orchestra.run.smithi040.stdout:/usr/bin/ceph: stderr
2023-07-14T19:09:52.947+0000 7fd55d6e1700 1 --2- >> [v2:172.21.15.40:3300/0,v1:172.21.15.40:6789/0] conn(0x7fd5581042f0 0x7fd558104700 unknown :-1 s=NONE pgs=0 cs=0 l=0 rev1=0 crypto rx=0 tx=0 comp rx=0 tx=0).connect
2023-07-14T19:09:53.808 INFO:teuthology.orchestra.run.smithi040.stdout:/usr/bin/ceph: stderr
2023-07-14T19:09:52.947+0000 7fd55d6e1700 1 -- --> [v2:172.21.15.40:3300/0,v1:172.21.15.40:6789/0] -- mon_getmap magic: 0 v1 -- 0x7fd558104c40 con 0x7fd5581042f0
2023-07-14T19:09:53.808 INFO:teuthology.orchestra.run.smithi040.stdout:/usr/bin/ceph: stderr
2023-07-14T19:09:52.947+0000 7fd556ffd700 1 --2- >> [v2:172.21.15.40:3300/0,v1:172.21.15.40:6789/0] conn(0x7fd5581042f0 0x7fd558104700 unknown :-1 s=BANNER_CONNECTING pgs=0 cs=0 l=0 rev1=0 crypto rx=0 tx=0 comp rx=0 tx=0)._handle_peer_banner_payload supported=3 required=0
2023-07-14T19:09:53.808 INFO:teuthology.orchestra.run.smithi040.stdout:/usr/bin/ceph: stderr
2023-07-14T19:09:52.947+0000 7fd556ffd700 1 --2- >> [v2:172.21.15.40:3300/0,v1:172.21.15.40:6789/0] conn(0x7fd5581042f0 0x7fd558104700 unknown :-1 s=HELLO_CONNECTING pgs=0 cs=0 l=0 rev1=1 crypto rx=0 tx=0 comp rx=0 tx=0).handle_hello peer v2:172.21.15.40:3300/0 says I am v2:172.21.15.40:60058/0 (socket says 172.21.15.40:60058)
2023-07-14T19:09:53.808 INFO:teuthology.orchestra.run.smithi040.stdout:/usr/bin/ceph: stderr
2023-07-14T19:09:52.947+0000 7fd556ffd700 1 -- 172.21.15.40:0/1363217161 learned_addr learned my addr 172.21.15.40:0/1363217161 (peer_addr_for_me v2:172.21.15.40:0/0)
2023-07-14T19:09:53.809 INFO:teuthology.orchestra.run.smithi040.stdout:/usr/bin/ceph: stderr
2023-07-14T19:09:52.947+0000 7fd556ffd700 1 -- 172.21.15.40:0/1363217161 --> [v2:172.21.15.40:3300/0,v1:172.21.15.40:6789/0] -- mon_subscribe({config=0+,monmap=0+}) v3 -- 0x7fd558104d80 con 0x7fd5581042f0
2023-07-14T19:09:53.809 INFO:teuthology.orchestra.run.smithi040.stdout:/usr/bin/ceph: stderr
2023-07-14T19:09:52.948+0000 7fd556ffd700 1 --2- 172.21.15.40:0/1363217161 >> [v2:172.21.15.40:3300/0,v1:172.21.15.40:6789/0] conn(0x7fd5581042f0 0x7fd558104700 secure :-1 s=READY pgs=70 cs=0 l=1 rev1=1 crypto rx=0x7fd5480098a0 tx=0x7fd548009bb0 comp rx=0 tx=0).ready entity=mon.0 client_cookie=a7dbd52e03a4e2ab server_cookie=0 in_seq=0 out_seq=0
2023-07-14T19:09:53.809 INFO:teuthology.orchestra.run.smithi040.stdout:/usr/bin/ceph: stderr
2023-07-14T19:09:52.948+0000 7fd555ffb700 1 -- 172.21.15.40:0/1363217161 <== mon.0 v2:172.21.15.40:3300/0 1 ==== mon_map magic: 0 v1 ==== 205+0+0 (secure 0 0 0) 0x7fd548004160 con 0x7fd5581042f0
2023-07-14T19:09:53.809 INFO:teuthology.orchestra.run.smithi040.stdout:/usr/bin/ceph: stderr
2023-07-14T19:09:52.948+0000 7fd555ffb700 1 -- 172.21.15.40:0/1363217161 <== mon.0 v2:172.21.15.40:3300/0 2 ==== config(26 keys) v1 ==== 1105+0+0 (secure 0 0 0) 0x7fd5480042c0 con 0x7fd5581042f0
2023-07-14T19:09:53.810 INFO:teuthology.orchestra.run.smithi040.stdout:/usr/bin/ceph: stderr
2023-07-14T19:09:52.948+0000 7fd555ffb700 1 -- 172.21.15.40:0/1363217161 <== mon.0 v2:172.21.15.40:3300/0 3 ==== mon_map magic: 0 v1 ==== 205+0+0 (secure 0 0 0) 0x7fd5480119b0 con 0x7fd5581042f0
2023-07-14T19:09:53.810 INFO:teuthology.orchestra.run.smithi040.stdout:/usr/bin/ceph: stderr
2023-07-14T19:09:52.948+0000 7fd55d6e1700 1 -- 172.21.15.40:0/1363217161 >> [v2:172.21.15.40:3300/0,v1:172.21.15.40:6789/0] conn(0x7fd5581042f0 msgr2=0x7fd558104700 secure :-1 s=STATE_CONNECTION_ESTABLISHED l=1).mark_down
2023-07-14T19:09:53.810 INFO:teuthology.orchestra.run.smithi040.stdout:/usr/bin/ceph: stderr
2023-07-14T19:09:52.948+0000 7fd55d6e1700 1 --2- 172.21.15.40:0/1363217161 >> [v2:172.21.15.40:3300/0,v1:172.21.15.40:6789/0] conn(0x7fd5581042f0 0x7fd558104700 secure :-1 s=READY pgs=70 cs=0 l=1 rev1=1 crypto rx=0x7fd5480098a0 tx=0x7fd548009bb0 comp rx=0 tx=0).stop
2023-07-14T19:09:53.810 INFO:teuthology.orchestra.run.smithi040.stdout:/usr/bin/ceph: stderr
2023-07-14T19:09:52.948+0000 7fd55d6e1700 1 -- 172.21.15.40:0/1363217161 shutdown_connections
2023-07-14T19:09:53.811 INFO:teuthology.orchestra.run.smithi040.stdout:/usr/bin/ceph: stderr
2023-07-14T19:09:52.948+0000 7fd55d6e1700 1 --2- 172.21.15.40:0/1363217161 >> [v2:172.21.15.40:3300/0,v1:172.21.15.40:6789/0] conn(0x7fd5581042f0 0x7fd558104700 unknown :-1 s=CLOSED pgs=70 cs=0 l=1 rev1=1 crypto rx=0 tx=0 comp rx=0 tx=0).stop
2023-07-14T19:09:53.811 INFO:teuthology.orchestra.run.smithi040.stdout:/usr/bin/ceph: stderr
2023-07-14T19:09:52.948+0000 7fd55d6e1700 1 -- 172.21.15.40:0/1363217161 >> 172.21.15.40:0/1363217161 conn(0x7fd5580ff9a0 msgr2=0x7fd558101db0 unknown :-1 s=STATE_NONE l=0).mark_down
2023-07-14T19:09:53.811 INFO:teuthology.orchestra.run.smithi040.stdout:/usr/bin/ceph: stderr
2023-07-14T19:09:52.948+0000 7fd55d6e1700 1 -- 172.21.15.40:0/1363217161 shutdown_connections
2023-07-14T19:09:53.811 INFO:teuthology.orchestra.run.smithi040.stdout:/usr/bin/ceph: stderr
2023-07-14T19:09:52.948+0000 7fd55d6e1700 1 -- 172.21.15.40:0/1363217161 wait complete.
2023-07-14T19:09:53.811 INFO:teuthology.orchestra.run.smithi040.stdout:/usr/bin/ceph: stderr
2023-07-14T19:09:52.949+0000 7fd55d6e1700 1 Processor -- start
2023-07-14T19:09:53.812 INFO:teuthology.orchestra.run.smithi040.stdout:/usr/bin/ceph: stderr
2023-07-14T19:09:52.949+0000 7fd55d6e1700 1 -- start start
2023-07-14T19:09:53.812 INFO:teuthology.orchestra.run.smithi040.stdout:/usr/bin/ceph: stderr
2023-07-14T19:09:52.949+0000 7fd55d6e1700 1 --2- >> [v2:172.21.15.40:3300/0,v1:172.21.15.40:6789/0] conn(0x7fd5581042f0 0x7fd55819b2c0 unknown :-1 s=NONE pgs=0 cs=0 l=1 rev1=0 crypto rx=0 tx=0 comp rx=0 tx=0).connect
2023-07-14T19:09:53.812 INFO:teuthology.orchestra.run.smithi040.stdout:/usr/bin/ceph: stderr
2023-07-14T19:09:52.949+0000 7fd55d6e1700 1 -- --> [v2:172.21.15.40:3300/0,v1:172.21.15.40:6789/0] -- mon_getmap magic: 0 v1 -- 0x7fd55819b800 con 0x7fd5581042f0
2023-07-14T19:09:53.812 INFO:teuthology.orchestra.run.smithi040.stdout:/usr/bin/ceph: stderr
2023-07-14T19:09:52.950+0000 7fd556ffd700 1 --2- >> [v2:172.21.15.40:3300/0,v1:172.21.15.40:6789/0] conn(0x7fd5581042f0 0x7fd55819b2c0 unknown :-1 s=BANNER_CONNECTING pgs=0 cs=0 l=1 rev1=0 crypto rx=0 tx=0 comp rx=0 tx=0)._handle_peer_banner_payload supported=3 required=0
2023-07-14T19:09:53.813 INFO:teuthology.orchestra.run.smithi040.stdout:/usr/bin/ceph: stderr
2023-07-14T19:09:52.950+0000 7fd556ffd700 1 --2- >> [v2:172.21.15.40:3300/0,v1:172.21.15.40:6789/0] conn(0x7fd5581042f0 0x7fd55819b2c0 unknown :-1 s=HELLO_CONNECTING pgs=0 cs=0 l=1 rev1=1 crypto rx=0 tx=0 comp rx=0 tx=0).handle_hello peer v2:172.21.15.40:3300/0 says I am v2:172.21.15.40:60060/0 (socket says 172.21.15.40:60060)
2023-07-14T19:09:53.813 INFO:teuthology.orchestra.run.smithi040.stdout:/usr/bin/ceph: stderr
2023-07-14T19:09:52.950+0000 7fd556ffd700 1 -- 172.21.15.40:0/1343404681 learned_addr learned my addr 172.21.15.40:0/1343404681 (peer_addr_for_me v2:172.21.15.40:0/0)
2023-07-14T19:09:53.813 INFO:teuthology.orchestra.run.smithi040.stdout:/usr/bin/ceph: stderr
2023-07-14T19:09:52.950+0000 7fd556ffd700 1 -- 172.21.15.40:0/1343404681 --> [v2:172.21.15.40:3300/0,v1:172.21.15.40:6789/0] -- mon_subscribe({config=0+,monmap=0+}) v3 -- 0x7fd548009550 con 0x7fd5581042f0
2023-07-14T19:09:53.814 INFO:teuthology.orchestra.run.smithi040.stdout:/usr/bin/ceph: stderr
2023-07-14T19:09:52.950+0000 7fd556ffd700 1 --2- 172.21.15.40:0/1343404681 >> [v2:172.21.15.40:3300/0,v1:172.21.15.40:6789/0] conn(0x7fd5581042f0 0x7fd55819b2c0 secure :-1 s=READY pgs=71 cs=0 l=1 rev1=1 crypto rx=0x7fd548011980 tx=0x7fd548011a60 comp rx=0 tx=0).ready entity=mon.0 client_cookie=0 server_cookie=0 in_seq=0 out_seq=0
2023-07-14T19:09:53.814 INFO:teuthology.orchestra.run.smithi040.stdout:/usr/bin/ceph: stderr
2023-07-14T19:09:52.950+0000 7fd53ffff700 1 -- 172.21.15.40:0/1343404681 <== mon.0 v2:172.21.15.40:3300/0 1 ==== mon_map magic: 0 v1 ==== 205+0+0 (secure 0 0 0) 0x7fd548003a60 con 0x7fd5581042f0
2023-07-14T19:09:53.814 INFO:teuthology.orchestra.run.smithi040.stdout:/usr/bin/ceph: stderr
2023-07-14T19:09:52.950+0000 7fd55d6e1700 1 -- 172.21.15.40:0/1343404681 --> [v2:172.21.15.40:3300/0,v1:172.21.15.40:6789/0] -- mon_subscribe({mgrmap=0+}) v3 -- 0x7fd55819ba00 con 0x7fd5581042f0
2023-07-14T19:09:53.814 INFO:teuthology.orchestra.run.smithi040.stdout:/usr/bin/ceph: stderr
2023-07-14T19:09:52.950+0000 7fd53ffff700 1 -- 172.21.15.40:0/1343404681 <== mon.0 v2:172.21.15.40:3300/0 2 ==== config(26 keys) v1 ==== 1105+0+0 (secure 0 0 0) 0x7fd548003bc0 con 0x7fd5581042f0
2023-07-14T19:09:53.815 INFO:teuthology.orchestra.run.smithi040.stdout:/usr/bin/ceph: stderr
2023-07-14T19:09:52.950+0000 7fd53ffff700 1 -- 172.21.15.40:0/1343404681 <== mon.0 v2:172.21.15.40:3300/0 3 ==== mon_map magic: 0 v1 ==== 205+0+0 (secure 0 0 0) 0x7fd54801a670 con 0x7fd5581042f0
2023-07-14T19:09:53.815 INFO:teuthology.orchestra.run.smithi040.stdout:/usr/bin/ceph: stderr
2023-07-14T19:09:52.950+0000 7fd55d6e1700 1 -- 172.21.15.40:0/1343404681 --> [v2:172.21.15.40:3300/0,v1:172.21.15.40:6789/0] -- mon_subscribe({osdmap=0}) v3 -- 0x7fd55819be20 con 0x7fd5581042f0
2023-07-14T19:09:53.815 INFO:teuthology.orchestra.run.smithi040.stdout:/usr/bin/ceph: stderr
2023-07-14T19:09:52.951+0000 7fd53ffff700 1 -- 172.21.15.40:0/1343404681 <== mon.0 v2:172.21.15.40:3300/0 4 ==== mgrmap(e 11) v1 ==== 45390+0+0 (secure 0 0 0) 0x7fd54801a930 con 0x7fd5581042f0
2023-07-14T19:09:53.815 INFO:teuthology.orchestra.run.smithi040.stdout:/usr/bin/ceph: stderr
2023-07-14T19:09:52.951+0000 7fd53ffff700 1 --2- 172.21.15.40:0/1343404681 >> [v2:172.21.15.40:6800/1693027118,v1:172.21.15.40:6801/1693027118] conn(0x7fd540038630 0x7fd54003aae0 unknown :-1 s=NONE pgs=0 cs=0 l=1 rev1=0 crypto rx=0 tx=0 comp rx=0 tx=0).connect
2023-07-14T19:09:53.816 INFO:teuthology.orchestra.run.smithi040.stdout:/usr/bin/ceph: stderr
2023-07-14T19:09:52.951+0000 7fd53ffff700 1 -- 172.21.15.40:0/1343404681 <== mon.0 v2:172.21.15.40:3300/0 5 ==== osd_map(3..3 src has 1..3) v4 ==== 1155+0+0 (secure 0 0 0) 0x7fd54804c930 con 0x7fd5581042f0
2023-07-14T19:09:53.816 INFO:teuthology.orchestra.run.smithi040.stdout:/usr/bin/ceph: stderr
2023-07-14T19:09:52.952+0000 7fd5567fc700 1 --2- 172.21.15.40:0/1343404681 >> [v2:172.21.15.40:6800/1693027118,v1:172.21.15.40:6801/1693027118] conn(0x7fd540038630 0x7fd54003aae0 unknown :-1 s=BANNER_CONNECTING pgs=0 cs=0 l=1 rev1=0 crypto rx=0 tx=0 comp rx=0 tx=0)._handle_peer_banner_payload supported=3 required=0
2023-07-14T19:09:53.816 INFO:teuthology.orchestra.run.smithi040.stdout:/usr/bin/ceph: stderr
2023-07-14T19:09:52.952+0000 7fd55d6e1700 1 -- 172.21.15.40:0/1343404681 --> [v2:172.21.15.40:3300/0,v1:172.21.15.40:6789/0] -- mon_command({"prefix": "get_command_descriptions"} v 0) v1 -- 0x7fd558190c20 con 0x7fd5581042f0
2023-07-14T19:09:53.817 INFO:teuthology.orchestra.run.smithi040.stdout:/usr/bin/ceph: stderr
2023-07-14T19:09:52.952+0000 7fd5567fc700 1 --2- 172.21.15.40:0/1343404681 >> [v2:172.21.15.40:6800/1693027118,v1:172.21.15.40:6801/1693027118] conn(0x7fd540038630 0x7fd54003aae0 secure :-1 s=READY pgs=7 cs=0 l=1 rev1=1 crypto rx=0x7fd54c006fd0 tx=0x7fd54c006e40 comp rx=0 tx=0).ready entity=mgr.14152 client_cookie=0 server_cookie=0 in_seq=0 out_seq=0
2023-07-14T19:09:53.817 INFO:teuthology.orchestra.run.smithi040.stdout:/usr/bin/ceph: stderr
2023-07-14T19:09:52.956+0000 7fd53ffff700 1 -- 172.21.15.40:0/1343404681 <== mon.0 v2:172.21.15.40:3300/0 6 ==== mon_command_ack([{"prefix": "get_command_descriptions"}]=0 v0) v1 ==== 72+0+178025 (secure 0 0 0) 0x7fd54801ac30 con 0x7fd5581042f0
2023-07-14T19:09:53.817 INFO:teuthology.orchestra.run.smithi040.stdout:/usr/bin/ceph: stderr
2023-07-14T19:09:53.327+0000 7fd55d6e1700 1 -- 172.21.15.40:0/1343404681 --> [v2:172.21.15.40:6800/1693027118,v1:172.21.15.40:6801/1693027118] -- mgr_command(tid 0: {"prefix": "dashboard create-self-signed-cert", "target": ["mon-mgr", ""]}) v1 -- 0x7fd558106330 con 0x7fd540038630
2023-07-14T19:09:53.817 INFO:teuthology.orchestra.run.smithi040.stdout:/usr/bin/ceph: stderr
2023-07-14T19:09:53.381+0000 7fd53ffff700 1 -- 172.21.15.40:0/1343404681 <== mgr.14152 v2:172.21.15.40:6800/1693027118 1 ==== mgr_command_reply(tid 0: 0 ) v1 ==== 8+0+32 (secure 0 0 0) 0x7fd558106330 con 0x7fd540038630
2023-07-14T19:09:53.818 INFO:teuthology.orchestra.run.smithi040.stdout:/usr/bin/ceph: stderr
2023-07-14T19:09:53.383+0000 7fd55d6e1700 1 -- 172.21.15.40:0/1343404681 >> [v2:172.21.15.40:6800/1693027118,v1:172.21.15.40:6801/1693027118] conn(0x7fd540038630 msgr2=0x7fd54003aae0 secure :-1 s=STATE_CONNECTION_ESTABLISHED l=1).mark_down
2023-07-14T19:09:53.818 INFO:teuthology.orchestra.run.smithi040.stdout:/usr/bin/ceph: stderr
2023-07-14T19:09:53.383+0000 7fd55d6e1700 1 --2- 172.21.15.40:0/1343404681 >> [v2:172.21.15.40:6800/1693027118,v1:172.21.15.40:6801/1693027118] conn(0x7fd540038630 0x7fd54003aae0 secure :-1 s=READY pgs=7 cs=0 l=1 rev1=1 crypto rx=0x7fd54c006fd0 tx=0x7fd54c006e40 comp rx=0 tx=0).stop
2023-07-14T19:09:53.818 INFO:teuthology.orchestra.run.smithi040.stdout:/usr/bin/ceph: stderr
2023-07-14T19:09:53.383+0000 7fd55d6e1700 1 -- 172.21.15.40:0/1343404681 >> [v2:172.21.15.40:3300/0,v1:172.21.15.40:6789/0] conn(0x7fd5581042f0 msgr2=0x7fd55819b2c0 secure :-1 s=STATE_CONNECTION_ESTABLISHED l=1).mark_down
2023-07-14T19:09:53.818 INFO:teuthology.orchestra.run.smithi040.stdout:/usr/bin/ceph: stderr
2023-07-14T19:09:53.383+0000 7fd55d6e1700 1 --2- 172.21.15.40:0/1343404681 >> [v2:172.21.15.40:3300/0,v1:172.21.15.40:6789/0] conn(0x7fd5581042f0 0x7fd55819b2c0 secure :-1 s=READY pgs=71 cs=0 l=1 rev1=1 crypto rx=0x7fd548011980 tx=0x7fd548011a60 comp rx=0 tx=0).stop
2023-07-14T19:09:53.819 INFO:teuthology.orchestra.run.smithi040.stdout:/usr/bin/ceph: stderr
2023-07-14T19:09:53.383+0000 7fd55d6e1700 1 -- 172.21.15.40:0/1343404681 shutdown_connections
2023-07-14T19:09:53.819 INFO:teuthology.orchestra.run.smithi040.stdout:/usr/bin/ceph: stderr
2023-07-14T19:09:53.383+0000 7fd55d6e1700 1 --2- 172.21.15.40:0/1343404681 >> [v2:172.21.15.40:6800/1693027118,v1:172.21.15.40:6801/1693027118] conn(0x7fd540038630 0x7fd54003aae0 unknown :-1 s=CLOSED pgs=7 cs=0 l=1 rev1=1 crypto rx=0 tx=0 comp rx=0 tx=0).stop
2023-07-14T19:09:53.819 INFO:teuthology.orchestra.run.smithi040.stdout:/usr/bin/ceph: stderr
2023-07-14T19:09:53.383+0000 7fd55d6e1700 1 --2- 172.21.15.40:0/1343404681 >> [v2:172.21.15.40:3300/0,v1:172.21.15.40:6789/0] conn(0x7fd5581042f0 0x7fd55819b2c0 unknown :-1 s=CLOSED pgs=71 cs=0 l=1 rev1=1 crypto rx=0 tx=0 comp rx=0 tx=0).stop
2023-07-14T19:09:53.819 INFO:teuthology.orchestra.run.smithi040.stdout:/usr/bin/ceph: stderr
2023-07-14T19:09:53.383+0000 7fd55d6e1700 1 -- 172.21.15.40:0/1343404681 >> 172.21.15.40:0/1343404681 conn(0x7fd5580ff9a0 msgr2=0x7fd55818dd60 unknown :-1 s=STATE_NONE l=0).mark_down
2023-07-14T19:09:53.820 INFO:teuthology.orchestra.run.smithi040.stdout:/usr/bin/ceph: stderr
2023-07-14T19:09:53.384+0000 7fd55d6e1700 1 -- 172.21.15.40:0/1343404681 shutdown_connections
2023-07-14T19:09:53.820 INFO:teuthology.orchestra.run.smithi040.stdout:/usr/bin/ceph: stderr
2023-07-14T19:09:53.384+0000 7fd55d6e1700 1 -- 172.21.15.40:0/1343404681 wait complete.
2023-07-14T19:09:53.820 INFO:teuthology.orchestra.run.smithi040.stdout:Creating initial admin user...
2023-07-14T19:09:54.873 INFO:journalctl@ceph.mon.a.smithi040.stdout:Jul 14 19:09:54 smithi040 ceph-mon[96518]: from='client.14164 -' entity='client.admin' cmd=[{"prefix": "dashboard create-self-signed-cert", "target": ["mon-mgr", ""]}]: dispatch
2023-07-14T19:09:54.873 INFO:journalctl@ceph.mon.a.smithi040.stdout:Jul 14 19:09:54 smithi040 ceph-mon[96518]: mgrmap e12: x(active, since 2s)
2023-07-14T19:09:55.555 INFO:teuthology.orchestra.run.smithi040.stdout:/usr/bin/ceph: stdout {"username": "admin", "password": "$2b$12$k8MddWgwpgXzb8rPeWU90OnFg0axXygUDxTJJ4A.HdeY8oOG1dMg.", "roles": ["administrator"], "name": null, "email": null, "lastUpdate": 1689361794, "enabled": true, "pwdExpirationDate": null, "pwdUpdateRequired": true}
2023-07-14T19:09:55.555 INFO:teuthology.orchestra.run.smithi040.stdout:/usr/bin/ceph: stderr
2023-07-14T19:09:54.338+0000 7f9e13e12700 1 Processor -- start
2023-07-14T19:09:55.556 INFO:teuthology.orchestra.run.smithi040.stdout:/usr/bin/ceph: stderr
2023-07-14T19:09:54.339+0000 7f9e13e12700 1 -- start start
2023-07-14T19:09:55.556 INFO:teuthology.orchestra.run.smithi040.stdout:/usr/bin/ceph: stderr
2023-07-14T19:09:54.339+0000 7f9e13e12700 1 --2- >> [v2:172.21.15.40:3300/0,v1:172.21.15.40:6789/0] conn(0x7f9e0c1042f0 0x7f9e0c104700 unknown :-1 s=NONE pgs=0 cs=0 l=0 rev1=0 crypto rx=0 tx=0 comp rx=0 tx=0).connect
2023-07-14T19:09:55.556 INFO:teuthology.orchestra.run.smithi040.stdout:/usr/bin/ceph: stderr
2023-07-14T19:09:54.339+0000 7f9e13e12700 1 -- --> [v2:172.21.15.40:3300/0,v1:172.21.15.40:6789/0] -- mon_getmap magic: 0 v1 -- 0x7f9e0c104c40 con 0x7f9e0c1042f0
2023-07-14T19:09:55.556 INFO:teuthology.orchestra.run.smithi040.stdout:/usr/bin/ceph: stderr
2023-07-14T19:09:54.339+0000 7f9e11bae700 1 --2- >> [v2:172.21.15.40:3300/0,v1:172.21.15.40:6789/0] conn(0x7f9e0c1042f0 0x7f9e0c104700 unknown :-1 s=BANNER_CONNECTING pgs=0 cs=0 l=0 rev1=0 crypto rx=0 tx=0 comp rx=0 tx=0)._handle_peer_banner_payload supported=3 required=0
2023-07-14T19:09:55.556 INFO:teuthology.orchestra.run.smithi040.stdout:/usr/bin/ceph: stderr
2023-07-14T19:09:54.339+0000 7f9e11bae700 1 --2- >> [v2:172.21.15.40:3300/0,v1:172.21.15.40:6789/0] conn(0x7f9e0c1042f0 0x7f9e0c104700 unknown :-1 s=HELLO_CONNECTING pgs=0 cs=0 l=0 rev1=1 crypto rx=0 tx=0 comp rx=0 tx=0).handle_hello peer v2:172.21.15.40:3300/0 says I am v2:172.21.15.40:60064/0 (socket says 172.21.15.40:60064)
2023-07-14T19:09:55.556 INFO:teuthology.orchestra.run.smithi040.stdout:/usr/bin/ceph: stderr
2023-07-14T19:09:54.339+0000 7f9e11bae700 1 -- 172.21.15.40:0/1798767276 learned_addr learned my addr 172.21.15.40:0/1798767276 (peer_addr_for_me v2:172.21.15.40:0/0)
2023-07-14T19:09:55.556 INFO:teuthology.orchestra.run.smithi040.stdout:/usr/bin/ceph: stderr
2023-07-14T19:09:54.339+0000 7f9e11bae700 1 -- 172.21.15.40:0/1798767276 --> [v2:172.21.15.40:3300/0,v1:172.21.15.40:6789/0] -- mon_subscribe({config=0+,monmap=0+}) v3 -- 0x7f9e0c104d80 con 0x7f9e0c1042f0
2023-07-14T19:09:55.557 INFO:teuthology.orchestra.run.smithi040.stdout:/usr/bin/ceph: stderr
2023-07-14T19:09:54.340+0000 7f9e11bae700 1 --2- 172.21.15.40:0/1798767276 >> [v2:172.21.15.40:3300/0,v1:172.21.15.40:6789/0] conn(0x7f9e0c1042f0 0x7f9e0c104700 secure :-1 s=READY pgs=72 cs=0 l=1 rev1=1 crypto rx=0x7f9dfc0098a0 tx=0x7f9dfc009bb0 comp rx=0 tx=0).ready entity=mon.0 client_cookie=faebf93ec8c51cbb server_cookie=0 in_seq=0 out_seq=0
2023-07-14T19:09:55.557 INFO:teuthology.orchestra.run.smithi040.stdout:/usr/bin/ceph: stderr
2023-07-14T19:09:54.340+0000 7f9e10bac700 1 -- 172.21.15.40:0/1798767276 <== mon.0 v2:172.21.15.40:3300/0 1 ==== mon_map magic: 0 v1 ==== 205+0+0 (secure 0 0 0) 0x7f9dfc004160 con 0x7f9e0c1042f0
2023-07-14T19:09:55.557 INFO:teuthology.orchestra.run.smithi040.stdout:/usr/bin/ceph: stderr
2023-07-14T19:09:54.340+0000 7f9e10bac700 1 -- 172.21.15.40:0/1798767276 <== mon.0 v2:172.21.15.40:3300/0 2 ==== config(26 keys) v1 ==== 1105+0+0 (secure 0 0 0) 0x7f9dfc0042c0 con 0x7f9e0c1042f0
2023-07-14T19:09:55.557 INFO:teuthology.orchestra.run.smithi040.stdout:/usr/bin/ceph: stderr
2023-07-14T19:09:54.340+0000 7f9e10bac700 1 -- 172.21.15.40:0/1798767276 <== mon.0 v2:172.21.15.40:3300/0 3 ==== mon_map magic: 0 v1 ==== 205+0+0 (secure 0 0 0) 0x7f9dfc0119b0 con 0x7f9e0c1042f0
2023-07-14T19:09:55.557 INFO:teuthology.orchestra.run.smithi040.stdout:/usr/bin/ceph: stderr
2023-07-14T19:09:54.340+0000 7f9e13e12700 1 -- 172.21.15.40:0/1798767276 >> [v2:172.21.15.40:3300/0,v1:172.21.15.40:6789/0] conn(0x7f9e0c1042f0 msgr2=0x7f9e0c104700 secure :-1 s=STATE_CONNECTION_ESTABLISHED l=1).mark_down
2023-07-14T19:09:55.557 INFO:teuthology.orchestra.run.smithi040.stdout:/usr/bin/ceph: stderr
2023-07-14T19:09:54.340+0000 7f9e13e12700 1 --2- 172.21.15.40:0/1798767276 >> [v2:172.21.15.40:3300/0,v1:172.21.15.40:6789/0] conn(0x7f9e0c1042f0 0x7f9e0c104700 secure :-1 s=READY pgs=72 cs=0 l=1 rev1=1 crypto rx=0x7f9dfc0098a0 tx=0x7f9dfc009bb0 comp rx=0 tx=0).stop
2023-07-14T19:09:55.557 INFO:teuthology.orchestra.run.smithi040.stdout:/usr/bin/ceph: stderr
2023-07-14T19:09:54.340+0000 7f9e13e12700 1 -- 172.21.15.40:0/1798767276 shutdown_connections
2023-07-14T19:09:55.557 INFO:teuthology.orchestra.run.smithi040.stdout:/usr/bin/ceph: stderr
2023-07-14T19:09:54.340+0000 7f9e13e12700 1 --2- 172.21.15.40:0/1798767276 >> [v2:172.21.15.40:3300/0,v1:172.21.15.40:6789/0] conn(0x7f9e0c1042f0 0x7f9e0c104700 unknown :-1 s=CLOSED pgs=72 cs=0 l=1 rev1=1 crypto rx=0 tx=0 comp rx=0 tx=0).stop
2023-07-14T19:09:55.558 INFO:teuthology.orchestra.run.smithi040.stdout:/usr/bin/ceph: stderr
2023-07-14T19:09:54.340+0000 7f9e13e12700 1 -- 172.21.15.40:0/1798767276 >> 172.21.15.40:0/1798767276 conn(0x7f9e0c0ff9a0 msgr2=0x7f9e0c101db0 unknown :-1 s=STATE_NONE l=0).mark_down
2023-07-14T19:09:55.558 INFO:teuthology.orchestra.run.smithi040.stdout:/usr/bin/ceph: stderr
2023-07-14T19:09:54.340+0000 7f9e13e12700 1 -- 172.21.15.40:0/1798767276 shutdown_connections
2023-07-14T19:09:55.558 INFO:teuthology.orchestra.run.smithi040.stdout:/usr/bin/ceph: stderr
2023-07-14T19:09:54.341+0000 7f9e13e12700 1 -- 172.21.15.40:0/1798767276 wait complete.
2023-07-14T19:09:55.558 INFO:teuthology.orchestra.run.smithi040.stdout:/usr/bin/ceph: stderr
2023-07-14T19:09:54.341+0000 7f9e13e12700 1 Processor -- start
2023-07-14T19:09:55.558 INFO:teuthology.orchestra.run.smithi040.stdout:/usr/bin/ceph: stderr
2023-07-14T19:09:54.341+0000 7f9e13e12700 1 -- start start
2023-07-14T19:09:55.558 INFO:teuthology.orchestra.run.smithi040.stdout:/usr/bin/ceph: stderr
2023-07-14T19:09:54.341+0000 7f9e13e12700 1 --2- >> [v2:172.21.15.40:3300/0,v1:172.21.15.40:6789/0] conn(0x7f9e0c1042f0 0x7f9e0c197fe0 unknown :-1 s=NONE pgs=0 cs=0 l=1 rev1=0 crypto rx=0 tx=0 comp rx=0 tx=0).connect
2023-07-14T19:09:55.558 INFO:teuthology.orchestra.run.smithi040.stdout:/usr/bin/ceph: stderr
2023-07-14T19:09:54.341+0000 7f9e13e12700 1 -- --> [v2:172.21.15.40:3300/0,v1:172.21.15.40:6789/0] -- mon_getmap magic: 0 v1 -- 0x7f9e0c198520 con 0x7f9e0c1042f0
2023-07-14T19:09:55.559 INFO:teuthology.orchestra.run.smithi040.stdout:/usr/bin/ceph: stderr
2023-07-14T19:09:54.341+0000 7f9e11bae700 1 --2- >> [v2:172.21.15.40:3300/0,v1:172.21.15.40:6789/0] conn(0x7f9e0c1042f0 0x7f9e0c197fe0 unknown :-1 s=BANNER_CONNECTING pgs=0 cs=0 l=1 rev1=0 crypto rx=0 tx=0 comp rx=0 tx=0)._handle_peer_banner_payload supported=3 required=0
2023-07-14T19:09:55.559 INFO:teuthology.orchestra.run.smithi040.stdout:/usr/bin/ceph: stderr
2023-07-14T19:09:54.341+0000 7f9e11bae700 1 --2- >> [v2:172.21.15.40:3300/0,v1:172.21.15.40:6789/0] conn(0x7f9e0c1042f0 0x7f9e0c197fe0 unknown :-1 s=HELLO_CONNECTING pgs=0 cs=0 l=1 rev1=1 crypto rx=0 tx=0 comp rx=0 tx=0).handle_hello peer v2:172.21.15.40:3300/0 says I am v2:172.21.15.40:60066/0 (socket says 172.21.15.40:60066)
2023-07-14T19:09:55.559 INFO:teuthology.orchestra.run.smithi040.stdout:/usr/bin/ceph: stderr
2023-07-14T19:09:54.341+0000 7f9e11bae700 1 -- 172.21.15.40:0/3917447650 learned_addr learned my addr 172.21.15.40:0/3917447650 (peer_addr_for_me v2:172.21.15.40:0/0)
2023-07-14T19:09:55.559 INFO:teuthology.orchestra.run.smithi040.stdout:/usr/bin/ceph: stderr
2023-07-14T19:09:54.342+0000 7f9e11bae700 1 -- 172.21.15.40:0/3917447650 --> [v2:172.21.15.40:3300/0,v1:172.21.15.40:6789/0] -- mon_subscribe({config=0+,monmap=0+}) v3 -- 0x7f9dfc009550 con 0x7f9e0c1042f0
2023-07-14T19:09:55.559 INFO:teuthology.orchestra.run.smithi040.stdout:/usr/bin/ceph: stderr
2023-07-14T19:09:54.342+0000 7f9e11bae700 1 --2- 172.21.15.40:0/3917447650 >> [v2:172.21.15.40:3300/0,v1:172.21.15.40:6789/0] conn(0x7f9e0c1042f0 0x7f9e0c197fe0 secure :-1 s=READY pgs=73 cs=0 l=1 rev1=1 crypto rx=0x7f9dfc0038d0 tx=0x7f9dfc0039b0 comp rx=0 tx=0).ready entity=mon.0 client_cookie=0 server_cookie=0 in_seq=0 out_seq=0
2023-07-14T19:09:55.559 INFO:teuthology.orchestra.run.smithi040.stdout:/usr/bin/ceph: stderr
2023-07-14T19:09:54.342+0000 7f9e02ffd700 1 -- 172.21.15.40:0/3917447650 <== mon.0 v2:172.21.15.40:3300/0 1 ==== mon_map magic: 0 v1 ==== 205+0+0 (secure 0 0 0) 0x7f9dfc003c00 con 0x7f9e0c1042f0
2023-07-14T19:09:55.559 INFO:teuthology.orchestra.run.smithi040.stdout:/usr/bin/ceph: stderr
2023-07-14T19:09:54.342+0000 7f9e02ffd700 1 -- 172.21.15.40:0/3917447650 <== mon.0 v2:172.21.15.40:3300/0 2 ==== config(26 keys) v1 ==== 1105+0+0 (secure 0 0 0) 0x7f9dfc020070 con 0x7f9e0c1042f0
2023-07-14T19:09:55.560 INFO:teuthology.orchestra.run.smithi040.stdout:/usr/bin/ceph: stderr
2023-07-14T19:09:54.342+0000 7f9e13e12700 1 -- 172.21.15.40:0/3917447650 --> [v2:172.21.15.40:3300/0,v1:172.21.15.40:6789/0] -- mon_subscribe({mgrmap=0+}) v3 -- 0x7f9e0c198720 con 0x7f9e0c1042f0
2023-07-14T19:09:55.560 INFO:teuthology.orchestra.run.smithi040.stdout:/usr/bin/ceph: stderr
2023-07-14T19:09:54.342+0000 7f9e02ffd700 1 -- 172.21.15.40:0/3917447650 <== mon.0 v2:172.21.15.40:3300/0 3 ==== mon_map magic: 0 v1 ==== 205+0+0 (secure 0 0 0) 0x7f9dfc01c650 con 0x7f9e0c1042f0
2023-07-14T19:09:55.560 INFO:teuthology.orchestra.run.smithi040.stdout:/usr/bin/ceph: stderr
2023-07-14T19:09:54.342+0000 7f9e13e12700 1 -- 172.21.15.40:0/3917447650 --> [v2:172.21.15.40:3300/0,v1:172.21.15.40:6789/0] -- mon_subscribe({osdmap=0}) v3 -- 0x7f9e0c198b40 con 0x7f9e0c1042f0
2023-07-14T19:09:55.560 INFO:teuthology.orchestra.run.smithi040.stdout:/usr/bin/ceph: stderr
2023-07-14T19:09:54.343+0000 7f9e02ffd700 1 -- 172.21.15.40:0/3917447650 <== mon.0 v2:172.21.15.40:3300/0 4 ==== mgrmap(e 12) v1 ==== 45496+0+0 (secure 0 0 0) 0x7f9dfc022030 con 0x7f9e0c1042f0
2023-07-14T19:09:55.560 INFO:teuthology.orchestra.run.smithi040.stdout:/usr/bin/ceph: stderr
2023-07-14T19:09:54.343+0000 7f9e02ffd700 1 --2- 172.21.15.40:0/3917447650 >> [v2:172.21.15.40:6800/1693027118,v1:172.21.15.40:6801/1693027118] conn(0x7f9df8038790 0x7f9df803ac40 unknown :-1 s=NONE pgs=0 cs=0 l=1 rev1=0 crypto rx=0 tx=0 comp rx=0 tx=0).connect
2023-07-14T19:09:55.560 INFO:teuthology.orchestra.run.smithi040.stdout:/usr/bin/ceph: stderr
2023-07-14T19:09:54.343+0000 7f9e02ffd700 1 -- 172.21.15.40:0/3917447650 <== mon.0 v2:172.21.15.40:3300/0 5 ==== osd_map(3..3 src has 1..3) v4 ==== 1155+0+0 (secure 0 0 0) 0x7f9dfc04f160 con 0x7f9e0c1042f0
2023-07-14T19:09:55.561 INFO:teuthology.orchestra.run.smithi040.stdout:/usr/bin/ceph: stderr
2023-07-14T19:09:54.343+0000 7f9e13e12700 1 -- 172.21.15.40:0/3917447650 --> [v2:172.21.15.40:3300/0,v1:172.21.15.40:6789/0] -- mon_command({"prefix": "get_command_descriptions"} v 0) v1 -- 0x7f9e0c061c70 con 0x7f9e0c1042f0
2023-07-14T19:09:55.562 INFO:teuthology.orchestra.run.smithi040.stdout:/usr/bin/ceph: stderr
2023-07-14T19:09:54.343+0000 7f9e113ad700 1 --2- 172.21.15.40:0/3917447650 >> [v2:172.21.15.40:6800/1693027118,v1:172.21.15.40:6801/1693027118] conn(0x7f9df8038790 0x7f9df803ac40 unknown :-1 s=BANNER_CONNECTING pgs=0 cs=0 l=1 rev1=0 crypto rx=0 tx=0 comp rx=0 tx=0)._handle_peer_banner_payload supported=3 required=0
2023-07-14T19:09:55.562 INFO:teuthology.orchestra.run.smithi040.stdout:/usr/bin/ceph: stderr
2023-07-14T19:09:54.344+0000 7f9e113ad700 1 --2- 172.21.15.40:0/3917447650 >> [v2:172.21.15.40:6800/1693027118,v1:172.21.15.40:6801/1693027118] conn(0x7f9df8038790 0x7f9df803ac40 secure :-1 s=READY pgs=8 cs=0 l=1 rev1=1 crypto rx=0x7f9e08006fd0 tx=0x7f9e08006e40 comp rx=0 tx=0).ready entity=mgr.14152 client_cookie=0 server_cookie=0 in_seq=0 out_seq=0
2023-07-14T19:09:55.562 INFO:teuthology.orchestra.run.smithi040.stdout:/usr/bin/ceph: stderr
2023-07-14T19:09:54.348+0000 7f9e02ffd700 1 -- 172.21.15.40:0/3917447650 <== mon.0 v2:172.21.15.40:3300/0 6 ==== mon_command_ack([{"prefix": "get_command_descriptions"}]=0 v0) v1 ==== 72+0+178025 (secure 0 0 0) 0x7f9dfc024bc0 con 0x7f9e0c1042f0
2023-07-14T19:09:55.562 INFO:teuthology.orchestra.run.smithi040.stdout:/usr/bin/ceph: stderr
2023-07-14T19:09:54.744+0000 7f9e13e12700 1 -- 172.21.15.40:0/3917447650 --> [v2:172.21.15.40:6800/1693027118,v1:172.21.15.40:6801/1693027118] -- mgr_command(tid 0: {"prefix": "dashboard ac-user-create", "username": "admin", "rolename": "administrator", "force_password": true, "pwd_update_required": true, "target": ["mon-mgr", ""]}) v1 -- 0x7f9e0c1087c0 con 0x7f9df8038790
2023-07-14T19:09:55.563 INFO:teuthology.orchestra.run.smithi040.stdout:/usr/bin/ceph: stderr
2023-07-14T19:09:54.994+0000 7f9e02ffd700 1 -- 172.21.15.40:0/3917447650 <== mgr.14152 v2:172.21.15.40:6800/1693027118 1 ==== mgr_command_reply(tid 0: 0 ) v1 ==== 8+0+252 (secure 0 0 0) 0x7f9e08009e20 con 0x7f9df8038790
2023-07-14T19:09:55.563 INFO:teuthology.orchestra.run.smithi040.stdout:/usr/bin/ceph: stderr
2023-07-14T19:09:54.997+0000 7f9e13e12700 1 -- 172.21.15.40:0/3917447650 >> [v2:172.21.15.40:6800/1693027118,v1:172.21.15.40:6801/1693027118] conn(0x7f9df8038790 msgr2=0x7f9df803ac40 secure :-1 s=STATE_CONNECTION_ESTABLISHED l=1).mark_down
2023-07-14T19:09:55.563 INFO:teuthology.orchestra.run.smithi040.stdout:/usr/bin/ceph: stderr
2023-07-14T19:09:54.997+0000 7f9e13e12700 1 --2- 172.21.15.40:0/3917447650 >> [v2:172.21.15.40:6800/1693027118,v1:172.21.15.40:6801/1693027118] conn(0x7f9df8038790 0x7f9df803ac40 secure :-1 s=READY pgs=8 cs=0 l=1 rev1=1 crypto rx=0x7f9e08006fd0 tx=0x7f9e08006e40 comp rx=0 tx=0).stop
2023-07-14T19:09:55.563 INFO:teuthology.orchestra.run.smithi040.stdout:/usr/bin/ceph: stderr
2023-07-14T19:09:54.997+0000 7f9e13e12700 1 -- 172.21.15.40:0/3917447650 >> [v2:172.21.15.40:3300/0,v1:172.21.15.40:6789/0] conn(0x7f9e0c1042f0 msgr2=0x7f9e0c197fe0 secure :-1 s=STATE_CONNECTION_ESTABLISHED l=1).mark_down
2023-07-14T19:09:55.563 INFO:teuthology.orchestra.run.smithi040.stdout:/usr/bin/ceph: stderr
2023-07-14T19:09:54.997+0000 7f9e13e12700 1 --2- 172.21.15.40:0/3917447650 >> [v2:172.21.15.40:3300/0,v1:172.21.15.40:6789/0] conn(0x7f9e0c1042f0 0x7f9e0c197fe0 secure :-1 s=READY pgs=73 cs=0 l=1 rev1=1 crypto rx=0x7f9dfc0038d0 tx=0x7f9dfc0039b0 comp rx=0 tx=0).stop
2023-07-14T19:09:55.564 INFO:teuthology.orchestra.run.smithi040.stdout:/usr/bin/ceph: stderr
2023-07-14T19:09:54.997+0000 7f9e13e12700 1 -- 172.21.15.40:0/3917447650 shutdown_connections
2023-07-14T19:09:55.564 INFO:teuthology.orchestra.run.smithi040.stdout:/usr/bin/ceph: stderr
2023-07-14T19:09:54.997+0000 7f9e13e12700 1 --2- 172.21.15.40:0/3917447650 >> [v2:172.21.15.40:6800/1693027118,v1:172.21.15.40:6801/1693027118] conn(0x7f9df8038790 0x7f9df803ac40 unknown :-1 s=CLOSED pgs=8 cs=0 l=1 rev1=1 crypto rx=0 tx=0 comp rx=0 tx=0).stop
2023-07-14T19:09:55.564 INFO:teuthology.orchestra.run.smithi040.stdout:/usr/bin/ceph: stderr
2023-07-14T19:09:54.997+0000 7f9e13e12700 1 --2- 172.21.15.40:0/3917447650 >> [v2:172.21.15.40:3300/0,v1:172.21.15.40:6789/0] conn(0x7f9e0c1042f0 0x7f9e0c197fe0 unknown :-1 s=CLOSED pgs=73 cs=0 l=1 rev1=1 crypto rx=0 tx=0 comp rx=0 tx=0).stop
2023-07-14T19:09:55.564 INFO:teuthology.orchestra.run.smithi040.stdout:/usr/bin/ceph: stderr
2023-07-14T19:09:54.997+0000 7f9e13e12700 1 -- 172.21.15.40:0/3917447650 >> 172.21.15.40:0/3917447650 conn(0x7f9e0c0ff9a0 msgr2=0x7f9e0c100780 unknown :-1 s=STATE_NONE l=0).mark_down
2023-07-14T19:09:55.564 INFO:teuthology.orchestra.run.smithi040.stdout:/usr/bin/ceph: stderr
2023-07-14T19:09:54.997+0000 7f9e13e12700 1 -- 172.21.15.40:0/3917447650 shutdown_connections
2023-07-14T19:09:55.565 INFO:teuthology.orchestra.run.smithi040.stdout:/usr/bin/ceph: stderr
2023-07-14T19:09:54.997+0000 7f9e13e12700 1 -- 172.21.15.40:0/3917447650 wait complete.
2023-07-14T19:09:55.565 INFO:teuthology.orchestra.run.smithi040.stdout:Fetching dashboard port number...
2023-07-14T19:09:56.221 INFO:journalctl@ceph.mon.a.smithi040.stdout:Jul 14 19:09:55 smithi040 ceph-mon[96518]: from='client.14166 -' entity='client.admin' cmd=[{"prefix": "dashboard ac-user-create", "username": "admin", "rolename": "administrator", "force_password": true, "pwd_update_required": true, "target": ["mon-mgr", ""]}]: dispatch
2023-07-14T19:09:56.222 INFO:journalctl@ceph.mon.a.smithi040.stdout:Jul 14 19:09:55 smithi040 ceph-mon[96518]: from='mgr.14152 172.21.15.40:0/2647863621' entity='mgr.x'
2023-07-14T19:09:56.951 INFO:teuthology.orchestra.run.smithi040.stdout:/usr/bin/ceph: stdout 8443
2023-07-14T19:09:56.951 INFO:teuthology.orchestra.run.smithi040.stdout:/usr/bin/ceph: stderr
2023-07-14T19:09:56.128+0000 7fb90c5ee700 1 Processor -- start
2023-07-14T19:09:56.951 INFO:teuthology.orchestra.run.smithi040.stdout:/usr/bin/ceph: stderr
2023-07-14T19:09:56.128+0000 7fb90c5ee700 1 -- start start
2023-07-14T19:09:56.951 INFO:teuthology.orchestra.run.smithi040.stdout:/usr/bin/ceph: stderr
2023-07-14T19:09:56.129+0000 7fb90c5ee700 1 --2- >> [v2:172.21.15.40:3300/0,v1:172.21.15.40:6789/0] conn(0x7fb904079ce0 0x7fb90410a390 unknown :-1 s=NONE pgs=0 cs=0 l=0 rev1=0 crypto rx=0 tx=0 comp rx=0 tx=0).connect
2023-07-14T19:09:56.952 INFO:teuthology.orchestra.run.smithi040.stdout:/usr/bin/ceph: stderr
2023-07-14T19:09:56.129+0000 7fb90c5ee700 1 -- --> [v2:172.21.15.40:3300/0,v1:172.21.15.40:6789/0] -- mon_getmap magic: 0 v1 -- 0x7fb904105d80 con 0x7fb904079ce0
2023-07-14T19:09:56.952 INFO:teuthology.orchestra.run.smithi040.stdout:/usr/bin/ceph: stderr
2023-07-14T19:09:56.129+0000 7fb90a38a700 1 --2- >> [v2:172.21.15.40:3300/0,v1:172.21.15.40:6789/0] conn(0x7fb904079ce0 0x7fb90410a390 unknown :-1 s=BANNER_CONNECTING pgs=0 cs=0 l=0 rev1=0 crypto rx=0 tx=0 comp rx=0 tx=0)._handle_peer_banner_payload supported=3 required=0
2023-07-14T19:09:56.952 INFO:teuthology.orchestra.run.smithi040.stdout:/usr/bin/ceph: stderr
2023-07-14T19:09:56.129+0000 7fb90a38a700 1 --2- >> [v2:172.21.15.40:3300/0,v1:172.21.15.40:6789/0] conn(0x7fb904079ce0 0x7fb90410a390 unknown :-1 s=HELLO_CONNECTING pgs=0 cs=0 l=0 rev1=1 crypto rx=0 tx=0 comp rx=0 tx=0).handle_hello peer v2:172.21.15.40:3300/0 says I am v2:172.21.15.40:60072/0 (socket says 172.21.15.40:60072)
2023-07-14T19:09:56.952 INFO:teuthology.orchestra.run.smithi040.stdout:/usr/bin/ceph: stderr
2023-07-14T19:09:56.129+0000 7fb90a38a700 1 -- 172.21.15.40:0/433604307 learned_addr learned my addr 172.21.15.40:0/433604307 (peer_addr_for_me v2:172.21.15.40:0/0)
2023-07-14T19:09:56.952 INFO:teuthology.orchestra.run.smithi040.stdout:/usr/bin/ceph: stderr
2023-07-14T19:09:56.129+0000 7fb90a38a700 1 -- 172.21.15.40:0/433604307 --> [v2:172.21.15.40:3300/0,v1:172.21.15.40:6789/0] -- mon_subscribe({config=0+,monmap=0+}) v3 -- 0x7fb90410a8d0 con 0x7fb904079ce0
2023-07-14T19:09:56.952 INFO:teuthology.orchestra.run.smithi040.stdout:/usr/bin/ceph: stderr
2023-07-14T19:09:56.129+0000 7fb90a38a700 1 --2- 172.21.15.40:0/433604307 >> [v2:172.21.15.40:3300/0,v1:172.21.15.40:6789/0] conn(0x7fb904079ce0 0x7fb90410a390 secure :-1 s=READY pgs=74 cs=0 l=1 rev1=1 crypto rx=0x7fb8f4009e80 tx=0x7fb8f400b330 comp rx=0 tx=0).ready entity=mon.0 client_cookie=d55a7f77fb66ac06 server_cookie=0 in_seq=0 out_seq=0
2023-07-14T19:09:56.952 INFO:teuthology.orchestra.run.smithi040.stdout:/usr/bin/ceph: stderr
2023-07-14T19:09:56.129+0000 7fb909388700 1 -- 172.21.15.40:0/433604307 <== mon.0 v2:172.21.15.40:3300/0 1 ==== mon_map magic: 0 v1 ==== 205+0+0 (secure 0 0 0) 0x7fb8f400e070 con 0x7fb904079ce0
2023-07-14T19:09:56.953 INFO:teuthology.orchestra.run.smithi040.stdout:/usr/bin/ceph: stderr
2023-07-14T19:09:56.129+0000 7fb909388700 1 -- 172.21.15.40:0/433604307 <== mon.0 v2:172.21.15.40:3300/0 2 ==== config(26 keys) v1 ==== 1105+0+0 (secure 0 0 0) 0x7fb8f400b8c0 con 0x7fb904079ce0
2023-07-14T19:09:56.953 INFO:teuthology.orchestra.run.smithi040.stdout:/usr/bin/ceph: stderr
2023-07-14T19:09:56.129+0000 7fb909388700 1 -- 172.21.15.40:0/433604307 <== mon.0 v2:172.21.15.40:3300/0 3 ==== mon_map magic: 0 v1 ==== 205+0+0 (secure 0 0 0) 0x7fb8f40043e0 con 0x7fb904079ce0
2023-07-14T19:09:56.953 INFO:teuthology.orchestra.run.smithi040.stdout:/usr/bin/ceph: stderr
2023-07-14T19:09:56.130+0000 7fb90c5ee700 1 -- 172.21.15.40:0/433604307 >> [v2:172.21.15.40:3300/0,v1:172.21.15.40:6789/0] conn(0x7fb904079ce0 msgr2=0x7fb90410a390 secure :-1 s=STATE_CONNECTION_ESTABLISHED l=1).mark_down
2023-07-14T19:09:56.953 INFO:teuthology.orchestra.run.smithi040.stdout:/usr/bin/ceph: stderr
2023-07-14T19:09:56.130+0000 7fb90c5ee700 1 --2- 172.21.15.40:0/433604307 >> [v2:172.21.15.40:3300/0,v1:172.21.15.40:6789/0] conn(0x7fb904079ce0 0x7fb90410a390 secure :-1 s=READY pgs=74 cs=0 l=1 rev1=1 crypto rx=0x7fb8f4009e80 tx=0x7fb8f400b330 comp rx=0 tx=0).stop
2023-07-14T19:09:56.953 INFO:teuthology.orchestra.run.smithi040.stdout:/usr/bin/ceph: stderr
2023-07-14T19:09:56.130+0000 7fb90c5ee700 1 -- 172.21.15.40:0/433604307 shutdown_connections
2023-07-14T19:09:56.953 INFO:teuthology.orchestra.run.smithi040.stdout:/usr/bin/ceph: stderr
2023-07-14T19:09:56.130+0000 7fb90c5ee700 1 --2- 172.21.15.40:0/433604307 >> [v2:172.21.15.40:3300/0,v1:172.21.15.40:6789/0] conn(0x7fb904079ce0 0x7fb90410a390 unknown :-1 s=CLOSED pgs=74 cs=0 l=1 rev1=1 crypto rx=0 tx=0 comp rx=0 tx=0).stop
2023-07-14T19:09:56.953 INFO:teuthology.orchestra.run.smithi040.stdout:/usr/bin/ceph: stderr
2023-07-14T19:09:56.130+0000 7fb90c5ee700 1 -- 172.21.15.40:0/433604307 >> 172.21.15.40:0/433604307 conn(0x7fb9040ff9a0 msgr2=0x7fb904101db0 unknown :-1 s=STATE_NONE l=0).mark_down
2023-07-14T19:09:56.953 INFO:teuthology.orchestra.run.smithi040.stdout:/usr/bin/ceph: stderr
2023-07-14T19:09:56.130+0000 7fb90c5ee700 1 -- 172.21.15.40:0/433604307 shutdown_connections
2023-07-14T19:09:56.954 INFO:teuthology.orchestra.run.smithi040.stdout:/usr/bin/ceph: stderr
2023-07-14T19:09:56.130+0000 7fb90c5ee700 1 -- 172.21.15.40:0/433604307 wait complete.
2023-07-14T19:09:56.954 INFO:teuthology.orchestra.run.smithi040.stdout:/usr/bin/ceph: stderr
2023-07-14T19:09:56.131+0000 7fb90c5ee700 1 Processor -- start
2023-07-14T19:09:56.954 INFO:teuthology.orchestra.run.smithi040.stdout:/usr/bin/ceph: stderr
2023-07-14T19:09:56.131+0000 7fb90c5ee700 1 -- start start
2023-07-14T19:09:56.954 INFO:teuthology.orchestra.run.smithi040.stdout:/usr/bin/ceph: stderr
2023-07-14T19:09:56.131+0000 7fb90c5ee700 1 --2- >> [v2:172.21.15.40:3300/0,v1:172.21.15.40:6789/0] conn(0x7fb90419b290 0x7fb90419b6a0 unknown :-1 s=NONE pgs=0 cs=0 l=1 rev1=0 crypto rx=0 tx=0 comp rx=0 tx=0).connect
2023-07-14T19:09:56.954 INFO:teuthology.orchestra.run.smithi040.stdout:/usr/bin/ceph: stderr
2023-07-14T19:09:56.131+0000 7fb90c5ee700 1 -- --> [v2:172.21.15.40:3300/0,v1:172.21.15.40:6789/0] -- mon_getmap magic: 0 v1 -- 0x7fb90419bbe0 con 0x7fb90419b290
2023-07-14T19:09:56.954 INFO:teuthology.orchestra.run.smithi040.stdout:/usr/bin/ceph: stderr
2023-07-14T19:09:56.131+0000 7fb90a38a700 1 --2- >> [v2:172.21.15.40:3300/0,v1:172.21.15.40:6789/0] conn(0x7fb90419b290 0x7fb90419b6a0 unknown :-1 s=BANNER_CONNECTING pgs=0 cs=0 l=1 rev1=0 crypto rx=0 tx=0 comp rx=0 tx=0)._handle_peer_banner_payload supported=3 required=0
2023-07-14T19:09:56.954 INFO:teuthology.orchestra.run.smithi040.stdout:/usr/bin/ceph: stderr
2023-07-14T19:09:56.131+0000 7fb90a38a700 1 --2- >> [v2:172.21.15.40:3300/0,v1:172.21.15.40:6789/0] conn(0x7fb90419b290 0x7fb90419b6a0 unknown :-1 s=HELLO_CONNECTING pgs=0 cs=0 l=1 rev1=1 crypto rx=0 tx=0 comp rx=0 tx=0).handle_hello peer v2:172.21.15.40:3300/0 says I am v2:172.21.15.40:60074/0 (socket says 172.21.15.40:60074)
2023-07-14T19:09:56.955 INFO:teuthology.orchestra.run.smithi040.stdout:/usr/bin/ceph: stderr
