2023-07-14T19:17:46.466+0000 7fe437fff700 1 -- 172.21.15.53:0/2073383946 <== mon.0 v2:172.21.15.53:3300/0 3 ==== mon_map magic: 0 v1 ==== 205+0+0 (secure 0 0 0) 0x7fe440019590 con 0x7fe450106070
2023-07-14T19:17:47.168 INFO:teuthology.orchestra.run.smithi053.stdout:/usr/bin/ceph: stderr
2023-07-14T19:17:46.466+0000 7fe45504f700 1 -- 172.21.15.53:0/2073383946 --> [v2:172.21.15.53:3300/0,v1:172.21.15.53:6789/0] -- mon_subscribe({osdmap=0}) v3 -- 0x7fe450104500 con 0x7fe450106070
2023-07-14T19:17:47.168 INFO:teuthology.orchestra.run.smithi053.stdout:/usr/bin/ceph: stderr
2023-07-14T19:17:46.467+0000 7fe437fff700 1 -- 172.21.15.53:0/2073383946 <== mon.0 v2:172.21.15.53:3300/0 4 ==== mgrmap(e 12) v1 ==== 45496+0+0 (secure 0 0 0) 0x7fe440019840 con 0x7fe450106070
2023-07-14T19:17:47.168 INFO:teuthology.orchestra.run.smithi053.stdout:/usr/bin/ceph: stderr
2023-07-14T19:17:46.467+0000 7fe437fff700 1 --2- 172.21.15.53:0/2073383946 >> [v2:172.21.15.53:6800/3014344459,v1:172.21.15.53:6801/3014344459] conn(0x7fe438038740 0x7fe43803abf0 unknown :-1 s=NONE pgs=0 cs=0 l=1 rev1=0 crypto rx=0 tx=0 comp rx=0 tx=0).connect
2023-07-14T19:17:47.168 INFO:teuthology.orchestra.run.smithi053.stdout:/usr/bin/ceph: stderr
2023-07-14T19:17:46.467+0000 7fe437fff700 1 -- 172.21.15.53:0/2073383946 <== mon.0 v2:172.21.15.53:3300/0 5 ==== osd_map(3..3 src has 1..3) v4 ==== 1155+0+0 (secure 0 0 0) 0x7fe44004cc30 con 0x7fe450106070
2023-07-14T19:17:47.168 INFO:teuthology.orchestra.run.smithi053.stdout:/usr/bin/ceph: stderr
2023-07-14T19:17:46.467+0000 7fe44e59c700 1 --2- 172.21.15.53:0/2073383946 >> [v2:172.21.15.53:6800/3014344459,v1:172.21.15.53:6801/3014344459] conn(0x7fe438038740 0x7fe43803abf0 unknown :-1 s=BANNER_CONNECTING pgs=0 cs=0 l=1 rev1=0 crypto rx=0 tx=0 comp rx=0 tx=0)._handle_peer_banner_payload supported=3 required=0
2023-07-14T19:17:47.168 INFO:teuthology.orchestra.run.smithi053.stdout:/usr/bin/ceph: stderr
2023-07-14T19:17:46.468+0000 7fe45504f700 1 -- 172.21.15.53:0/2073383946 --> [v2:172.21.15.53:3300/0,v1:172.21.15.53:6789/0] -- mon_command({"prefix": "get_command_descriptions"} v 0) v1 -- 0x7fe4501095e0 con 0x7fe450106070
2023-07-14T19:17:47.169 INFO:teuthology.orchestra.run.smithi053.stdout:/usr/bin/ceph: stderr
2023-07-14T19:17:46.468+0000 7fe44e59c700 1 --2- 172.21.15.53:0/2073383946 >> [v2:172.21.15.53:6800/3014344459,v1:172.21.15.53:6801/3014344459] conn(0x7fe438038740 0x7fe43803abf0 secure :-1 s=READY pgs=9 cs=0 l=1 rev1=1 crypto rx=0x7fe444006fd0 tx=0x7fe444006e40 comp rx=0 tx=0).ready entity=mgr.14152 client_cookie=0 server_cookie=0 in_seq=0 out_seq=0
2023-07-14T19:17:47.169 INFO:teuthology.orchestra.run.smithi053.stdout:/usr/bin/ceph: stderr
2023-07-14T19:17:46.472+0000 7fe437fff700 1 -- 172.21.15.53:0/2073383946 <== mon.0 v2:172.21.15.53:3300/0 6 ==== mon_command_ack([{"prefix": "get_command_descriptions"}]=0 v0) v1 ==== 72+0+178025 (secure 0 0 0) 0x7fe440019b90 con 0x7fe450106070
2023-07-14T19:17:47.169 INFO:teuthology.orchestra.run.smithi053.stdout:/usr/bin/ceph: stderr
2023-07-14T19:17:46.840+0000 7fe45504f700 1 -- 172.21.15.53:0/2073383946 --> [v2:172.21.15.53:3300/0,v1:172.21.15.53:6789/0] -- mon_command({"prefix": "config get", "who": "mgr", "key": "mgr/dashboard/ssl_server_port"} v 0) v1 -- 0x7fe4501097a0 con 0x7fe450106070
2023-07-14T19:17:47.170 INFO:teuthology.orchestra.run.smithi053.stdout:/usr/bin/ceph: stderr
2023-07-14T19:17:46.840+0000 7fe437fff700 1 -- 172.21.15.53:0/2073383946 <== mon.0 v2:172.21.15.53:3300/0 7 ==== mon_command_ack([{"prefix": "config get", "who": "mgr", "key": "mgr/dashboard/ssl_server_port"}]=0 v8) v1 ==== 112+0+5 (secure 0 0 0) 0x7fe440018350 con 0x7fe450106070
2023-07-14T19:17:47.170 INFO:teuthology.orchestra.run.smithi053.stdout:/usr/bin/ceph: stderr
2023-07-14T19:17:46.842+0000 7fe45504f700 1 -- 172.21.15.53:0/2073383946 >> [v2:172.21.15.53:6800/3014344459,v1:172.21.15.53:6801/3014344459] conn(0x7fe438038740 msgr2=0x7fe43803abf0 secure :-1 s=STATE_CONNECTION_ESTABLISHED l=1).mark_down
2023-07-14T19:17:47.170 INFO:teuthology.orchestra.run.smithi053.stdout:/usr/bin/ceph: stderr
2023-07-14T19:17:46.842+0000 7fe45504f700 1 --2- 172.21.15.53:0/2073383946 >> [v2:172.21.15.53:6800/3014344459,v1:172.21.15.53:6801/3014344459] conn(0x7fe438038740 0x7fe43803abf0 secure :-1 s=READY pgs=9 cs=0 l=1 rev1=1 crypto rx=0x7fe444006fd0 tx=0x7fe444006e40 comp rx=0 tx=0).stop
2023-07-14T19:17:47.170 INFO:teuthology.orchestra.run.smithi053.stdout:/usr/bin/ceph: stderr
2023-07-14T19:17:46.842+0000 7fe45504f700 1 -- 172.21.15.53:0/2073383946 >> [v2:172.21.15.53:3300/0,v1:172.21.15.53:6789/0] conn(0x7fe450106070 msgr2=0x7fe4501059d0 secure :-1 s=STATE_CONNECTION_ESTABLISHED l=1).mark_down
2023-07-14T19:17:47.171 INFO:teuthology.orchestra.run.smithi053.stdout:/usr/bin/ceph: stderr
2023-07-14T19:17:46.842+0000 7fe45504f700 1 --2- 172.21.15.53:0/2073383946 >> [v2:172.21.15.53:3300/0,v1:172.21.15.53:6789/0] conn(0x7fe450106070 0x7fe4501059d0 secure :-1 s=READY pgs=75 cs=0 l=1 rev1=1 crypto rx=0x7fe440003e60 tx=0x7fe440011aa0 comp rx=0 tx=0).stop
2023-07-14T19:17:47.171 INFO:teuthology.orchestra.run.smithi053.stdout:/usr/bin/ceph: stderr
2023-07-14T19:17:46.842+0000 7fe45504f700 1 -- 172.21.15.53:0/2073383946 shutdown_connections
2023-07-14T19:17:47.171 INFO:teuthology.orchestra.run.smithi053.stdout:/usr/bin/ceph: stderr
2023-07-14T19:17:46.842+0000 7fe45504f700 1 --2- 172.21.15.53:0/2073383946 >> [v2:172.21.15.53:6800/3014344459,v1:172.21.15.53:6801/3014344459] conn(0x7fe438038740 0x7fe43803abf0 unknown :-1 s=CLOSED pgs=9 cs=0 l=1 rev1=1 crypto rx=0 tx=0 comp rx=0 tx=0).stop
2023-07-14T19:17:47.171 INFO:teuthology.orchestra.run.smithi053.stdout:/usr/bin/ceph: stderr
2023-07-14T19:17:46.842+0000 7fe45504f700 1 --2- 172.21.15.53:0/2073383946 >> [v2:172.21.15.53:3300/0,v1:172.21.15.53:6789/0] conn(0x7fe450106070 0x7fe4501059d0 unknown :-1 s=CLOSED pgs=75 cs=0 l=1 rev1=1 crypto rx=0 tx=0 comp rx=0 tx=0).stop
2023-07-14T19:17:47.171 INFO:teuthology.orchestra.run.smithi053.stdout:/usr/bin/ceph: stderr
2023-07-14T19:17:46.842+0000 7fe45504f700 1 -- 172.21.15.53:0/2073383946 >> 172.21.15.53:0/2073383946 conn(0x7fe4500ffab0 msgr2=0x7fe450101190 unknown :-1 s=STATE_NONE l=0).mark_down
2023-07-14T19:17:47.171 INFO:teuthology.orchestra.run.smithi053.stdout:/usr/bin/ceph: stderr
2023-07-14T19:17:46.843+0000 7fe45504f700 1 -- 172.21.15.53:0/2073383946 shutdown_connections
2023-07-14T19:17:47.171 INFO:teuthology.orchestra.run.smithi053.stdout:/usr/bin/ceph: stderr
2023-07-14T19:17:46.843+0000 7fe45504f700 1 -- 172.21.15.53:0/2073383946 wait complete.
2023-07-14T19:17:47.174 INFO:teuthology.orchestra.run.smithi053.stdout:Non-zero exit code 1 from systemctl is-enabled firewalld.service
2023-07-14T19:17:47.174 INFO:teuthology.orchestra.run.smithi053.stdout:systemctl: stdout disabled
2023-07-14T19:17:47.181 INFO:teuthology.orchestra.run.smithi053.stdout:Non-zero exit code 3 from systemctl is-active firewalld.service
2023-07-14T19:17:47.181 INFO:teuthology.orchestra.run.smithi053.stdout:systemctl: stdout inactive
2023-07-14T19:17:47.181 INFO:teuthology.orchestra.run.smithi053.stdout:firewalld.service is not enabled
2023-07-14T19:17:47.182 INFO:teuthology.orchestra.run.smithi053.stdout:Not possible to open ports <[8443]>. firewalld.service is not available
2023-07-14T19:17:47.183 INFO:teuthology.orchestra.run.smithi053.stdout:Ceph Dashboard is now available at:
2023-07-14T19:17:47.183 INFO:teuthology.orchestra.run.smithi053.stdout:
2023-07-14T19:17:47.183 INFO:teuthology.orchestra.run.smithi053.stdout: URL: https://smithi053:8443/
2023-07-14T19:17:47.183 INFO:teuthology.orchestra.run.smithi053.stdout: User: admin
2023-07-14T19:17:47.183 INFO:teuthology.orchestra.run.smithi053.stdout: Password: 54ox1aiyl1
2023-07-14T19:17:47.184 INFO:teuthology.orchestra.run.smithi053.stdout:
2023-07-14T19:17:47.184 INFO:teuthology.orchestra.run.smithi053.stdout:Saving cluster configuration to /var/lib/ceph/c5147628-227a-11ee-9b33-001a4aab830c/config directory
2023-07-14T19:17:47.184 INFO:teuthology.orchestra.run.smithi053.stdout:Enabling autotune for osd_memory_target
2023-07-14T19:17:47.822 INFO:journalctl@ceph.mon.a.smithi053.stdout:Jul 14 19:17:47 smithi053 ceph-mon[96565]: from='client.? 172.21.15.53:0/2073383946' entity='client.admin' cmd=[{"prefix": "config get", "who": "mgr", "key": "mgr/dashboard/ssl_server_port"}]: dispatch
2023-07-14T19:17:48.533 INFO:teuthology.orchestra.run.smithi053.stdout:/usr/bin/ceph: stderr
2023-07-14T19:17:47.660+0000 7f586bf0e700 1 Processor -- start
2023-07-14T19:17:48.534 INFO:teuthology.orchestra.run.smithi053.stdout:/usr/bin/ceph: stderr
2023-07-14T19:17:47.660+0000 7f586bf0e700 1 -- start start
2023-07-14T19:17:48.534 INFO:teuthology.orchestra.run.smithi053.stdout:/usr/bin/ceph: stderr
2023-07-14T19:17:47.660+0000 7f586bf0e700 1 --2- >> [v2:172.21.15.53:3300/0,v1:172.21.15.53:6789/0] conn(0x7f5864106060 0x7f5864108440 unknown :-1 s=NONE pgs=0 cs=0 l=0 rev1=0 crypto rx=0 tx=0 comp rx=0 tx=0).connect
2023-07-14T19:17:48.534 INFO:teuthology.orchestra.run.smithi053.stdout:/usr/bin/ceph: stderr
2023-07-14T19:17:47.660+0000 7f586bf0e700 1 -- --> [v2:172.21.15.53:3300/0,v1:172.21.15.53:6789/0] -- mon_getmap magic: 0 v1 -- 0x7f5864079ca0 con 0x7f5864106060
2023-07-14T19:17:48.534 INFO:teuthology.orchestra.run.smithi053.stdout:/usr/bin/ceph: stderr
2023-07-14T19:17:47.661+0000 7f5869caa700 1 --2- >> [v2:172.21.15.53:3300/0,v1:172.21.15.53:6789/0] conn(0x7f5864106060 0x7f5864108440 unknown :-1 s=BANNER_CONNECTING pgs=0 cs=0 l=0 rev1=0 crypto rx=0 tx=0 comp rx=0 tx=0)._handle_peer_banner_payload supported=3 required=0
2023-07-14T19:17:48.534 INFO:teuthology.orchestra.run.smithi053.stdout:/usr/bin/ceph: stderr
2023-07-14T19:17:47.661+0000 7f5869caa700 1 --2- >> [v2:172.21.15.53:3300/0,v1:172.21.15.53:6789/0] conn(0x7f5864106060 0x7f5864108440 unknown :-1 s=HELLO_CONNECTING pgs=0 cs=0 l=0 rev1=1 crypto rx=0 tx=0 comp rx=0 tx=0).handle_hello peer v2:172.21.15.53:3300/0 says I am v2:172.21.15.53:49208/0 (socket says 172.21.15.53:49208)
2023-07-14T19:17:48.535 INFO:teuthology.orchestra.run.smithi053.stdout:/usr/bin/ceph: stderr
2023-07-14T19:17:47.661+0000 7f5869caa700 1 -- 172.21.15.53:0/2021309072 learned_addr learned my addr 172.21.15.53:0/2021309072 (peer_addr_for_me v2:172.21.15.53:0/0)
2023-07-14T19:17:48.535 INFO:teuthology.orchestra.run.smithi053.stdout:/usr/bin/ceph: stderr
2023-07-14T19:17:47.661+0000 7f5869caa700 1 -- 172.21.15.53:0/2021309072 --> [v2:172.21.15.53:3300/0,v1:172.21.15.53:6789/0] -- mon_subscribe({config=0+,monmap=0+}) v3 -- 0x7f5864079de0 con 0x7f5864106060
2023-07-14T19:17:48.535 INFO:teuthology.orchestra.run.smithi053.stdout:/usr/bin/ceph: stderr
2023-07-14T19:17:47.661+0000 7f5869caa700 1 --2- 172.21.15.53:0/2021309072 >> [v2:172.21.15.53:3300/0,v1:172.21.15.53:6789/0] conn(0x7f5864106060 0x7f5864108440 secure :-1 s=READY pgs=76 cs=0 l=1 rev1=1 crypto rx=0x7f58540098a0 tx=0x7f5854009bb0 comp rx=0 tx=0).ready entity=mon.0 client_cookie=8c09ee170fb6f2d6 server_cookie=0 in_seq=0 out_seq=0
2023-07-14T19:17:48.535 INFO:teuthology.orchestra.run.smithi053.stdout:/usr/bin/ceph: stderr
2023-07-14T19:17:47.661+0000 7f5868ca8700 1 -- 172.21.15.53:0/2021309072 <== mon.0 v2:172.21.15.53:3300/0 1 ==== mon_map magic: 0 v1 ==== 205+0+0 (secure 0 0 0) 0x7f5854004160 con 0x7f5864106060
2023-07-14T19:17:48.535 INFO:teuthology.orchestra.run.smithi053.stdout:/usr/bin/ceph: stderr
2023-07-14T19:17:47.661+0000 7f5868ca8700 1 -- 172.21.15.53:0/2021309072 <== mon.0 v2:172.21.15.53:3300/0 2 ==== config(26 keys) v1 ==== 1105+0+0 (secure 0 0 0) 0x7f58540042c0 con 0x7f5864106060
2023-07-14T19:17:48.535 INFO:teuthology.orchestra.run.smithi053.stdout:/usr/bin/ceph: stderr
2023-07-14T19:17:47.661+0000 7f5868ca8700 1 -- 172.21.15.53:0/2021309072 <== mon.0 v2:172.21.15.53:3300/0 3 ==== mon_map magic: 0 v1 ==== 205+0+0 (secure 0 0 0) 0x7f58540119b0 con 0x7f5864106060
2023-07-14T19:17:48.535 INFO:teuthology.orchestra.run.smithi053.stdout:/usr/bin/ceph: stderr
2023-07-14T19:17:47.662+0000 7f586bf0e700 1 -- 172.21.15.53:0/2021309072 >> [v2:172.21.15.53:3300/0,v1:172.21.15.53:6789/0] conn(0x7f5864106060 msgr2=0x7f5864108440 secure :-1 s=STATE_CONNECTION_ESTABLISHED l=1).mark_down
2023-07-14T19:17:48.536 INFO:teuthology.orchestra.run.smithi053.stdout:/usr/bin/ceph: stderr
2023-07-14T19:17:47.662+0000 7f586bf0e700 1 --2- 172.21.15.53:0/2021309072 >> [v2:172.21.15.53:3300/0,v1:172.21.15.53:6789/0] conn(0x7f5864106060 0x7f5864108440 secure :-1 s=READY pgs=76 cs=0 l=1 rev1=1 crypto rx=0x7f58540098a0 tx=0x7f5854009bb0 comp rx=0 tx=0).stop
2023-07-14T19:17:48.536 INFO:teuthology.orchestra.run.smithi053.stdout:/usr/bin/ceph: stderr
2023-07-14T19:17:47.662+0000 7f586bf0e700 1 -- 172.21.15.53:0/2021309072 shutdown_connections
2023-07-14T19:17:48.536 INFO:teuthology.orchestra.run.smithi053.stdout:/usr/bin/ceph: stderr
2023-07-14T19:17:47.662+0000 7f586bf0e700 1 --2- 172.21.15.53:0/2021309072 >> [v2:172.21.15.53:3300/0,v1:172.21.15.53:6789/0] conn(0x7f5864106060 0x7f5864108440 unknown :-1 s=CLOSED pgs=76 cs=0 l=1 rev1=1 crypto rx=0 tx=0 comp rx=0 tx=0).stop
2023-07-14T19:17:48.536 INFO:teuthology.orchestra.run.smithi053.stdout:/usr/bin/ceph: stderr
2023-07-14T19:17:47.662+0000 7f586bf0e700 1 -- 172.21.15.53:0/2021309072 >> 172.21.15.53:0/2021309072 conn(0x7f58640ffac0 msgr2=0x7f5864101ed0 unknown :-1 s=STATE_NONE l=0).mark_down
2023-07-14T19:17:48.536 INFO:teuthology.orchestra.run.smithi053.stdout:/usr/bin/ceph: stderr
2023-07-14T19:17:47.662+0000 7f586bf0e700 1 -- 172.21.15.53:0/2021309072 shutdown_connections
2023-07-14T19:17:48.536 INFO:teuthology.orchestra.run.smithi053.stdout:/usr/bin/ceph: stderr
2023-07-14T19:17:47.662+0000 7f586bf0e700 1 -- 172.21.15.53:0/2021309072 wait complete.
2023-07-14T19:17:48.536 INFO:teuthology.orchestra.run.smithi053.stdout:/usr/bin/ceph: stderr
2023-07-14T19:17:47.663+0000 7f586bf0e700 1 Processor -- start
2023-07-14T19:17:48.536 INFO:teuthology.orchestra.run.smithi053.stdout:/usr/bin/ceph: stderr
2023-07-14T19:17:47.663+0000 7f586bf0e700 1 -- start start
2023-07-14T19:17:48.537 INFO:teuthology.orchestra.run.smithi053.stdout:/usr/bin/ceph: stderr
2023-07-14T19:17:47.663+0000 7f586bf0e700 1 --2- >> [v2:172.21.15.53:3300/0,v1:172.21.15.53:6789/0] conn(0x7f5864106060 0x7f58641992c0 unknown :-1 s=NONE pgs=0 cs=0 l=1 rev1=0 crypto rx=0 tx=0 comp rx=0 tx=0).connect
2023-07-14T19:17:48.537 INFO:teuthology.orchestra.run.smithi053.stdout:/usr/bin/ceph: stderr
2023-07-14T19:17:47.663+0000 7f586bf0e700 1 -- --> [v2:172.21.15.53:3300/0,v1:172.21.15.53:6789/0] -- mon_getmap magic: 0 v1 -- 0x7f5864199800 con 0x7f5864106060
2023-07-14T19:17:48.537 INFO:teuthology.orchestra.run.smithi053.stdout:/usr/bin/ceph: stderr
2023-07-14T19:17:47.663+0000 7f5869caa700 1 --2- >> [v2:172.21.15.53:3300/0,v1:172.21.15.53:6789/0] conn(0x7f5864106060 0x7f58641992c0 unknown :-1 s=BANNER_CONNECTING pgs=0 cs=0 l=1 rev1=0 crypto rx=0 tx=0 comp rx=0 tx=0)._handle_peer_banner_payload supported=3 required=0
2023-07-14T19:17:48.537 INFO:teuthology.orchestra.run.smithi053.stdout:/usr/bin/ceph: stderr
2023-07-14T19:17:47.663+0000 7f5869caa700 1 --2- >> [v2:172.21.15.53:3300/0,v1:172.21.15.53:6789/0] conn(0x7f5864106060 0x7f58641992c0 unknown :-1 s=HELLO_CONNECTING pgs=0 cs=0 l=1 rev1=1 crypto rx=0 tx=0 comp rx=0 tx=0).handle_hello peer v2:172.21.15.53:3300/0 says I am v2:172.21.15.53:49210/0 (socket says 172.21.15.53:49210)
2023-07-14T19:17:48.537 INFO:teuthology.orchestra.run.smithi053.stdout:/usr/bin/ceph: stderr
2023-07-14T19:17:47.663+0000 7f5869caa700 1 -- 172.21.15.53:0/2775934154 learned_addr learned my addr 172.21.15.53:0/2775934154 (peer_addr_for_me v2:172.21.15.53:0/0)
2023-07-14T19:17:48.537 INFO:teuthology.orchestra.run.smithi053.stdout:/usr/bin/ceph: stderr
2023-07-14T19:17:47.663+0000 7f5869caa700 1 -- 172.21.15.53:0/2775934154 --> [v2:172.21.15.53:3300/0,v1:172.21.15.53:6789/0] -- mon_subscribe({config=0+,monmap=0+}) v3 -- 0x7f5854009550 con 0x7f5864106060
2023-07-14T19:17:48.537 INFO:teuthology.orchestra.run.smithi053.stdout:/usr/bin/ceph: stderr
2023-07-14T19:17:47.664+0000 7f5869caa700 1 --2- 172.21.15.53:0/2775934154 >> [v2:172.21.15.53:3300/0,v1:172.21.15.53:6789/0] conn(0x7f5864106060 0x7f58641992c0 secure :-1 s=READY pgs=77 cs=0 l=1 rev1=1 crypto rx=0x7f5854000c00 tx=0x7f5854011a30 comp rx=0 tx=0).ready entity=mon.0 client_cookie=0 server_cookie=0 in_seq=0 out_seq=0
2023-07-14T19:17:48.538 INFO:teuthology.orchestra.run.smithi053.stdout:/usr/bin/ceph: stderr
2023-07-14T19:17:47.664+0000 7f585affd700 1 -- 172.21.15.53:0/2775934154 <== mon.0 v2:172.21.15.53:3300/0 1 ==== mon_map magic: 0 v1 ==== 205+0+0 (secure 0 0 0) 0x7f58540039f0 con 0x7f5864106060
2023-07-14T19:17:48.538 INFO:teuthology.orchestra.run.smithi053.stdout:/usr/bin/ceph: stderr
2023-07-14T19:17:47.664+0000 7f585affd700 1 -- 172.21.15.53:0/2775934154 <== mon.0 v2:172.21.15.53:3300/0 2 ==== config(26 keys) v1 ==== 1105+0+0 (secure 0 0 0) 0x7f5854003b50 con 0x7f5864106060
2023-07-14T19:17:48.538 INFO:teuthology.orchestra.run.smithi053.stdout:/usr/bin/ceph: stderr
2023-07-14T19:17:47.664+0000 7f586bf0e700 1 -- 172.21.15.53:0/2775934154 --> [v2:172.21.15.53:3300/0,v1:172.21.15.53:6789/0] -- mon_subscribe({mgrmap=0+}) v3 -- 0x7f5864199a60 con 0x7f5864106060
2023-07-14T19:17:48.538 INFO:teuthology.orchestra.run.smithi053.stdout:/usr/bin/ceph: stderr
2023-07-14T19:17:47.664+0000 7f585affd700 1 -- 172.21.15.53:0/2775934154 <== mon.0 v2:172.21.15.53:3300/0 3 ==== mon_map magic: 0 v1 ==== 205+0+0 (secure 0 0 0) 0x7f585401a780 con 0x7f5864106060
2023-07-14T19:17:48.538 INFO:teuthology.orchestra.run.smithi053.stdout:/usr/bin/ceph: stderr
2023-07-14T19:17:47.664+0000 7f586bf0e700 1 -- 172.21.15.53:0/2775934154 --> [v2:172.21.15.53:3300/0,v1:172.21.15.53:6789/0] -- mon_subscribe({osdmap=0}) v3 -- 0x7f5864199ee0 con 0x7f5864106060
2023-07-14T19:17:48.538 INFO:teuthology.orchestra.run.smithi053.stdout:/usr/bin/ceph: stderr
2023-07-14T19:17:47.665+0000 7f585affd700 1 -- 172.21.15.53:0/2775934154 <== mon.0 v2:172.21.15.53:3300/0 4 ==== mgrmap(e 12) v1 ==== 45496+0+0 (secure 0 0 0) 0x7f5854024440 con 0x7f5864106060
2023-07-14T19:17:48.538 INFO:teuthology.orchestra.run.smithi053.stdout:/usr/bin/ceph: stderr
2023-07-14T19:17:47.665+0000 7f586bf0e700 1 -- 172.21.15.53:0/2775934154 --> [v2:172.21.15.53:3300/0,v1:172.21.15.53:6789/0] -- mon_command({"prefix": "get_command_descriptions"} v 0) v1 -- 0x7f58641932a0 con 0x7f5864106060
2023-07-14T19:17:48.538 INFO:teuthology.orchestra.run.smithi053.stdout:/usr/bin/ceph: stderr
2023-07-14T19:17:47.665+0000 7f585affd700 1 --2- 172.21.15.53:0/2775934154 >> [v2:172.21.15.53:6800/3014344459,v1:172.21.15.53:6801/3014344459] conn(0x7f5850038760 0x7f585003ac10 unknown :-1 s=NONE pgs=0 cs=0 l=1 rev1=0 crypto rx=0 tx=0 comp rx=0 tx=0).connect
2023-07-14T19:17:48.539 INFO:teuthology.orchestra.run.smithi053.stdout:/usr/bin/ceph: stderr
2023-07-14T19:17:47.665+0000 7f585affd700 1 -- 172.21.15.53:0/2775934154 <== mon.0 v2:172.21.15.53:3300/0 5 ==== osd_map(3..3 src has 1..3) v4 ==== 1155+0+0 (secure 0 0 0) 0x7f585404c8d0 con 0x7f5864106060
2023-07-14T19:17:48.539 INFO:teuthology.orchestra.run.smithi053.stdout:/usr/bin/ceph: stderr
2023-07-14T19:17:47.666+0000 7f58694a9700 1 --2- 172.21.15.53:0/2775934154 >> [v2:172.21.15.53:6800/3014344459,v1:172.21.15.53:6801/3014344459] conn(0x7f5850038760 0x7f585003ac10 unknown :-1 s=BANNER_CONNECTING pgs=0 cs=0 l=1 rev1=0 crypto rx=0 tx=0 comp rx=0 tx=0)._handle_peer_banner_payload supported=3 required=0
2023-07-14T19:17:48.539 INFO:teuthology.orchestra.run.smithi053.stdout:/usr/bin/ceph: stderr
2023-07-14T19:17:47.666+0000 7f58694a9700 1 --2- 172.21.15.53:0/2775934154 >> [v2:172.21.15.53:6800/3014344459,v1:172.21.15.53:6801/3014344459] conn(0x7f5850038760 0x7f585003ac10 secure :-1 s=READY pgs=10 cs=0 l=1 rev1=1 crypto rx=0x7f5860006fd0 tx=0x7f5860006e40 comp rx=0 tx=0).ready entity=mgr.14152 client_cookie=0 server_cookie=0 in_seq=0 out_seq=0
2023-07-14T19:17:48.539 INFO:teuthology.orchestra.run.smithi053.stdout:/usr/bin/ceph: stderr
2023-07-14T19:17:47.670+0000 7f585affd700 1 -- 172.21.15.53:0/2775934154 <== mon.0 v2:172.21.15.53:3300/0 6 ==== mon_command_ack([{"prefix": "get_command_descriptions"}]=0 v0) v1 ==== 72+0+178025 (secure 0 0 0) 0x7f58540189a0 con 0x7f5864106060
2023-07-14T19:17:48.539 INFO:teuthology.orchestra.run.smithi053.stdout:/usr/bin/ceph: stderr
2023-07-14T19:17:48.025+0000 7f586bf0e700 1 -- 172.21.15.53:0/2775934154 --> [v2:172.21.15.53:3300/0,v1:172.21.15.53:6789/0] -- mon_command([{prefix=config set, name=osd_memory_target_autotune}] v 0) v1 -- 0x7f586402c8e0 con 0x7f5864106060
2023-07-14T19:17:48.539 INFO:teuthology.orchestra.run.smithi053.stdout:/usr/bin/ceph: stderr
2023-07-14T19:17:48.026+0000 7f585affd700 1 -- 172.21.15.53:0/2775934154 <== mon.0 v2:172.21.15.53:3300/0 7 ==== mon_command_ack([{prefix=config set, name=osd_memory_target_autotune}]=0 v8)=0 v8) v1 ==== 127+0+0 (secure 0 0 0) 0x7f5854018350 con 0x7f5864106060
2023-07-14T19:17:48.539 INFO:teuthology.orchestra.run.smithi053.stdout:/usr/bin/ceph: stderr
2023-07-14T19:17:48.028+0000 7f586bf0e700 1 -- 172.21.15.53:0/2775934154 >> [v2:172.21.15.53:6800/3014344459,v1:172.21.15.53:6801/3014344459] conn(0x7f5850038760 msgr2=0x7f585003ac10 secure :-1 s=STATE_CONNECTION_ESTABLISHED l=1).mark_down
2023-07-14T19:17:48.540 INFO:teuthology.orchestra.run.smithi053.stdout:/usr/bin/ceph: stderr
2023-07-14T19:17:48.028+0000 7f586bf0e700 1 --2- 172.21.15.53:0/2775934154 >> [v2:172.21.15.53:6800/3014344459,v1:172.21.15.53:6801/3014344459] conn(0x7f5850038760 0x7f585003ac10 secure :-1 s=READY pgs=10 cs=0 l=1 rev1=1 crypto rx=0x7f5860006fd0 tx=0x7f5860006e40 comp rx=0 tx=0).stop
2023-07-14T19:17:48.540 INFO:teuthology.orchestra.run.smithi053.stdout:/usr/bin/ceph: stderr
2023-07-14T19:17:48.028+0000 7f586bf0e700 1 -- 172.21.15.53:0/2775934154 >> [v2:172.21.15.53:3300/0,v1:172.21.15.53:6789/0] conn(0x7f5864106060 msgr2=0x7f58641992c0 secure :-1 s=STATE_CONNECTION_ESTABLISHED l=1).mark_down
2023-07-14T19:17:48.540 INFO:teuthology.orchestra.run.smithi053.stdout:/usr/bin/ceph: stderr
2023-07-14T19:17:48.028+0000 7f586bf0e700 1 --2- 172.21.15.53:0/2775934154 >> [v2:172.21.15.53:3300/0,v1:172.21.15.53:6789/0] conn(0x7f5864106060 0x7f58641992c0 secure :-1 s=READY pgs=77 cs=0 l=1 rev1=1 crypto rx=0x7f5854000c00 tx=0x7f5854011a30 comp rx=0 tx=0).stop
2023-07-14T19:17:48.540 INFO:teuthology.orchestra.run.smithi053.stdout:/usr/bin/ceph: stderr
2023-07-14T19:17:48.028+0000 7f586bf0e700 1 -- 172.21.15.53:0/2775934154 shutdown_connections
2023-07-14T19:17:48.540 INFO:teuthology.orchestra.run.smithi053.stdout:/usr/bin/ceph: stderr
2023-07-14T19:17:48.028+0000 7f586bf0e700 1 --2- 172.21.15.53:0/2775934154 >> [v2:172.21.15.53:6800/3014344459,v1:172.21.15.53:6801/3014344459] conn(0x7f5850038760 0x7f585003ac10 unknown :-1 s=CLOSED pgs=10 cs=0 l=1 rev1=1 crypto rx=0 tx=0 comp rx=0 tx=0).stop
2023-07-14T19:17:48.540 INFO:teuthology.orchestra.run.smithi053.stdout:/usr/bin/ceph: stderr
2023-07-14T19:17:48.028+0000 7f586bf0e700 1 --2- 172.21.15.53:0/2775934154 >> [v2:172.21.15.53:3300/0,v1:172.21.15.53:6789/0] conn(0x7f5864106060 0x7f58641992c0 unknown :-1 s=CLOSED pgs=77 cs=0 l=1 rev1=1 crypto rx=0 tx=0 comp rx=0 tx=0).stop
2023-07-14T19:17:48.540 INFO:teuthology.orchestra.run.smithi053.stdout:/usr/bin/ceph: stderr
2023-07-14T19:17:48.028+0000 7f586bf0e700 1 -- 172.21.15.53:0/2775934154 >> 172.21.15.53:0/2775934154 conn(0x7f58640ffac0 msgr2=0x7f5864101230 unknown :-1 s=STATE_NONE l=0).mark_down
2023-07-14T19:17:48.541 INFO:teuthology.orchestra.run.smithi053.stdout:/usr/bin/ceph: stderr
2023-07-14T19:17:48.028+0000 7f586bf0e700 1 -- 172.21.15.53:0/2775934154 shutdown_connections
2023-07-14T19:17:48.541 INFO:teuthology.orchestra.run.smithi053.stdout:/usr/bin/ceph: stderr
2023-07-14T19:17:48.028+0000 7f586bf0e700 1 -- 172.21.15.53:0/2775934154 wait complete.
2023-07-14T19:17:49.572 INFO:journalctl@ceph.mon.a.smithi053.stdout:Jul 14 19:17:49 smithi053 ceph-mon[96565]: mgrmap e13: x(active, since 6s)
2023-07-14T19:17:49.979 INFO:teuthology.orchestra.run.smithi053.stdout:/usr/bin/ceph: stderr
2023-07-14T19:17:49.000+0000 7fa85fa74700 1 Processor -- start
2023-07-14T19:17:49.979 INFO:teuthology.orchestra.run.smithi053.stdout:/usr/bin/ceph: stderr
2023-07-14T19:17:49.000+0000 7fa85fa74700 1 -- start start
2023-07-14T19:17:49.980 INFO:teuthology.orchestra.run.smithi053.stdout:/usr/bin/ceph: stderr
2023-07-14T19:17:49.001+0000 7fa85fa74700 1 --2- >> [v2:172.21.15.53:3300/0,v1:172.21.15.53:6789/0] conn(0x7fa858105510 0x7fa858105920 unknown :-1 s=NONE pgs=0 cs=0 l=0 rev1=0 crypto rx=0 tx=0 comp rx=0 tx=0).connect
2023-07-14T19:17:49.980 INFO:teuthology.orchestra.run.smithi053.stdout:/usr/bin/ceph: stderr
2023-07-14T19:17:49.001+0000 7fa85fa74700 1 -- --> [v2:172.21.15.53:3300/0,v1:172.21.15.53:6789/0] -- mon_getmap magic: 0 v1 -- 0x7fa858105e60 con 0x7fa858105510
2023-07-14T19:17:49.980 INFO:teuthology.orchestra.run.smithi053.stdout:/usr/bin/ceph: stderr
2023-07-14T19:17:49.001+0000 7fa85d810700 1 --2- >> [v2:172.21.15.53:3300/0,v1:172.21.15.53:6789/0] conn(0x7fa858105510 0x7fa858105920 unknown :-1 s=BANNER_CONNECTING pgs=0 cs=0 l=0 rev1=0 crypto rx=0 tx=0 comp rx=0 tx=0)._handle_peer_banner_payload supported=3 required=0
2023-07-14T19:17:49.981 INFO:teuthology.orchestra.run.smithi053.stdout:/usr/bin/ceph: stderr
2023-07-14T19:17:49.001+0000 7fa85d810700 1 --2- >> [v2:172.21.15.53:3300/0,v1:172.21.15.53:6789/0] conn(0x7fa858105510 0x7fa858105920 unknown :-1 s=HELLO_CONNECTING pgs=0 cs=0 l=0 rev1=1 crypto rx=0 tx=0 comp rx=0 tx=0).handle_hello peer v2:172.21.15.53:3300/0 says I am v2:172.21.15.53:49214/0 (socket says 172.21.15.53:49214)
2023-07-14T19:17:49.981 INFO:teuthology.orchestra.run.smithi053.stdout:/usr/bin/ceph: stderr
2023-07-14T19:17:49.001+0000 7fa85d810700 1 -- 172.21.15.53:0/1745491151 learned_addr learned my addr 172.21.15.53:0/1745491151 (peer_addr_for_me v2:172.21.15.53:0/0)
2023-07-14T19:17:49.981 INFO:teuthology.orchestra.run.smithi053.stdout:/usr/bin/ceph: stderr
2023-07-14T19:17:49.001+0000 7fa85d810700 1 -- 172.21.15.53:0/1745491151 --> [v2:172.21.15.53:3300/0,v1:172.21.15.53:6789/0] -- mon_subscribe({config=0+,monmap=0+}) v3 -- 0x7fa858105fa0 con 0x7fa858105510
2023-07-14T19:17:49.981 INFO:teuthology.orchestra.run.smithi053.stdout:/usr/bin/ceph: stderr
2023-07-14T19:17:49.001+0000 7fa85d810700 1 --2- 172.21.15.53:0/1745491151 >> [v2:172.21.15.53:3300/0,v1:172.21.15.53:6789/0] conn(0x7fa858105510 0x7fa858105920 secure :-1 s=READY pgs=78 cs=0 l=1 rev1=1 crypto rx=0x7fa8480098a0 tx=0x7fa848009bb0 comp rx=0 tx=0).ready entity=mon.0 client_cookie=c7c442122c8dac9a server_cookie=0 in_seq=0 out_seq=0
2023-07-14T19:17:49.981 INFO:teuthology.orchestra.run.smithi053.stdout:/usr/bin/ceph: stderr
2023-07-14T19:17:49.001+0000 7fa85c80e700 1 -- 172.21.15.53:0/1745491151 <== mon.0 v2:172.21.15.53:3300/0 1 ==== mon_map magic: 0 v1 ==== 205+0+0 (secure 0 0 0) 0x7fa848004160 con 0x7fa858105510
2023-07-14T19:17:49.981 INFO:teuthology.orchestra.run.smithi053.stdout:/usr/bin/ceph: stderr
2023-07-14T19:17:49.001+0000 7fa85c80e700 1 -- 172.21.15.53:0/1745491151 <== mon.0 v2:172.21.15.53:3300/0 2 ==== config(26 keys) v1 ==== 1105+0+0 (secure 0 0 0) 0x7fa8480042c0 con 0x7fa858105510
2023-07-14T19:17:49.981 INFO:teuthology.orchestra.run.smithi053.stdout:/usr/bin/ceph: stderr
2023-07-14T19:17:49.001+0000 7fa85c80e700 1 -- 172.21.15.53:0/1745491151 <== mon.0 v2:172.21.15.53:3300/0 3 ==== mon_map magic: 0 v1 ==== 205+0+0 (secure 0 0 0) 0x7fa8480119b0 con 0x7fa858105510
2023-07-14T19:17:49.982 INFO:teuthology.orchestra.run.smithi053.stdout:/usr/bin/ceph: stderr
2023-07-14T19:17:49.002+0000 7fa85fa74700 1 -- 172.21.15.53:0/1745491151 >> [v2:172.21.15.53:3300/0,v1:172.21.15.53:6789/0] conn(0x7fa858105510 msgr2=0x7fa858105920 secure :-1 s=STATE_CONNECTION_ESTABLISHED l=1).mark_down
2023-07-14T19:17:49.982 INFO:teuthology.orchestra.run.smithi053.stdout:/usr/bin/ceph: stderr
2023-07-14T19:17:49.002+0000 7fa85fa74700 1 --2- 172.21.15.53:0/1745491151 >> [v2:172.21.15.53:3300/0,v1:172.21.15.53:6789/0] conn(0x7fa858105510 0x7fa858105920 secure :-1 s=READY pgs=78 cs=0 l=1 rev1=1 crypto rx=0x7fa8480098a0 tx=0x7fa848009bb0 comp rx=0 tx=0).stop
2023-07-14T19:17:49.982 INFO:teuthology.orchestra.run.smithi053.stdout:/usr/bin/ceph: stderr
2023-07-14T19:17:49.002+0000 7fa85fa74700 1 -- 172.21.15.53:0/1745491151 shutdown_connections
2023-07-14T19:17:49.982 INFO:teuthology.orchestra.run.smithi053.stdout:/usr/bin/ceph: stderr
2023-07-14T19:17:49.002+0000 7fa85fa74700 1 --2- 172.21.15.53:0/1745491151 >> [v2:172.21.15.53:3300/0,v1:172.21.15.53:6789/0] conn(0x7fa858105510 0x7fa858105920 unknown :-1 s=CLOSED pgs=78 cs=0 l=1 rev1=1 crypto rx=0 tx=0 comp rx=0 tx=0).stop
2023-07-14T19:17:49.982 INFO:teuthology.orchestra.run.smithi053.stdout:/usr/bin/ceph: stderr
2023-07-14T19:17:49.002+0000 7fa85fa74700 1 -- 172.21.15.53:0/1745491151 >> 172.21.15.53:0/1745491151 conn(0x7fa858100bc0 msgr2=0x7fa858102fd0 unknown :-1 s=STATE_NONE l=0).mark_down
2023-07-14T19:17:49.982 INFO:teuthology.orchestra.run.smithi053.stdout:/usr/bin/ceph: stderr
2023-07-14T19:17:49.002+0000 7fa85fa74700 1 -- 172.21.15.53:0/1745491151 shutdown_connections
2023-07-14T19:17:49.982 INFO:teuthology.orchestra.run.smithi053.stdout:/usr/bin/ceph: stderr
2023-07-14T19:17:49.002+0000 7fa85fa74700 1 -- 172.21.15.53:0/1745491151 wait complete.
2023-07-14T19:17:49.983 INFO:teuthology.orchestra.run.smithi053.stdout:/usr/bin/ceph: stderr
2023-07-14T19:17:49.003+0000 7fa85fa74700 1 Processor -- start
2023-07-14T19:17:49.983 INFO:teuthology.orchestra.run.smithi053.stdout:/usr/bin/ceph: stderr
2023-07-14T19:17:49.003+0000 7fa85fa74700 1 -- start start
2023-07-14T19:17:49.983 INFO:teuthology.orchestra.run.smithi053.stdout:/usr/bin/ceph: stderr
2023-07-14T19:17:49.003+0000 7fa85fa74700 1 --2- >> [v2:172.21.15.53:3300/0,v1:172.21.15.53:6789/0] conn(0x7fa858105510 0x7fa8581992f0 unknown :-1 s=NONE pgs=0 cs=0 l=1 rev1=0 crypto rx=0 tx=0 comp rx=0 tx=0).connect
2023-07-14T19:17:49.983 INFO:teuthology.orchestra.run.smithi053.stdout:/usr/bin/ceph: stderr
2023-07-14T19:17:49.003+0000 7fa85fa74700 1 -- --> [v2:172.21.15.53:3300/0,v1:172.21.15.53:6789/0] -- mon_getmap magic: 0 v1 -- 0x7fa858199830 con 0x7fa858105510
2023-07-14T19:17:49.983 INFO:teuthology.orchestra.run.smithi053.stdout:/usr/bin/ceph: stderr
2023-07-14T19:17:49.003+0000 7fa85d810700 1 --2- >> [v2:172.21.15.53:3300/0,v1:172.21.15.53:6789/0] conn(0x7fa858105510 0x7fa8581992f0 unknown :-1 s=BANNER_CONNECTING pgs=0 cs=0 l=1 rev1=0 crypto rx=0 tx=0 comp rx=0 tx=0)._handle_peer_banner_payload supported=3 required=0
2023-07-14T19:17:49.983 INFO:teuthology.orchestra.run.smithi053.stdout:/usr/bin/ceph: stderr
2023-07-14T19:17:49.003+0000 7fa85d810700 1 --2- >> [v2:172.21.15.53:3300/0,v1:172.21.15.53:6789/0] conn(0x7fa858105510 0x7fa8581992f0 unknown :-1 s=HELLO_CONNECTING pgs=0 cs=0 l=1 rev1=1 crypto rx=0 tx=0 comp rx=0 tx=0).handle_hello peer v2:172.21.15.53:3300/0 says I am v2:172.21.15.53:49216/0 (socket says 172.21.15.53:49216)
2023-07-14T19:17:49.984 INFO:teuthology.orchestra.run.smithi053.stdout:/usr/bin/ceph: stderr
2023-07-14T19:17:49.003+0000 7fa85d810700 1 -- 172.21.15.53:0/2682323234 learned_addr learned my addr 172.21.15.53:0/2682323234 (peer_addr_for_me v2:172.21.15.53:0/0)
2023-07-14T19:17:49.984 INFO:teuthology.orchestra.run.smithi053.stdout:/usr/bin/ceph: stderr
2023-07-14T19:17:49.004+0000 7fa85d810700 1 -- 172.21.15.53:0/2682323234 --> [v2:172.21.15.53:3300/0,v1:172.21.15.53:6789/0] -- mon_subscribe({config=0+,monmap=0+}) v3 -- 0x7fa848009550 con 0x7fa858105510
2023-07-14T19:17:49.984 INFO:teuthology.orchestra.run.smithi053.stdout:/usr/bin/ceph: stderr
2023-07-14T19:17:49.004+0000 7fa85d810700 1 --2- 172.21.15.53:0/2682323234 >> [v2:172.21.15.53:3300/0,v1:172.21.15.53:6789/0] conn(0x7fa858105510 0x7fa8581992f0 secure :-1 s=READY pgs=79 cs=0 l=1 rev1=1 crypto rx=0x7fa848011980 tx=0x7fa848011a60 comp rx=0 tx=0).ready entity=mon.0 client_cookie=0 server_cookie=0 in_seq=0 out_seq=0
2023-07-14T19:17:49.984 INFO:teuthology.orchestra.run.smithi053.stdout:/usr/bin/ceph: stderr
2023-07-14T19:17:49.004+0000 7fa84effd700 1 -- 172.21.15.53:0/2682323234 <== mon.0 v2:172.21.15.53:3300/0 1 ==== mon_map magic: 0 v1 ==== 205+0+0 (secure 0 0 0) 0x7fa848003a60 con 0x7fa858105510
2023-07-14T19:17:49.984 INFO:teuthology.orchestra.run.smithi053.stdout:/usr/bin/ceph: stderr
2023-07-14T19:17:49.004+0000 7fa84effd700 1 -- 172.21.15.53:0/2682323234 <== mon.0 v2:172.21.15.53:3300/0 2 ==== config(26 keys) v1 ==== 1105+0+0 (secure 0 0 0) 0x7fa848003bc0 con 0x7fa858105510
2023-07-14T19:17:49.984 INFO:teuthology.orchestra.run.smithi053.stdout:/usr/bin/ceph: stderr
2023-07-14T19:17:49.004+0000 7fa84effd700 1 -- 172.21.15.53:0/2682323234 <== mon.0 v2:172.21.15.53:3300/0 3 ==== mon_map magic: 0 v1 ==== 205+0+0 (secure 0 0 0) 0x7fa84801a670 con 0x7fa858105510
2023-07-14T19:17:49.984 INFO:teuthology.orchestra.run.smithi053.stdout:/usr/bin/ceph: stderr
2023-07-14T19:17:49.004+0000 7fa85fa74700 1 -- 172.21.15.53:0/2682323234 --> [v2:172.21.15.53:3300/0,v1:172.21.15.53:6789/0] -- mon_subscribe({mgrmap=0+}) v3 -- 0x7fa858199a30 con 0x7fa858105510
2023-07-14T19:17:49.985 INFO:teuthology.orchestra.run.smithi053.stdout:/usr/bin/ceph: stderr
2023-07-14T19:17:49.004+0000 7fa85fa74700 1 -- 172.21.15.53:0/2682323234 --> [v2:172.21.15.53:3300/0,v1:172.21.15.53:6789/0] -- mon_subscribe({osdmap=0}) v3 -- 0x7fa858199e50 con 0x7fa858105510
2023-07-14T19:17:49.985 INFO:teuthology.orchestra.run.smithi053.stdout:/usr/bin/ceph: stderr
2023-07-14T19:17:49.005+0000 7fa84effd700 1 -- 172.21.15.53:0/2682323234 <== mon.0 v2:172.21.15.53:3300/0 4 ==== mgrmap(e 13) v1 ==== 45539+0+0 (secure 0 0 0) 0x7fa84801a930 con 0x7fa858105510
2023-07-14T19:17:49.985 INFO:teuthology.orchestra.run.smithi053.stdout:/usr/bin/ceph: stderr
2023-07-14T19:17:49.005+0000 7fa84cff9700 1 -- 172.21.15.53:0/2682323234 --> [v2:172.21.15.53:3300/0,v1:172.21.15.53:6789/0] -- mon_command({"prefix": "get_command_descriptions"} v 0) v1 -- 0x7fa8400052f0 con 0x7fa858105510
2023-07-14T19:17:49.985 INFO:teuthology.orchestra.run.smithi053.stdout:/usr/bin/ceph: stderr
2023-07-14T19:17:49.005+0000 7fa84effd700 1 --2- 172.21.15.53:0/2682323234 >> [v2:172.21.15.53:6800/3014344459,v1:172.21.15.53:6801/3014344459] conn(0x7fa844038800 0x7fa84403acb0 unknown :-1 s=NONE pgs=0 cs=0 l=1 rev1=0 crypto rx=0 tx=0 comp rx=0 tx=0).connect
2023-07-14T19:17:49.985 INFO:teuthology.orchestra.run.smithi053.stdout:/usr/bin/ceph: stderr
2023-07-14T19:17:49.005+0000 7fa84effd700 1 -- 172.21.15.53:0/2682323234 <== mon.0 v2:172.21.15.53:3300/0 5 ==== osd_map(3..3 src has 1..3) v4 ==== 1155+0+0 (secure 0 0 0) 0x7fa84804cc30 con 0x7fa858105510
2023-07-14T19:17:49.985 INFO:teuthology.orchestra.run.smithi053.stdout:/usr/bin/ceph: stderr
2023-07-14T19:17:49.006+0000 7fa85d00f700 1 --2- 172.21.15.53:0/2682323234 >> [v2:172.21.15.53:6800/3014344459,v1:172.21.15.53:6801/3014344459] conn(0x7fa844038800 0x7fa84403acb0 unknown :-1 s=BANNER_CONNECTING pgs=0 cs=0 l=1 rev1=0 crypto rx=0 tx=0 comp rx=0 tx=0)._handle_peer_banner_payload supported=3 required=0
2023-07-14T19:17:49.985 INFO:teuthology.orchestra.run.smithi053.stdout:/usr/bin/ceph: stderr
2023-07-14T19:17:49.006+0000 7fa85d00f700 1 --2- 172.21.15.53:0/2682323234 >> [v2:172.21.15.53:6800/3014344459,v1:172.21.15.53:6801/3014344459] conn(0x7fa844038800 0x7fa84403acb0 secure :-1 s=READY pgs=11 cs=0 l=1 rev1=1 crypto rx=0x7fa854006fd0 tx=0x7fa854006e40 comp rx=0 tx=0).ready entity=mgr.14152 client_cookie=0 server_cookie=0 in_seq=0 out_seq=0
2023-07-14T19:17:49.986 INFO:teuthology.orchestra.run.smithi053.stdout:/usr/bin/ceph: stderr
2023-07-14T19:17:49.010+0000 7fa84effd700 1 -- 172.21.15.53:0/2682323234 <== mon.0 v2:172.21.15.53:3300/0 6 ==== mon_command_ack([{"prefix": "get_command_descriptions"}]=0 v0) v1 ==== 72+0+178025 (secure 0 0 0) 0x7fa8480189a0 con 0x7fa858105510
2023-07-14T19:17:49.986 INFO:teuthology.orchestra.run.smithi053.stdout:/usr/bin/ceph: stderr
2023-07-14T19:17:49.580+0000 7fa84cff9700 1 -- 172.21.15.53:0/2682323234 --> [v2:172.21.15.53:3300/0,v1:172.21.15.53:6789/0] -- mon_command([{prefix=config-key set, key=mgr/dashboard/cluster/status}] v 0) v1 -- 0x7fa840005f40 con 0x7fa858105510
2023-07-14T19:17:49.986 INFO:teuthology.orchestra.run.smithi053.stdout:/usr/bin/ceph: stderr
2023-07-14T19:17:49.582+0000 7fa84effd700 1 -- 172.21.15.53:0/2682323234 <== mon.0 v2:172.21.15.53:3300/0 7 ==== mon_command_ack([{prefix=config-key set, key=mgr/dashboard/cluster/status}]=0 set mgr/dashboard/cluster/status v28)=0 set mgr/dashboard/cluster/status v28) v1 ==== 153+0+0 (secure 0 0 0) 0x7fa8480187c0 con 0x7fa858105510
2023-07-14T19:17:49.986 INFO:teuthology.orchestra.run.smithi053.stdout:/usr/bin/ceph: stderr
2023-07-14T19:17:49.584+0000 7fa84cff9700 1 -- 172.21.15.53:0/2682323234 >> [v2:172.21.15.53:6800/3014344459,v1:172.21.15.53:6801/3014344459] conn(0x7fa844038800 msgr2=0x7fa84403acb0 secure :-1 s=STATE_CONNECTION_ESTABLISHED l=1).mark_down
2023-07-14T19:17:49.986 INFO:teuthology.orchestra.run.smithi053.stdout:/usr/bin/ceph: stderr
2023-07-14T19:17:49.584+0000 7fa84cff9700 1 --2- 172.21.15.53:0/2682323234 >> [v2:172.21.15.53:6800/3014344459,v1:172.21.15.53:6801/3014344459] conn(0x7fa844038800 0x7fa84403acb0 secure :-1 s=READY pgs=11 cs=0 l=1 rev1=1 crypto rx=0x7fa854006fd0 tx=0x7fa854006e40 comp rx=0 tx=0).stop
2023-07-14T19:17:49.986 INFO:teuthology.orchestra.run.smithi053.stdout:/usr/bin/ceph: stderr
2023-07-14T19:17:49.584+0000 7fa84cff9700 1 -- 172.21.15.53:0/2682323234 >> [v2:172.21.15.53:3300/0,v1:172.21.15.53:6789/0] conn(0x7fa858105510 msgr2=0x7fa8581992f0 secure :-1 s=STATE_CONNECTION_ESTABLISHED l=1).mark_down
2023-07-14T19:17:49.986 INFO:teuthology.orchestra.run.smithi053.stdout:/usr/bin/ceph: stderr
2023-07-14T19:17:49.584+0000 7fa84cff9700 1 --2- 172.21.15.53:0/2682323234 >> [v2:172.21.15.53:3300/0,v1:172.21.15.53:6789/0] conn(0x7fa858105510 0x7fa8581992f0 secure :-1 s=READY pgs=79 cs=0 l=1 rev1=1 crypto rx=0x7fa848011980 tx=0x7fa848011a60 comp rx=0 tx=0).stop
2023-07-14T19:17:49.986 INFO:teuthology.orchestra.run.smithi053.stdout:/usr/bin/ceph: stderr
2023-07-14T19:17:49.584+0000 7fa84cff9700 1 -- 172.21.15.53:0/2682323234 shutdown_connections
2023-07-14T19:17:49.987 INFO:teuthology.orchestra.run.smithi053.stdout:/usr/bin/ceph: stderr
2023-07-14T19:17:49.584+0000 7fa84cff9700 1 --2- 172.21.15.53:0/2682323234 >> [v2:172.21.15.53:6800/3014344459,v1:172.21.15.53:6801/3014344459] conn(0x7fa844038800 0x7fa84403acb0 unknown :-1 s=CLOSED pgs=11 cs=0 l=1 rev1=1 crypto rx=0 tx=0 comp rx=0 tx=0).stop
2023-07-14T19:17:49.987 INFO:teuthology.orchestra.run.smithi053.stdout:/usr/bin/ceph: stderr
2023-07-14T19:17:49.584+0000 7fa84cff9700 1 --2- 172.21.15.53:0/2682323234 >> [v2:172.21.15.53:3300/0,v1:172.21.15.53:6789/0] conn(0x7fa858105510 0x7fa8581992f0 unknown :-1 s=CLOSED pgs=79 cs=0 l=1 rev1=1 crypto rx=0 tx=0 comp rx=0 tx=0).stop
2023-07-14T19:17:49.987 INFO:teuthology.orchestra.run.smithi053.stdout:/usr/bin/ceph: stderr
2023-07-14T19:17:49.584+0000 7fa84cff9700 1 -- 172.21.15.53:0/2682323234 >> 172.21.15.53:0/2682323234 conn(0x7fa858100bc0 msgr2=0x7fa8581022c0 unknown :-1 s=STATE_NONE l=0).mark_down
2023-07-14T19:17:49.987 INFO:teuthology.orchestra.run.smithi053.stdout:/usr/bin/ceph: stderr
2023-07-14T19:17:49.584+0000 7fa84cff9700 1 -- 172.21.15.53:0/2682323234 shutdown_connections
2023-07-14T19:17:49.987 INFO:teuthology.orchestra.run.smithi053.stdout:/usr/bin/ceph: stderr
2023-07-14T19:17:49.584+0000 7fa84cff9700 1 -- 172.21.15.53:0/2682323234 wait complete.
2023-07-14T19:17:49.987 INFO:teuthology.orchestra.run.smithi053.stdout:/usr/bin/ceph: stderr set mgr/dashboard/cluster/status
2023-07-14T19:17:49.987 INFO:teuthology.orchestra.run.smithi053.stdout:You can access the Ceph CLI as following in case of multi-cluster or non-default config:
2023-07-14T19:17:49.988 INFO:teuthology.orchestra.run.smithi053.stdout:
2023-07-14T19:17:49.988 INFO:teuthology.orchestra.run.smithi053.stdout: sudo /home/ubuntu/cephtest/cephadm shell --fsid c5147628-227a-11ee-9b33-001a4aab830c -c /etc/ceph/ceph.conf -k /etc/ceph/ceph.client.admin.keyring
2023-07-14T19:17:49.988 INFO:teuthology.orchestra.run.smithi053.stdout:
2023-07-14T19:17:49.988 INFO:teuthology.orchestra.run.smithi053.stdout:Or, if you are only running a single cluster on this host:
2023-07-14T19:17:49.988 INFO:teuthology.orchestra.run.smithi053.stdout:
2023-07-14T19:17:49.988 INFO:teuthology.orchestra.run.smithi053.stdout: sudo /home/ubuntu/cephtest/cephadm shell
2023-07-14T19:17:49.988 INFO:teuthology.orchestra.run.smithi053.stdout:
2023-07-14T19:17:49.989 INFO:teuthology.orchestra.run.smithi053.stdout:Please consider enabling telemetry to help improve Ceph:
2023-07-14T19:17:49.989 INFO:teuthology.orchestra.run.smithi053.stdout:
2023-07-14T19:17:49.989 INFO:teuthology.orchestra.run.smithi053.stdout: ceph telemetry on
2023-07-14T19:17:49.989 INFO:teuthology.orchestra.run.smithi053.stdout:
2023-07-14T19:17:49.989 INFO:teuthology.orchestra.run.smithi053.stdout:For more information see:
2023-07-14T19:17:49.989 INFO:teuthology.orchestra.run.smithi053.stdout:
2023-07-14T19:17:49.990 INFO:teuthology.orchestra.run.smithi053.stdout: https://docs.ceph.com/en/latest/mgr/telemetry/
2023-07-14T19:17:49.990 INFO:teuthology.orchestra.run.smithi053.stdout:
2023-07-14T19:17:49.990 INFO:teuthology.orchestra.run.smithi053.stdout:Bootstrap complete.
2023-07-14T19:17:50.012 INFO:tasks.cephadm:Fetching config...
2023-07-14T19:17:50.013 DEBUG:teuthology.orchestra.run.smithi053:> set -ex
2023-07-14T19:17:50.013 DEBUG:teuthology.orchestra.run.smithi053:> dd if=/etc/ceph/ceph.conf of=/dev/stdout
2023-07-14T19:17:50.030 INFO:tasks.cephadm:Fetching client.admin keyring...
2023-07-14T19:17:50.030 DEBUG:teuthology.orchestra.run.smithi053:> set -ex
2023-07-14T19:17:50.030 DEBUG:teuthology.orchestra.run.smithi053:> dd if=/etc/ceph/ceph.client.admin.keyring of=/dev/stdout
2023-07-14T19:17:50.088 INFO:tasks.cephadm:Fetching mon keyring...
2023-07-14T19:17:50.089 DEBUG:teuthology.orchestra.run.smithi053:> set -ex
2023-07-14T19:17:50.089 DEBUG:teuthology.orchestra.run.smithi053:> sudo dd if=/var/lib/ceph/c5147628-227a-11ee-9b33-001a4aab830c/mon.a/keyring of=/dev/stdout
2023-07-14T19:17:50.157 INFO:tasks.cephadm:Fetching pub ssh key...
2023-07-14T19:17:50.157 DEBUG:teuthology.orchestra.run.smithi053:> set -ex
2023-07-14T19:17:50.158 DEBUG:teuthology.orchestra.run.smithi053:> dd if=/home/ubuntu/cephtest/ceph.pub of=/dev/stdout
2023-07-14T19:17:50.214 INFO:tasks.cephadm:Installing pub ssh key for root users...
2023-07-14T19:17:50.215 DEBUG:teuthology.orchestra.run.smithi053:> sudo install -d -m 0700 /root/.ssh && echo 'ssh-rsa AAAAB3NzaC1yc2EAAAADAQABAAABgQChapZxBNZKdrzqvQpUT/4xiLDyvur3Bnvzfj8qJCG6gZVdrHaT6wbHXlGQxAX4f3bUzERuKe+yAS+uMKC4TOJP8JPh8kbbTJkQHczIEydEGXUsZe/H4kjrFsTD/pfS0KcRlwSAs1eLWZcJ3nAW+l2BPuaiGf1hTItTZ5T2DhDmYGFMEobg4xze24Fpoxes0PiZZFJ/jKsMku4G0kIqK6o8V4csVhf0SBDM5t+LHTD5jMBLlt/p0LCfQ9f39N6y0cwNVoF+ZGivCkASannUt6np/EFQBIS9Q08hd9zXQnstYsdeMUAOoq/XsQpaxDR+K9LCLfs8zPEAvKfgRGyfIPO3tOk75oPthF0wzYsHKfd4AQpw6xXiK1qLyAcnYTtl8Ri6In+k/EopYbWnd8S57ZhOWInYP7vBbrdsUP2yMPQKCCagkZSTQJ0HeGRMFsoBJjR8LKkCcRnCssiMO+AAMABcJjOxpqmJxoRn5dgS7oI+q1s8Z2CJ627jXhxpvkifeLs= ceph-c5147628-227a-11ee-9b33-001a4aab830c' | sudo tee -a /root/.ssh/authorized_keys && sudo chmod 0600 /root/.ssh/authorized_keys
2023-07-14T19:17:50.296 INFO:teuthology.orchestra.run.smithi053.stdout:ssh-rsa AAAAB3NzaC1yc2EAAAADAQABAAABgQChapZxBNZKdrzqvQpUT/4xiLDyvur3Bnvzfj8qJCG6gZVdrHaT6wbHXlGQxAX4f3bUzERuKe+yAS+uMKC4TOJP8JPh8kbbTJkQHczIEydEGXUsZe/H4kjrFsTD/pfS0KcRlwSAs1eLWZcJ3nAW+l2BPuaiGf1hTItTZ5T2DhDmYGFMEobg4xze24Fpoxes0PiZZFJ/jKsMku4G0kIqK6o8V4csVhf0SBDM5t+LHTD5jMBLlt/p0LCfQ9f39N6y0cwNVoF+ZGivCkASannUt6np/EFQBIS9Q08hd9zXQnstYsdeMUAOoq/XsQpaxDR+K9LCLfs8zPEAvKfgRGyfIPO3tOk75oPthF0wzYsHKfd4AQpw6xXiK1qLyAcnYTtl8Ri6In+k/EopYbWnd8S57ZhOWInYP7vBbrdsUP2yMPQKCCagkZSTQJ0HeGRMFsoBJjR8LKkCcRnCssiMO+AAMABcJjOxpqmJxoRn5dgS7oI+q1s8Z2CJ627jXhxpvkifeLs= ceph-c5147628-227a-11ee-9b33-001a4aab830c
2023-07-14T19:17:50.310 DEBUG:teuthology.orchestra.run.smithi070:> sudo install -d -m 0700 /root/.ssh && echo 'ssh-rsa AAAAB3NzaC1yc2EAAAADAQABAAABgQChapZxBNZKdrzqvQpUT/4xiLDyvur3Bnvzfj8qJCG6gZVdrHaT6wbHXlGQxAX4f3bUzERuKe+yAS+uMKC4TOJP8JPh8kbbTJkQHczIEydEGXUsZe/H4kjrFsTD/pfS0KcRlwSAs1eLWZcJ3nAW+l2BPuaiGf1hTItTZ5T2DhDmYGFMEobg4xze24Fpoxes0PiZZFJ/jKsMku4G0kIqK6o8V4csVhf0SBDM5t+LHTD5jMBLlt/p0LCfQ9f39N6y0cwNVoF+ZGivCkASannUt6np/EFQBIS9Q08hd9zXQnstYsdeMUAOoq/XsQpaxDR+K9LCLfs8zPEAvKfgRGyfIPO3tOk75oPthF0wzYsHKfd4AQpw6xXiK1qLyAcnYTtl8Ri6In+k/EopYbWnd8S57ZhOWInYP7vBbrdsUP2yMPQKCCagkZSTQJ0HeGRMFsoBJjR8LKkCcRnCssiMO+AAMABcJjOxpqmJxoRn5dgS7oI+q1s8Z2CJ627jXhxpvkifeLs= ceph-c5147628-227a-11ee-9b33-001a4aab830c' | sudo tee -a /root/.ssh/authorized_keys && sudo chmod 0600 /root/.ssh/authorized_keys
2023-07-14T19:17:50.356 INFO:teuthology.orchestra.run.smithi070.stdout:ssh-rsa AAAAB3NzaC1yc2EAAAADAQABAAABgQChapZxBNZKdrzqvQpUT/4xiLDyvur3Bnvzfj8qJCG6gZVdrHaT6wbHXlGQxAX4f3bUzERuKe+yAS+uMKC4TOJP8JPh8kbbTJkQHczIEydEGXUsZe/H4kjrFsTD/pfS0KcRlwSAs1eLWZcJ3nAW+l2BPuaiGf1hTItTZ5T2DhDmYGFMEobg4xze24Fpoxes0PiZZFJ/jKsMku4G0kIqK6o8V4csVhf0SBDM5t+LHTD5jMBLlt/p0LCfQ9f39N6y0cwNVoF+ZGivCkASannUt6np/EFQBIS9Q08hd9zXQnstYsdeMUAOoq/XsQpaxDR+K9LCLfs8zPEAvKfgRGyfIPO3tOk75oPthF0wzYsHKfd4AQpw6xXiK1qLyAcnYTtl8Ri6In+k/EopYbWnd8S57ZhOWInYP7vBbrdsUP2yMPQKCCagkZSTQJ0HeGRMFsoBJjR8LKkCcRnCssiMO+AAMABcJjOxpqmJxoRn5dgS7oI+q1s8Z2CJ627jXhxpvkifeLs= ceph-c5147628-227a-11ee-9b33-001a4aab830c
2023-07-14T19:17:50.368 DEBUG:teuthology.orchestra.run.smithi104:> sudo install -d -m 0700 /root/.ssh && echo 'ssh-rsa AAAAB3NzaC1yc2EAAAADAQABAAABgQChapZxBNZKdrzqvQpUT/4xiLDyvur3Bnvzfj8qJCG6gZVdrHaT6wbHXlGQxAX4f3bUzERuKe+yAS+uMKC4TOJP8JPh8kbbTJkQHczIEydEGXUsZe/H4kjrFsTD/pfS0KcRlwSAs1eLWZcJ3nAW+l2BPuaiGf1hTItTZ5T2DhDmYGFMEobg4xze24Fpoxes0PiZZFJ/jKsMku4G0kIqK6o8V4csVhf0SBDM5t+LHTD5jMBLlt/p0LCfQ9f39N6y0cwNVoF+ZGivCkASannUt6np/EFQBIS9Q08hd9zXQnstYsdeMUAOoq/XsQpaxDR+K9LCLfs8zPEAvKfgRGyfIPO3tOk75oPthF0wzYsHKfd4AQpw6xXiK1qLyAcnYTtl8Ri6In+k/EopYbWnd8S57ZhOWInYP7vBbrdsUP2yMPQKCCagkZSTQJ0HeGRMFsoBJjR8LKkCcRnCssiMO+AAMABcJjOxpqmJxoRn5dgS7oI+q1s8Z2CJ627jXhxpvkifeLs= ceph-c5147628-227a-11ee-9b33-001a4aab830c' | sudo tee -a /root/.ssh/authorized_keys && sudo chmod 0600 /root/.ssh/authorized_keys
2023-07-14T19:17:50.416 INFO:teuthology.orchestra.run.smithi104.stdout:ssh-rsa AAAAB3NzaC1yc2EAAAADAQABAAABgQChapZxBNZKdrzqvQpUT/4xiLDyvur3Bnvzfj8qJCG6gZVdrHaT6wbHXlGQxAX4f3bUzERuKe+yAS+uMKC4TOJP8JPh8kbbTJkQHczIEydEGXUsZe/H4kjrFsTD/pfS0KcRlwSAs1eLWZcJ3nAW+l2BPuaiGf1hTItTZ5T2DhDmYGFMEobg4xze24Fpoxes0PiZZFJ/jKsMku4G0kIqK6o8V4csVhf0SBDM5t+LHTD5jMBLlt/p0LCfQ9f39N6y0cwNVoF+ZGivCkASannUt6np/EFQBIS9Q08hd9zXQnstYsdeMUAOoq/XsQpaxDR+K9LCLfs8zPEAvKfgRGyfIPO3tOk75oPthF0wzYsHKfd4AQpw6xXiK1qLyAcnYTtl8Ri6In+k/EopYbWnd8S57ZhOWInYP7vBbrdsUP2yMPQKCCagkZSTQJ0HeGRMFsoBJjR8LKkCcRnCssiMO+AAMABcJjOxpqmJxoRn5dgS7oI+q1s8Z2CJ627jXhxpvkifeLs= ceph-c5147628-227a-11ee-9b33-001a4aab830c
2023-07-14T19:17:50.429 DEBUG:teuthology.orchestra.run.smithi053:> sudo /home/ubuntu/cephtest/cephadm --image quay-quay-quay.apps.os.sepia.ceph.com/ceph-ci/ceph:81c9387d2e7576da065747ec9c16d1c7d69016ec shell -c /etc/ceph/ceph.conf -k /etc/ceph/ceph.client.admin.keyring --fsid c5147628-227a-11ee-9b33-001a4aab830c -- ceph config set mgr mgr/cephadm/allow_ptrace true
2023-07-14T19:17:50.847 INFO:journalctl@ceph.mon.a.smithi053.stdout:Jul 14 19:17:50 smithi053 ceph-mon[96565]: from='client.? 172.21.15.53:0/2682323234' entity='client.admin'
2023-07-14T19:17:51.201 INFO:teuthology.orchestra.run.smithi053.stderr:Inferring config /var/lib/ceph/c5147628-227a-11ee-9b33-001a4aab830c/mon.a/config
2023-07-14T19:17:52.322 INFO:journalctl@ceph.mon.a.smithi053.stdout:Jul 14 19:17:52 smithi053 ceph-mon[96565]: from='mgr.14152 172.21.15.53:0/3201950680' entity='mgr.x'
2023-07-14T19:17:52.322 INFO:journalctl@ceph.mon.a.smithi053.stdout:Jul 14 19:17:52 smithi053 ceph-mon[96565]: from='mgr.14152 172.21.15.53:0/3201950680' entity='mgr.x'
2023-07-14T19:17:52.324 INFO:journalctl@ceph.mon.a.smithi053.stdout:Jul 14 19:17:52 smithi053 ceph-mon[96565]: from='mgr.14152 172.21.15.53:0/3201950680' entity='mgr.x' cmd=[{"prefix": "config rm", "who": "osd/host:smithi053", "name": "osd_memory_target"}]: dispatch
2023-07-14T19:17:52.324 INFO:journalctl@ceph.mon.a.smithi053.stdout:Jul 14 19:17:52 smithi053 ceph-mon[96565]: from='mgr.14152 172.21.15.53:0/3201950680' entity='mgr.x'
2023-07-14T19:17:52.324 INFO:journalctl@ceph.mon.a.smithi053.stdout:Jul 14 19:17:52 smithi053 ceph-mon[96565]: from='mgr.14152 172.21.15.53:0/3201950680' entity='mgr.x' cmd=[{"prefix": "config dump", "format": "json"}]: dispatch
2023-07-14T19:17:52.324 INFO:journalctl@ceph.mon.a.smithi053.stdout:Jul 14 19:17:52 smithi053 ceph-mon[96565]: from='mgr.14152 172.21.15.53:0/3201950680' entity='mgr.x'
2023-07-14T19:17:52.959 INFO:teuthology.orchestra.run.smithi053.stderr:2023-07-14T19:17:52.955+0000 7ff77da8c700 1 -- 172.21.15.53:0/3505591065 >> [v2:172.21.15.53:3300/0,v1:172.21.15.53:6789/0] conn(0x7ff7780ff720 msgr2=0x7ff7780ffb30 secure :-1 s=STATE_CONNECTION_ESTABLISHED l=1).mark_down
2023-07-14T19:17:52.959 INFO:teuthology.orchestra.run.smithi053.stderr:2023-07-14T19:17:52.955+0000 7ff77da8c700 1 --2- 172.21.15.53:0/3505591065 >> [v2:172.21.15.53:3300/0,v1:172.21.15.53:6789/0] conn(0x7ff7780ff720 0x7ff7780ffb30 secure :-1 s=READY pgs=80 cs=0 l=1 rev1=1 crypto rx=0x7ff768009910 tx=0x7ff768009c20 comp rx=0 tx=0).stop
2023-07-14T19:17:52.960 INFO:teuthology.orchestra.run.smithi053.stderr:2023-07-14T19:17:52.955+0000 7ff77da8c700 1 -- 172.21.15.53:0/3505591065 shutdown_connections
2023-07-14T19:17:52.960 INFO:teuthology.orchestra.run.smithi053.stderr:2023-07-14T19:17:52.955+0000 7ff77da8c700 1 --2- 172.21.15.53:0/3505591065 >> [v2:172.21.15.53:3300/0,v1:172.21.15.53:6789/0] conn(0x7ff7780ff720 0x7ff7780ffb30 unknown :-1 s=CLOSED pgs=80 cs=0 l=1 rev1=1 crypto rx=0 tx=0 comp rx=0 tx=0).stop
