2023-07-14T19:17:17.128+0000 7fdf65ffb700 1 -- 172.21.15.53:0/1562492459 <== mon.0 v2:172.21.15.53:3300/0 1 ==== mon_map magic: 0 v1 ==== 205+0+0 (secure 0 0 0) 0x7fdf5c003a40 con 0x7fdf68104410
2023-07-14T19:17:17.903 INFO:teuthology.orchestra.run.smithi053.stdout:/usr/bin/ceph: stderr
2023-07-14T19:17:17.128+0000 7fdf65ffb700 1 -- 172.21.15.53:0/1562492459 <== mon.0 v2:172.21.15.53:3300/0 2 ==== config(26 keys) v1 ==== 1074+0+0 (secure 0 0 0) 0x7fdf5c003ba0 con 0x7fdf68104410
2023-07-14T19:17:17.903 INFO:teuthology.orchestra.run.smithi053.stdout:/usr/bin/ceph: stderr
2023-07-14T19:17:17.128+0000 7fdf6eccf700 1 -- 172.21.15.53:0/1562492459 --> [v2:172.21.15.53:3300/0,v1:172.21.15.53:6789/0] -- mon_subscribe({mgrmap=0+}) v3 -- 0x7fdf6819c100 con 0x7fdf68104410
2023-07-14T19:17:17.904 INFO:teuthology.orchestra.run.smithi053.stdout:/usr/bin/ceph: stderr
2023-07-14T19:17:17.128+0000 7fdf65ffb700 1 -- 172.21.15.53:0/1562492459 <== mon.0 v2:172.21.15.53:3300/0 3 ==== mon_map magic: 0 v1 ==== 205+0+0 (secure 0 0 0) 0x7fdf5c01a6e0 con 0x7fdf68104410
2023-07-14T19:17:17.904 INFO:teuthology.orchestra.run.smithi053.stdout:/usr/bin/ceph: stderr
2023-07-14T19:17:17.128+0000 7fdf6eccf700 1 -- 172.21.15.53:0/1562492459 --> [v2:172.21.15.53:3300/0,v1:172.21.15.53:6789/0] -- mon_subscribe({osdmap=0}) v3 -- 0x7fdf6819c520 con 0x7fdf68104410
2023-07-14T19:17:17.904 INFO:teuthology.orchestra.run.smithi053.stdout:/usr/bin/ceph: stderr
2023-07-14T19:17:17.129+0000 7fdf65ffb700 1 -- 172.21.15.53:0/1562492459 <== mon.0 v2:172.21.15.53:3300/0 4 ==== mgrmap(e 7) v1 ==== 45377+0+0 (secure 0 0 0) 0x7fdf5c01a950 con 0x7fdf68104410
2023-07-14T19:17:17.904 INFO:teuthology.orchestra.run.smithi053.stdout:/usr/bin/ceph: stderr
2023-07-14T19:17:17.130+0000 7fdf6eccf700 1 -- 172.21.15.53:0/1562492459 --> [v2:172.21.15.53:3300/0,v1:172.21.15.53:6789/0] -- mon_command({"prefix": "get_command_descriptions"} v 0) v1 -- 0x7fdf68061c70 con 0x7fdf68104410
2023-07-14T19:17:17.905 INFO:teuthology.orchestra.run.smithi053.stdout:/usr/bin/ceph: stderr
2023-07-14T19:17:17.130+0000 7fdf65ffb700 1 --2- 172.21.15.53:0/1562492459 >> [v2:172.21.15.53:6800/2149831,v1:172.21.15.53:6801/2149831] conn(0x7fdf580385e0 0x7fdf5803aa90 unknown :-1 s=NONE pgs=0 cs=0 l=1 rev1=0 crypto rx=0 tx=0 comp rx=0 tx=0).connect
2023-07-14T19:17:17.905 INFO:teuthology.orchestra.run.smithi053.stdout:/usr/bin/ceph: stderr
2023-07-14T19:17:17.130+0000 7fdf65ffb700 1 -- 172.21.15.53:0/1562492459 <== mon.0 v2:172.21.15.53:3300/0 5 ==== osd_map(2..2 src has 1..2) v4 ==== 940+0+0 (secure 0 0 0) 0x7fdf5c04c7d0 con 0x7fdf68104410
2023-07-14T19:17:17.905 INFO:teuthology.orchestra.run.smithi053.stdout:/usr/bin/ceph: stderr
2023-07-14T19:17:17.130+0000 7fdf67fff700 1 --2- 172.21.15.53:0/1562492459 >> [v2:172.21.15.53:6800/2149831,v1:172.21.15.53:6801/2149831] conn(0x7fdf580385e0 0x7fdf5803aa90 unknown :-1 s=BANNER_CONNECTING pgs=0 cs=0 l=1 rev1=0 crypto rx=0 tx=0 comp rx=0 tx=0)._handle_peer_banner_payload supported=3 required=0
2023-07-14T19:17:17.906 INFO:teuthology.orchestra.run.smithi053.stdout:/usr/bin/ceph: stderr
2023-07-14T19:17:17.130+0000 7fdf67fff700 1 --2- 172.21.15.53:0/1562492459 >> [v2:172.21.15.53:6800/2149831,v1:172.21.15.53:6801/2149831] conn(0x7fdf580385e0 0x7fdf5803aa90 secure :-1 s=READY pgs=7 cs=0 l=1 rev1=1 crypto rx=0x7fdf54006fd0 tx=0x7fdf54006e40 comp rx=0 tx=0).ready entity=mgr.14120 client_cookie=0 server_cookie=0 in_seq=0 out_seq=0
2023-07-14T19:17:17.906 INFO:teuthology.orchestra.run.smithi053.stdout:/usr/bin/ceph: stderr
2023-07-14T19:17:17.135+0000 7fdf65ffb700 1 -- 172.21.15.53:0/1562492459 <== mon.0 v2:172.21.15.53:3300/0 6 ==== mon_command_ack([{"prefix": "get_command_descriptions"}]=0 v0) v1 ==== 72+0+178025 (secure 0 0 0) 0x7fdf5c018db0 con 0x7fdf68104410
2023-07-14T19:17:17.906 INFO:teuthology.orchestra.run.smithi053.stdout:/usr/bin/ceph: stderr
2023-07-14T19:17:17.521+0000 7fdf6eccf700 1 -- 172.21.15.53:0/1562492459 --> [v2:172.21.15.53:6800/2149831,v1:172.21.15.53:6801/2149831] -- mgr_command(tid 0: {"prefix": "orch set backend", "module_name": "cephadm", "target": ["mon-mgr", ""]}) v1 -- 0x7fdf68101de0 con 0x7fdf580385e0
2023-07-14T19:17:17.907 INFO:teuthology.orchestra.run.smithi053.stdout:/usr/bin/ceph: stderr
2023-07-14T19:17:17.527+0000 7fdf65ffb700 1 -- 172.21.15.53:0/1562492459 <== mgr.14120 v2:172.21.15.53:6800/2149831 1 ==== mgr_command_reply(tid 0: 0 ) v1 ==== 8+0+0 (secure 0 0 0) 0x7fdf68101de0 con 0x7fdf580385e0
2023-07-14T19:17:17.907 INFO:teuthology.orchestra.run.smithi053.stdout:/usr/bin/ceph: stderr
2023-07-14T19:17:17.529+0000 7fdf6eccf700 1 -- 172.21.15.53:0/1562492459 >> [v2:172.21.15.53:6800/2149831,v1:172.21.15.53:6801/2149831] conn(0x7fdf580385e0 msgr2=0x7fdf5803aa90 secure :-1 s=STATE_CONNECTION_ESTABLISHED l=1).mark_down
2023-07-14T19:17:17.907 INFO:teuthology.orchestra.run.smithi053.stdout:/usr/bin/ceph: stderr
2023-07-14T19:17:17.529+0000 7fdf6eccf700 1 --2- 172.21.15.53:0/1562492459 >> [v2:172.21.15.53:6800/2149831,v1:172.21.15.53:6801/2149831] conn(0x7fdf580385e0 0x7fdf5803aa90 secure :-1 s=READY pgs=7 cs=0 l=1 rev1=1 crypto rx=0x7fdf54006fd0 tx=0x7fdf54006e40 comp rx=0 tx=0).stop
2023-07-14T19:17:17.907 INFO:teuthology.orchestra.run.smithi053.stdout:/usr/bin/ceph: stderr
2023-07-14T19:17:17.529+0000 7fdf6eccf700 1 -- 172.21.15.53:0/1562492459 >> [v2:172.21.15.53:3300/0,v1:172.21.15.53:6789/0] conn(0x7fdf68104410 msgr2=0x7fdf68079af0 secure :-1 s=STATE_CONNECTION_ESTABLISHED l=1).mark_down
2023-07-14T19:17:17.908 INFO:teuthology.orchestra.run.smithi053.stdout:/usr/bin/ceph: stderr
2023-07-14T19:17:17.529+0000 7fdf6eccf700 1 --2- 172.21.15.53:0/1562492459 >> [v2:172.21.15.53:3300/0,v1:172.21.15.53:6789/0] conn(0x7fdf68104410 0x7fdf68079af0 secure :-1 s=READY pgs=38 cs=0 l=1 rev1=1 crypto rx=0x7fdf5c006af0 tx=0x7fdf5c011ad0 comp rx=0 tx=0).stop
2023-07-14T19:17:17.908 INFO:teuthology.orchestra.run.smithi053.stdout:/usr/bin/ceph: stderr
2023-07-14T19:17:17.529+0000 7fdf6eccf700 1 -- 172.21.15.53:0/1562492459 shutdown_connections
2023-07-14T19:17:17.908 INFO:teuthology.orchestra.run.smithi053.stdout:/usr/bin/ceph: stderr
2023-07-14T19:17:17.529+0000 7fdf6eccf700 1 --2- 172.21.15.53:0/1562492459 >> [v2:172.21.15.53:6800/2149831,v1:172.21.15.53:6801/2149831] conn(0x7fdf580385e0 0x7fdf5803aa90 unknown :-1 s=CLOSED pgs=7 cs=0 l=1 rev1=1 crypto rx=0 tx=0 comp rx=0 tx=0).stop
2023-07-14T19:17:17.908 INFO:teuthology.orchestra.run.smithi053.stdout:/usr/bin/ceph: stderr
2023-07-14T19:17:17.529+0000 7fdf6eccf700 1 --2- 172.21.15.53:0/1562492459 >> [v2:172.21.15.53:3300/0,v1:172.21.15.53:6789/0] conn(0x7fdf68104410 0x7fdf68079af0 unknown :-1 s=CLOSED pgs=38 cs=0 l=1 rev1=1 crypto rx=0 tx=0 comp rx=0 tx=0).stop
2023-07-14T19:17:17.908 INFO:teuthology.orchestra.run.smithi053.stdout:/usr/bin/ceph: stderr
2023-07-14T19:17:17.529+0000 7fdf6eccf700 1 -- 172.21.15.53:0/1562492459 >> 172.21.15.53:0/1562492459 conn(0x7fdf680ffac0 msgr2=0x7fdf681011c0 unknown :-1 s=STATE_NONE l=0).mark_down
2023-07-14T19:17:17.908 INFO:teuthology.orchestra.run.smithi053.stdout:/usr/bin/ceph: stderr
2023-07-14T19:17:17.529+0000 7fdf6eccf700 1 -- 172.21.15.53:0/1562492459 shutdown_connections
2023-07-14T19:17:17.909 INFO:teuthology.orchestra.run.smithi053.stdout:/usr/bin/ceph: stderr
2023-07-14T19:17:17.529+0000 7fdf6eccf700 1 -- 172.21.15.53:0/1562492459 wait complete.
2023-07-14T19:17:18.822 INFO:journalctl@ceph.mon.a.smithi053.stdout:Jul 14 19:17:18 smithi053 ceph-mon[96565]: from='client.14132 -' entity='client.admin' cmd=[{"prefix": "orch set backend", "module_name": "cephadm", "target": ["mon-mgr", ""]}]: dispatch
2023-07-14T19:17:18.822 INFO:journalctl@ceph.mon.a.smithi053.stdout:Jul 14 19:17:18 smithi053 ceph-mon[96565]: from='mgr.14120 172.21.15.53:0/3128988526' entity='mgr.x'
2023-07-14T19:17:18.822 INFO:journalctl@ceph.mon.a.smithi053.stdout:Jul 14 19:17:18 smithi053 ceph-mon[96565]: from='mgr.14120 172.21.15.53:0/3128988526' entity='mgr.x' cmd=[{"prefix": "config dump", "format": "json"}]: dispatch
2023-07-14T19:17:18.823 INFO:journalctl@ceph.mon.a.smithi053.stdout:Jul 14 19:17:18 smithi053 ceph-mon[96565]: mgrmap e8: x(active, since 2s)
2023-07-14T19:17:19.140 INFO:teuthology.orchestra.run.smithi053.stdout:/usr/bin/ceph: stdout value unchanged
2023-07-14T19:17:19.140 INFO:teuthology.orchestra.run.smithi053.stdout:/usr/bin/ceph: stderr
2023-07-14T19:17:18.344+0000 7f73f5f6c700 1 Processor -- start
2023-07-14T19:17:19.140 INFO:teuthology.orchestra.run.smithi053.stdout:/usr/bin/ceph: stderr
2023-07-14T19:17:18.344+0000 7f73f5f6c700 1 -- start start
2023-07-14T19:17:19.141 INFO:teuthology.orchestra.run.smithi053.stdout:/usr/bin/ceph: stderr
2023-07-14T19:17:18.344+0000 7f73f5f6c700 1 --2- >> [v2:172.21.15.53:3300/0,v1:172.21.15.53:6789/0] conn(0x7f73f0104420 0x7f73f0104830 unknown :-1 s=NONE pgs=0 cs=0 l=0 rev1=0 crypto rx=0 tx=0 comp rx=0 tx=0).connect
2023-07-14T19:17:19.141 INFO:teuthology.orchestra.run.smithi053.stdout:/usr/bin/ceph: stderr
2023-07-14T19:17:18.344+0000 7f73f5f6c700 1 -- --> [v2:172.21.15.53:3300/0,v1:172.21.15.53:6789/0] -- mon_getmap magic: 0 v1 -- 0x7f73f0104d70 con 0x7f73f0104420
2023-07-14T19:17:19.141 INFO:teuthology.orchestra.run.smithi053.stdout:/usr/bin/ceph: stderr
2023-07-14T19:17:18.344+0000 7f73ef7fe700 1 --2- >> [v2:172.21.15.53:3300/0,v1:172.21.15.53:6789/0] conn(0x7f73f0104420 0x7f73f0104830 unknown :-1 s=BANNER_CONNECTING pgs=0 cs=0 l=0 rev1=0 crypto rx=0 tx=0 comp rx=0 tx=0)._handle_peer_banner_payload supported=3 required=0
2023-07-14T19:17:19.141 INFO:teuthology.orchestra.run.smithi053.stdout:/usr/bin/ceph: stderr
2023-07-14T19:17:18.344+0000 7f73ef7fe700 1 --2- >> [v2:172.21.15.53:3300/0,v1:172.21.15.53:6789/0] conn(0x7f73f0104420 0x7f73f0104830 unknown :-1 s=HELLO_CONNECTING pgs=0 cs=0 l=0 rev1=1 crypto rx=0 tx=0 comp rx=0 tx=0).handle_hello peer v2:172.21.15.53:3300/0 says I am v2:172.21.15.53:49026/0 (socket says 172.21.15.53:49026)
2023-07-14T19:17:19.141 INFO:teuthology.orchestra.run.smithi053.stdout:/usr/bin/ceph: stderr
2023-07-14T19:17:18.344+0000 7f73ef7fe700 1 -- 172.21.15.53:0/102331091 learned_addr learned my addr 172.21.15.53:0/102331091 (peer_addr_for_me v2:172.21.15.53:0/0)
2023-07-14T19:17:19.141 INFO:teuthology.orchestra.run.smithi053.stdout:/usr/bin/ceph: stderr
2023-07-14T19:17:18.344+0000 7f73ef7fe700 1 -- 172.21.15.53:0/102331091 --> [v2:172.21.15.53:3300/0,v1:172.21.15.53:6789/0] -- mon_subscribe({config=0+,monmap=0+}) v3 -- 0x7f73f0104eb0 con 0x7f73f0104420
2023-07-14T19:17:19.141 INFO:teuthology.orchestra.run.smithi053.stdout:/usr/bin/ceph: stderr
2023-07-14T19:17:18.345+0000 7f73ef7fe700 1 --2- 172.21.15.53:0/102331091 >> [v2:172.21.15.53:3300/0,v1:172.21.15.53:6789/0] conn(0x7f73f0104420 0x7f73f0104830 secure :-1 s=READY pgs=39 cs=0 l=1 rev1=1 crypto rx=0x7f73e000bb40 tx=0x7f73e000be50 comp rx=0 tx=0).ready entity=mon.0 client_cookie=770f5f78c84e4659 server_cookie=0 in_seq=0 out_seq=0
2023-07-14T19:17:19.141 INFO:teuthology.orchestra.run.smithi053.stdout:/usr/bin/ceph: stderr
2023-07-14T19:17:18.345+0000 7f73ee7fc700 1 -- 172.21.15.53:0/102331091 <== mon.0 v2:172.21.15.53:3300/0 1 ==== mon_map magic: 0 v1 ==== 205+0+0 (secure 0 0 0) 0x7f73e000dbe0 con 0x7f73f0104420
2023-07-14T19:17:19.142 INFO:teuthology.orchestra.run.smithi053.stdout:/usr/bin/ceph: stderr
2023-07-14T19:17:18.345+0000 7f73ee7fc700 1 -- 172.21.15.53:0/102331091 <== mon.0 v2:172.21.15.53:3300/0 2 ==== config(26 keys) v1 ==== 1074+0+0 (secure 0 0 0) 0x7f73e00044d0 con 0x7f73f0104420
2023-07-14T19:17:19.142 INFO:teuthology.orchestra.run.smithi053.stdout:/usr/bin/ceph: stderr
2023-07-14T19:17:18.345+0000 7f73ee7fc700 1 -- 172.21.15.53:0/102331091 <== mon.0 v2:172.21.15.53:3300/0 3 ==== mon_map magic: 0 v1 ==== 205+0+0 (secure 0 0 0) 0x7f73e0010470 con 0x7f73f0104420
2023-07-14T19:17:19.142 INFO:teuthology.orchestra.run.smithi053.stdout:/usr/bin/ceph: stderr
2023-07-14T19:17:18.345+0000 7f73f5f6c700 1 -- 172.21.15.53:0/102331091 >> [v2:172.21.15.53:3300/0,v1:172.21.15.53:6789/0] conn(0x7f73f0104420 msgr2=0x7f73f0104830 secure :-1 s=STATE_CONNECTION_ESTABLISHED l=1).mark_down
2023-07-14T19:17:19.142 INFO:teuthology.orchestra.run.smithi053.stdout:/usr/bin/ceph: stderr
2023-07-14T19:17:18.345+0000 7f73f5f6c700 1 --2- 172.21.15.53:0/102331091 >> [v2:172.21.15.53:3300/0,v1:172.21.15.53:6789/0] conn(0x7f73f0104420 0x7f73f0104830 secure :-1 s=READY pgs=39 cs=0 l=1 rev1=1 crypto rx=0x7f73e000bb40 tx=0x7f73e000be50 comp rx=0 tx=0).stop
2023-07-14T19:17:19.142 INFO:teuthology.orchestra.run.smithi053.stdout:/usr/bin/ceph: stderr
2023-07-14T19:17:18.345+0000 7f73f5f6c700 1 -- 172.21.15.53:0/102331091 shutdown_connections
2023-07-14T19:17:19.142 INFO:teuthology.orchestra.run.smithi053.stdout:/usr/bin/ceph: stderr
2023-07-14T19:17:18.345+0000 7f73f5f6c700 1 --2- 172.21.15.53:0/102331091 >> [v2:172.21.15.53:3300/0,v1:172.21.15.53:6789/0] conn(0x7f73f0104420 0x7f73f0104830 unknown :-1 s=CLOSED pgs=39 cs=0 l=1 rev1=1 crypto rx=0 tx=0 comp rx=0 tx=0).stop
2023-07-14T19:17:19.142 INFO:teuthology.orchestra.run.smithi053.stdout:/usr/bin/ceph: stderr
2023-07-14T19:17:18.345+0000 7f73f5f6c700 1 -- 172.21.15.53:0/102331091 >> 172.21.15.53:0/102331091 conn(0x7f73f00ffab0 msgr2=0x7f73f0101ec0 unknown :-1 s=STATE_NONE l=0).mark_down
2023-07-14T19:17:19.143 INFO:teuthology.orchestra.run.smithi053.stdout:/usr/bin/ceph: stderr
2023-07-14T19:17:18.345+0000 7f73f5f6c700 1 -- 172.21.15.53:0/102331091 shutdown_connections
2023-07-14T19:17:19.143 INFO:teuthology.orchestra.run.smithi053.stdout:/usr/bin/ceph: stderr
2023-07-14T19:17:18.346+0000 7f73f5f6c700 1 -- 172.21.15.53:0/102331091 wait complete.
2023-07-14T19:17:19.143 INFO:teuthology.orchestra.run.smithi053.stdout:/usr/bin/ceph: stderr
2023-07-14T19:17:18.346+0000 7f73f5f6c700 1 Processor -- start
2023-07-14T19:17:19.143 INFO:teuthology.orchestra.run.smithi053.stdout:/usr/bin/ceph: stderr
2023-07-14T19:17:18.346+0000 7f73f5f6c700 1 -- start start
2023-07-14T19:17:19.143 INFO:teuthology.orchestra.run.smithi053.stdout:/usr/bin/ceph: stderr
2023-07-14T19:17:18.346+0000 7f73f5f6c700 1 --2- >> [v2:172.21.15.53:3300/0,v1:172.21.15.53:6789/0] conn(0x7f73f0104420 0x7f73f019b4a0 unknown :-1 s=NONE pgs=0 cs=0 l=1 rev1=0 crypto rx=0 tx=0 comp rx=0 tx=0).connect
2023-07-14T19:17:19.143 INFO:teuthology.orchestra.run.smithi053.stdout:/usr/bin/ceph: stderr
2023-07-14T19:17:18.347+0000 7f73f5f6c700 1 -- --> [v2:172.21.15.53:3300/0,v1:172.21.15.53:6789/0] -- mon_getmap magic: 0 v1 -- 0x7f73f019b9e0 con 0x7f73f0104420
2023-07-14T19:17:19.143 INFO:teuthology.orchestra.run.smithi053.stdout:/usr/bin/ceph: stderr
2023-07-14T19:17:18.347+0000 7f73ef7fe700 1 --2- >> [v2:172.21.15.53:3300/0,v1:172.21.15.53:6789/0] conn(0x7f73f0104420 0x7f73f019b4a0 unknown :-1 s=BANNER_CONNECTING pgs=0 cs=0 l=1 rev1=0 crypto rx=0 tx=0 comp rx=0 tx=0)._handle_peer_banner_payload supported=3 required=0
2023-07-14T19:17:19.143 INFO:teuthology.orchestra.run.smithi053.stdout:/usr/bin/ceph: stderr
2023-07-14T19:17:18.347+0000 7f73ef7fe700 1 --2- >> [v2:172.21.15.53:3300/0,v1:172.21.15.53:6789/0] conn(0x7f73f0104420 0x7f73f019b4a0 unknown :-1 s=HELLO_CONNECTING pgs=0 cs=0 l=1 rev1=1 crypto rx=0 tx=0 comp rx=0 tx=0).handle_hello peer v2:172.21.15.53:3300/0 says I am v2:172.21.15.53:49028/0 (socket says 172.21.15.53:49028)
2023-07-14T19:17:19.144 INFO:teuthology.orchestra.run.smithi053.stdout:/usr/bin/ceph: stderr
2023-07-14T19:17:18.347+0000 7f73ef7fe700 1 -- 172.21.15.53:0/1018795501 learned_addr learned my addr 172.21.15.53:0/1018795501 (peer_addr_for_me v2:172.21.15.53:0/0)
2023-07-14T19:17:19.144 INFO:teuthology.orchestra.run.smithi053.stdout:/usr/bin/ceph: stderr
2023-07-14T19:17:18.347+0000 7f73ef7fe700 1 -- 172.21.15.53:0/1018795501 --> [v2:172.21.15.53:3300/0,v1:172.21.15.53:6789/0] -- mon_subscribe({config=0+,monmap=0+}) v3 -- 0x7f73e000b7f0 con 0x7f73f0104420
2023-07-14T19:17:19.144 INFO:teuthology.orchestra.run.smithi053.stdout:/usr/bin/ceph: stderr
2023-07-14T19:17:18.347+0000 7f73ef7fe700 1 --2- 172.21.15.53:0/1018795501 >> [v2:172.21.15.53:3300/0,v1:172.21.15.53:6789/0] conn(0x7f73f0104420 0x7f73f019b4a0 secure :-1 s=READY pgs=40 cs=0 l=1 rev1=1 crypto rx=0x7f73e000b340 tx=0x7f73e0003df0 comp rx=0 tx=0).ready entity=mon.0 client_cookie=0 server_cookie=0 in_seq=0 out_seq=0
2023-07-14T19:17:19.144 INFO:teuthology.orchestra.run.smithi053.stdout:/usr/bin/ceph: stderr
2023-07-14T19:17:18.347+0000 7f73ecff9700 1 -- 172.21.15.53:0/1018795501 <== mon.0 v2:172.21.15.53:3300/0 1 ==== mon_map magic: 0 v1 ==== 205+0+0 (secure 0 0 0) 0x7f73e0004340 con 0x7f73f0104420
2023-07-14T19:17:19.144 INFO:teuthology.orchestra.run.smithi053.stdout:/usr/bin/ceph: stderr
2023-07-14T19:17:18.347+0000 7f73ecff9700 1 -- 172.21.15.53:0/1018795501 <== mon.0 v2:172.21.15.53:3300/0 2 ==== config(26 keys) v1 ==== 1074+0+0 (secure 0 0 0) 0x7f73e0010bd0 con 0x7f73f0104420
2023-07-14T19:17:19.144 INFO:teuthology.orchestra.run.smithi053.stdout:/usr/bin/ceph: stderr
2023-07-14T19:17:18.347+0000 7f73f5f6c700 1 -- 172.21.15.53:0/1018795501 --> [v2:172.21.15.53:3300/0,v1:172.21.15.53:6789/0] -- mon_subscribe({mgrmap=0+}) v3 -- 0x7f73f019bbe0 con 0x7f73f0104420
2023-07-14T19:17:19.144 INFO:teuthology.orchestra.run.smithi053.stdout:/usr/bin/ceph: stderr
2023-07-14T19:17:18.347+0000 7f73ecff9700 1 -- 172.21.15.53:0/1018795501 <== mon.0 v2:172.21.15.53:3300/0 3 ==== mon_map magic: 0 v1 ==== 205+0+0 (secure 0 0 0) 0x7f73e0021c60 con 0x7f73f0104420
2023-07-14T19:17:19.145 INFO:teuthology.orchestra.run.smithi053.stdout:/usr/bin/ceph: stderr
2023-07-14T19:17:18.347+0000 7f73f5f6c700 1 -- 172.21.15.53:0/1018795501 --> [v2:172.21.15.53:3300/0,v1:172.21.15.53:6789/0] -- mon_subscribe({osdmap=0}) v3 -- 0x7f73f019bfa0 con 0x7f73f0104420
2023-07-14T19:17:19.145 INFO:teuthology.orchestra.run.smithi053.stdout:/usr/bin/ceph: stderr
2023-07-14T19:17:18.348+0000 7f73ecff9700 1 -- 172.21.15.53:0/1018795501 <== mon.0 v2:172.21.15.53:3300/0 4 ==== mgrmap(e 8) v1 ==== 45483+0+0 (secure 0 0 0) 0x7f73e00193f0 con 0x7f73f0104420
2023-07-14T19:17:19.145 INFO:teuthology.orchestra.run.smithi053.stdout:/usr/bin/ceph: stderr
2023-07-14T19:17:18.348+0000 7f73ecff9700 1 --2- 172.21.15.53:0/1018795501 >> [v2:172.21.15.53:6800/2149831,v1:172.21.15.53:6801/2149831] conn(0x7f73d8038710 0x7f73d803abc0 unknown :-1 s=NONE pgs=0 cs=0 l=1 rev1=0 crypto rx=0 tx=0 comp rx=0 tx=0).connect
2023-07-14T19:17:19.145 INFO:teuthology.orchestra.run.smithi053.stdout:/usr/bin/ceph: stderr
2023-07-14T19:17:18.348+0000 7f73ecff9700 1 -- 172.21.15.53:0/1018795501 <== mon.0 v2:172.21.15.53:3300/0 5 ==== osd_map(2..2 src has 1..2) v4 ==== 940+0+0 (secure 0 0 0) 0x7f73e004cb30 con 0x7f73f0104420
2023-07-14T19:17:19.145 INFO:teuthology.orchestra.run.smithi053.stdout:/usr/bin/ceph: stderr
2023-07-14T19:17:18.348+0000 7f73f5f6c700 1 -- 172.21.15.53:0/1018795501 --> [v2:172.21.15.53:3300/0,v1:172.21.15.53:6789/0] -- mon_command({"prefix": "get_command_descriptions"} v 0) v1 -- 0x7f73f0190d50 con 0x7f73f0104420
2023-07-14T19:17:19.145 INFO:teuthology.orchestra.run.smithi053.stdout:/usr/bin/ceph: stderr
2023-07-14T19:17:18.348+0000 7f73eeffd700 1 --2- 172.21.15.53:0/1018795501 >> [v2:172.21.15.53:6800/2149831,v1:172.21.15.53:6801/2149831] conn(0x7f73d8038710 0x7f73d803abc0 unknown :-1 s=BANNER_CONNECTING pgs=0 cs=0 l=1 rev1=0 crypto rx=0 tx=0 comp rx=0 tx=0)._handle_peer_banner_payload supported=3 required=0
2023-07-14T19:17:19.146 INFO:teuthology.orchestra.run.smithi053.stdout:/usr/bin/ceph: stderr
2023-07-14T19:17:18.349+0000 7f73eeffd700 1 --2- 172.21.15.53:0/1018795501 >> [v2:172.21.15.53:6800/2149831,v1:172.21.15.53:6801/2149831] conn(0x7f73d8038710 0x7f73d803abc0 secure :-1 s=READY pgs=8 cs=0 l=1 rev1=1 crypto rx=0x7f73e4006fd0 tx=0x7f73e4006e40 comp rx=0 tx=0).ready entity=mgr.14120 client_cookie=0 server_cookie=0 in_seq=0 out_seq=0
2023-07-14T19:17:19.146 INFO:teuthology.orchestra.run.smithi053.stdout:/usr/bin/ceph: stderr
2023-07-14T19:17:18.353+0000 7f73ecff9700 1 -- 172.21.15.53:0/1018795501 <== mon.0 v2:172.21.15.53:3300/0 6 ==== mon_command_ack([{"prefix": "get_command_descriptions"}]=0 v0) v1 ==== 72+0+178025 (secure 0 0 0) 0x7f73e000e950 con 0x7f73f0104420
2023-07-14T19:17:19.146 INFO:teuthology.orchestra.run.smithi053.stdout:/usr/bin/ceph: stderr
2023-07-14T19:17:18.711+0000 7f73f5f6c700 1 -- 172.21.15.53:0/1018795501 --> [v2:172.21.15.53:6800/2149831,v1:172.21.15.53:6801/2149831] -- mgr_command(tid 0: {"prefix": "cephadm set-user", "user": "root", "target": ["mon-mgr", ""]}) v1 -- 0x7f73f0106450 con 0x7f73d8038710
2023-07-14T19:17:19.146 INFO:teuthology.orchestra.run.smithi053.stdout:/usr/bin/ceph: stderr
2023-07-14T19:17:18.712+0000 7f73ecff9700 1 -- 172.21.15.53:0/1018795501 <== mgr.14120 v2:172.21.15.53:6800/2149831 1 ==== mgr_command_reply(tid 0: 0 ) v1 ==== 8+0+16 (secure 0 0 0) 0x7f73f0106450 con 0x7f73d8038710
2023-07-14T19:17:19.146 INFO:teuthology.orchestra.run.smithi053.stdout:/usr/bin/ceph: stderr
2023-07-14T19:17:18.714+0000 7f73f5f6c700 1 -- 172.21.15.53:0/1018795501 >> [v2:172.21.15.53:6800/2149831,v1:172.21.15.53:6801/2149831] conn(0x7f73d8038710 msgr2=0x7f73d803abc0 secure :-1 s=STATE_CONNECTION_ESTABLISHED l=1).mark_down
2023-07-14T19:17:19.146 INFO:teuthology.orchestra.run.smithi053.stdout:/usr/bin/ceph: stderr
2023-07-14T19:17:18.714+0000 7f73f5f6c700 1 --2- 172.21.15.53:0/1018795501 >> [v2:172.21.15.53:6800/2149831,v1:172.21.15.53:6801/2149831] conn(0x7f73d8038710 0x7f73d803abc0 secure :-1 s=READY pgs=8 cs=0 l=1 rev1=1 crypto rx=0x7f73e4006fd0 tx=0x7f73e4006e40 comp rx=0 tx=0).stop
2023-07-14T19:17:19.147 INFO:teuthology.orchestra.run.smithi053.stdout:/usr/bin/ceph: stderr
2023-07-14T19:17:18.714+0000 7f73f5f6c700 1 -- 172.21.15.53:0/1018795501 >> [v2:172.21.15.53:3300/0,v1:172.21.15.53:6789/0] conn(0x7f73f0104420 msgr2=0x7f73f019b4a0 secure :-1 s=STATE_CONNECTION_ESTABLISHED l=1).mark_down
2023-07-14T19:17:19.147 INFO:teuthology.orchestra.run.smithi053.stdout:/usr/bin/ceph: stderr
2023-07-14T19:17:18.714+0000 7f73f5f6c700 1 --2- 172.21.15.53:0/1018795501 >> [v2:172.21.15.53:3300/0,v1:172.21.15.53:6789/0] conn(0x7f73f0104420 0x7f73f019b4a0 secure :-1 s=READY pgs=40 cs=0 l=1 rev1=1 crypto rx=0x7f73e000b340 tx=0x7f73e0003df0 comp rx=0 tx=0).stop
2023-07-14T19:17:19.147 INFO:teuthology.orchestra.run.smithi053.stdout:/usr/bin/ceph: stderr
2023-07-14T19:17:18.715+0000 7f73f5f6c700 1 -- 172.21.15.53:0/1018795501 shutdown_connections
2023-07-14T19:17:19.147 INFO:teuthology.orchestra.run.smithi053.stdout:/usr/bin/ceph: stderr
2023-07-14T19:17:18.715+0000 7f73f5f6c700 1 --2- 172.21.15.53:0/1018795501 >> [v2:172.21.15.53:6800/2149831,v1:172.21.15.53:6801/2149831] conn(0x7f73d8038710 0x7f73d803abc0 unknown :-1 s=CLOSED pgs=8 cs=0 l=1 rev1=1 crypto rx=0 tx=0 comp rx=0 tx=0).stop
2023-07-14T19:17:19.147 INFO:teuthology.orchestra.run.smithi053.stdout:/usr/bin/ceph: stderr
2023-07-14T19:17:18.715+0000 7f73f5f6c700 1 --2- 172.21.15.53:0/1018795501 >> [v2:172.21.15.53:3300/0,v1:172.21.15.53:6789/0] conn(0x7f73f0104420 0x7f73f019b4a0 unknown :-1 s=CLOSED pgs=40 cs=0 l=1 rev1=1 crypto rx=0 tx=0 comp rx=0 tx=0).stop
2023-07-14T19:17:19.147 INFO:teuthology.orchestra.run.smithi053.stdout:/usr/bin/ceph: stderr
2023-07-14T19:17:18.715+0000 7f73f5f6c700 1 -- 172.21.15.53:0/1018795501 >> 172.21.15.53:0/1018795501 conn(0x7f73f00ffab0 msgr2=0x7f73f018de90 unknown :-1 s=STATE_NONE l=0).mark_down
2023-07-14T19:17:19.147 INFO:teuthology.orchestra.run.smithi053.stdout:/usr/bin/ceph: stderr
2023-07-14T19:17:18.715+0000 7f73f5f6c700 1 -- 172.21.15.53:0/1018795501 shutdown_connections
2023-07-14T19:17:19.148 INFO:teuthology.orchestra.run.smithi053.stdout:/usr/bin/ceph: stderr
2023-07-14T19:17:18.715+0000 7f73f5f6c700 1 -- 172.21.15.53:0/1018795501 wait complete.
2023-07-14T19:17:19.148 INFO:teuthology.orchestra.run.smithi053.stdout:Generating ssh key...
2023-07-14T19:17:19.822 INFO:journalctl@ceph.mon.a.smithi053.stdout:Jul 14 19:17:19 smithi053 ceph-mon[96565]: from='client.14134 -' entity='client.admin' cmd=[{"prefix": "cephadm set-user", "user": "root", "target": ["mon-mgr", ""]}]: dispatch
2023-07-14T19:17:20.572 INFO:journalctl@ceph.mgr.x.smithi053.stdout:Jul 14 19:17:20 smithi053 ceph-c5147628-227a-11ee-9b33-001a4aab830c-mgr-x[96810]: Generating public/private rsa key pair.
2023-07-14T19:17:20.572 INFO:journalctl@ceph.mgr.x.smithi053.stdout:Jul 14 19:17:20 smithi053 ceph-c5147628-227a-11ee-9b33-001a4aab830c-mgr-x[96810]: Your identification has been saved in /tmp/tmp3vkoc0fo/key.
2023-07-14T19:17:20.572 INFO:journalctl@ceph.mgr.x.smithi053.stdout:Jul 14 19:17:20 smithi053 ceph-c5147628-227a-11ee-9b33-001a4aab830c-mgr-x[96810]: Your public key has been saved in /tmp/tmp3vkoc0fo/key.pub.
2023-07-14T19:17:20.573 INFO:journalctl@ceph.mgr.x.smithi053.stdout:Jul 14 19:17:20 smithi053 ceph-c5147628-227a-11ee-9b33-001a4aab830c-mgr-x[96810]: The key fingerprint is:
2023-07-14T19:17:20.573 INFO:journalctl@ceph.mgr.x.smithi053.stdout:Jul 14 19:17:20 smithi053 ceph-c5147628-227a-11ee-9b33-001a4aab830c-mgr-x[96810]: SHA256:+vGw77MTyySkkcEHJTOr39EIyuKvs/PZLowZqqsq9AI ceph-c5147628-227a-11ee-9b33-001a4aab830c
2023-07-14T19:17:20.573 INFO:journalctl@ceph.mgr.x.smithi053.stdout:Jul 14 19:17:20 smithi053 ceph-c5147628-227a-11ee-9b33-001a4aab830c-mgr-x[96810]: The key's randomart image is:
2023-07-14T19:17:20.573 INFO:journalctl@ceph.mgr.x.smithi053.stdout:Jul 14 19:17:20 smithi053 ceph-c5147628-227a-11ee-9b33-001a4aab830c-mgr-x[96810]: +---[RSA 3072]----+
2023-07-14T19:17:20.573 INFO:journalctl@ceph.mgr.x.smithi053.stdout:Jul 14 19:17:20 smithi053 ceph-c5147628-227a-11ee-9b33-001a4aab830c-mgr-x[96810]: | .=o. |
2023-07-14T19:17:20.573 INFO:journalctl@ceph.mgr.x.smithi053.stdout:Jul 14 19:17:20 smithi053 ceph-c5147628-227a-11ee-9b33-001a4aab830c-mgr-x[96810]: | o=. |
2023-07-14T19:17:20.573 INFO:journalctl@ceph.mgr.x.smithi053.stdout:Jul 14 19:17:20 smithi053 ceph-c5147628-227a-11ee-9b33-001a4aab830c-mgr-x[96810]: | o+ |
2023-07-14T19:17:20.574 INFO:journalctl@ceph.mgr.x.smithi053.stdout:Jul 14 19:17:20 smithi053 ceph-c5147628-227a-11ee-9b33-001a4aab830c-mgr-x[96810]: | . oo..o |
2023-07-14T19:17:20.574 INFO:journalctl@ceph.mgr.x.smithi053.stdout:Jul 14 19:17:20 smithi053 ceph-c5147628-227a-11ee-9b33-001a4aab830c-mgr-x[96810]: | . + +S . |
2023-07-14T19:17:20.574 INFO:journalctl@ceph.mgr.x.smithi053.stdout:Jul 14 19:17:20 smithi053 ceph-c5147628-227a-11ee-9b33-001a4aab830c-mgr-x[96810]: |Eo.. ..o..o |
2023-07-14T19:17:20.574 INFO:journalctl@ceph.mgr.x.smithi053.stdout:Jul 14 19:17:20 smithi053 ceph-c5147628-227a-11ee-9b33-001a4aab830c-mgr-x[96810]: |o.o= o ++ o |
2023-07-14T19:17:20.574 INFO:journalctl@ceph.mgr.x.smithi053.stdout:Jul 14 19:17:20 smithi053 ceph-c5147628-227a-11ee-9b33-001a4aab830c-mgr-x[96810]: |o.=ooo . == |
2023-07-14T19:17:20.574 INFO:journalctl@ceph.mgr.x.smithi053.stdout:Jul 14 19:17:20 smithi053 ceph-c5147628-227a-11ee-9b33-001a4aab830c-mgr-x[96810]: |X.+*+oo oo=+ |
2023-07-14T19:17:20.574 INFO:journalctl@ceph.mgr.x.smithi053.stdout:Jul 14 19:17:20 smithi053 ceph-c5147628-227a-11ee-9b33-001a4aab830c-mgr-x[96810]: +----[SHA256]-----+
2023-07-14T19:17:20.589 INFO:teuthology.orchestra.run.smithi053.stdout:/usr/bin/ceph: stderr
2023-07-14T19:17:19.611+0000 7fcc52ae6700 1 Processor -- start
2023-07-14T19:17:20.590 INFO:teuthology.orchestra.run.smithi053.stdout:/usr/bin/ceph: stderr
2023-07-14T19:17:19.611+0000 7fcc52ae6700 1 -- start start
2023-07-14T19:17:20.590 INFO:teuthology.orchestra.run.smithi053.stdout:/usr/bin/ceph: stderr
2023-07-14T19:17:19.611+0000 7fcc52ae6700 1 --2- >> [v2:172.21.15.53:3300/0,v1:172.21.15.53:6789/0] conn(0x7fcc4c104420 0x7fcc4c104830 unknown :-1 s=NONE pgs=0 cs=0 l=0 rev1=0 crypto rx=0 tx=0 comp rx=0 tx=0).connect
2023-07-14T19:17:20.590 INFO:teuthology.orchestra.run.smithi053.stdout:/usr/bin/ceph: stderr
2023-07-14T19:17:19.611+0000 7fcc52ae6700 1 -- --> [v2:172.21.15.53:3300/0,v1:172.21.15.53:6789/0] -- mon_getmap magic: 0 v1 -- 0x7fcc4c104d70 con 0x7fcc4c104420
2023-07-14T19:17:20.590 INFO:teuthology.orchestra.run.smithi053.stdout:/usr/bin/ceph: stderr
2023-07-14T19:17:19.611+0000 7fcc50882700 1 --2- >> [v2:172.21.15.53:3300/0,v1:172.21.15.53:6789/0] conn(0x7fcc4c104420 0x7fcc4c104830 unknown :-1 s=BANNER_CONNECTING pgs=0 cs=0 l=0 rev1=0 crypto rx=0 tx=0 comp rx=0 tx=0)._handle_peer_banner_payload supported=3 required=0
2023-07-14T19:17:20.591 INFO:teuthology.orchestra.run.smithi053.stdout:/usr/bin/ceph: stderr
2023-07-14T19:17:19.611+0000 7fcc50882700 1 --2- >> [v2:172.21.15.53:3300/0,v1:172.21.15.53:6789/0] conn(0x7fcc4c104420 0x7fcc4c104830 unknown :-1 s=HELLO_CONNECTING pgs=0 cs=0 l=0 rev1=1 crypto rx=0 tx=0 comp rx=0 tx=0).handle_hello peer v2:172.21.15.53:3300/0 says I am v2:172.21.15.53:49032/0 (socket says 172.21.15.53:49032)
2023-07-14T19:17:20.591 INFO:teuthology.orchestra.run.smithi053.stdout:/usr/bin/ceph: stderr
2023-07-14T19:17:19.611+0000 7fcc50882700 1 -- 172.21.15.53:0/2484177449 learned_addr learned my addr 172.21.15.53:0/2484177449 (peer_addr_for_me v2:172.21.15.53:0/0)
2023-07-14T19:17:20.591 INFO:teuthology.orchestra.run.smithi053.stdout:/usr/bin/ceph: stderr
2023-07-14T19:17:19.611+0000 7fcc50882700 1 -- 172.21.15.53:0/2484177449 --> [v2:172.21.15.53:3300/0,v1:172.21.15.53:6789/0] -- mon_subscribe({config=0+,monmap=0+}) v3 -- 0x7fcc4c104eb0 con 0x7fcc4c104420
2023-07-14T19:17:20.592 INFO:teuthology.orchestra.run.smithi053.stdout:/usr/bin/ceph: stderr
2023-07-14T19:17:19.611+0000 7fcc50882700 1 --2- 172.21.15.53:0/2484177449 >> [v2:172.21.15.53:3300/0,v1:172.21.15.53:6789/0] conn(0x7fcc4c104420 0x7fcc4c104830 secure :-1 s=READY pgs=41 cs=0 l=1 rev1=1 crypto rx=0x7fcc4000bb40 tx=0x7fcc4000be50 comp rx=0 tx=0).ready entity=mon.0 client_cookie=f6948b494a3aaed0 server_cookie=0 in_seq=0 out_seq=0
2023-07-14T19:17:20.592 INFO:teuthology.orchestra.run.smithi053.stdout:/usr/bin/ceph: stderr
2023-07-14T19:17:19.612+0000 7fcc4b7fe700 1 -- 172.21.15.53:0/2484177449 <== mon.0 v2:172.21.15.53:3300/0 1 ==== mon_map magic: 0 v1 ==== 205+0+0 (secure 0 0 0) 0x7fcc4000dbe0 con 0x7fcc4c104420
2023-07-14T19:17:20.592 INFO:teuthology.orchestra.run.smithi053.stdout:/usr/bin/ceph: stderr
2023-07-14T19:17:19.612+0000 7fcc4b7fe700 1 -- 172.21.15.53:0/2484177449 <== mon.0 v2:172.21.15.53:3300/0 2 ==== config(26 keys) v1 ==== 1074+0+0 (secure 0 0 0) 0x7fcc400044d0 con 0x7fcc4c104420
2023-07-14T19:17:20.593 INFO:teuthology.orchestra.run.smithi053.stdout:/usr/bin/ceph: stderr
2023-07-14T19:17:19.612+0000 7fcc4b7fe700 1 -- 172.21.15.53:0/2484177449 <== mon.0 v2:172.21.15.53:3300/0 3 ==== mon_map magic: 0 v1 ==== 205+0+0 (secure 0 0 0) 0x7fcc40010470 con 0x7fcc4c104420
2023-07-14T19:17:20.593 INFO:teuthology.orchestra.run.smithi053.stdout:/usr/bin/ceph: stderr
2023-07-14T19:17:19.612+0000 7fcc52ae6700 1 -- 172.21.15.53:0/2484177449 >> [v2:172.21.15.53:3300/0,v1:172.21.15.53:6789/0] conn(0x7fcc4c104420 msgr2=0x7fcc4c104830 secure :-1 s=STATE_CONNECTION_ESTABLISHED l=1).mark_down
2023-07-14T19:17:20.593 INFO:teuthology.orchestra.run.smithi053.stdout:/usr/bin/ceph: stderr
2023-07-14T19:17:19.612+0000 7fcc52ae6700 1 --2- 172.21.15.53:0/2484177449 >> [v2:172.21.15.53:3300/0,v1:172.21.15.53:6789/0] conn(0x7fcc4c104420 0x7fcc4c104830 secure :-1 s=READY pgs=41 cs=0 l=1 rev1=1 crypto rx=0x7fcc4000bb40 tx=0x7fcc4000be50 comp rx=0 tx=0).stop
2023-07-14T19:17:20.594 INFO:teuthology.orchestra.run.smithi053.stdout:/usr/bin/ceph: stderr
2023-07-14T19:17:19.612+0000 7fcc52ae6700 1 -- 172.21.15.53:0/2484177449 shutdown_connections
2023-07-14T19:17:20.594 INFO:teuthology.orchestra.run.smithi053.stdout:/usr/bin/ceph: stderr
2023-07-14T19:17:19.612+0000 7fcc52ae6700 1 --2- 172.21.15.53:0/2484177449 >> [v2:172.21.15.53:3300/0,v1:172.21.15.53:6789/0] conn(0x7fcc4c104420 0x7fcc4c104830 unknown :-1 s=CLOSED pgs=41 cs=0 l=1 rev1=1 crypto rx=0 tx=0 comp rx=0 tx=0).stop
2023-07-14T19:17:20.594 INFO:teuthology.orchestra.run.smithi053.stdout:/usr/bin/ceph: stderr
2023-07-14T19:17:19.612+0000 7fcc52ae6700 1 -- 172.21.15.53:0/2484177449 >> 172.21.15.53:0/2484177449 conn(0x7fcc4c0ffa90 msgr2=0x7fcc4c101ea0 unknown :-1 s=STATE_NONE l=0).mark_down
2023-07-14T19:17:20.594 INFO:teuthology.orchestra.run.smithi053.stdout:/usr/bin/ceph: stderr
2023-07-14T19:17:19.612+0000 7fcc52ae6700 1 -- 172.21.15.53:0/2484177449 shutdown_connections
2023-07-14T19:17:20.594 INFO:teuthology.orchestra.run.smithi053.stdout:/usr/bin/ceph: stderr
2023-07-14T19:17:19.612+0000 7fcc52ae6700 1 -- 172.21.15.53:0/2484177449 wait complete.
2023-07-14T19:17:20.595 INFO:teuthology.orchestra.run.smithi053.stdout:/usr/bin/ceph: stderr
2023-07-14T19:17:19.613+0000 7fcc52ae6700 1 Processor -- start
2023-07-14T19:17:20.595 INFO:teuthology.orchestra.run.smithi053.stdout:/usr/bin/ceph: stderr
2023-07-14T19:17:19.613+0000 7fcc52ae6700 1 -- start start
2023-07-14T19:17:20.595 INFO:teuthology.orchestra.run.smithi053.stdout:/usr/bin/ceph: stderr
2023-07-14T19:17:19.613+0000 7fcc52ae6700 1 --2- >> [v2:172.21.15.53:3300/0,v1:172.21.15.53:6789/0] conn(0x7fcc4c104420 0x7fcc4c19b4a0 unknown :-1 s=NONE pgs=0 cs=0 l=1 rev1=0 crypto rx=0 tx=0 comp rx=0 tx=0).connect
2023-07-14T19:17:20.595 INFO:teuthology.orchestra.run.smithi053.stdout:/usr/bin/ceph: stderr
2023-07-14T19:17:19.613+0000 7fcc52ae6700 1 -- --> [v2:172.21.15.53:3300/0,v1:172.21.15.53:6789/0] -- mon_getmap magic: 0 v1 -- 0x7fcc4c19b9e0 con 0x7fcc4c104420
2023-07-14T19:17:20.596 INFO:teuthology.orchestra.run.smithi053.stdout:/usr/bin/ceph: stderr
2023-07-14T19:17:19.613+0000 7fcc50882700 1 --2- >> [v2:172.21.15.53:3300/0,v1:172.21.15.53:6789/0] conn(0x7fcc4c104420 0x7fcc4c19b4a0 unknown :-1 s=BANNER_CONNECTING pgs=0 cs=0 l=1 rev1=0 crypto rx=0 tx=0 comp rx=0 tx=0)._handle_peer_banner_payload supported=3 required=0
2023-07-14T19:17:20.596 INFO:teuthology.orchestra.run.smithi053.stdout:/usr/bin/ceph: stderr
2023-07-14T19:17:19.613+0000 7fcc50882700 1 --2- >> [v2:172.21.15.53:3300/0,v1:172.21.15.53:6789/0] conn(0x7fcc4c104420 0x7fcc4c19b4a0 unknown :-1 s=HELLO_CONNECTING pgs=0 cs=0 l=1 rev1=1 crypto rx=0 tx=0 comp rx=0 tx=0).handle_hello peer v2:172.21.15.53:3300/0 says I am v2:172.21.15.53:49034/0 (socket says 172.21.15.53:49034)
2023-07-14T19:17:20.596 INFO:teuthology.orchestra.run.smithi053.stdout:/usr/bin/ceph: stderr
2023-07-14T19:17:19.613+0000 7fcc50882700 1 -- 172.21.15.53:0/2181777319 learned_addr learned my addr 172.21.15.53:0/2181777319 (peer_addr_for_me v2:172.21.15.53:0/0)
2023-07-14T19:17:20.596 INFO:teuthology.orchestra.run.smithi053.stdout:/usr/bin/ceph: stderr
2023-07-14T19:17:19.613+0000 7fcc50882700 1 -- 172.21.15.53:0/2181777319 --> [v2:172.21.15.53:3300/0,v1:172.21.15.53:6789/0] -- mon_subscribe({config=0+,monmap=0+}) v3 -- 0x7fcc4000b7f0 con 0x7fcc4c104420
2023-07-14T19:17:20.597 INFO:teuthology.orchestra.run.smithi053.stdout:/usr/bin/ceph: stderr
2023-07-14T19:17:19.614+0000 7fcc50882700 1 --2- 172.21.15.53:0/2181777319 >> [v2:172.21.15.53:3300/0,v1:172.21.15.53:6789/0] conn(0x7fcc4c104420 0x7fcc4c19b4a0 secure :-1 s=READY pgs=42 cs=0 l=1 rev1=1 crypto rx=0x7fcc40003a80 tx=0x7fcc40003df0 comp rx=0 tx=0).ready entity=mon.0 client_cookie=0 server_cookie=0 in_seq=0 out_seq=0
2023-07-14T19:17:20.597 INFO:teuthology.orchestra.run.smithi053.stdout:/usr/bin/ceph: stderr
2023-07-14T19:17:19.614+0000 7fcc49ffb700 1 -- 172.21.15.53:0/2181777319 <== mon.0 v2:172.21.15.53:3300/0 1 ==== mon_map magic: 0 v1 ==== 205+0+0 (secure 0 0 0) 0x7fcc400106e0 con 0x7fcc4c104420
2023-07-14T19:17:20.597 INFO:teuthology.orchestra.run.smithi053.stdout:/usr/bin/ceph: stderr
2023-07-14T19:17:19.614+0000 7fcc49ffb700 1 -- 172.21.15.53:0/2181777319 <== mon.0 v2:172.21.15.53:3300/0 2 ==== config(26 keys) v1 ==== 1074+0+0 (secure 0 0 0) 0x7fcc40010ce0 con 0x7fcc4c104420
2023-07-14T19:17:20.597 INFO:teuthology.orchestra.run.smithi053.stdout:/usr/bin/ceph: stderr
2023-07-14T19:17:19.614+0000 7fcc49ffb700 1 -- 172.21.15.53:0/2181777319 <== mon.0 v2:172.21.15.53:3300/0 3 ==== mon_map magic: 0 v1 ==== 205+0+0 (secure 0 0 0) 0x7fcc40021c60 con 0x7fcc4c104420
2023-07-14T19:17:20.598 INFO:teuthology.orchestra.run.smithi053.stdout:/usr/bin/ceph: stderr
2023-07-14T19:17:19.614+0000 7fcc52ae6700 1 -- 172.21.15.53:0/2181777319 --> [v2:172.21.15.53:3300/0,v1:172.21.15.53:6789/0] -- mon_subscribe({mgrmap=0+}) v3 -- 0x7fcc4c19bbe0 con 0x7fcc4c104420
2023-07-14T19:17:20.598 INFO:teuthology.orchestra.run.smithi053.stdout:/usr/bin/ceph: stderr
2023-07-14T19:17:19.614+0000 7fcc52ae6700 1 -- 172.21.15.53:0/2181777319 --> [v2:172.21.15.53:3300/0,v1:172.21.15.53:6789/0] -- mon_subscribe({osdmap=0}) v3 -- 0x7fcc4c19bfa0 con 0x7fcc4c104420
2023-07-14T19:17:20.598 INFO:teuthology.orchestra.run.smithi053.stdout:/usr/bin/ceph: stderr
2023-07-14T19:17:19.615+0000 7fcc49ffb700 1 -- 172.21.15.53:0/2181777319 <== mon.0 v2:172.21.15.53:3300/0 4 ==== mgrmap(e 8) v1 ==== 45483+0+0 (secure 0 0 0) 0x7fcc40021410 con 0x7fcc4c104420
2023-07-14T19:17:20.598 INFO:teuthology.orchestra.run.smithi053.stdout:/usr/bin/ceph: stderr
2023-07-14T19:17:19.615+0000 7fcc49ffb700 1 --2- 172.21.15.53:0/2181777319 >> [v2:172.21.15.53:6800/2149831,v1:172.21.15.53:6801/2149831] conn(0x7fcc3c038760 0x7fcc3c03ac10 unknown :-1 s=NONE pgs=0 cs=0 l=1 rev1=0 crypto rx=0 tx=0 comp rx=0 tx=0).connect
2023-07-14T19:17:20.598 INFO:teuthology.orchestra.run.smithi053.stdout:/usr/bin/ceph: stderr
2023-07-14T19:17:19.615+0000 7fcc52ae6700 1 -- 172.21.15.53:0/2181777319 --> [v2:172.21.15.53:3300/0,v1:172.21.15.53:6789/0] -- mon_command({"prefix": "get_command_descriptions"} v 0) v1 -- 0x7fcc4c190d50 con 0x7fcc4c104420
2023-07-14T19:17:20.598 INFO:teuthology.orchestra.run.smithi053.stdout:/usr/bin/ceph: stderr
2023-07-14T19:17:19.615+0000 7fcc49ffb700 1 -- 172.21.15.53:0/2181777319 <== mon.0 v2:172.21.15.53:3300/0 5 ==== osd_map(2..2 src has 1..2) v4 ==== 940+0+0 (secure 0 0 0) 0x7fcc4004ca00 con 0x7fcc4c104420
2023-07-14T19:17:20.598 INFO:teuthology.orchestra.run.smithi053.stdout:/usr/bin/ceph: stderr
2023-07-14T19:17:19.615+0000 7fcc4bfff700 1 --2- 172.21.15.53:0/2181777319 >> [v2:172.21.15.53:6800/2149831,v1:172.21.15.53:6801/2149831] conn(0x7fcc3c038760 0x7fcc3c03ac10 unknown :-1 s=BANNER_CONNECTING pgs=0 cs=0 l=1 rev1=0 crypto rx=0 tx=0 comp rx=0 tx=0)._handle_peer_banner_payload supported=3 required=0
2023-07-14T19:17:20.599 INFO:teuthology.orchestra.run.smithi053.stdout:/usr/bin/ceph: stderr
2023-07-14T19:17:19.616+0000 7fcc4bfff700 1 --2- 172.21.15.53:0/2181777319 >> [v2:172.21.15.53:6800/2149831,v1:172.21.15.53:6801/2149831] conn(0x7fcc3c038760 0x7fcc3c03ac10 secure :-1 s=READY pgs=9 cs=0 l=1 rev1=1 crypto rx=0x7fcc38006fd0 tx=0x7fcc38006e40 comp rx=0 tx=0).ready entity=mgr.14120 client_cookie=0 server_cookie=0 in_seq=0 out_seq=0
2023-07-14T19:17:20.599 INFO:teuthology.orchestra.run.smithi053.stdout:/usr/bin/ceph: stderr
2023-07-14T19:17:19.620+0000 7fcc49ffb700 1 -- 172.21.15.53:0/2181777319 <== mon.0 v2:172.21.15.53:3300/0 6 ==== mon_command_ack([{"prefix": "get_command_descriptions"}]=0 v0) v1 ==== 72+0+178025 (secure 0 0 0) 0x7fcc4000f5b0 con 0x7fcc4c104420
2023-07-14T19:17:20.599 INFO:teuthology.orchestra.run.smithi053.stdout:/usr/bin/ceph: stderr
2023-07-14T19:17:19.977+0000 7fcc52ae6700 1 -- 172.21.15.53:0/2181777319 --> [v2:172.21.15.53:6800/2149831,v1:172.21.15.53:6801/2149831] -- mgr_command(tid 0: {"prefix": "cephadm generate-key", "target": ["mon-mgr", ""]}) v1 -- 0x7fcc4c060a80 con 0x7fcc3c038760
2023-07-14T19:17:20.599 INFO:teuthology.orchestra.run.smithi053.stdout:/usr/bin/ceph: stderr
2023-07-14T19:17:20.241+0000 7fcc49ffb700 1 -- 172.21.15.53:0/2181777319 <== mgr.14120 v2:172.21.15.53:6800/2149831 1 ==== mgr_command_reply(tid 0: 0 ) v1 ==== 8+0+0 (secure 0 0 0) 0x7fcc4c060a80 con 0x7fcc3c038760
2023-07-14T19:17:20.599 INFO:teuthology.orchestra.run.smithi053.stdout:/usr/bin/ceph: stderr
2023-07-14T19:17:20.243+0000 7fcc52ae6700 1 -- 172.21.15.53:0/2181777319 >> [v2:172.21.15.53:6800/2149831,v1:172.21.15.53:6801/2149831] conn(0x7fcc3c038760 msgr2=0x7fcc3c03ac10 secure :-1 s=STATE_CONNECTION_ESTABLISHED l=1).mark_down
2023-07-14T19:17:20.599 INFO:teuthology.orchestra.run.smithi053.stdout:/usr/bin/ceph: stderr
2023-07-14T19:17:20.243+0000 7fcc52ae6700 1 --2- 172.21.15.53:0/2181777319 >> [v2:172.21.15.53:6800/2149831,v1:172.21.15.53:6801/2149831] conn(0x7fcc3c038760 0x7fcc3c03ac10 secure :-1 s=READY pgs=9 cs=0 l=1 rev1=1 crypto rx=0x7fcc38006fd0 tx=0x7fcc38006e40 comp rx=0 tx=0).stop
2023-07-14T19:17:20.599 INFO:teuthology.orchestra.run.smithi053.stdout:/usr/bin/ceph: stderr
2023-07-14T19:17:20.243+0000 7fcc52ae6700 1 -- 172.21.15.53:0/2181777319 >> [v2:172.21.15.53:3300/0,v1:172.21.15.53:6789/0] conn(0x7fcc4c104420 msgr2=0x7fcc4c19b4a0 secure :-1 s=STATE_CONNECTION_ESTABLISHED l=1).mark_down
2023-07-14T19:17:20.600 INFO:teuthology.orchestra.run.smithi053.stdout:/usr/bin/ceph: stderr
2023-07-14T19:17:20.243+0000 7fcc52ae6700 1 --2- 172.21.15.53:0/2181777319 >> [v2:172.21.15.53:3300/0,v1:172.21.15.53:6789/0] conn(0x7fcc4c104420 0x7fcc4c19b4a0 secure :-1 s=READY pgs=42 cs=0 l=1 rev1=1 crypto rx=0x7fcc40003a80 tx=0x7fcc40003df0 comp rx=0 tx=0).stop
2023-07-14T19:17:20.600 INFO:teuthology.orchestra.run.smithi053.stdout:/usr/bin/ceph: stderr
2023-07-14T19:17:20.243+0000 7fcc52ae6700 1 -- 172.21.15.53:0/2181777319 shutdown_connections
2023-07-14T19:17:20.600 INFO:teuthology.orchestra.run.smithi053.stdout:/usr/bin/ceph: stderr
2023-07-14T19:17:20.243+0000 7fcc52ae6700 1 --2- 172.21.15.53:0/2181777319 >> [v2:172.21.15.53:6800/2149831,v1:172.21.15.53:6801/2149831] conn(0x7fcc3c038760 0x7fcc3c03ac10 unknown :-1 s=CLOSED pgs=9 cs=0 l=1 rev1=1 crypto rx=0 tx=0 comp rx=0 tx=0).stop
2023-07-14T19:17:20.600 INFO:teuthology.orchestra.run.smithi053.stdout:/usr/bin/ceph: stderr
2023-07-14T19:17:20.243+0000 7fcc52ae6700 1 --2- 172.21.15.53:0/2181777319 >> [v2:172.21.15.53:3300/0,v1:172.21.15.53:6789/0] conn(0x7fcc4c104420 0x7fcc4c19b4a0 unknown :-1 s=CLOSED pgs=42 cs=0 l=1 rev1=1 crypto rx=0 tx=0 comp rx=0 tx=0).stop
2023-07-14T19:17:20.600 INFO:teuthology.orchestra.run.smithi053.stdout:/usr/bin/ceph: stderr
2023-07-14T19:17:20.243+0000 7fcc52ae6700 1 -- 172.21.15.53:0/2181777319 >> 172.21.15.53:0/2181777319 conn(0x7fcc4c0ffa90 msgr2=0x7fcc4c18de90 unknown :-1 s=STATE_NONE l=0).mark_down
2023-07-14T19:17:20.600 INFO:teuthology.orchestra.run.smithi053.stdout:/usr/bin/ceph: stderr
2023-07-14T19:17:20.244+0000 7fcc52ae6700 1 -- 172.21.15.53:0/2181777319 shutdown_connections
2023-07-14T19:17:20.600 INFO:teuthology.orchestra.run.smithi053.stdout:/usr/bin/ceph: stderr
2023-07-14T19:17:20.244+0000 7fcc52ae6700 1 -- 172.21.15.53:0/2181777319 wait complete.
2023-07-14T19:17:21.544 INFO:journalctl@ceph.mon.a.smithi053.stdout:Jul 14 19:17:21 smithi053 ceph-mon[96565]: from='client.14136 -' entity='client.admin' cmd=[{"prefix": "cephadm generate-key", "target": ["mon-mgr", ""]}]: dispatch
2023-07-14T19:17:21.545 INFO:journalctl@ceph.mon.a.smithi053.stdout:Jul 14 19:17:21 smithi053 ceph-mon[96565]: Generating ssh key...
2023-07-14T19:17:21.545 INFO:journalctl@ceph.mon.a.smithi053.stdout:Jul 14 19:17:21 smithi053 ceph-mon[96565]: from='mgr.14120 172.21.15.53:0/3128988526' entity='mgr.x'
2023-07-14T19:17:21.545 INFO:journalctl@ceph.mon.a.smithi053.stdout:Jul 14 19:17:21 smithi053 ceph-mon[96565]: from='mgr.14120 172.21.15.53:0/3128988526' entity='mgr.x'
2023-07-14T19:17:21.735 INFO:teuthology.orchestra.run.smithi053.stdout:/usr/bin/ceph: stdout ssh-rsa AAAAB3NzaC1yc2EAAAADAQABAAABgQChapZxBNZKdrzqvQpUT/4xiLDyvur3Bnvzfj8qJCG6gZVdrHaT6wbHXlGQxAX4f3bUzERuKe+yAS+uMKC4TOJP8JPh8kbbTJkQHczIEydEGXUsZe/H4kjrFsTD/pfS0KcRlwSAs1eLWZcJ3nAW+l2BPuaiGf1hTItTZ5T2DhDmYGFMEobg4xze24Fpoxes0PiZZFJ/jKsMku4G0kIqK6o8V4csVhf0SBDM5t+LHTD5jMBLlt/p0LCfQ9f39N6y0cwNVoF+ZGivCkASannUt6np/EFQBIS9Q08hd9zXQnstYsdeMUAOoq/XsQpaxDR+K9LCLfs8zPEAvKfgRGyfIPO3tOk75oPthF0wzYsHKfd4AQpw6xXiK1qLyAcnYTtl8Ri6In+k/EopYbWnd8S57ZhOWInYP7vBbrdsUP2yMPQKCCagkZSTQJ0HeGRMFsoBJjR8LKkCcRnCssiMO+AAMABcJjOxpqmJxoRn5dgS7oI+q1s8Z2CJ627jXhxpvkifeLs= ceph-c5147628-227a-11ee-9b33-001a4aab830c
2023-07-14T19:17:21.735 INFO:teuthology.orchestra.run.smithi053.stdout:/usr/bin/ceph: stderr
2023-07-14T19:17:21.029+0000 7f2f257e6700 1 Processor -- start
2023-07-14T19:17:21.735 INFO:teuthology.orchestra.run.smithi053.stdout:/usr/bin/ceph: stderr
2023-07-14T19:17:21.029+0000 7f2f257e6700 1 -- start start
2023-07-14T19:17:21.737 INFO:teuthology.orchestra.run.smithi053.stdout:/usr/bin/ceph: stderr
2023-07-14T19:17:21.029+0000 7f2f257e6700 1 --2- >> [v2:172.21.15.53:3300/0,v1:172.21.15.53:6789/0] conn(0x7f2f20079c40 0x7f2f2010a4d0 unknown :-1 s=NONE pgs=0 cs=0 l=0 rev1=0 crypto rx=0 tx=0 comp rx=0 tx=0).connect
2023-07-14T19:17:21.737 INFO:teuthology.orchestra.run.smithi053.stdout:/usr/bin/ceph: stderr
2023-07-14T19:17:21.029+0000 7f2f257e6700 1 -- --> [v2:172.21.15.53:3300/0,v1:172.21.15.53:6789/0] -- mon_getmap magic: 0 v1 -- 0x7f2f20105ec0 con 0x7f2f20079c40
2023-07-14T19:17:21.738 INFO:teuthology.orchestra.run.smithi053.stdout:/usr/bin/ceph: stderr
2023-07-14T19:17:21.030+0000 7f2f1effd700 1 --2- >> [v2:172.21.15.53:3300/0,v1:172.21.15.53:6789/0] conn(0x7f2f20079c40 0x7f2f2010a4d0 unknown :-1 s=BANNER_CONNECTING pgs=0 cs=0 l=0 rev1=0 crypto rx=0 tx=0 comp rx=0 tx=0)._handle_peer_banner_payload supported=3 required=0
2023-07-14T19:17:21.738 INFO:teuthology.orchestra.run.smithi053.stdout:/usr/bin/ceph: stderr
2023-07-14T19:17:21.030+0000 7f2f1effd700 1 --2- >> [v2:172.21.15.53:3300/0,v1:172.21.15.53:6789/0] conn(0x7f2f20079c40 0x7f2f2010a4d0 unknown :-1 s=HELLO_CONNECTING pgs=0 cs=0 l=0 rev1=1 crypto rx=0 tx=0 comp rx=0 tx=0).handle_hello peer v2:172.21.15.53:3300/0 says I am v2:172.21.15.53:49038/0 (socket says 172.21.15.53:49038)
2023-07-14T19:17:21.738 INFO:teuthology.orchestra.run.smithi053.stdout:/usr/bin/ceph: stderr
2023-07-14T19:17:21.030+0000 7f2f1effd700 1 -- 172.21.15.53:0/1329088294 learned_addr learned my addr 172.21.15.53:0/1329088294 (peer_addr_for_me v2:172.21.15.53:0/0)
2023-07-14T19:17:21.738 INFO:teuthology.orchestra.run.smithi053.stdout:/usr/bin/ceph: stderr
2023-07-14T19:17:21.030+0000 7f2f1effd700 1 -- 172.21.15.53:0/1329088294 --> [v2:172.21.15.53:3300/0,v1:172.21.15.53:6789/0] -- mon_subscribe({config=0+,monmap=0+}) v3 -- 0x7f2f2010aa10 con 0x7f2f20079c40
2023-07-14T19:17:21.738 INFO:teuthology.orchestra.run.smithi053.stdout:/usr/bin/ceph: stderr
2023-07-14T19:17:21.030+0000 7f2f1effd700 1 --2- 172.21.15.53:0/1329088294 >> [v2:172.21.15.53:3300/0,v1:172.21.15.53:6789/0] conn(0x7f2f20079c40 0x7f2f2010a4d0 secure :-1 s=READY pgs=43 cs=0 l=1 rev1=1 crypto rx=0x7f2f100098a0 tx=0x7f2f10009bb0 comp rx=0 tx=0).ready entity=mon.0 client_cookie=c6b5e5c4052b12f9 server_cookie=0 in_seq=0 out_seq=0
2023-07-14T19:17:21.738 INFO:teuthology.orchestra.run.smithi053.stdout:/usr/bin/ceph: stderr
2023-07-14T19:17:21.030+0000 7f2f1dffb700 1 -- 172.21.15.53:0/1329088294 <== mon.0 v2:172.21.15.53:3300/0 1 ==== mon_map magic: 0 v1 ==== 205+0+0 (secure 0 0 0) 0x7f2f10004160 con 0x7f2f20079c40
2023-07-14T19:17:21.738 INFO:teuthology.orchestra.run.smithi053.stdout:/usr/bin/ceph: stderr
2023-07-14T19:17:21.030+0000 7f2f1dffb700 1 -- 172.21.15.53:0/1329088294 <== mon.0 v2:172.21.15.53:3300/0 2 ==== config(26 keys) v1 ==== 1074+0+0 (secure 0 0 0) 0x7f2f100042c0 con 0x7f2f20079c40
2023-07-14T19:17:21.738 INFO:teuthology.orchestra.run.smithi053.stdout:/usr/bin/ceph: stderr
2023-07-14T19:17:21.030+0000 7f2f1dffb700 1 -- 172.21.15.53:0/1329088294 <== mon.0 v2:172.21.15.53:3300/0 3 ==== mon_map magic: 0 v1 ==== 205+0+0 (secure 0 0 0) 0x7f2f10011a00 con 0x7f2f20079c40
2023-07-14T19:17:21.739 INFO:teuthology.orchestra.run.smithi053.stdout:/usr/bin/ceph: stderr
2023-07-14T19:17:21.031+0000 7f2f257e6700 1 -- 172.21.15.53:0/1329088294 >> [v2:172.21.15.53:3300/0,v1:172.21.15.53:6789/0] conn(0x7f2f20079c40 msgr2=0x7f2f2010a4d0 secure :-1 s=STATE_CONNECTION_ESTABLISHED l=1).mark_down
2023-07-14T19:17:21.739 INFO:teuthology.orchestra.run.smithi053.stdout:/usr/bin/ceph: stderr
2023-07-14T19:17:21.031+0000 7f2f257e6700 1 --2- 172.21.15.53:0/1329088294 >> [v2:172.21.15.53:3300/0,v1:172.21.15.53:6789/0] conn(0x7f2f20079c40 0x7f2f2010a4d0 secure :-1 s=READY pgs=43 cs=0 l=1 rev1=1 crypto rx=0x7f2f100098a0 tx=0x7f2f10009bb0 comp rx=0 tx=0).stop
2023-07-14T19:17:21.739 INFO:teuthology.orchestra.run.smithi053.stdout:/usr/bin/ceph: stderr
2023-07-14T19:17:21.031+0000 7f2f257e6700 1 -- 172.21.15.53:0/1329088294 shutdown_connections
2023-07-14T19:17:21.739 INFO:teuthology.orchestra.run.smithi053.stdout:/usr/bin/ceph: stderr
2023-07-14T19:17:21.031+0000 7f2f257e6700 1 --2- 172.21.15.53:0/1329088294 >> [v2:172.21.15.53:3300/0,v1:172.21.15.53:6789/0] conn(0x7f2f20079c40 0x7f2f2010a4d0 unknown :-1 s=CLOSED pgs=43 cs=0 l=1 rev1=1 crypto rx=0 tx=0 comp rx=0 tx=0).stop
2023-07-14T19:17:21.739 INFO:teuthology.orchestra.run.smithi053.stdout:/usr/bin/ceph: stderr
2023-07-14T19:17:21.031+0000 7f2f257e6700 1 -- 172.21.15.53:0/1329088294 >> 172.21.15.53:0/1329088294 conn(0x7f2f200ffac0 msgr2=0x7f2f20101ed0 unknown :-1 s=STATE_NONE l=0).mark_down
2023-07-14T19:17:21.739 INFO:teuthology.orchestra.run.smithi053.stdout:/usr/bin/ceph: stderr
2023-07-14T19:17:21.031+0000 7f2f257e6700 1 -- 172.21.15.53:0/1329088294 shutdown_connections
2023-07-14T19:17:21.739 INFO:teuthology.orchestra.run.smithi053.stdout:/usr/bin/ceph: stderr
2023-07-14T19:17:21.031+0000 7f2f257e6700 1 -- 172.21.15.53:0/1329088294 wait complete.
2023-07-14T19:17:21.740 INFO:teuthology.orchestra.run.smithi053.stdout:/usr/bin/ceph: stderr
2023-07-14T19:17:21.032+0000 7f2f257e6700 1 Processor -- start
2023-07-14T19:17:21.740 INFO:teuthology.orchestra.run.smithi053.stdout:/usr/bin/ceph: stderr
2023-07-14T19:17:21.032+0000 7f2f257e6700 1 -- start start
2023-07-14T19:17:21.740 INFO:teuthology.orchestra.run.smithi053.stdout:/usr/bin/ceph: stderr
2023-07-14T19:17:21.032+0000 7f2f257e6700 1 --2- >> [v2:172.21.15.53:3300/0,v1:172.21.15.53:6789/0] conn(0x7f2f20079c40 0x7f2f2019b500 unknown :-1 s=NONE pgs=0 cs=0 l=1 rev1=0 crypto rx=0 tx=0 comp rx=0 tx=0).connect
2023-07-14T19:17:21.740 INFO:teuthology.orchestra.run.smithi053.stdout:/usr/bin/ceph: stderr
