2023-07-14T19:20:36.472+0000 7f2a02ffd700 1 --2- >> [v2:172.21.15.82:3300/0,v1:172.21.15.82:6789/0] conn(0x7f2a04105f00 0x7f2a04199100 unknown :-1 s=HELLO_CONNECTING pgs=0 cs=0 l=1 rev1=1 crypto rx=0 tx=0 comp rx=0 tx=0).handle_hello peer v2:172.21.15.82:3300/0 says I am v2:172.21.15.82:39486/0 (socket says 172.21.15.82:39486)
2023-07-14T19:20:37.170 INFO:teuthology.orchestra.run.smithi082.stdout:/usr/bin/ceph: stderr
2023-07-14T19:20:36.472+0000 7f2a02ffd700 1 -- 172.21.15.82:0/3648200618 learned_addr learned my addr 172.21.15.82:0/3648200618 (peer_addr_for_me v2:172.21.15.82:0/0)
2023-07-14T19:20:37.170 INFO:teuthology.orchestra.run.smithi082.stdout:/usr/bin/ceph: stderr
2023-07-14T19:20:36.472+0000 7f2a02ffd700 1 -- 172.21.15.82:0/3648200618 --> [v2:172.21.15.82:3300/0,v1:172.21.15.82:6789/0] -- mon_subscribe({config=0+,monmap=0+}) v3 -- 0x7f29f4009550 con 0x7f2a04105f00
2023-07-14T19:20:37.170 INFO:teuthology.orchestra.run.smithi082.stdout:/usr/bin/ceph: stderr
2023-07-14T19:20:36.473+0000 7f2a02ffd700 1 --2- 172.21.15.82:0/3648200618 >> [v2:172.21.15.82:3300/0,v1:172.21.15.82:6789/0] conn(0x7f2a04105f00 0x7f2a04199100 secure :-1 s=READY pgs=27 cs=0 l=1 rev1=1 crypto rx=0x7f29f4006af0 tx=0x7f29f4011ad0 comp rx=0 tx=0).ready entity=mon.0 client_cookie=0 server_cookie=0 in_seq=0 out_seq=0
2023-07-14T19:20:37.171 INFO:teuthology.orchestra.run.smithi082.stdout:/usr/bin/ceph: stderr
2023-07-14T19:20:36.473+0000 7f29ebfff700 1 -- 172.21.15.82:0/3648200618 <== mon.0 v2:172.21.15.82:3300/0 1 ==== mon_map magic: 0 v1 ==== 205+0+0 (secure 0 0 0) 0x7f29f4003a40 con 0x7f2a04105f00
2023-07-14T19:20:37.171 INFO:teuthology.orchestra.run.smithi082.stdout:/usr/bin/ceph: stderr
2023-07-14T19:20:36.473+0000 7f2a092f1700 1 -- 172.21.15.82:0/3648200618 --> [v2:172.21.15.82:3300/0,v1:172.21.15.82:6789/0] -- mon_subscribe({mgrmap=0+}) v3 -- 0x7f2a04199840 con 0x7f2a04105f00
2023-07-14T19:20:37.171 INFO:teuthology.orchestra.run.smithi082.stdout:/usr/bin/ceph: stderr
2023-07-14T19:20:36.473+0000 7f29ebfff700 1 -- 172.21.15.82:0/3648200618 <== mon.0 v2:172.21.15.82:3300/0 2 ==== config(26 keys) v1 ==== 1074+0+0 (secure 0 0 0) 0x7f29f4003ba0 con 0x7f2a04105f00
2023-07-14T19:20:37.171 INFO:teuthology.orchestra.run.smithi082.stdout:/usr/bin/ceph: stderr
2023-07-14T19:20:36.473+0000 7f29ebfff700 1 -- 172.21.15.82:0/3648200618 <== mon.0 v2:172.21.15.82:3300/0 3 ==== mon_map magic: 0 v1 ==== 205+0+0 (secure 0 0 0) 0x7f29f401a700 con 0x7f2a04105f00
2023-07-14T19:20:37.171 INFO:teuthology.orchestra.run.smithi082.stdout:/usr/bin/ceph: stderr
2023-07-14T19:20:36.474+0000 7f2a092f1700 1 -- 172.21.15.82:0/3648200618 --> [v2:172.21.15.82:3300/0,v1:172.21.15.82:6789/0] -- mon_subscribe({osdmap=0}) v3 -- 0x7f2a04199c60 con 0x7f2a04105f00
2023-07-14T19:20:37.171 INFO:teuthology.orchestra.run.smithi082.stdout:/usr/bin/ceph: stderr
2023-07-14T19:20:36.474+0000 7f29ebfff700 1 -- 172.21.15.82:0/3648200618 <== mon.0 v2:172.21.15.82:3300/0 4 ==== mgrmap(e 5) v1 ==== 45483+0+0 (secure 0 0 0) 0x7f29f4024ad0 con 0x7f2a04105f00
2023-07-14T19:20:37.171 INFO:teuthology.orchestra.run.smithi082.stdout:/usr/bin/ceph: stderr
2023-07-14T19:20:36.474+0000 7f2a092f1700 1 -- 172.21.15.82:0/3648200618 --> [v2:172.21.15.82:3300/0,v1:172.21.15.82:6789/0] -- mon_command({"prefix": "get_command_descriptions"} v 0) v1 -- 0x7f2a04061c70 con 0x7f2a04105f00
2023-07-14T19:20:37.172 INFO:teuthology.orchestra.run.smithi082.stdout:/usr/bin/ceph: stderr
2023-07-14T19:20:36.475+0000 7f29ebfff700 1 --2- 172.21.15.82:0/3648200618 >> [v2:172.21.15.82:6800/3383156270,v1:172.21.15.82:6801/3383156270] conn(0x7f29ec038710 0x7f29ec03abc0 unknown :-1 s=NONE pgs=0 cs=0 l=1 rev1=0 crypto rx=0 tx=0 comp rx=0 tx=0).connect
2023-07-14T19:20:37.172 INFO:teuthology.orchestra.run.smithi082.stdout:/usr/bin/ceph: stderr
2023-07-14T19:20:36.475+0000 7f29ebfff700 1 -- 172.21.15.82:0/3648200618 <== mon.0 v2:172.21.15.82:3300/0 5 ==== osd_map(1..1 src has 1..1) v4 ==== 725+0+0 (secure 0 0 0) 0x7f29f404c710 con 0x7f2a04105f00
2023-07-14T19:20:37.172 INFO:teuthology.orchestra.run.smithi082.stdout:/usr/bin/ceph: stderr
2023-07-14T19:20:36.475+0000 7f2a027fc700 1 -- 172.21.15.82:0/3648200618 >> [v2:172.21.15.82:6800/3383156270,v1:172.21.15.82:6801/3383156270] conn(0x7f29ec038710 msgr2=0x7f29ec03abc0 unknown :-1 s=STATE_CONNECTING_RE l=1).process reconnect failed to v2:172.21.15.82:6800/3383156270
2023-07-14T19:20:37.172 INFO:teuthology.orchestra.run.smithi082.stdout:/usr/bin/ceph: stderr
2023-07-14T19:20:36.475+0000 7f2a027fc700 1 --2- 172.21.15.82:0/3648200618 >> [v2:172.21.15.82:6800/3383156270,v1:172.21.15.82:6801/3383156270] conn(0x7f29ec038710 0x7f29ec03abc0 unknown :-1 s=START_CONNECT pgs=0 cs=0 l=1 rev1=0 crypto rx=0 tx=0 comp rx=0 tx=0)._fault waiting 0.200000
2023-07-14T19:20:37.172 INFO:teuthology.orchestra.run.smithi082.stdout:/usr/bin/ceph: stderr
2023-07-14T19:20:36.479+0000 7f29ebfff700 1 -- 172.21.15.82:0/3648200618 <== mon.0 v2:172.21.15.82:3300/0 6 ==== mon_command_ack([{"prefix": "get_command_descriptions"}]=0 v0) v1 ==== 72+0+178025 (secure 0 0 0) 0x7f29f4018d20 con 0x7f2a04105f00
2023-07-14T19:20:37.173 INFO:teuthology.orchestra.run.smithi082.stdout:/usr/bin/ceph: stderr
2023-07-14T19:20:36.676+0000 7f2a027fc700 1 -- 172.21.15.82:0/3648200618 >> [v2:172.21.15.82:6800/3383156270,v1:172.21.15.82:6801/3383156270] conn(0x7f29ec038710 msgr2=0x7f29ec03abc0 unknown :-1 s=STATE_CONNECTING_RE l=1).process reconnect failed to v2:172.21.15.82:6800/3383156270
2023-07-14T19:20:37.173 INFO:teuthology.orchestra.run.smithi082.stdout:/usr/bin/ceph: stderr
2023-07-14T19:20:36.676+0000 7f2a027fc700 1 --2- 172.21.15.82:0/3648200618 >> [v2:172.21.15.82:6800/3383156270,v1:172.21.15.82:6801/3383156270] conn(0x7f29ec038710 0x7f29ec03abc0 unknown :-1 s=START_CONNECT pgs=0 cs=0 l=1 rev1=0 crypto rx=0 tx=0 comp rx=0 tx=0)._fault waiting 0.400000
2023-07-14T19:20:37.173 INFO:teuthology.orchestra.run.smithi082.stdout:/usr/bin/ceph: stderr
2023-07-14T19:20:36.724+0000 7f2a092f1700 1 -- 172.21.15.82:0/3648200618 --> [v2:172.21.15.82:3300/0,v1:172.21.15.82:6789/0] -- mon_command({"prefix": "mgr stat"} v 0) v1 -- 0x7f2a0419cde0 con 0x7f2a04105f00
2023-07-14T19:20:37.173 INFO:teuthology.orchestra.run.smithi082.stdout:/usr/bin/ceph: stderr
2023-07-14T19:20:36.724+0000 7f29ebfff700 1 -- 172.21.15.82:0/3648200618 <== mon.0 v2:172.21.15.82:3300/0 7 ==== mon_command_ack([{"prefix": "mgr stat"}]=0 v5) v1 ==== 56+0+88 (secure 0 0 0) 0x7f29f4018b40 con 0x7f2a04105f00
2023-07-14T19:20:37.173 INFO:teuthology.orchestra.run.smithi082.stdout:/usr/bin/ceph: stderr
2023-07-14T19:20:36.726+0000 7f2a092f1700 1 -- 172.21.15.82:0/3648200618 >> [v2:172.21.15.82:6800/3383156270,v1:172.21.15.82:6801/3383156270] conn(0x7f29ec038710 msgr2=0x7f29ec03abc0 unknown :-1 s=STATE_CONNECTING l=1).mark_down
2023-07-14T19:20:37.173 INFO:teuthology.orchestra.run.smithi082.stdout:/usr/bin/ceph: stderr
2023-07-14T19:20:36.726+0000 7f2a092f1700 1 --2- 172.21.15.82:0/3648200618 >> [v2:172.21.15.82:6800/3383156270,v1:172.21.15.82:6801/3383156270] conn(0x7f29ec038710 0x7f29ec03abc0 unknown :-1 s=START_CONNECT pgs=0 cs=0 l=1 rev1=0 crypto rx=0 tx=0 comp rx=0 tx=0).stop
2023-07-14T19:20:37.173 INFO:teuthology.orchestra.run.smithi082.stdout:/usr/bin/ceph: stderr
2023-07-14T19:20:36.726+0000 7f2a092f1700 1 -- 172.21.15.82:0/3648200618 >> [v2:172.21.15.82:3300/0,v1:172.21.15.82:6789/0] conn(0x7f2a04105f00 msgr2=0x7f2a04199100 secure :-1 s=STATE_CONNECTION_ESTABLISHED l=1).mark_down
2023-07-14T19:20:37.173 INFO:teuthology.orchestra.run.smithi082.stdout:/usr/bin/ceph: stderr
2023-07-14T19:20:36.726+0000 7f2a092f1700 1 --2- 172.21.15.82:0/3648200618 >> [v2:172.21.15.82:3300/0,v1:172.21.15.82:6789/0] conn(0x7f2a04105f00 0x7f2a04199100 secure :-1 s=READY pgs=27 cs=0 l=1 rev1=1 crypto rx=0x7f29f4006af0 tx=0x7f29f4011ad0 comp rx=0 tx=0).stop
2023-07-14T19:20:37.174 INFO:teuthology.orchestra.run.smithi082.stdout:/usr/bin/ceph: stderr
2023-07-14T19:20:36.727+0000 7f2a092f1700 1 -- 172.21.15.82:0/3648200618 shutdown_connections
2023-07-14T19:20:37.176 INFO:teuthology.orchestra.run.smithi082.stdout:/usr/bin/ceph: stderr
2023-07-14T19:20:36.727+0000 7f2a092f1700 1 --2- 172.21.15.82:0/3648200618 >> [v2:172.21.15.82:6800/3383156270,v1:172.21.15.82:6801/3383156270] conn(0x7f29ec038710 0x7f29ec03abc0 unknown :-1 s=CLOSED pgs=0 cs=0 l=1 rev1=0 crypto rx=0 tx=0 comp rx=0 tx=0).stop
2023-07-14T19:20:37.176 INFO:teuthology.orchestra.run.smithi082.stdout:/usr/bin/ceph: stderr
2023-07-14T19:20:36.727+0000 7f2a092f1700 1 --2- 172.21.15.82:0/3648200618 >> [v2:172.21.15.82:3300/0,v1:172.21.15.82:6789/0] conn(0x7f2a04105f00 0x7f2a04199100 unknown :-1 s=CLOSED pgs=27 cs=0 l=1 rev1=1 crypto rx=0 tx=0 comp rx=0 tx=0).stop
2023-07-14T19:20:37.176 INFO:teuthology.orchestra.run.smithi082.stdout:/usr/bin/ceph: stderr
2023-07-14T19:20:36.727+0000 7f2a092f1700 1 -- 172.21.15.82:0/3648200618 >> 172.21.15.82:0/3648200618 conn(0x7f2a040ff9a0 msgr2=0x7f2a04100780 unknown :-1 s=STATE_NONE l=0).mark_down
2023-07-14T19:20:37.177 INFO:teuthology.orchestra.run.smithi082.stdout:/usr/bin/ceph: stderr
2023-07-14T19:20:36.727+0000 7f2a092f1700 1 -- 172.21.15.82:0/3648200618 shutdown_connections
2023-07-14T19:20:37.177 INFO:teuthology.orchestra.run.smithi082.stdout:/usr/bin/ceph: stderr
2023-07-14T19:20:36.727+0000 7f2a092f1700 1 -- 172.21.15.82:0/3648200618 wait complete.
2023-07-14T19:20:37.177 INFO:teuthology.orchestra.run.smithi082.stdout:Waiting for the mgr to restart...
2023-07-14T19:20:37.177 INFO:teuthology.orchestra.run.smithi082.stdout:Waiting for mgr epoch 5...
2023-07-14T19:20:37.214 INFO:journalctl@ceph.mgr.x.smithi082.stdout:Jul 14 19:20:36 smithi082 ceph-4f3eb35e-227b-11ee-9b33-001a4aab830c-mgr-x[127706]:
2023-07-14T19:20:36.884+0000 7f76d8f74200 -1 mgr[py] Module alerts has missing NOTIFY_TYPES member
2023-07-14T19:20:37.631 INFO:journalctl@ceph.mgr.x.smithi082.stdout:Jul 14 19:20:37 smithi082 ceph-4f3eb35e-227b-11ee-9b33-001a4aab830c-mgr-x[127706]:
2023-07-14T19:20:37.321+0000 7f76d8f74200 -1 mgr[py] Module progress has missing NOTIFY_TYPES member
2023-07-14T19:20:37.910 INFO:journalctl@ceph.mon.a.smithi082.stdout:Jul 14 19:20:37 smithi082 ceph-mon[127461]: from='client.? 172.21.15.82:0/3648200618' entity='client.admin' cmd=[{"prefix": "mgr stat"}]: dispatch
2023-07-14T19:20:38.214 INFO:journalctl@ceph.mgr.x.smithi082.stdout:Jul 14 19:20:37 smithi082 ceph-4f3eb35e-227b-11ee-9b33-001a4aab830c-mgr-x[127706]:
2023-07-14T19:20:37.908+0000 7f76d8f74200 -1 mgr[py] Module rook has missing NOTIFY_TYPES member
2023-07-14T19:20:38.215 INFO:journalctl@ceph.mgr.x.smithi082.stdout:Jul 14 19:20:38 smithi082 ceph-4f3eb35e-227b-11ee-9b33-001a4aab830c-mgr-x[127706]:
2023-07-14T19:20:38.075+0000 7f76d8f74200 -1 mgr[py] Module iostat has missing NOTIFY_TYPES member
2023-07-14T19:20:39.090 INFO:journalctl@ceph.mgr.x.smithi082.stdout:Jul 14 19:20:38 smithi082 ceph-4f3eb35e-227b-11ee-9b33-001a4aab830c-mgr-x[127706]:
2023-07-14T19:20:38.831+0000 7f76d8f74200 -1 mgr[py] Module test_orchestrator has missing NOTIFY_TYPES member
2023-07-14T19:20:39.090 INFO:journalctl@ceph.mgr.x.smithi082.stdout:Jul 14 19:20:38 smithi082 ceph-4f3eb35e-227b-11ee-9b33-001a4aab830c-mgr-x[127706]:
2023-07-14T19:20:38.920+0000 7f76d8f74200 -1 mgr[py] Module osd_perf_query has missing NOTIFY_TYPES member
2023-07-14T19:20:39.363 INFO:journalctl@ceph.mgr.x.smithi082.stdout:Jul 14 19:20:39 smithi082 ceph-4f3eb35e-227b-11ee-9b33-001a4aab830c-mgr-x[127706]:
2023-07-14T19:20:39.089+0000 7f76d8f74200 -1 mgr[py] Module orchestrator has missing NOTIFY_TYPES member
2023-07-14T19:20:39.714 INFO:journalctl@ceph.mgr.x.smithi082.stdout:Jul 14 19:20:39 smithi082 ceph-4f3eb35e-227b-11ee-9b33-001a4aab830c-mgr-x[127706]:
2023-07-14T19:20:39.362+0000 7f76d8f74200 -1 mgr[py] Module rgw has missing NOTIFY_TYPES member
2023-07-14T19:20:39.715 INFO:journalctl@ceph.mgr.x.smithi082.stdout:Jul 14 19:20:39 smithi082 ceph-4f3eb35e-227b-11ee-9b33-001a4aab830c-mgr-x[127706]:
2023-07-14T19:20:39.594+0000 7f76d8f74200 -1 mgr[py] Module influx has missing NOTIFY_TYPES member
2023-07-14T19:20:39.997 INFO:journalctl@ceph.mgr.x.smithi082.stdout:Jul 14 19:20:39 smithi082 ceph-4f3eb35e-227b-11ee-9b33-001a4aab830c-mgr-x[127706]:
2023-07-14T19:20:39.740+0000 7f76d8f74200 -1 mgr[py] Module telemetry has missing NOTIFY_TYPES member
2023-07-14T19:20:40.464 INFO:journalctl@ceph.mgr.x.smithi082.stdout:Jul 14 19:20:39 smithi082 ceph-4f3eb35e-227b-11ee-9b33-001a4aab830c-mgr-x[127706]:
2023-07-14T19:20:39.996+0000 7f76d8f74200 -1 mgr[py] Module telegraf has missing NOTIFY_TYPES member
2023-07-14T19:20:40.964 INFO:journalctl@ceph.mgr.x.smithi082.stdout:Jul 14 19:20:40 smithi082 ceph-4f3eb35e-227b-11ee-9b33-001a4aab830c-mgr-x[127706]:
2023-07-14T19:20:40.685+0000 7f76d8f74200 -1 mgr[py] Module balancer has missing NOTIFY_TYPES member
2023-07-14T19:20:40.965 INFO:journalctl@ceph.mgr.x.smithi082.stdout:Jul 14 19:20:40 smithi082 ceph-4f3eb35e-227b-11ee-9b33-001a4aab830c-mgr-x[127706]:
2023-07-14T19:20:40.813+0000 7f76d8f74200 -1 mgr[py] Module diskprediction_local has missing NOTIFY_TYPES member
2023-07-14T19:20:41.327 INFO:journalctl@ceph.mgr.x.smithi082.stdout:Jul 14 19:20:41 smithi082 ceph-4f3eb35e-227b-11ee-9b33-001a4aab830c-mgr-x[127706]:
2023-07-14T19:20:41.001+0000 7f76d8f74200 -1 mgr[py] Module nfs has missing NOTIFY_TYPES member
2023-07-14T19:20:41.327 INFO:journalctl@ceph.mgr.x.smithi082.stdout:Jul 14 19:20:41 smithi082 ceph-4f3eb35e-227b-11ee-9b33-001a4aab830c-mgr-x[127706]:
2023-07-14T19:20:41.113+0000 7f76d8f74200 -1 mgr[py] Module rbd_support has missing NOTIFY_TYPES member
2023-07-14T19:20:41.714 INFO:journalctl@ceph.mgr.x.smithi082.stdout:Jul 14 19:20:41 smithi082 ceph-4f3eb35e-227b-11ee-9b33-001a4aab830c-mgr-x[127706]:
2023-07-14T19:20:41.326+0000 7f76d8f74200 -1 mgr[py] Module volumes has missing NOTIFY_TYPES member
2023-07-14T19:20:42.464 INFO:journalctl@ceph.mgr.x.smithi082.stdout:Jul 14 19:20:42 smithi082 ceph-4f3eb35e-227b-11ee-9b33-001a4aab830c-mgr-x[127706]:
2023-07-14T19:20:42.168+0000 7f76d8f74200 -1 mgr[py] Module pg_autoscaler has missing NOTIFY_TYPES member
2023-07-14T19:20:43.329 INFO:journalctl@ceph.mon.a.smithi082.stdout:Jul 14 19:20:43 smithi082 ceph-mon[127461]: Active manager daemon x restarted
2023-07-14T19:20:43.329 INFO:journalctl@ceph.mon.a.smithi082.stdout:Jul 14 19:20:43 smithi082 ceph-mon[127461]: Activating manager daemon x
2023-07-14T19:20:43.329 INFO:journalctl@ceph.mon.a.smithi082.stdout:Jul 14 19:20:43 smithi082 ceph-mon[127461]: osdmap e2: 0 total, 0 up, 0 in
2023-07-14T19:20:43.329 INFO:journalctl@ceph.mon.a.smithi082.stdout:Jul 14 19:20:43 smithi082 ceph-mon[127461]: mgrmap e6: x(active, starting, since 0.00323847s)
2023-07-14T19:20:43.330 INFO:journalctl@ceph.mon.a.smithi082.stdout:Jul 14 19:20:43 smithi082 ceph-mon[127461]: from='mgr.14120 172.21.15.82:0/1671678243' entity='mgr.x' cmd=[{"prefix": "mon metadata", "id": "a"}]: dispatch
2023-07-14T19:20:43.330 INFO:journalctl@ceph.mon.a.smithi082.stdout:Jul 14 19:20:43 smithi082 ceph-mon[127461]: from='mgr.14120 172.21.15.82:0/1671678243' entity='mgr.x' cmd=[{"prefix": "mgr metadata", "who": "x", "id": "x"}]: dispatch
2023-07-14T19:20:43.330 INFO:journalctl@ceph.mon.a.smithi082.stdout:Jul 14 19:20:43 smithi082 ceph-mon[127461]: from='mgr.14120 172.21.15.82:0/1671678243' entity='mgr.x' cmd=[{"prefix": "mds metadata"}]: dispatch
2023-07-14T19:20:43.330 INFO:journalctl@ceph.mon.a.smithi082.stdout:Jul 14 19:20:43 smithi082 ceph-mon[127461]: from='mgr.14120 172.21.15.82:0/1671678243' entity='mgr.x' cmd=[{"prefix": "osd metadata"}]: dispatch
2023-07-14T19:20:43.330 INFO:journalctl@ceph.mon.a.smithi082.stdout:Jul 14 19:20:43 smithi082 ceph-mon[127461]: from='mgr.14120 172.21.15.82:0/1671678243' entity='mgr.x' cmd=[{"prefix": "mon metadata"}]: dispatch
2023-07-14T19:20:43.331 INFO:journalctl@ceph.mon.a.smithi082.stdout:Jul 14 19:20:43 smithi082 ceph-mon[127461]: Manager daemon x is now available
2023-07-14T19:20:43.331 INFO:journalctl@ceph.mon.a.smithi082.stdout:Jul 14 19:20:43 smithi082 ceph-mon[127461]: Found migration_current of "None". Setting to last migration.
2023-07-14T19:20:43.331 INFO:journalctl@ceph.mon.a.smithi082.stdout:Jul 14 19:20:43 smithi082 ceph-mon[127461]: from='mgr.14120 172.21.15.82:0/1671678243' entity='mgr.x'
2023-07-14T19:20:43.331 INFO:journalctl@ceph.mon.a.smithi082.stdout:Jul 14 19:20:43 smithi082 ceph-mon[127461]: from='mgr.14120 172.21.15.82:0/1671678243' entity='mgr.x'
2023-07-14T19:20:43.331 INFO:journalctl@ceph.mon.a.smithi082.stdout:Jul 14 19:20:43 smithi082 ceph-mon[127461]: from='mgr.14120 172.21.15.82:0/1671678243' entity='mgr.x' cmd=[{"prefix": "config dump", "format": "json"}]: dispatch
2023-07-14T19:20:43.331 INFO:journalctl@ceph.mon.a.smithi082.stdout:Jul 14 19:20:43 smithi082 ceph-mon[127461]: from='mgr.14120 172.21.15.82:0/1671678243' entity='mgr.x' cmd=[{"prefix": "config dump", "format": "json"}]: dispatch
2023-07-14T19:20:43.332 INFO:journalctl@ceph.mon.a.smithi082.stdout:Jul 14 19:20:43 smithi082 ceph-mon[127461]: from='mgr.14120 172.21.15.82:0/1671678243' entity='mgr.x' cmd=[{"prefix": "config dump", "format": "json"}]: dispatch
2023-07-14T19:20:43.332 INFO:journalctl@ceph.mon.a.smithi082.stdout:Jul 14 19:20:43 smithi082 ceph-mon[127461]: from='mgr.14120 172.21.15.82:0/1671678243' entity='mgr.x' cmd=[{"prefix":"config rm","who":"mgr","name":"mgr/rbd_support/x/mirror_snapshot_schedule"}]: dispatch
2023-07-14T19:20:43.332 INFO:journalctl@ceph.mon.a.smithi082.stdout:Jul 14 19:20:43 smithi082 ceph-mon[127461]: from='mgr.14120 172.21.15.82:0/1671678243' entity='mgr.x' cmd=[{"prefix":"config rm","who":"mgr","name":"mgr/rbd_support/x/trash_purge_schedule"}]: dispatch
2023-07-14T19:20:43.332 INFO:journalctl@ceph.mon.a.smithi082.stdout:Jul 14 19:20:43 smithi082 ceph-mon[127461]: from='mgr.14120 172.21.15.82:0/1671678243' entity='mgr.x'
2023-07-14T19:20:43.332 INFO:journalctl@ceph.mon.a.smithi082.stdout:Jul 14 19:20:43 smithi082 ceph-mon[127461]: from='mgr.14120 172.21.15.82:0/1671678243' entity='mgr.x'
2023-07-14T19:20:43.620 INFO:teuthology.orchestra.run.smithi082.stdout:/usr/bin/ceph: stdout {
2023-07-14T19:20:43.620 INFO:teuthology.orchestra.run.smithi082.stdout:/usr/bin/ceph: stdout "mgrmap_epoch": 7,
2023-07-14T19:20:43.620 INFO:teuthology.orchestra.run.smithi082.stdout:/usr/bin/ceph: stdout "initialized": true
2023-07-14T19:20:43.621 INFO:teuthology.orchestra.run.smithi082.stdout:/usr/bin/ceph: stdout }
2023-07-14T19:20:43.621 INFO:teuthology.orchestra.run.smithi082.stdout:/usr/bin/ceph: stderr
2023-07-14T19:20:37.613+0000 7ff93f615700 1 Processor -- start
2023-07-14T19:20:43.621 INFO:teuthology.orchestra.run.smithi082.stdout:/usr/bin/ceph: stderr
2023-07-14T19:20:37.613+0000 7ff93f615700 1 -- start start
2023-07-14T19:20:43.622 INFO:teuthology.orchestra.run.smithi082.stdout:/usr/bin/ceph: stderr
2023-07-14T19:20:37.613+0000 7ff93f615700 1 --2- >> [v2:172.21.15.82:3300/0,v1:172.21.15.82:6789/0] conn(0x7ff9381042f0 0x7ff938104700 unknown :-1 s=NONE pgs=0 cs=0 l=0 rev1=0 crypto rx=0 tx=0 comp rx=0 tx=0).connect
2023-07-14T19:20:43.622 INFO:teuthology.orchestra.run.smithi082.stdout:/usr/bin/ceph: stderr
2023-07-14T19:20:37.613+0000 7ff93f615700 1 -- --> [v2:172.21.15.82:3300/0,v1:172.21.15.82:6789/0] -- mon_getmap magic: 0 v1 -- 0x7ff938104c40 con 0x7ff9381042f0
2023-07-14T19:20:43.623 INFO:teuthology.orchestra.run.smithi082.stdout:/usr/bin/ceph: stderr
2023-07-14T19:20:37.613+0000 7ff93d3b1700 1 --2- >> [v2:172.21.15.82:3300/0,v1:172.21.15.82:6789/0] conn(0x7ff9381042f0 0x7ff938104700 unknown :-1 s=BANNER_CONNECTING pgs=0 cs=0 l=0 rev1=0 crypto rx=0 tx=0 comp rx=0 tx=0)._handle_peer_banner_payload supported=3 required=0
2023-07-14T19:20:43.623 INFO:teuthology.orchestra.run.smithi082.stdout:/usr/bin/ceph: stderr
2023-07-14T19:20:37.613+0000 7ff93d3b1700 1 --2- >> [v2:172.21.15.82:3300/0,v1:172.21.15.82:6789/0] conn(0x7ff9381042f0 0x7ff938104700 unknown :-1 s=HELLO_CONNECTING pgs=0 cs=0 l=0 rev1=1 crypto rx=0 tx=0 comp rx=0 tx=0).handle_hello peer v2:172.21.15.82:3300/0 says I am v2:172.21.15.82:39494/0 (socket says 172.21.15.82:39494)
2023-07-14T19:20:43.623 INFO:teuthology.orchestra.run.smithi082.stdout:/usr/bin/ceph: stderr
2023-07-14T19:20:37.613+0000 7ff93d3b1700 1 -- 172.21.15.82:0/3165624231 learned_addr learned my addr 172.21.15.82:0/3165624231 (peer_addr_for_me v2:172.21.15.82:0/0)
2023-07-14T19:20:43.624 INFO:teuthology.orchestra.run.smithi082.stdout:/usr/bin/ceph: stderr
2023-07-14T19:20:37.613+0000 7ff93d3b1700 1 -- 172.21.15.82:0/3165624231 --> [v2:172.21.15.82:3300/0,v1:172.21.15.82:6789/0] -- mon_subscribe({config=0+,monmap=0+}) v3 -- 0x7ff938104d80 con 0x7ff9381042f0
2023-07-14T19:20:43.624 INFO:teuthology.orchestra.run.smithi082.stdout:/usr/bin/ceph: stderr
2023-07-14T19:20:37.614+0000 7ff93d3b1700 1 --2- 172.21.15.82:0/3165624231 >> [v2:172.21.15.82:3300/0,v1:172.21.15.82:6789/0] conn(0x7ff9381042f0 0x7ff938104700 secure :-1 s=READY pgs=28 cs=0 l=1 rev1=1 crypto rx=0x7ff9340098a0 tx=0x7ff934009bb0 comp rx=0 tx=0).ready entity=mon.0 client_cookie=93efeae2888e3043 server_cookie=0 in_seq=0 out_seq=0
2023-07-14T19:20:43.625 INFO:teuthology.orchestra.run.smithi082.stdout:/usr/bin/ceph: stderr
2023-07-14T19:20:37.614+0000 7ff92ffff700 1 -- 172.21.15.82:0/3165624231 <== mon.0 v2:172.21.15.82:3300/0 1 ==== mon_map magic: 0 v1 ==== 205+0+0 (secure 0 0 0) 0x7ff934004160 con 0x7ff9381042f0
2023-07-14T19:20:43.626 INFO:teuthology.orchestra.run.smithi082.stdout:/usr/bin/ceph: stderr
2023-07-14T19:20:37.614+0000 7ff92ffff700 1 -- 172.21.15.82:0/3165624231 <== mon.0 v2:172.21.15.82:3300/0 2 ==== config(26 keys) v1 ==== 1074+0+0 (secure 0 0 0) 0x7ff9340042c0 con 0x7ff9381042f0
2023-07-14T19:20:43.626 INFO:teuthology.orchestra.run.smithi082.stdout:/usr/bin/ceph: stderr
2023-07-14T19:20:37.614+0000 7ff92ffff700 1 -- 172.21.15.82:0/3165624231 <== mon.0 v2:172.21.15.82:3300/0 3 ==== mon_map magic: 0 v1 ==== 205+0+0 (secure 0 0 0) 0x7ff934011a00 con 0x7ff9381042f0
2023-07-14T19:20:43.626 INFO:teuthology.orchestra.run.smithi082.stdout:/usr/bin/ceph: stderr
2023-07-14T19:20:37.614+0000 7ff93f615700 1 -- 172.21.15.82:0/3165624231 >> [v2:172.21.15.82:3300/0,v1:172.21.15.82:6789/0] conn(0x7ff9381042f0 msgr2=0x7ff938104700 secure :-1 s=STATE_CONNECTION_ESTABLISHED l=1).mark_down
2023-07-14T19:20:43.627 INFO:teuthology.orchestra.run.smithi082.stdout:/usr/bin/ceph: stderr
2023-07-14T19:20:37.614+0000 7ff93f615700 1 --2- 172.21.15.82:0/3165624231 >> [v2:172.21.15.82:3300/0,v1:172.21.15.82:6789/0] conn(0x7ff9381042f0 0x7ff938104700 secure :-1 s=READY pgs=28 cs=0 l=1 rev1=1 crypto rx=0x7ff9340098a0 tx=0x7ff934009bb0 comp rx=0 tx=0).stop
2023-07-14T19:20:43.627 INFO:teuthology.orchestra.run.smithi082.stdout:/usr/bin/ceph: stderr
2023-07-14T19:20:37.614+0000 7ff93f615700 1 -- 172.21.15.82:0/3165624231 shutdown_connections
2023-07-14T19:20:43.627 INFO:teuthology.orchestra.run.smithi082.stdout:/usr/bin/ceph: stderr
2023-07-14T19:20:37.614+0000 7ff93f615700 1 --2- 172.21.15.82:0/3165624231 >> [v2:172.21.15.82:3300/0,v1:172.21.15.82:6789/0] conn(0x7ff9381042f0 0x7ff938104700 unknown :-1 s=CLOSED pgs=28 cs=0 l=1 rev1=1 crypto rx=0 tx=0 comp rx=0 tx=0).stop
2023-07-14T19:20:43.627 INFO:teuthology.orchestra.run.smithi082.stdout:/usr/bin/ceph: stderr
2023-07-14T19:20:37.614+0000 7ff93f615700 1 -- 172.21.15.82:0/3165624231 >> 172.21.15.82:0/3165624231 conn(0x7ff9380ff9a0 msgr2=0x7ff938101db0 unknown :-1 s=STATE_NONE l=0).mark_down
2023-07-14T19:20:43.628 INFO:teuthology.orchestra.run.smithi082.stdout:/usr/bin/ceph: stderr
2023-07-14T19:20:37.614+0000 7ff93f615700 1 -- 172.21.15.82:0/3165624231 shutdown_connections
2023-07-14T19:20:43.628 INFO:teuthology.orchestra.run.smithi082.stdout:/usr/bin/ceph: stderr
2023-07-14T19:20:37.615+0000 7ff93f615700 1 -- 172.21.15.82:0/3165624231 wait complete.
2023-07-14T19:20:43.628 INFO:teuthology.orchestra.run.smithi082.stdout:/usr/bin/ceph: stderr
2023-07-14T19:20:37.615+0000 7ff93f615700 1 Processor -- start
2023-07-14T19:20:43.628 INFO:teuthology.orchestra.run.smithi082.stdout:/usr/bin/ceph: stderr
2023-07-14T19:20:37.615+0000 7ff93f615700 1 -- start start
2023-07-14T19:20:43.628 INFO:teuthology.orchestra.run.smithi082.stdout:/usr/bin/ceph: stderr
2023-07-14T19:20:37.615+0000 7ff93f615700 1 --2- >> [v2:172.21.15.82:3300/0,v1:172.21.15.82:6789/0] conn(0x7ff9381042f0 0x7ff93818f470 unknown :-1 s=NONE pgs=0 cs=0 l=1 rev1=0 crypto rx=0 tx=0 comp rx=0 tx=0).connect
2023-07-14T19:20:43.629 INFO:teuthology.orchestra.run.smithi082.stdout:/usr/bin/ceph: stderr
2023-07-14T19:20:37.615+0000 7ff93f615700 1 -- --> [v2:172.21.15.82:3300/0,v1:172.21.15.82:6789/0] -- mon_getmap magic: 0 v1 -- 0x7ff93818f9b0 con 0x7ff9381042f0
2023-07-14T19:20:43.629 INFO:teuthology.orchestra.run.smithi082.stdout:/usr/bin/ceph: stderr
2023-07-14T19:20:37.615+0000 7ff93d3b1700 1 --2- >> [v2:172.21.15.82:3300/0,v1:172.21.15.82:6789/0] conn(0x7ff9381042f0 0x7ff93818f470 unknown :-1 s=BANNER_CONNECTING pgs=0 cs=0 l=1 rev1=0 crypto rx=0 tx=0 comp rx=0 tx=0)._handle_peer_banner_payload supported=3 required=0
2023-07-14T19:20:43.629 INFO:teuthology.orchestra.run.smithi082.stdout:/usr/bin/ceph: stderr
2023-07-14T19:20:37.615+0000 7ff93d3b1700 1 --2- >> [v2:172.21.15.82:3300/0,v1:172.21.15.82:6789/0] conn(0x7ff9381042f0 0x7ff93818f470 unknown :-1 s=HELLO_CONNECTING pgs=0 cs=0 l=1 rev1=1 crypto rx=0 tx=0 comp rx=0 tx=0).handle_hello peer v2:172.21.15.82:3300/0 says I am v2:172.21.15.82:39496/0 (socket says 172.21.15.82:39496)
2023-07-14T19:20:43.630 INFO:teuthology.orchestra.run.smithi082.stdout:/usr/bin/ceph: stderr
2023-07-14T19:20:37.615+0000 7ff93d3b1700 1 -- 172.21.15.82:0/3233083798 learned_addr learned my addr 172.21.15.82:0/3233083798 (peer_addr_for_me v2:172.21.15.82:0/0)
2023-07-14T19:20:43.630 INFO:teuthology.orchestra.run.smithi082.stdout:/usr/bin/ceph: stderr
2023-07-14T19:20:37.616+0000 7ff93d3b1700 1 -- 172.21.15.82:0/3233083798 --> [v2:172.21.15.82:3300/0,v1:172.21.15.82:6789/0] -- mon_subscribe({config=0+,monmap=0+}) v3 -- 0x7ff934009550 con 0x7ff9381042f0
2023-07-14T19:20:43.630 INFO:teuthology.orchestra.run.smithi082.stdout:/usr/bin/ceph: stderr
2023-07-14T19:20:37.616+0000 7ff93d3b1700 1 --2- 172.21.15.82:0/3233083798 >> [v2:172.21.15.82:3300/0,v1:172.21.15.82:6789/0] conn(0x7ff9381042f0 0x7ff93818f470 secure :-1 s=READY pgs=29 cs=0 l=1 rev1=1 crypto rx=0x7ff934006af0 tx=0x7ff934011ad0 comp rx=0 tx=0).ready entity=mon.0 client_cookie=0 server_cookie=0 in_seq=0 out_seq=0
2023-07-14T19:20:43.630 INFO:teuthology.orchestra.run.smithi082.stdout:/usr/bin/ceph: stderr
2023-07-14T19:20:37.616+0000 7ff92e7fc700 1 -- 172.21.15.82:0/3233083798 <== mon.0 v2:172.21.15.82:3300/0 1 ==== mon_map magic: 0 v1 ==== 205+0+0 (secure 0 0 0) 0x7ff934003a40 con 0x7ff9381042f0
2023-07-14T19:20:43.631 INFO:teuthology.orchestra.run.smithi082.stdout:/usr/bin/ceph: stderr
2023-07-14T19:20:37.616+0000 7ff92e7fc700 1 -- 172.21.15.82:0/3233083798 <== mon.0 v2:172.21.15.82:3300/0 2 ==== config(26 keys) v1 ==== 1074+0+0 (secure 0 0 0) 0x7ff934003ba0 con 0x7ff9381042f0
2023-07-14T19:20:43.631 INFO:teuthology.orchestra.run.smithi082.stdout:/usr/bin/ceph: stderr
2023-07-14T19:20:37.616+0000 7ff93f615700 1 -- 172.21.15.82:0/3233083798 --> [v2:172.21.15.82:3300/0,v1:172.21.15.82:6789/0] -- mon_subscribe({mgrmap=0+}) v3 -- 0x7ff93818dac0 con 0x7ff9381042f0
2023-07-14T19:20:43.631 INFO:teuthology.orchestra.run.smithi082.stdout:/usr/bin/ceph: stderr
2023-07-14T19:20:37.616+0000 7ff92e7fc700 1 -- 172.21.15.82:0/3233083798 <== mon.0 v2:172.21.15.82:3300/0 3 ==== mon_map magic: 0 v1 ==== 205+0+0 (secure 0 0 0) 0x7ff93401a6e0 con 0x7ff9381042f0
2023-07-14T19:20:43.631 INFO:teuthology.orchestra.run.smithi082.stdout:/usr/bin/ceph: stderr
2023-07-14T19:20:37.616+0000 7ff93f615700 1 -- 172.21.15.82:0/3233083798 --> [v2:172.21.15.82:3300/0,v1:172.21.15.82:6789/0] -- mon_subscribe({osdmap=0}) v3 -- 0x7ff93818dee0 con 0x7ff9381042f0
2023-07-14T19:20:43.631 INFO:teuthology.orchestra.run.smithi082.stdout:/usr/bin/ceph: stderr
2023-07-14T19:20:37.617+0000 7ff92e7fc700 1 -- 172.21.15.82:0/3233083798 <== mon.0 v2:172.21.15.82:3300/0 4 ==== mgrmap(e 5) v1 ==== 45483+0+0 (secure 0 0 0) 0x7ff93401a840 con 0x7ff9381042f0
2023-07-14T19:20:43.632 INFO:teuthology.orchestra.run.smithi082.stdout:/usr/bin/ceph: stderr
2023-07-14T19:20:37.617+0000 7ff92e7fc700 1 --2- 172.21.15.82:0/3233083798 >> [v2:172.21.15.82:6800/3383156270,v1:172.21.15.82:6801/3383156270] conn(0x7ff924038760 0x7ff92403ac10 unknown :-1 s=NONE pgs=0 cs=0 l=1 rev1=0 crypto rx=0 tx=0 comp rx=0 tx=0).connect
2023-07-14T19:20:43.632 INFO:teuthology.orchestra.run.smithi082.stdout:/usr/bin/ceph: stderr
2023-07-14T19:20:37.617+0000 7ff93f615700 1 -- 172.21.15.82:0/3233083798 --> [v2:172.21.15.82:6800/3383156270,v1:172.21.15.82:6801/3383156270] -- command(tid 0: {"prefix": "get_command_descriptions"}) v1 -- 0x7ff938061c70 con 0x7ff924038760
2023-07-14T19:20:43.632 INFO:teuthology.orchestra.run.smithi082.stdout:/usr/bin/ceph: stderr
2023-07-14T19:20:37.617+0000 7ff92e7fc700 1 -- 172.21.15.82:0/3233083798 <== mon.0 v2:172.21.15.82:3300/0 5 ==== osd_map(1..1 src has 1..1) v4 ==== 725+0+0 (secure 0 0 0) 0x7ff93404c8f0 con 0x7ff9381042f0
2023-07-14T19:20:43.633 INFO:teuthology.orchestra.run.smithi082.stdout:/usr/bin/ceph: stderr
2023-07-14T19:20:37.617+0000 7ff93cbb0700 1 -- 172.21.15.82:0/3233083798 >> [v2:172.21.15.82:6800/3383156270,v1:172.21.15.82:6801/3383156270] conn(0x7ff924038760 msgr2=0x7ff92403ac10 unknown :-1 s=STATE_CONNECTING_RE l=1).process reconnect failed to v2:172.21.15.82:6800/3383156270
2023-07-14T19:20:43.633 INFO:teuthology.orchestra.run.smithi082.stdout:/usr/bin/ceph: stderr
2023-07-14T19:20:37.617+0000 7ff93cbb0700 1 --2- 172.21.15.82:0/3233083798 >> [v2:172.21.15.82:6800/3383156270,v1:172.21.15.82:6801/3383156270] conn(0x7ff924038760 0x7ff92403ac10 unknown :-1 s=START_CONNECT pgs=0 cs=0 l=1 rev1=0 crypto rx=0 tx=0 comp rx=0 tx=0)._fault waiting 0.200000
2023-07-14T19:20:43.633 INFO:teuthology.orchestra.run.smithi082.stdout:/usr/bin/ceph: stderr
2023-07-14T19:20:37.818+0000 7ff93cbb0700 1 -- 172.21.15.82:0/3233083798 >> [v2:172.21.15.82:6800/3383156270,v1:172.21.15.82:6801/3383156270] conn(0x7ff924038760 msgr2=0x7ff92403ac10 unknown :-1 s=STATE_CONNECTING_RE l=1).process reconnect failed to v2:172.21.15.82:6800/3383156270
2023-07-14T19:20:43.633 INFO:teuthology.orchestra.run.smithi082.stdout:/usr/bin/ceph: stderr
2023-07-14T19:20:37.818+0000 7ff93cbb0700 1 --2- 172.21.15.82:0/3233083798 >> [v2:172.21.15.82:6800/3383156270,v1:172.21.15.82:6801/3383156270] conn(0x7ff924038760 0x7ff92403ac10 unknown :-1 s=START_CONNECT pgs=0 cs=0 l=1 rev1=0 crypto rx=0 tx=0 comp rx=0 tx=0)._fault waiting 0.400000
2023-07-14T19:20:43.633 INFO:teuthology.orchestra.run.smithi082.stdout:/usr/bin/ceph: stderr
2023-07-14T19:20:38.219+0000 7ff93cbb0700 1 -- 172.21.15.82:0/3233083798 >> [v2:172.21.15.82:6800/3383156270,v1:172.21.15.82:6801/3383156270] conn(0x7ff924038760 msgr2=0x7ff92403ac10 unknown :-1 s=STATE_CONNECTING_RE l=1).process reconnect failed to v2:172.21.15.82:6800/3383156270
2023-07-14T19:20:43.633 INFO:teuthology.orchestra.run.smithi082.stdout:/usr/bin/ceph: stderr
2023-07-14T19:20:38.219+0000 7ff93cbb0700 1 --2- 172.21.15.82:0/3233083798 >> [v2:172.21.15.82:6800/3383156270,v1:172.21.15.82:6801/3383156270] conn(0x7ff924038760 0x7ff92403ac10 unknown :-1 s=START_CONNECT pgs=0 cs=0 l=1 rev1=0 crypto rx=0 tx=0 comp rx=0 tx=0)._fault waiting 0.800000
2023-07-14T19:20:43.634 INFO:teuthology.orchestra.run.smithi082.stdout:/usr/bin/ceph: stderr
2023-07-14T19:20:39.021+0000 7ff93cbb0700 1 -- 172.21.15.82:0/3233083798 >> [v2:172.21.15.82:6800/3383156270,v1:172.21.15.82:6801/3383156270] conn(0x7ff924038760 msgr2=0x7ff92403ac10 unknown :-1 s=STATE_CONNECTING_RE l=1).process reconnect failed to v2:172.21.15.82:6800/3383156270
2023-07-14T19:20:43.634 INFO:teuthology.orchestra.run.smithi082.stdout:/usr/bin/ceph: stderr
2023-07-14T19:20:39.021+0000 7ff93cbb0700 1 --2- 172.21.15.82:0/3233083798 >> [v2:172.21.15.82:6800/3383156270,v1:172.21.15.82:6801/3383156270] conn(0x7ff924038760 0x7ff92403ac10 unknown :-1 s=START_CONNECT pgs=0 cs=0 l=1 rev1=0 crypto rx=0 tx=0 comp rx=0 tx=0)._fault waiting 1.600000
2023-07-14T19:20:43.634 INFO:teuthology.orchestra.run.smithi082.stdout:/usr/bin/ceph: stderr
2023-07-14T19:20:40.622+0000 7ff93cbb0700 1 -- 172.21.15.82:0/3233083798 >> [v2:172.21.15.82:6800/3383156270,v1:172.21.15.82:6801/3383156270] conn(0x7ff924038760 msgr2=0x7ff92403ac10 unknown :-1 s=STATE_CONNECTING_RE l=1).process reconnect failed to v2:172.21.15.82:6800/3383156270
2023-07-14T19:20:43.634 INFO:teuthology.orchestra.run.smithi082.stdout:/usr/bin/ceph: stderr
2023-07-14T19:20:40.622+0000 7ff93cbb0700 1 --2- 172.21.15.82:0/3233083798 >> [v2:172.21.15.82:6800/3383156270,v1:172.21.15.82:6801/3383156270] conn(0x7ff924038760 0x7ff92403ac10 unknown :-1 s=START_CONNECT pgs=0 cs=0 l=1 rev1=0 crypto rx=0 tx=0 comp rx=0 tx=0)._fault waiting 3.200000
2023-07-14T19:20:43.634 INFO:teuthology.orchestra.run.smithi082.stdout:/usr/bin/ceph: stderr
2023-07-14T19:20:42.184+0000 7ff92e7fc700 1 -- 172.21.15.82:0/3233083798 <== mon.0 v2:172.21.15.82:3300/0 6 ==== mgrmap(e 6) v1 ==== 45250+0+0 (secure 0 0 0) 0x7ff93401acd0 con 0x7ff9381042f0
2023-07-14T19:20:43.634 INFO:teuthology.orchestra.run.smithi082.stdout:/usr/bin/ceph: stderr
2023-07-14T19:20:42.184+0000 7ff92e7fc700 1 -- 172.21.15.82:0/3233083798 >> [v2:172.21.15.82:6800/3383156270,v1:172.21.15.82:6801/3383156270] conn(0x7ff924038760 msgr2=0x7ff92403ac10 unknown :-1 s=STATE_CONNECTING l=1).mark_down
2023-07-14T19:20:43.634 INFO:teuthology.orchestra.run.smithi082.stdout:/usr/bin/ceph: stderr
2023-07-14T19:20:42.184+0000 7ff92e7fc700 1 --2- 172.21.15.82:0/3233083798 >> [v2:172.21.15.82:6800/3383156270,v1:172.21.15.82:6801/3383156270] conn(0x7ff924038760 0x7ff92403ac10 unknown :-1 s=START_CONNECT pgs=0 cs=0 l=1 rev1=0 crypto rx=0 tx=0 comp rx=0 tx=0).stop
2023-07-14T19:20:43.634 INFO:teuthology.orchestra.run.smithi082.stdout:/usr/bin/ceph: stderr
2023-07-14T19:20:43.185+0000 7ff92e7fc700 1 -- 172.21.15.82:0/3233083798 <== mon.0 v2:172.21.15.82:3300/0 7 ==== mgrmap(e 7) v1 ==== 45377+0+0 (secure 0 0 0) 0x7ff93401bcf0 con 0x7ff9381042f0
2023-07-14T19:20:43.635 INFO:teuthology.orchestra.run.smithi082.stdout:/usr/bin/ceph: stderr
2023-07-14T19:20:43.186+0000 7ff92e7fc700 1 --2- 172.21.15.82:0/3233083798 >> [v2:172.21.15.82:6800/1035467551,v1:172.21.15.82:6801/1035467551] conn(0x7ff92403be80 0x7ff92403e260 unknown :-1 s=NONE pgs=0 cs=0 l=1 rev1=0 crypto rx=0 tx=0 comp rx=0 tx=0).connect
2023-07-14T19:20:43.635 INFO:teuthology.orchestra.run.smithi082.stdout:/usr/bin/ceph: stderr
2023-07-14T19:20:43.186+0000 7ff92e7fc700 1 -- 172.21.15.82:0/3233083798 --> [v2:172.21.15.82:6800/1035467551,v1:172.21.15.82:6801/1035467551] -- command(tid 0: {"prefix": "get_command_descriptions"}) v1 -- 0x7ff938061c70 con 0x7ff92403be80
2023-07-14T19:20:43.635 INFO:teuthology.orchestra.run.smithi082.stdout:/usr/bin/ceph: stderr
2023-07-14T19:20:43.186+0000 7ff93cbb0700 1 --2- 172.21.15.82:0/3233083798 >> [v2:172.21.15.82:6800/1035467551,v1:172.21.15.82:6801/1035467551] conn(0x7ff92403be80 0x7ff92403e260 unknown :-1 s=BANNER_CONNECTING pgs=0 cs=0 l=1 rev1=0 crypto rx=0 tx=0 comp rx=0 tx=0)._handle_peer_banner_payload supported=3 required=0
2023-07-14T19:20:43.635 INFO:teuthology.orchestra.run.smithi082.stdout:/usr/bin/ceph: stderr
2023-07-14T19:20:43.186+0000 7ff93cbb0700 1 --2- 172.21.15.82:0/3233083798 >> [v2:172.21.15.82:6800/1035467551,v1:172.21.15.82:6801/1035467551] conn(0x7ff92403be80 0x7ff92403e260 secure :-1 s=READY pgs=1 cs=0 l=1 rev1=1 crypto rx=0x7ff928003a10 tx=0x7ff9280092b0 comp rx=0 tx=0).ready entity=mgr.14120 client_cookie=0 server_cookie=0 in_seq=0 out_seq=0
2023-07-14T19:20:43.635 INFO:teuthology.orchestra.run.smithi082.stdout:/usr/bin/ceph: stderr
2023-07-14T19:20:43.187+0000 7ff92e7fc700 1 -- 172.21.15.82:0/3233083798 <== mgr.14120 v2:172.21.15.82:6800/1035467551 1 ==== command_reply(tid 0: 0 ) v1 ==== 8+0+6910 (secure 0 0 0) 0x7ff938061c70 con 0x7ff92403be80
2023-07-14T19:20:43.635 INFO:teuthology.orchestra.run.smithi082.stdout:/usr/bin/ceph: stderr
2023-07-14T19:20:43.193+0000 7ff93f615700 1 -- 172.21.15.82:0/3233083798 --> [v2:172.21.15.82:6800/1035467551,v1:172.21.15.82:6801/1035467551] -- command(tid 1: {"prefix": "mgr_status"}) v1 -- 0x7ff93818f010 con 0x7ff92403be80
2023-07-14T19:20:43.635 INFO:teuthology.orchestra.run.smithi082.stdout:/usr/bin/ceph: stderr
2023-07-14T19:20:43.193+0000 7ff92e7fc700 1 -- 172.21.15.82:0/3233083798 <== mgr.14120 v2:172.21.15.82:6800/1035467551 2 ==== command_reply(tid 1: 0 ) v1 ==== 8+0+51 (secure 0 0 0) 0x7ff93818f010 con 0x7ff92403be80
2023-07-14T19:20:43.636 INFO:teuthology.orchestra.run.smithi082.stdout:/usr/bin/ceph: stderr
2023-07-14T19:20:43.193+0000 7ff93f615700 1 -- 172.21.15.82:0/3233083798 >> [v2:172.21.15.82:6800/1035467551,v1:172.21.15.82:6801/1035467551] conn(0x7ff92403be80 msgr2=0x7ff92403e260 secure :-1 s=STATE_CONNECTION_ESTABLISHED l=1).mark_down
2023-07-14T19:20:43.636 INFO:teuthology.orchestra.run.smithi082.stdout:/usr/bin/ceph: stderr
2023-07-14T19:20:43.193+0000 7ff93f615700 1 --2- 172.21.15.82:0/3233083798 >> [v2:172.21.15.82:6800/1035467551,v1:172.21.15.82:6801/1035467551] conn(0x7ff92403be80 0x7ff92403e260 secure :-1 s=READY pgs=1 cs=0 l=1 rev1=1 crypto rx=0x7ff928003a10 tx=0x7ff9280092b0 comp rx=0 tx=0).stop
2023-07-14T19:20:43.636 INFO:teuthology.orchestra.run.smithi082.stdout:/usr/bin/ceph: stderr
2023-07-14T19:20:43.193+0000 7ff93f615700 1 -- 172.21.15.82:0/3233083798 >> [v2:172.21.15.82:3300/0,v1:172.21.15.82:6789/0] conn(0x7ff9381042f0 msgr2=0x7ff93818f470 secure :-1 s=STATE_CONNECTION_ESTABLISHED l=1).mark_down
2023-07-14T19:20:43.636 INFO:teuthology.orchestra.run.smithi082.stdout:/usr/bin/ceph: stderr
2023-07-14T19:20:43.193+0000 7ff93f615700 1 --2- 172.21.15.82:0/3233083798 >> [v2:172.21.15.82:3300/0,v1:172.21.15.82:6789/0] conn(0x7ff9381042f0 0x7ff93818f470 secure :-1 s=READY pgs=29 cs=0 l=1 rev1=1 crypto rx=0x7ff934006af0 tx=0x7ff934011ad0 comp rx=0 tx=0).stop
2023-07-14T19:20:43.636 INFO:teuthology.orchestra.run.smithi082.stdout:/usr/bin/ceph: stderr
2023-07-14T19:20:43.193+0000 7ff93f615700 1 -- 172.21.15.82:0/3233083798 shutdown_connections
2023-07-14T19:20:43.636 INFO:teuthology.orchestra.run.smithi082.stdout:/usr/bin/ceph: stderr
2023-07-14T19:20:43.193+0000 7ff93f615700 1 --2- 172.21.15.82:0/3233083798 >> [v2:172.21.15.82:6800/1035467551,v1:172.21.15.82:6801/1035467551] conn(0x7ff92403be80 0x7ff92403e260 unknown :-1 s=CLOSED pgs=1 cs=0 l=1 rev1=1 crypto rx=0 tx=0 comp rx=0 tx=0).stop
2023-07-14T19:20:43.636 INFO:teuthology.orchestra.run.smithi082.stdout:/usr/bin/ceph: stderr
2023-07-14T19:20:43.194+0000 7ff93f615700 1 --2- 172.21.15.82:0/3233083798 >> [v2:172.21.15.82:3300/0,v1:172.21.15.82:6789/0] conn(0x7ff9381042f0 0x7ff93818f470 unknown :-1 s=CLOSED pgs=29 cs=0 l=1 rev1=1 crypto rx=0 tx=0 comp rx=0 tx=0).stop
2023-07-14T19:20:43.637 INFO:teuthology.orchestra.run.smithi082.stdout:/usr/bin/ceph: stderr
2023-07-14T19:20:43.194+0000 7ff93f615700 1 --2- 172.21.15.82:0/3233083798 >> [v2:172.21.15.82:6800/3383156270,v1:172.21.15.82:6801/3383156270] conn(0x7ff924038760 0x7ff92403ac10 unknown :-1 s=CLOSED pgs=0 cs=0 l=1 rev1=0 crypto rx=0 tx=0 comp rx=0 tx=0).stop
2023-07-14T19:20:43.637 INFO:teuthology.orchestra.run.smithi082.stdout:/usr/bin/ceph: stderr
2023-07-14T19:20:43.194+0000 7ff93f615700 1 -- 172.21.15.82:0/3233083798 >> 172.21.15.82:0/3233083798 conn(0x7ff9380ff9a0 msgr2=0x7ff9380798c0 unknown :-1 s=STATE_NONE l=0).mark_down
2023-07-14T19:20:43.637 INFO:teuthology.orchestra.run.smithi082.stdout:/usr/bin/ceph: stderr
2023-07-14T19:20:43.194+0000 7ff93f615700 1 -- 172.21.15.82:0/3233083798 shutdown_connections
2023-07-14T19:20:43.637 INFO:teuthology.orchestra.run.smithi082.stdout:/usr/bin/ceph: stderr
2023-07-14T19:20:43.194+0000 7ff93f615700 1 -- 172.21.15.82:0/3233083798 wait complete.
2023-07-14T19:20:43.637 INFO:teuthology.orchestra.run.smithi082.stdout:mgr epoch 5 is available
2023-07-14T19:20:43.638 INFO:teuthology.orchestra.run.smithi082.stdout:Setting orchestrator backend to cephadm...
2023-07-14T19:20:44.464 INFO:journalctl@ceph.mon.a.smithi082.stdout:Jul 14 19:20:44 smithi082 ceph-mon[127461]: from='client.14124 -' entity='client.admin' cmd=[{"prefix": "get_command_descriptions"}]: dispatch
2023-07-14T19:20:44.465 INFO:journalctl@ceph.mon.a.smithi082.stdout:Jul 14 19:20:44 smithi082 ceph-mon[127461]: mgrmap e7: x(active, since 1.00596s)
2023-07-14T19:20:44.465 INFO:journalctl@ceph.mon.a.smithi082.stdout:Jul 14 19:20:44 smithi082 ceph-mon[127461]: from='client.14124 -' entity='client.admin' cmd=[{"prefix": "mgr_status"}]: dispatch
2023-07-14T19:20:44.465 INFO:journalctl@ceph.mon.a.smithi082.stdout:Jul 14 19:20:44 smithi082 ceph-mon[127461]: [14/Jul/2023:19:20:43] ENGINE Bus STARTING
2023-07-14T19:20:44.465 INFO:journalctl@ceph.mon.a.smithi082.stdout:Jul 14 19:20:44 smithi082 ceph-mon[127461]: [14/Jul/2023:19:20:43] ENGINE Serving on http://172.21.15.82:8765
2023-07-14T19:20:44.465 INFO:journalctl@ceph.mon.a.smithi082.stdout:Jul 14 19:20:44 smithi082 ceph-mon[127461]: [14/Jul/2023:19:20:43] ENGINE Serving on https://172.21.15.82:7150
2023-07-14T19:20:44.465 INFO:journalctl@ceph.mon.a.smithi082.stdout:Jul 14 19:20:44 smithi082 ceph-mon[127461]: [14/Jul/2023:19:20:43] ENGINE Bus STARTED
2023-07-14T19:20:44.466 INFO:journalctl@ceph.mon.a.smithi082.stdout:Jul 14 19:20:44 smithi082 ceph-mon[127461]: from='mgr.14120 172.21.15.82:0/1671678243' entity='mgr.x' cmd=[{"prefix": "config dump", "format": "json"}]: dispatch
2023-07-14T19:20:44.659 INFO:teuthology.orchestra.run.smithi082.stdout:/usr/bin/ceph: stderr
2023-07-14T19:20:44.105+0000 7f28633e0700 1 Processor -- start
2023-07-14T19:20:44.660 INFO:teuthology.orchestra.run.smithi082.stdout:/usr/bin/ceph: stderr
2023-07-14T19:20:44.106+0000 7f28633e0700 1 -- start start
2023-07-14T19:20:44.660 INFO:teuthology.orchestra.run.smithi082.stdout:/usr/bin/ceph: stderr
2023-07-14T19:20:44.106+0000 7f28633e0700 1 --2- >> [v2:172.21.15.82:3300/0,v1:172.21.15.82:6789/0] conn(0x7f285c1042f0 0x7f285c104700 unknown :-1 s=NONE pgs=0 cs=0 l=0 rev1=0 crypto rx=0 tx=0 comp rx=0 tx=0).connect
2023-07-14T19:20:44.660 INFO:teuthology.orchestra.run.smithi082.stdout:/usr/bin/ceph: stderr
2023-07-14T19:20:44.106+0000 7f28633e0700 1 -- --> [v2:172.21.15.82:3300/0,v1:172.21.15.82:6789/0] -- mon_getmap magic: 0 v1 -- 0x7f285c104c40 con 0x7f285c1042f0
2023-07-14T19:20:44.660 INFO:teuthology.orchestra.run.smithi082.stdout:/usr/bin/ceph: stderr
2023-07-14T19:20:44.106+0000 7f286117c700 1 --2- >> [v2:172.21.15.82:3300/0,v1:172.21.15.82:6789/0] conn(0x7f285c1042f0 0x7f285c104700 unknown :-1 s=BANNER_CONNECTING pgs=0 cs=0 l=0 rev1=0 crypto rx=0 tx=0 comp rx=0 tx=0)._handle_peer_banner_payload supported=3 required=0
2023-07-14T19:20:44.660 INFO:teuthology.orchestra.run.smithi082.stdout:/usr/bin/ceph: stderr
2023-07-14T19:20:44.106+0000 7f286117c700 1 --2- >> [v2:172.21.15.82:3300/0,v1:172.21.15.82:6789/0] conn(0x7f285c1042f0 0x7f285c104700 unknown :-1 s=HELLO_CONNECTING pgs=0 cs=0 l=0 rev1=1 crypto rx=0 tx=0 comp rx=0 tx=0).handle_hello peer v2:172.21.15.82:3300/0 says I am v2:172.21.15.82:39548/0 (socket says 172.21.15.82:39548)
2023-07-14T19:20:44.660 INFO:teuthology.orchestra.run.smithi082.stdout:/usr/bin/ceph: stderr
2023-07-14T19:20:44.106+0000 7f286117c700 1 -- 172.21.15.82:0/1382071048 learned_addr learned my addr 172.21.15.82:0/1382071048 (peer_addr_for_me v2:172.21.15.82:0/0)
2023-07-14T19:20:44.661 INFO:teuthology.orchestra.run.smithi082.stdout:/usr/bin/ceph: stderr
2023-07-14T19:20:44.106+0000 7f286117c700 1 -- 172.21.15.82:0/1382071048 --> [v2:172.21.15.82:3300/0,v1:172.21.15.82:6789/0] -- mon_subscribe({config=0+,monmap=0+}) v3 -- 0x7f285c104d80 con 0x7f285c1042f0
2023-07-14T19:20:44.661 INFO:teuthology.orchestra.run.smithi082.stdout:/usr/bin/ceph: stderr
2023-07-14T19:20:44.106+0000 7f286117c700 1 --2- 172.21.15.82:0/1382071048 >> [v2:172.21.15.82:3300/0,v1:172.21.15.82:6789/0] conn(0x7f285c1042f0 0x7f285c104700 secure :-1 s=READY pgs=37 cs=0 l=1 rev1=1 crypto rx=0x7f284c0098a0 tx=0x7f284c009bb0 comp rx=0 tx=0).ready entity=mon.0 client_cookie=8cb218b1ce209551 server_cookie=0 in_seq=0 out_seq=0
2023-07-14T19:20:44.661 INFO:teuthology.orchestra.run.smithi082.stdout:/usr/bin/ceph: stderr
2023-07-14T19:20:44.107+0000 7f2853fff700 1 -- 172.21.15.82:0/1382071048 <== mon.0 v2:172.21.15.82:3300/0 1 ==== mon_map magic: 0 v1 ==== 205+0+0 (secure 0 0 0) 0x7f284c004160 con 0x7f285c1042f0
2023-07-14T19:20:44.661 INFO:teuthology.orchestra.run.smithi082.stdout:/usr/bin/ceph: stderr
2023-07-14T19:20:44.107+0000 7f2853fff700 1 -- 172.21.15.82:0/1382071048 <== mon.0 v2:172.21.15.82:3300/0 2 ==== config(26 keys) v1 ==== 1074+0+0 (secure 0 0 0) 0x7f284c0042c0 con 0x7f285c1042f0
2023-07-14T19:20:44.661 INFO:teuthology.orchestra.run.smithi082.stdout:/usr/bin/ceph: stderr
2023-07-14T19:20:44.107+0000 7f2853fff700 1 -- 172.21.15.82:0/1382071048 <== mon.0 v2:172.21.15.82:3300/0 3 ==== mon_map magic: 0 v1 ==== 205+0+0 (secure 0 0 0) 0x7f284c011a00 con 0x7f285c1042f0
2023-07-14T19:20:44.661 INFO:teuthology.orchestra.run.smithi082.stdout:/usr/bin/ceph: stderr
2023-07-14T19:20:44.107+0000 7f28633e0700 1 -- 172.21.15.82:0/1382071048 >> [v2:172.21.15.82:3300/0,v1:172.21.15.82:6789/0] conn(0x7f285c1042f0 msgr2=0x7f285c104700 secure :-1 s=STATE_CONNECTION_ESTABLISHED l=1).mark_down
2023-07-14T19:20:44.661 INFO:teuthology.orchestra.run.smithi082.stdout:/usr/bin/ceph: stderr
2023-07-14T19:20:44.107+0000 7f28633e0700 1 --2- 172.21.15.82:0/1382071048 >> [v2:172.21.15.82:3300/0,v1:172.21.15.82:6789/0] conn(0x7f285c1042f0 0x7f285c104700 secure :-1 s=READY pgs=37 cs=0 l=1 rev1=1 crypto rx=0x7f284c0098a0 tx=0x7f284c009bb0 comp rx=0 tx=0).stop
2023-07-14T19:20:44.662 INFO:teuthology.orchestra.run.smithi082.stdout:/usr/bin/ceph: stderr
2023-07-14T19:20:44.107+0000 7f28633e0700 1 -- 172.21.15.82:0/1382071048 shutdown_connections
2023-07-14T19:20:44.662 INFO:teuthology.orchestra.run.smithi082.stdout:/usr/bin/ceph: stderr
2023-07-14T19:20:44.107+0000 7f28633e0700 1 --2- 172.21.15.82:0/1382071048 >> [v2:172.21.15.82:3300/0,v1:172.21.15.82:6789/0] conn(0x7f285c1042f0 0x7f285c104700 unknown :-1 s=CLOSED pgs=37 cs=0 l=1 rev1=1 crypto rx=0 tx=0 comp rx=0 tx=0).stop
2023-07-14T19:20:44.662 INFO:teuthology.orchestra.run.smithi082.stdout:/usr/bin/ceph: stderr
2023-07-14T19:20:44.107+0000 7f28633e0700 1 -- 172.21.15.82:0/1382071048 >> 172.21.15.82:0/1382071048 conn(0x7f285c0ff9a0 msgr2=0x7f285c101db0 unknown :-1 s=STATE_NONE l=0).mark_down
2023-07-14T19:20:44.662 INFO:teuthology.orchestra.run.smithi082.stdout:/usr/bin/ceph: stderr
2023-07-14T19:20:44.107+0000 7f28633e0700 1 -- 172.21.15.82:0/1382071048 shutdown_connections
2023-07-14T19:20:44.662 INFO:teuthology.orchestra.run.smithi082.stdout:/usr/bin/ceph: stderr
2023-07-14T19:20:44.107+0000 7f28633e0700 1 -- 172.21.15.82:0/1382071048 wait complete.
2023-07-14T19:20:44.662 INFO:teuthology.orchestra.run.smithi082.stdout:/usr/bin/ceph: stderr
2023-07-14T19:20:44.108+0000 7f28633e0700 1 Processor -- start
2023-07-14T19:20:44.662 INFO:teuthology.orchestra.run.smithi082.stdout:/usr/bin/ceph: stderr
2023-07-14T19:20:44.108+0000 7f28633e0700 1 -- start start
2023-07-14T19:20:44.662 INFO:teuthology.orchestra.run.smithi082.stdout:/usr/bin/ceph: stderr
2023-07-14T19:20:44.108+0000 7f28633e0700 1 --2- >> [v2:172.21.15.82:3300/0,v1:172.21.15.82:6789/0] conn(0x7f285c1042f0 0x7f285c18f470 unknown :-1 s=NONE pgs=0 cs=0 l=1 rev1=0 crypto rx=0 tx=0 comp rx=0 tx=0).connect
2023-07-14T19:20:44.663 INFO:teuthology.orchestra.run.smithi082.stdout:/usr/bin/ceph: stderr
2023-07-14T19:20:44.108+0000 7f28633e0700 1 -- --> [v2:172.21.15.82:3300/0,v1:172.21.15.82:6789/0] -- mon_getmap magic: 0 v1 -- 0x7f285c18f9b0 con 0x7f285c1042f0
2023-07-14T19:20:44.663 INFO:teuthology.orchestra.run.smithi082.stdout:/usr/bin/ceph: stderr
2023-07-14T19:20:44.108+0000 7f286117c700 1 --2- >> [v2:172.21.15.82:3300/0,v1:172.21.15.82:6789/0] conn(0x7f285c1042f0 0x7f285c18f470 unknown :-1 s=BANNER_CONNECTING pgs=0 cs=0 l=1 rev1=0 crypto rx=0 tx=0 comp rx=0 tx=0)._handle_peer_banner_payload supported=3 required=0
2023-07-14T19:20:44.663 INFO:teuthology.orchestra.run.smithi082.stdout:/usr/bin/ceph: stderr
2023-07-14T19:20:44.108+0000 7f286117c700 1 --2- >> [v2:172.21.15.82:3300/0,v1:172.21.15.82:6789/0] conn(0x7f285c1042f0 0x7f285c18f470 unknown :-1 s=HELLO_CONNECTING pgs=0 cs=0 l=1 rev1=1 crypto rx=0 tx=0 comp rx=0 tx=0).handle_hello peer v2:172.21.15.82:3300/0 says I am v2:172.21.15.82:39550/0 (socket says 172.21.15.82:39550)
2023-07-14T19:20:44.663 INFO:teuthology.orchestra.run.smithi082.stdout:/usr/bin/ceph: stderr
2023-07-14T19:20:44.108+0000 7f286117c700 1 -- 172.21.15.82:0/19878377 learned_addr learned my addr 172.21.15.82:0/19878377 (peer_addr_for_me v2:172.21.15.82:0/0)
2023-07-14T19:20:44.663 INFO:teuthology.orchestra.run.smithi082.stdout:/usr/bin/ceph: stderr
2023-07-14T19:20:44.108+0000 7f286117c700 1 -- 172.21.15.82:0/19878377 --> [v2:172.21.15.82:3300/0,v1:172.21.15.82:6789/0] -- mon_subscribe({config=0+,monmap=0+}) v3 -- 0x7f284c009550 con 0x7f285c1042f0
2023-07-14T19:20:44.663 INFO:teuthology.orchestra.run.smithi082.stdout:/usr/bin/ceph: stderr
2023-07-14T19:20:44.108+0000 7f286117c700 1 --2- 172.21.15.82:0/19878377 >> [v2:172.21.15.82:3300/0,v1:172.21.15.82:6789/0] conn(0x7f285c1042f0 0x7f285c18f470 secure :-1 s=READY pgs=38 cs=0 l=1 rev1=1 crypto rx=0x7f284c009fb0 tx=0x7f284c011ad0 comp rx=0 tx=0).ready entity=mon.0 client_cookie=0 server_cookie=0 in_seq=0 out_seq=0
2023-07-14T19:20:44.663 INFO:teuthology.orchestra.run.smithi082.stdout:/usr/bin/ceph: stderr
2023-07-14T19:20:44.109+0000 7f28527fc700 1 -- 172.21.15.82:0/19878377 <== mon.0 v2:172.21.15.82:3300/0 1 ==== mon_map magic: 0 v1 ==== 205+0+0 (secure 0 0 0) 0x7f284c003930 con 0x7f285c1042f0
2023-07-14T19:20:44.663 INFO:teuthology.orchestra.run.smithi082.stdout:/usr/bin/ceph: stderr
