2023-07-14T19:20:44.109+0000 7f28527fc700 1 -- 172.21.15.82:0/19878377 <== mon.0 v2:172.21.15.82:3300/0 2 ==== config(26 keys) v1 ==== 1074+0+0 (secure 0 0 0) 0x7f284c003a90 con 0x7f285c1042f0
2023-07-14T19:20:44.664 INFO:teuthology.orchestra.run.smithi082.stdout:/usr/bin/ceph: stderr
2023-07-14T19:20:44.109+0000 7f28633e0700 1 -- 172.21.15.82:0/19878377 --> [v2:172.21.15.82:3300/0,v1:172.21.15.82:6789/0] -- mon_subscribe({mgrmap=0+}) v3 -- 0x7f285c18dac0 con 0x7f285c1042f0
2023-07-14T19:20:44.664 INFO:teuthology.orchestra.run.smithi082.stdout:/usr/bin/ceph: stderr
2023-07-14T19:20:44.109+0000 7f28527fc700 1 -- 172.21.15.82:0/19878377 <== mon.0 v2:172.21.15.82:3300/0 3 ==== mon_map magic: 0 v1 ==== 205+0+0 (secure 0 0 0) 0x7f284c019610 con 0x7f285c1042f0
2023-07-14T19:20:44.664 INFO:teuthology.orchestra.run.smithi082.stdout:/usr/bin/ceph: stderr
2023-07-14T19:20:44.109+0000 7f28633e0700 1 -- 172.21.15.82:0/19878377 --> [v2:172.21.15.82:3300/0,v1:172.21.15.82:6789/0] -- mon_subscribe({osdmap=0}) v3 -- 0x7f285c18dee0 con 0x7f285c1042f0
2023-07-14T19:20:44.664 INFO:teuthology.orchestra.run.smithi082.stdout:/usr/bin/ceph: stderr
2023-07-14T19:20:44.110+0000 7f28527fc700 1 -- 172.21.15.82:0/19878377 <== mon.0 v2:172.21.15.82:3300/0 4 ==== mgrmap(e 7) v1 ==== 45377+0+0 (secure 0 0 0) 0x7f284c0198d0 con 0x7f285c1042f0
2023-07-14T19:20:44.664 INFO:teuthology.orchestra.run.smithi082.stdout:/usr/bin/ceph: stderr
2023-07-14T19:20:44.110+0000 7f28633e0700 1 -- 172.21.15.82:0/19878377 --> [v2:172.21.15.82:3300/0,v1:172.21.15.82:6789/0] -- mon_command({"prefix": "get_command_descriptions"} v 0) v1 -- 0x7f285c061c70 con 0x7f285c1042f0
2023-07-14T19:20:44.664 INFO:teuthology.orchestra.run.smithi082.stdout:/usr/bin/ceph: stderr
2023-07-14T19:20:44.110+0000 7f28527fc700 1 --2- 172.21.15.82:0/19878377 >> [v2:172.21.15.82:6800/1035467551,v1:172.21.15.82:6801/1035467551] conn(0x7f28480385a0 0x7f284803aa50 unknown :-1 s=NONE pgs=0 cs=0 l=1 rev1=0 crypto rx=0 tx=0 comp rx=0 tx=0).connect
2023-07-14T19:20:44.664 INFO:teuthology.orchestra.run.smithi082.stdout:/usr/bin/ceph: stderr
2023-07-14T19:20:44.110+0000 7f28527fc700 1 -- 172.21.15.82:0/19878377 <== mon.0 v2:172.21.15.82:3300/0 5 ==== osd_map(2..2 src has 1..2) v4 ==== 940+0+0 (secure 0 0 0) 0x7f284c04c880 con 0x7f285c1042f0
2023-07-14T19:20:44.665 INFO:teuthology.orchestra.run.smithi082.stdout:/usr/bin/ceph: stderr
2023-07-14T19:20:44.110+0000 7f286097b700 1 --2- 172.21.15.82:0/19878377 >> [v2:172.21.15.82:6800/1035467551,v1:172.21.15.82:6801/1035467551] conn(0x7f28480385a0 0x7f284803aa50 unknown :-1 s=BANNER_CONNECTING pgs=0 cs=0 l=1 rev1=0 crypto rx=0 tx=0 comp rx=0 tx=0)._handle_peer_banner_payload supported=3 required=0
2023-07-14T19:20:44.665 INFO:teuthology.orchestra.run.smithi082.stdout:/usr/bin/ceph: stderr
2023-07-14T19:20:44.110+0000 7f286097b700 1 --2- 172.21.15.82:0/19878377 >> [v2:172.21.15.82:6800/1035467551,v1:172.21.15.82:6801/1035467551] conn(0x7f28480385a0 0x7f284803aa50 secure :-1 s=READY pgs=7 cs=0 l=1 rev1=1 crypto rx=0x7f2858006fd0 tx=0x7f2858006e40 comp rx=0 tx=0).ready entity=mgr.14120 client_cookie=0 server_cookie=0 in_seq=0 out_seq=0
2023-07-14T19:20:44.665 INFO:teuthology.orchestra.run.smithi082.stdout:/usr/bin/ceph: stderr
2023-07-14T19:20:44.115+0000 7f28527fc700 1 -- 172.21.15.82:0/19878377 <== mon.0 v2:172.21.15.82:3300/0 6 ==== mon_command_ack([{"prefix": "get_command_descriptions"}]=0 v0) v1 ==== 72+0+178025 (secure 0 0 0) 0x7f284c02b340 con 0x7f285c1042f0
2023-07-14T19:20:44.665 INFO:teuthology.orchestra.run.smithi082.stdout:/usr/bin/ceph: stderr
2023-07-14T19:20:44.317+0000 7f28633e0700 1 -- 172.21.15.82:0/19878377 --> [v2:172.21.15.82:6800/1035467551,v1:172.21.15.82:6801/1035467551] -- mgr_command(tid 0: {"prefix": "orch set backend", "module_name": "cephadm", "target": ["mon-mgr", ""]}) v1 -- 0x7f285c101b00 con 0x7f28480385a0
2023-07-14T19:20:44.665 INFO:teuthology.orchestra.run.smithi082.stdout:/usr/bin/ceph: stderr
2023-07-14T19:20:44.323+0000 7f28527fc700 1 -- 172.21.15.82:0/19878377 <== mgr.14120 v2:172.21.15.82:6800/1035467551 1 ==== mgr_command_reply(tid 0: 0 ) v1 ==== 8+0+0 (secure 0 0 0) 0x7f285c101b00 con 0x7f28480385a0
2023-07-14T19:20:44.665 INFO:teuthology.orchestra.run.smithi082.stdout:/usr/bin/ceph: stderr
2023-07-14T19:20:44.325+0000 7f28633e0700 1 -- 172.21.15.82:0/19878377 >> [v2:172.21.15.82:6800/1035467551,v1:172.21.15.82:6801/1035467551] conn(0x7f28480385a0 msgr2=0x7f284803aa50 secure :-1 s=STATE_CONNECTION_ESTABLISHED l=1).mark_down
2023-07-14T19:20:44.665 INFO:teuthology.orchestra.run.smithi082.stdout:/usr/bin/ceph: stderr
2023-07-14T19:20:44.325+0000 7f28633e0700 1 --2- 172.21.15.82:0/19878377 >> [v2:172.21.15.82:6800/1035467551,v1:172.21.15.82:6801/1035467551] conn(0x7f28480385a0 0x7f284803aa50 secure :-1 s=READY pgs=7 cs=0 l=1 rev1=1 crypto rx=0x7f2858006fd0 tx=0x7f2858006e40 comp rx=0 tx=0).stop
2023-07-14T19:20:44.665 INFO:teuthology.orchestra.run.smithi082.stdout:/usr/bin/ceph: stderr
2023-07-14T19:20:44.325+0000 7f28633e0700 1 -- 172.21.15.82:0/19878377 >> [v2:172.21.15.82:3300/0,v1:172.21.15.82:6789/0] conn(0x7f285c1042f0 msgr2=0x7f285c18f470 secure :-1 s=STATE_CONNECTION_ESTABLISHED l=1).mark_down
2023-07-14T19:20:44.666 INFO:teuthology.orchestra.run.smithi082.stdout:/usr/bin/ceph: stderr
2023-07-14T19:20:44.325+0000 7f28633e0700 1 --2- 172.21.15.82:0/19878377 >> [v2:172.21.15.82:3300/0,v1:172.21.15.82:6789/0] conn(0x7f285c1042f0 0x7f285c18f470 secure :-1 s=READY pgs=38 cs=0 l=1 rev1=1 crypto rx=0x7f284c009fb0 tx=0x7f284c011ad0 comp rx=0 tx=0).stop
2023-07-14T19:20:44.666 INFO:teuthology.orchestra.run.smithi082.stdout:/usr/bin/ceph: stderr
2023-07-14T19:20:44.325+0000 7f28633e0700 1 -- 172.21.15.82:0/19878377 shutdown_connections
2023-07-14T19:20:44.666 INFO:teuthology.orchestra.run.smithi082.stdout:/usr/bin/ceph: stderr
2023-07-14T19:20:44.325+0000 7f28633e0700 1 --2- 172.21.15.82:0/19878377 >> [v2:172.21.15.82:6800/1035467551,v1:172.21.15.82:6801/1035467551] conn(0x7f28480385a0 0x7f284803aa50 unknown :-1 s=CLOSED pgs=7 cs=0 l=1 rev1=1 crypto rx=0 tx=0 comp rx=0 tx=0).stop
2023-07-14T19:20:44.666 INFO:teuthology.orchestra.run.smithi082.stdout:/usr/bin/ceph: stderr
2023-07-14T19:20:44.325+0000 7f28633e0700 1 --2- 172.21.15.82:0/19878377 >> [v2:172.21.15.82:3300/0,v1:172.21.15.82:6789/0] conn(0x7f285c1042f0 0x7f285c18f470 unknown :-1 s=CLOSED pgs=38 cs=0 l=1 rev1=1 crypto rx=0 tx=0 comp rx=0 tx=0).stop
2023-07-14T19:20:44.666 INFO:teuthology.orchestra.run.smithi082.stdout:/usr/bin/ceph: stderr
2023-07-14T19:20:44.325+0000 7f28633e0700 1 -- 172.21.15.82:0/19878377 >> 172.21.15.82:0/19878377 conn(0x7f285c0ff9a0 msgr2=0x7f285c0798a0 unknown :-1 s=STATE_NONE l=0).mark_down
2023-07-14T19:20:44.666 INFO:teuthology.orchestra.run.smithi082.stdout:/usr/bin/ceph: stderr
2023-07-14T19:20:44.325+0000 7f28633e0700 1 -- 172.21.15.82:0/19878377 shutdown_connections
2023-07-14T19:20:44.666 INFO:teuthology.orchestra.run.smithi082.stdout:/usr/bin/ceph: stderr
2023-07-14T19:20:44.325+0000 7f28633e0700 1 -- 172.21.15.82:0/19878377 wait complete.
2023-07-14T19:20:45.602 INFO:teuthology.orchestra.run.smithi082.stdout:/usr/bin/ceph: stdout value unchanged
2023-07-14T19:20:45.603 INFO:teuthology.orchestra.run.smithi082.stdout:/usr/bin/ceph: stderr
2023-07-14T19:20:45.085+0000 7f176c072700 1 Processor -- start
2023-07-14T19:20:45.603 INFO:teuthology.orchestra.run.smithi082.stdout:/usr/bin/ceph: stderr
2023-07-14T19:20:45.085+0000 7f176c072700 1 -- start start
2023-07-14T19:20:45.603 INFO:teuthology.orchestra.run.smithi082.stdout:/usr/bin/ceph: stderr
2023-07-14T19:20:45.085+0000 7f176c072700 1 --2- >> [v2:172.21.15.82:3300/0,v1:172.21.15.82:6789/0] conn(0x7f1764105f40 0x7f1764108320 unknown :-1 s=NONE pgs=0 cs=0 l=0 rev1=0 crypto rx=0 tx=0 comp rx=0 tx=0).connect
2023-07-14T19:20:45.603 INFO:teuthology.orchestra.run.smithi082.stdout:/usr/bin/ceph: stderr
2023-07-14T19:20:45.085+0000 7f176c072700 1 -- --> [v2:172.21.15.82:3300/0,v1:172.21.15.82:6789/0] -- mon_getmap magic: 0 v1 -- 0x7f1764079d20 con 0x7f1764105f40
2023-07-14T19:20:45.603 INFO:teuthology.orchestra.run.smithi082.stdout:/usr/bin/ceph: stderr
2023-07-14T19:20:45.085+0000 7f1769e0e700 1 --2- >> [v2:172.21.15.82:3300/0,v1:172.21.15.82:6789/0] conn(0x7f1764105f40 0x7f1764108320 unknown :-1 s=BANNER_CONNECTING pgs=0 cs=0 l=0 rev1=0 crypto rx=0 tx=0 comp rx=0 tx=0)._handle_peer_banner_payload supported=3 required=0
2023-07-14T19:20:45.604 INFO:teuthology.orchestra.run.smithi082.stdout:/usr/bin/ceph: stderr
2023-07-14T19:20:45.085+0000 7f1769e0e700 1 --2- >> [v2:172.21.15.82:3300/0,v1:172.21.15.82:6789/0] conn(0x7f1764105f40 0x7f1764108320 unknown :-1 s=HELLO_CONNECTING pgs=0 cs=0 l=0 rev1=1 crypto rx=0 tx=0 comp rx=0 tx=0).handle_hello peer v2:172.21.15.82:3300/0 says I am v2:172.21.15.82:39554/0 (socket says 172.21.15.82:39554)
2023-07-14T19:20:45.604 INFO:teuthology.orchestra.run.smithi082.stdout:/usr/bin/ceph: stderr
2023-07-14T19:20:45.085+0000 7f1769e0e700 1 -- 172.21.15.82:0/3052720483 learned_addr learned my addr 172.21.15.82:0/3052720483 (peer_addr_for_me v2:172.21.15.82:0/0)
2023-07-14T19:20:45.604 INFO:teuthology.orchestra.run.smithi082.stdout:/usr/bin/ceph: stderr
2023-07-14T19:20:45.086+0000 7f1769e0e700 1 -- 172.21.15.82:0/3052720483 --> [v2:172.21.15.82:3300/0,v1:172.21.15.82:6789/0] -- mon_subscribe({config=0+,monmap=0+}) v3 -- 0x7f1764079e60 con 0x7f1764105f40
2023-07-14T19:20:45.604 INFO:teuthology.orchestra.run.smithi082.stdout:/usr/bin/ceph: stderr
2023-07-14T19:20:45.086+0000 7f1769e0e700 1 --2- 172.21.15.82:0/3052720483 >> [v2:172.21.15.82:3300/0,v1:172.21.15.82:6789/0] conn(0x7f1764105f40 0x7f1764108320 secure :-1 s=READY pgs=39 cs=0 l=1 rev1=1 crypto rx=0x7f17600098a0 tx=0x7f1760009bb0 comp rx=0 tx=0).ready entity=mon.0 client_cookie=ed13d9933016e2cf server_cookie=0 in_seq=0 out_seq=0
2023-07-14T19:20:45.604 INFO:teuthology.orchestra.run.smithi082.stdout:/usr/bin/ceph: stderr
2023-07-14T19:20:45.086+0000 7f1768e0c700 1 -- 172.21.15.82:0/3052720483 <== mon.0 v2:172.21.15.82:3300/0 1 ==== mon_map magic: 0 v1 ==== 205+0+0 (secure 0 0 0) 0x7f1760004160 con 0x7f1764105f40
2023-07-14T19:20:45.604 INFO:teuthology.orchestra.run.smithi082.stdout:/usr/bin/ceph: stderr
2023-07-14T19:20:45.086+0000 7f1768e0c700 1 -- 172.21.15.82:0/3052720483 <== mon.0 v2:172.21.15.82:3300/0 2 ==== config(26 keys) v1 ==== 1074+0+0 (secure 0 0 0) 0x7f17600042c0 con 0x7f1764105f40
2023-07-14T19:20:45.605 INFO:teuthology.orchestra.run.smithi082.stdout:/usr/bin/ceph: stderr
2023-07-14T19:20:45.086+0000 7f1768e0c700 1 -- 172.21.15.82:0/3052720483 <== mon.0 v2:172.21.15.82:3300/0 3 ==== mon_map magic: 0 v1 ==== 205+0+0 (secure 0 0 0) 0x7f1760011a00 con 0x7f1764105f40
2023-07-14T19:20:45.605 INFO:teuthology.orchestra.run.smithi082.stdout:/usr/bin/ceph: stderr
2023-07-14T19:20:45.086+0000 7f176c072700 1 -- 172.21.15.82:0/3052720483 >> [v2:172.21.15.82:3300/0,v1:172.21.15.82:6789/0] conn(0x7f1764105f40 msgr2=0x7f1764108320 secure :-1 s=STATE_CONNECTION_ESTABLISHED l=1).mark_down
2023-07-14T19:20:45.605 INFO:teuthology.orchestra.run.smithi082.stdout:/usr/bin/ceph: stderr
2023-07-14T19:20:45.086+0000 7f176c072700 1 --2- 172.21.15.82:0/3052720483 >> [v2:172.21.15.82:3300/0,v1:172.21.15.82:6789/0] conn(0x7f1764105f40 0x7f1764108320 secure :-1 s=READY pgs=39 cs=0 l=1 rev1=1 crypto rx=0x7f17600098a0 tx=0x7f1760009bb0 comp rx=0 tx=0).stop
2023-07-14T19:20:45.605 INFO:teuthology.orchestra.run.smithi082.stdout:/usr/bin/ceph: stderr
2023-07-14T19:20:45.087+0000 7f176c072700 1 -- 172.21.15.82:0/3052720483 shutdown_connections
2023-07-14T19:20:45.605 INFO:teuthology.orchestra.run.smithi082.stdout:/usr/bin/ceph: stderr
2023-07-14T19:20:45.087+0000 7f176c072700 1 --2- 172.21.15.82:0/3052720483 >> [v2:172.21.15.82:3300/0,v1:172.21.15.82:6789/0] conn(0x7f1764105f40 0x7f1764108320 unknown :-1 s=CLOSED pgs=39 cs=0 l=1 rev1=1 crypto rx=0 tx=0 comp rx=0 tx=0).stop
2023-07-14T19:20:45.605 INFO:teuthology.orchestra.run.smithi082.stdout:/usr/bin/ceph: stderr
2023-07-14T19:20:45.087+0000 7f176c072700 1 -- 172.21.15.82:0/3052720483 >> 172.21.15.82:0/3052720483 conn(0x7f17640ff9a0 msgr2=0x7f1764101db0 unknown :-1 s=STATE_NONE l=0).mark_down
2023-07-14T19:20:45.606 INFO:teuthology.orchestra.run.smithi082.stdout:/usr/bin/ceph: stderr
2023-07-14T19:20:45.087+0000 7f176c072700 1 -- 172.21.15.82:0/3052720483 shutdown_connections
2023-07-14T19:20:45.606 INFO:teuthology.orchestra.run.smithi082.stdout:/usr/bin/ceph: stderr
2023-07-14T19:20:45.087+0000 7f176c072700 1 -- 172.21.15.82:0/3052720483 wait complete.
2023-07-14T19:20:45.606 INFO:teuthology.orchestra.run.smithi082.stdout:/usr/bin/ceph: stderr
2023-07-14T19:20:45.087+0000 7f176c072700 1 Processor -- start
2023-07-14T19:20:45.606 INFO:teuthology.orchestra.run.smithi082.stdout:/usr/bin/ceph: stderr
2023-07-14T19:20:45.087+0000 7f176c072700 1 -- start start
2023-07-14T19:20:45.606 INFO:teuthology.orchestra.run.smithi082.stdout:/usr/bin/ceph: stderr
2023-07-14T19:20:45.087+0000 7f176c072700 1 --2- >> [v2:172.21.15.82:3300/0,v1:172.21.15.82:6789/0] conn(0x7f1764105f40 0x7f17641058a0 unknown :-1 s=NONE pgs=0 cs=0 l=1 rev1=0 crypto rx=0 tx=0 comp rx=0 tx=0).connect
2023-07-14T19:20:45.606 INFO:teuthology.orchestra.run.smithi082.stdout:/usr/bin/ceph: stderr
2023-07-14T19:20:45.087+0000 7f176c072700 1 -- --> [v2:172.21.15.82:3300/0,v1:172.21.15.82:6789/0] -- mon_getmap magic: 0 v1 -- 0x7f1764105de0 con 0x7f1764105f40
2023-07-14T19:20:45.606 INFO:teuthology.orchestra.run.smithi082.stdout:/usr/bin/ceph: stderr
2023-07-14T19:20:45.087+0000 7f1769e0e700 1 --2- >> [v2:172.21.15.82:3300/0,v1:172.21.15.82:6789/0] conn(0x7f1764105f40 0x7f17641058a0 unknown :-1 s=BANNER_CONNECTING pgs=0 cs=0 l=1 rev1=0 crypto rx=0 tx=0 comp rx=0 tx=0)._handle_peer_banner_payload supported=3 required=0
2023-07-14T19:20:45.606 INFO:teuthology.orchestra.run.smithi082.stdout:/usr/bin/ceph: stderr
2023-07-14T19:20:45.088+0000 7f1769e0e700 1 --2- >> [v2:172.21.15.82:3300/0,v1:172.21.15.82:6789/0] conn(0x7f1764105f40 0x7f17641058a0 unknown :-1 s=HELLO_CONNECTING pgs=0 cs=0 l=1 rev1=1 crypto rx=0 tx=0 comp rx=0 tx=0).handle_hello peer v2:172.21.15.82:3300/0 says I am v2:172.21.15.82:39556/0 (socket says 172.21.15.82:39556)
2023-07-14T19:20:45.607 INFO:teuthology.orchestra.run.smithi082.stdout:/usr/bin/ceph: stderr
2023-07-14T19:20:45.088+0000 7f1769e0e700 1 -- 172.21.15.82:0/3425151650 learned_addr learned my addr 172.21.15.82:0/3425151650 (peer_addr_for_me v2:172.21.15.82:0/0)
2023-07-14T19:20:45.607 INFO:teuthology.orchestra.run.smithi082.stdout:/usr/bin/ceph: stderr
2023-07-14T19:20:45.088+0000 7f1769e0e700 1 -- 172.21.15.82:0/3425151650 --> [v2:172.21.15.82:3300/0,v1:172.21.15.82:6789/0] -- mon_subscribe({config=0+,monmap=0+}) v3 -- 0x7f1760009550 con 0x7f1764105f40
2023-07-14T19:20:45.607 INFO:teuthology.orchestra.run.smithi082.stdout:/usr/bin/ceph: stderr
2023-07-14T19:20:45.088+0000 7f1769e0e700 1 --2- 172.21.15.82:0/3425151650 >> [v2:172.21.15.82:3300/0,v1:172.21.15.82:6789/0] conn(0x7f1764105f40 0x7f17641058a0 secure :-1 s=READY pgs=40 cs=0 l=1 rev1=1 crypto rx=0x7f1760006af0 tx=0x7f1760011ad0 comp rx=0 tx=0).ready entity=mon.0 client_cookie=0 server_cookie=0 in_seq=0 out_seq=0
2023-07-14T19:20:45.607 INFO:teuthology.orchestra.run.smithi082.stdout:/usr/bin/ceph: stderr
2023-07-14T19:20:45.088+0000 7f175affd700 1 -- 172.21.15.82:0/3425151650 <== mon.0 v2:172.21.15.82:3300/0 1 ==== mon_map magic: 0 v1 ==== 205+0+0 (secure 0 0 0) 0x7f1760003a40 con 0x7f1764105f40
2023-07-14T19:20:45.607 INFO:teuthology.orchestra.run.smithi082.stdout:/usr/bin/ceph: stderr
2023-07-14T19:20:45.088+0000 7f176c072700 1 -- 172.21.15.82:0/3425151650 --> [v2:172.21.15.82:3300/0,v1:172.21.15.82:6789/0] -- mon_subscribe({mgrmap=0+}) v3 -- 0x7f1764103f50 con 0x7f1764105f40
2023-07-14T19:20:45.607 INFO:teuthology.orchestra.run.smithi082.stdout:/usr/bin/ceph: stderr
2023-07-14T19:20:45.088+0000 7f175affd700 1 -- 172.21.15.82:0/3425151650 <== mon.0 v2:172.21.15.82:3300/0 2 ==== config(26 keys) v1 ==== 1074+0+0 (secure 0 0 0) 0x7f1760003ba0 con 0x7f1764105f40
2023-07-14T19:20:45.607 INFO:teuthology.orchestra.run.smithi082.stdout:/usr/bin/ceph: stderr
2023-07-14T19:20:45.088+0000 7f175affd700 1 -- 172.21.15.82:0/3425151650 <== mon.0 v2:172.21.15.82:3300/0 3 ==== mon_map magic: 0 v1 ==== 205+0+0 (secure 0 0 0) 0x7f176001a700 con 0x7f1764105f40
2023-07-14T19:20:45.608 INFO:teuthology.orchestra.run.smithi082.stdout:/usr/bin/ceph: stderr
2023-07-14T19:20:45.088+0000 7f176c072700 1 -- 172.21.15.82:0/3425151650 --> [v2:172.21.15.82:3300/0,v1:172.21.15.82:6789/0] -- mon_subscribe({osdmap=0}) v3 -- 0x7f17641043d0 con 0x7f1764105f40
2023-07-14T19:20:45.608 INFO:teuthology.orchestra.run.smithi082.stdout:/usr/bin/ceph: stderr
2023-07-14T19:20:45.089+0000 7f175affd700 1 -- 172.21.15.82:0/3425151650 <== mon.0 v2:172.21.15.82:3300/0 4 ==== mgrmap(e 7) v1 ==== 45377+0+0 (secure 0 0 0) 0x7f1760024430 con 0x7f1764105f40
2023-07-14T19:20:45.608 INFO:teuthology.orchestra.run.smithi082.stdout:/usr/bin/ceph: stderr
2023-07-14T19:20:45.089+0000 7f176c072700 1 -- 172.21.15.82:0/3425151650 --> [v2:172.21.15.82:3300/0,v1:172.21.15.82:6789/0] -- mon_command({"prefix": "get_command_descriptions"} v 0) v1 -- 0x7f1764109460 con 0x7f1764105f40
2023-07-14T19:20:45.608 INFO:teuthology.orchestra.run.smithi082.stdout:/usr/bin/ceph: stderr
2023-07-14T19:20:45.089+0000 7f175affd700 1 --2- 172.21.15.82:0/3425151650 >> [v2:172.21.15.82:6800/1035467551,v1:172.21.15.82:6801/1035467551] conn(0x7f17500385e0 0x7f175003aa90 unknown :-1 s=NONE pgs=0 cs=0 l=1 rev1=0 crypto rx=0 tx=0 comp rx=0 tx=0).connect
2023-07-14T19:20:45.608 INFO:teuthology.orchestra.run.smithi082.stdout:/usr/bin/ceph: stderr
2023-07-14T19:20:45.089+0000 7f175affd700 1 -- 172.21.15.82:0/3425151650 <== mon.0 v2:172.21.15.82:3300/0 5 ==== osd_map(2..2 src has 1..2) v4 ==== 940+0+0 (secure 0 0 0) 0x7f176004c520 con 0x7f1764105f40
2023-07-14T19:20:45.608 INFO:teuthology.orchestra.run.smithi082.stdout:/usr/bin/ceph: stderr
2023-07-14T19:20:45.089+0000 7f176960d700 1 --2- 172.21.15.82:0/3425151650 >> [v2:172.21.15.82:6800/1035467551,v1:172.21.15.82:6801/1035467551] conn(0x7f17500385e0 0x7f175003aa90 unknown :-1 s=BANNER_CONNECTING pgs=0 cs=0 l=1 rev1=0 crypto rx=0 tx=0 comp rx=0 tx=0)._handle_peer_banner_payload supported=3 required=0
2023-07-14T19:20:45.608 INFO:teuthology.orchestra.run.smithi082.stdout:/usr/bin/ceph: stderr
2023-07-14T19:20:45.090+0000 7f176960d700 1 --2- 172.21.15.82:0/3425151650 >> [v2:172.21.15.82:6800/1035467551,v1:172.21.15.82:6801/1035467551] conn(0x7f17500385e0 0x7f175003aa90 secure :-1 s=READY pgs=8 cs=0 l=1 rev1=1 crypto rx=0x7f1754006fd0 tx=0x7f1754006e40 comp rx=0 tx=0).ready entity=mgr.14120 client_cookie=0 server_cookie=0 in_seq=0 out_seq=0
2023-07-14T19:20:45.609 INFO:teuthology.orchestra.run.smithi082.stdout:/usr/bin/ceph: stderr
2023-07-14T19:20:45.094+0000 7f175affd700 1 -- 172.21.15.82:0/3425151650 <== mon.0 v2:172.21.15.82:3300/0 6 ==== mon_command_ack([{"prefix": "get_command_descriptions"}]=0 v0) v1 ==== 72+0+178025 (secure 0 0 0) 0x7f1760018b80 con 0x7f1764105f40
2023-07-14T19:20:45.609 INFO:teuthology.orchestra.run.smithi082.stdout:/usr/bin/ceph: stderr
2023-07-14T19:20:45.187+0000 7f175affd700 1 -- 172.21.15.82:0/3425151650 <== mon.0 v2:172.21.15.82:3300/0 7 ==== mgrmap(e 8) v1 ==== 45483+0+0 (secure 0 0 0) 0x7f176002d930 con 0x7f1764105f40
2023-07-14T19:20:45.609 INFO:teuthology.orchestra.run.smithi082.stdout:/usr/bin/ceph: stderr
2023-07-14T19:20:45.281+0000 7f176c072700 1 -- 172.21.15.82:0/3425151650 --> [v2:172.21.15.82:6800/1035467551,v1:172.21.15.82:6801/1035467551] -- mgr_command(tid 0: {"prefix": "cephadm set-user", "user": "root", "target": ["mon-mgr", ""]}) v1 -- 0x7f1764101c90 con 0x7f17500385e0
2023-07-14T19:20:45.609 INFO:teuthology.orchestra.run.smithi082.stdout:/usr/bin/ceph: stderr
2023-07-14T19:20:45.281+0000 7f175affd700 1 -- 172.21.15.82:0/3425151650 <== mgr.14120 v2:172.21.15.82:6800/1035467551 1 ==== mgr_command_reply(tid 0: 0 ) v1 ==== 8+0+16 (secure 0 0 0) 0x7f1764101c90 con 0x7f17500385e0
2023-07-14T19:20:45.609 INFO:teuthology.orchestra.run.smithi082.stdout:/usr/bin/ceph: stderr
2023-07-14T19:20:45.283+0000 7f176c072700 1 -- 172.21.15.82:0/3425151650 >> [v2:172.21.15.82:6800/1035467551,v1:172.21.15.82:6801/1035467551] conn(0x7f17500385e0 msgr2=0x7f175003aa90 secure :-1 s=STATE_CONNECTION_ESTABLISHED l=1).mark_down
2023-07-14T19:20:45.609 INFO:teuthology.orchestra.run.smithi082.stdout:/usr/bin/ceph: stderr
2023-07-14T19:20:45.283+0000 7f176c072700 1 --2- 172.21.15.82:0/3425151650 >> [v2:172.21.15.82:6800/1035467551,v1:172.21.15.82:6801/1035467551] conn(0x7f17500385e0 0x7f175003aa90 secure :-1 s=READY pgs=8 cs=0 l=1 rev1=1 crypto rx=0x7f1754006fd0 tx=0x7f1754006e40 comp rx=0 tx=0).stop
2023-07-14T19:20:45.609 INFO:teuthology.orchestra.run.smithi082.stdout:/usr/bin/ceph: stderr
2023-07-14T19:20:45.283+0000 7f176c072700 1 -- 172.21.15.82:0/3425151650 >> [v2:172.21.15.82:3300/0,v1:172.21.15.82:6789/0] conn(0x7f1764105f40 msgr2=0x7f17641058a0 secure :-1 s=STATE_CONNECTION_ESTABLISHED l=1).mark_down
2023-07-14T19:20:45.609 INFO:teuthology.orchestra.run.smithi082.stdout:/usr/bin/ceph: stderr
2023-07-14T19:20:45.283+0000 7f176c072700 1 --2- 172.21.15.82:0/3425151650 >> [v2:172.21.15.82:3300/0,v1:172.21.15.82:6789/0] conn(0x7f1764105f40 0x7f17641058a0 secure :-1 s=READY pgs=40 cs=0 l=1 rev1=1 crypto rx=0x7f1760006af0 tx=0x7f1760011ad0 comp rx=0 tx=0).stop
2023-07-14T19:20:45.610 INFO:teuthology.orchestra.run.smithi082.stdout:/usr/bin/ceph: stderr
2023-07-14T19:20:45.283+0000 7f176c072700 1 -- 172.21.15.82:0/3425151650 shutdown_connections
2023-07-14T19:20:45.611 INFO:teuthology.orchestra.run.smithi082.stdout:/usr/bin/ceph: stderr
2023-07-14T19:20:45.283+0000 7f176c072700 1 --2- 172.21.15.82:0/3425151650 >> [v2:172.21.15.82:6800/1035467551,v1:172.21.15.82:6801/1035467551] conn(0x7f17500385e0 0x7f175003aa90 unknown :-1 s=CLOSED pgs=8 cs=0 l=1 rev1=1 crypto rx=0 tx=0 comp rx=0 tx=0).stop
2023-07-14T19:20:45.611 INFO:teuthology.orchestra.run.smithi082.stdout:/usr/bin/ceph: stderr
2023-07-14T19:20:45.283+0000 7f176c072700 1 --2- 172.21.15.82:0/3425151650 >> [v2:172.21.15.82:3300/0,v1:172.21.15.82:6789/0] conn(0x7f1764105f40 0x7f17641058a0 unknown :-1 s=CLOSED pgs=40 cs=0 l=1 rev1=1 crypto rx=0 tx=0 comp rx=0 tx=0).stop
2023-07-14T19:20:45.611 INFO:teuthology.orchestra.run.smithi082.stdout:/usr/bin/ceph: stderr
2023-07-14T19:20:45.283+0000 7f176c072700 1 -- 172.21.15.82:0/3425151650 >> 172.21.15.82:0/3425151650 conn(0x7f17640ff9a0 msgr2=0x7f1764101070 unknown :-1 s=STATE_NONE l=0).mark_down
2023-07-14T19:20:45.611 INFO:teuthology.orchestra.run.smithi082.stdout:/usr/bin/ceph: stderr
2023-07-14T19:20:45.284+0000 7f176c072700 1 -- 172.21.15.82:0/3425151650 shutdown_connections
2023-07-14T19:20:45.611 INFO:teuthology.orchestra.run.smithi082.stdout:/usr/bin/ceph: stderr
2023-07-14T19:20:45.284+0000 7f176c072700 1 -- 172.21.15.82:0/3425151650 wait complete.
2023-07-14T19:20:45.612 INFO:teuthology.orchestra.run.smithi082.stdout:Generating ssh key...
2023-07-14T19:20:45.612 INFO:journalctl@ceph.mon.a.smithi082.stdout:Jul 14 19:20:45 smithi082 ceph-mon[127461]: from='client.14132 -' entity='client.admin' cmd=[{"prefix": "orch set backend", "module_name": "cephadm", "target": ["mon-mgr", ""]}]: dispatch
2023-07-14T19:20:45.613 INFO:journalctl@ceph.mon.a.smithi082.stdout:Jul 14 19:20:45 smithi082 ceph-mon[127461]: from='mgr.14120 172.21.15.82:0/1671678243' entity='mgr.x'
2023-07-14T19:20:45.613 INFO:journalctl@ceph.mon.a.smithi082.stdout:Jul 14 19:20:45 smithi082 ceph-mon[127461]: from='mgr.14120 172.21.15.82:0/1671678243' entity='mgr.x' cmd=[{"prefix": "config dump", "format": "json"}]: dispatch
2023-07-14T19:20:45.613 INFO:journalctl@ceph.mon.a.smithi082.stdout:Jul 14 19:20:45 smithi082 ceph-mon[127461]: mgrmap e8: x(active, since 3s)
2023-07-14T19:20:46.714 INFO:journalctl@ceph.mon.a.smithi082.stdout:Jul 14 19:20:46 smithi082 ceph-mon[127461]: from='client.14134 -' entity='client.admin' cmd=[{"prefix": "cephadm set-user", "user": "root", "target": ["mon-mgr", ""]}]: dispatch
2023-07-14T19:20:47.323 INFO:journalctl@ceph.mgr.x.smithi082.stdout:Jul 14 19:20:47 smithi082 ceph-4f3eb35e-227b-11ee-9b33-001a4aab830c-mgr-x[127706]: Generating public/private rsa key pair.
2023-07-14T19:20:47.323 INFO:journalctl@ceph.mgr.x.smithi082.stdout:Jul 14 19:20:47 smithi082 ceph-4f3eb35e-227b-11ee-9b33-001a4aab830c-mgr-x[127706]: Your identification has been saved in /tmp/tmpgq0eufq6/key.
2023-07-14T19:20:47.323 INFO:journalctl@ceph.mgr.x.smithi082.stdout:Jul 14 19:20:47 smithi082 ceph-4f3eb35e-227b-11ee-9b33-001a4aab830c-mgr-x[127706]: Your public key has been saved in /tmp/tmpgq0eufq6/key.pub.
2023-07-14T19:20:47.324 INFO:journalctl@ceph.mgr.x.smithi082.stdout:Jul 14 19:20:47 smithi082 ceph-4f3eb35e-227b-11ee-9b33-001a4aab830c-mgr-x[127706]: The key fingerprint is:
2023-07-14T19:20:47.324 INFO:journalctl@ceph.mgr.x.smithi082.stdout:Jul 14 19:20:47 smithi082 ceph-4f3eb35e-227b-11ee-9b33-001a4aab830c-mgr-x[127706]: SHA256:CkT0j1+lHu14hmPM2Bky1HlFAiZDluUMARcBk23phkQ ceph-4f3eb35e-227b-11ee-9b33-001a4aab830c
2023-07-14T19:20:47.324 INFO:journalctl@ceph.mgr.x.smithi082.stdout:Jul 14 19:20:47 smithi082 ceph-4f3eb35e-227b-11ee-9b33-001a4aab830c-mgr-x[127706]: The key's randomart image is:
2023-07-14T19:20:47.324 INFO:journalctl@ceph.mgr.x.smithi082.stdout:Jul 14 19:20:47 smithi082 ceph-4f3eb35e-227b-11ee-9b33-001a4aab830c-mgr-x[127706]: +---[RSA 3072]----+
2023-07-14T19:20:47.324 INFO:journalctl@ceph.mgr.x.smithi082.stdout:Jul 14 19:20:47 smithi082 ceph-4f3eb35e-227b-11ee-9b33-001a4aab830c-mgr-x[127706]: | .o.E*@B+...o |
2023-07-14T19:20:47.324 INFO:journalctl@ceph.mgr.x.smithi082.stdout:Jul 14 19:20:47 smithi082 ceph-4f3eb35e-227b-11ee-9b33-001a4aab830c-mgr-x[127706]: | . .o+=O . o |
2023-07-14T19:20:47.325 INFO:journalctl@ceph.mgr.x.smithi082.stdout:Jul 14 19:20:47 smithi082 ceph-4f3eb35e-227b-11ee-9b33-001a4aab830c-mgr-x[127706]: | ...+. = o |
2023-07-14T19:20:47.325 INFO:journalctl@ceph.mgr.x.smithi082.stdout:Jul 14 19:20:47 smithi082 ceph-4f3eb35e-227b-11ee-9b33-001a4aab830c-mgr-x[127706]: | . .+o = |
2023-07-14T19:20:47.325 INFO:journalctl@ceph.mgr.x.smithi082.stdout:Jul 14 19:20:47 smithi082 ceph-4f3eb35e-227b-11ee-9b33-001a4aab830c-mgr-x[127706]: | . ..S = . |
2023-07-14T19:20:47.325 INFO:journalctl@ceph.mgr.x.smithi082.stdout:Jul 14 19:20:47 smithi082 ceph-4f3eb35e-227b-11ee-9b33-001a4aab830c-mgr-x[127706]: | . o X B |
2023-07-14T19:20:47.325 INFO:journalctl@ceph.mgr.x.smithi082.stdout:Jul 14 19:20:47 smithi082 ceph-4f3eb35e-227b-11ee-9b33-001a4aab830c-mgr-x[127706]: | . o @ + |
2023-07-14T19:20:47.325 INFO:journalctl@ceph.mgr.x.smithi082.stdout:Jul 14 19:20:47 smithi082 ceph-4f3eb35e-227b-11ee-9b33-001a4aab830c-mgr-x[127706]: | . + |
2023-07-14T19:20:47.326 INFO:journalctl@ceph.mgr.x.smithi082.stdout:Jul 14 19:20:47 smithi082 ceph-4f3eb35e-227b-11ee-9b33-001a4aab830c-mgr-x[127706]: | |
2023-07-14T19:20:47.326 INFO:journalctl@ceph.mgr.x.smithi082.stdout:Jul 14 19:20:47 smithi082 ceph-4f3eb35e-227b-11ee-9b33-001a4aab830c-mgr-x[127706]: +----[SHA256]-----+
2023-07-14T19:20:47.448 INFO:teuthology.orchestra.run.smithi082.stdout:/usr/bin/ceph: stderr
2023-07-14T19:20:46.057+0000 7f7b8298a700 1 Processor -- start
2023-07-14T19:20:47.448 INFO:teuthology.orchestra.run.smithi082.stdout:/usr/bin/ceph: stderr
2023-07-14T19:20:46.057+0000 7f7b8298a700 1 -- start start
2023-07-14T19:20:47.449 INFO:teuthology.orchestra.run.smithi082.stdout:/usr/bin/ceph: stderr
2023-07-14T19:20:46.057+0000 7f7b8298a700 1 --2- >> [v2:172.21.15.82:3300/0,v1:172.21.15.82:6789/0] conn(0x7f7b7c1036e0 0x7f7b7c103af0 unknown :-1 s=NONE pgs=0 cs=0 l=0 rev1=0 crypto rx=0 tx=0 comp rx=0 tx=0).connect
2023-07-14T19:20:47.449 INFO:teuthology.orchestra.run.smithi082.stdout:/usr/bin/ceph: stderr
2023-07-14T19:20:46.057+0000 7f7b8298a700 1 -- --> [v2:172.21.15.82:3300/0,v1:172.21.15.82:6789/0] -- mon_getmap magic: 0 v1 -- 0x7f7b7c104030 con 0x7f7b7c1036e0
2023-07-14T19:20:47.449 INFO:teuthology.orchestra.run.smithi082.stdout:/usr/bin/ceph: stderr
2023-07-14T19:20:46.057+0000 7f7b7bfff700 1 --2- >> [v2:172.21.15.82:3300/0,v1:172.21.15.82:6789/0] conn(0x7f7b7c1036e0 0x7f7b7c103af0 unknown :-1 s=BANNER_CONNECTING pgs=0 cs=0 l=0 rev1=0 crypto rx=0 tx=0 comp rx=0 tx=0)._handle_peer_banner_payload supported=3 required=0
2023-07-14T19:20:47.449 INFO:teuthology.orchestra.run.smithi082.stdout:/usr/bin/ceph: stderr
2023-07-14T19:20:46.057+0000 7f7b7bfff700 1 --2- >> [v2:172.21.15.82:3300/0,v1:172.21.15.82:6789/0] conn(0x7f7b7c1036e0 0x7f7b7c103af0 unknown :-1 s=HELLO_CONNECTING pgs=0 cs=0 l=0 rev1=1 crypto rx=0 tx=0 comp rx=0 tx=0).handle_hello peer v2:172.21.15.82:3300/0 says I am v2:172.21.15.82:39560/0 (socket says 172.21.15.82:39560)
2023-07-14T19:20:47.449 INFO:teuthology.orchestra.run.smithi082.stdout:/usr/bin/ceph: stderr
2023-07-14T19:20:46.057+0000 7f7b7bfff700 1 -- 172.21.15.82:0/1721041531 learned_addr learned my addr 172.21.15.82:0/1721041531 (peer_addr_for_me v2:172.21.15.82:0/0)
2023-07-14T19:20:47.450 INFO:teuthology.orchestra.run.smithi082.stdout:/usr/bin/ceph: stderr
2023-07-14T19:20:46.057+0000 7f7b7bfff700 1 -- 172.21.15.82:0/1721041531 --> [v2:172.21.15.82:3300/0,v1:172.21.15.82:6789/0] -- mon_subscribe({config=0+,monmap=0+}) v3 -- 0x7f7b7c104170 con 0x7f7b7c1036e0
2023-07-14T19:20:47.450 INFO:teuthology.orchestra.run.smithi082.stdout:/usr/bin/ceph: stderr
2023-07-14T19:20:46.058+0000 7f7b7bfff700 1 --2- 172.21.15.82:0/1721041531 >> [v2:172.21.15.82:3300/0,v1:172.21.15.82:6789/0] conn(0x7f7b7c1036e0 0x7f7b7c103af0 secure :-1 s=READY pgs=41 cs=0 l=1 rev1=1 crypto rx=0x7f7b6c0098a0 tx=0x7f7b6c009bb0 comp rx=0 tx=0).ready entity=mon.0 client_cookie=33afe65ef3bbecc7 server_cookie=0 in_seq=0 out_seq=0
2023-07-14T19:20:47.450 INFO:teuthology.orchestra.run.smithi082.stdout:/usr/bin/ceph: stderr
2023-07-14T19:20:46.058+0000 7f7b7affd700 1 -- 172.21.15.82:0/1721041531 <== mon.0 v2:172.21.15.82:3300/0 1 ==== mon_map magic: 0 v1 ==== 205+0+0 (secure 0 0 0) 0x7f7b6c004160 con 0x7f7b7c1036e0
2023-07-14T19:20:47.450 INFO:teuthology.orchestra.run.smithi082.stdout:/usr/bin/ceph: stderr
2023-07-14T19:20:46.058+0000 7f7b7affd700 1 -- 172.21.15.82:0/1721041531 <== mon.0 v2:172.21.15.82:3300/0 2 ==== config(26 keys) v1 ==== 1074+0+0 (secure 0 0 0) 0x7f7b6c0042c0 con 0x7f7b7c1036e0
2023-07-14T19:20:47.450 INFO:teuthology.orchestra.run.smithi082.stdout:/usr/bin/ceph: stderr
2023-07-14T19:20:46.058+0000 7f7b7affd700 1 -- 172.21.15.82:0/1721041531 <== mon.0 v2:172.21.15.82:3300/0 3 ==== mon_map magic: 0 v1 ==== 205+0+0 (secure 0 0 0) 0x7f7b6c011a00 con 0x7f7b7c1036e0
2023-07-14T19:20:47.450 INFO:teuthology.orchestra.run.smithi082.stdout:/usr/bin/ceph: stderr
2023-07-14T19:20:46.058+0000 7f7b8298a700 1 -- 172.21.15.82:0/1721041531 >> [v2:172.21.15.82:3300/0,v1:172.21.15.82:6789/0] conn(0x7f7b7c1036e0 msgr2=0x7f7b7c103af0 secure :-1 s=STATE_CONNECTION_ESTABLISHED l=1).mark_down
2023-07-14T19:20:47.450 INFO:teuthology.orchestra.run.smithi082.stdout:/usr/bin/ceph: stderr
2023-07-14T19:20:46.058+0000 7f7b8298a700 1 --2- 172.21.15.82:0/1721041531 >> [v2:172.21.15.82:3300/0,v1:172.21.15.82:6789/0] conn(0x7f7b7c1036e0 0x7f7b7c103af0 secure :-1 s=READY pgs=41 cs=0 l=1 rev1=1 crypto rx=0x7f7b6c0098a0 tx=0x7f7b6c009bb0 comp rx=0 tx=0).stop
2023-07-14T19:20:47.451 INFO:teuthology.orchestra.run.smithi082.stdout:/usr/bin/ceph: stderr
2023-07-14T19:20:46.058+0000 7f7b8298a700 1 -- 172.21.15.82:0/1721041531 shutdown_connections
2023-07-14T19:20:47.451 INFO:teuthology.orchestra.run.smithi082.stdout:/usr/bin/ceph: stderr
2023-07-14T19:20:46.058+0000 7f7b8298a700 1 --2- 172.21.15.82:0/1721041531 >> [v2:172.21.15.82:3300/0,v1:172.21.15.82:6789/0] conn(0x7f7b7c1036e0 0x7f7b7c103af0 unknown :-1 s=CLOSED pgs=41 cs=0 l=1 rev1=1 crypto rx=0 tx=0 comp rx=0 tx=0).stop
2023-07-14T19:20:47.451 INFO:teuthology.orchestra.run.smithi082.stdout:/usr/bin/ceph: stderr
2023-07-14T19:20:46.058+0000 7f7b8298a700 1 -- 172.21.15.82:0/1721041531 >> 172.21.15.82:0/1721041531 conn(0x7f7b7c0ff120 msgr2=0x7f7b7c101530 unknown :-1 s=STATE_NONE l=0).mark_down
2023-07-14T19:20:47.451 INFO:teuthology.orchestra.run.smithi082.stdout:/usr/bin/ceph: stderr
2023-07-14T19:20:46.058+0000 7f7b8298a700 1 -- 172.21.15.82:0/1721041531 shutdown_connections
2023-07-14T19:20:47.451 INFO:teuthology.orchestra.run.smithi082.stdout:/usr/bin/ceph: stderr
2023-07-14T19:20:46.058+0000 7f7b8298a700 1 -- 172.21.15.82:0/1721041531 wait complete.
2023-07-14T19:20:47.452 INFO:teuthology.orchestra.run.smithi082.stdout:/usr/bin/ceph: stderr
2023-07-14T19:20:46.059+0000 7f7b8298a700 1 Processor -- start
2023-07-14T19:20:47.452 INFO:teuthology.orchestra.run.smithi082.stdout:/usr/bin/ceph: stderr
2023-07-14T19:20:46.059+0000 7f7b8298a700 1 -- start start
2023-07-14T19:20:47.452 INFO:teuthology.orchestra.run.smithi082.stdout:/usr/bin/ceph: stderr
2023-07-14T19:20:46.059+0000 7f7b8298a700 1 --2- >> [v2:172.21.15.82:3300/0,v1:172.21.15.82:6789/0] conn(0x7f7b7c1036e0 0x7f7b7c199110 unknown :-1 s=NONE pgs=0 cs=0 l=1 rev1=0 crypto rx=0 tx=0 comp rx=0 tx=0).connect
2023-07-14T19:20:47.452 INFO:teuthology.orchestra.run.smithi082.stdout:/usr/bin/ceph: stderr
2023-07-14T19:20:46.059+0000 7f7b8298a700 1 -- --> [v2:172.21.15.82:3300/0,v1:172.21.15.82:6789/0] -- mon_getmap magic: 0 v1 -- 0x7f7b7c199650 con 0x7f7b7c1036e0
2023-07-14T19:20:47.452 INFO:teuthology.orchestra.run.smithi082.stdout:/usr/bin/ceph: stderr
2023-07-14T19:20:46.059+0000 7f7b7bfff700 1 --2- >> [v2:172.21.15.82:3300/0,v1:172.21.15.82:6789/0] conn(0x7f7b7c1036e0 0x7f7b7c199110 unknown :-1 s=BANNER_CONNECTING pgs=0 cs=0 l=1 rev1=0 crypto rx=0 tx=0 comp rx=0 tx=0)._handle_peer_banner_payload supported=3 required=0
2023-07-14T19:20:47.452 INFO:teuthology.orchestra.run.smithi082.stdout:/usr/bin/ceph: stderr
2023-07-14T19:20:46.059+0000 7f7b7bfff700 1 --2- >> [v2:172.21.15.82:3300/0,v1:172.21.15.82:6789/0] conn(0x7f7b7c1036e0 0x7f7b7c199110 unknown :-1 s=HELLO_CONNECTING pgs=0 cs=0 l=1 rev1=1 crypto rx=0 tx=0 comp rx=0 tx=0).handle_hello peer v2:172.21.15.82:3300/0 says I am v2:172.21.15.82:39562/0 (socket says 172.21.15.82:39562)
2023-07-14T19:20:47.452 INFO:teuthology.orchestra.run.smithi082.stdout:/usr/bin/ceph: stderr
2023-07-14T19:20:46.059+0000 7f7b7bfff700 1 -- 172.21.15.82:0/66738685 learned_addr learned my addr 172.21.15.82:0/66738685 (peer_addr_for_me v2:172.21.15.82:0/0)
2023-07-14T19:20:47.453 INFO:teuthology.orchestra.run.smithi082.stdout:/usr/bin/ceph: stderr
2023-07-14T19:20:46.060+0000 7f7b7bfff700 1 -- 172.21.15.82:0/66738685 --> [v2:172.21.15.82:3300/0,v1:172.21.15.82:6789/0] -- mon_subscribe({config=0+,monmap=0+}) v3 -- 0x7f7b6c009550 con 0x7f7b7c1036e0
2023-07-14T19:20:47.453 INFO:teuthology.orchestra.run.smithi082.stdout:/usr/bin/ceph: stderr
2023-07-14T19:20:46.060+0000 7f7b7bfff700 1 --2- 172.21.15.82:0/66738685 >> [v2:172.21.15.82:3300/0,v1:172.21.15.82:6789/0] conn(0x7f7b7c1036e0 0x7f7b7c199110 secure :-1 s=READY pgs=42 cs=0 l=1 rev1=1 crypto rx=0x7f7b6c009fb0 tx=0x7f7b6c011ad0 comp rx=0 tx=0).ready entity=mon.0 client_cookie=0 server_cookie=0 in_seq=0 out_seq=0
2023-07-14T19:20:47.453 INFO:teuthology.orchestra.run.smithi082.stdout:/usr/bin/ceph: stderr
2023-07-14T19:20:46.060+0000 7f7b797fa700 1 -- 172.21.15.82:0/66738685 <== mon.0 v2:172.21.15.82:3300/0 1 ==== mon_map magic: 0 v1 ==== 205+0+0 (secure 0 0 0) 0x7f7b6c003930 con 0x7f7b7c1036e0
2023-07-14T19:20:47.453 INFO:teuthology.orchestra.run.smithi082.stdout:/usr/bin/ceph: stderr
2023-07-14T19:20:46.060+0000 7f7b8298a700 1 -- 172.21.15.82:0/66738685 --> [v2:172.21.15.82:3300/0,v1:172.21.15.82:6789/0] -- mon_subscribe({mgrmap=0+}) v3 -- 0x7f7b7c199850 con 0x7f7b7c1036e0
2023-07-14T19:20:47.453 INFO:teuthology.orchestra.run.smithi082.stdout:/usr/bin/ceph: stderr
2023-07-14T19:20:46.060+0000 7f7b797fa700 1 -- 172.21.15.82:0/66738685 <== mon.0 v2:172.21.15.82:3300/0 2 ==== config(26 keys) v1 ==== 1074+0+0 (secure 0 0 0) 0x7f7b6c003a90 con 0x7f7b7c1036e0
2023-07-14T19:20:47.453 INFO:teuthology.orchestra.run.smithi082.stdout:/usr/bin/ceph: stderr
2023-07-14T19:20:46.060+0000 7f7b797fa700 1 -- 172.21.15.82:0/66738685 <== mon.0 v2:172.21.15.82:3300/0 3 ==== mon_map magic: 0 v1 ==== 205+0+0 (secure 0 0 0) 0x7f7b6c0195e0 con 0x7f7b7c1036e0
2023-07-14T19:20:47.453 INFO:teuthology.orchestra.run.smithi082.stdout:/usr/bin/ceph: stderr
2023-07-14T19:20:46.060+0000 7f7b8298a700 1 -- 172.21.15.82:0/66738685 --> [v2:172.21.15.82:3300/0,v1:172.21.15.82:6789/0] -- mon_subscribe({osdmap=0}) v3 -- 0x7f7b7c199c70 con 0x7f7b7c1036e0
2023-07-14T19:20:47.454 INFO:teuthology.orchestra.run.smithi082.stdout:/usr/bin/ceph: stderr
2023-07-14T19:20:46.061+0000 7f7b797fa700 1 -- 172.21.15.82:0/66738685 <== mon.0 v2:172.21.15.82:3300/0 4 ==== mgrmap(e 8) v1 ==== 45483+0+0 (secure 0 0 0) 0x7f7b6c0198a0 con 0x7f7b7c1036e0
2023-07-14T19:20:47.454 INFO:teuthology.orchestra.run.smithi082.stdout:/usr/bin/ceph: stderr
2023-07-14T19:20:46.061+0000 7f7b797fa700 1 --2- 172.21.15.82:0/66738685 >> [v2:172.21.15.82:6800/1035467551,v1:172.21.15.82:6801/1035467551] conn(0x7f7b640386c0 0x7f7b6403ab70 unknown :-1 s=NONE pgs=0 cs=0 l=1 rev1=0 crypto rx=0 tx=0 comp rx=0 tx=0).connect
2023-07-14T19:20:47.454 INFO:teuthology.orchestra.run.smithi082.stdout:/usr/bin/ceph: stderr
2023-07-14T19:20:46.061+0000 7f7b8298a700 1 -- 172.21.15.82:0/66738685 --> [v2:172.21.15.82:3300/0,v1:172.21.15.82:6789/0] -- mon_command({"prefix": "get_command_descriptions"} v 0) v1 -- 0x7f7b7c061c70 con 0x7f7b7c1036e0
2023-07-14T19:20:47.454 INFO:teuthology.orchestra.run.smithi082.stdout:/usr/bin/ceph: stderr
2023-07-14T19:20:46.061+0000 7f7b797fa700 1 -- 172.21.15.82:0/66738685 <== mon.0 v2:172.21.15.82:3300/0 5 ==== osd_map(2..2 src has 1..2) v4 ==== 940+0+0 (secure 0 0 0) 0x7f7b6c04c860 con 0x7f7b7c1036e0
2023-07-14T19:20:47.454 INFO:teuthology.orchestra.run.smithi082.stdout:/usr/bin/ceph: stderr
2023-07-14T19:20:46.061+0000 7f7b7b7fe700 1 --2- 172.21.15.82:0/66738685 >> [v2:172.21.15.82:6800/1035467551,v1:172.21.15.82:6801/1035467551] conn(0x7f7b640386c0 0x7f7b6403ab70 unknown :-1 s=BANNER_CONNECTING pgs=0 cs=0 l=1 rev1=0 crypto rx=0 tx=0 comp rx=0 tx=0)._handle_peer_banner_payload supported=3 required=0
2023-07-14T19:20:47.455 INFO:teuthology.orchestra.run.smithi082.stdout:/usr/bin/ceph: stderr
2023-07-14T19:20:46.061+0000 7f7b7b7fe700 1 --2- 172.21.15.82:0/66738685 >> [v2:172.21.15.82:6800/1035467551,v1:172.21.15.82:6801/1035467551] conn(0x7f7b640386c0 0x7f7b6403ab70 secure :-1 s=READY pgs=9 cs=0 l=1 rev1=1 crypto rx=0x7f7b70006fd0 tx=0x7f7b70006e40 comp rx=0 tx=0).ready entity=mgr.14120 client_cookie=0 server_cookie=0 in_seq=0 out_seq=0
2023-07-14T19:20:47.455 INFO:teuthology.orchestra.run.smithi082.stdout:/usr/bin/ceph: stderr
2023-07-14T19:20:46.066+0000 7f7b797fa700 1 -- 172.21.15.82:0/66738685 <== mon.0 v2:172.21.15.82:3300/0 6 ==== mon_command_ack([{"prefix": "get_command_descriptions"}]=0 v0) v1 ==== 72+0+178025 (secure 0 0 0) 0x7f7b6c02b340 con 0x7f7b7c1036e0
2023-07-14T19:20:47.455 INFO:teuthology.orchestra.run.smithi082.stdout:/usr/bin/ceph: stderr
2023-07-14T19:20:46.251+0000 7f7b8298a700 1 -- 172.21.15.82:0/66738685 --> [v2:172.21.15.82:6800/1035467551,v1:172.21.15.82:6801/1035467551] -- mgr_command(tid 0: {"prefix": "cephadm generate-key", "target": ["mon-mgr", ""]}) v1 -- 0x7f7b7c1005d0 con 0x7f7b640386c0
2023-07-14T19:20:47.455 INFO:teuthology.orchestra.run.smithi082.stdout:/usr/bin/ceph: stderr
2023-07-14T19:20:47.063+0000 7f7b797fa700 1 -- 172.21.15.82:0/66738685 <== mgr.14120 v2:172.21.15.82:6800/1035467551 1 ==== mgr_command_reply(tid 0: 0 ) v1 ==== 8+0+0 (secure 0 0 0) 0x7f7b7c1005d0 con 0x7f7b640386c0
2023-07-14T19:20:47.455 INFO:teuthology.orchestra.run.smithi082.stdout:/usr/bin/ceph: stderr
2023-07-14T19:20:47.065+0000 7f7b8298a700 1 -- 172.21.15.82:0/66738685 >> [v2:172.21.15.82:6800/1035467551,v1:172.21.15.82:6801/1035467551] conn(0x7f7b640386c0 msgr2=0x7f7b6403ab70 secure :-1 s=STATE_CONNECTION_ESTABLISHED l=1).mark_down
2023-07-14T19:20:47.455 INFO:teuthology.orchestra.run.smithi082.stdout:/usr/bin/ceph: stderr
2023-07-14T19:20:47.065+0000 7f7b8298a700 1 --2- 172.21.15.82:0/66738685 >> [v2:172.21.15.82:6800/1035467551,v1:172.21.15.82:6801/1035467551] conn(0x7f7b640386c0 0x7f7b6403ab70 secure :-1 s=READY pgs=9 cs=0 l=1 rev1=1 crypto rx=0x7f7b70006fd0 tx=0x7f7b70006e40 comp rx=0 tx=0).stop
2023-07-14T19:20:47.455 INFO:teuthology.orchestra.run.smithi082.stdout:/usr/bin/ceph: stderr
2023-07-14T19:20:47.065+0000 7f7b8298a700 1 -- 172.21.15.82:0/66738685 >> [v2:172.21.15.82:3300/0,v1:172.21.15.82:6789/0] conn(0x7f7b7c1036e0 msgr2=0x7f7b7c199110 secure :-1 s=STATE_CONNECTION_ESTABLISHED l=1).mark_down
2023-07-14T19:20:47.455 INFO:teuthology.orchestra.run.smithi082.stdout:/usr/bin/ceph: stderr
2023-07-14T19:20:47.065+0000 7f7b8298a700 1 --2- 172.21.15.82:0/66738685 >> [v2:172.21.15.82:3300/0,v1:172.21.15.82:6789/0] conn(0x7f7b7c1036e0 0x7f7b7c199110 secure :-1 s=READY pgs=42 cs=0 l=1 rev1=1 crypto rx=0x7f7b6c009fb0 tx=0x7f7b6c011ad0 comp rx=0 tx=0).stop
2023-07-14T19:20:47.456 INFO:teuthology.orchestra.run.smithi082.stdout:/usr/bin/ceph: stderr
2023-07-14T19:20:47.065+0000 7f7b8298a700 1 -- 172.21.15.82:0/66738685 shutdown_connections
2023-07-14T19:20:47.456 INFO:teuthology.orchestra.run.smithi082.stdout:/usr/bin/ceph: stderr
2023-07-14T19:20:47.065+0000 7f7b8298a700 1 --2- 172.21.15.82:0/66738685 >> [v2:172.21.15.82:6800/1035467551,v1:172.21.15.82:6801/1035467551] conn(0x7f7b640386c0 0x7f7b6403ab70 unknown :-1 s=CLOSED pgs=9 cs=0 l=1 rev1=1 crypto rx=0 tx=0 comp rx=0 tx=0).stop
2023-07-14T19:20:47.456 INFO:teuthology.orchestra.run.smithi082.stdout:/usr/bin/ceph: stderr
2023-07-14T19:20:47.065+0000 7f7b8298a700 1 --2- 172.21.15.82:0/66738685 >> [v2:172.21.15.82:3300/0,v1:172.21.15.82:6789/0] conn(0x7f7b7c1036e0 0x7f7b7c199110 unknown :-1 s=CLOSED pgs=42 cs=0 l=1 rev1=1 crypto rx=0 tx=0 comp rx=0 tx=0).stop
2023-07-14T19:20:47.456 INFO:teuthology.orchestra.run.smithi082.stdout:/usr/bin/ceph: stderr
2023-07-14T19:20:47.065+0000 7f7b8298a700 1 -- 172.21.15.82:0/66738685 >> 172.21.15.82:0/66738685 conn(0x7f7b7c0ff120 msgr2=0x7f7b7c0ffec0 unknown :-1 s=STATE_NONE l=0).mark_down
2023-07-14T19:20:47.456 INFO:teuthology.orchestra.run.smithi082.stdout:/usr/bin/ceph: stderr
2023-07-14T19:20:47.065+0000 7f7b8298a700 1 -- 172.21.15.82:0/66738685 shutdown_connections
2023-07-14T19:20:47.456 INFO:teuthology.orchestra.run.smithi082.stdout:/usr/bin/ceph: stderr
2023-07-14T19:20:47.065+0000 7f7b8298a700 1 -- 172.21.15.82:0/66738685 wait complete.
2023-07-14T19:20:47.617 INFO:journalctl@ceph.mon.a.smithi082.stdout:Jul 14 19:20:47 smithi082 ceph-mon[127461]: from='client.14136 -' entity='client.admin' cmd=[{"prefix": "cephadm generate-key", "target": ["mon-mgr", ""]}]: dispatch
2023-07-14T19:20:47.618 INFO:journalctl@ceph.mon.a.smithi082.stdout:Jul 14 19:20:47 smithi082 ceph-mon[127461]: Generating ssh key...
2023-07-14T19:20:47.618 INFO:journalctl@ceph.mon.a.smithi082.stdout:Jul 14 19:20:47 smithi082 ceph-mon[127461]: from='mgr.14120 172.21.15.82:0/1671678243' entity='mgr.x'
2023-07-14T19:20:47.618 INFO:journalctl@ceph.mon.a.smithi082.stdout:Jul 14 19:20:47 smithi082 ceph-mon[127461]: from='mgr.14120 172.21.15.82:0/1671678243' entity='mgr.x'
2023-07-14T19:20:48.388 INFO:teuthology.orchestra.run.smithi082.stdout:/usr/bin/ceph: stdout ssh-rsa AAAAB3NzaC1yc2EAAAADAQABAAABgQDJcJP87D3brBi/LQxC+UyeTahLaEEYyST5hvC1zNx3wFP38amk4m5xQB7F3C4v/uS9A7jjnqkhcC44m+HFogfTjjXF1BjvaM9DqYWIho14uWgFOx1+h3hco09sAc4Lt2CeKUzYVkd64C1RYhrR8Bc9iFxdNM7wRM0zK2VJZm3LT4AhUtgZdJEs1HyFxltNM5TK9FxPzvIonekQwbts/9VnIkKMEBGvy1nsbSSDndMnASlY5fwv9QyACnIXLhSobNqbvpFcuUB/FAbZh83G7DmFmysmOsIHsM7aWUZtmGw5DLxyRk372aCobjp5kRcQLmKzFp2zQ7rFZfd0hQaU4nuWPir/013ClQACX0Tkz1RWSXkIZlbHAIhWkd3q5w8/AK46h2a6H3Afn3gyo0oLaVAffHL2sT3i6rU9QXOpq5lA7arsS86JM1i4QZbSbMU+Ce8UF2ro+FbHj4+V6OQPw4JuA9UzcmHhTS4fp5UBHVk0cgFmbPazCmKU5WouJLlb9w8= ceph-4f3eb35e-227b-11ee-9b33-001a4aab830c
2023-07-14T19:20:48.389 INFO:teuthology.orchestra.run.smithi082.stdout:/usr/bin/ceph: stderr
2023-07-14T19:20:47.851+0000 7f74f089e700 1 Processor -- start
2023-07-14T19:20:48.389 INFO:teuthology.orchestra.run.smithi082.stdout:/usr/bin/ceph: stderr
2023-07-14T19:20:47.851+0000 7f74f089e700 1 -- start start
2023-07-14T19:20:48.389 INFO:teuthology.orchestra.run.smithi082.stdout:/usr/bin/ceph: stderr
2023-07-14T19:20:47.851+0000 7f74f089e700 1 --2- >> [v2:172.21.15.82:3300/0,v1:172.21.15.82:6789/0] conn(0x7f74ec1036e0 0x7f74ec103af0 unknown :-1 s=NONE pgs=0 cs=0 l=0 rev1=0 crypto rx=0 tx=0 comp rx=0 tx=0).connect
2023-07-14T19:20:48.389 INFO:teuthology.orchestra.run.smithi082.stdout:/usr/bin/ceph: stderr
2023-07-14T19:20:47.851+0000 7f74f089e700 1 -- --> [v2:172.21.15.82:3300/0,v1:172.21.15.82:6789/0] -- mon_getmap magic: 0 v1 -- 0x7f74ec104030 con 0x7f74ec1036e0
2023-07-14T19:20:48.389 INFO:teuthology.orchestra.run.smithi082.stdout:/usr/bin/ceph: stderr
2023-07-14T19:20:47.851+0000 7f74ea59c700 1 --2- >> [v2:172.21.15.82:3300/0,v1:172.21.15.82:6789/0] conn(0x7f74ec1036e0 0x7f74ec103af0 unknown :-1 s=BANNER_CONNECTING pgs=0 cs=0 l=0 rev1=0 crypto rx=0 tx=0 comp rx=0 tx=0)._handle_peer_banner_payload supported=3 required=0
2023-07-14T19:20:48.389 INFO:teuthology.orchestra.run.smithi082.stdout:/usr/bin/ceph: stderr
2023-07-14T19:20:47.851+0000 7f74ea59c700 1 --2- >> [v2:172.21.15.82:3300/0,v1:172.21.15.82:6789/0] conn(0x7f74ec1036e0 0x7f74ec103af0 unknown :-1 s=HELLO_CONNECTING pgs=0 cs=0 l=0 rev1=1 crypto rx=0 tx=0 comp rx=0 tx=0).handle_hello peer v2:172.21.15.82:3300/0 says I am v2:172.21.15.82:39566/0 (socket says 172.21.15.82:39566)
2023-07-14T19:20:48.390 INFO:teuthology.orchestra.run.smithi082.stdout:/usr/bin/ceph: stderr
2023-07-14T19:20:47.851+0000 7f74ea59c700 1 -- 172.21.15.82:0/3725681776 learned_addr learned my addr 172.21.15.82:0/3725681776 (peer_addr_for_me v2:172.21.15.82:0/0)
2023-07-14T19:20:48.390 INFO:teuthology.orchestra.run.smithi082.stdout:/usr/bin/ceph: stderr
2023-07-14T19:20:47.852+0000 7f74ea59c700 1 -- 172.21.15.82:0/3725681776 --> [v2:172.21.15.82:3300/0,v1:172.21.15.82:6789/0] -- mon_subscribe({config=0+,monmap=0+}) v3 -- 0x7f74ec104170 con 0x7f74ec1036e0
2023-07-14T19:20:48.390 INFO:teuthology.orchestra.run.smithi082.stdout:/usr/bin/ceph: stderr
2023-07-14T19:20:47.852+0000 7f74ea59c700 1 --2- 172.21.15.82:0/3725681776 >> [v2:172.21.15.82:3300/0,v1:172.21.15.82:6789/0] conn(0x7f74ec1036e0 0x7f74ec103af0 secure :-1 s=READY pgs=43 cs=0 l=1 rev1=1 crypto rx=0x7f74e00098a0 tx=0x7f74e0009bb0 comp rx=0 tx=0).ready entity=mon.0 client_cookie=92307ad390e01d22 server_cookie=0 in_seq=0 out_seq=0
2023-07-14T19:20:48.390 INFO:teuthology.orchestra.run.smithi082.stdout:/usr/bin/ceph: stderr
2023-07-14T19:20:47.852+0000 7f74e959a700 1 -- 172.21.15.82:0/3725681776 <== mon.0 v2:172.21.15.82:3300/0 1 ==== mon_map magic: 0 v1 ==== 205+0+0 (secure 0 0 0) 0x7f74e0004160 con 0x7f74ec1036e0
2023-07-14T19:20:48.390 INFO:teuthology.orchestra.run.smithi082.stdout:/usr/bin/ceph: stderr
2023-07-14T19:20:47.852+0000 7f74e959a700 1 -- 172.21.15.82:0/3725681776 <== mon.0 v2:172.21.15.82:3300/0 2 ==== config(26 keys) v1 ==== 1074+0+0 (secure 0 0 0) 0x7f74e00042c0 con 0x7f74ec1036e0
2023-07-14T19:20:48.390 INFO:teuthology.orchestra.run.smithi082.stdout:/usr/bin/ceph: stderr
2023-07-14T19:20:47.852+0000 7f74e959a700 1 -- 172.21.15.82:0/3725681776 <== mon.0 v2:172.21.15.82:3300/0 3 ==== mon_map magic: 0 v1 ==== 205+0+0 (secure 0 0 0) 0x7f74e0011a00 con 0x7f74ec1036e0
2023-07-14T19:20:48.390 INFO:teuthology.orchestra.run.smithi082.stdout:/usr/bin/ceph: stderr
2023-07-14T19:20:47.852+0000 7f74f089e700 1 -- 172.21.15.82:0/3725681776 >> [v2:172.21.15.82:3300/0,v1:172.21.15.82:6789/0] conn(0x7f74ec1036e0 msgr2=0x7f74ec103af0 secure :-1 s=STATE_CONNECTION_ESTABLISHED l=1).mark_down
2023-07-14T19:20:48.390 INFO:teuthology.orchestra.run.smithi082.stdout:/usr/bin/ceph: stderr
2023-07-14T19:20:47.852+0000 7f74f089e700 1 --2- 172.21.15.82:0/3725681776 >> [v2:172.21.15.82:3300/0,v1:172.21.15.82:6789/0] conn(0x7f74ec1036e0 0x7f74ec103af0 secure :-1 s=READY pgs=43 cs=0 l=1 rev1=1 crypto rx=0x7f74e00098a0 tx=0x7f74e0009bb0 comp rx=0 tx=0).stop
2023-07-14T19:20:48.391 INFO:teuthology.orchestra.run.smithi082.stdout:/usr/bin/ceph: stderr
2023-07-14T19:20:47.853+0000 7f74f089e700 1 -- 172.21.15.82:0/3725681776 shutdown_connections
2023-07-14T19:20:48.391 INFO:teuthology.orchestra.run.smithi082.stdout:/usr/bin/ceph: stderr
2023-07-14T19:20:47.853+0000 7f74f089e700 1 --2- 172.21.15.82:0/3725681776 >> [v2:172.21.15.82:3300/0,v1:172.21.15.82:6789/0] conn(0x7f74ec1036e0 0x7f74ec103af0 unknown :-1 s=CLOSED pgs=43 cs=0 l=1 rev1=1 crypto rx=0 tx=0 comp rx=0 tx=0).stop
2023-07-14T19:20:48.391 INFO:teuthology.orchestra.run.smithi082.stdout:/usr/bin/ceph: stderr
2023-07-14T19:20:47.853+0000 7f74f089e700 1 -- 172.21.15.82:0/3725681776 >> 172.21.15.82:0/3725681776 conn(0x7f74ec0ff120 msgr2=0x7f74ec101530 unknown :-1 s=STATE_NONE l=0).mark_down
2023-07-14T19:20:48.391 INFO:teuthology.orchestra.run.smithi082.stdout:/usr/bin/ceph: stderr
2023-07-14T19:20:47.853+0000 7f74f089e700 1 -- 172.21.15.82:0/3725681776 shutdown_connections
2023-07-14T19:20:48.391 INFO:teuthology.orchestra.run.smithi082.stdout:/usr/bin/ceph: stderr
2023-07-14T19:20:47.853+0000 7f74f089e700 1 -- 172.21.15.82:0/3725681776 wait complete.
2023-07-14T19:20:48.391 INFO:teuthology.orchestra.run.smithi082.stdout:/usr/bin/ceph: stderr
2023-07-14T19:20:47.853+0000 7f74f089e700 1 Processor -- start
2023-07-14T19:20:48.391 INFO:teuthology.orchestra.run.smithi082.stdout:/usr/bin/ceph: stderr
2023-07-14T19:20:47.853+0000 7f74f089e700 1 -- start start
2023-07-14T19:20:48.392 INFO:teuthology.orchestra.run.smithi082.stdout:/usr/bin/ceph: stderr
2023-07-14T19:20:47.854+0000 7f74f089e700 1 --2- >> [v2:172.21.15.82:3300/0,v1:172.21.15.82:6789/0] conn(0x7f74ec1036e0 0x7f74ec106070 unknown :-1 s=NONE pgs=0 cs=0 l=1 rev1=0 crypto rx=0 tx=0 comp rx=0 tx=0).connect
2023-07-14T19:20:48.392 INFO:teuthology.orchestra.run.smithi082.stdout:/usr/bin/ceph: stderr
