2023-07-14T19:22:55.426 INFO:teuthology.orchestra.run.smithi098.stdout:/usr/bin/ceph: stderr
2023-07-14T19:22:53.835+0000 7feeeca81700 1 Processor -- start
2023-07-14T19:22:55.426 INFO:teuthology.orchestra.run.smithi098.stdout:/usr/bin/ceph: stderr
2023-07-14T19:22:53.835+0000 7feeeca81700 1 -- start start
2023-07-14T19:22:55.426 INFO:teuthology.orchestra.run.smithi098.stdout:/usr/bin/ceph: stderr
2023-07-14T19:22:53.835+0000 7feeeca81700 1 --2- >> [v2:172.21.15.98:3300/0,v1:172.21.15.98:6789/0] conn(0x7feee8105b60 0x7feee81983f0 unknown :-1 s=NONE pgs=0 cs=0 l=1 rev1=0 crypto rx=0 tx=0 comp rx=0 tx=0).connect
2023-07-14T19:22:55.427 INFO:teuthology.orchestra.run.smithi098.stdout:/usr/bin/ceph: stderr
2023-07-14T19:22:53.835+0000 7feeeca81700 1 -- --> [v2:172.21.15.98:3300/0,v1:172.21.15.98:6789/0] -- mon_getmap magic: 0 v1 -- 0x7feee8198930 con 0x7feee8105b60
2023-07-14T19:22:55.427 INFO:teuthology.orchestra.run.smithi098.stdout:/usr/bin/ceph: stderr
2023-07-14T19:22:53.835+0000 7feee659c700 1 --2- >> [v2:172.21.15.98:3300/0,v1:172.21.15.98:6789/0] conn(0x7feee8105b60 0x7feee81983f0 unknown :-1 s=BANNER_CONNECTING pgs=0 cs=0 l=1 rev1=0 crypto rx=0 tx=0 comp rx=0 tx=0)._handle_peer_banner_payload supported=3 required=0
2023-07-14T19:22:55.427 INFO:teuthology.orchestra.run.smithi098.stdout:/usr/bin/ceph: stderr
2023-07-14T19:22:53.835+0000 7feee659c700 1 --2- >> [v2:172.21.15.98:3300/0,v1:172.21.15.98:6789/0] conn(0x7feee8105b60 0x7feee81983f0 unknown :-1 s=HELLO_CONNECTING pgs=0 cs=0 l=1 rev1=1 crypto rx=0 tx=0 comp rx=0 tx=0).handle_hello peer v2:172.21.15.98:3300/0 says I am v2:172.21.15.98:44544/0 (socket says 172.21.15.98:44544)
2023-07-14T19:22:55.427 INFO:teuthology.orchestra.run.smithi098.stdout:/usr/bin/ceph: stderr
2023-07-14T19:22:53.835+0000 7feee659c700 1 -- 172.21.15.98:0/1194116075 learned_addr learned my addr 172.21.15.98:0/1194116075 (peer_addr_for_me v2:172.21.15.98:0/0)
2023-07-14T19:22:55.427 INFO:teuthology.orchestra.run.smithi098.stdout:/usr/bin/ceph: stderr
2023-07-14T19:22:53.835+0000 7feee659c700 1 -- 172.21.15.98:0/1194116075 --> [v2:172.21.15.98:3300/0,v1:172.21.15.98:6789/0] -- mon_subscribe({config=0+,monmap=0+}) v3 -- 0x7feedc009550 con 0x7feee8105b60
2023-07-14T19:22:55.427 INFO:teuthology.orchestra.run.smithi098.stdout:/usr/bin/ceph: stderr
2023-07-14T19:22:53.835+0000 7feee659c700 1 --2- 172.21.15.98:0/1194116075 >> [v2:172.21.15.98:3300/0,v1:172.21.15.98:6789/0] conn(0x7feee8105b60 0x7feee81983f0 secure :-1 s=READY pgs=56 cs=0 l=1 rev1=1 crypto rx=0x7feedc009130 tx=0x7feedc011a30 comp rx=0 tx=0).ready entity=mon.0 client_cookie=0 server_cookie=0 in_seq=0 out_seq=0
2023-07-14T19:22:55.427 INFO:teuthology.orchestra.run.smithi098.stdout:/usr/bin/ceph: stderr
2023-07-14T19:22:53.836+0000 7feed77fe700 1 -- 172.21.15.98:0/1194116075 <== mon.0 v2:172.21.15.98:3300/0 1 ==== mon_map magic: 0 v1 ==== 205+0+0 (secure 0 0 0) 0x7feedc003aa0 con 0x7feee8105b60
2023-07-14T19:22:55.428 INFO:teuthology.orchestra.run.smithi098.stdout:/usr/bin/ceph: stderr
2023-07-14T19:22:53.836+0000 7feeeca81700 1 -- 172.21.15.98:0/1194116075 --> [v2:172.21.15.98:3300/0,v1:172.21.15.98:6789/0] -- mon_subscribe({mgrmap=0+}) v3 -- 0x7feee8198b30 con 0x7feee8105b60
2023-07-14T19:22:55.428 INFO:teuthology.orchestra.run.smithi098.stdout:/usr/bin/ceph: stderr
2023-07-14T19:22:53.836+0000 7feed77fe700 1 -- 172.21.15.98:0/1194116075 <== mon.0 v2:172.21.15.98:3300/0 2 ==== config(26 keys) v1 ==== 1105+0+0 (secure 0 0 0) 0x7feedc003c00 con 0x7feee8105b60
2023-07-14T19:22:55.428 INFO:teuthology.orchestra.run.smithi098.stdout:/usr/bin/ceph: stderr
2023-07-14T19:22:53.836+0000 7feed77fe700 1 -- 172.21.15.98:0/1194116075 <== mon.0 v2:172.21.15.98:3300/0 3 ==== mon_map magic: 0 v1 ==== 205+0+0 (secure 0 0 0) 0x7feedc0247a0 con 0x7feee8105b60
2023-07-14T19:22:55.428 INFO:teuthology.orchestra.run.smithi098.stdout:/usr/bin/ceph: stderr
2023-07-14T19:22:53.836+0000 7feeeca81700 1 -- 172.21.15.98:0/1194116075 --> [v2:172.21.15.98:3300/0,v1:172.21.15.98:6789/0] -- mon_subscribe({osdmap=0}) v3 -- 0x7feee8198f50 con 0x7feee8105b60
2023-07-14T19:22:55.428 INFO:teuthology.orchestra.run.smithi098.stdout:/usr/bin/ceph: stderr
2023-07-14T19:22:53.836+0000 7feed77fe700 1 -- 172.21.15.98:0/1194116075 <== mon.0 v2:172.21.15.98:3300/0 4 ==== mgrmap(e 8) v1 ==== 45483+0+0 (secure 0 0 0) 0x7feedc024940 con 0x7feee8105b60
2023-07-14T19:22:55.428 INFO:teuthology.orchestra.run.smithi098.stdout:/usr/bin/ceph: stderr
2023-07-14T19:22:53.837+0000 7feeeca81700 1 -- 172.21.15.98:0/1194116075 --> [v2:172.21.15.98:3300/0,v1:172.21.15.98:6789/0] -- mon_command({"prefix": "get_command_descriptions"} v 0) v1 -- 0x7feee8192370 con 0x7feee8105b60
2023-07-14T19:22:55.428 INFO:teuthology.orchestra.run.smithi098.stdout:/usr/bin/ceph: stderr
2023-07-14T19:22:53.837+0000 7feed77fe700 1 --2- 172.21.15.98:0/1194116075 >> [v2:172.21.15.98:6800/1732769087,v1:172.21.15.98:6801/1732769087] conn(0x7feed0038710 0x7feed003abc0 unknown :-1 s=NONE pgs=0 cs=0 l=1 rev1=0 crypto rx=0 tx=0 comp rx=0 tx=0).connect
2023-07-14T19:22:55.428 INFO:teuthology.orchestra.run.smithi098.stdout:/usr/bin/ceph: stderr
2023-07-14T19:22:53.837+0000 7feed77fe700 1 -- 172.21.15.98:0/1194116075 <== mon.0 v2:172.21.15.98:3300/0 5 ==== osd_map(2..2 src has 1..2) v4 ==== 940+0+0 (secure 0 0 0) 0x7feedc04ca10 con 0x7feee8105b60
2023-07-14T19:22:55.429 INFO:teuthology.orchestra.run.smithi098.stdout:/usr/bin/ceph: stderr
2023-07-14T19:22:53.837+0000 7feee5d9b700 1 --2- 172.21.15.98:0/1194116075 >> [v2:172.21.15.98:6800/1732769087,v1:172.21.15.98:6801/1732769087] conn(0x7feed0038710 0x7feed003abc0 unknown :-1 s=BANNER_CONNECTING pgs=0 cs=0 l=1 rev1=0 crypto rx=0 tx=0 comp rx=0 tx=0)._handle_peer_banner_payload supported=3 required=0
2023-07-14T19:22:55.429 INFO:teuthology.orchestra.run.smithi098.stdout:/usr/bin/ceph: stderr
2023-07-14T19:22:53.837+0000 7feee5d9b700 1 --2- 172.21.15.98:0/1194116075 >> [v2:172.21.15.98:6800/1732769087,v1:172.21.15.98:6801/1732769087] conn(0x7feed0038710 0x7feed003abc0 secure :-1 s=READY pgs=16 cs=0 l=1 rev1=1 crypto rx=0x7feed8006fd0 tx=0x7feed8006e40 comp rx=0 tx=0).ready entity=mgr.14120 client_cookie=0 server_cookie=0 in_seq=0 out_seq=0
2023-07-14T19:22:55.429 INFO:teuthology.orchestra.run.smithi098.stdout:/usr/bin/ceph: stderr
2023-07-14T19:22:53.841+0000 7feed77fe700 1 -- 172.21.15.98:0/1194116075 <== mon.0 v2:172.21.15.98:3300/0 6 ==== mon_command_ack([{"prefix": "get_command_descriptions"}]=0 v0) v1 ==== 72+0+178025 (secure 0 0 0) 0x7feedc024bf0 con 0x7feee8105b60
2023-07-14T19:22:55.429 INFO:teuthology.orchestra.run.smithi098.stdout:/usr/bin/ceph: stderr
2023-07-14T19:22:54.097+0000 7feeeca81700 1 -- 172.21.15.98:0/1194116075 --> [v2:172.21.15.98:3300/0,v1:172.21.15.98:6789/0] -- mon_command({"prefix": "mgr module enable", "module": "dashboard"} v 0) v1 -- 0x7feee8061250 con 0x7feee8105b60
2023-07-14T19:22:55.429 INFO:teuthology.orchestra.run.smithi098.stdout:/usr/bin/ceph: stderr
2023-07-14T19:22:54.876+0000 7feed77fe700 1 -- 172.21.15.98:0/1194116075 <== mon.0 v2:172.21.15.98:3300/0 7 ==== mgrmap(e 9) v1 ==== 45496+0+0 (secure 0 0 0) 0x7feedc02d9b0 con 0x7feee8105b60
2023-07-14T19:22:55.429 INFO:teuthology.orchestra.run.smithi098.stdout:/usr/bin/ceph: stderr
2023-07-14T19:22:54.878+0000 7feed77fe700 1 -- 172.21.15.98:0/1194116075 <== mon.0 v2:172.21.15.98:3300/0 8 ==== mon_command_ack([{"prefix": "mgr module enable", "module": "dashboard"}]=0 v9) v1 ==== 88+0+0 (secure 0 0 0) 0x7feedc02c780 con 0x7feee8105b60
2023-07-14T19:22:55.430 INFO:teuthology.orchestra.run.smithi098.stdout:/usr/bin/ceph: stderr
2023-07-14T19:22:54.880+0000 7feeeca81700 1 -- 172.21.15.98:0/1194116075 >> [v2:172.21.15.98:6800/1732769087,v1:172.21.15.98:6801/1732769087] conn(0x7feed0038710 msgr2=0x7feed003abc0 secure :-1 s=STATE_CONNECTION_ESTABLISHED l=1).mark_down
2023-07-14T19:22:55.430 INFO:teuthology.orchestra.run.smithi098.stdout:/usr/bin/ceph: stderr
2023-07-14T19:22:54.880+0000 7feeeca81700 1 --2- 172.21.15.98:0/1194116075 >> [v2:172.21.15.98:6800/1732769087,v1:172.21.15.98:6801/1732769087] conn(0x7feed0038710 0x7feed003abc0 secure :-1 s=READY pgs=16 cs=0 l=1 rev1=1 crypto rx=0x7feed8006fd0 tx=0x7feed8006e40 comp rx=0 tx=0).stop
2023-07-14T19:22:55.430 INFO:teuthology.orchestra.run.smithi098.stdout:/usr/bin/ceph: stderr
2023-07-14T19:22:54.880+0000 7feeeca81700 1 -- 172.21.15.98:0/1194116075 >> [v2:172.21.15.98:3300/0,v1:172.21.15.98:6789/0] conn(0x7feee8105b60 msgr2=0x7feee81983f0 secure :-1 s=STATE_CONNECTION_ESTABLISHED l=1).mark_down
2023-07-14T19:22:55.430 INFO:teuthology.orchestra.run.smithi098.stdout:/usr/bin/ceph: stderr
2023-07-14T19:22:54.880+0000 7feeeca81700 1 --2- 172.21.15.98:0/1194116075 >> [v2:172.21.15.98:3300/0,v1:172.21.15.98:6789/0] conn(0x7feee8105b60 0x7feee81983f0 secure :-1 s=READY pgs=56 cs=0 l=1 rev1=1 crypto rx=0x7feedc009130 tx=0x7feedc011a30 comp rx=0 tx=0).stop
2023-07-14T19:22:55.430 INFO:teuthology.orchestra.run.smithi098.stdout:/usr/bin/ceph: stderr
2023-07-14T19:22:54.880+0000 7feeeca81700 1 -- 172.21.15.98:0/1194116075 shutdown_connections
2023-07-14T19:22:55.430 INFO:teuthology.orchestra.run.smithi098.stdout:/usr/bin/ceph: stderr
2023-07-14T19:22:54.880+0000 7feeeca81700 1 --2- 172.21.15.98:0/1194116075 >> [v2:172.21.15.98:6800/1732769087,v1:172.21.15.98:6801/1732769087] conn(0x7feed0038710 0x7feed003abc0 unknown :-1 s=CLOSED pgs=16 cs=0 l=1 rev1=1 crypto rx=0 tx=0 comp rx=0 tx=0).stop
2023-07-14T19:22:55.430 INFO:teuthology.orchestra.run.smithi098.stdout:/usr/bin/ceph: stderr
2023-07-14T19:22:54.880+0000 7feeeca81700 1 --2- 172.21.15.98:0/1194116075 >> [v2:172.21.15.98:3300/0,v1:172.21.15.98:6789/0] conn(0x7feee8105b60 0x7feee81983f0 unknown :-1 s=CLOSED pgs=56 cs=0 l=1 rev1=1 crypto rx=0 tx=0 comp rx=0 tx=0).stop
2023-07-14T19:22:55.430 INFO:teuthology.orchestra.run.smithi098.stdout:/usr/bin/ceph: stderr
2023-07-14T19:22:54.880+0000 7feeeca81700 1 -- 172.21.15.98:0/1194116075 >> 172.21.15.98:0/1194116075 conn(0x7feee80ff330 msgr2=0x7feee8100a70 unknown :-1 s=STATE_NONE l=0).mark_down
2023-07-14T19:22:55.431 INFO:teuthology.orchestra.run.smithi098.stdout:/usr/bin/ceph: stderr
2023-07-14T19:22:54.882+0000 7feeeca81700 1 -- 172.21.15.98:0/1194116075 shutdown_connections
2023-07-14T19:22:55.431 INFO:teuthology.orchestra.run.smithi098.stdout:/usr/bin/ceph: stderr
2023-07-14T19:22:54.882+0000 7feeeca81700 1 -- 172.21.15.98:0/1194116075 wait complete.
2023-07-14T19:22:55.508 INFO:journalctl@ceph.mgr.x.smithi098.stdout:Jul 14 19:22:55 smithi098 ceph-9adea648-227b-11ee-9b33-001a4aab830c-mgr-x[127734]:
2023-07-14T19:22:55.234+0000 7f24f3568200 -1 mgr[py] Module snap_schedule has missing NOTIFY_TYPES member
2023-07-14T19:22:55.509 INFO:journalctl@ceph.mgr.x.smithi098.stdout:Jul 14 19:22:55 smithi098 ceph-9adea648-227b-11ee-9b33-001a4aab830c-mgr-x[127734]:
2023-07-14T19:22:55.327+0000 7f24f3568200 -1 mgr[py] Module zabbix has missing NOTIFY_TYPES member
2023-07-14T19:22:55.781 INFO:journalctl@ceph.mgr.x.smithi098.stdout:Jul 14 19:22:55 smithi098 ceph-9adea648-227b-11ee-9b33-001a4aab830c-mgr-x[127734]:
2023-07-14T19:22:55.506+0000 7f24f3568200 -1 mgr[py] Module crash has missing NOTIFY_TYPES member
2023-07-14T19:22:56.152 INFO:journalctl@ceph.mon.a.smithi098.stdout:Jul 14 19:22:55 smithi098 ceph-mon[127486]: from='client.? 172.21.15.98:0/1194116075' entity='client.admin' cmd='[{"prefix": "mgr module enable", "module": "dashboard"}]': finished
2023-07-14T19:22:56.153 INFO:journalctl@ceph.mon.a.smithi098.stdout:Jul 14 19:22:55 smithi098 ceph-mon[127486]: mgrmap e9: x(active, since 15s)
2023-07-14T19:22:56.153 INFO:journalctl@ceph.mgr.x.smithi098.stdout:Jul 14 19:22:55 smithi098 ceph-9adea648-227b-11ee-9b33-001a4aab830c-mgr-x[127734]:
2023-07-14T19:22:55.825+0000 7f24f3568200 -1 mgr[py] Module prometheus has missing NOTIFY_TYPES member
2023-07-14T19:22:56.153 INFO:journalctl@ceph.mgr.x.smithi098.stdout:Jul 14 19:22:55 smithi098 ceph-9adea648-227b-11ee-9b33-001a4aab830c-mgr-x[127734]:
2023-07-14T19:22:55.919+0000 7f24f3568200 -1 mgr[py] Module status has missing NOTIFY_TYPES member
2023-07-14T19:22:56.153 INFO:journalctl@ceph.mgr.x.smithi098.stdout:Jul 14 19:22:56 smithi098 ceph-9adea648-227b-11ee-9b33-001a4aab830c-mgr-x[127734]:
2023-07-14T19:22:56.054+0000 7f24f3568200 -1 mgr[py] Module selftest has missing NOTIFY_TYPES member
2023-07-14T19:22:56.531 INFO:journalctl@ceph.mgr.x.smithi098.stdout:Jul 14 19:22:56 smithi098 ceph-9adea648-227b-11ee-9b33-001a4aab830c-mgr-x[127734]:
2023-07-14T19:22:56.150+0000 7f24f3568200 -1 mgr[py] Module alerts has missing NOTIFY_TYPES member
2023-07-14T19:22:56.569 INFO:teuthology.orchestra.run.smithi098.stdout:/usr/bin/ceph: stdout {
2023-07-14T19:22:56.570 INFO:teuthology.orchestra.run.smithi098.stdout:/usr/bin/ceph: stdout "epoch": 9,
2023-07-14T19:22:56.570 INFO:teuthology.orchestra.run.smithi098.stdout:/usr/bin/ceph: stdout "available": true,
2023-07-14T19:22:56.570 INFO:teuthology.orchestra.run.smithi098.stdout:/usr/bin/ceph: stdout "active_name": "x",
2023-07-14T19:22:56.570 INFO:teuthology.orchestra.run.smithi098.stdout:/usr/bin/ceph: stdout "num_standby": 0
2023-07-14T19:22:56.570 INFO:teuthology.orchestra.run.smithi098.stdout:/usr/bin/ceph: stdout }
2023-07-14T19:22:56.571 INFO:teuthology.orchestra.run.smithi098.stdout:/usr/bin/ceph: stderr
2023-07-14T19:22:55.957+0000 7f2d5f48c700 1 Processor -- start
2023-07-14T19:22:56.571 INFO:teuthology.orchestra.run.smithi098.stdout:/usr/bin/ceph: stderr
2023-07-14T19:22:55.958+0000 7f2d5f48c700 1 -- start start
2023-07-14T19:22:56.571 INFO:teuthology.orchestra.run.smithi098.stdout:/usr/bin/ceph: stderr
2023-07-14T19:22:55.958+0000 7f2d5f48c700 1 --2- >> [v2:172.21.15.98:3300/0,v1:172.21.15.98:6789/0] conn(0x7f2d58073e60 0x7f2d5810a610 unknown :-1 s=NONE pgs=0 cs=0 l=0 rev1=0 crypto rx=0 tx=0 comp rx=0 tx=0).connect
2023-07-14T19:22:56.571 INFO:teuthology.orchestra.run.smithi098.stdout:/usr/bin/ceph: stderr
2023-07-14T19:22:55.958+0000 7f2d5f48c700 1 -- --> [v2:172.21.15.98:3300/0,v1:172.21.15.98:6789/0] -- mon_getmap magic: 0 v1 -- 0x7f2d58106000 con 0x7f2d58073e60
2023-07-14T19:22:56.571 INFO:teuthology.orchestra.run.smithi098.stdout:/usr/bin/ceph: stderr
2023-07-14T19:22:55.958+0000 7f2d5d228700 1 --2- >> [v2:172.21.15.98:3300/0,v1:172.21.15.98:6789/0] conn(0x7f2d58073e60 0x7f2d5810a610 unknown :-1 s=BANNER_CONNECTING pgs=0 cs=0 l=0 rev1=0 crypto rx=0 tx=0 comp rx=0 tx=0)._handle_peer_banner_payload supported=3 required=0
2023-07-14T19:22:56.571 INFO:teuthology.orchestra.run.smithi098.stdout:/usr/bin/ceph: stderr
2023-07-14T19:22:55.958+0000 7f2d5d228700 1 --2- >> [v2:172.21.15.98:3300/0,v1:172.21.15.98:6789/0] conn(0x7f2d58073e60 0x7f2d5810a610 unknown :-1 s=HELLO_CONNECTING pgs=0 cs=0 l=0 rev1=1 crypto rx=0 tx=0 comp rx=0 tx=0).handle_hello peer v2:172.21.15.98:3300/0 says I am v2:172.21.15.98:44558/0 (socket says 172.21.15.98:44558)
2023-07-14T19:22:56.571 INFO:teuthology.orchestra.run.smithi098.stdout:/usr/bin/ceph: stderr
2023-07-14T19:22:55.958+0000 7f2d5d228700 1 -- 172.21.15.98:0/1250705349 learned_addr learned my addr 172.21.15.98:0/1250705349 (peer_addr_for_me v2:172.21.15.98:0/0)
2023-07-14T19:22:56.572 INFO:teuthology.orchestra.run.smithi098.stdout:/usr/bin/ceph: stderr
2023-07-14T19:22:55.958+0000 7f2d5d228700 1 -- 172.21.15.98:0/1250705349 --> [v2:172.21.15.98:3300/0,v1:172.21.15.98:6789/0] -- mon_subscribe({config=0+,monmap=0+}) v3 -- 0x7f2d5810ab50 con 0x7f2d58073e60
2023-07-14T19:22:56.572 INFO:teuthology.orchestra.run.smithi098.stdout:/usr/bin/ceph: stderr
2023-07-14T19:22:55.958+0000 7f2d5d228700 1 --2- 172.21.15.98:0/1250705349 >> [v2:172.21.15.98:3300/0,v1:172.21.15.98:6789/0] conn(0x7f2d58073e60 0x7f2d5810a610 secure :-1 s=READY pgs=59 cs=0 l=1 rev1=1 crypto rx=0x7f2d540098a0 tx=0x7f2d54009bb0 comp rx=0 tx=0).ready entity=mon.0 client_cookie=21742340999cd7c2 server_cookie=0 in_seq=0 out_seq=0
2023-07-14T19:22:56.572 INFO:teuthology.orchestra.run.smithi098.stdout:/usr/bin/ceph: stderr
2023-07-14T19:22:55.959+0000 7f2d4ffff700 1 -- 172.21.15.98:0/1250705349 <== mon.0 v2:172.21.15.98:3300/0 1 ==== mon_map magic: 0 v1 ==== 205+0+0 (secure 0 0 0) 0x7f2d54004160 con 0x7f2d58073e60
2023-07-14T19:22:56.572 INFO:teuthology.orchestra.run.smithi098.stdout:/usr/bin/ceph: stderr
2023-07-14T19:22:55.959+0000 7f2d4ffff700 1 -- 172.21.15.98:0/1250705349 <== mon.0 v2:172.21.15.98:3300/0 2 ==== config(26 keys) v1 ==== 1105+0+0 (secure 0 0 0) 0x7f2d540042c0 con 0x7f2d58073e60
2023-07-14T19:22:56.572 INFO:teuthology.orchestra.run.smithi098.stdout:/usr/bin/ceph: stderr
2023-07-14T19:22:55.959+0000 7f2d4ffff700 1 -- 172.21.15.98:0/1250705349 <== mon.0 v2:172.21.15.98:3300/0 3 ==== mon_map magic: 0 v1 ==== 205+0+0 (secure 0 0 0) 0x7f2d540119b0 con 0x7f2d58073e60
2023-07-14T19:22:56.572 INFO:teuthology.orchestra.run.smithi098.stdout:/usr/bin/ceph: stderr
2023-07-14T19:22:55.959+0000 7f2d5f48c700 1 -- 172.21.15.98:0/1250705349 >> [v2:172.21.15.98:3300/0,v1:172.21.15.98:6789/0] conn(0x7f2d58073e60 msgr2=0x7f2d5810a610 secure :-1 s=STATE_CONNECTION_ESTABLISHED l=1).mark_down
2023-07-14T19:22:56.572 INFO:teuthology.orchestra.run.smithi098.stdout:/usr/bin/ceph: stderr
2023-07-14T19:22:55.959+0000 7f2d5f48c700 1 --2- 172.21.15.98:0/1250705349 >> [v2:172.21.15.98:3300/0,v1:172.21.15.98:6789/0] conn(0x7f2d58073e60 0x7f2d5810a610 secure :-1 s=READY pgs=59 cs=0 l=1 rev1=1 crypto rx=0x7f2d540098a0 tx=0x7f2d54009bb0 comp rx=0 tx=0).stop
2023-07-14T19:22:56.572 INFO:teuthology.orchestra.run.smithi098.stdout:/usr/bin/ceph: stderr
2023-07-14T19:22:55.959+0000 7f2d5f48c700 1 -- 172.21.15.98:0/1250705349 shutdown_connections
2023-07-14T19:22:56.573 INFO:teuthology.orchestra.run.smithi098.stdout:/usr/bin/ceph: stderr
2023-07-14T19:22:55.959+0000 7f2d5f48c700 1 --2- 172.21.15.98:0/1250705349 >> [v2:172.21.15.98:3300/0,v1:172.21.15.98:6789/0] conn(0x7f2d58073e60 0x7f2d5810a610 unknown :-1 s=CLOSED pgs=59 cs=0 l=1 rev1=1 crypto rx=0 tx=0 comp rx=0 tx=0).stop
2023-07-14T19:22:56.573 INFO:teuthology.orchestra.run.smithi098.stdout:/usr/bin/ceph: stderr
2023-07-14T19:22:55.959+0000 7f2d5f48c700 1 -- 172.21.15.98:0/1250705349 >> 172.21.15.98:0/1250705349 conn(0x7f2d580ffbc0 msgr2=0x7f2d58101ff0 unknown :-1 s=STATE_NONE l=0).mark_down
2023-07-14T19:22:56.573 INFO:teuthology.orchestra.run.smithi098.stdout:/usr/bin/ceph: stderr
2023-07-14T19:22:55.960+0000 7f2d5f48c700 1 -- 172.21.15.98:0/1250705349 shutdown_connections
2023-07-14T19:22:56.573 INFO:teuthology.orchestra.run.smithi098.stdout:/usr/bin/ceph: stderr
2023-07-14T19:22:55.960+0000 7f2d5f48c700 1 -- 172.21.15.98:0/1250705349 wait complete.
2023-07-14T19:22:56.573 INFO:teuthology.orchestra.run.smithi098.stdout:/usr/bin/ceph: stderr
2023-07-14T19:22:55.960+0000 7f2d5f48c700 1 Processor -- start
2023-07-14T19:22:56.573 INFO:teuthology.orchestra.run.smithi098.stdout:/usr/bin/ceph: stderr
2023-07-14T19:22:55.960+0000 7f2d5f48c700 1 -- start start
2023-07-14T19:22:56.573 INFO:teuthology.orchestra.run.smithi098.stdout:/usr/bin/ceph: stderr
2023-07-14T19:22:55.960+0000 7f2d5f48c700 1 --2- >> [v2:172.21.15.98:3300/0,v1:172.21.15.98:6789/0] conn(0x7f2d5819b670 0x7f2d5819ba80 unknown :-1 s=NONE pgs=0 cs=0 l=1 rev1=0 crypto rx=0 tx=0 comp rx=0 tx=0).connect
2023-07-14T19:22:56.574 INFO:teuthology.orchestra.run.smithi098.stdout:/usr/bin/ceph: stderr
2023-07-14T19:22:55.960+0000 7f2d5f48c700 1 -- --> [v2:172.21.15.98:3300/0,v1:172.21.15.98:6789/0] -- mon_getmap magic: 0 v1 -- 0x7f2d5819bfc0 con 0x7f2d5819b670
2023-07-14T19:22:56.574 INFO:teuthology.orchestra.run.smithi098.stdout:/usr/bin/ceph: stderr
2023-07-14T19:22:55.960+0000 7f2d5d228700 1 --2- >> [v2:172.21.15.98:3300/0,v1:172.21.15.98:6789/0] conn(0x7f2d5819b670 0x7f2d5819ba80 unknown :-1 s=BANNER_CONNECTING pgs=0 cs=0 l=1 rev1=0 crypto rx=0 tx=0 comp rx=0 tx=0)._handle_peer_banner_payload supported=3 required=0
2023-07-14T19:22:56.574 INFO:teuthology.orchestra.run.smithi098.stdout:/usr/bin/ceph: stderr
2023-07-14T19:22:55.960+0000 7f2d5d228700 1 --2- >> [v2:172.21.15.98:3300/0,v1:172.21.15.98:6789/0] conn(0x7f2d5819b670 0x7f2d5819ba80 unknown :-1 s=HELLO_CONNECTING pgs=0 cs=0 l=1 rev1=1 crypto rx=0 tx=0 comp rx=0 tx=0).handle_hello peer v2:172.21.15.98:3300/0 says I am v2:172.21.15.98:44560/0 (socket says 172.21.15.98:44560)
2023-07-14T19:22:56.574 INFO:teuthology.orchestra.run.smithi098.stdout:/usr/bin/ceph: stderr
2023-07-14T19:22:55.960+0000 7f2d5d228700 1 -- 172.21.15.98:0/4059899310 learned_addr learned my addr 172.21.15.98:0/4059899310 (peer_addr_for_me v2:172.21.15.98:0/0)
2023-07-14T19:22:56.574 INFO:teuthology.orchestra.run.smithi098.stdout:/usr/bin/ceph: stderr
2023-07-14T19:22:55.961+0000 7f2d5d228700 1 -- 172.21.15.98:0/4059899310 --> [v2:172.21.15.98:3300/0,v1:172.21.15.98:6789/0] -- mon_subscribe({config=0+,monmap=0+}) v3 -- 0x7f2d54009550 con 0x7f2d5819b670
2023-07-14T19:22:56.574 INFO:teuthology.orchestra.run.smithi098.stdout:/usr/bin/ceph: stderr
2023-07-14T19:22:55.961+0000 7f2d5d228700 1 --2- 172.21.15.98:0/4059899310 >> [v2:172.21.15.98:3300/0,v1:172.21.15.98:6789/0] conn(0x7f2d5819b670 0x7f2d5819ba80 secure :-1 s=READY pgs=60 cs=0 l=1 rev1=1 crypto rx=0x7f2d54006af0 tx=0x7f2d54011a10 comp rx=0 tx=0).ready entity=mon.0 client_cookie=0 server_cookie=0 in_seq=0 out_seq=0
2023-07-14T19:22:56.574 INFO:teuthology.orchestra.run.smithi098.stdout:/usr/bin/ceph: stderr
2023-07-14T19:22:55.961+0000 7f2d4e7fc700 1 -- 172.21.15.98:0/4059899310 <== mon.0 v2:172.21.15.98:3300/0 1 ==== mon_map magic: 0 v1 ==== 205+0+0 (secure 0 0 0) 0x7f2d54003a40 con 0x7f2d5819b670
2023-07-14T19:22:56.574 INFO:teuthology.orchestra.run.smithi098.stdout:/usr/bin/ceph: stderr
2023-07-14T19:22:55.961+0000 7f2d4e7fc700 1 -- 172.21.15.98:0/4059899310 <== mon.0 v2:172.21.15.98:3300/0 2 ==== config(26 keys) v1 ==== 1105+0+0 (secure 0 0 0) 0x7f2d54003ba0 con 0x7f2d5819b670
2023-07-14T19:22:56.575 INFO:teuthology.orchestra.run.smithi098.stdout:/usr/bin/ceph: stderr
2023-07-14T19:22:55.961+0000 7f2d5f48c700 1 -- 172.21.15.98:0/4059899310 --> [v2:172.21.15.98:3300/0,v1:172.21.15.98:6789/0] -- mon_subscribe({mgrmap=0+}) v3 -- 0x7f2d5819c1c0 con 0x7f2d5819b670
2023-07-14T19:22:56.575 INFO:teuthology.orchestra.run.smithi098.stdout:/usr/bin/ceph: stderr
2023-07-14T19:22:55.961+0000 7f2d4e7fc700 1 -- 172.21.15.98:0/4059899310 <== mon.0 v2:172.21.15.98:3300/0 3 ==== mon_map magic: 0 v1 ==== 205+0+0 (secure 0 0 0) 0x7f2d54019690 con 0x7f2d5819b670
2023-07-14T19:22:56.575 INFO:teuthology.orchestra.run.smithi098.stdout:/usr/bin/ceph: stderr
2023-07-14T19:22:55.961+0000 7f2d5f48c700 1 -- 172.21.15.98:0/4059899310 --> [v2:172.21.15.98:3300/0,v1:172.21.15.98:6789/0] -- mon_subscribe({osdmap=0}) v3 -- 0x7f2d5819ee20 con 0x7f2d5819b670
2023-07-14T19:22:56.575 INFO:teuthology.orchestra.run.smithi098.stdout:/usr/bin/ceph: stderr
2023-07-14T19:22:55.962+0000 7f2d4e7fc700 1 -- 172.21.15.98:0/4059899310 <== mon.0 v2:172.21.15.98:3300/0 4 ==== mgrmap(e 9) v1 ==== 45496+0+0 (secure 0 0 0) 0x7f2d54019950 con 0x7f2d5819b670
2023-07-14T19:22:56.575 INFO:teuthology.orchestra.run.smithi098.stdout:/usr/bin/ceph: stderr
2023-07-14T19:22:55.962+0000 7f2d4e7fc700 1 --2- 172.21.15.98:0/4059899310 >> [v2:172.21.15.98:6800/1732769087,v1:172.21.15.98:6801/1732769087] conn(0x7f2d44038710 0x7f2d4403abc0 unknown :-1 s=NONE pgs=0 cs=0 l=1 rev1=0 crypto rx=0 tx=0 comp rx=0 tx=0).connect
2023-07-14T19:22:56.575 INFO:teuthology.orchestra.run.smithi098.stdout:/usr/bin/ceph: stderr
2023-07-14T19:22:55.962+0000 7f2d4e7fc700 1 -- 172.21.15.98:0/4059899310 <== mon.0 v2:172.21.15.98:3300/0 5 ==== osd_map(2..2 src has 1..2) v4 ==== 940+0+0 (secure 0 0 0) 0x7f2d5404c6d0 con 0x7f2d5819b670
2023-07-14T19:22:56.575 INFO:teuthology.orchestra.run.smithi098.stdout:/usr/bin/ceph: stderr
2023-07-14T19:22:55.962+0000 7f2d5ca27700 1 -- 172.21.15.98:0/4059899310 >> [v2:172.21.15.98:6800/1732769087,v1:172.21.15.98:6801/1732769087] conn(0x7f2d44038710 msgr2=0x7f2d4403abc0 unknown :-1 s=STATE_CONNECTING_RE l=1).process reconnect failed to v2:172.21.15.98:6800/1732769087
2023-07-14T19:22:56.576 INFO:teuthology.orchestra.run.smithi098.stdout:/usr/bin/ceph: stderr
2023-07-14T19:22:55.962+0000 7f2d5f48c700 1 -- 172.21.15.98:0/4059899310 --> [v2:172.21.15.98:3300/0,v1:172.21.15.98:6789/0] -- mon_command({"prefix": "get_command_descriptions"} v 0) v1 -- 0x7f2d58195660 con 0x7f2d5819b670
2023-07-14T19:22:56.576 INFO:teuthology.orchestra.run.smithi098.stdout:/usr/bin/ceph: stderr
2023-07-14T19:22:55.962+0000 7f2d5ca27700 1 --2- 172.21.15.98:0/4059899310 >> [v2:172.21.15.98:6800/1732769087,v1:172.21.15.98:6801/1732769087] conn(0x7f2d44038710 0x7f2d4403abc0 unknown :-1 s=START_CONNECT pgs=0 cs=0 l=1 rev1=0 crypto rx=0 tx=0 comp rx=0 tx=0)._fault waiting 0.200000
2023-07-14T19:22:56.576 INFO:teuthology.orchestra.run.smithi098.stdout:/usr/bin/ceph: stderr
2023-07-14T19:22:55.967+0000 7f2d4e7fc700 1 -- 172.21.15.98:0/4059899310 <== mon.0 v2:172.21.15.98:3300/0 6 ==== mon_command_ack([{"prefix": "get_command_descriptions"}]=0 v0) v1 ==== 72+0+178025 (secure 0 0 0) 0x7f2d540243f0 con 0x7f2d5819b670
2023-07-14T19:22:56.576 INFO:teuthology.orchestra.run.smithi098.stdout:/usr/bin/ceph: stderr
2023-07-14T19:22:56.163+0000 7f2d5ca27700 1 -- 172.21.15.98:0/4059899310 >> [v2:172.21.15.98:6800/1732769087,v1:172.21.15.98:6801/1732769087] conn(0x7f2d44038710 msgr2=0x7f2d4403abc0 unknown :-1 s=STATE_CONNECTING_RE l=1).process reconnect failed to v2:172.21.15.98:6800/1732769087
2023-07-14T19:22:56.576 INFO:teuthology.orchestra.run.smithi098.stdout:/usr/bin/ceph: stderr
2023-07-14T19:22:56.163+0000 7f2d5ca27700 1 --2- 172.21.15.98:0/4059899310 >> [v2:172.21.15.98:6800/1732769087,v1:172.21.15.98:6801/1732769087] conn(0x7f2d44038710 0x7f2d4403abc0 unknown :-1 s=START_CONNECT pgs=0 cs=0 l=1 rev1=0 crypto rx=0 tx=0 comp rx=0 tx=0)._fault waiting 0.400000
2023-07-14T19:22:56.576 INFO:teuthology.orchestra.run.smithi098.stdout:/usr/bin/ceph: stderr
2023-07-14T19:22:56.214+0000 7f2d5f48c700 1 -- 172.21.15.98:0/4059899310 --> [v2:172.21.15.98:3300/0,v1:172.21.15.98:6789/0] -- mon_command({"prefix": "mgr stat"} v 0) v1 -- 0x7f2d5802c910 con 0x7f2d5819b670
2023-07-14T19:22:56.576 INFO:teuthology.orchestra.run.smithi098.stdout:/usr/bin/ceph: stderr
2023-07-14T19:22:56.214+0000 7f2d4e7fc700 1 -- 172.21.15.98:0/4059899310 <== mon.0 v2:172.21.15.98:3300/0 7 ==== mon_command_ack([{"prefix": "mgr stat"}]=0 v9) v1 ==== 56+0+88 (secure 0 0 0) 0x7f2d5404a030 con 0x7f2d5819b670
2023-07-14T19:22:56.576 INFO:teuthology.orchestra.run.smithi098.stdout:/usr/bin/ceph: stderr
2023-07-14T19:22:56.216+0000 7f2d5f48c700 1 -- 172.21.15.98:0/4059899310 >> [v2:172.21.15.98:6800/1732769087,v1:172.21.15.98:6801/1732769087] conn(0x7f2d44038710 msgr2=0x7f2d4403abc0 unknown :-1 s=STATE_CONNECTING l=1).mark_down
2023-07-14T19:22:56.577 INFO:teuthology.orchestra.run.smithi098.stdout:/usr/bin/ceph: stderr
2023-07-14T19:22:56.216+0000 7f2d5f48c700 1 --2- 172.21.15.98:0/4059899310 >> [v2:172.21.15.98:6800/1732769087,v1:172.21.15.98:6801/1732769087] conn(0x7f2d44038710 0x7f2d4403abc0 unknown :-1 s=START_CONNECT pgs=0 cs=0 l=1 rev1=0 crypto rx=0 tx=0 comp rx=0 tx=0).stop
2023-07-14T19:22:56.577 INFO:teuthology.orchestra.run.smithi098.stdout:/usr/bin/ceph: stderr
2023-07-14T19:22:56.216+0000 7f2d5f48c700 1 -- 172.21.15.98:0/4059899310 >> [v2:172.21.15.98:3300/0,v1:172.21.15.98:6789/0] conn(0x7f2d5819b670 msgr2=0x7f2d5819ba80 secure :-1 s=STATE_CONNECTION_ESTABLISHED l=1).mark_down
2023-07-14T19:22:56.577 INFO:teuthology.orchestra.run.smithi098.stdout:/usr/bin/ceph: stderr
2023-07-14T19:22:56.216+0000 7f2d5f48c700 1 --2- 172.21.15.98:0/4059899310 >> [v2:172.21.15.98:3300/0,v1:172.21.15.98:6789/0] conn(0x7f2d5819b670 0x7f2d5819ba80 secure :-1 s=READY pgs=60 cs=0 l=1 rev1=1 crypto rx=0x7f2d54006af0 tx=0x7f2d54011a10 comp rx=0 tx=0).stop
2023-07-14T19:22:56.577 INFO:teuthology.orchestra.run.smithi098.stdout:/usr/bin/ceph: stderr
2023-07-14T19:22:56.216+0000 7f2d5f48c700 1 -- 172.21.15.98:0/4059899310 shutdown_connections
2023-07-14T19:22:56.577 INFO:teuthology.orchestra.run.smithi098.stdout:/usr/bin/ceph: stderr
2023-07-14T19:22:56.216+0000 7f2d5f48c700 1 --2- 172.21.15.98:0/4059899310 >> [v2:172.21.15.98:6800/1732769087,v1:172.21.15.98:6801/1732769087] conn(0x7f2d44038710 0x7f2d4403abc0 unknown :-1 s=CLOSED pgs=0 cs=0 l=1 rev1=0 crypto rx=0 tx=0 comp rx=0 tx=0).stop
2023-07-14T19:22:56.577 INFO:teuthology.orchestra.run.smithi098.stdout:/usr/bin/ceph: stderr
2023-07-14T19:22:56.216+0000 7f2d5f48c700 1 --2- 172.21.15.98:0/4059899310 >> [v2:172.21.15.98:3300/0,v1:172.21.15.98:6789/0] conn(0x7f2d5819b670 0x7f2d5819ba80 unknown :-1 s=CLOSED pgs=60 cs=0 l=1 rev1=1 crypto rx=0 tx=0 comp rx=0 tx=0).stop
2023-07-14T19:22:56.577 INFO:teuthology.orchestra.run.smithi098.stdout:/usr/bin/ceph: stderr
2023-07-14T19:22:56.216+0000 7f2d5f48c700 1 -- 172.21.15.98:0/4059899310 >> 172.21.15.98:0/4059899310 conn(0x7f2d580ffbc0 msgr2=0x7f2d58101300 unknown :-1 s=STATE_NONE l=0).mark_down
2023-07-14T19:22:56.578 INFO:teuthology.orchestra.run.smithi098.stdout:/usr/bin/ceph: stderr
2023-07-14T19:22:56.217+0000 7f2d5f48c700 1 -- 172.21.15.98:0/4059899310 shutdown_connections
2023-07-14T19:22:56.578 INFO:teuthology.orchestra.run.smithi098.stdout:/usr/bin/ceph: stderr
2023-07-14T19:22:56.217+0000 7f2d5f48c700 1 -- 172.21.15.98:0/4059899310 wait complete.
2023-07-14T19:22:56.578 INFO:teuthology.orchestra.run.smithi098.stdout:Waiting for the mgr to restart...
2023-07-14T19:22:56.578 INFO:teuthology.orchestra.run.smithi098.stdout:Waiting for mgr epoch 9...
2023-07-14T19:22:57.031 INFO:journalctl@ceph.mgr.x.smithi098.stdout:Jul 14 19:22:56 smithi098 ceph-9adea648-227b-11ee-9b33-001a4aab830c-mgr-x[127734]:
2023-07-14T19:22:56.587+0000 7f24f3568200 -1 mgr[py] Module progress has missing NOTIFY_TYPES member
2023-07-14T19:22:57.531 INFO:journalctl@ceph.mon.a.smithi098.stdout:Jul 14 19:22:57 smithi098 ceph-mon[127486]: from='client.? 172.21.15.98:0/4059899310' entity='client.admin' cmd=[{"prefix": "mgr stat"}]: dispatch
2023-07-14T19:22:57.532 INFO:journalctl@ceph.mgr.x.smithi098.stdout:Jul 14 19:22:57 smithi098 ceph-9adea648-227b-11ee-9b33-001a4aab830c-mgr-x[127734]:
2023-07-14T19:22:57.172+0000 7f24f3568200 -1 mgr[py] Module rook has missing NOTIFY_TYPES member
2023-07-14T19:22:57.532 INFO:journalctl@ceph.mgr.x.smithi098.stdout:Jul 14 19:22:57 smithi098 ceph-9adea648-227b-11ee-9b33-001a4aab830c-mgr-x[127734]:
2023-07-14T19:22:57.344+0000 7f24f3568200 -1 mgr[py] Module iostat has missing NOTIFY_TYPES member
2023-07-14T19:22:58.363 INFO:journalctl@ceph.mgr.x.smithi098.stdout:Jul 14 19:22:58 smithi098 ceph-9adea648-227b-11ee-9b33-001a4aab830c-mgr-x[127734]:
2023-07-14T19:22:58.099+0000 7f24f3568200 -1 mgr[py] Module test_orchestrator has missing NOTIFY_TYPES member
2023-07-14T19:22:58.364 INFO:journalctl@ceph.mgr.x.smithi098.stdout:Jul 14 19:22:58 smithi098 ceph-9adea648-227b-11ee-9b33-001a4aab830c-mgr-x[127734]:
2023-07-14T19:22:58.190+0000 7f24f3568200 -1 mgr[py] Module osd_perf_query has missing NOTIFY_TYPES member
2023-07-14T19:22:58.364 INFO:journalctl@ceph.mgr.x.smithi098.stdout:Jul 14 19:22:58 smithi098 ceph-9adea648-227b-11ee-9b33-001a4aab830c-mgr-x[127734]:
2023-07-14T19:22:58.361+0000 7f24f3568200 -1 mgr[py] Module orchestrator has missing NOTIFY_TYPES member
2023-07-14T19:22:59.031 INFO:journalctl@ceph.mgr.x.smithi098.stdout:Jul 14 19:22:58 smithi098 ceph-9adea648-227b-11ee-9b33-001a4aab830c-mgr-x[127734]:
2023-07-14T19:22:58.638+0000 7f24f3568200 -1 mgr[py] Module rgw has missing NOTIFY_TYPES member
2023-07-14T19:22:59.031 INFO:journalctl@ceph.mgr.x.smithi098.stdout:Jul 14 19:22:58 smithi098 ceph-9adea648-227b-11ee-9b33-001a4aab830c-mgr-x[127734]:
2023-07-14T19:22:58.880+0000 7f24f3568200 -1 mgr[py] Module influx has missing NOTIFY_TYPES member
2023-07-14T19:22:59.292 INFO:journalctl@ceph.mgr.x.smithi098.stdout:Jul 14 19:22:59 smithi098 ceph-9adea648-227b-11ee-9b33-001a4aab830c-mgr-x[127734]:
2023-07-14T19:22:59.029+0000 7f24f3568200 -1 mgr[py] Module telemetry has missing NOTIFY_TYPES member
2023-07-14T19:22:59.781 INFO:journalctl@ceph.mgr.x.smithi098.stdout:Jul 14 19:22:59 smithi098 ceph-9adea648-227b-11ee-9b33-001a4aab830c-mgr-x[127734]:
2023-07-14T19:22:59.290+0000 7f24f3568200 -1 mgr[py] Module telegraf has missing NOTIFY_TYPES member
2023-07-14T19:23:00.281 INFO:journalctl@ceph.mgr.x.smithi098.stdout:Jul 14 19:23:00 smithi098 ceph-9adea648-227b-11ee-9b33-001a4aab830c-mgr-x[127734]:
2023-07-14T19:23:00.008+0000 7f24f3568200 -1 mgr[py] Module balancer has missing NOTIFY_TYPES member
2023-07-14T19:23:00.282 INFO:journalctl@ceph.mgr.x.smithi098.stdout:Jul 14 19:23:00 smithi098 ceph-9adea648-227b-11ee-9b33-001a4aab830c-mgr-x[127734]:
2023-07-14T19:23:00.139+0000 7f24f3568200 -1 mgr[py] Module diskprediction_local has missing NOTIFY_TYPES member
2023-07-14T19:23:00.658 INFO:journalctl@ceph.mgr.x.smithi098.stdout:Jul 14 19:23:00 smithi098 ceph-9adea648-227b-11ee-9b33-001a4aab830c-mgr-x[127734]:
2023-07-14T19:23:00.329+0000 7f24f3568200 -1 mgr[py] Module nfs has missing NOTIFY_TYPES member
2023-07-14T19:23:00.658 INFO:journalctl@ceph.mgr.x.smithi098.stdout:Jul 14 19:23:00 smithi098 ceph-9adea648-227b-11ee-9b33-001a4aab830c-mgr-x[127734]:
2023-07-14T19:23:00.442+0000 7f24f3568200 -1 mgr[py] Module rbd_support has missing NOTIFY_TYPES member
2023-07-14T19:23:01.031 INFO:journalctl@ceph.mgr.x.smithi098.stdout:Jul 14 19:23:00 smithi098 ceph-9adea648-227b-11ee-9b33-001a4aab830c-mgr-x[127734]:
2023-07-14T19:23:00.656+0000 7f24f3568200 -1 mgr[py] Module volumes has missing NOTIFY_TYPES member
2023-07-14T19:23:01.781 INFO:journalctl@ceph.mgr.x.smithi098.stdout:Jul 14 19:23:01 smithi098 ceph-9adea648-227b-11ee-9b33-001a4aab830c-mgr-x[127734]:
2023-07-14T19:23:01.505+0000 7f24f3568200 -1 mgr[py] Module pg_autoscaler has missing NOTIFY_TYPES member
2023-07-14T19:23:02.531 INFO:journalctl@ceph.mon.a.smithi098.stdout:Jul 14 19:23:02 smithi098 ceph-mon[127486]: Active manager daemon x restarted
2023-07-14T19:23:02.532 INFO:journalctl@ceph.mon.a.smithi098.stdout:Jul 14 19:23:02 smithi098 ceph-mon[127486]: Activating manager daemon x
2023-07-14T19:23:02.532 INFO:journalctl@ceph.mon.a.smithi098.stdout:Jul 14 19:23:02 smithi098 ceph-mon[127486]: osdmap e3: 0 total, 0 up, 0 in
2023-07-14T19:23:02.532 INFO:journalctl@ceph.mon.a.smithi098.stdout:Jul 14 19:23:02 smithi098 ceph-mon[127486]: mgrmap e10: x(active, starting, since 0.00335827s)
2023-07-14T19:23:02.532 INFO:journalctl@ceph.mon.a.smithi098.stdout:Jul 14 19:23:02 smithi098 ceph-mon[127486]: from='mgr.14152 172.21.15.98:0/2785157538' entity='mgr.x' cmd=[{"prefix": "mon metadata", "id": "a"}]: dispatch
2023-07-14T19:23:02.532 INFO:journalctl@ceph.mon.a.smithi098.stdout:Jul 14 19:23:02 smithi098 ceph-mon[127486]: from='mgr.14152 172.21.15.98:0/2785157538' entity='mgr.x' cmd=[{"prefix": "mgr metadata", "who": "x", "id": "x"}]: dispatch
2023-07-14T19:23:02.533 INFO:journalctl@ceph.mon.a.smithi098.stdout:Jul 14 19:23:02 smithi098 ceph-mon[127486]: from='mgr.14152 172.21.15.98:0/2785157538' entity='mgr.x' cmd=[{"prefix": "mds metadata"}]: dispatch
2023-07-14T19:23:02.533 INFO:journalctl@ceph.mon.a.smithi098.stdout:Jul 14 19:23:02 smithi098 ceph-mon[127486]: from='mgr.14152 172.21.15.98:0/2785157538' entity='mgr.x' cmd=[{"prefix": "osd metadata"}]: dispatch
2023-07-14T19:23:02.533 INFO:journalctl@ceph.mon.a.smithi098.stdout:Jul 14 19:23:02 smithi098 ceph-mon[127486]: from='mgr.14152 172.21.15.98:0/2785157538' entity='mgr.x' cmd=[{"prefix": "mon metadata"}]: dispatch
2023-07-14T19:23:02.533 INFO:journalctl@ceph.mon.a.smithi098.stdout:Jul 14 19:23:02 smithi098 ceph-mon[127486]: Manager daemon x is now available
2023-07-14T19:23:02.534 INFO:journalctl@ceph.mon.a.smithi098.stdout:Jul 14 19:23:02 smithi098 ceph-mon[127486]: from='mgr.14152 172.21.15.98:0/2785157538' entity='mgr.x' cmd=[{"prefix": "config dump", "format": "json"}]: dispatch
2023-07-14T19:23:02.534 INFO:journalctl@ceph.mon.a.smithi098.stdout:Jul 14 19:23:02 smithi098 ceph-mon[127486]: from='mgr.14152 172.21.15.98:0/2785157538' entity='mgr.x' cmd=[{"prefix": "config dump", "format": "json"}]: dispatch
2023-07-14T19:23:02.534 INFO:journalctl@ceph.mon.a.smithi098.stdout:Jul 14 19:23:02 smithi098 ceph-mon[127486]: from='mgr.14152 172.21.15.98:0/2785157538' entity='mgr.x' cmd=[{"prefix":"config rm","who":"mgr","name":"mgr/rbd_support/x/mirror_snapshot_schedule"}]: dispatch
2023-07-14T19:23:02.534 INFO:journalctl@ceph.mon.a.smithi098.stdout:Jul 14 19:23:02 smithi098 ceph-mon[127486]: from='mgr.14152 172.21.15.98:0/2785157538' entity='mgr.x' cmd=[{"prefix":"config rm","who":"mgr","name":"mgr/rbd_support/x/trash_purge_schedule"}]: dispatch
2023-07-14T19:23:02.535 INFO:journalctl@ceph.mon.a.smithi098.stdout:Jul 14 19:23:02 smithi098 ceph-mon[127486]: [14/Jul/2023:19:23:01] ENGINE Bus STARTING
2023-07-14T19:23:03.228 INFO:teuthology.orchestra.run.smithi098.stdout:/usr/bin/ceph: stdout {
2023-07-14T19:23:03.229 INFO:teuthology.orchestra.run.smithi098.stdout:/usr/bin/ceph: stdout "mgrmap_epoch": 11,
2023-07-14T19:23:03.229 INFO:teuthology.orchestra.run.smithi098.stdout:/usr/bin/ceph: stdout "initialized": true
2023-07-14T19:23:03.229 INFO:teuthology.orchestra.run.smithi098.stdout:/usr/bin/ceph: stdout }
2023-07-14T19:23:03.229 INFO:teuthology.orchestra.run.smithi098.stdout:/usr/bin/ceph: stderr
2023-07-14T19:22:57.062+0000 7fb765ace700 1 Processor -- start
2023-07-14T19:23:03.229 INFO:teuthology.orchestra.run.smithi098.stdout:/usr/bin/ceph: stderr
2023-07-14T19:22:57.062+0000 7fb765ace700 1 -- start start
2023-07-14T19:23:03.230 INFO:teuthology.orchestra.run.smithi098.stdout:/usr/bin/ceph: stderr
2023-07-14T19:22:57.062+0000 7fb765ace700 1 --2- >> [v2:172.21.15.98:3300/0,v1:172.21.15.98:6789/0] conn(0x7fb760105af0 0x7fb760105f00 unknown :-1 s=NONE pgs=0 cs=0 l=0 rev1=0 crypto rx=0 tx=0 comp rx=0 tx=0).connect
2023-07-14T19:23:03.230 INFO:teuthology.orchestra.run.smithi098.stdout:/usr/bin/ceph: stderr
2023-07-14T19:22:57.062+0000 7fb765ace700 1 -- --> [v2:172.21.15.98:3300/0,v1:172.21.15.98:6789/0] -- mon_getmap magic: 0 v1 -- 0x7fb760106440 con 0x7fb760105af0
2023-07-14T19:23:03.230 INFO:teuthology.orchestra.run.smithi098.stdout:/usr/bin/ceph: stderr
2023-07-14T19:22:57.062+0000 7fb75f7fe700 1 --2- >> [v2:172.21.15.98:3300/0,v1:172.21.15.98:6789/0] conn(0x7fb760105af0 0x7fb760105f00 unknown :-1 s=BANNER_CONNECTING pgs=0 cs=0 l=0 rev1=0 crypto rx=0 tx=0 comp rx=0 tx=0)._handle_peer_banner_payload supported=3 required=0
2023-07-14T19:23:03.230 INFO:teuthology.orchestra.run.smithi098.stdout:/usr/bin/ceph: stderr
2023-07-14T19:22:57.062+0000 7fb75f7fe700 1 --2- >> [v2:172.21.15.98:3300/0,v1:172.21.15.98:6789/0] conn(0x7fb760105af0 0x7fb760105f00 unknown :-1 s=HELLO_CONNECTING pgs=0 cs=0 l=0 rev1=1 crypto rx=0 tx=0 comp rx=0 tx=0).handle_hello peer v2:172.21.15.98:3300/0 says I am v2:172.21.15.98:44568/0 (socket says 172.21.15.98:44568)
2023-07-14T19:23:03.230 INFO:teuthology.orchestra.run.smithi098.stdout:/usr/bin/ceph: stderr
2023-07-14T19:22:57.062+0000 7fb75f7fe700 1 -- 172.21.15.98:0/1692427902 learned_addr learned my addr 172.21.15.98:0/1692427902 (peer_addr_for_me v2:172.21.15.98:0/0)
2023-07-14T19:23:03.230 INFO:teuthology.orchestra.run.smithi098.stdout:/usr/bin/ceph: stderr
2023-07-14T19:22:57.063+0000 7fb75f7fe700 1 -- 172.21.15.98:0/1692427902 --> [v2:172.21.15.98:3300/0,v1:172.21.15.98:6789/0] -- mon_subscribe({config=0+,monmap=0+}) v3 -- 0x7fb760106580 con 0x7fb760105af0
2023-07-14T19:23:03.230 INFO:teuthology.orchestra.run.smithi098.stdout:/usr/bin/ceph: stderr
2023-07-14T19:22:57.063+0000 7fb75f7fe700 1 --2- 172.21.15.98:0/1692427902 >> [v2:172.21.15.98:3300/0,v1:172.21.15.98:6789/0] conn(0x7fb760105af0 0x7fb760105f00 secure :-1 s=READY pgs=61 cs=0 l=1 rev1=1 crypto rx=0x7fb75000bb40 tx=0x7fb75000be50 comp rx=0 tx=0).ready entity=mon.0 client_cookie=6b0f0d3c26213d67 server_cookie=0 in_seq=0 out_seq=0
2023-07-14T19:23:03.231 INFO:teuthology.orchestra.run.smithi098.stdout:/usr/bin/ceph: stderr
2023-07-14T19:22:57.063+0000 7fb75e7fc700 1 -- 172.21.15.98:0/1692427902 <== mon.0 v2:172.21.15.98:3300/0 1 ==== mon_map magic: 0 v1 ==== 205+0+0 (secure 0 0 0) 0x7fb75000dbe0 con 0x7fb760105af0
2023-07-14T19:23:03.231 INFO:teuthology.orchestra.run.smithi098.stdout:/usr/bin/ceph: stderr
2023-07-14T19:22:57.063+0000 7fb75e7fc700 1 -- 172.21.15.98:0/1692427902 <== mon.0 v2:172.21.15.98:3300/0 2 ==== config(26 keys) v1 ==== 1105+0+0 (secure 0 0 0) 0x7fb7500044f0 con 0x7fb760105af0
2023-07-14T19:23:03.231 INFO:teuthology.orchestra.run.smithi098.stdout:/usr/bin/ceph: stderr
2023-07-14T19:22:57.063+0000 7fb75e7fc700 1 -- 172.21.15.98:0/1692427902 <== mon.0 v2:172.21.15.98:3300/0 3 ==== mon_map magic: 0 v1 ==== 205+0+0 (secure 0 0 0) 0x7fb750003e60 con 0x7fb760105af0
2023-07-14T19:23:03.231 INFO:teuthology.orchestra.run.smithi098.stdout:/usr/bin/ceph: stderr
2023-07-14T19:22:57.064+0000 7fb765ace700 1 -- 172.21.15.98:0/1692427902 >> [v2:172.21.15.98:3300/0,v1:172.21.15.98:6789/0] conn(0x7fb760105af0 msgr2=0x7fb760105f00 secure :-1 s=STATE_CONNECTION_ESTABLISHED l=1).mark_down
2023-07-14T19:23:03.231 INFO:teuthology.orchestra.run.smithi098.stdout:/usr/bin/ceph: stderr
2023-07-14T19:22:57.064+0000 7fb765ace700 1 --2- 172.21.15.98:0/1692427902 >> [v2:172.21.15.98:3300/0,v1:172.21.15.98:6789/0] conn(0x7fb760105af0 0x7fb760105f00 secure :-1 s=READY pgs=61 cs=0 l=1 rev1=1 crypto rx=0x7fb75000bb40 tx=0x7fb75000be50 comp rx=0 tx=0).stop
2023-07-14T19:23:03.231 INFO:teuthology.orchestra.run.smithi098.stdout:/usr/bin/ceph: stderr
2023-07-14T19:22:57.064+0000 7fb765ace700 1 -- 172.21.15.98:0/1692427902 shutdown_connections
2023-07-14T19:23:03.231 INFO:teuthology.orchestra.run.smithi098.stdout:/usr/bin/ceph: stderr
2023-07-14T19:22:57.064+0000 7fb765ace700 1 --2- 172.21.15.98:0/1692427902 >> [v2:172.21.15.98:3300/0,v1:172.21.15.98:6789/0] conn(0x7fb760105af0 0x7fb760105f00 unknown :-1 s=CLOSED pgs=61 cs=0 l=1 rev1=1 crypto rx=0 tx=0 comp rx=0 tx=0).stop
2023-07-14T19:23:03.231 INFO:teuthology.orchestra.run.smithi098.stdout:/usr/bin/ceph: stderr
2023-07-14T19:22:57.064+0000 7fb765ace700 1 -- 172.21.15.98:0/1692427902 >> 172.21.15.98:0/1692427902 conn(0x7fb7600ff330 msgr2=0x7fb760101740 unknown :-1 s=STATE_NONE l=0).mark_down
2023-07-14T19:23:03.232 INFO:teuthology.orchestra.run.smithi098.stdout:/usr/bin/ceph: stderr
2023-07-14T19:22:57.065+0000 7fb765ace700 1 -- 172.21.15.98:0/1692427902 shutdown_connections
2023-07-14T19:23:03.232 INFO:teuthology.orchestra.run.smithi098.stdout:/usr/bin/ceph: stderr
2023-07-14T19:22:57.065+0000 7fb765ace700 1 -- 172.21.15.98:0/1692427902 wait complete.
2023-07-14T19:23:03.232 INFO:teuthology.orchestra.run.smithi098.stdout:/usr/bin/ceph: stderr
2023-07-14T19:22:57.065+0000 7fb765ace700 1 Processor -- start
2023-07-14T19:23:03.232 INFO:teuthology.orchestra.run.smithi098.stdout:/usr/bin/ceph: stderr
2023-07-14T19:22:57.066+0000 7fb765ace700 1 -- start start
2023-07-14T19:23:03.232 INFO:teuthology.orchestra.run.smithi098.stdout:/usr/bin/ceph: stderr
2023-07-14T19:22:57.066+0000 7fb765ace700 1 --2- >> [v2:172.21.15.98:3300/0,v1:172.21.15.98:6789/0] conn(0x7fb760105af0 0x7fb760197260 unknown :-1 s=NONE pgs=0 cs=0 l=1 rev1=0 crypto rx=0 tx=0 comp rx=0 tx=0).connect
2023-07-14T19:23:03.232 INFO:teuthology.orchestra.run.smithi098.stdout:/usr/bin/ceph: stderr
2023-07-14T19:22:57.066+0000 7fb765ace700 1 -- --> [v2:172.21.15.98:3300/0,v1:172.21.15.98:6789/0] -- mon_getmap magic: 0 v1 -- 0x7fb7601977a0 con 0x7fb760105af0
2023-07-14T19:23:03.232 INFO:teuthology.orchestra.run.smithi098.stdout:/usr/bin/ceph: stderr
2023-07-14T19:22:57.066+0000 7fb75f7fe700 1 --2- >> [v2:172.21.15.98:3300/0,v1:172.21.15.98:6789/0] conn(0x7fb760105af0 0x7fb760197260 unknown :-1 s=BANNER_CONNECTING pgs=0 cs=0 l=1 rev1=0 crypto rx=0 tx=0 comp rx=0 tx=0)._handle_peer_banner_payload supported=3 required=0
2023-07-14T19:23:03.233 INFO:teuthology.orchestra.run.smithi098.stdout:/usr/bin/ceph: stderr
2023-07-14T19:22:57.066+0000 7fb75f7fe700 1 --2- >> [v2:172.21.15.98:3300/0,v1:172.21.15.98:6789/0] conn(0x7fb760105af0 0x7fb760197260 unknown :-1 s=HELLO_CONNECTING pgs=0 cs=0 l=1 rev1=1 crypto rx=0 tx=0 comp rx=0 tx=0).handle_hello peer v2:172.21.15.98:3300/0 says I am v2:172.21.15.98:44570/0 (socket says 172.21.15.98:44570)
2023-07-14T19:23:03.233 INFO:teuthology.orchestra.run.smithi098.stdout:/usr/bin/ceph: stderr
2023-07-14T19:22:57.066+0000 7fb75f7fe700 1 -- 172.21.15.98:0/578772079 learned_addr learned my addr 172.21.15.98:0/578772079 (peer_addr_for_me v2:172.21.15.98:0/0)
2023-07-14T19:23:03.233 INFO:teuthology.orchestra.run.smithi098.stdout:/usr/bin/ceph: stderr
2023-07-14T19:22:57.066+0000 7fb75f7fe700 1 -- 172.21.15.98:0/578772079 --> [v2:172.21.15.98:3300/0,v1:172.21.15.98:6789/0] -- mon_subscribe({config=0+,monmap=0+}) v3 -- 0x7fb75000b7f0 con 0x7fb760105af0
2023-07-14T19:23:03.233 INFO:teuthology.orchestra.run.smithi098.stdout:/usr/bin/ceph: stderr
2023-07-14T19:22:57.066+0000 7fb75f7fe700 1 --2- 172.21.15.98:0/578772079 >> [v2:172.21.15.98:3300/0,v1:172.21.15.98:6789/0] conn(0x7fb760105af0 0x7fb760197260 secure :-1 s=READY pgs=62 cs=0 l=1 rev1=1 crypto rx=0x7fb750006fa0 tx=0x7fb750003fb0 comp rx=0 tx=0).ready entity=mon.0 client_cookie=0 server_cookie=0 in_seq=0 out_seq=0
2023-07-14T19:23:03.233 INFO:teuthology.orchestra.run.smithi098.stdout:/usr/bin/ceph: stderr
2023-07-14T19:22:57.067+0000 7fb75cff9700 1 -- 172.21.15.98:0/578772079 <== mon.0 v2:172.21.15.98:3300/0 1 ==== mon_map magic: 0 v1 ==== 205+0+0 (secure 0 0 0) 0x7fb750010630 con 0x7fb760105af0
2023-07-14T19:23:03.233 INFO:teuthology.orchestra.run.smithi098.stdout:/usr/bin/ceph: stderr
2023-07-14T19:22:57.067+0000 7fb75cff9700 1 -- 172.21.15.98:0/578772079 <== mon.0 v2:172.21.15.98:3300/0 2 ==== config(26 keys) v1 ==== 1105+0+0 (secure 0 0 0) 0x7fb750010c50 con 0x7fb760105af0
2023-07-14T19:23:03.233 INFO:teuthology.orchestra.run.smithi098.stdout:/usr/bin/ceph: stderr
2023-07-14T19:22:57.067+0000 7fb75cff9700 1 -- 172.21.15.98:0/578772079 <== mon.0 v2:172.21.15.98:3300/0 3 ==== mon_map magic: 0 v1 ==== 205+0+0 (secure 0 0 0) 0x7fb750019ae0 con 0x7fb760105af0
2023-07-14T19:23:03.234 INFO:teuthology.orchestra.run.smithi098.stdout:/usr/bin/ceph: stderr
2023-07-14T19:22:57.067+0000 7fb765ace700 1 -- 172.21.15.98:0/578772079 --> [v2:172.21.15.98:3300/0,v1:172.21.15.98:6789/0] -- mon_subscribe({mgrmap=0+}) v3 -- 0x7fb7601979a0 con 0x7fb760105af0
2023-07-14T19:23:03.234 INFO:teuthology.orchestra.run.smithi098.stdout:/usr/bin/ceph: stderr
2023-07-14T19:22:57.067+0000 7fb765ace700 1 -- 172.21.15.98:0/578772079 --> [v2:172.21.15.98:3300/0,v1:172.21.15.98:6789/0] -- mon_subscribe({osdmap=0}) v3 -- 0x7fb760197d60 con 0x7fb760105af0
2023-07-14T19:23:03.234 INFO:teuthology.orchestra.run.smithi098.stdout:/usr/bin/ceph: stderr
2023-07-14T19:22:57.069+0000 7fb75cff9700 1 -- 172.21.15.98:0/578772079 <== mon.0 v2:172.21.15.98:3300/0 4 ==== mgrmap(e 9) v1 ==== 45496+0+0 (secure 0 0 0) 0x7fb750019c40 con 0x7fb760105af0
2023-07-14T19:23:03.234 INFO:teuthology.orchestra.run.smithi098.stdout:/usr/bin/ceph: stderr
2023-07-14T19:22:57.069+0000 7fb75cff9700 1 --2- 172.21.15.98:0/578772079 >> [v2:172.21.15.98:6800/1732769087,v1:172.21.15.98:6801/1732769087] conn(0x7fb748038800 0x7fb74803acb0 unknown :-1 s=NONE pgs=0 cs=0 l=1 rev1=0 crypto rx=0 tx=0 comp rx=0 tx=0).connect
2023-07-14T19:23:03.234 INFO:teuthology.orchestra.run.smithi098.stdout:/usr/bin/ceph: stderr
2023-07-14T19:22:57.069+0000 7fb75cff9700 1 -- 172.21.15.98:0/578772079 --> [v2:172.21.15.98:6800/1732769087,v1:172.21.15.98:6801/1732769087] -- command(tid 0: {"prefix": "get_command_descriptions"}) v1 -- 0x7fb74803b3c0 con 0x7fb748038800
2023-07-14T19:23:03.234 INFO:teuthology.orchestra.run.smithi098.stdout:/usr/bin/ceph: stderr
2023-07-14T19:22:57.069+0000 7fb75cff9700 1 -- 172.21.15.98:0/578772079 <== mon.0 v2:172.21.15.98:3300/0 5 ==== osd_map(2..2 src has 1..2) v4 ==== 940+0+0 (secure 0 0 0) 0x7fb75004cac0 con 0x7fb760105af0
2023-07-14T19:23:03.234 INFO:teuthology.orchestra.run.smithi098.stdout:/usr/bin/ceph: stderr
2023-07-14T19:22:57.069+0000 7fb75effd700 1 -- 172.21.15.98:0/578772079 >> [v2:172.21.15.98:6800/1732769087,v1:172.21.15.98:6801/1732769087] conn(0x7fb748038800 msgr2=0x7fb74803acb0 unknown :-1 s=STATE_CONNECTING_RE l=1).process reconnect failed to v2:172.21.15.98:6800/1732769087
2023-07-14T19:23:03.235 INFO:teuthology.orchestra.run.smithi098.stdout:/usr/bin/ceph: stderr
2023-07-14T19:22:57.069+0000 7fb75effd700 1 --2- 172.21.15.98:0/578772079 >> [v2:172.21.15.98:6800/1732769087,v1:172.21.15.98:6801/1732769087] conn(0x7fb748038800 0x7fb74803acb0 unknown :-1 s=START_CONNECT pgs=0 cs=0 l=1 rev1=0 crypto rx=0 tx=0 comp rx=0 tx=0)._fault waiting 0.200000
2023-07-14T19:23:03.235 INFO:teuthology.orchestra.run.smithi098.stdout:/usr/bin/ceph: stderr
2023-07-14T19:22:57.270+0000 7fb75effd700 1 -- 172.21.15.98:0/578772079 >> [v2:172.21.15.98:6800/1732769087,v1:172.21.15.98:6801/1732769087] conn(0x7fb748038800 msgr2=0x7fb74803acb0 unknown :-1 s=STATE_CONNECTING_RE l=1).process reconnect failed to v2:172.21.15.98:6800/1732769087
2023-07-14T19:23:03.235 INFO:teuthology.orchestra.run.smithi098.stdout:/usr/bin/ceph: stderr
2023-07-14T19:22:57.270+0000 7fb75effd700 1 --2- 172.21.15.98:0/578772079 >> [v2:172.21.15.98:6800/1732769087,v1:172.21.15.98:6801/1732769087] conn(0x7fb748038800 0x7fb74803acb0 unknown :-1 s=START_CONNECT pgs=0 cs=0 l=1 rev1=0 crypto rx=0 tx=0 comp rx=0 tx=0)._fault waiting 0.400000
2023-07-14T19:23:03.235 INFO:teuthology.orchestra.run.smithi098.stdout:/usr/bin/ceph: stderr
2023-07-14T19:22:57.671+0000 7fb75effd700 1 -- 172.21.15.98:0/578772079 >> [v2:172.21.15.98:6800/1732769087,v1:172.21.15.98:6801/1732769087] conn(0x7fb748038800 msgr2=0x7fb74803acb0 unknown :-1 s=STATE_CONNECTING_RE l=1).process reconnect failed to v2:172.21.15.98:6800/1732769087
2023-07-14T19:23:03.235 INFO:teuthology.orchestra.run.smithi098.stdout:/usr/bin/ceph: stderr
