2023-07-20T01:36:26.572+0000 7f3dad512700 1 -- 172.21.15.3:0/3922085681 --> [v2:172.21.15.3:3300/0,v1:172.21.15.3:6789/0] -- mon_subscribe({osdmap=0}) v3 -- 0x7f3da819a790 con 0x7f3da8104250
2023-07-20T01:36:28.157 INFO:teuthology.orchestra.run.smithi003.stdout:/usr/bin/ceph: stderr
2023-07-20T01:36:26.573+0000 7f3d8ffff700 1 -- 172.21.15.3:0/3922085681 <== mon.0 v2:172.21.15.3:3300/0 4 ==== mgrmap(e 8) v1 ==== 45483+0+0 (secure 0 0 0) 0x7f3d9801aa40 con 0x7f3da8104250
2023-07-20T01:36:28.158 INFO:teuthology.orchestra.run.smithi003.stdout:/usr/bin/ceph: stderr
2023-07-20T01:36:26.573+0000 7f3d8ffff700 1 --2- 172.21.15.3:0/3922085681 >> [v2:172.21.15.3:6800/596448098,v1:172.21.15.3:6801/596448098] conn(0x7f3d90038710 0x7f3d9003abd0 unknown :-1 s=NONE pgs=0 cs=0 l=1 rev1=0 crypto rx=0 tx=0 comp rx=0 tx=0).connect
2023-07-20T01:36:28.158 INFO:teuthology.orchestra.run.smithi003.stdout:/usr/bin/ceph: stderr
2023-07-20T01:36:26.573+0000 7f3d8ffff700 1 -- 172.21.15.3:0/3922085681 <== mon.0 v2:172.21.15.3:3300/0 5 ==== osd_map(2..2 src has 1..2) v4 ==== 940+0+0 (secure 0 0 0) 0x7f3d9804c9a0 con 0x7f3da8104250
2023-07-20T01:36:28.158 INFO:teuthology.orchestra.run.smithi003.stdout:/usr/bin/ceph: stderr
2023-07-20T01:36:26.573+0000 7f3dad512700 1 -- 172.21.15.3:0/3922085681 --> [v2:172.21.15.3:3300/0,v1:172.21.15.3:6789/0] -- mon_command({"prefix": "get_command_descriptions"} v 0) v1 -- 0x7f3da810a3d0 con 0x7f3da8104250
2023-07-20T01:36:28.158 INFO:teuthology.orchestra.run.smithi003.stdout:/usr/bin/ceph: stderr
2023-07-20T01:36:26.574+0000 7f3da67fc700 1 --2- 172.21.15.3:0/3922085681 >> [v2:172.21.15.3:6800/596448098,v1:172.21.15.3:6801/596448098] conn(0x7f3d90038710 0x7f3d9003abd0 unknown :-1 s=BANNER_CONNECTING pgs=0 cs=0 l=1 rev1=0 crypto rx=0 tx=0 comp rx=0 tx=0)._handle_peer_banner_payload supported=3 required=0
2023-07-20T01:36:28.158 INFO:teuthology.orchestra.run.smithi003.stdout:/usr/bin/ceph: stderr
2023-07-20T01:36:26.574+0000 7f3da67fc700 1 --2- 172.21.15.3:0/3922085681 >> [v2:172.21.15.3:6800/596448098,v1:172.21.15.3:6801/596448098] conn(0x7f3d90038710 0x7f3d9003abd0 secure :-1 s=READY pgs=16 cs=0 l=1 rev1=1 crypto rx=0x7f3d9c006fd0 tx=0x7f3d9c006e40 comp rx=0 tx=0).ready entity=mgr.14120 client_cookie=0 server_cookie=0 in_seq=0 out_seq=0
2023-07-20T01:36:28.158 INFO:teuthology.orchestra.run.smithi003.stdout:/usr/bin/ceph: stderr
2023-07-20T01:36:26.578+0000 7f3d8ffff700 1 -- 172.21.15.3:0/3922085681 <== mon.0 v2:172.21.15.3:3300/0 6 ==== mon_command_ack([{"prefix": "get_command_descriptions"}]=0 v0) v1 ==== 72+0+178025 (secure 0 0 0) 0x7f3d9801acf0 con 0x7f3da8104250
2023-07-20T01:36:28.158 INFO:teuthology.orchestra.run.smithi003.stdout:/usr/bin/ceph: stderr
2023-07-20T01:36:27.059+0000 7f3dad512700 1 -- 172.21.15.3:0/3922085681 --> [v2:172.21.15.3:3300/0,v1:172.21.15.3:6789/0] -- mon_command({"prefix": "mgr module enable", "module": "dashboard"} v 0) v1 -- 0x7f3da8105830 con 0x7f3da8104250
2023-07-20T01:36:28.158 INFO:teuthology.orchestra.run.smithi003.stdout:/usr/bin/ceph: stderr
2023-07-20T01:36:27.754+0000 7f3d8ffff700 1 -- 172.21.15.3:0/3922085681 <== mon.0 v2:172.21.15.3:3300/0 7 ==== mgrmap(e 9) v1 ==== 45496+0+0 (secure 0 0 0) 0x7f3d9802dc90 con 0x7f3da8104250
2023-07-20T01:36:28.159 INFO:teuthology.orchestra.run.smithi003.stdout:/usr/bin/ceph: stderr
2023-07-20T01:36:27.755+0000 7f3d8ffff700 1 -- 172.21.15.3:0/3922085681 <== mon.0 v2:172.21.15.3:3300/0 8 ==== mon_command_ack([{"prefix": "mgr module enable", "module": "dashboard"}]=0 v9) v1 ==== 88+0+0 (secure 0 0 0) 0x7f3d9804c2f0 con 0x7f3da8104250
2023-07-20T01:36:28.159 INFO:teuthology.orchestra.run.smithi003.stdout:/usr/bin/ceph: stderr
2023-07-20T01:36:27.758+0000 7f3dad512700 1 -- 172.21.15.3:0/3922085681 >> [v2:172.21.15.3:6800/596448098,v1:172.21.15.3:6801/596448098] conn(0x7f3d90038710 msgr2=0x7f3d9003abd0 secure :-1 s=STATE_CONNECTION_ESTABLISHED l=1).mark_down
2023-07-20T01:36:28.159 INFO:teuthology.orchestra.run.smithi003.stdout:/usr/bin/ceph: stderr
2023-07-20T01:36:27.758+0000 7f3dad512700 1 --2- 172.21.15.3:0/3922085681 >> [v2:172.21.15.3:6800/596448098,v1:172.21.15.3:6801/596448098] conn(0x7f3d90038710 0x7f3d9003abd0 secure :-1 s=READY pgs=16 cs=0 l=1 rev1=1 crypto rx=0x7f3d9c006fd0 tx=0x7f3d9c006e40 comp rx=0 tx=0).stop
2023-07-20T01:36:28.159 INFO:teuthology.orchestra.run.smithi003.stdout:/usr/bin/ceph: stderr
2023-07-20T01:36:27.758+0000 7f3dad512700 1 -- 172.21.15.3:0/3922085681 >> [v2:172.21.15.3:3300/0,v1:172.21.15.3:6789/0] conn(0x7f3da8104250 msgr2=0x7f3da8199c30 secure :-1 s=STATE_CONNECTION_ESTABLISHED l=1).mark_down
2023-07-20T01:36:28.159 INFO:teuthology.orchestra.run.smithi003.stdout:/usr/bin/ceph: stderr
2023-07-20T01:36:27.758+0000 7f3dad512700 1 --2- 172.21.15.3:0/3922085681 >> [v2:172.21.15.3:3300/0,v1:172.21.15.3:6789/0] conn(0x7f3da8104250 0x7f3da8199c30 secure :-1 s=READY pgs=56 cs=0 l=1 rev1=1 crypto rx=0x7f3d98000c00 tx=0x7f3d98011a30 comp rx=0 tx=0).stop
2023-07-20T01:36:28.160 INFO:teuthology.orchestra.run.smithi003.stdout:/usr/bin/ceph: stderr
2023-07-20T01:36:27.758+0000 7f3dad512700 1 -- 172.21.15.3:0/3922085681 shutdown_connections
2023-07-20T01:36:28.160 INFO:teuthology.orchestra.run.smithi003.stdout:/usr/bin/ceph: stderr
2023-07-20T01:36:27.758+0000 7f3dad512700 1 --2- 172.21.15.3:0/3922085681 >> [v2:172.21.15.3:6800/596448098,v1:172.21.15.3:6801/596448098] conn(0x7f3d90038710 0x7f3d9003abd0 unknown :-1 s=CLOSED pgs=16 cs=0 l=1 rev1=1 crypto rx=0 tx=0 comp rx=0 tx=0).stop
2023-07-20T01:36:28.160 INFO:teuthology.orchestra.run.smithi003.stdout:/usr/bin/ceph: stderr
2023-07-20T01:36:27.758+0000 7f3dad512700 1 --2- 172.21.15.3:0/3922085681 >> [v2:172.21.15.3:3300/0,v1:172.21.15.3:6789/0] conn(0x7f3da8104250 0x7f3da8199c30 unknown :-1 s=CLOSED pgs=56 cs=0 l=1 rev1=1 crypto rx=0 tx=0 comp rx=0 tx=0).stop
2023-07-20T01:36:28.160 INFO:teuthology.orchestra.run.smithi003.stdout:/usr/bin/ceph: stderr
2023-07-20T01:36:27.758+0000 7f3dad512700 1 -- 172.21.15.3:0/3922085681 >> 172.21.15.3:0/3922085681 conn(0x7f3da80ffbc0 msgr2=0x7f3da8100920 unknown :-1 s=STATE_NONE l=0).mark_down
2023-07-20T01:36:28.160 INFO:teuthology.orchestra.run.smithi003.stdout:/usr/bin/ceph: stderr
2023-07-20T01:36:27.758+0000 7f3dad512700 1 -- 172.21.15.3:0/3922085681 shutdown_connections
2023-07-20T01:36:28.160 INFO:teuthology.orchestra.run.smithi003.stdout:/usr/bin/ceph: stderr
2023-07-20T01:36:27.758+0000 7f3dad512700 1 -- 172.21.15.3:0/3922085681 wait complete.
2023-07-20T01:36:28.352 INFO:journalctl@ceph.mgr.x.smithi003.stdout:Jul 20 01:36:28 smithi003 ceph-9b4fd2fc-269d-11ee-9b34-001a4aab830c-mgr-x[96672]:
2023-07-20T01:36:28.162+0000 7fbe089b5200 -1 mgr[py] Module snap_schedule has missing NOTIFY_TYPES member
2023-07-20T01:36:28.352 INFO:journalctl@ceph.mgr.x.smithi003.stdout:Jul 20 01:36:28 smithi003 ceph-9b4fd2fc-269d-11ee-9b34-001a4aab830c-mgr-x[96672]:
2023-07-20T01:36:28.282+0000 7fbe089b5200 -1 mgr[py] Module zabbix has missing NOTIFY_TYPES member
2023-07-20T01:36:28.690 INFO:journalctl@ceph.mgr.x.smithi003.stdout:Jul 20 01:36:28 smithi003 ceph-9b4fd2fc-269d-11ee-9b34-001a4aab830c-mgr-x[96672]:
2023-07-20T01:36:28.496+0000 7fbe089b5200 -1 mgr[py] Module crash has missing NOTIFY_TYPES member
2023-07-20T01:36:28.979 INFO:journalctl@ceph.mon.a.smithi003.stdout:Jul 20 01:36:28 smithi003 ceph-mon[96422]: from='client.? 172.21.15.3:0/3922085681' entity='client.admin' cmd='[{"prefix": "mgr module enable", "module": "dashboard"}]': finished
2023-07-20T01:36:28.980 INFO:journalctl@ceph.mon.a.smithi003.stdout:Jul 20 01:36:28 smithi003 ceph-mon[96422]: mgrmap e9: x(active, since 17s)
2023-07-20T01:36:28.980 INFO:journalctl@ceph.mgr.x.smithi003.stdout:Jul 20 01:36:28 smithi003 ceph-9b4fd2fc-269d-11ee-9b34-001a4aab830c-mgr-x[96672]:
2023-07-20T01:36:28.899+0000 7fbe089b5200 -1 mgr[py] Module prometheus has missing NOTIFY_TYPES member
2023-07-20T01:36:29.252 INFO:journalctl@ceph.mgr.x.smithi003.stdout:Jul 20 01:36:29 smithi003 ceph-9b4fd2fc-269d-11ee-9b34-001a4aab830c-mgr-x[96672]:
2023-07-20T01:36:29.008+0000 7fbe089b5200 -1 mgr[py] Module status has missing NOTIFY_TYPES member
2023-07-20T01:36:29.252 INFO:journalctl@ceph.mgr.x.smithi003.stdout:Jul 20 01:36:29 smithi003 ceph-9b4fd2fc-269d-11ee-9b34-001a4aab830c-mgr-x[96672]:
2023-07-20T01:36:29.159+0000 7fbe089b5200 -1 mgr[py] Module selftest has missing NOTIFY_TYPES member
2023-07-20T01:36:29.501 INFO:teuthology.orchestra.run.smithi003.stdout:/usr/bin/ceph: stdout {
2023-07-20T01:36:29.502 INFO:teuthology.orchestra.run.smithi003.stdout:/usr/bin/ceph: stdout "epoch": 9,
2023-07-20T01:36:29.502 INFO:teuthology.orchestra.run.smithi003.stdout:/usr/bin/ceph: stdout "available": true,
2023-07-20T01:36:29.502 INFO:teuthology.orchestra.run.smithi003.stdout:/usr/bin/ceph: stdout "active_name": "x",
2023-07-20T01:36:29.503 INFO:teuthology.orchestra.run.smithi003.stdout:/usr/bin/ceph: stdout "num_standby": 0
2023-07-20T01:36:29.503 INFO:teuthology.orchestra.run.smithi003.stdout:/usr/bin/ceph: stdout }
2023-07-20T01:36:29.503 INFO:teuthology.orchestra.run.smithi003.stdout:/usr/bin/ceph: stderr
2023-07-20T01:36:28.695+0000 7f26336fa700 1 Processor -- start
2023-07-20T01:36:29.503 INFO:teuthology.orchestra.run.smithi003.stdout:/usr/bin/ceph: stderr
2023-07-20T01:36:28.696+0000 7f26336fa700 1 -- start start
2023-07-20T01:36:29.504 INFO:teuthology.orchestra.run.smithi003.stdout:/usr/bin/ceph: stderr
2023-07-20T01:36:28.696+0000 7f26336fa700 1 --2- >> [v2:172.21.15.3:3300/0,v1:172.21.15.3:6789/0] conn(0x7f262c105ff0 0x7f262c106410 unknown :-1 s=NONE pgs=0 cs=0 l=0 rev1=0 crypto rx=0 tx=0 comp rx=0 tx=0).connect
2023-07-20T01:36:29.504 INFO:teuthology.orchestra.run.smithi003.stdout:/usr/bin/ceph: stderr
2023-07-20T01:36:28.696+0000 7f26336fa700 1 -- --> [v2:172.21.15.3:3300/0,v1:172.21.15.3:6789/0] -- mon_getmap magic: 0 v1 -- 0x7f262c1069e0 con 0x7f262c105ff0
2023-07-20T01:36:29.504 INFO:teuthology.orchestra.run.smithi003.stdout:/usr/bin/ceph: stderr
2023-07-20T01:36:28.696+0000 7f2631496700 1 --2- >> [v2:172.21.15.3:3300/0,v1:172.21.15.3:6789/0] conn(0x7f262c105ff0 0x7f262c106410 unknown :-1 s=BANNER_CONNECTING pgs=0 cs=0 l=0 rev1=0 crypto rx=0 tx=0 comp rx=0 tx=0)._handle_peer_banner_payload supported=3 required=0
2023-07-20T01:36:29.505 INFO:teuthology.orchestra.run.smithi003.stdout:/usr/bin/ceph: stderr
2023-07-20T01:36:28.696+0000 7f2631496700 1 --2- >> [v2:172.21.15.3:3300/0,v1:172.21.15.3:6789/0] conn(0x7f262c105ff0 0x7f262c106410 unknown :-1 s=HELLO_CONNECTING pgs=0 cs=0 l=0 rev1=1 crypto rx=0 tx=0 comp rx=0 tx=0).handle_hello peer v2:172.21.15.3:3300/0 says I am v2:172.21.15.3:41684/0 (socket says 172.21.15.3:41684)
2023-07-20T01:36:29.505 INFO:teuthology.orchestra.run.smithi003.stdout:/usr/bin/ceph: stderr
2023-07-20T01:36:28.696+0000 7f2631496700 1 -- 172.21.15.3:0/2335135307 learned_addr learned my addr 172.21.15.3:0/2335135307 (peer_addr_for_me v2:172.21.15.3:0/0)
2023-07-20T01:36:29.505 INFO:teuthology.orchestra.run.smithi003.stdout:/usr/bin/ceph: stderr
2023-07-20T01:36:28.696+0000 7f2631496700 1 -- 172.21.15.3:0/2335135307 --> [v2:172.21.15.3:3300/0,v1:172.21.15.3:6789/0] -- mon_subscribe({config=0+,monmap=0+}) v3 -- 0x7f262c1071f0 con 0x7f262c105ff0
2023-07-20T01:36:29.506 INFO:teuthology.orchestra.run.smithi003.stdout:/usr/bin/ceph: stderr
2023-07-20T01:36:28.697+0000 7f2631496700 1 --2- 172.21.15.3:0/2335135307 >> [v2:172.21.15.3:3300/0,v1:172.21.15.3:6789/0] conn(0x7f262c105ff0 0x7f262c106410 secure :-1 s=READY pgs=59 cs=0 l=1 rev1=1 crypto rx=0x7f26280098a0 tx=0x7f2628009bb0 comp rx=0 tx=0).ready entity=mon.0 client_cookie=6045d4f39029d3e2 server_cookie=0 in_seq=0 out_seq=0
2023-07-20T01:36:29.506 INFO:teuthology.orchestra.run.smithi003.stdout:/usr/bin/ceph: stderr
2023-07-20T01:36:28.697+0000 7f2623fff700 1 -- 172.21.15.3:0/2335135307 <== mon.0 v2:172.21.15.3:3300/0 1 ==== mon_map magic: 0 v1 ==== 205+0+0 (secure 0 0 0) 0x7f2628004160 con 0x7f262c105ff0
2023-07-20T01:36:29.506 INFO:teuthology.orchestra.run.smithi003.stdout:/usr/bin/ceph: stderr
2023-07-20T01:36:28.697+0000 7f2623fff700 1 -- 172.21.15.3:0/2335135307 <== mon.0 v2:172.21.15.3:3300/0 2 ==== config(26 keys) v1 ==== 1105+0+0 (secure 0 0 0) 0x7f26280042c0 con 0x7f262c105ff0
2023-07-20T01:36:29.506 INFO:teuthology.orchestra.run.smithi003.stdout:/usr/bin/ceph: stderr
2023-07-20T01:36:28.697+0000 7f2623fff700 1 -- 172.21.15.3:0/2335135307 <== mon.0 v2:172.21.15.3:3300/0 3 ==== mon_map magic: 0 v1 ==== 205+0+0 (secure 0 0 0) 0x7f26280119b0 con 0x7f262c105ff0
2023-07-20T01:36:29.507 INFO:teuthology.orchestra.run.smithi003.stdout:/usr/bin/ceph: stderr
2023-07-20T01:36:28.698+0000 7f26336fa700 1 -- 172.21.15.3:0/2335135307 >> [v2:172.21.15.3:3300/0,v1:172.21.15.3:6789/0] conn(0x7f262c105ff0 msgr2=0x7f262c106410 secure :-1 s=STATE_CONNECTION_ESTABLISHED l=1).mark_down
2023-07-20T01:36:29.507 INFO:teuthology.orchestra.run.smithi003.stdout:/usr/bin/ceph: stderr
2023-07-20T01:36:28.698+0000 7f26336fa700 1 --2- 172.21.15.3:0/2335135307 >> [v2:172.21.15.3:3300/0,v1:172.21.15.3:6789/0] conn(0x7f262c105ff0 0x7f262c106410 secure :-1 s=READY pgs=59 cs=0 l=1 rev1=1 crypto rx=0x7f26280098a0 tx=0x7f2628009bb0 comp rx=0 tx=0).stop
2023-07-20T01:36:29.507 INFO:teuthology.orchestra.run.smithi003.stdout:/usr/bin/ceph: stderr
2023-07-20T01:36:28.698+0000 7f26336fa700 1 -- 172.21.15.3:0/2335135307 shutdown_connections
2023-07-20T01:36:29.508 INFO:teuthology.orchestra.run.smithi003.stdout:/usr/bin/ceph: stderr
2023-07-20T01:36:28.698+0000 7f26336fa700 1 --2- 172.21.15.3:0/2335135307 >> [v2:172.21.15.3:3300/0,v1:172.21.15.3:6789/0] conn(0x7f262c105ff0 0x7f262c106410 unknown :-1 s=CLOSED pgs=59 cs=0 l=1 rev1=1 crypto rx=0 tx=0 comp rx=0 tx=0).stop
2023-07-20T01:36:29.508 INFO:teuthology.orchestra.run.smithi003.stdout:/usr/bin/ceph: stderr
2023-07-20T01:36:28.698+0000 7f26336fa700 1 -- 172.21.15.3:0/2335135307 >> 172.21.15.3:0/2335135307 conn(0x7f262c101590 msgr2=0x7f262c1039d0 unknown :-1 s=STATE_NONE l=0).mark_down
2023-07-20T01:36:29.508 INFO:teuthology.orchestra.run.smithi003.stdout:/usr/bin/ceph: stderr
2023-07-20T01:36:28.698+0000 7f26336fa700 1 -- 172.21.15.3:0/2335135307 shutdown_connections
2023-07-20T01:36:29.509 INFO:teuthology.orchestra.run.smithi003.stdout:/usr/bin/ceph: stderr
2023-07-20T01:36:28.698+0000 7f26336fa700 1 -- 172.21.15.3:0/2335135307 wait complete.
2023-07-20T01:36:29.509 INFO:teuthology.orchestra.run.smithi003.stdout:/usr/bin/ceph: stderr
2023-07-20T01:36:28.699+0000 7f26336fa700 1 Processor -- start
2023-07-20T01:36:29.509 INFO:teuthology.orchestra.run.smithi003.stdout:/usr/bin/ceph: stderr
2023-07-20T01:36:28.699+0000 7f26336fa700 1 -- start start
2023-07-20T01:36:29.509 INFO:teuthology.orchestra.run.smithi003.stdout:/usr/bin/ceph: stderr
2023-07-20T01:36:28.699+0000 7f26336fa700 1 --2- >> [v2:172.21.15.3:3300/0,v1:172.21.15.3:6789/0] conn(0x7f262c105ff0 0x7f262c197bb0 unknown :-1 s=NONE pgs=0 cs=0 l=1 rev1=0 crypto rx=0 tx=0 comp rx=0 tx=0).connect
2023-07-20T01:36:29.510 INFO:teuthology.orchestra.run.smithi003.stdout:/usr/bin/ceph: stderr
2023-07-20T01:36:28.699+0000 7f26336fa700 1 -- --> [v2:172.21.15.3:3300/0,v1:172.21.15.3:6789/0] -- mon_getmap magic: 0 v1 -- 0x7f262c1980f0 con 0x7f262c105ff0
2023-07-20T01:36:29.510 INFO:teuthology.orchestra.run.smithi003.stdout:/usr/bin/ceph: stderr
2023-07-20T01:36:28.699+0000 7f2631496700 1 --2- >> [v2:172.21.15.3:3300/0,v1:172.21.15.3:6789/0] conn(0x7f262c105ff0 0x7f262c197bb0 unknown :-1 s=BANNER_CONNECTING pgs=0 cs=0 l=1 rev1=0 crypto rx=0 tx=0 comp rx=0 tx=0)._handle_peer_banner_payload supported=3 required=0
2023-07-20T01:36:29.510 INFO:teuthology.orchestra.run.smithi003.stdout:/usr/bin/ceph: stderr
2023-07-20T01:36:28.699+0000 7f2631496700 1 --2- >> [v2:172.21.15.3:3300/0,v1:172.21.15.3:6789/0] conn(0x7f262c105ff0 0x7f262c197bb0 unknown :-1 s=HELLO_CONNECTING pgs=0 cs=0 l=1 rev1=1 crypto rx=0 tx=0 comp rx=0 tx=0).handle_hello peer v2:172.21.15.3:3300/0 says I am v2:172.21.15.3:41686/0 (socket says 172.21.15.3:41686)
2023-07-20T01:36:29.510 INFO:teuthology.orchestra.run.smithi003.stdout:/usr/bin/ceph: stderr
2023-07-20T01:36:28.699+0000 7f2631496700 1 -- 172.21.15.3:0/3180639969 learned_addr learned my addr 172.21.15.3:0/3180639969 (peer_addr_for_me v2:172.21.15.3:0/0)
2023-07-20T01:36:29.510 INFO:teuthology.orchestra.run.smithi003.stdout:/usr/bin/ceph: stderr
2023-07-20T01:36:28.699+0000 7f2631496700 1 -- 172.21.15.3:0/3180639969 --> [v2:172.21.15.3:3300/0,v1:172.21.15.3:6789/0] -- mon_subscribe({config=0+,monmap=0+}) v3 -- 0x7f2628009550 con 0x7f262c105ff0
2023-07-20T01:36:29.511 INFO:teuthology.orchestra.run.smithi003.stdout:/usr/bin/ceph: stderr
2023-07-20T01:36:28.699+0000 7f2631496700 1 --2- 172.21.15.3:0/3180639969 >> [v2:172.21.15.3:3300/0,v1:172.21.15.3:6789/0] conn(0x7f262c105ff0 0x7f262c197bb0 secure :-1 s=READY pgs=60 cs=0 l=1 rev1=1 crypto rx=0x7f2628006af0 tx=0x7f2628011a10 comp rx=0 tx=0).ready entity=mon.0 client_cookie=0 server_cookie=0 in_seq=0 out_seq=0
2023-07-20T01:36:29.511 INFO:teuthology.orchestra.run.smithi003.stdout:/usr/bin/ceph: stderr
2023-07-20T01:36:28.700+0000 7f26227fc700 1 -- 172.21.15.3:0/3180639969 <== mon.0 v2:172.21.15.3:3300/0 1 ==== mon_map magic: 0 v1 ==== 205+0+0 (secure 0 0 0) 0x7f2628003a40 con 0x7f262c105ff0
2023-07-20T01:36:29.511 INFO:teuthology.orchestra.run.smithi003.stdout:/usr/bin/ceph: stderr
2023-07-20T01:36:28.700+0000 7f26336fa700 1 -- 172.21.15.3:0/3180639969 --> [v2:172.21.15.3:3300/0,v1:172.21.15.3:6789/0] -- mon_subscribe({mgrmap=0+}) v3 -- 0x7f262c1982f0 con 0x7f262c105ff0
2023-07-20T01:36:29.511 INFO:teuthology.orchestra.run.smithi003.stdout:/usr/bin/ceph: stderr
2023-07-20T01:36:28.700+0000 7f26227fc700 1 -- 172.21.15.3:0/3180639969 <== mon.0 v2:172.21.15.3:3300/0 2 ==== config(26 keys) v1 ==== 1105+0+0 (secure 0 0 0) 0x7f2628003ba0 con 0x7f262c105ff0
2023-07-20T01:36:29.512 INFO:teuthology.orchestra.run.smithi003.stdout:/usr/bin/ceph: stderr
2023-07-20T01:36:28.700+0000 7f26227fc700 1 -- 172.21.15.3:0/3180639969 <== mon.0 v2:172.21.15.3:3300/0 3 ==== mon_map magic: 0 v1 ==== 205+0+0 (secure 0 0 0) 0x7f2628019690 con 0x7f262c105ff0
2023-07-20T01:36:29.512 INFO:teuthology.orchestra.run.smithi003.stdout:/usr/bin/ceph: stderr
2023-07-20T01:36:28.700+0000 7f26336fa700 1 -- 172.21.15.3:0/3180639969 --> [v2:172.21.15.3:3300/0,v1:172.21.15.3:6789/0] -- mon_subscribe({osdmap=0}) v3 -- 0x7f262c198710 con 0x7f262c105ff0
2023-07-20T01:36:29.512 INFO:teuthology.orchestra.run.smithi003.stdout:/usr/bin/ceph: stderr
2023-07-20T01:36:28.701+0000 7f26227fc700 1 -- 172.21.15.3:0/3180639969 <== mon.0 v2:172.21.15.3:3300/0 4 ==== mgrmap(e 9) v1 ==== 45496+0+0 (secure 0 0 0) 0x7f2628019950 con 0x7f262c105ff0
2023-07-20T01:36:29.513 INFO:teuthology.orchestra.run.smithi003.stdout:/usr/bin/ceph: stderr
2023-07-20T01:36:28.701+0000 7f26227fc700 1 --2- 172.21.15.3:0/3180639969 >> [v2:172.21.15.3:6800/596448098,v1:172.21.15.3:6801/596448098] conn(0x7f261803cb10 0x7f261803efd0 unknown :-1 s=NONE pgs=0 cs=0 l=1 rev1=0 crypto rx=0 tx=0 comp rx=0 tx=0).connect
2023-07-20T01:36:29.513 INFO:teuthology.orchestra.run.smithi003.stdout:/usr/bin/ceph: stderr
2023-07-20T01:36:28.701+0000 7f26336fa700 1 -- 172.21.15.3:0/3180639969 --> [v2:172.21.15.3:3300/0,v1:172.21.15.3:6789/0] -- mon_command({"prefix": "get_command_descriptions"} v 0) v1 -- 0x7f262c1918e0 con 0x7f262c105ff0
2023-07-20T01:36:29.513 INFO:teuthology.orchestra.run.smithi003.stdout:/usr/bin/ceph: stderr
2023-07-20T01:36:28.701+0000 7f2630c95700 1 -- 172.21.15.3:0/3180639969 >> [v2:172.21.15.3:6800/596448098,v1:172.21.15.3:6801/596448098] conn(0x7f261803cb10 msgr2=0x7f261803efd0 unknown :-1 s=STATE_CONNECTING_RE l=1).process reconnect failed to v2:172.21.15.3:6800/596448098
2023-07-20T01:36:29.513 INFO:teuthology.orchestra.run.smithi003.stdout:/usr/bin/ceph: stderr
2023-07-20T01:36:28.701+0000 7f26227fc700 1 -- 172.21.15.3:0/3180639969 <== mon.0 v2:172.21.15.3:3300/0 5 ==== osd_map(2..2 src has 1..2) v4 ==== 940+0+0 (secure 0 0 0) 0x7f262804cb60 con 0x7f262c105ff0
2023-07-20T01:36:29.513 INFO:teuthology.orchestra.run.smithi003.stdout:/usr/bin/ceph: stderr
2023-07-20T01:36:28.701+0000 7f2630c95700 1 --2- 172.21.15.3:0/3180639969 >> [v2:172.21.15.3:6800/596448098,v1:172.21.15.3:6801/596448098] conn(0x7f261803cb10 0x7f261803efd0 unknown :-1 s=START_CONNECT pgs=0 cs=0 l=1 rev1=0 crypto rx=0 tx=0 comp rx=0 tx=0)._fault waiting 0.200000
2023-07-20T01:36:29.513 INFO:teuthology.orchestra.run.smithi003.stdout:/usr/bin/ceph: stderr
2023-07-20T01:36:28.710+0000 7f26227fc700 1 -- 172.21.15.3:0/3180639969 <== mon.0 v2:172.21.15.3:3300/0 6 ==== mon_command_ack([{"prefix": "get_command_descriptions"}]=0 v0) v1 ==== 72+0+178025 (secure 0 0 0) 0x7f262802b750 con 0x7f262c105ff0
2023-07-20T01:36:29.513 INFO:teuthology.orchestra.run.smithi003.stdout:/usr/bin/ceph: stderr
2023-07-20T01:36:28.902+0000 7f2630c95700 1 -- 172.21.15.3:0/3180639969 >> [v2:172.21.15.3:6800/596448098,v1:172.21.15.3:6801/596448098] conn(0x7f261803cb10 msgr2=0x7f261803efd0 unknown :-1 s=STATE_CONNECTING_RE l=1).process reconnect failed to v2:172.21.15.3:6800/596448098
2023-07-20T01:36:29.514 INFO:teuthology.orchestra.run.smithi003.stdout:/usr/bin/ceph: stderr
2023-07-20T01:36:28.902+0000 7f2630c95700 1 --2- 172.21.15.3:0/3180639969 >> [v2:172.21.15.3:6800/596448098,v1:172.21.15.3:6801/596448098] conn(0x7f261803cb10 0x7f261803efd0 unknown :-1 s=START_CONNECT pgs=0 cs=0 l=1 rev1=0 crypto rx=0 tx=0 comp rx=0 tx=0)._fault waiting 0.400000
2023-07-20T01:36:29.514 INFO:teuthology.orchestra.run.smithi003.stdout:/usr/bin/ceph: stderr
2023-07-20T01:36:29.179+0000 7f26336fa700 1 -- 172.21.15.3:0/3180639969 --> [v2:172.21.15.3:3300/0,v1:172.21.15.3:6789/0] -- mon_command({"prefix": "mgr stat"} v 0) v1 -- 0x7f262c02cd90 con 0x7f262c105ff0
2023-07-20T01:36:29.514 INFO:teuthology.orchestra.run.smithi003.stdout:/usr/bin/ceph: stderr
2023-07-20T01:36:29.179+0000 7f26227fc700 1 -- 172.21.15.3:0/3180639969 <== mon.0 v2:172.21.15.3:3300/0 7 ==== mon_command_ack([{"prefix": "mgr stat"}]=0 v9) v1 ==== 56+0+88 (secure 0 0 0) 0x7f2628018350 con 0x7f262c105ff0
2023-07-20T01:36:29.514 INFO:teuthology.orchestra.run.smithi003.stdout:/usr/bin/ceph: stderr
2023-07-20T01:36:29.182+0000 7f26336fa700 1 -- 172.21.15.3:0/3180639969 >> [v2:172.21.15.3:6800/596448098,v1:172.21.15.3:6801/596448098] conn(0x7f261803cb10 msgr2=0x7f261803efd0 unknown :-1 s=STATE_CONNECTING l=1).mark_down
2023-07-20T01:36:29.514 INFO:teuthology.orchestra.run.smithi003.stdout:/usr/bin/ceph: stderr
2023-07-20T01:36:29.182+0000 7f26336fa700 1 --2- 172.21.15.3:0/3180639969 >> [v2:172.21.15.3:6800/596448098,v1:172.21.15.3:6801/596448098] conn(0x7f261803cb10 0x7f261803efd0 unknown :-1 s=START_CONNECT pgs=0 cs=0 l=1 rev1=0 crypto rx=0 tx=0 comp rx=0 tx=0).stop
2023-07-20T01:36:29.514 INFO:teuthology.orchestra.run.smithi003.stdout:/usr/bin/ceph: stderr
2023-07-20T01:36:29.182+0000 7f26336fa700 1 -- 172.21.15.3:0/3180639969 >> [v2:172.21.15.3:3300/0,v1:172.21.15.3:6789/0] conn(0x7f262c105ff0 msgr2=0x7f262c197bb0 secure :-1 s=STATE_CONNECTION_ESTABLISHED l=1).mark_down
2023-07-20T01:36:29.514 INFO:teuthology.orchestra.run.smithi003.stdout:/usr/bin/ceph: stderr
2023-07-20T01:36:29.182+0000 7f26336fa700 1 --2- 172.21.15.3:0/3180639969 >> [v2:172.21.15.3:3300/0,v1:172.21.15.3:6789/0] conn(0x7f262c105ff0 0x7f262c197bb0 secure :-1 s=READY pgs=60 cs=0 l=1 rev1=1 crypto rx=0x7f2628006af0 tx=0x7f2628011a10 comp rx=0 tx=0).stop
2023-07-20T01:36:29.515 INFO:teuthology.orchestra.run.smithi003.stdout:/usr/bin/ceph: stderr
2023-07-20T01:36:29.182+0000 7f26336fa700 1 -- 172.21.15.3:0/3180639969 shutdown_connections
2023-07-20T01:36:29.515 INFO:teuthology.orchestra.run.smithi003.stdout:/usr/bin/ceph: stderr
2023-07-20T01:36:29.182+0000 7f26336fa700 1 --2- 172.21.15.3:0/3180639969 >> [v2:172.21.15.3:6800/596448098,v1:172.21.15.3:6801/596448098] conn(0x7f261803cb10 0x7f261803efd0 unknown :-1 s=CLOSED pgs=0 cs=0 l=1 rev1=0 crypto rx=0 tx=0 comp rx=0 tx=0).stop
2023-07-20T01:36:29.515 INFO:teuthology.orchestra.run.smithi003.stdout:/usr/bin/ceph: stderr
2023-07-20T01:36:29.182+0000 7f26336fa700 1 --2- 172.21.15.3:0/3180639969 >> [v2:172.21.15.3:3300/0,v1:172.21.15.3:6789/0] conn(0x7f262c105ff0 0x7f262c197bb0 unknown :-1 s=CLOSED pgs=60 cs=0 l=1 rev1=1 crypto rx=0 tx=0 comp rx=0 tx=0).stop
2023-07-20T01:36:29.515 INFO:teuthology.orchestra.run.smithi003.stdout:/usr/bin/ceph: stderr
2023-07-20T01:36:29.182+0000 7f26336fa700 1 -- 172.21.15.3:0/3180639969 >> 172.21.15.3:0/3180639969 conn(0x7f262c101590 msgr2=0x7f262c103030 unknown :-1 s=STATE_NONE l=0).mark_down
2023-07-20T01:36:29.515 INFO:teuthology.orchestra.run.smithi003.stdout:/usr/bin/ceph: stderr
2023-07-20T01:36:29.182+0000 7f26336fa700 1 -- 172.21.15.3:0/3180639969 shutdown_connections
2023-07-20T01:36:29.515 INFO:teuthology.orchestra.run.smithi003.stdout:/usr/bin/ceph: stderr
2023-07-20T01:36:29.182+0000 7f26336fa700 1 -- 172.21.15.3:0/3180639969 wait complete.
2023-07-20T01:36:29.515 INFO:teuthology.orchestra.run.smithi003.stdout:Waiting for the mgr to restart...
2023-07-20T01:36:29.516 INFO:teuthology.orchestra.run.smithi003.stdout:Waiting for mgr epoch 9...
2023-07-20T01:36:29.659 INFO:journalctl@ceph.mgr.x.smithi003.stdout:Jul 20 01:36:29 smithi003 ceph-9b4fd2fc-269d-11ee-9b34-001a4aab830c-mgr-x[96672]:
2023-07-20T01:36:29.281+0000 7fbe089b5200 -1 mgr[py] Module alerts has missing NOTIFY_TYPES member
2023-07-20T01:36:29.939 INFO:journalctl@ceph.mon.a.smithi003.stdout:Jul 20 01:36:29 smithi003 ceph-mon[96422]: from='client.? 172.21.15.3:0/3180639969' entity='client.admin' cmd=[{"prefix": "mgr stat"}]: dispatch
2023-07-20T01:36:29.940 INFO:journalctl@ceph.mgr.x.smithi003.stdout:Jul 20 01:36:29 smithi003 ceph-9b4fd2fc-269d-11ee-9b34-001a4aab830c-mgr-x[96672]:
2023-07-20T01:36:29.806+0000 7fbe089b5200 -1 mgr[py] Module progress has missing NOTIFY_TYPES member
2023-07-20T01:36:30.939 INFO:journalctl@ceph.mgr.x.smithi003.stdout:Jul 20 01:36:30 smithi003 ceph-9b4fd2fc-269d-11ee-9b34-001a4aab830c-mgr-x[96672]:
2023-07-20T01:36:30.491+0000 7fbe089b5200 -1 mgr[py] Module rook has missing NOTIFY_TYPES member
2023-07-20T01:36:30.940 INFO:journalctl@ceph.mgr.x.smithi003.stdout:Jul 20 01:36:30 smithi003 ceph-9b4fd2fc-269d-11ee-9b34-001a4aab830c-mgr-x[96672]:
2023-07-20T01:36:30.683+0000 7fbe089b5200 -1 mgr[py] Module iostat has missing NOTIFY_TYPES member
2023-07-20T01:36:31.940 INFO:journalctl@ceph.mgr.x.smithi003.stdout:Jul 20 01:36:31 smithi003 ceph-9b4fd2fc-269d-11ee-9b34-001a4aab830c-mgr-x[96672]:
2023-07-20T01:36:31.643+0000 7fbe089b5200 -1 mgr[py] Module test_orchestrator has missing NOTIFY_TYPES member
2023-07-20T01:36:31.940 INFO:journalctl@ceph.mgr.x.smithi003.stdout:Jul 20 01:36:31 smithi003 ceph-9b4fd2fc-269d-11ee-9b34-001a4aab830c-mgr-x[96672]:
2023-07-20T01:36:31.754+0000 7fbe089b5200 -1 mgr[py] Module osd_perf_query has missing NOTIFY_TYPES member
2023-07-20T01:36:32.293 INFO:journalctl@ceph.mgr.x.smithi003.stdout:Jul 20 01:36:31 smithi003 ceph-9b4fd2fc-269d-11ee-9b34-001a4aab830c-mgr-x[96672]:
2023-07-20T01:36:31.973+0000 7fbe089b5200 -1 mgr[py] Module orchestrator has missing NOTIFY_TYPES member
2023-07-20T01:36:32.547 INFO:journalctl@ceph.mgr.x.smithi003.stdout:Jul 20 01:36:32 smithi003 ceph-9b4fd2fc-269d-11ee-9b34-001a4aab830c-mgr-x[96672]:
2023-07-20T01:36:32.322+0000 7fbe089b5200 -1 mgr[py] Module rgw has missing NOTIFY_TYPES member
2023-07-20T01:36:32.939 INFO:journalctl@ceph.mgr.x.smithi003.stdout:Jul 20 01:36:32 smithi003 ceph-9b4fd2fc-269d-11ee-9b34-001a4aab830c-mgr-x[96672]:
2023-07-20T01:36:32.575+0000 7fbe089b5200 -1 mgr[py] Module influx has missing NOTIFY_TYPES member
2023-07-20T01:36:32.940 INFO:journalctl@ceph.mgr.x.smithi003.stdout:Jul 20 01:36:32 smithi003 ceph-9b4fd2fc-269d-11ee-9b34-001a4aab830c-mgr-x[96672]:
2023-07-20T01:36:32.757+0000 7fbe089b5200 -1 mgr[py] Module telemetry has missing NOTIFY_TYPES member
2023-07-20T01:36:33.439 INFO:journalctl@ceph.mgr.x.smithi003.stdout:Jul 20 01:36:33 smithi003 ceph-9b4fd2fc-269d-11ee-9b34-001a4aab830c-mgr-x[96672]:
2023-07-20T01:36:33.085+0000 7fbe089b5200 -1 mgr[py] Module telegraf has missing NOTIFY_TYPES member
2023-07-20T01:36:34.189 INFO:journalctl@ceph.mgr.x.smithi003.stdout:Jul 20 01:36:33 smithi003 ceph-9b4fd2fc-269d-11ee-9b34-001a4aab830c-mgr-x[96672]:
2023-07-20T01:36:33.906+0000 7fbe089b5200 -1 mgr[py] Module balancer has missing NOTIFY_TYPES member
2023-07-20T01:36:34.190 INFO:journalctl@ceph.mgr.x.smithi003.stdout:Jul 20 01:36:34 smithi003 ceph-9b4fd2fc-269d-11ee-9b34-001a4aab830c-mgr-x[96672]:
2023-07-20T01:36:34.064+0000 7fbe089b5200 -1 mgr[py] Module diskprediction_local has missing NOTIFY_TYPES member
2023-07-20T01:36:34.689 INFO:journalctl@ceph.mgr.x.smithi003.stdout:Jul 20 01:36:34 smithi003 ceph-9b4fd2fc-269d-11ee-9b34-001a4aab830c-mgr-x[96672]:
2023-07-20T01:36:34.308+0000 7fbe089b5200 -1 mgr[py] Module nfs has missing NOTIFY_TYPES member
2023-07-20T01:36:34.690 INFO:journalctl@ceph.mgr.x.smithi003.stdout:Jul 20 01:36:34 smithi003 ceph-9b4fd2fc-269d-11ee-9b34-001a4aab830c-mgr-x[96672]:
2023-07-20T01:36:34.445+0000 7fbe089b5200 -1 mgr[py] Module rbd_support has missing NOTIFY_TYPES member
2023-07-20T01:36:35.189 INFO:journalctl@ceph.mgr.x.smithi003.stdout:Jul 20 01:36:34 smithi003 ceph-9b4fd2fc-269d-11ee-9b34-001a4aab830c-mgr-x[96672]:
2023-07-20T01:36:34.718+0000 7fbe089b5200 -1 mgr[py] Module volumes has missing NOTIFY_TYPES member
2023-07-20T01:36:36.189 INFO:journalctl@ceph.mgr.x.smithi003.stdout:Jul 20 01:36:35 smithi003 ceph-9b4fd2fc-269d-11ee-9b34-001a4aab830c-mgr-x[96672]:
2023-07-20T01:36:35.758+0000 7fbe089b5200 -1 mgr[py] Module pg_autoscaler has missing NOTIFY_TYPES member
2023-07-20T01:36:36.190 INFO:journalctl@ceph.mon.a.smithi003.stdout:Jul 20 01:36:35 smithi003 ceph-mon[96422]: Active manager daemon x restarted
2023-07-20T01:36:36.190 INFO:journalctl@ceph.mon.a.smithi003.stdout:Jul 20 01:36:35 smithi003 ceph-mon[96422]: Activating manager daemon x
2023-07-20T01:36:36.190 INFO:journalctl@ceph.mon.a.smithi003.stdout:Jul 20 01:36:35 smithi003 ceph-mon[96422]: osdmap e3: 0 total, 0 up, 0 in
2023-07-20T01:36:36.191 INFO:journalctl@ceph.mon.a.smithi003.stdout:Jul 20 01:36:35 smithi003 ceph-mon[96422]: mgrmap e10: x(active, starting, since 0.00387029s)
2023-07-20T01:36:36.191 INFO:journalctl@ceph.mon.a.smithi003.stdout:Jul 20 01:36:35 smithi003 ceph-mon[96422]: from='mgr.14152 172.21.15.3:0/2723070826' entity='mgr.x' cmd=[{"prefix": "mon metadata", "id": "a"}]: dispatch
2023-07-20T01:36:36.191 INFO:journalctl@ceph.mon.a.smithi003.stdout:Jul 20 01:36:35 smithi003 ceph-mon[96422]: from='mgr.14152 172.21.15.3:0/2723070826' entity='mgr.x' cmd=[{"prefix": "mgr metadata", "who": "x", "id": "x"}]: dispatch
2023-07-20T01:36:36.191 INFO:journalctl@ceph.mon.a.smithi003.stdout:Jul 20 01:36:35 smithi003 ceph-mon[96422]: from='mgr.14152 172.21.15.3:0/2723070826' entity='mgr.x' cmd=[{"prefix": "mds metadata"}]: dispatch
2023-07-20T01:36:36.191 INFO:journalctl@ceph.mon.a.smithi003.stdout:Jul 20 01:36:35 smithi003 ceph-mon[96422]: from='mgr.14152 172.21.15.3:0/2723070826' entity='mgr.x' cmd=[{"prefix": "osd metadata"}]: dispatch
2023-07-20T01:36:36.191 INFO:journalctl@ceph.mon.a.smithi003.stdout:Jul 20 01:36:35 smithi003 ceph-mon[96422]: from='mgr.14152 172.21.15.3:0/2723070826' entity='mgr.x' cmd=[{"prefix": "mon metadata"}]: dispatch
2023-07-20T01:36:36.192 INFO:journalctl@ceph.mon.a.smithi003.stdout:Jul 20 01:36:35 smithi003 ceph-mon[96422]: Manager daemon x is now available
2023-07-20T01:36:36.192 INFO:journalctl@ceph.mon.a.smithi003.stdout:Jul 20 01:36:35 smithi003 ceph-mon[96422]: from='mgr.14152 172.21.15.3:0/2723070826' entity='mgr.x' cmd=[{"prefix": "config dump", "format": "json"}]: dispatch
2023-07-20T01:36:36.192 INFO:journalctl@ceph.mon.a.smithi003.stdout:Jul 20 01:36:35 smithi003 ceph-mon[96422]: from='mgr.14152 172.21.15.3:0/2723070826' entity='mgr.x' cmd=[{"prefix": "config dump", "format": "json"}]: dispatch
2023-07-20T01:36:37.190 INFO:journalctl@ceph.mon.a.smithi003.stdout:Jul 20 01:36:36 smithi003 ceph-mon[96422]: from='mgr.14152 172.21.15.3:0/2723070826' entity='mgr.x' cmd=[{"prefix":"config rm","who":"mgr","name":"mgr/rbd_support/x/mirror_snapshot_schedule"}]: dispatch
2023-07-20T01:36:37.190 INFO:journalctl@ceph.mon.a.smithi003.stdout:Jul 20 01:36:36 smithi003 ceph-mon[96422]: from='mgr.14152 172.21.15.3:0/2723070826' entity='mgr.x' cmd=[{"prefix":"config rm","who":"mgr","name":"mgr/rbd_support/x/trash_purge_schedule"}]: dispatch
2023-07-20T01:36:37.191 INFO:journalctl@ceph.mon.a.smithi003.stdout:Jul 20 01:36:36 smithi003 ceph-mon[96422]: mgrmap e11: x(active, since 1.00579s)
2023-07-20T01:36:37.191 INFO:journalctl@ceph.mon.a.smithi003.stdout:Jul 20 01:36:36 smithi003 ceph-mon[96422]: from='client.14156 -' entity='client.admin' cmd=[{"prefix": "get_command_descriptions"}]: dispatch
2023-07-20T01:36:37.191 INFO:journalctl@ceph.mon.a.smithi003.stdout:Jul 20 01:36:36 smithi003 ceph-mon[96422]: from='client.14156 -' entity='client.admin' cmd=[{"prefix": "mgr_status"}]: dispatch
2023-07-20T01:36:37.262 INFO:teuthology.orchestra.run.smithi003.stdout:/usr/bin/ceph: stdout {
2023-07-20T01:36:37.262 INFO:teuthology.orchestra.run.smithi003.stdout:/usr/bin/ceph: stdout "mgrmap_epoch": 11,
2023-07-20T01:36:37.263 INFO:teuthology.orchestra.run.smithi003.stdout:/usr/bin/ceph: stdout "initialized": true
2023-07-20T01:36:37.263 INFO:teuthology.orchestra.run.smithi003.stdout:/usr/bin/ceph: stdout }
2023-07-20T01:36:37.263 INFO:teuthology.orchestra.run.smithi003.stdout:/usr/bin/ceph: stderr
2023-07-20T01:36:29.980+0000 7f4b52346700 1 Processor -- start
2023-07-20T01:36:37.263 INFO:teuthology.orchestra.run.smithi003.stdout:/usr/bin/ceph: stderr
2023-07-20T01:36:29.981+0000 7f4b52346700 1 -- start start
2023-07-20T01:36:37.263 INFO:teuthology.orchestra.run.smithi003.stdout:/usr/bin/ceph: stderr
2023-07-20T01:36:29.981+0000 7f4b52346700 1 --2- >> [v2:172.21.15.3:3300/0,v1:172.21.15.3:6789/0] conn(0x7f4b4c1048b0 0x7f4b4c104cd0 unknown :-1 s=NONE pgs=0 cs=0 l=0 rev1=0 crypto rx=0 tx=0 comp rx=0 tx=0).connect
2023-07-20T01:36:37.263 INFO:teuthology.orchestra.run.smithi003.stdout:/usr/bin/ceph: stderr
2023-07-20T01:36:29.981+0000 7f4b52346700 1 -- --> [v2:172.21.15.3:3300/0,v1:172.21.15.3:6789/0] -- mon_getmap magic: 0 v1 -- 0x7f4b4c073f30 con 0x7f4b4c1048b0
2023-07-20T01:36:37.263 INFO:teuthology.orchestra.run.smithi003.stdout:/usr/bin/ceph: stderr
2023-07-20T01:36:29.981+0000 7f4b4bfff700 1 --2- >> [v2:172.21.15.3:3300/0,v1:172.21.15.3:6789/0] conn(0x7f4b4c1048b0 0x7f4b4c104cd0 unknown :-1 s=BANNER_CONNECTING pgs=0 cs=0 l=0 rev1=0 crypto rx=0 tx=0 comp rx=0 tx=0)._handle_peer_banner_payload supported=3 required=0
2023-07-20T01:36:37.263 INFO:teuthology.orchestra.run.smithi003.stdout:/usr/bin/ceph: stderr
2023-07-20T01:36:29.981+0000 7f4b4bfff700 1 --2- >> [v2:172.21.15.3:3300/0,v1:172.21.15.3:6789/0] conn(0x7f4b4c1048b0 0x7f4b4c104cd0 unknown :-1 s=HELLO_CONNECTING pgs=0 cs=0 l=0 rev1=1 crypto rx=0 tx=0 comp rx=0 tx=0).handle_hello peer v2:172.21.15.3:3300/0 says I am v2:172.21.15.3:41694/0 (socket says 172.21.15.3:41694)
2023-07-20T01:36:37.264 INFO:teuthology.orchestra.run.smithi003.stdout:/usr/bin/ceph: stderr
2023-07-20T01:36:29.981+0000 7f4b4bfff700 1 -- 172.21.15.3:0/2762461098 learned_addr learned my addr 172.21.15.3:0/2762461098 (peer_addr_for_me v2:172.21.15.3:0/0)
2023-07-20T01:36:37.264 INFO:teuthology.orchestra.run.smithi003.stdout:/usr/bin/ceph: stderr
2023-07-20T01:36:29.981+0000 7f4b4bfff700 1 -- 172.21.15.3:0/2762461098 --> [v2:172.21.15.3:3300/0,v1:172.21.15.3:6789/0] -- mon_subscribe({config=0+,monmap=0+}) v3 -- 0x7f4b4c105210 con 0x7f4b4c1048b0
2023-07-20T01:36:37.264 INFO:teuthology.orchestra.run.smithi003.stdout:/usr/bin/ceph: stderr
2023-07-20T01:36:29.982+0000 7f4b4bfff700 1 --2- 172.21.15.3:0/2762461098 >> [v2:172.21.15.3:3300/0,v1:172.21.15.3:6789/0] conn(0x7f4b4c1048b0 0x7f4b4c104cd0 secure :-1 s=READY pgs=61 cs=0 l=1 rev1=1 crypto rx=0x7f4b3c0098a0 tx=0x7f4b3c009bb0 comp rx=0 tx=0).ready entity=mon.0 client_cookie=54eda39627686912 server_cookie=0 in_seq=0 out_seq=0
2023-07-20T01:36:37.264 INFO:teuthology.orchestra.run.smithi003.stdout:/usr/bin/ceph: stderr
2023-07-20T01:36:29.982+0000 7f4b4affd700 1 -- 172.21.15.3:0/2762461098 <== mon.0 v2:172.21.15.3:3300/0 1 ==== mon_map magic: 0 v1 ==== 205+0+0 (secure 0 0 0) 0x7f4b3c004160 con 0x7f4b4c1048b0
2023-07-20T01:36:37.264 INFO:teuthology.orchestra.run.smithi003.stdout:/usr/bin/ceph: stderr
2023-07-20T01:36:29.982+0000 7f4b4affd700 1 -- 172.21.15.3:0/2762461098 <== mon.0 v2:172.21.15.3:3300/0 2 ==== config(26 keys) v1 ==== 1105+0+0 (secure 0 0 0) 0x7f4b3c0042c0 con 0x7f4b4c1048b0
2023-07-20T01:36:37.265 INFO:teuthology.orchestra.run.smithi003.stdout:/usr/bin/ceph: stderr
2023-07-20T01:36:29.982+0000 7f4b4affd700 1 -- 172.21.15.3:0/2762461098 <== mon.0 v2:172.21.15.3:3300/0 3 ==== mon_map magic: 0 v1 ==== 205+0+0 (secure 0 0 0) 0x7f4b3c0119b0 con 0x7f4b4c1048b0
2023-07-20T01:36:37.265 INFO:teuthology.orchestra.run.smithi003.stdout:/usr/bin/ceph: stderr
2023-07-20T01:36:29.982+0000 7f4b52346700 1 -- 172.21.15.3:0/2762461098 >> [v2:172.21.15.3:3300/0,v1:172.21.15.3:6789/0] conn(0x7f4b4c1048b0 msgr2=0x7f4b4c104cd0 secure :-1 s=STATE_CONNECTION_ESTABLISHED l=1).mark_down
2023-07-20T01:36:37.265 INFO:teuthology.orchestra.run.smithi003.stdout:/usr/bin/ceph: stderr
2023-07-20T01:36:29.982+0000 7f4b52346700 1 --2- 172.21.15.3:0/2762461098 >> [v2:172.21.15.3:3300/0,v1:172.21.15.3:6789/0] conn(0x7f4b4c1048b0 0x7f4b4c104cd0 secure :-1 s=READY pgs=61 cs=0 l=1 rev1=1 crypto rx=0x7f4b3c0098a0 tx=0x7f4b3c009bb0 comp rx=0 tx=0).stop
2023-07-20T01:36:37.265 INFO:teuthology.orchestra.run.smithi003.stdout:/usr/bin/ceph: stderr
2023-07-20T01:36:29.983+0000 7f4b52346700 1 -- 172.21.15.3:0/2762461098 shutdown_connections
2023-07-20T01:36:37.265 INFO:teuthology.orchestra.run.smithi003.stdout:/usr/bin/ceph: stderr
2023-07-20T01:36:29.983+0000 7f4b52346700 1 --2- 172.21.15.3:0/2762461098 >> [v2:172.21.15.3:3300/0,v1:172.21.15.3:6789/0] conn(0x7f4b4c1048b0 0x7f4b4c104cd0 unknown :-1 s=CLOSED pgs=61 cs=0 l=1 rev1=1 crypto rx=0 tx=0 comp rx=0 tx=0).stop
2023-07-20T01:36:37.265 INFO:teuthology.orchestra.run.smithi003.stdout:/usr/bin/ceph: stderr
2023-07-20T01:36:29.983+0000 7f4b52346700 1 -- 172.21.15.3:0/2762461098 >> 172.21.15.3:0/2762461098 conn(0x7f4b4c100490 msgr2=0x7f4b4c1028b0 unknown :-1 s=STATE_NONE l=0).mark_down
2023-07-20T01:36:37.265 INFO:teuthology.orchestra.run.smithi003.stdout:/usr/bin/ceph: stderr
2023-07-20T01:36:29.983+0000 7f4b52346700 1 -- 172.21.15.3:0/2762461098 shutdown_connections
2023-07-20T01:36:37.266 INFO:teuthology.orchestra.run.smithi003.stdout:/usr/bin/ceph: stderr
2023-07-20T01:36:29.983+0000 7f4b52346700 1 -- 172.21.15.3:0/2762461098 wait complete.
2023-07-20T01:36:37.266 INFO:teuthology.orchestra.run.smithi003.stdout:/usr/bin/ceph: stderr
2023-07-20T01:36:29.983+0000 7f4b52346700 1 Processor -- start
2023-07-20T01:36:37.266 INFO:teuthology.orchestra.run.smithi003.stdout:/usr/bin/ceph: stderr
2023-07-20T01:36:29.983+0000 7f4b52346700 1 -- start start
2023-07-20T01:36:37.266 INFO:teuthology.orchestra.run.smithi003.stdout:/usr/bin/ceph: stderr
2023-07-20T01:36:29.984+0000 7f4b52346700 1 --2- >> [v2:172.21.15.3:3300/0,v1:172.21.15.3:6789/0] conn(0x7f4b4c1048b0 0x7f4b4c19bf10 unknown :-1 s=NONE pgs=0 cs=0 l=1 rev1=0 crypto rx=0 tx=0 comp rx=0 tx=0).connect
2023-07-20T01:36:37.266 INFO:teuthology.orchestra.run.smithi003.stdout:/usr/bin/ceph: stderr
2023-07-20T01:36:29.984+0000 7f4b52346700 1 -- --> [v2:172.21.15.3:3300/0,v1:172.21.15.3:6789/0] -- mon_getmap magic: 0 v1 -- 0x7f4b4c19c450 con 0x7f4b4c1048b0
2023-07-20T01:36:37.266 INFO:teuthology.orchestra.run.smithi003.stdout:/usr/bin/ceph: stderr
2023-07-20T01:36:29.984+0000 7f4b4bfff700 1 --2- >> [v2:172.21.15.3:3300/0,v1:172.21.15.3:6789/0] conn(0x7f4b4c1048b0 0x7f4b4c19bf10 unknown :-1 s=BANNER_CONNECTING pgs=0 cs=0 l=1 rev1=0 crypto rx=0 tx=0 comp rx=0 tx=0)._handle_peer_banner_payload supported=3 required=0
2023-07-20T01:36:37.266 INFO:teuthology.orchestra.run.smithi003.stdout:/usr/bin/ceph: stderr
2023-07-20T01:36:29.984+0000 7f4b4bfff700 1 --2- >> [v2:172.21.15.3:3300/0,v1:172.21.15.3:6789/0] conn(0x7f4b4c1048b0 0x7f4b4c19bf10 unknown :-1 s=HELLO_CONNECTING pgs=0 cs=0 l=1 rev1=1 crypto rx=0 tx=0 comp rx=0 tx=0).handle_hello peer v2:172.21.15.3:3300/0 says I am v2:172.21.15.3:41696/0 (socket says 172.21.15.3:41696)
2023-07-20T01:36:37.266 INFO:teuthology.orchestra.run.smithi003.stdout:/usr/bin/ceph: stderr
2023-07-20T01:36:29.984+0000 7f4b4bfff700 1 -- 172.21.15.3:0/917105984 learned_addr learned my addr 172.21.15.3:0/917105984 (peer_addr_for_me v2:172.21.15.3:0/0)
2023-07-20T01:36:37.267 INFO:teuthology.orchestra.run.smithi003.stdout:/usr/bin/ceph: stderr
2023-07-20T01:36:29.984+0000 7f4b4bfff700 1 -- 172.21.15.3:0/917105984 --> [v2:172.21.15.3:3300/0,v1:172.21.15.3:6789/0] -- mon_subscribe({config=0+,monmap=0+}) v3 -- 0x7f4b3c009550 con 0x7f4b4c1048b0
2023-07-20T01:36:37.267 INFO:teuthology.orchestra.run.smithi003.stdout:/usr/bin/ceph: stderr
2023-07-20T01:36:29.984+0000 7f4b4bfff700 1 --2- 172.21.15.3:0/917105984 >> [v2:172.21.15.3:3300/0,v1:172.21.15.3:6789/0] conn(0x7f4b4c1048b0 0x7f4b4c19bf10 secure :-1 s=READY pgs=62 cs=0 l=1 rev1=1 crypto rx=0x7f4b3c003e60 tx=0x7f4b3c011aa0 comp rx=0 tx=0).ready entity=mon.0 client_cookie=0 server_cookie=0 in_seq=0 out_seq=0
2023-07-20T01:36:37.267 INFO:teuthology.orchestra.run.smithi003.stdout:/usr/bin/ceph: stderr
2023-07-20T01:36:29.984+0000 7f4b497fa700 1 -- 172.21.15.3:0/917105984 <== mon.0 v2:172.21.15.3:3300/0 1 ==== mon_map magic: 0 v1 ==== 205+0+0 (secure 0 0 0) 0x7f4b3c003970 con 0x7f4b4c1048b0
2023-07-20T01:36:37.267 INFO:teuthology.orchestra.run.smithi003.stdout:/usr/bin/ceph: stderr
2023-07-20T01:36:29.984+0000 7f4b497fa700 1 -- 172.21.15.3:0/917105984 <== mon.0 v2:172.21.15.3:3300/0 2 ==== config(26 keys) v1 ==== 1105+0+0 (secure 0 0 0) 0x7f4b3c003ad0 con 0x7f4b4c1048b0
2023-07-20T01:36:37.267 INFO:teuthology.orchestra.run.smithi003.stdout:/usr/bin/ceph: stderr
2023-07-20T01:36:29.984+0000 7f4b497fa700 1 -- 172.21.15.3:0/917105984 <== mon.0 v2:172.21.15.3:3300/0 3 ==== mon_map magic: 0 v1 ==== 205+0+0 (secure 0 0 0) 0x7f4b3c0195e0 con 0x7f4b4c1048b0
2023-07-20T01:36:37.267 INFO:teuthology.orchestra.run.smithi003.stdout:/usr/bin/ceph: stderr
2023-07-20T01:36:29.984+0000 7f4b52346700 1 -- 172.21.15.3:0/917105984 --> [v2:172.21.15.3:3300/0,v1:172.21.15.3:6789/0] -- mon_subscribe({mgrmap=0+}) v3 -- 0x7f4b4c19c650 con 0x7f4b4c1048b0
2023-07-20T01:36:37.267 INFO:teuthology.orchestra.run.smithi003.stdout:/usr/bin/ceph: stderr
2023-07-20T01:36:29.985+0000 7f4b52346700 1 -- 172.21.15.3:0/917105984 --> [v2:172.21.15.3:3300/0,v1:172.21.15.3:6789/0] -- mon_subscribe({osdmap=0}) v3 -- 0x7f4b4c19ca70 con 0x7f4b4c1048b0
2023-07-20T01:36:37.268 INFO:teuthology.orchestra.run.smithi003.stdout:/usr/bin/ceph: stderr
2023-07-20T01:36:29.986+0000 7f4b497fa700 1 -- 172.21.15.3:0/917105984 <== mon.0 v2:172.21.15.3:3300/0 4 ==== mgrmap(e 9) v1 ==== 45496+0+0 (secure 0 0 0) 0x7f4b3c0198a0 con 0x7f4b4c1048b0
2023-07-20T01:36:37.268 INFO:teuthology.orchestra.run.smithi003.stdout:/usr/bin/ceph: stderr
2023-07-20T01:36:29.986+0000 7f4b497fa700 1 --2- 172.21.15.3:0/917105984 >> [v2:172.21.15.3:6800/596448098,v1:172.21.15.3:6801/596448098] conn(0x7f4b34038710 0x7f4b3403abd0 unknown :-1 s=NONE pgs=0 cs=0 l=1 rev1=0 crypto rx=0 tx=0 comp rx=0 tx=0).connect
2023-07-20T01:36:37.268 INFO:teuthology.orchestra.run.smithi003.stdout:/usr/bin/ceph: stderr
2023-07-20T01:36:29.986+0000 7f4b497fa700 1 -- 172.21.15.3:0/917105984 --> [v2:172.21.15.3:6800/596448098,v1:172.21.15.3:6801/596448098] -- command(tid 0: {"prefix": "get_command_descriptions"}) v1 -- 0x7f4b3403b2e0 con 0x7f4b34038710
2023-07-20T01:36:37.268 INFO:teuthology.orchestra.run.smithi003.stdout:/usr/bin/ceph: stderr
2023-07-20T01:36:29.986+0000 7f4b497fa700 1 -- 172.21.15.3:0/917105984 <== mon.0 v2:172.21.15.3:3300/0 5 ==== osd_map(2..2 src has 1..2) v4 ==== 940+0+0 (secure 0 0 0) 0x7f4b3c04c8d0 con 0x7f4b4c1048b0
2023-07-20T01:36:37.268 INFO:teuthology.orchestra.run.smithi003.stdout:/usr/bin/ceph: stderr
2023-07-20T01:36:29.986+0000 7f4b4b7fe700 1 -- 172.21.15.3:0/917105984 >> [v2:172.21.15.3:6800/596448098,v1:172.21.15.3:6801/596448098] conn(0x7f4b34038710 msgr2=0x7f4b3403abd0 unknown :-1 s=STATE_CONNECTING_RE l=1).process reconnect failed to v2:172.21.15.3:6800/596448098
2023-07-20T01:36:37.268 INFO:teuthology.orchestra.run.smithi003.stdout:/usr/bin/ceph: stderr
2023-07-20T01:36:29.986+0000 7f4b4b7fe700 1 --2- 172.21.15.3:0/917105984 >> [v2:172.21.15.3:6800/596448098,v1:172.21.15.3:6801/596448098] conn(0x7f4b34038710 0x7f4b3403abd0 unknown :-1 s=START_CONNECT pgs=0 cs=0 l=1 rev1=0 crypto rx=0 tx=0 comp rx=0 tx=0)._fault waiting 0.200000
2023-07-20T01:36:37.269 INFO:teuthology.orchestra.run.smithi003.stdout:/usr/bin/ceph: stderr
2023-07-20T01:36:30.187+0000 7f4b4b7fe700 1 -- 172.21.15.3:0/917105984 >> [v2:172.21.15.3:6800/596448098,v1:172.21.15.3:6801/596448098] conn(0x7f4b34038710 msgr2=0x7f4b3403abd0 unknown :-1 s=STATE_CONNECTING_RE l=1).process reconnect failed to v2:172.21.15.3:6800/596448098
2023-07-20T01:36:37.269 INFO:teuthology.orchestra.run.smithi003.stdout:/usr/bin/ceph: stderr
2023-07-20T01:36:30.187+0000 7f4b4b7fe700 1 --2- 172.21.15.3:0/917105984 >> [v2:172.21.15.3:6800/596448098,v1:172.21.15.3:6801/596448098] conn(0x7f4b34038710 0x7f4b3403abd0 unknown :-1 s=START_CONNECT pgs=0 cs=0 l=1 rev1=0 crypto rx=0 tx=0 comp rx=0 tx=0)._fault waiting 0.400000
2023-07-20T01:36:37.269 INFO:teuthology.orchestra.run.smithi003.stdout:/usr/bin/ceph: stderr
2023-07-20T01:36:30.588+0000 7f4b4b7fe700 1 -- 172.21.15.3:0/917105984 >> [v2:172.21.15.3:6800/596448098,v1:172.21.15.3:6801/596448098] conn(0x7f4b34038710 msgr2=0x7f4b3403abd0 unknown :-1 s=STATE_CONNECTING_RE l=1).process reconnect failed to v2:172.21.15.3:6800/596448098
2023-07-20T01:36:37.269 INFO:teuthology.orchestra.run.smithi003.stdout:/usr/bin/ceph: stderr
2023-07-20T01:36:30.588+0000 7f4b4b7fe700 1 --2- 172.21.15.3:0/917105984 >> [v2:172.21.15.3:6800/596448098,v1:172.21.15.3:6801/596448098] conn(0x7f4b34038710 0x7f4b3403abd0 unknown :-1 s=START_CONNECT pgs=0 cs=0 l=1 rev1=0 crypto rx=0 tx=0 comp rx=0 tx=0)._fault waiting 0.800000
2023-07-20T01:36:37.269 INFO:teuthology.orchestra.run.smithi003.stdout:/usr/bin/ceph: stderr
2023-07-20T01:36:31.389+0000 7f4b4b7fe700 1 -- 172.21.15.3:0/917105984 >> [v2:172.21.15.3:6800/596448098,v1:172.21.15.3:6801/596448098] conn(0x7f4b34038710 msgr2=0x7f4b3403abd0 unknown :-1 s=STATE_CONNECTING_RE l=1).process reconnect failed to v2:172.21.15.3:6800/596448098
2023-07-20T01:36:37.269 INFO:teuthology.orchestra.run.smithi003.stdout:/usr/bin/ceph: stderr
2023-07-20T01:36:31.389+0000 7f4b4b7fe700 1 --2- 172.21.15.3:0/917105984 >> [v2:172.21.15.3:6800/596448098,v1:172.21.15.3:6801/596448098] conn(0x7f4b34038710 0x7f4b3403abd0 unknown :-1 s=START_CONNECT pgs=0 cs=0 l=1 rev1=0 crypto rx=0 tx=0 comp rx=0 tx=0)._fault waiting 1.600000
2023-07-20T01:36:37.269 INFO:teuthology.orchestra.run.smithi003.stdout:/usr/bin/ceph: stderr
2023-07-20T01:36:32.990+0000 7f4b4b7fe700 1 -- 172.21.15.3:0/917105984 >> [v2:172.21.15.3:6800/596448098,v1:172.21.15.3:6801/596448098] conn(0x7f4b34038710 msgr2=0x7f4b3403abd0 unknown :-1 s=STATE_CONNECTING_RE l=1).process reconnect failed to v2:172.21.15.3:6800/596448098
2023-07-20T01:36:37.269 INFO:teuthology.orchestra.run.smithi003.stdout:/usr/bin/ceph: stderr
2023-07-20T01:36:32.990+0000 7f4b4b7fe700 1 --2- 172.21.15.3:0/917105984 >> [v2:172.21.15.3:6800/596448098,v1:172.21.15.3:6801/596448098] conn(0x7f4b34038710 0x7f4b3403abd0 unknown :-1 s=START_CONNECT pgs=0 cs=0 l=1 rev1=0 crypto rx=0 tx=0 comp rx=0 tx=0)._fault waiting 3.200000
2023-07-20T01:36:37.270 INFO:teuthology.orchestra.run.smithi003.stdout:/usr/bin/ceph: stderr
2023-07-20T01:36:35.773+0000 7f4b497fa700 1 -- 172.21.15.3:0/917105984 <== mon.0 v2:172.21.15.3:3300/0 6 ==== mgrmap(e 10) v1 ==== 45263+0+0 (secure 0 0 0) 0x7f4b3c02da00 con 0x7f4b4c1048b0
2023-07-20T01:36:37.270 INFO:teuthology.orchestra.run.smithi003.stdout:/usr/bin/ceph: stderr
2023-07-20T01:36:35.773+0000 7f4b497fa700 1 -- 172.21.15.3:0/917105984 >> [v2:172.21.15.3:6800/596448098,v1:172.21.15.3:6801/596448098] conn(0x7f4b34038710 msgr2=0x7f4b3403abd0 unknown :-1 s=STATE_CONNECTING l=1).mark_down
2023-07-20T01:36:37.270 INFO:teuthology.orchestra.run.smithi003.stdout:/usr/bin/ceph: stderr
2023-07-20T01:36:35.773+0000 7f4b497fa700 1 --2- 172.21.15.3:0/917105984 >> [v2:172.21.15.3:6800/596448098,v1:172.21.15.3:6801/596448098] conn(0x7f4b34038710 0x7f4b3403abd0 unknown :-1 s=START_CONNECT pgs=0 cs=0 l=1 rev1=0 crypto rx=0 tx=0 comp rx=0 tx=0).stop
2023-07-20T01:36:37.270 INFO:teuthology.orchestra.run.smithi003.stdout:/usr/bin/ceph: stderr
2023-07-20T01:36:36.775+0000 7f4b497fa700 1 -- 172.21.15.3:0/917105984 <== mon.0 v2:172.21.15.3:3300/0 7 ==== mgrmap(e 11) v1 ==== 45390+0+0 (secure 0 0 0) 0x7f4b3c04e880 con 0x7f4b4c1048b0
2023-07-20T01:36:37.270 INFO:teuthology.orchestra.run.smithi003.stdout:/usr/bin/ceph: stderr
2023-07-20T01:36:36.775+0000 7f4b497fa700 1 --2- 172.21.15.3:0/917105984 >> [v2:172.21.15.3:6800/4201887131,v1:172.21.15.3:6801/4201887131] conn(0x7f4b3403bfb0 0x7f4b3403e3a0 unknown :-1 s=NONE pgs=0 cs=0 l=1 rev1=0 crypto rx=0 tx=0 comp rx=0 tx=0).connect
2023-07-20T01:36:37.270 INFO:teuthology.orchestra.run.smithi003.stdout:/usr/bin/ceph: stderr
2023-07-20T01:36:36.775+0000 7f4b497fa700 1 -- 172.21.15.3:0/917105984 --> [v2:172.21.15.3:6800/4201887131,v1:172.21.15.3:6801/4201887131] -- command(tid 0: {"prefix": "get_command_descriptions"}) v1 -- 0x7f4b3403b2e0 con 0x7f4b3403bfb0
2023-07-20T01:36:37.270 INFO:teuthology.orchestra.run.smithi003.stdout:/usr/bin/ceph: stderr
