2023-07-20T01:36:12.236+0000 7f0ff6ffd700 1 --2- 172.21.15.3:0/885086731 >> [v2:172.21.15.3:6800/596448098,v1:172.21.15.3:6801/596448098] conn(0x7f0fec038630 0x7f0fec03aaf0 unknown :-1 s=NONE pgs=0 cs=0 l=1 rev1=0 crypto rx=0 tx=0 comp rx=0 tx=0).connect
2023-07-20T01:36:12.979 INFO:teuthology.orchestra.run.smithi003.stdout:/usr/bin/ceph: stderr
2023-07-20T01:36:12.236+0000 7f0ff6ffd700 1 -- 172.21.15.3:0/885086731 <== mon.0 v2:172.21.15.3:3300/0 5 ==== osd_map(2..2 src has 1..2) v4 ==== 940+0+0 (secure 0 0 0) 0x7f0ffc04c6e0 con 0x7f100007bde0
2023-07-20T01:36:12.979 INFO:teuthology.orchestra.run.smithi003.stdout:/usr/bin/ceph: stderr
2023-07-20T01:36:12.236+0000 7f100529a700 1 --2- 172.21.15.3:0/885086731 >> [v2:172.21.15.3:6800/596448098,v1:172.21.15.3:6801/596448098] conn(0x7f0fec038630 0x7f0fec03aaf0 unknown :-1 s=BANNER_CONNECTING pgs=0 cs=0 l=1 rev1=0 crypto rx=0 tx=0 comp rx=0 tx=0)._handle_peer_banner_payload supported=3 required=0
2023-07-20T01:36:12.980 INFO:teuthology.orchestra.run.smithi003.stdout:/usr/bin/ceph: stderr
2023-07-20T01:36:12.236+0000 7f1007cff700 1 -- 172.21.15.3:0/885086731 --> [v2:172.21.15.3:3300/0,v1:172.21.15.3:6789/0] -- mon_command({"prefix": "get_command_descriptions"} v 0) v1 -- 0x7f1000195fd0 con 0x7f100007bde0
2023-07-20T01:36:12.980 INFO:teuthology.orchestra.run.smithi003.stdout:/usr/bin/ceph: stderr
2023-07-20T01:36:12.237+0000 7f100529a700 1 --2- 172.21.15.3:0/885086731 >> [v2:172.21.15.3:6800/596448098,v1:172.21.15.3:6801/596448098] conn(0x7f0fec038630 0x7f0fec03aaf0 secure :-1 s=READY pgs=7 cs=0 l=1 rev1=1 crypto rx=0x7f0ff0006fd0 tx=0x7f0ff0006e40 comp rx=0 tx=0).ready entity=mgr.14120 client_cookie=0 server_cookie=0 in_seq=0 out_seq=0
2023-07-20T01:36:12.980 INFO:teuthology.orchestra.run.smithi003.stdout:/usr/bin/ceph: stderr
2023-07-20T01:36:12.246+0000 7f0ff6ffd700 1 -- 172.21.15.3:0/885086731 <== mon.0 v2:172.21.15.3:3300/0 6 ==== mon_command_ack([{"prefix": "get_command_descriptions"}]=0 v0) v1 ==== 72+0+178025 (secure 0 0 0) 0x7f0ffc018db0 con 0x7f100007bde0
2023-07-20T01:36:12.981 INFO:teuthology.orchestra.run.smithi003.stdout:/usr/bin/ceph: stderr
2023-07-20T01:36:12.631+0000 7f1007cff700 1 -- 172.21.15.3:0/885086731 --> [v2:172.21.15.3:6800/596448098,v1:172.21.15.3:6801/596448098] -- mgr_command(tid 0: {"prefix": "orch set backend", "module_name": "cephadm", "target": ["mon-mgr", ""]}) v1 -- 0x7f100002cae0 con 0x7f0fec038630
2023-07-20T01:36:12.981 INFO:teuthology.orchestra.run.smithi003.stdout:/usr/bin/ceph: stderr
2023-07-20T01:36:12.638+0000 7f0ff6ffd700 1 -- 172.21.15.3:0/885086731 <== mgr.14120 v2:172.21.15.3:6800/596448098 1 ==== mgr_command_reply(tid 0: 0 ) v1 ==== 8+0+0 (secure 0 0 0) 0x7f100002cae0 con 0x7f0fec038630
2023-07-20T01:36:12.981 INFO:teuthology.orchestra.run.smithi003.stdout:/usr/bin/ceph: stderr
2023-07-20T01:36:12.640+0000 7f1007cff700 1 -- 172.21.15.3:0/885086731 >> [v2:172.21.15.3:6800/596448098,v1:172.21.15.3:6801/596448098] conn(0x7f0fec038630 msgr2=0x7f0fec03aaf0 secure :-1 s=STATE_CONNECTION_ESTABLISHED l=1).mark_down
2023-07-20T01:36:12.981 INFO:teuthology.orchestra.run.smithi003.stdout:/usr/bin/ceph: stderr
2023-07-20T01:36:12.640+0000 7f1007cff700 1 --2- 172.21.15.3:0/885086731 >> [v2:172.21.15.3:6800/596448098,v1:172.21.15.3:6801/596448098] conn(0x7f0fec038630 0x7f0fec03aaf0 secure :-1 s=READY pgs=7 cs=0 l=1 rev1=1 crypto rx=0x7f0ff0006fd0 tx=0x7f0ff0006e40 comp rx=0 tx=0).stop
2023-07-20T01:36:12.982 INFO:teuthology.orchestra.run.smithi003.stdout:/usr/bin/ceph: stderr
2023-07-20T01:36:12.640+0000 7f1007cff700 1 -- 172.21.15.3:0/885086731 >> [v2:172.21.15.3:3300/0,v1:172.21.15.3:6789/0] conn(0x7f100007bde0 msgr2=0x7f100019c230 secure :-1 s=STATE_CONNECTION_ESTABLISHED l=1).mark_down
2023-07-20T01:36:12.982 INFO:teuthology.orchestra.run.smithi003.stdout:/usr/bin/ceph: stderr
2023-07-20T01:36:12.640+0000 7f1007cff700 1 --2- 172.21.15.3:0/885086731 >> [v2:172.21.15.3:3300/0,v1:172.21.15.3:6789/0] conn(0x7f100007bde0 0x7f100019c230 secure :-1 s=READY pgs=38 cs=0 l=1 rev1=1 crypto rx=0x7f0ffc009130 tx=0x7f0ffc011ad0 comp rx=0 tx=0).stop
2023-07-20T01:36:12.982 INFO:teuthology.orchestra.run.smithi003.stdout:/usr/bin/ceph: stderr
2023-07-20T01:36:12.640+0000 7f1007cff700 1 -- 172.21.15.3:0/885086731 shutdown_connections
2023-07-20T01:36:12.983 INFO:teuthology.orchestra.run.smithi003.stdout:/usr/bin/ceph: stderr
2023-07-20T01:36:12.640+0000 7f1007cff700 1 --2- 172.21.15.3:0/885086731 >> [v2:172.21.15.3:6800/596448098,v1:172.21.15.3:6801/596448098] conn(0x7f0fec038630 0x7f0fec03aaf0 unknown :-1 s=CLOSED pgs=7 cs=0 l=1 rev1=1 crypto rx=0 tx=0 comp rx=0 tx=0).stop
2023-07-20T01:36:12.983 INFO:teuthology.orchestra.run.smithi003.stdout:/usr/bin/ceph: stderr
2023-07-20T01:36:12.640+0000 7f1007cff700 1 --2- 172.21.15.3:0/885086731 >> [v2:172.21.15.3:3300/0,v1:172.21.15.3:6789/0] conn(0x7f100007bde0 0x7f100019c230 unknown :-1 s=CLOSED pgs=38 cs=0 l=1 rev1=1 crypto rx=0 tx=0 comp rx=0 tx=0).stop
2023-07-20T01:36:12.983 INFO:teuthology.orchestra.run.smithi003.stdout:/usr/bin/ceph: stderr
2023-07-20T01:36:12.640+0000 7f1007cff700 1 -- 172.21.15.3:0/885086731 >> 172.21.15.3:0/885086731 conn(0x7f10001015a0 msgr2=0x7f1000103910 unknown :-1 s=STATE_NONE l=0).mark_down
2023-07-20T01:36:12.983 INFO:teuthology.orchestra.run.smithi003.stdout:/usr/bin/ceph: stderr
2023-07-20T01:36:12.641+0000 7f1007cff700 1 -- 172.21.15.3:0/885086731 shutdown_connections
2023-07-20T01:36:12.984 INFO:teuthology.orchestra.run.smithi003.stdout:/usr/bin/ceph: stderr
2023-07-20T01:36:12.641+0000 7f1007cff700 1 -- 172.21.15.3:0/885086731 wait complete.
2023-07-20T01:36:13.868 INFO:journalctl@ceph.mon.a.smithi003.stdout:Jul 20 01:36:13 smithi003 ceph-mon[96422]: from='client.14132 -' entity='client.admin' cmd=[{"prefix": "orch set backend", "module_name": "cephadm", "target": ["mon-mgr", ""]}]: dispatch
2023-07-20T01:36:13.868 INFO:journalctl@ceph.mon.a.smithi003.stdout:Jul 20 01:36:13 smithi003 ceph-mon[96422]: from='mgr.14120 172.21.15.3:0/3660939122' entity='mgr.x'
2023-07-20T01:36:13.868 INFO:journalctl@ceph.mon.a.smithi003.stdout:Jul 20 01:36:13 smithi003 ceph-mon[96422]: from='mgr.14120 172.21.15.3:0/3660939122' entity='mgr.x' cmd=[{"prefix": "config dump", "format": "json"}]: dispatch
2023-07-20T01:36:13.868 INFO:journalctl@ceph.mon.a.smithi003.stdout:Jul 20 01:36:13 smithi003 ceph-mon[96422]: mgrmap e8: x(active, since 2s)
2023-07-20T01:36:14.218 INFO:teuthology.orchestra.run.smithi003.stdout:/usr/bin/ceph: stdout value unchanged
2023-07-20T01:36:14.219 INFO:teuthology.orchestra.run.smithi003.stdout:/usr/bin/ceph: stderr
2023-07-20T01:36:13.495+0000 7f616ee8f700 1 Processor -- start
2023-07-20T01:36:14.219 INFO:teuthology.orchestra.run.smithi003.stdout:/usr/bin/ceph: stderr
2023-07-20T01:36:13.495+0000 7f616ee8f700 1 -- start start
2023-07-20T01:36:14.219 INFO:teuthology.orchestra.run.smithi003.stdout:/usr/bin/ceph: stderr
2023-07-20T01:36:13.496+0000 7f616ee8f700 1 --2- >> [v2:172.21.15.3:3300/0,v1:172.21.15.3:6789/0] conn(0x7f6168106a80 0x7f6168108e70 unknown :-1 s=NONE pgs=0 cs=0 l=0 rev1=0 crypto rx=0 tx=0 comp rx=0 tx=0).connect
2023-07-20T01:36:14.219 INFO:teuthology.orchestra.run.smithi003.stdout:/usr/bin/ceph: stderr
2023-07-20T01:36:13.496+0000 7f616ee8f700 1 -- --> [v2:172.21.15.3:3300/0,v1:172.21.15.3:6789/0] -- mon_getmap magic: 0 v1 -- 0x7f6168073f70 con 0x7f6168106a80
2023-07-20T01:36:14.219 INFO:teuthology.orchestra.run.smithi003.stdout:/usr/bin/ceph: stderr
2023-07-20T01:36:13.496+0000 7f616cc2b700 1 --2- >> [v2:172.21.15.3:3300/0,v1:172.21.15.3:6789/0] conn(0x7f6168106a80 0x7f6168108e70 unknown :-1 s=BANNER_CONNECTING pgs=0 cs=0 l=0 rev1=0 crypto rx=0 tx=0 comp rx=0 tx=0)._handle_peer_banner_payload supported=3 required=0
2023-07-20T01:36:14.219 INFO:teuthology.orchestra.run.smithi003.stdout:/usr/bin/ceph: stderr
2023-07-20T01:36:13.496+0000 7f616cc2b700 1 --2- >> [v2:172.21.15.3:3300/0,v1:172.21.15.3:6789/0] conn(0x7f6168106a80 0x7f6168108e70 unknown :-1 s=HELLO_CONNECTING pgs=0 cs=0 l=0 rev1=1 crypto rx=0 tx=0 comp rx=0 tx=0).handle_hello peer v2:172.21.15.3:3300/0 says I am v2:172.21.15.3:41582/0 (socket says 172.21.15.3:41582)
2023-07-20T01:36:14.219 INFO:teuthology.orchestra.run.smithi003.stdout:/usr/bin/ceph: stderr
2023-07-20T01:36:13.496+0000 7f616cc2b700 1 -- 172.21.15.3:0/489387538 learned_addr learned my addr 172.21.15.3:0/489387538 (peer_addr_for_me v2:172.21.15.3:0/0)
2023-07-20T01:36:14.220 INFO:teuthology.orchestra.run.smithi003.stdout:/usr/bin/ceph: stderr
2023-07-20T01:36:13.496+0000 7f616cc2b700 1 -- 172.21.15.3:0/489387538 --> [v2:172.21.15.3:3300/0,v1:172.21.15.3:6789/0] -- mon_subscribe({config=0+,monmap=0+}) v3 -- 0x7f61681093b0 con 0x7f6168106a80
2023-07-20T01:36:14.220 INFO:teuthology.orchestra.run.smithi003.stdout:/usr/bin/ceph: stderr
2023-07-20T01:36:13.496+0000 7f616cc2b700 1 --2- 172.21.15.3:0/489387538 >> [v2:172.21.15.3:3300/0,v1:172.21.15.3:6789/0] conn(0x7f6168106a80 0x7f6168108e70 secure :-1 s=READY pgs=39 cs=0 l=1 rev1=1 crypto rx=0x7f615c0098a0 tx=0x7f615c009bb0 comp rx=0 tx=0).ready entity=mon.0 client_cookie=3b3d6fda8fffe4b9 server_cookie=0 in_seq=0 out_seq=0
2023-07-20T01:36:14.220 INFO:teuthology.orchestra.run.smithi003.stdout:/usr/bin/ceph: stderr
2023-07-20T01:36:13.496+0000 7f61677fe700 1 -- 172.21.15.3:0/489387538 <== mon.0 v2:172.21.15.3:3300/0 1 ==== mon_map magic: 0 v1 ==== 205+0+0 (secure 0 0 0) 0x7f615c004160 con 0x7f6168106a80
2023-07-20T01:36:14.220 INFO:teuthology.orchestra.run.smithi003.stdout:/usr/bin/ceph: stderr
2023-07-20T01:36:13.497+0000 7f61677fe700 1 -- 172.21.15.3:0/489387538 <== mon.0 v2:172.21.15.3:3300/0 2 ==== config(26 keys) v1 ==== 1074+0+0 (secure 0 0 0) 0x7f615c0042c0 con 0x7f6168106a80
2023-07-20T01:36:14.220 INFO:teuthology.orchestra.run.smithi003.stdout:/usr/bin/ceph: stderr
2023-07-20T01:36:13.497+0000 7f61677fe700 1 -- 172.21.15.3:0/489387538 <== mon.0 v2:172.21.15.3:3300/0 3 ==== mon_map magic: 0 v1 ==== 205+0+0 (secure 0 0 0) 0x7f615c011a00 con 0x7f6168106a80
2023-07-20T01:36:14.220 INFO:teuthology.orchestra.run.smithi003.stdout:/usr/bin/ceph: stderr
2023-07-20T01:36:13.497+0000 7f616ee8f700 1 -- 172.21.15.3:0/489387538 >> [v2:172.21.15.3:3300/0,v1:172.21.15.3:6789/0] conn(0x7f6168106a80 msgr2=0x7f6168108e70 secure :-1 s=STATE_CONNECTION_ESTABLISHED l=1).mark_down
2023-07-20T01:36:14.220 INFO:teuthology.orchestra.run.smithi003.stdout:/usr/bin/ceph: stderr
2023-07-20T01:36:13.497+0000 7f616ee8f700 1 --2- 172.21.15.3:0/489387538 >> [v2:172.21.15.3:3300/0,v1:172.21.15.3:6789/0] conn(0x7f6168106a80 0x7f6168108e70 secure :-1 s=READY pgs=39 cs=0 l=1 rev1=1 crypto rx=0x7f615c0098a0 tx=0x7f615c009bb0 comp rx=0 tx=0).stop
2023-07-20T01:36:14.221 INFO:teuthology.orchestra.run.smithi003.stdout:/usr/bin/ceph: stderr
2023-07-20T01:36:13.497+0000 7f616ee8f700 1 -- 172.21.15.3:0/489387538 shutdown_connections
2023-07-20T01:36:14.221 INFO:teuthology.orchestra.run.smithi003.stdout:/usr/bin/ceph: stderr
2023-07-20T01:36:13.497+0000 7f616ee8f700 1 --2- 172.21.15.3:0/489387538 >> [v2:172.21.15.3:3300/0,v1:172.21.15.3:6789/0] conn(0x7f6168106a80 0x7f6168108e70 unknown :-1 s=CLOSED pgs=39 cs=0 l=1 rev1=1 crypto rx=0 tx=0 comp rx=0 tx=0).stop
2023-07-20T01:36:14.221 INFO:teuthology.orchestra.run.smithi003.stdout:/usr/bin/ceph: stderr
2023-07-20T01:36:13.497+0000 7f616ee8f700 1 -- 172.21.15.3:0/489387538 >> 172.21.15.3:0/489387538 conn(0x7f6168100490 msgr2=0x7f61681028b0 unknown :-1 s=STATE_NONE l=0).mark_down
2023-07-20T01:36:14.221 INFO:teuthology.orchestra.run.smithi003.stdout:/usr/bin/ceph: stderr
2023-07-20T01:36:13.497+0000 7f616ee8f700 1 -- 172.21.15.3:0/489387538 shutdown_connections
2023-07-20T01:36:14.221 INFO:teuthology.orchestra.run.smithi003.stdout:/usr/bin/ceph: stderr
2023-07-20T01:36:13.497+0000 7f616ee8f700 1 -- 172.21.15.3:0/489387538 wait complete.
2023-07-20T01:36:14.221 INFO:teuthology.orchestra.run.smithi003.stdout:/usr/bin/ceph: stderr
2023-07-20T01:36:13.498+0000 7f616ee8f700 1 Processor -- start
2023-07-20T01:36:14.221 INFO:teuthology.orchestra.run.smithi003.stdout:/usr/bin/ceph: stderr
2023-07-20T01:36:13.498+0000 7f616ee8f700 1 -- start start
2023-07-20T01:36:14.221 INFO:teuthology.orchestra.run.smithi003.stdout:/usr/bin/ceph: stderr
2023-07-20T01:36:13.498+0000 7f616ee8f700 1 --2- >> [v2:172.21.15.3:3300/0,v1:172.21.15.3:6789/0] conn(0x7f6168106a80 0x7f61681063e0 unknown :-1 s=NONE pgs=0 cs=0 l=1 rev1=0 crypto rx=0 tx=0 comp rx=0 tx=0).connect
2023-07-20T01:36:14.222 INFO:teuthology.orchestra.run.smithi003.stdout:/usr/bin/ceph: stderr
2023-07-20T01:36:13.498+0000 7f616ee8f700 1 -- --> [v2:172.21.15.3:3300/0,v1:172.21.15.3:6789/0] -- mon_getmap magic: 0 v1 -- 0x7f6168106920 con 0x7f6168106a80
2023-07-20T01:36:14.222 INFO:teuthology.orchestra.run.smithi003.stdout:/usr/bin/ceph: stderr
2023-07-20T01:36:13.498+0000 7f616cc2b700 1 --2- >> [v2:172.21.15.3:3300/0,v1:172.21.15.3:6789/0] conn(0x7f6168106a80 0x7f61681063e0 unknown :-1 s=BANNER_CONNECTING pgs=0 cs=0 l=1 rev1=0 crypto rx=0 tx=0 comp rx=0 tx=0)._handle_peer_banner_payload supported=3 required=0
2023-07-20T01:36:14.222 INFO:teuthology.orchestra.run.smithi003.stdout:/usr/bin/ceph: stderr
2023-07-20T01:36:13.498+0000 7f616cc2b700 1 --2- >> [v2:172.21.15.3:3300/0,v1:172.21.15.3:6789/0] conn(0x7f6168106a80 0x7f61681063e0 unknown :-1 s=HELLO_CONNECTING pgs=0 cs=0 l=1 rev1=1 crypto rx=0 tx=0 comp rx=0 tx=0).handle_hello peer v2:172.21.15.3:3300/0 says I am v2:172.21.15.3:41584/0 (socket says 172.21.15.3:41584)
2023-07-20T01:36:14.222 INFO:teuthology.orchestra.run.smithi003.stdout:/usr/bin/ceph: stderr
2023-07-20T01:36:13.498+0000 7f616cc2b700 1 -- 172.21.15.3:0/1134464439 learned_addr learned my addr 172.21.15.3:0/1134464439 (peer_addr_for_me v2:172.21.15.3:0/0)
2023-07-20T01:36:14.222 INFO:teuthology.orchestra.run.smithi003.stdout:/usr/bin/ceph: stderr
2023-07-20T01:36:13.499+0000 7f616cc2b700 1 -- 172.21.15.3:0/1134464439 --> [v2:172.21.15.3:3300/0,v1:172.21.15.3:6789/0] -- mon_subscribe({config=0+,monmap=0+}) v3 -- 0x7f615c009550 con 0x7f6168106a80
2023-07-20T01:36:14.222 INFO:teuthology.orchestra.run.smithi003.stdout:/usr/bin/ceph: stderr
2023-07-20T01:36:13.499+0000 7f616cc2b700 1 --2- 172.21.15.3:0/1134464439 >> [v2:172.21.15.3:3300/0,v1:172.21.15.3:6789/0] conn(0x7f6168106a80 0x7f61681063e0 secure :-1 s=READY pgs=40 cs=0 l=1 rev1=1 crypto rx=0x7f615c006af0 tx=0x7f615c011ad0 comp rx=0 tx=0).ready entity=mon.0 client_cookie=0 server_cookie=0 in_seq=0 out_seq=0
2023-07-20T01:36:14.222 INFO:teuthology.orchestra.run.smithi003.stdout:/usr/bin/ceph: stderr
2023-07-20T01:36:13.499+0000 7f6165ffb700 1 -- 172.21.15.3:0/1134464439 <== mon.0 v2:172.21.15.3:3300/0 1 ==== mon_map magic: 0 v1 ==== 205+0+0 (secure 0 0 0) 0x7f615c003a40 con 0x7f6168106a80
2023-07-20T01:36:14.223 INFO:teuthology.orchestra.run.smithi003.stdout:/usr/bin/ceph: stderr
2023-07-20T01:36:13.499+0000 7f6165ffb700 1 -- 172.21.15.3:0/1134464439 <== mon.0 v2:172.21.15.3:3300/0 2 ==== config(26 keys) v1 ==== 1074+0+0 (secure 0 0 0) 0x7f615c003ba0 con 0x7f6168106a80
2023-07-20T01:36:14.223 INFO:teuthology.orchestra.run.smithi003.stdout:/usr/bin/ceph: stderr
2023-07-20T01:36:13.499+0000 7f616ee8f700 1 -- 172.21.15.3:0/1134464439 --> [v2:172.21.15.3:3300/0,v1:172.21.15.3:6789/0] -- mon_subscribe({mgrmap=0+}) v3 -- 0x7f6168104a30 con 0x7f6168106a80
2023-07-20T01:36:14.223 INFO:teuthology.orchestra.run.smithi003.stdout:/usr/bin/ceph: stderr
2023-07-20T01:36:13.499+0000 7f6165ffb700 1 -- 172.21.15.3:0/1134464439 <== mon.0 v2:172.21.15.3:3300/0 3 ==== mon_map magic: 0 v1 ==== 205+0+0 (secure 0 0 0) 0x7f615c01a6e0 con 0x7f6168106a80
2023-07-20T01:36:14.223 INFO:teuthology.orchestra.run.smithi003.stdout:/usr/bin/ceph: stderr
2023-07-20T01:36:13.499+0000 7f616ee8f700 1 -- 172.21.15.3:0/1134464439 --> [v2:172.21.15.3:3300/0,v1:172.21.15.3:6789/0] -- mon_subscribe({osdmap=0}) v3 -- 0x7f6168104e50 con 0x7f6168106a80
2023-07-20T01:36:14.223 INFO:teuthology.orchestra.run.smithi003.stdout:/usr/bin/ceph: stderr
2023-07-20T01:36:13.500+0000 7f6165ffb700 1 -- 172.21.15.3:0/1134464439 <== mon.0 v2:172.21.15.3:3300/0 4 ==== mgrmap(e 8) v1 ==== 45483+0+0 (secure 0 0 0) 0x7f615c024430 con 0x7f6168106a80
2023-07-20T01:36:14.223 INFO:teuthology.orchestra.run.smithi003.stdout:/usr/bin/ceph: stderr
2023-07-20T01:36:13.500+0000 7f616ee8f700 1 -- 172.21.15.3:0/1134464439 --> [v2:172.21.15.3:3300/0,v1:172.21.15.3:6789/0] -- mon_command({"prefix": "get_command_descriptions"} v 0) v1 -- 0x7f616810a150 con 0x7f6168106a80
2023-07-20T01:36:14.224 INFO:teuthology.orchestra.run.smithi003.stdout:/usr/bin/ceph: stderr
2023-07-20T01:36:13.500+0000 7f6165ffb700 1 --2- 172.21.15.3:0/1134464439 >> [v2:172.21.15.3:6800/596448098,v1:172.21.15.3:6801/596448098] conn(0x7f6158038760 0x7f615803ac20 unknown :-1 s=NONE pgs=0 cs=0 l=1 rev1=0 crypto rx=0 tx=0 comp rx=0 tx=0).connect
2023-07-20T01:36:14.224 INFO:teuthology.orchestra.run.smithi003.stdout:/usr/bin/ceph: stderr
2023-07-20T01:36:13.501+0000 7f6165ffb700 1 -- 172.21.15.3:0/1134464439 <== mon.0 v2:172.21.15.3:3300/0 5 ==== osd_map(2..2 src has 1..2) v4 ==== 940+0+0 (secure 0 0 0) 0x7f615c04c7b0 con 0x7f6168106a80
2023-07-20T01:36:14.224 INFO:teuthology.orchestra.run.smithi003.stdout:/usr/bin/ceph: stderr
2023-07-20T01:36:13.501+0000 7f6167fff700 1 --2- 172.21.15.3:0/1134464439 >> [v2:172.21.15.3:6800/596448098,v1:172.21.15.3:6801/596448098] conn(0x7f6158038760 0x7f615803ac20 unknown :-1 s=BANNER_CONNECTING pgs=0 cs=0 l=1 rev1=0 crypto rx=0 tx=0 comp rx=0 tx=0)._handle_peer_banner_payload supported=3 required=0
2023-07-20T01:36:14.224 INFO:teuthology.orchestra.run.smithi003.stdout:/usr/bin/ceph: stderr
2023-07-20T01:36:13.501+0000 7f6167fff700 1 --2- 172.21.15.3:0/1134464439 >> [v2:172.21.15.3:6800/596448098,v1:172.21.15.3:6801/596448098] conn(0x7f6158038760 0x7f615803ac20 secure :-1 s=READY pgs=8 cs=0 l=1 rev1=1 crypto rx=0x7f6154006fd0 tx=0x7f6154006e40 comp rx=0 tx=0).ready entity=mgr.14120 client_cookie=0 server_cookie=0 in_seq=0 out_seq=0
2023-07-20T01:36:14.224 INFO:teuthology.orchestra.run.smithi003.stdout:/usr/bin/ceph: stderr
2023-07-20T01:36:13.506+0000 7f6165ffb700 1 -- 172.21.15.3:0/1134464439 <== mon.0 v2:172.21.15.3:3300/0 6 ==== mon_command_ack([{"prefix": "get_command_descriptions"}]=0 v0) v1 ==== 72+0+178025 (secure 0 0 0) 0x7f615c0246e0 con 0x7f6168106a80
2023-07-20T01:36:14.224 INFO:teuthology.orchestra.run.smithi003.stdout:/usr/bin/ceph: stderr
2023-07-20T01:36:13.862+0000 7f616ee8f700 1 -- 172.21.15.3:0/1134464439 --> [v2:172.21.15.3:6800/596448098,v1:172.21.15.3:6801/596448098] -- mgr_command(tid 0: {"prefix": "cephadm set-user", "user": "root", "target": ["mon-mgr", ""]}) v1 -- 0x7f6168102790 con 0x7f6158038760
2023-07-20T01:36:14.224 INFO:teuthology.orchestra.run.smithi003.stdout:/usr/bin/ceph: stderr
2023-07-20T01:36:13.863+0000 7f6165ffb700 1 -- 172.21.15.3:0/1134464439 <== mgr.14120 v2:172.21.15.3:6800/596448098 1 ==== mgr_command_reply(tid 0: 0 ) v1 ==== 8+0+16 (secure 0 0 0) 0x7f6168102790 con 0x7f6158038760
2023-07-20T01:36:14.224 INFO:teuthology.orchestra.run.smithi003.stdout:/usr/bin/ceph: stderr
2023-07-20T01:36:13.866+0000 7f616ee8f700 1 -- 172.21.15.3:0/1134464439 >> [v2:172.21.15.3:6800/596448098,v1:172.21.15.3:6801/596448098] conn(0x7f6158038760 msgr2=0x7f615803ac20 secure :-1 s=STATE_CONNECTION_ESTABLISHED l=1).mark_down
2023-07-20T01:36:14.225 INFO:teuthology.orchestra.run.smithi003.stdout:/usr/bin/ceph: stderr
2023-07-20T01:36:13.866+0000 7f616ee8f700 1 --2- 172.21.15.3:0/1134464439 >> [v2:172.21.15.3:6800/596448098,v1:172.21.15.3:6801/596448098] conn(0x7f6158038760 0x7f615803ac20 secure :-1 s=READY pgs=8 cs=0 l=1 rev1=1 crypto rx=0x7f6154006fd0 tx=0x7f6154006e40 comp rx=0 tx=0).stop
2023-07-20T01:36:14.225 INFO:teuthology.orchestra.run.smithi003.stdout:/usr/bin/ceph: stderr
2023-07-20T01:36:13.866+0000 7f616ee8f700 1 -- 172.21.15.3:0/1134464439 >> [v2:172.21.15.3:3300/0,v1:172.21.15.3:6789/0] conn(0x7f6168106a80 msgr2=0x7f61681063e0 secure :-1 s=STATE_CONNECTION_ESTABLISHED l=1).mark_down
2023-07-20T01:36:14.225 INFO:teuthology.orchestra.run.smithi003.stdout:/usr/bin/ceph: stderr
2023-07-20T01:36:13.866+0000 7f616ee8f700 1 --2- 172.21.15.3:0/1134464439 >> [v2:172.21.15.3:3300/0,v1:172.21.15.3:6789/0] conn(0x7f6168106a80 0x7f61681063e0 secure :-1 s=READY pgs=40 cs=0 l=1 rev1=1 crypto rx=0x7f615c006af0 tx=0x7f615c011ad0 comp rx=0 tx=0).stop
2023-07-20T01:36:14.225 INFO:teuthology.orchestra.run.smithi003.stdout:/usr/bin/ceph: stderr
2023-07-20T01:36:13.866+0000 7f616ee8f700 1 -- 172.21.15.3:0/1134464439 shutdown_connections
2023-07-20T01:36:14.225 INFO:teuthology.orchestra.run.smithi003.stdout:/usr/bin/ceph: stderr
2023-07-20T01:36:13.866+0000 7f616ee8f700 1 --2- 172.21.15.3:0/1134464439 >> [v2:172.21.15.3:6800/596448098,v1:172.21.15.3:6801/596448098] conn(0x7f6158038760 0x7f615803ac20 unknown :-1 s=CLOSED pgs=8 cs=0 l=1 rev1=1 crypto rx=0 tx=0 comp rx=0 tx=0).stop
2023-07-20T01:36:14.225 INFO:teuthology.orchestra.run.smithi003.stdout:/usr/bin/ceph: stderr
2023-07-20T01:36:13.866+0000 7f616ee8f700 1 --2- 172.21.15.3:0/1134464439 >> [v2:172.21.15.3:3300/0,v1:172.21.15.3:6789/0] conn(0x7f6168106a80 0x7f61681063e0 unknown :-1 s=CLOSED pgs=40 cs=0 l=1 rev1=1 crypto rx=0 tx=0 comp rx=0 tx=0).stop
2023-07-20T01:36:14.225 INFO:teuthology.orchestra.run.smithi003.stdout:/usr/bin/ceph: stderr
2023-07-20T01:36:13.866+0000 7f616ee8f700 1 -- 172.21.15.3:0/1134464439 >> 172.21.15.3:0/1134464439 conn(0x7f6168100490 msgr2=0x7f6168101b30 unknown :-1 s=STATE_NONE l=0).mark_down
2023-07-20T01:36:14.226 INFO:teuthology.orchestra.run.smithi003.stdout:/usr/bin/ceph: stderr
2023-07-20T01:36:13.866+0000 7f616ee8f700 1 -- 172.21.15.3:0/1134464439 shutdown_connections
2023-07-20T01:36:14.226 INFO:teuthology.orchestra.run.smithi003.stdout:/usr/bin/ceph: stderr
2023-07-20T01:36:13.866+0000 7f616ee8f700 1 -- 172.21.15.3:0/1134464439 wait complete.
2023-07-20T01:36:14.226 INFO:teuthology.orchestra.run.smithi003.stdout:Generating ssh key...
2023-07-20T01:36:14.940 INFO:journalctl@ceph.mon.a.smithi003.stdout:Jul 20 01:36:14 smithi003 ceph-mon[96422]: from='client.14134 -' entity='client.admin' cmd=[{"prefix": "cephadm set-user", "user": "root", "target": ["mon-mgr", ""]}]: dispatch
2023-07-20T01:36:15.608 INFO:journalctl@ceph.mgr.x.smithi003.stdout:Jul 20 01:36:15 smithi003 ceph-9b4fd2fc-269d-11ee-9b34-001a4aab830c-mgr-x[96672]: Generating public/private rsa key pair.
2023-07-20T01:36:15.609 INFO:journalctl@ceph.mgr.x.smithi003.stdout:Jul 20 01:36:15 smithi003 ceph-9b4fd2fc-269d-11ee-9b34-001a4aab830c-mgr-x[96672]: Your identification has been saved in /tmp/tmp9rcbrley/key.
2023-07-20T01:36:15.609 INFO:journalctl@ceph.mgr.x.smithi003.stdout:Jul 20 01:36:15 smithi003 ceph-9b4fd2fc-269d-11ee-9b34-001a4aab830c-mgr-x[96672]: Your public key has been saved in /tmp/tmp9rcbrley/key.pub.
2023-07-20T01:36:15.609 INFO:journalctl@ceph.mgr.x.smithi003.stdout:Jul 20 01:36:15 smithi003 ceph-9b4fd2fc-269d-11ee-9b34-001a4aab830c-mgr-x[96672]: The key fingerprint is:
2023-07-20T01:36:15.609 INFO:journalctl@ceph.mgr.x.smithi003.stdout:Jul 20 01:36:15 smithi003 ceph-9b4fd2fc-269d-11ee-9b34-001a4aab830c-mgr-x[96672]: SHA256:U/GYuhBa3h3Fgued22qT+7jV6l6bjzqhXncNcEdf7Ts ceph-9b4fd2fc-269d-11ee-9b34-001a4aab830c
2023-07-20T01:36:15.609 INFO:journalctl@ceph.mgr.x.smithi003.stdout:Jul 20 01:36:15 smithi003 ceph-9b4fd2fc-269d-11ee-9b34-001a4aab830c-mgr-x[96672]: The key's randomart image is:
2023-07-20T01:36:15.609 INFO:journalctl@ceph.mgr.x.smithi003.stdout:Jul 20 01:36:15 smithi003 ceph-9b4fd2fc-269d-11ee-9b34-001a4aab830c-mgr-x[96672]: +---[RSA 3072]----+
2023-07-20T01:36:15.610 INFO:journalctl@ceph.mgr.x.smithi003.stdout:Jul 20 01:36:15 smithi003 ceph-9b4fd2fc-269d-11ee-9b34-001a4aab830c-mgr-x[96672]: | .... +|
2023-07-20T01:36:15.610 INFO:journalctl@ceph.mgr.x.smithi003.stdout:Jul 20 01:36:15 smithi003 ceph-9b4fd2fc-269d-11ee-9b34-001a4aab830c-mgr-x[96672]: | . o*. .+|
2023-07-20T01:36:15.610 INFO:journalctl@ceph.mgr.x.smithi003.stdout:Jul 20 01:36:15 smithi003 ceph-9b4fd2fc-269d-11ee-9b34-001a4aab830c-mgr-x[96672]: | o o=oo...o|
2023-07-20T01:36:15.610 INFO:journalctl@ceph.mgr.x.smithi003.stdout:Jul 20 01:36:15 smithi003 ceph-9b4fd2fc-269d-11ee-9b34-001a4aab830c-mgr-x[96672]: | + o +..oo ..|
2023-07-20T01:36:15.610 INFO:journalctl@ceph.mgr.x.smithi003.stdout:Jul 20 01:36:15 smithi003 ceph-9b4fd2fc-269d-11ee-9b34-001a4aab830c-mgr-x[96672]: | . o S . o. .|
2023-07-20T01:36:15.610 INFO:journalctl@ceph.mgr.x.smithi003.stdout:Jul 20 01:36:15 smithi003 ceph-9b4fd2fc-269d-11ee-9b34-001a4aab830c-mgr-x[96672]: | . o o .E.|
2023-07-20T01:36:15.610 INFO:journalctl@ceph.mgr.x.smithi003.stdout:Jul 20 01:36:15 smithi003 ceph-9b4fd2fc-269d-11ee-9b34-001a4aab830c-mgr-x[96672]: | . ..+o *|
2023-07-20T01:36:15.611 INFO:journalctl@ceph.mgr.x.smithi003.stdout:Jul 20 01:36:15 smithi003 ceph-9b4fd2fc-269d-11ee-9b34-001a4aab830c-mgr-x[96672]: | ..*+ =o|
2023-07-20T01:36:15.611 INFO:journalctl@ceph.mgr.x.smithi003.stdout:Jul 20 01:36:15 smithi003 ceph-9b4fd2fc-269d-11ee-9b34-001a4aab830c-mgr-x[96672]: | ...=X*oo|
2023-07-20T01:36:15.611 INFO:journalctl@ceph.mgr.x.smithi003.stdout:Jul 20 01:36:15 smithi003 ceph-9b4fd2fc-269d-11ee-9b34-001a4aab830c-mgr-x[96672]: +----[SHA256]-----+
2023-07-20T01:36:15.671 INFO:teuthology.orchestra.run.smithi003.stdout:/usr/bin/ceph: stderr
2023-07-20T01:36:14.733+0000 7fdceb489700 1 Processor -- start
2023-07-20T01:36:15.671 INFO:teuthology.orchestra.run.smithi003.stdout:/usr/bin/ceph: stderr
2023-07-20T01:36:14.733+0000 7fdceb489700 1 -- start start
2023-07-20T01:36:15.671 INFO:teuthology.orchestra.run.smithi003.stdout:/usr/bin/ceph: stderr
2023-07-20T01:36:14.733+0000 7fdceb489700 1 --2- >> [v2:172.21.15.3:3300/0,v1:172.21.15.3:6789/0] conn(0x7fdce4106a80 0x7fdce4108e70 unknown :-1 s=NONE pgs=0 cs=0 l=0 rev1=0 crypto rx=0 tx=0 comp rx=0 tx=0).connect
2023-07-20T01:36:15.671 INFO:teuthology.orchestra.run.smithi003.stdout:/usr/bin/ceph: stderr
2023-07-20T01:36:14.733+0000 7fdceb489700 1 -- --> [v2:172.21.15.3:3300/0,v1:172.21.15.3:6789/0] -- mon_getmap magic: 0 v1 -- 0x7fdce4073f70 con 0x7fdce4106a80
2023-07-20T01:36:15.671 INFO:teuthology.orchestra.run.smithi003.stdout:/usr/bin/ceph: stderr
2023-07-20T01:36:14.733+0000 7fdce9225700 1 --2- >> [v2:172.21.15.3:3300/0,v1:172.21.15.3:6789/0] conn(0x7fdce4106a80 0x7fdce4108e70 unknown :-1 s=BANNER_CONNECTING pgs=0 cs=0 l=0 rev1=0 crypto rx=0 tx=0 comp rx=0 tx=0)._handle_peer_banner_payload supported=3 required=0
2023-07-20T01:36:15.672 INFO:teuthology.orchestra.run.smithi003.stdout:/usr/bin/ceph: stderr
2023-07-20T01:36:14.733+0000 7fdce9225700 1 --2- >> [v2:172.21.15.3:3300/0,v1:172.21.15.3:6789/0] conn(0x7fdce4106a80 0x7fdce4108e70 unknown :-1 s=HELLO_CONNECTING pgs=0 cs=0 l=0 rev1=1 crypto rx=0 tx=0 comp rx=0 tx=0).handle_hello peer v2:172.21.15.3:3300/0 says I am v2:172.21.15.3:41588/0 (socket says 172.21.15.3:41588)
2023-07-20T01:36:15.672 INFO:teuthology.orchestra.run.smithi003.stdout:/usr/bin/ceph: stderr
2023-07-20T01:36:14.733+0000 7fdce9225700 1 -- 172.21.15.3:0/3037938646 learned_addr learned my addr 172.21.15.3:0/3037938646 (peer_addr_for_me v2:172.21.15.3:0/0)
2023-07-20T01:36:15.672 INFO:teuthology.orchestra.run.smithi003.stdout:/usr/bin/ceph: stderr
2023-07-20T01:36:14.734+0000 7fdce9225700 1 -- 172.21.15.3:0/3037938646 --> [v2:172.21.15.3:3300/0,v1:172.21.15.3:6789/0] -- mon_subscribe({config=0+,monmap=0+}) v3 -- 0x7fdce41093b0 con 0x7fdce4106a80
2023-07-20T01:36:15.672 INFO:teuthology.orchestra.run.smithi003.stdout:/usr/bin/ceph: stderr
2023-07-20T01:36:14.734+0000 7fdce9225700 1 --2- 172.21.15.3:0/3037938646 >> [v2:172.21.15.3:3300/0,v1:172.21.15.3:6789/0] conn(0x7fdce4106a80 0x7fdce4108e70 secure :-1 s=READY pgs=41 cs=0 l=1 rev1=1 crypto rx=0x7fdce00098a0 tx=0x7fdce0009bb0 comp rx=0 tx=0).ready entity=mon.0 client_cookie=5e7749aa592ef248 server_cookie=0 in_seq=0 out_seq=0
2023-07-20T01:36:15.672 INFO:teuthology.orchestra.run.smithi003.stdout:/usr/bin/ceph: stderr
2023-07-20T01:36:14.734+0000 7fdcdbfff700 1 -- 172.21.15.3:0/3037938646 <== mon.0 v2:172.21.15.3:3300/0 1 ==== mon_map magic: 0 v1 ==== 205+0+0 (secure 0 0 0) 0x7fdce0004160 con 0x7fdce4106a80
2023-07-20T01:36:15.672 INFO:teuthology.orchestra.run.smithi003.stdout:/usr/bin/ceph: stderr
2023-07-20T01:36:14.734+0000 7fdcdbfff700 1 -- 172.21.15.3:0/3037938646 <== mon.0 v2:172.21.15.3:3300/0 2 ==== config(26 keys) v1 ==== 1074+0+0 (secure 0 0 0) 0x7fdce00042c0 con 0x7fdce4106a80
2023-07-20T01:36:15.672 INFO:teuthology.orchestra.run.smithi003.stdout:/usr/bin/ceph: stderr
2023-07-20T01:36:14.734+0000 7fdcdbfff700 1 -- 172.21.15.3:0/3037938646 <== mon.0 v2:172.21.15.3:3300/0 3 ==== mon_map magic: 0 v1 ==== 205+0+0 (secure 0 0 0) 0x7fdce0011a00 con 0x7fdce4106a80
2023-07-20T01:36:15.673 INFO:teuthology.orchestra.run.smithi003.stdout:/usr/bin/ceph: stderr
2023-07-20T01:36:14.735+0000 7fdceb489700 1 -- 172.21.15.3:0/3037938646 >> [v2:172.21.15.3:3300/0,v1:172.21.15.3:6789/0] conn(0x7fdce4106a80 msgr2=0x7fdce4108e70 secure :-1 s=STATE_CONNECTION_ESTABLISHED l=1).mark_down
2023-07-20T01:36:15.673 INFO:teuthology.orchestra.run.smithi003.stdout:/usr/bin/ceph: stderr
2023-07-20T01:36:14.735+0000 7fdceb489700 1 --2- 172.21.15.3:0/3037938646 >> [v2:172.21.15.3:3300/0,v1:172.21.15.3:6789/0] conn(0x7fdce4106a80 0x7fdce4108e70 secure :-1 s=READY pgs=41 cs=0 l=1 rev1=1 crypto rx=0x7fdce00098a0 tx=0x7fdce0009bb0 comp rx=0 tx=0).stop
2023-07-20T01:36:15.673 INFO:teuthology.orchestra.run.smithi003.stdout:/usr/bin/ceph: stderr
2023-07-20T01:36:14.735+0000 7fdceb489700 1 -- 172.21.15.3:0/3037938646 shutdown_connections
2023-07-20T01:36:15.673 INFO:teuthology.orchestra.run.smithi003.stdout:/usr/bin/ceph: stderr
2023-07-20T01:36:14.735+0000 7fdceb489700 1 --2- 172.21.15.3:0/3037938646 >> [v2:172.21.15.3:3300/0,v1:172.21.15.3:6789/0] conn(0x7fdce4106a80 0x7fdce4108e70 unknown :-1 s=CLOSED pgs=41 cs=0 l=1 rev1=1 crypto rx=0 tx=0 comp rx=0 tx=0).stop
2023-07-20T01:36:15.673 INFO:teuthology.orchestra.run.smithi003.stdout:/usr/bin/ceph: stderr
2023-07-20T01:36:14.735+0000 7fdceb489700 1 -- 172.21.15.3:0/3037938646 >> 172.21.15.3:0/3037938646 conn(0x7fdce4100490 msgr2=0x7fdce41028b0 unknown :-1 s=STATE_NONE l=0).mark_down
2023-07-20T01:36:15.673 INFO:teuthology.orchestra.run.smithi003.stdout:/usr/bin/ceph: stderr
2023-07-20T01:36:14.735+0000 7fdceb489700 1 -- 172.21.15.3:0/3037938646 shutdown_connections
2023-07-20T01:36:15.673 INFO:teuthology.orchestra.run.smithi003.stdout:/usr/bin/ceph: stderr
2023-07-20T01:36:14.735+0000 7fdceb489700 1 -- 172.21.15.3:0/3037938646 wait complete.
2023-07-20T01:36:15.673 INFO:teuthology.orchestra.run.smithi003.stdout:/usr/bin/ceph: stderr
2023-07-20T01:36:14.736+0000 7fdceb489700 1 Processor -- start
2023-07-20T01:36:15.674 INFO:teuthology.orchestra.run.smithi003.stdout:/usr/bin/ceph: stderr
2023-07-20T01:36:14.736+0000 7fdceb489700 1 -- start start
2023-07-20T01:36:15.674 INFO:teuthology.orchestra.run.smithi003.stdout:/usr/bin/ceph: stderr
2023-07-20T01:36:14.736+0000 7fdceb489700 1 --2- >> [v2:172.21.15.3:3300/0,v1:172.21.15.3:6789/0] conn(0x7fdce4106a80 0x7fdce41063e0 unknown :-1 s=NONE pgs=0 cs=0 l=1 rev1=0 crypto rx=0 tx=0 comp rx=0 tx=0).connect
2023-07-20T01:36:15.674 INFO:teuthology.orchestra.run.smithi003.stdout:/usr/bin/ceph: stderr
2023-07-20T01:36:14.736+0000 7fdceb489700 1 -- --> [v2:172.21.15.3:3300/0,v1:172.21.15.3:6789/0] -- mon_getmap magic: 0 v1 -- 0x7fdce4106920 con 0x7fdce4106a80
2023-07-20T01:36:15.674 INFO:teuthology.orchestra.run.smithi003.stdout:/usr/bin/ceph: stderr
2023-07-20T01:36:14.736+0000 7fdce9225700 1 --2- >> [v2:172.21.15.3:3300/0,v1:172.21.15.3:6789/0] conn(0x7fdce4106a80 0x7fdce41063e0 unknown :-1 s=BANNER_CONNECTING pgs=0 cs=0 l=1 rev1=0 crypto rx=0 tx=0 comp rx=0 tx=0)._handle_peer_banner_payload supported=3 required=0
2023-07-20T01:36:15.674 INFO:teuthology.orchestra.run.smithi003.stdout:/usr/bin/ceph: stderr
2023-07-20T01:36:14.736+0000 7fdce9225700 1 --2- >> [v2:172.21.15.3:3300/0,v1:172.21.15.3:6789/0] conn(0x7fdce4106a80 0x7fdce41063e0 unknown :-1 s=HELLO_CONNECTING pgs=0 cs=0 l=1 rev1=1 crypto rx=0 tx=0 comp rx=0 tx=0).handle_hello peer v2:172.21.15.3:3300/0 says I am v2:172.21.15.3:41590/0 (socket says 172.21.15.3:41590)
2023-07-20T01:36:15.674 INFO:teuthology.orchestra.run.smithi003.stdout:/usr/bin/ceph: stderr
2023-07-20T01:36:14.736+0000 7fdce9225700 1 -- 172.21.15.3:0/328043212 learned_addr learned my addr 172.21.15.3:0/328043212 (peer_addr_for_me v2:172.21.15.3:0/0)
2023-07-20T01:36:15.674 INFO:teuthology.orchestra.run.smithi003.stdout:/usr/bin/ceph: stderr
2023-07-20T01:36:14.736+0000 7fdce9225700 1 -- 172.21.15.3:0/328043212 --> [v2:172.21.15.3:3300/0,v1:172.21.15.3:6789/0] -- mon_subscribe({config=0+,monmap=0+}) v3 -- 0x7fdce0009550 con 0x7fdce4106a80
2023-07-20T01:36:15.674 INFO:teuthology.orchestra.run.smithi003.stdout:/usr/bin/ceph: stderr
2023-07-20T01:36:14.737+0000 7fdce9225700 1 --2- 172.21.15.3:0/328043212 >> [v2:172.21.15.3:3300/0,v1:172.21.15.3:6789/0] conn(0x7fdce4106a80 0x7fdce41063e0 secure :-1 s=READY pgs=42 cs=0 l=1 rev1=1 crypto rx=0x7fdce0006af0 tx=0x7fdce0011ad0 comp rx=0 tx=0).ready entity=mon.0 client_cookie=0 server_cookie=0 in_seq=0 out_seq=0
2023-07-20T01:36:15.675 INFO:teuthology.orchestra.run.smithi003.stdout:/usr/bin/ceph: stderr
2023-07-20T01:36:14.737+0000 7fdcda7fc700 1 -- 172.21.15.3:0/328043212 <== mon.0 v2:172.21.15.3:3300/0 1 ==== mon_map magic: 0 v1 ==== 205+0+0 (secure 0 0 0) 0x7fdce0003a40 con 0x7fdce4106a80
2023-07-20T01:36:15.675 INFO:teuthology.orchestra.run.smithi003.stdout:/usr/bin/ceph: stderr
2023-07-20T01:36:14.737+0000 7fdceb489700 1 -- 172.21.15.3:0/328043212 --> [v2:172.21.15.3:3300/0,v1:172.21.15.3:6789/0] -- mon_subscribe({mgrmap=0+}) v3 -- 0x7fdce4104a30 con 0x7fdce4106a80
2023-07-20T01:36:15.675 INFO:teuthology.orchestra.run.smithi003.stdout:/usr/bin/ceph: stderr
2023-07-20T01:36:14.737+0000 7fdcda7fc700 1 -- 172.21.15.3:0/328043212 <== mon.0 v2:172.21.15.3:3300/0 2 ==== config(26 keys) v1 ==== 1074+0+0 (secure 0 0 0) 0x7fdce0003ba0 con 0x7fdce4106a80
2023-07-20T01:36:15.675 INFO:teuthology.orchestra.run.smithi003.stdout:/usr/bin/ceph: stderr
2023-07-20T01:36:14.737+0000 7fdcda7fc700 1 -- 172.21.15.3:0/328043212 <== mon.0 v2:172.21.15.3:3300/0 3 ==== mon_map magic: 0 v1 ==== 205+0+0 (secure 0 0 0) 0x7fdce001a6e0 con 0x7fdce4106a80
2023-07-20T01:36:15.675 INFO:teuthology.orchestra.run.smithi003.stdout:/usr/bin/ceph: stderr
2023-07-20T01:36:14.737+0000 7fdceb489700 1 -- 172.21.15.3:0/328043212 --> [v2:172.21.15.3:3300/0,v1:172.21.15.3:6789/0] -- mon_subscribe({osdmap=0}) v3 -- 0x7fdce4104e50 con 0x7fdce4106a80
2023-07-20T01:36:15.675 INFO:teuthology.orchestra.run.smithi003.stdout:/usr/bin/ceph: stderr
2023-07-20T01:36:14.738+0000 7fdcda7fc700 1 -- 172.21.15.3:0/328043212 <== mon.0 v2:172.21.15.3:3300/0 4 ==== mgrmap(e 8) v1 ==== 45483+0+0 (secure 0 0 0) 0x7fdce001a950 con 0x7fdce4106a80
2023-07-20T01:36:15.675 INFO:teuthology.orchestra.run.smithi003.stdout:/usr/bin/ceph: stderr
2023-07-20T01:36:14.738+0000 7fdcda7fc700 1 --2- 172.21.15.3:0/328043212 >> [v2:172.21.15.3:6800/596448098,v1:172.21.15.3:6801/596448098] conn(0x7fdcd0038710 0x7fdcd003abd0 unknown :-1 s=NONE pgs=0 cs=0 l=1 rev1=0 crypto rx=0 tx=0 comp rx=0 tx=0).connect
2023-07-20T01:36:15.675 INFO:teuthology.orchestra.run.smithi003.stdout:/usr/bin/ceph: stderr
2023-07-20T01:36:14.738+0000 7fdcda7fc700 1 -- 172.21.15.3:0/328043212 <== mon.0 v2:172.21.15.3:3300/0 5 ==== osd_map(2..2 src has 1..2) v4 ==== 940+0+0 (secure 0 0 0) 0x7fdce004c7b0 con 0x7fdce4106a80
2023-07-20T01:36:15.676 INFO:teuthology.orchestra.run.smithi003.stdout:/usr/bin/ceph: stderr
2023-07-20T01:36:14.738+0000 7fdce8a24700 1 --2- 172.21.15.3:0/328043212 >> [v2:172.21.15.3:6800/596448098,v1:172.21.15.3:6801/596448098] conn(0x7fdcd0038710 0x7fdcd003abd0 unknown :-1 s=BANNER_CONNECTING pgs=0 cs=0 l=1 rev1=0 crypto rx=0 tx=0 comp rx=0 tx=0)._handle_peer_banner_payload supported=3 required=0
2023-07-20T01:36:15.676 INFO:teuthology.orchestra.run.smithi003.stdout:/usr/bin/ceph: stderr
2023-07-20T01:36:14.738+0000 7fdceb489700 1 -- 172.21.15.3:0/328043212 --> [v2:172.21.15.3:3300/0,v1:172.21.15.3:6789/0] -- mon_command({"prefix": "get_command_descriptions"} v 0) v1 -- 0x7fdce410a150 con 0x7fdce4106a80
2023-07-20T01:36:15.676 INFO:teuthology.orchestra.run.smithi003.stdout:/usr/bin/ceph: stderr
2023-07-20T01:36:14.738+0000 7fdce8a24700 1 --2- 172.21.15.3:0/328043212 >> [v2:172.21.15.3:6800/596448098,v1:172.21.15.3:6801/596448098] conn(0x7fdcd0038710 0x7fdcd003abd0 secure :-1 s=READY pgs=9 cs=0 l=1 rev1=1 crypto rx=0x7fdcd4006fd0 tx=0x7fdcd4006e40 comp rx=0 tx=0).ready entity=mgr.14120 client_cookie=0 server_cookie=0 in_seq=0 out_seq=0
2023-07-20T01:36:15.676 INFO:teuthology.orchestra.run.smithi003.stdout:/usr/bin/ceph: stderr
2023-07-20T01:36:14.743+0000 7fdcda7fc700 1 -- 172.21.15.3:0/328043212 <== mon.0 v2:172.21.15.3:3300/0 6 ==== mon_command_ack([{"prefix": "get_command_descriptions"}]=0 v0) v1 ==== 72+0+178025 (secure 0 0 0) 0x7fdce001ac00 con 0x7fdce4106a80
2023-07-20T01:36:15.676 INFO:teuthology.orchestra.run.smithi003.stdout:/usr/bin/ceph: stderr
2023-07-20T01:36:15.100+0000 7fdceb489700 1 -- 172.21.15.3:0/328043212 --> [v2:172.21.15.3:6800/596448098,v1:172.21.15.3:6801/596448098] -- mgr_command(tid 0: {"prefix": "cephadm generate-key", "target": ["mon-mgr", ""]}) v1 -- 0x7fdce4102790 con 0x7fdcd0038710
2023-07-20T01:36:15.676 INFO:teuthology.orchestra.run.smithi003.stdout:/usr/bin/ceph: stderr
2023-07-20T01:36:15.319+0000 7fdcda7fc700 1 -- 172.21.15.3:0/328043212 <== mgr.14120 v2:172.21.15.3:6800/596448098 1 ==== mgr_command_reply(tid 0: 0 ) v1 ==== 8+0+0 (secure 0 0 0) 0x7fdce4102790 con 0x7fdcd0038710
2023-07-20T01:36:15.676 INFO:teuthology.orchestra.run.smithi003.stdout:/usr/bin/ceph: stderr
2023-07-20T01:36:15.321+0000 7fdceb489700 1 -- 172.21.15.3:0/328043212 >> [v2:172.21.15.3:6800/596448098,v1:172.21.15.3:6801/596448098] conn(0x7fdcd0038710 msgr2=0x7fdcd003abd0 secure :-1 s=STATE_CONNECTION_ESTABLISHED l=1).mark_down
2023-07-20T01:36:15.677 INFO:teuthology.orchestra.run.smithi003.stdout:/usr/bin/ceph: stderr
2023-07-20T01:36:15.321+0000 7fdceb489700 1 --2- 172.21.15.3:0/328043212 >> [v2:172.21.15.3:6800/596448098,v1:172.21.15.3:6801/596448098] conn(0x7fdcd0038710 0x7fdcd003abd0 secure :-1 s=READY pgs=9 cs=0 l=1 rev1=1 crypto rx=0x7fdcd4006fd0 tx=0x7fdcd4006e40 comp rx=0 tx=0).stop
2023-07-20T01:36:15.677 INFO:teuthology.orchestra.run.smithi003.stdout:/usr/bin/ceph: stderr
2023-07-20T01:36:15.321+0000 7fdceb489700 1 -- 172.21.15.3:0/328043212 >> [v2:172.21.15.3:3300/0,v1:172.21.15.3:6789/0] conn(0x7fdce4106a80 msgr2=0x7fdce41063e0 secure :-1 s=STATE_CONNECTION_ESTABLISHED l=1).mark_down
2023-07-20T01:36:15.677 INFO:teuthology.orchestra.run.smithi003.stdout:/usr/bin/ceph: stderr
2023-07-20T01:36:15.321+0000 7fdceb489700 1 --2- 172.21.15.3:0/328043212 >> [v2:172.21.15.3:3300/0,v1:172.21.15.3:6789/0] conn(0x7fdce4106a80 0x7fdce41063e0 secure :-1 s=READY pgs=42 cs=0 l=1 rev1=1 crypto rx=0x7fdce0006af0 tx=0x7fdce0011ad0 comp rx=0 tx=0).stop
2023-07-20T01:36:15.677 INFO:teuthology.orchestra.run.smithi003.stdout:/usr/bin/ceph: stderr
2023-07-20T01:36:15.321+0000 7fdceb489700 1 -- 172.21.15.3:0/328043212 shutdown_connections
2023-07-20T01:36:15.677 INFO:teuthology.orchestra.run.smithi003.stdout:/usr/bin/ceph: stderr
2023-07-20T01:36:15.321+0000 7fdceb489700 1 --2- 172.21.15.3:0/328043212 >> [v2:172.21.15.3:6800/596448098,v1:172.21.15.3:6801/596448098] conn(0x7fdcd0038710 0x7fdcd003abd0 unknown :-1 s=CLOSED pgs=9 cs=0 l=1 rev1=1 crypto rx=0 tx=0 comp rx=0 tx=0).stop
2023-07-20T01:36:15.677 INFO:teuthology.orchestra.run.smithi003.stdout:/usr/bin/ceph: stderr
2023-07-20T01:36:15.321+0000 7fdceb489700 1 --2- 172.21.15.3:0/328043212 >> [v2:172.21.15.3:3300/0,v1:172.21.15.3:6789/0] conn(0x7fdce4106a80 0x7fdce41063e0 unknown :-1 s=CLOSED pgs=42 cs=0 l=1 rev1=1 crypto rx=0 tx=0 comp rx=0 tx=0).stop
2023-07-20T01:36:15.677 INFO:teuthology.orchestra.run.smithi003.stdout:/usr/bin/ceph: stderr
2023-07-20T01:36:15.321+0000 7fdceb489700 1 -- 172.21.15.3:0/328043212 >> 172.21.15.3:0/328043212 conn(0x7fdce4100490 msgr2=0x7fdce4101b30 unknown :-1 s=STATE_NONE l=0).mark_down
2023-07-20T01:36:15.677 INFO:teuthology.orchestra.run.smithi003.stdout:/usr/bin/ceph: stderr
2023-07-20T01:36:15.321+0000 7fdceb489700 1 -- 172.21.15.3:0/328043212 shutdown_connections
2023-07-20T01:36:15.678 INFO:teuthology.orchestra.run.smithi003.stdout:/usr/bin/ceph: stderr
2023-07-20T01:36:15.321+0000 7fdceb489700 1 -- 172.21.15.3:0/328043212 wait complete.
2023-07-20T01:36:15.894 INFO:journalctl@ceph.mon.a.smithi003.stdout:Jul 20 01:36:15 smithi003 ceph-mon[96422]: [20/Jul/2023:01:36:14] ENGINE Bus STARTING
2023-07-20T01:36:15.895 INFO:journalctl@ceph.mon.a.smithi003.stdout:Jul 20 01:36:15 smithi003 ceph-mon[96422]: [20/Jul/2023:01:36:14] ENGINE Serving on http://172.21.15.3:8765
2023-07-20T01:36:15.895 INFO:journalctl@ceph.mon.a.smithi003.stdout:Jul 20 01:36:15 smithi003 ceph-mon[96422]: [20/Jul/2023:01:36:15] ENGINE Serving on https://172.21.15.3:7150
2023-07-20T01:36:15.895 INFO:journalctl@ceph.mon.a.smithi003.stdout:Jul 20 01:36:15 smithi003 ceph-mon[96422]: [20/Jul/2023:01:36:15] ENGINE Bus STARTED
2023-07-20T01:36:15.895 INFO:journalctl@ceph.mon.a.smithi003.stdout:Jul 20 01:36:15 smithi003 ceph-mon[96422]: from='client.14136 -' entity='client.admin' cmd=[{"prefix": "cephadm generate-key", "target": ["mon-mgr", ""]}]: dispatch
2023-07-20T01:36:15.895 INFO:journalctl@ceph.mon.a.smithi003.stdout:Jul 20 01:36:15 smithi003 ceph-mon[96422]: Generating ssh key...
2023-07-20T01:36:15.895 INFO:journalctl@ceph.mon.a.smithi003.stdout:Jul 20 01:36:15 smithi003 ceph-mon[96422]: from='mgr.14120 172.21.15.3:0/3660939122' entity='mgr.x' cmd=[{"prefix": "config dump", "format": "json"}]: dispatch
2023-07-20T01:36:15.896 INFO:journalctl@ceph.mon.a.smithi003.stdout:Jul 20 01:36:15 smithi003 ceph-mon[96422]: from='mgr.14120 172.21.15.3:0/3660939122' entity='mgr.x'
2023-07-20T01:36:15.896 INFO:journalctl@ceph.mon.a.smithi003.stdout:Jul 20 01:36:15 smithi003 ceph-mon[96422]: from='mgr.14120 172.21.15.3:0/3660939122' entity='mgr.x'
2023-07-20T01:36:16.915 INFO:teuthology.orchestra.run.smithi003.stdout:/usr/bin/ceph: stdout ssh-rsa AAAAB3NzaC1yc2EAAAADAQABAAABgQCdq/XYHDg/SpMUlL9fgndxVP3LLufcPhBfdORMhq0puHfPWSwQTzoOnbnyUdZQOiXssoMIprxef9rwd1SPLxtZOwxqos4chnOvcwoPg228YRjh4p6xAOY8X9bHJFcNVX+gvPZGYFipnjO6Svl/i2PJwi4AwG9wUFmTIYkFq+dOA0t/x/zMKqTVCj5jziEkQrZp73bad14r3kFjkFBPMyjbB+rGiUKfTRcv2J6EjVyxjMnwlknEXGy3pdbKhGLSBz3FpneAw9nPFZX+9YJC8x4k/U1BmFmWhX7B0KxmYhN9r6ei3jFhCx2ytcDrin76Inxz/8iMAEMR5BoHy5//ajElTsSUDyhHZDyQ4oTrmrG8z0J97GPz8DzMC4LAzgrwtYpnFDYhtP3kn5jHPGOL6X8DuY2oKr8AISIUvznFy8t2XudOvh2DB/tFbURFu8DWx1wWGZnKOIqid6qp3prJWvOPGIOVwsxPiFe36ZQdRZHX5yh0t4dDKbMiOV0rzvu861U= ceph-9b4fd2fc-269d-11ee-9b34-001a4aab830c
2023-07-20T01:36:16.916 INFO:teuthology.orchestra.run.smithi003.stdout:/usr/bin/ceph: stderr
2023-07-20T01:36:16.220+0000 7f0d500cd700 1 Processor -- start
2023-07-20T01:36:16.916 INFO:teuthology.orchestra.run.smithi003.stdout:/usr/bin/ceph: stderr
2023-07-20T01:36:16.220+0000 7f0d500cd700 1 -- start start
2023-07-20T01:36:16.916 INFO:teuthology.orchestra.run.smithi003.stdout:/usr/bin/ceph: stderr
2023-07-20T01:36:16.221+0000 7f0d500cd700 1 --2- >> [v2:172.21.15.3:3300/0,v1:172.21.15.3:6789/0] conn(0x7f0d48106500 0x7f0d48106920 unknown :-1 s=NONE pgs=0 cs=0 l=0 rev1=0 crypto rx=0 tx=0 comp rx=0 tx=0).connect
2023-07-20T01:36:16.916 INFO:teuthology.orchestra.run.smithi003.stdout:/usr/bin/ceph: stderr
2023-07-20T01:36:16.221+0000 7f0d500cd700 1 -- --> [v2:172.21.15.3:3300/0,v1:172.21.15.3:6789/0] -- mon_getmap magic: 0 v1 -- 0x7f0d48106ef0 con 0x7f0d48106500
2023-07-20T01:36:16.917 INFO:teuthology.orchestra.run.smithi003.stdout:/usr/bin/ceph: stderr
2023-07-20T01:36:16.221+0000 7f0d4de69700 1 --2- >> [v2:172.21.15.3:3300/0,v1:172.21.15.3:6789/0] conn(0x7f0d48106500 0x7f0d48106920 unknown :-1 s=BANNER_CONNECTING pgs=0 cs=0 l=0 rev1=0 crypto rx=0 tx=0 comp rx=0 tx=0)._handle_peer_banner_payload supported=3 required=0
2023-07-20T01:36:16.917 INFO:teuthology.orchestra.run.smithi003.stdout:/usr/bin/ceph: stderr
2023-07-20T01:36:16.221+0000 7f0d4de69700 1 --2- >> [v2:172.21.15.3:3300/0,v1:172.21.15.3:6789/0] conn(0x7f0d48106500 0x7f0d48106920 unknown :-1 s=HELLO_CONNECTING pgs=0 cs=0 l=0 rev1=1 crypto rx=0 tx=0 comp rx=0 tx=0).handle_hello peer v2:172.21.15.3:3300/0 says I am v2:172.21.15.3:41602/0 (socket says 172.21.15.3:41602)
2023-07-20T01:36:16.917 INFO:teuthology.orchestra.run.smithi003.stdout:/usr/bin/ceph: stderr
2023-07-20T01:36:16.221+0000 7f0d4de69700 1 -- 172.21.15.3:0/115733335 learned_addr learned my addr 172.21.15.3:0/115733335 (peer_addr_for_me v2:172.21.15.3:0/0)
2023-07-20T01:36:16.917 INFO:teuthology.orchestra.run.smithi003.stdout:/usr/bin/ceph: stderr
2023-07-20T01:36:16.221+0000 7f0d4de69700 1 -- 172.21.15.3:0/115733335 --> [v2:172.21.15.3:3300/0,v1:172.21.15.3:6789/0] -- mon_subscribe({config=0+,monmap=0+}) v3 -- 0x7f0d48105160 con 0x7f0d48106500
2023-07-20T01:36:16.917 INFO:teuthology.orchestra.run.smithi003.stdout:/usr/bin/ceph: stderr
2023-07-20T01:36:16.221+0000 7f0d4de69700 1 --2- 172.21.15.3:0/115733335 >> [v2:172.21.15.3:3300/0,v1:172.21.15.3:6789/0] conn(0x7f0d48106500 0x7f0d48106920 secure :-1 s=READY pgs=43 cs=0 l=1 rev1=1 crypto rx=0x7f0d3c0098a0 tx=0x7f0d3c009bb0 comp rx=0 tx=0).ready entity=mon.0 client_cookie=504d8ac6646f09d9 server_cookie=0 in_seq=0 out_seq=0
2023-07-20T01:36:16.917 INFO:teuthology.orchestra.run.smithi003.stdout:/usr/bin/ceph: stderr
2023-07-20T01:36:16.221+0000 7f0d4ce67700 1 -- 172.21.15.3:0/115733335 <== mon.0 v2:172.21.15.3:3300/0 1 ==== mon_map magic: 0 v1 ==== 205+0+0 (secure 0 0 0) 0x7f0d3c004160 con 0x7f0d48106500
2023-07-20T01:36:16.917 INFO:teuthology.orchestra.run.smithi003.stdout:/usr/bin/ceph: stderr
2023-07-20T01:36:16.221+0000 7f0d4ce67700 1 -- 172.21.15.3:0/115733335 <== mon.0 v2:172.21.15.3:3300/0 2 ==== config(26 keys) v1 ==== 1074+0+0 (secure 0 0 0) 0x7f0d3c0042c0 con 0x7f0d48106500
2023-07-20T01:36:16.918 INFO:teuthology.orchestra.run.smithi003.stdout:/usr/bin/ceph: stderr
2023-07-20T01:36:16.221+0000 7f0d4ce67700 1 -- 172.21.15.3:0/115733335 <== mon.0 v2:172.21.15.3:3300/0 3 ==== mon_map magic: 0 v1 ==== 205+0+0 (secure 0 0 0) 0x7f0d3c011a00 con 0x7f0d48106500
2023-07-20T01:36:16.918 INFO:teuthology.orchestra.run.smithi003.stdout:/usr/bin/ceph: stderr
2023-07-20T01:36:16.222+0000 7f0d500cd700 1 -- 172.21.15.3:0/115733335 >> [v2:172.21.15.3:3300/0,v1:172.21.15.3:6789/0] conn(0x7f0d48106500 msgr2=0x7f0d48106920 secure :-1 s=STATE_CONNECTION_ESTABLISHED l=1).mark_down
2023-07-20T01:36:16.918 INFO:teuthology.orchestra.run.smithi003.stdout:/usr/bin/ceph: stderr
2023-07-20T01:36:16.222+0000 7f0d500cd700 1 --2- 172.21.15.3:0/115733335 >> [v2:172.21.15.3:3300/0,v1:172.21.15.3:6789/0] conn(0x7f0d48106500 0x7f0d48106920 secure :-1 s=READY pgs=43 cs=0 l=1 rev1=1 crypto rx=0x7f0d3c0098a0 tx=0x7f0d3c009bb0 comp rx=0 tx=0).stop
2023-07-20T01:36:16.918 INFO:teuthology.orchestra.run.smithi003.stdout:/usr/bin/ceph: stderr
2023-07-20T01:36:16.222+0000 7f0d500cd700 1 -- 172.21.15.3:0/115733335 shutdown_connections
2023-07-20T01:36:16.918 INFO:teuthology.orchestra.run.smithi003.stdout:/usr/bin/ceph: stderr
2023-07-20T01:36:16.222+0000 7f0d500cd700 1 --2- 172.21.15.3:0/115733335 >> [v2:172.21.15.3:3300/0,v1:172.21.15.3:6789/0] conn(0x7f0d48106500 0x7f0d48106920 unknown :-1 s=CLOSED pgs=43 cs=0 l=1 rev1=1 crypto rx=0 tx=0 comp rx=0 tx=0).stop
2023-07-20T01:36:16.918 INFO:teuthology.orchestra.run.smithi003.stdout:/usr/bin/ceph: stderr
2023-07-20T01:36:16.222+0000 7f0d500cd700 1 -- 172.21.15.3:0/115733335 >> 172.21.15.3:0/115733335 conn(0x7f0d480ffc10 msgr2=0x7f0d48102050 unknown :-1 s=STATE_NONE l=0).mark_down
2023-07-20T01:36:16.918 INFO:teuthology.orchestra.run.smithi003.stdout:/usr/bin/ceph: stderr
2023-07-20T01:36:16.222+0000 7f0d500cd700 1 -- 172.21.15.3:0/115733335 shutdown_connections
2023-07-20T01:36:16.919 INFO:teuthology.orchestra.run.smithi003.stdout:/usr/bin/ceph: stderr
2023-07-20T01:36:16.222+0000 7f0d500cd700 1 -- 172.21.15.3:0/115733335 wait complete.
2023-07-20T01:36:16.919 INFO:teuthology.orchestra.run.smithi003.stdout:/usr/bin/ceph: stderr
2023-07-20T01:36:16.223+0000 7f0d500cd700 1 Processor -- start
2023-07-20T01:36:16.919 INFO:teuthology.orchestra.run.smithi003.stdout:/usr/bin/ceph: stderr
2023-07-20T01:36:16.223+0000 7f0d500cd700 1 -- start start
2023-07-20T01:36:16.919 INFO:teuthology.orchestra.run.smithi003.stdout:/usr/bin/ceph: stderr
2023-07-20T01:36:16.223+0000 7f0d500cd700 1 --2- >> [v2:172.21.15.3:3300/0,v1:172.21.15.3:6789/0] conn(0x7f0d48106500 0x7f0d48190090 unknown :-1 s=NONE pgs=0 cs=0 l=1 rev1=0 crypto rx=0 tx=0 comp rx=0 tx=0).connect
2023-07-20T01:36:16.919 INFO:teuthology.orchestra.run.smithi003.stdout:/usr/bin/ceph: stderr
2023-07-20T01:36:16.223+0000 7f0d500cd700 1 -- --> [v2:172.21.15.3:3300/0,v1:172.21.15.3:6789/0] -- mon_getmap magic: 0 v1 -- 0x7f0d481905d0 con 0x7f0d48106500
2023-07-20T01:36:16.919 INFO:teuthology.orchestra.run.smithi003.stdout:/usr/bin/ceph: stderr
2023-07-20T01:36:16.223+0000 7f0d4de69700 1 --2- >> [v2:172.21.15.3:3300/0,v1:172.21.15.3:6789/0] conn(0x7f0d48106500 0x7f0d48190090 unknown :-1 s=BANNER_CONNECTING pgs=0 cs=0 l=1 rev1=0 crypto rx=0 tx=0 comp rx=0 tx=0)._handle_peer_banner_payload supported=3 required=0
2023-07-20T01:36:16.919 INFO:teuthology.orchestra.run.smithi003.stdout:/usr/bin/ceph: stderr
2023-07-20T01:36:16.223+0000 7f0d4de69700 1 --2- >> [v2:172.21.15.3:3300/0,v1:172.21.15.3:6789/0] conn(0x7f0d48106500 0x7f0d48190090 unknown :-1 s=HELLO_CONNECTING pgs=0 cs=0 l=1 rev1=1 crypto rx=0 tx=0 comp rx=0 tx=0).handle_hello peer v2:172.21.15.3:3300/0 says I am v2:172.21.15.3:41604/0 (socket says 172.21.15.3:41604)
2023-07-20T01:36:16.920 INFO:teuthology.orchestra.run.smithi003.stdout:/usr/bin/ceph: stderr
2023-07-20T01:36:16.223+0000 7f0d4de69700 1 -- 172.21.15.3:0/2321285552 learned_addr learned my addr 172.21.15.3:0/2321285552 (peer_addr_for_me v2:172.21.15.3:0/0)
