2023-07-20T02:20:01.169 INFO:teuthology.orchestra.run.smithi046.stdout:/usr/bin/ceph: stderr
2023-07-20T02:20:00.248+0000 7f9ad058c700 1 -- start start
2023-07-20T02:20:01.169 INFO:teuthology.orchestra.run.smithi046.stdout:/usr/bin/ceph: stderr
2023-07-20T02:20:00.248+0000 7f9ad058c700 1 --2- >> [v2:172.21.15.46:3300/0,v1:172.21.15.46:6789/0] conn(0x7f9ac8106840 0x7f9ac8108c30 unknown :-1 s=NONE pgs=0 cs=0 l=0 rev1=0 crypto rx=0 tx=0 comp rx=0 tx=0).connect
2023-07-20T02:20:01.169 INFO:teuthology.orchestra.run.smithi046.stdout:/usr/bin/ceph: stderr
2023-07-20T02:20:00.248+0000 7f9ad058c700 1 -- --> [v2:172.21.15.46:3300/0,v1:172.21.15.46:6789/0] -- mon_getmap magic: 0 v1 -- 0x7f9ac8079e60 con 0x7f9ac8106840
2023-07-20T02:20:01.169 INFO:teuthology.orchestra.run.smithi046.stdout:/usr/bin/ceph: stderr
2023-07-20T02:20:00.248+0000 7f9ace328700 1 --2- >> [v2:172.21.15.46:3300/0,v1:172.21.15.46:6789/0] conn(0x7f9ac8106840 0x7f9ac8108c30 unknown :-1 s=BANNER_CONNECTING pgs=0 cs=0 l=0 rev1=0 crypto rx=0 tx=0 comp rx=0 tx=0)._handle_peer_banner_payload supported=3 required=0
2023-07-20T02:20:01.170 INFO:teuthology.orchestra.run.smithi046.stdout:/usr/bin/ceph: stderr
2023-07-20T02:20:00.248+0000 7f9ace328700 1 --2- >> [v2:172.21.15.46:3300/0,v1:172.21.15.46:6789/0] conn(0x7f9ac8106840 0x7f9ac8108c30 unknown :-1 s=HELLO_CONNECTING pgs=0 cs=0 l=0 rev1=1 crypto rx=0 tx=0 comp rx=0 tx=0).handle_hello peer v2:172.21.15.46:3300/0 says I am v2:172.21.15.46:59568/0 (socket says 172.21.15.46:59568)
2023-07-20T02:20:01.170 INFO:teuthology.orchestra.run.smithi046.stdout:/usr/bin/ceph: stderr
2023-07-20T02:20:00.248+0000 7f9ace328700 1 -- 172.21.15.46:0/1258574315 learned_addr learned my addr 172.21.15.46:0/1258574315 (peer_addr_for_me v2:172.21.15.46:0/0)
2023-07-20T02:20:01.170 INFO:teuthology.orchestra.run.smithi046.stdout:/usr/bin/ceph: stderr
2023-07-20T02:20:00.248+0000 7f9ace328700 1 -- 172.21.15.46:0/1258574315 --> [v2:172.21.15.46:3300/0,v1:172.21.15.46:6789/0] -- mon_subscribe({config=0+,monmap=0+}) v3 -- 0x7f9ac8109170 con 0x7f9ac8106840
2023-07-20T02:20:01.170 INFO:teuthology.orchestra.run.smithi046.stdout:/usr/bin/ceph: stderr
2023-07-20T02:20:00.249+0000 7f9ace328700 1 --2- 172.21.15.46:0/1258574315 >> [v2:172.21.15.46:3300/0,v1:172.21.15.46:6789/0] conn(0x7f9ac8106840 0x7f9ac8108c30 secure :-1 s=READY pgs=55 cs=0 l=1 rev1=1 crypto rx=0x7f9ab80098a0 tx=0x7f9ab8009bb0 comp rx=0 tx=0).ready entity=mon.0 client_cookie=cae058b8f243b111 server_cookie=0 in_seq=0 out_seq=0
2023-07-20T02:20:01.170 INFO:teuthology.orchestra.run.smithi046.stdout:/usr/bin/ceph: stderr
2023-07-20T02:20:00.249+0000 7f9acd326700 1 -- 172.21.15.46:0/1258574315 <== mon.0 v2:172.21.15.46:3300/0 1 ==== mon_map magic: 0 v1 ==== 205+0+0 (secure 0 0 0) 0x7f9ab8004160 con 0x7f9ac8106840
2023-07-20T02:20:01.170 INFO:teuthology.orchestra.run.smithi046.stdout:/usr/bin/ceph: stderr
2023-07-20T02:20:00.249+0000 7f9acd326700 1 -- 172.21.15.46:0/1258574315 <== mon.0 v2:172.21.15.46:3300/0 2 ==== config(25 keys) v1 ==== 1067+0+0 (secure 0 0 0) 0x7f9ab80042c0 con 0x7f9ac8106840
2023-07-20T02:20:01.171 INFO:teuthology.orchestra.run.smithi046.stdout:/usr/bin/ceph: stderr
2023-07-20T02:20:00.249+0000 7f9acd326700 1 -- 172.21.15.46:0/1258574315 <== mon.0 v2:172.21.15.46:3300/0 3 ==== mon_map magic: 0 v1 ==== 205+0+0 (secure 0 0 0) 0x7f9ab80118e0 con 0x7f9ac8106840
2023-07-20T02:20:01.171 INFO:teuthology.orchestra.run.smithi046.stdout:/usr/bin/ceph: stderr
2023-07-20T02:20:00.249+0000 7f9ad058c700 1 -- 172.21.15.46:0/1258574315 >> [v2:172.21.15.46:3300/0,v1:172.21.15.46:6789/0] conn(0x7f9ac8106840 msgr2=0x7f9ac8108c30 secure :-1 s=STATE_CONNECTION_ESTABLISHED l=1).mark_down
2023-07-20T02:20:01.171 INFO:teuthology.orchestra.run.smithi046.stdout:/usr/bin/ceph: stderr
2023-07-20T02:20:00.249+0000 7f9ad058c700 1 --2- 172.21.15.46:0/1258574315 >> [v2:172.21.15.46:3300/0,v1:172.21.15.46:6789/0] conn(0x7f9ac8106840 0x7f9ac8108c30 secure :-1 s=READY pgs=55 cs=0 l=1 rev1=1 crypto rx=0x7f9ab80098a0 tx=0x7f9ab8009bb0 comp rx=0 tx=0).stop
2023-07-20T02:20:01.171 INFO:teuthology.orchestra.run.smithi046.stdout:/usr/bin/ceph: stderr
2023-07-20T02:20:00.249+0000 7f9ad058c700 1 -- 172.21.15.46:0/1258574315 shutdown_connections
2023-07-20T02:20:01.171 INFO:teuthology.orchestra.run.smithi046.stdout:/usr/bin/ceph: stderr
2023-07-20T02:20:00.249+0000 7f9ad058c700 1 --2- 172.21.15.46:0/1258574315 >> [v2:172.21.15.46:3300/0,v1:172.21.15.46:6789/0] conn(0x7f9ac8106840 0x7f9ac8108c30 unknown :-1 s=CLOSED pgs=55 cs=0 l=1 rev1=1 crypto rx=0 tx=0 comp rx=0 tx=0).stop
2023-07-20T02:20:01.171 INFO:teuthology.orchestra.run.smithi046.stdout:/usr/bin/ceph: stderr
2023-07-20T02:20:00.249+0000 7f9ad058c700 1 -- 172.21.15.46:0/1258574315 >> 172.21.15.46:0/1258574315 conn(0x7f9ac8100290 msgr2=0x7f9ac81026b0 unknown :-1 s=STATE_NONE l=0).mark_down
2023-07-20T02:20:01.171 INFO:teuthology.orchestra.run.smithi046.stdout:/usr/bin/ceph: stderr
2023-07-20T02:20:00.249+0000 7f9ad058c700 1 -- 172.21.15.46:0/1258574315 shutdown_connections
2023-07-20T02:20:01.172 INFO:teuthology.orchestra.run.smithi046.stdout:/usr/bin/ceph: stderr
2023-07-20T02:20:00.249+0000 7f9ad058c700 1 -- 172.21.15.46:0/1258574315 wait complete.
2023-07-20T02:20:01.172 INFO:teuthology.orchestra.run.smithi046.stdout:/usr/bin/ceph: stderr
2023-07-20T02:20:00.250+0000 7f9ad058c700 1 Processor -- start
2023-07-20T02:20:01.172 INFO:teuthology.orchestra.run.smithi046.stdout:/usr/bin/ceph: stderr
2023-07-20T02:20:00.250+0000 7f9ad058c700 1 -- start start
2023-07-20T02:20:01.172 INFO:teuthology.orchestra.run.smithi046.stdout:/usr/bin/ceph: stderr
2023-07-20T02:20:00.250+0000 7f9ad058c700 1 --2- >> [v2:172.21.15.46:3300/0,v1:172.21.15.46:6789/0] conn(0x7f9ac8106840 0x7f9ac8199a40 unknown :-1 s=NONE pgs=0 cs=0 l=1 rev1=0 crypto rx=0 tx=0 comp rx=0 tx=0).connect
2023-07-20T02:20:01.172 INFO:teuthology.orchestra.run.smithi046.stdout:/usr/bin/ceph: stderr
2023-07-20T02:20:00.250+0000 7f9ad058c700 1 -- --> [v2:172.21.15.46:3300/0,v1:172.21.15.46:6789/0] -- mon_getmap magic: 0 v1 -- 0x7f9ac8199f80 con 0x7f9ac8106840
2023-07-20T02:20:01.172 INFO:teuthology.orchestra.run.smithi046.stdout:/usr/bin/ceph: stderr
2023-07-20T02:20:00.250+0000 7f9ace328700 1 --2- >> [v2:172.21.15.46:3300/0,v1:172.21.15.46:6789/0] conn(0x7f9ac8106840 0x7f9ac8199a40 unknown :-1 s=BANNER_CONNECTING pgs=0 cs=0 l=1 rev1=0 crypto rx=0 tx=0 comp rx=0 tx=0)._handle_peer_banner_payload supported=3 required=0
2023-07-20T02:20:01.172 INFO:teuthology.orchestra.run.smithi046.stdout:/usr/bin/ceph: stderr
2023-07-20T02:20:00.250+0000 7f9ace328700 1 --2- >> [v2:172.21.15.46:3300/0,v1:172.21.15.46:6789/0] conn(0x7f9ac8106840 0x7f9ac8199a40 unknown :-1 s=HELLO_CONNECTING pgs=0 cs=0 l=1 rev1=1 crypto rx=0 tx=0 comp rx=0 tx=0).handle_hello peer v2:172.21.15.46:3300/0 says I am v2:172.21.15.46:59570/0 (socket says 172.21.15.46:59570)
2023-07-20T02:20:01.172 INFO:teuthology.orchestra.run.smithi046.stdout:/usr/bin/ceph: stderr
2023-07-20T02:20:00.250+0000 7f9ace328700 1 -- 172.21.15.46:0/905640953 learned_addr learned my addr 172.21.15.46:0/905640953 (peer_addr_for_me v2:172.21.15.46:0/0)
2023-07-20T02:20:01.173 INFO:teuthology.orchestra.run.smithi046.stdout:/usr/bin/ceph: stderr
2023-07-20T02:20:00.251+0000 7f9ace328700 1 -- 172.21.15.46:0/905640953 --> [v2:172.21.15.46:3300/0,v1:172.21.15.46:6789/0] -- mon_subscribe({config=0+,monmap=0+}) v3 -- 0x7f9ab8009550 con 0x7f9ac8106840
2023-07-20T02:20:01.173 INFO:teuthology.orchestra.run.smithi046.stdout:/usr/bin/ceph: stderr
2023-07-20T02:20:00.251+0000 7f9ace328700 1 --2- 172.21.15.46:0/905640953 >> [v2:172.21.15.46:3300/0,v1:172.21.15.46:6789/0] conn(0x7f9ac8106840 0x7f9ac8199a40 secure :-1 s=READY pgs=56 cs=0 l=1 rev1=1 crypto rx=0x7f9ab8006af0 tx=0x7f9ab8011ed0 comp rx=0 tx=0).ready entity=mon.0 client_cookie=0 server_cookie=0 in_seq=0 out_seq=0
2023-07-20T02:20:01.173 INFO:teuthology.orchestra.run.smithi046.stdout:/usr/bin/ceph: stderr
2023-07-20T02:20:00.251+0000 7f9abf7fe700 1 -- 172.21.15.46:0/905640953 <== mon.0 v2:172.21.15.46:3300/0 1 ==== mon_map magic: 0 v1 ==== 205+0+0 (secure 0 0 0) 0x7f9ab80037d0 con 0x7f9ac8106840
2023-07-20T02:20:01.173 INFO:teuthology.orchestra.run.smithi046.stdout:/usr/bin/ceph: stderr
2023-07-20T02:20:00.251+0000 7f9ad058c700 1 -- 172.21.15.46:0/905640953 --> [v2:172.21.15.46:3300/0,v1:172.21.15.46:6789/0] -- mon_subscribe({mgrmap=0+}) v3 -- 0x7f9ac819a180 con 0x7f9ac8106840
2023-07-20T02:20:01.173 INFO:teuthology.orchestra.run.smithi046.stdout:/usr/bin/ceph: stderr
2023-07-20T02:20:00.251+0000 7f9abf7fe700 1 -- 172.21.15.46:0/905640953 <== mon.0 v2:172.21.15.46:3300/0 2 ==== config(25 keys) v1 ==== 1067+0+0 (secure 0 0 0) 0x7f9ab801b440 con 0x7f9ac8106840
2023-07-20T02:20:01.173 INFO:teuthology.orchestra.run.smithi046.stdout:/usr/bin/ceph: stderr
2023-07-20T02:20:00.251+0000 7f9abf7fe700 1 -- 172.21.15.46:0/905640953 <== mon.0 v2:172.21.15.46:3300/0 3 ==== mon_map magic: 0 v1 ==== 205+0+0 (secure 0 0 0) 0x7f9ab8023400 con 0x7f9ac8106840
2023-07-20T02:20:01.173 INFO:teuthology.orchestra.run.smithi046.stdout:/usr/bin/ceph: stderr
2023-07-20T02:20:00.251+0000 7f9ad058c700 1 -- 172.21.15.46:0/905640953 --> [v2:172.21.15.46:3300/0,v1:172.21.15.46:6789/0] -- mon_subscribe({osdmap=0}) v3 -- 0x7f9ac819a5a0 con 0x7f9ac8106840
2023-07-20T02:20:01.173 INFO:teuthology.orchestra.run.smithi046.stdout:/usr/bin/ceph: stderr
2023-07-20T02:20:00.252+0000 7f9abf7fe700 1 -- 172.21.15.46:0/905640953 <== mon.0 v2:172.21.15.46:3300/0 4 ==== mgrmap(e 8) v1 ==== 45483+0+0 (secure 0 0 0) 0x7f9ab8003930 con 0x7f9ac8106840
2023-07-20T02:20:01.174 INFO:teuthology.orchestra.run.smithi046.stdout:/usr/bin/ceph: stderr
2023-07-20T02:20:00.252+0000 7f9abf7fe700 1 --2- 172.21.15.46:0/905640953 >> [v2:172.21.15.46:6800/2816883213,v1:172.21.15.46:6801/2816883213] conn(0x7f9ab40386c0 0x7f9ab403ab80 unknown :-1 s=NONE pgs=0 cs=0 l=1 rev1=0 crypto rx=0 tx=0 comp rx=0 tx=0).connect
2023-07-20T02:20:01.174 INFO:teuthology.orchestra.run.smithi046.stdout:/usr/bin/ceph: stderr
2023-07-20T02:20:00.252+0000 7f9ad058c700 1 -- 172.21.15.46:0/905640953 --> [v2:172.21.15.46:3300/0,v1:172.21.15.46:6789/0] -- mon_command({"prefix": "get_command_descriptions"} v 0) v1 -- 0x7f9ac8061da0 con 0x7f9ac8106840
2023-07-20T02:20:01.174 INFO:teuthology.orchestra.run.smithi046.stdout:/usr/bin/ceph: stderr
2023-07-20T02:20:00.252+0000 7f9abf7fe700 1 -- 172.21.15.46:0/905640953 <== mon.0 v2:172.21.15.46:3300/0 5 ==== osd_map(2..2 src has 1..2) v4 ==== 940+0+0 (secure 0 0 0) 0x7f9ab804c790 con 0x7f9ac8106840
2023-07-20T02:20:01.174 INFO:teuthology.orchestra.run.smithi046.stdout:/usr/bin/ceph: stderr
2023-07-20T02:20:00.252+0000 7f9acdb27700 1 --2- 172.21.15.46:0/905640953 >> [v2:172.21.15.46:6800/2816883213,v1:172.21.15.46:6801/2816883213] conn(0x7f9ab40386c0 0x7f9ab403ab80 unknown :-1 s=BANNER_CONNECTING pgs=0 cs=0 l=1 rev1=0 crypto rx=0 tx=0 comp rx=0 tx=0)._handle_peer_banner_payload supported=3 required=0
2023-07-20T02:20:01.174 INFO:teuthology.orchestra.run.smithi046.stdout:/usr/bin/ceph: stderr
2023-07-20T02:20:00.253+0000 7f9acdb27700 1 --2- 172.21.15.46:0/905640953 >> [v2:172.21.15.46:6800/2816883213,v1:172.21.15.46:6801/2816883213] conn(0x7f9ab40386c0 0x7f9ab403ab80 secure :-1 s=READY pgs=16 cs=0 l=1 rev1=1 crypto rx=0x7f9ac4006fd0 tx=0x7f9ac4006e40 comp rx=0 tx=0).ready entity=mgr.14120 client_cookie=0 server_cookie=0 in_seq=0 out_seq=0
2023-07-20T02:20:01.174 INFO:teuthology.orchestra.run.smithi046.stdout:/usr/bin/ceph: stderr
2023-07-20T02:20:00.257+0000 7f9abf7fe700 1 -- 172.21.15.46:0/905640953 <== mon.0 v2:172.21.15.46:3300/0 6 ==== mon_command_ack([{"prefix": "get_command_descriptions"}]=0 v0) v1 ==== 72+0+178025 (secure 0 0 0) 0x7f9ab800bd70 con 0x7f9ac8106840
2023-07-20T02:20:01.174 INFO:teuthology.orchestra.run.smithi046.stdout:/usr/bin/ceph: stderr
2023-07-20T02:20:00.724+0000 7f9ad058c700 1 -- 172.21.15.46:0/905640953 --> [v2:172.21.15.46:3300/0,v1:172.21.15.46:6789/0] -- mon_command({"prefix": "mgr module enable", "module": "dashboard"} v 0) v1 -- 0x7f9ac819d660 con 0x7f9ac8106840
2023-07-20T02:20:01.175 INFO:teuthology.orchestra.run.smithi046.stdout:/usr/bin/ceph: stderr
2023-07-20T02:20:00.776+0000 7f9abf7fe700 1 -- 172.21.15.46:0/905640953 <== mon.0 v2:172.21.15.46:3300/0 7 ==== mgrmap(e 9) v1 ==== 45496+0+0 (secure 0 0 0) 0x7f9ab801b8d0 con 0x7f9ac8106840
2023-07-20T02:20:01.175 INFO:teuthology.orchestra.run.smithi046.stdout:/usr/bin/ceph: stderr
2023-07-20T02:20:00.778+0000 7f9abf7fe700 1 -- 172.21.15.46:0/905640953 <== mon.0 v2:172.21.15.46:3300/0 8 ==== mon_command_ack([{"prefix": "mgr module enable", "module": "dashboard"}]=0 v9) v1 ==== 88+0+0 (secure 0 0 0) 0x7f9ab804c120 con 0x7f9ac8106840
2023-07-20T02:20:01.175 INFO:teuthology.orchestra.run.smithi046.stdout:/usr/bin/ceph: stderr
2023-07-20T02:20:00.780+0000 7f9ad058c700 1 -- 172.21.15.46:0/905640953 >> [v2:172.21.15.46:6800/2816883213,v1:172.21.15.46:6801/2816883213] conn(0x7f9ab40386c0 msgr2=0x7f9ab403ab80 secure :-1 s=STATE_CONNECTION_ESTABLISHED l=1).mark_down
2023-07-20T02:20:01.175 INFO:teuthology.orchestra.run.smithi046.stdout:/usr/bin/ceph: stderr
2023-07-20T02:20:00.780+0000 7f9ad058c700 1 --2- 172.21.15.46:0/905640953 >> [v2:172.21.15.46:6800/2816883213,v1:172.21.15.46:6801/2816883213] conn(0x7f9ab40386c0 0x7f9ab403ab80 secure :-1 s=READY pgs=16 cs=0 l=1 rev1=1 crypto rx=0x7f9ac4006fd0 tx=0x7f9ac4006e40 comp rx=0 tx=0).stop
2023-07-20T02:20:01.175 INFO:teuthology.orchestra.run.smithi046.stdout:/usr/bin/ceph: stderr
2023-07-20T02:20:00.780+0000 7f9ad058c700 1 -- 172.21.15.46:0/905640953 >> [v2:172.21.15.46:3300/0,v1:172.21.15.46:6789/0] conn(0x7f9ac8106840 msgr2=0x7f9ac8199a40 secure :-1 s=STATE_CONNECTION_ESTABLISHED l=1).mark_down
2023-07-20T02:20:01.175 INFO:teuthology.orchestra.run.smithi046.stdout:/usr/bin/ceph: stderr
2023-07-20T02:20:00.781+0000 7f9ad058c700 1 --2- 172.21.15.46:0/905640953 >> [v2:172.21.15.46:3300/0,v1:172.21.15.46:6789/0] conn(0x7f9ac8106840 0x7f9ac8199a40 secure :-1 s=READY pgs=56 cs=0 l=1 rev1=1 crypto rx=0x7f9ab8006af0 tx=0x7f9ab8011ed0 comp rx=0 tx=0).stop
2023-07-20T02:20:01.175 INFO:teuthology.orchestra.run.smithi046.stdout:/usr/bin/ceph: stderr
2023-07-20T02:20:00.781+0000 7f9ad058c700 1 -- 172.21.15.46:0/905640953 shutdown_connections
2023-07-20T02:20:01.175 INFO:teuthology.orchestra.run.smithi046.stdout:/usr/bin/ceph: stderr
2023-07-20T02:20:00.781+0000 7f9ad058c700 1 --2- 172.21.15.46:0/905640953 >> [v2:172.21.15.46:6800/2816883213,v1:172.21.15.46:6801/2816883213] conn(0x7f9ab40386c0 0x7f9ab403ab80 unknown :-1 s=CLOSED pgs=16 cs=0 l=1 rev1=1 crypto rx=0 tx=0 comp rx=0 tx=0).stop
2023-07-20T02:20:01.176 INFO:teuthology.orchestra.run.smithi046.stdout:/usr/bin/ceph: stderr
2023-07-20T02:20:00.781+0000 7f9ad058c700 1 --2- 172.21.15.46:0/905640953 >> [v2:172.21.15.46:3300/0,v1:172.21.15.46:6789/0] conn(0x7f9ac8106840 0x7f9ac8199a40 unknown :-1 s=CLOSED pgs=56 cs=0 l=1 rev1=1 crypto rx=0 tx=0 comp rx=0 tx=0).stop
2023-07-20T02:20:01.176 INFO:teuthology.orchestra.run.smithi046.stdout:/usr/bin/ceph: stderr
2023-07-20T02:20:00.781+0000 7f9ad058c700 1 -- 172.21.15.46:0/905640953 >> 172.21.15.46:0/905640953 conn(0x7f9ac8100290 msgr2=0x7f9ac81018f0 unknown :-1 s=STATE_NONE l=0).mark_down
2023-07-20T02:20:01.176 INFO:teuthology.orchestra.run.smithi046.stdout:/usr/bin/ceph: stderr
2023-07-20T02:20:00.781+0000 7f9ad058c700 1 -- 172.21.15.46:0/905640953 shutdown_connections
2023-07-20T02:20:01.176 INFO:teuthology.orchestra.run.smithi046.stdout:/usr/bin/ceph: stderr
2023-07-20T02:20:00.781+0000 7f9ad058c700 1 -- 172.21.15.46:0/905640953 wait complete.
2023-07-20T02:20:01.402 INFO:journalctl@ceph.mgr.x.smithi046.stdout:Jul 20 02:20:01 smithi046 ceph-b1d90a60-26a3-11ee-9b34-001a4aab830c-mgr-x[96769]:
2023-07-20T02:20:01.080+0000 7f5c30592200 -1 mgr[py] Module osd_support has missing NOTIFY_TYPES member
2023-07-20T02:20:01.402 INFO:journalctl@ceph.mgr.x.smithi046.stdout:Jul 20 02:20:01 smithi046 ceph-b1d90a60-26a3-11ee-9b34-001a4aab830c-mgr-x[96769]:
2023-07-20T02:20:01.190+0000 7f5c30592200 -1 mgr[py] Module snap_schedule has missing NOTIFY_TYPES member
2023-07-20T02:20:01.403 INFO:journalctl@ceph.mgr.x.smithi046.stdout:Jul 20 02:20:01 smithi046 ceph-b1d90a60-26a3-11ee-9b34-001a4aab830c-mgr-x[96769]:
2023-07-20T02:20:01.309+0000 7f5c30592200 -1 mgr[py] Module zabbix has missing NOTIFY_TYPES member
2023-07-20T02:20:01.682 INFO:journalctl@ceph.mgr.x.smithi046.stdout:Jul 20 02:20:01 smithi046 ceph-b1d90a60-26a3-11ee-9b34-001a4aab830c-mgr-x[96769]:
2023-07-20T02:20:01.523+0000 7f5c30592200 -1 mgr[py] Module crash has missing NOTIFY_TYPES member
2023-07-20T02:20:02.017 INFO:journalctl@ceph.mgr.x.smithi046.stdout:Jul 20 02:20:01 smithi046 ceph-b1d90a60-26a3-11ee-9b34-001a4aab830c-mgr-x[96769]:
2023-07-20T02:20:01.931+0000 7f5c30592200 -1 mgr[py] Module prometheus has missing NOTIFY_TYPES member
2023-07-20T02:20:02.017 INFO:journalctl@ceph.mon.a.smithi046.stdout:Jul 20 02:20:01 smithi046 ceph-mon[96516]: from='client.? 172.21.15.46:0/905640953' entity='client.admin' cmd='[{"prefix": "mgr module enable", "module": "dashboard"}]': finished
2023-07-20T02:20:02.018 INFO:journalctl@ceph.mon.a.smithi046.stdout:Jul 20 02:20:01 smithi046 ceph-mon[96516]: mgrmap e9: x(active, since 18s)
2023-07-20T02:20:02.289 INFO:journalctl@ceph.mgr.x.smithi046.stdout:Jul 20 02:20:02 smithi046 ceph-b1d90a60-26a3-11ee-9b34-001a4aab830c-mgr-x[96769]:
2023-07-20T02:20:02.040+0000 7f5c30592200 -1 mgr[py] Module status has missing NOTIFY_TYPES member
2023-07-20T02:20:02.290 INFO:journalctl@ceph.mgr.x.smithi046.stdout:Jul 20 02:20:02 smithi046 ceph-b1d90a60-26a3-11ee-9b34-001a4aab830c-mgr-x[96769]:
2023-07-20T02:20:02.192+0000 7f5c30592200 -1 mgr[py] Module selftest has missing NOTIFY_TYPES member
2023-07-20T02:20:02.290 INFO:journalctl@ceph.mgr.x.smithi046.stdout:Jul 20 02:20:02 smithi046 ceph-b1d90a60-26a3-11ee-9b34-001a4aab830c-mgr-x[96769]:
2023-07-20T02:20:02.313+0000 7f5c30592200 -1 mgr[py] Module alerts has missing NOTIFY_TYPES member
2023-07-20T02:20:02.621 INFO:teuthology.orchestra.run.smithi046.stdout:/usr/bin/ceph: stdout {
2023-07-20T02:20:02.621 INFO:teuthology.orchestra.run.smithi046.stdout:/usr/bin/ceph: stdout "epoch": 9,
2023-07-20T02:20:02.621 INFO:teuthology.orchestra.run.smithi046.stdout:/usr/bin/ceph: stdout "available": true,
2023-07-20T02:20:02.621 INFO:teuthology.orchestra.run.smithi046.stdout:/usr/bin/ceph: stdout "active_name": "x",
2023-07-20T02:20:02.622 INFO:teuthology.orchestra.run.smithi046.stdout:/usr/bin/ceph: stdout "num_standby": 0
2023-07-20T02:20:02.622 INFO:teuthology.orchestra.run.smithi046.stdout:/usr/bin/ceph: stdout }
2023-07-20T02:20:02.622 INFO:teuthology.orchestra.run.smithi046.stdout:/usr/bin/ceph: stderr
2023-07-20T02:20:01.748+0000 7f1d44971700 1 Processor -- start
2023-07-20T02:20:02.622 INFO:teuthology.orchestra.run.smithi046.stdout:/usr/bin/ceph: stderr
2023-07-20T02:20:01.748+0000 7f1d44971700 1 -- start start
2023-07-20T02:20:02.623 INFO:teuthology.orchestra.run.smithi046.stdout:/usr/bin/ceph: stderr
2023-07-20T02:20:01.749+0000 7f1d44971700 1 --2- >> [v2:172.21.15.46:3300/0,v1:172.21.15.46:6789/0] conn(0x7f1d40106890 0x7f1d40108c80 unknown :-1 s=NONE pgs=0 cs=0 l=0 rev1=0 crypto rx=0 tx=0 comp rx=0 tx=0).connect
2023-07-20T02:20:02.623 INFO:teuthology.orchestra.run.smithi046.stdout:/usr/bin/ceph: stderr
2023-07-20T02:20:01.749+0000 7f1d44971700 1 -- --> [v2:172.21.15.46:3300/0,v1:172.21.15.46:6789/0] -- mon_getmap magic: 0 v1 -- 0x7f1d40079e60 con 0x7f1d40106890
2023-07-20T02:20:02.623 INFO:teuthology.orchestra.run.smithi046.stdout:/usr/bin/ceph: stderr
2023-07-20T02:20:01.749+0000 7f1d3e59c700 1 --2- >> [v2:172.21.15.46:3300/0,v1:172.21.15.46:6789/0] conn(0x7f1d40106890 0x7f1d40108c80 unknown :-1 s=BANNER_CONNECTING pgs=0 cs=0 l=0 rev1=0 crypto rx=0 tx=0 comp rx=0 tx=0)._handle_peer_banner_payload supported=3 required=0
2023-07-20T02:20:02.624 INFO:teuthology.orchestra.run.smithi046.stdout:/usr/bin/ceph: stderr
2023-07-20T02:20:01.749+0000 7f1d3e59c700 1 --2- >> [v2:172.21.15.46:3300/0,v1:172.21.15.46:6789/0] conn(0x7f1d40106890 0x7f1d40108c80 unknown :-1 s=HELLO_CONNECTING pgs=0 cs=0 l=0 rev1=1 crypto rx=0 tx=0 comp rx=0 tx=0).handle_hello peer v2:172.21.15.46:3300/0 says I am v2:172.21.15.46:59584/0 (socket says 172.21.15.46:59584)
2023-07-20T02:20:02.624 INFO:teuthology.orchestra.run.smithi046.stdout:/usr/bin/ceph: stderr
2023-07-20T02:20:01.749+0000 7f1d3e59c700 1 -- 172.21.15.46:0/297784015 learned_addr learned my addr 172.21.15.46:0/297784015 (peer_addr_for_me v2:172.21.15.46:0/0)
2023-07-20T02:20:02.624 INFO:teuthology.orchestra.run.smithi046.stdout:/usr/bin/ceph: stderr
2023-07-20T02:20:01.749+0000 7f1d3e59c700 1 -- 172.21.15.46:0/297784015 --> [v2:172.21.15.46:3300/0,v1:172.21.15.46:6789/0] -- mon_subscribe({config=0+,monmap=0+}) v3 -- 0x7f1d401091c0 con 0x7f1d40106890
2023-07-20T02:20:02.624 INFO:teuthology.orchestra.run.smithi046.stdout:/usr/bin/ceph: stderr
2023-07-20T02:20:01.749+0000 7f1d3e59c700 1 --2- 172.21.15.46:0/297784015 >> [v2:172.21.15.46:3300/0,v1:172.21.15.46:6789/0] conn(0x7f1d40106890 0x7f1d40108c80 secure :-1 s=READY pgs=59 cs=0 l=1 rev1=1 crypto rx=0x7f1d300098a0 tx=0x7f1d30009bb0 comp rx=0 tx=0).ready entity=mon.0 client_cookie=f82e5ccaf6e68463 server_cookie=0 in_seq=0 out_seq=0
2023-07-20T02:20:02.625 INFO:teuthology.orchestra.run.smithi046.stdout:/usr/bin/ceph: stderr
2023-07-20T02:20:01.750+0000 7f1d3d59a700 1 -- 172.21.15.46:0/297784015 <== mon.0 v2:172.21.15.46:3300/0 1 ==== mon_map magic: 0 v1 ==== 205+0+0 (secure 0 0 0) 0x7f1d30004160 con 0x7f1d40106890
2023-07-20T02:20:02.625 INFO:teuthology.orchestra.run.smithi046.stdout:/usr/bin/ceph: stderr
2023-07-20T02:20:01.750+0000 7f1d3d59a700 1 -- 172.21.15.46:0/297784015 <== mon.0 v2:172.21.15.46:3300/0 2 ==== config(25 keys) v1 ==== 1067+0+0 (secure 0 0 0) 0x7f1d300042c0 con 0x7f1d40106890
2023-07-20T02:20:02.625 INFO:teuthology.orchestra.run.smithi046.stdout:/usr/bin/ceph: stderr
2023-07-20T02:20:01.750+0000 7f1d3d59a700 1 -- 172.21.15.46:0/297784015 <== mon.0 v2:172.21.15.46:3300/0 3 ==== mon_map magic: 0 v1 ==== 205+0+0 (secure 0 0 0) 0x7f1d300118e0 con 0x7f1d40106890
2023-07-20T02:20:02.625 INFO:teuthology.orchestra.run.smithi046.stdout:/usr/bin/ceph: stderr
2023-07-20T02:20:01.750+0000 7f1d44971700 1 -- 172.21.15.46:0/297784015 >> [v2:172.21.15.46:3300/0,v1:172.21.15.46:6789/0] conn(0x7f1d40106890 msgr2=0x7f1d40108c80 secure :-1 s=STATE_CONNECTION_ESTABLISHED l=1).mark_down
2023-07-20T02:20:02.626 INFO:teuthology.orchestra.run.smithi046.stdout:/usr/bin/ceph: stderr
2023-07-20T02:20:01.750+0000 7f1d44971700 1 --2- 172.21.15.46:0/297784015 >> [v2:172.21.15.46:3300/0,v1:172.21.15.46:6789/0] conn(0x7f1d40106890 0x7f1d40108c80 secure :-1 s=READY pgs=59 cs=0 l=1 rev1=1 crypto rx=0x7f1d300098a0 tx=0x7f1d30009bb0 comp rx=0 tx=0).stop
2023-07-20T02:20:02.626 INFO:teuthology.orchestra.run.smithi046.stdout:/usr/bin/ceph: stderr
2023-07-20T02:20:01.750+0000 7f1d44971700 1 -- 172.21.15.46:0/297784015 shutdown_connections
2023-07-20T02:20:02.626 INFO:teuthology.orchestra.run.smithi046.stdout:/usr/bin/ceph: stderr
2023-07-20T02:20:01.750+0000 7f1d44971700 1 --2- 172.21.15.46:0/297784015 >> [v2:172.21.15.46:3300/0,v1:172.21.15.46:6789/0] conn(0x7f1d40106890 0x7f1d40108c80 unknown :-1 s=CLOSED pgs=59 cs=0 l=1 rev1=1 crypto rx=0 tx=0 comp rx=0 tx=0).stop
2023-07-20T02:20:02.627 INFO:teuthology.orchestra.run.smithi046.stdout:/usr/bin/ceph: stderr
2023-07-20T02:20:01.750+0000 7f1d44971700 1 -- 172.21.15.46:0/297784015 >> 172.21.15.46:0/297784015 conn(0x7f1d401002e0 msgr2=0x7f1d40102700 unknown :-1 s=STATE_NONE l=0).mark_down
2023-07-20T02:20:02.627 INFO:teuthology.orchestra.run.smithi046.stdout:/usr/bin/ceph: stderr
2023-07-20T02:20:01.751+0000 7f1d44971700 1 -- 172.21.15.46:0/297784015 shutdown_connections
2023-07-20T02:20:02.627 INFO:teuthology.orchestra.run.smithi046.stdout:/usr/bin/ceph: stderr
2023-07-20T02:20:01.751+0000 7f1d44971700 1 -- 172.21.15.46:0/297784015 wait complete.
2023-07-20T02:20:02.628 INFO:teuthology.orchestra.run.smithi046.stdout:/usr/bin/ceph: stderr
2023-07-20T02:20:01.751+0000 7f1d44971700 1 Processor -- start
2023-07-20T02:20:02.628 INFO:teuthology.orchestra.run.smithi046.stdout:/usr/bin/ceph: stderr
2023-07-20T02:20:01.751+0000 7f1d44971700 1 -- start start
2023-07-20T02:20:02.628 INFO:teuthology.orchestra.run.smithi046.stdout:/usr/bin/ceph: stderr
2023-07-20T02:20:01.752+0000 7f1d44971700 1 --2- >> [v2:172.21.15.46:3300/0,v1:172.21.15.46:6789/0] conn(0x7f1d40106890 0x7f1d401061f0 unknown :-1 s=NONE pgs=0 cs=0 l=1 rev1=0 crypto rx=0 tx=0 comp rx=0 tx=0).connect
2023-07-20T02:20:02.628 INFO:teuthology.orchestra.run.smithi046.stdout:/usr/bin/ceph: stderr
2023-07-20T02:20:01.752+0000 7f1d44971700 1 -- --> [v2:172.21.15.46:3300/0,v1:172.21.15.46:6789/0] -- mon_getmap magic: 0 v1 -- 0x7f1d40106730 con 0x7f1d40106890
2023-07-20T02:20:02.629 INFO:teuthology.orchestra.run.smithi046.stdout:/usr/bin/ceph: stderr
2023-07-20T02:20:01.752+0000 7f1d3e59c700 1 --2- >> [v2:172.21.15.46:3300/0,v1:172.21.15.46:6789/0] conn(0x7f1d40106890 0x7f1d401061f0 unknown :-1 s=BANNER_CONNECTING pgs=0 cs=0 l=1 rev1=0 crypto rx=0 tx=0 comp rx=0 tx=0)._handle_peer_banner_payload supported=3 required=0
2023-07-20T02:20:02.629 INFO:teuthology.orchestra.run.smithi046.stdout:/usr/bin/ceph: stderr
2023-07-20T02:20:01.752+0000 7f1d3e59c700 1 --2- >> [v2:172.21.15.46:3300/0,v1:172.21.15.46:6789/0] conn(0x7f1d40106890 0x7f1d401061f0 unknown :-1 s=HELLO_CONNECTING pgs=0 cs=0 l=1 rev1=1 crypto rx=0 tx=0 comp rx=0 tx=0).handle_hello peer v2:172.21.15.46:3300/0 says I am v2:172.21.15.46:59586/0 (socket says 172.21.15.46:59586)
2023-07-20T02:20:02.629 INFO:teuthology.orchestra.run.smithi046.stdout:/usr/bin/ceph: stderr
2023-07-20T02:20:01.752+0000 7f1d3e59c700 1 -- 172.21.15.46:0/1039997832 learned_addr learned my addr 172.21.15.46:0/1039997832 (peer_addr_for_me v2:172.21.15.46:0/0)
2023-07-20T02:20:02.630 INFO:teuthology.orchestra.run.smithi046.stdout:/usr/bin/ceph: stderr
2023-07-20T02:20:01.752+0000 7f1d3e59c700 1 -- 172.21.15.46:0/1039997832 --> [v2:172.21.15.46:3300/0,v1:172.21.15.46:6789/0] -- mon_subscribe({config=0+,monmap=0+}) v3 -- 0x7f1d30009550 con 0x7f1d40106890
2023-07-20T02:20:02.630 INFO:teuthology.orchestra.run.smithi046.stdout:/usr/bin/ceph: stderr
2023-07-20T02:20:01.752+0000 7f1d3e59c700 1 --2- 172.21.15.46:0/1039997832 >> [v2:172.21.15.46:3300/0,v1:172.21.15.46:6789/0] conn(0x7f1d40106890 0x7f1d401061f0 secure :-1 s=READY pgs=60 cs=0 l=1 rev1=1 crypto rx=0x7f1d30006af0 tx=0x7f1d30011ed0 comp rx=0 tx=0).ready entity=mon.0 client_cookie=0 server_cookie=0 in_seq=0 out_seq=0
2023-07-20T02:20:02.630 INFO:teuthology.orchestra.run.smithi046.stdout:/usr/bin/ceph: stderr
2023-07-20T02:20:01.752+0000 7f1d2f7fe700 1 -- 172.21.15.46:0/1039997832 <== mon.0 v2:172.21.15.46:3300/0 1 ==== mon_map magic: 0 v1 ==== 205+0+0 (secure 0 0 0) 0x7f1d300037d0 con 0x7f1d40106890
2023-07-20T02:20:02.630 INFO:teuthology.orchestra.run.smithi046.stdout:/usr/bin/ceph: stderr
2023-07-20T02:20:01.752+0000 7f1d2f7fe700 1 -- 172.21.15.46:0/1039997832 <== mon.0 v2:172.21.15.46:3300/0 2 ==== config(25 keys) v1 ==== 1067+0+0 (secure 0 0 0) 0x7f1d3001b440 con 0x7f1d40106890
2023-07-20T02:20:02.631 INFO:teuthology.orchestra.run.smithi046.stdout:/usr/bin/ceph: stderr
2023-07-20T02:20:01.752+0000 7f1d44971700 1 -- 172.21.15.46:0/1039997832 --> [v2:172.21.15.46:3300/0,v1:172.21.15.46:6789/0] -- mon_subscribe({mgrmap=0+}) v3 -- 0x7f1d40104840 con 0x7f1d40106890
2023-07-20T02:20:02.631 INFO:teuthology.orchestra.run.smithi046.stdout:/usr/bin/ceph: stderr
2023-07-20T02:20:01.752+0000 7f1d2f7fe700 1 -- 172.21.15.46:0/1039997832 <== mon.0 v2:172.21.15.46:3300/0 3 ==== mon_map magic: 0 v1 ==== 205+0+0 (secure 0 0 0) 0x7f1d30023400 con 0x7f1d40106890
2023-07-20T02:20:02.631 INFO:teuthology.orchestra.run.smithi046.stdout:/usr/bin/ceph: stderr
2023-07-20T02:20:01.752+0000 7f1d44971700 1 -- 172.21.15.46:0/1039997832 --> [v2:172.21.15.46:3300/0,v1:172.21.15.46:6789/0] -- mon_subscribe({osdmap=0}) v3 -- 0x7f1d40104c60 con 0x7f1d40106890
2023-07-20T02:20:02.631 INFO:teuthology.orchestra.run.smithi046.stdout:/usr/bin/ceph: stderr
2023-07-20T02:20:01.754+0000 7f1d2f7fe700 1 -- 172.21.15.46:0/1039997832 <== mon.0 v2:172.21.15.46:3300/0 4 ==== mgrmap(e 9) v1 ==== 45496+0+0 (secure 0 0 0) 0x7f1d3001b5b0 con 0x7f1d40106890
2023-07-20T02:20:02.631 INFO:teuthology.orchestra.run.smithi046.stdout:/usr/bin/ceph: stderr
2023-07-20T02:20:01.754+0000 7f1d44971700 1 -- 172.21.15.46:0/1039997832 --> [v2:172.21.15.46:3300/0,v1:172.21.15.46:6789/0] -- mon_command({"prefix": "get_command_descriptions"} v 0) v1 -- 0x7f1d40109fa0 con 0x7f1d40106890
2023-07-20T02:20:02.632 INFO:teuthology.orchestra.run.smithi046.stdout:/usr/bin/ceph: stderr
2023-07-20T02:20:01.754+0000 7f1d2f7fe700 1 --2- 172.21.15.46:0/1039997832 >> [v2:172.21.15.46:6800/2816883213,v1:172.21.15.46:6801/2816883213] conn(0x7f1d28038760 0x7f1d2803ac20 unknown :-1 s=NONE pgs=0 cs=0 l=1 rev1=0 crypto rx=0 tx=0 comp rx=0 tx=0).connect
2023-07-20T02:20:02.632 INFO:teuthology.orchestra.run.smithi046.stdout:/usr/bin/ceph: stderr
2023-07-20T02:20:01.754+0000 7f1d2f7fe700 1 -- 172.21.15.46:0/1039997832 <== mon.0 v2:172.21.15.46:3300/0 5 ==== osd_map(2..2 src has 1..2) v4 ==== 940+0+0 (secure 0 0 0) 0x7f1d3004c840 con 0x7f1d40106890
2023-07-20T02:20:02.632 INFO:teuthology.orchestra.run.smithi046.stdout:/usr/bin/ceph: stderr
2023-07-20T02:20:01.754+0000 7f1d3dd9b700 1 -- 172.21.15.46:0/1039997832 >> [v2:172.21.15.46:6800/2816883213,v1:172.21.15.46:6801/2816883213] conn(0x7f1d28038760 msgr2=0x7f1d2803ac20 unknown :-1 s=STATE_CONNECTING_RE l=1).process reconnect failed to v2:172.21.15.46:6800/2816883213
2023-07-20T02:20:02.633 INFO:teuthology.orchestra.run.smithi046.stdout:/usr/bin/ceph: stderr
2023-07-20T02:20:01.754+0000 7f1d3dd9b700 1 --2- 172.21.15.46:0/1039997832 >> [v2:172.21.15.46:6800/2816883213,v1:172.21.15.46:6801/2816883213] conn(0x7f1d28038760 0x7f1d2803ac20 unknown :-1 s=START_CONNECT pgs=0 cs=0 l=1 rev1=0 crypto rx=0 tx=0 comp rx=0 tx=0)._fault waiting 0.200000
2023-07-20T02:20:02.633 INFO:teuthology.orchestra.run.smithi046.stdout:/usr/bin/ceph: stderr
2023-07-20T02:20:01.759+0000 7f1d2f7fe700 1 -- 172.21.15.46:0/1039997832 <== mon.0 v2:172.21.15.46:3300/0 6 ==== mon_command_ack([{"prefix": "get_command_descriptions"}]=0 v0) v1 ==== 72+0+178025 (secure 0 0 0) 0x7f1d3001b8d0 con 0x7f1d40106890
2023-07-20T02:20:02.633 INFO:teuthology.orchestra.run.smithi046.stdout:/usr/bin/ceph: stderr
2023-07-20T02:20:01.955+0000 7f1d3dd9b700 1 -- 172.21.15.46:0/1039997832 >> [v2:172.21.15.46:6800/2816883213,v1:172.21.15.46:6801/2816883213] conn(0x7f1d28038760 msgr2=0x7f1d2803ac20 unknown :-1 s=STATE_CONNECTING_RE l=1).process reconnect failed to v2:172.21.15.46:6800/2816883213
2023-07-20T02:20:02.633 INFO:teuthology.orchestra.run.smithi046.stdout:/usr/bin/ceph: stderr
2023-07-20T02:20:01.955+0000 7f1d3dd9b700 1 --2- 172.21.15.46:0/1039997832 >> [v2:172.21.15.46:6800/2816883213,v1:172.21.15.46:6801/2816883213] conn(0x7f1d28038760 0x7f1d2803ac20 unknown :-1 s=START_CONNECT pgs=0 cs=0 l=1 rev1=0 crypto rx=0 tx=0 comp rx=0 tx=0)._fault waiting 0.400000
2023-07-20T02:20:02.634 INFO:teuthology.orchestra.run.smithi046.stdout:/usr/bin/ceph: stderr
2023-07-20T02:20:02.229+0000 7f1d44971700 1 -- 172.21.15.46:0/1039997832 --> [v2:172.21.15.46:3300/0,v1:172.21.15.46:6789/0] -- mon_command({"prefix": "mgr stat"} v 0) v1 -- 0x7f1d4019fb30 con 0x7f1d40106890
2023-07-20T02:20:02.634 INFO:teuthology.orchestra.run.smithi046.stdout:/usr/bin/ceph: stderr
2023-07-20T02:20:02.230+0000 7f1d2f7fe700 1 -- 172.21.15.46:0/1039997832 <== mon.0 v2:172.21.15.46:3300/0 7 ==== mon_command_ack([{"prefix": "mgr stat"}]=0 v9) v1 ==== 56+0+88 (secure 0 0 0) 0x7f1d3000b3e0 con 0x7f1d40106890
2023-07-20T02:20:02.634 INFO:teuthology.orchestra.run.smithi046.stdout:/usr/bin/ceph: stderr
2023-07-20T02:20:02.232+0000 7f1d44971700 1 -- 172.21.15.46:0/1039997832 >> [v2:172.21.15.46:6800/2816883213,v1:172.21.15.46:6801/2816883213] conn(0x7f1d28038760 msgr2=0x7f1d2803ac20 unknown :-1 s=STATE_CONNECTING l=1).mark_down
2023-07-20T02:20:02.634 INFO:teuthology.orchestra.run.smithi046.stdout:/usr/bin/ceph: stderr
2023-07-20T02:20:02.232+0000 7f1d44971700 1 --2- 172.21.15.46:0/1039997832 >> [v2:172.21.15.46:6800/2816883213,v1:172.21.15.46:6801/2816883213] conn(0x7f1d28038760 0x7f1d2803ac20 unknown :-1 s=START_CONNECT pgs=0 cs=0 l=1 rev1=0 crypto rx=0 tx=0 comp rx=0 tx=0).stop
2023-07-20T02:20:02.634 INFO:teuthology.orchestra.run.smithi046.stdout:/usr/bin/ceph: stderr
2023-07-20T02:20:02.232+0000 7f1d44971700 1 -- 172.21.15.46:0/1039997832 >> [v2:172.21.15.46:3300/0,v1:172.21.15.46:6789/0] conn(0x7f1d40106890 msgr2=0x7f1d401061f0 secure :-1 s=STATE_CONNECTION_ESTABLISHED l=1).mark_down
2023-07-20T02:20:02.634 INFO:teuthology.orchestra.run.smithi046.stdout:/usr/bin/ceph: stderr
2023-07-20T02:20:02.232+0000 7f1d44971700 1 --2- 172.21.15.46:0/1039997832 >> [v2:172.21.15.46:3300/0,v1:172.21.15.46:6789/0] conn(0x7f1d40106890 0x7f1d401061f0 secure :-1 s=READY pgs=60 cs=0 l=1 rev1=1 crypto rx=0x7f1d30006af0 tx=0x7f1d30011ed0 comp rx=0 tx=0).stop
2023-07-20T02:20:02.634 INFO:teuthology.orchestra.run.smithi046.stdout:/usr/bin/ceph: stderr
2023-07-20T02:20:02.232+0000 7f1d44971700 1 -- 172.21.15.46:0/1039997832 shutdown_connections
2023-07-20T02:20:02.635 INFO:teuthology.orchestra.run.smithi046.stdout:/usr/bin/ceph: stderr
2023-07-20T02:20:02.232+0000 7f1d44971700 1 --2- 172.21.15.46:0/1039997832 >> [v2:172.21.15.46:6800/2816883213,v1:172.21.15.46:6801/2816883213] conn(0x7f1d28038760 0x7f1d2803ac20 unknown :-1 s=CLOSED pgs=0 cs=0 l=1 rev1=0 crypto rx=0 tx=0 comp rx=0 tx=0).stop
2023-07-20T02:20:02.635 INFO:teuthology.orchestra.run.smithi046.stdout:/usr/bin/ceph: stderr
2023-07-20T02:20:02.232+0000 7f1d44971700 1 --2- 172.21.15.46:0/1039997832 >> [v2:172.21.15.46:3300/0,v1:172.21.15.46:6789/0] conn(0x7f1d40106890 0x7f1d401061f0 unknown :-1 s=CLOSED pgs=60 cs=0 l=1 rev1=1 crypto rx=0 tx=0 comp rx=0 tx=0).stop
2023-07-20T02:20:02.635 INFO:teuthology.orchestra.run.smithi046.stdout:/usr/bin/ceph: stderr
2023-07-20T02:20:02.232+0000 7f1d44971700 1 -- 172.21.15.46:0/1039997832 >> 172.21.15.46:0/1039997832 conn(0x7f1d401002e0 msgr2=0x7f1d40101980 unknown :-1 s=STATE_NONE l=0).mark_down
2023-07-20T02:20:02.635 INFO:teuthology.orchestra.run.smithi046.stdout:/usr/bin/ceph: stderr
2023-07-20T02:20:02.232+0000 7f1d44971700 1 -- 172.21.15.46:0/1039997832 shutdown_connections
2023-07-20T02:20:02.635 INFO:teuthology.orchestra.run.smithi046.stdout:/usr/bin/ceph: stderr
2023-07-20T02:20:02.232+0000 7f1d44971700 1 -- 172.21.15.46:0/1039997832 wait complete.
2023-07-20T02:20:02.635 INFO:teuthology.orchestra.run.smithi046.stdout:Waiting for the mgr to restart...
2023-07-20T02:20:02.636 INFO:teuthology.orchestra.run.smithi046.stdout:Waiting for mgr epoch 9...
2023-07-20T02:20:02.840 INFO:journalctl@ceph.mon.a.smithi046.stdout:Jul 20 02:20:02 smithi046 ceph-mon[96516]: from='client.? 172.21.15.46:0/1039997832' entity='client.admin' cmd=[{"prefix": "mgr stat"}]: dispatch
2023-07-20T02:20:02.840 INFO:journalctl@ceph.mgr.x.smithi046.stdout:Jul 20 02:20:02 smithi046 ceph-b1d90a60-26a3-11ee-9b34-001a4aab830c-mgr-x[96769]:
2023-07-20T02:20:02.837+0000 7f5c30592200 -1 mgr[py] Module progress has missing NOTIFY_TYPES member
2023-07-20T02:20:03.932 INFO:journalctl@ceph.mgr.x.smithi046.stdout:Jul 20 02:20:03 smithi046 ceph-b1d90a60-26a3-11ee-9b34-001a4aab830c-mgr-x[96769]:
2023-07-20T02:20:03.542+0000 7f5c30592200 -1 mgr[py] Module rook has missing NOTIFY_TYPES member
2023-07-20T02:20:03.933 INFO:journalctl@ceph.mgr.x.smithi046.stdout:Jul 20 02:20:03 smithi046 ceph-b1d90a60-26a3-11ee-9b34-001a4aab830c-mgr-x[96769]:
2023-07-20T02:20:03.735+0000 7f5c30592200 -1 mgr[py] Module iostat has missing NOTIFY_TYPES member
2023-07-20T02:20:04.932 INFO:journalctl@ceph.mgr.x.smithi046.stdout:Jul 20 02:20:04 smithi046 ceph-b1d90a60-26a3-11ee-9b34-001a4aab830c-mgr-x[96769]:
2023-07-20T02:20:04.702+0000 7f5c30592200 -1 mgr[py] Module test_orchestrator has missing NOTIFY_TYPES member
2023-07-20T02:20:04.933 INFO:journalctl@ceph.mgr.x.smithi046.stdout:Jul 20 02:20:04 smithi046 ceph-b1d90a60-26a3-11ee-9b34-001a4aab830c-mgr-x[96769]:
2023-07-20T02:20:04.813+0000 7f5c30592200 -1 mgr[py] Module osd_perf_query has missing NOTIFY_TYPES member
2023-07-20T02:20:05.365 INFO:journalctl@ceph.mgr.x.smithi046.stdout:Jul 20 02:20:05 smithi046 ceph-b1d90a60-26a3-11ee-9b34-001a4aab830c-mgr-x[96769]:
2023-07-20T02:20:05.033+0000 7f5c30592200 -1 mgr[py] Module orchestrator has missing NOTIFY_TYPES member
2023-07-20T02:20:05.638 INFO:journalctl@ceph.mgr.x.smithi046.stdout:Jul 20 02:20:05 smithi046 ceph-b1d90a60-26a3-11ee-9b34-001a4aab830c-mgr-x[96769]:
2023-07-20T02:20:05.390+0000 7f5c30592200 -1 mgr[py] Module rgw has missing NOTIFY_TYPES member
2023-07-20T02:20:05.932 INFO:journalctl@ceph.mgr.x.smithi046.stdout:Jul 20 02:20:05 smithi046 ceph-b1d90a60-26a3-11ee-9b34-001a4aab830c-mgr-x[96769]:
2023-07-20T02:20:05.662+0000 7f5c30592200 -1 mgr[py] Module influx has missing NOTIFY_TYPES member
2023-07-20T02:20:05.933 INFO:journalctl@ceph.mgr.x.smithi046.stdout:Jul 20 02:20:05 smithi046 ceph-b1d90a60-26a3-11ee-9b34-001a4aab830c-mgr-x[96769]:
2023-07-20T02:20:05.845+0000 7f5c30592200 -1 mgr[py] Module telemetry has missing NOTIFY_TYPES member
2023-07-20T02:20:06.432 INFO:journalctl@ceph.mgr.x.smithi046.stdout:Jul 20 02:20:06 smithi046 ceph-b1d90a60-26a3-11ee-9b34-001a4aab830c-mgr-x[96769]:
2023-07-20T02:20:06.180+0000 7f5c30592200 -1 mgr[py] Module telegraf has missing NOTIFY_TYPES member
2023-07-20T02:20:07.389 INFO:journalctl@ceph.mgr.x.smithi046.stdout:Jul 20 02:20:07 smithi046 ceph-b1d90a60-26a3-11ee-9b34-001a4aab830c-mgr-x[96769]:
2023-07-20T02:20:07.010+0000 7f5c30592200 -1 mgr[py] Module balancer has missing NOTIFY_TYPES member
2023-07-20T02:20:07.390 INFO:journalctl@ceph.mgr.x.smithi046.stdout:Jul 20 02:20:07 smithi046 ceph-b1d90a60-26a3-11ee-9b34-001a4aab830c-mgr-x[96769]:
2023-07-20T02:20:07.168+0000 7f5c30592200 -1 mgr[py] Module diskprediction_local has missing NOTIFY_TYPES member
2023-07-20T02:20:07.682 INFO:journalctl@ceph.mgr.x.smithi046.stdout:Jul 20 02:20:07 smithi046 ceph-b1d90a60-26a3-11ee-9b34-001a4aab830c-mgr-x[96769]:
2023-07-20T02:20:07.414+0000 7f5c30592200 -1 mgr[py] Module nfs has missing NOTIFY_TYPES member
2023-07-20T02:20:07.683 INFO:journalctl@ceph.mgr.x.smithi046.stdout:Jul 20 02:20:07 smithi046 ceph-b1d90a60-26a3-11ee-9b34-001a4aab830c-mgr-x[96769]:
2023-07-20T02:20:07.552+0000 7f5c30592200 -1 mgr[py] Module rbd_support has missing NOTIFY_TYPES member
2023-07-20T02:20:08.182 INFO:journalctl@ceph.mgr.x.smithi046.stdout:Jul 20 02:20:07 smithi046 ceph-b1d90a60-26a3-11ee-9b34-001a4aab830c-mgr-x[96769]:
2023-07-20T02:20:07.826+0000 7f5c30592200 -1 mgr[py] Module volumes has missing NOTIFY_TYPES member
2023-07-20T02:20:09.182 INFO:journalctl@ceph.mgr.x.smithi046.stdout:Jul 20 02:20:08 smithi046 ceph-b1d90a60-26a3-11ee-9b34-001a4aab830c-mgr-x[96769]:
2023-07-20T02:20:08.871+0000 7f5c30592200 -1 mgr[py] Module pg_autoscaler has missing NOTIFY_TYPES member
2023-07-20T02:20:09.682 INFO:journalctl@ceph.mon.a.smithi046.stdout:Jul 20 02:20:09 smithi046 ceph-mon[96516]: Active manager daemon x restarted
2023-07-20T02:20:09.683 INFO:journalctl@ceph.mon.a.smithi046.stdout:Jul 20 02:20:09 smithi046 ceph-mon[96516]: Activating manager daemon x
2023-07-20T02:20:09.683 INFO:journalctl@ceph.mon.a.smithi046.stdout:Jul 20 02:20:09 smithi046 ceph-mon[96516]: osdmap e3: 0 total, 0 up, 0 in
2023-07-20T02:20:09.683 INFO:journalctl@ceph.mon.a.smithi046.stdout:Jul 20 02:20:09 smithi046 ceph-mon[96516]: mgrmap e10: x(active, starting, since 0.00334177s)
2023-07-20T02:20:09.683 INFO:journalctl@ceph.mon.a.smithi046.stdout:Jul 20 02:20:09 smithi046 ceph-mon[96516]: from='mgr.14152 172.21.15.46:0/4034177804' entity='mgr.x' cmd=[{"prefix": "mon metadata", "id": "a"}]: dispatch
2023-07-20T02:20:09.683 INFO:journalctl@ceph.mon.a.smithi046.stdout:Jul 20 02:20:09 smithi046 ceph-mon[96516]: from='mgr.14152 172.21.15.46:0/4034177804' entity='mgr.x' cmd=[{"prefix": "mgr metadata", "who": "x", "id": "x"}]: dispatch
2023-07-20T02:20:09.683 INFO:journalctl@ceph.mon.a.smithi046.stdout:Jul 20 02:20:09 smithi046 ceph-mon[96516]: from='mgr.14152 172.21.15.46:0/4034177804' entity='mgr.x' cmd=[{"prefix": "mds metadata"}]: dispatch
2023-07-20T02:20:09.684 INFO:journalctl@ceph.mon.a.smithi046.stdout:Jul 20 02:20:09 smithi046 ceph-mon[96516]: from='mgr.14152 172.21.15.46:0/4034177804' entity='mgr.x' cmd=[{"prefix": "osd metadata"}]: dispatch
2023-07-20T02:20:09.684 INFO:journalctl@ceph.mon.a.smithi046.stdout:Jul 20 02:20:09 smithi046 ceph-mon[96516]: from='mgr.14152 172.21.15.46:0/4034177804' entity='mgr.x' cmd=[{"prefix": "mon metadata"}]: dispatch
2023-07-20T02:20:09.684 INFO:journalctl@ceph.mon.a.smithi046.stdout:Jul 20 02:20:09 smithi046 ceph-mon[96516]: Manager daemon x is now available
2023-07-20T02:20:09.684 INFO:journalctl@ceph.mon.a.smithi046.stdout:Jul 20 02:20:09 smithi046 ceph-mon[96516]: from='mgr.14152 172.21.15.46:0/4034177804' entity='mgr.x' cmd=[{"prefix": "config dump", "format": "json"}]: dispatch
2023-07-20T02:20:09.684 INFO:journalctl@ceph.mon.a.smithi046.stdout:Jul 20 02:20:09 smithi046 ceph-mon[96516]: from='mgr.14152 172.21.15.46:0/4034177804' entity='mgr.x' cmd=[{"prefix": "config dump", "format": "json"}]: dispatch
2023-07-20T02:20:09.684 INFO:journalctl@ceph.mon.a.smithi046.stdout:Jul 20 02:20:09 smithi046 ceph-mon[96516]: from='mgr.14152 172.21.15.46:0/4034177804' entity='mgr.x' cmd=[{"prefix":"config rm","who":"mgr","name":"mgr/rbd_support/x/mirror_snapshot_schedule"}]: dispatch
2023-07-20T02:20:09.684 INFO:journalctl@ceph.mon.a.smithi046.stdout:Jul 20 02:20:09 smithi046 ceph-mon[96516]: from='mgr.14152 172.21.15.46:0/4034177804' entity='mgr.x' cmd=[{"prefix":"config rm","who":"mgr","name":"mgr/rbd_support/x/trash_purge_schedule"}]: dispatch
2023-07-20T02:20:10.284 INFO:teuthology.orchestra.run.smithi046.stdout:/usr/bin/ceph: stdout {
2023-07-20T02:20:10.284 INFO:teuthology.orchestra.run.smithi046.stdout:/usr/bin/ceph: stdout "mgrmap_epoch": 11,
2023-07-20T02:20:10.284 INFO:teuthology.orchestra.run.smithi046.stdout:/usr/bin/ceph: stdout "initialized": true
2023-07-20T02:20:10.284 INFO:teuthology.orchestra.run.smithi046.stdout:/usr/bin/ceph: stdout }
2023-07-20T02:20:10.285 INFO:teuthology.orchestra.run.smithi046.stdout:/usr/bin/ceph: stderr
2023-07-20T02:20:03.150+0000 7fef3bf02700 1 Processor -- start
2023-07-20T02:20:10.285 INFO:teuthology.orchestra.run.smithi046.stdout:/usr/bin/ceph: stderr
2023-07-20T02:20:03.151+0000 7fef3bf02700 1 -- start start
2023-07-20T02:20:10.285 INFO:teuthology.orchestra.run.smithi046.stdout:/usr/bin/ceph: stderr
2023-07-20T02:20:03.151+0000 7fef3bf02700 1 --2- >> [v2:172.21.15.46:3300/0,v1:172.21.15.46:6789/0] conn(0x7fef34105de0 0x7fef34106200 unknown :-1 s=NONE pgs=0 cs=0 l=0 rev1=0 crypto rx=0 tx=0 comp rx=0 tx=0).connect
2023-07-20T02:20:10.285 INFO:teuthology.orchestra.run.smithi046.stdout:/usr/bin/ceph: stderr
2023-07-20T02:20:03.151+0000 7fef3bf02700 1 -- --> [v2:172.21.15.46:3300/0,v1:172.21.15.46:6789/0] -- mon_getmap magic: 0 v1 -- 0x7fef341067d0 con 0x7fef34105de0
2023-07-20T02:20:10.285 INFO:teuthology.orchestra.run.smithi046.stdout:/usr/bin/ceph: stderr
2023-07-20T02:20:03.151+0000 7fef39c9e700 1 --2- >> [v2:172.21.15.46:3300/0,v1:172.21.15.46:6789/0] conn(0x7fef34105de0 0x7fef34106200 unknown :-1 s=BANNER_CONNECTING pgs=0 cs=0 l=0 rev1=0 crypto rx=0 tx=0 comp rx=0 tx=0)._handle_peer_banner_payload supported=3 required=0
2023-07-20T02:20:10.285 INFO:teuthology.orchestra.run.smithi046.stdout:/usr/bin/ceph: stderr
2023-07-20T02:20:03.151+0000 7fef39c9e700 1 --2- >> [v2:172.21.15.46:3300/0,v1:172.21.15.46:6789/0] conn(0x7fef34105de0 0x7fef34106200 unknown :-1 s=HELLO_CONNECTING pgs=0 cs=0 l=0 rev1=1 crypto rx=0 tx=0 comp rx=0 tx=0).handle_hello peer v2:172.21.15.46:3300/0 says I am v2:172.21.15.46:59594/0 (socket says 172.21.15.46:59594)
2023-07-20T02:20:10.288 INFO:teuthology.orchestra.run.smithi046.stdout:/usr/bin/ceph: stderr
2023-07-20T02:20:03.151+0000 7fef39c9e700 1 -- 172.21.15.46:0/138640441 learned_addr learned my addr 172.21.15.46:0/138640441 (peer_addr_for_me v2:172.21.15.46:0/0)
2023-07-20T02:20:10.288 INFO:teuthology.orchestra.run.smithi046.stdout:/usr/bin/ceph: stderr
2023-07-20T02:20:03.151+0000 7fef39c9e700 1 -- 172.21.15.46:0/138640441 --> [v2:172.21.15.46:3300/0,v1:172.21.15.46:6789/0] -- mon_subscribe({config=0+,monmap=0+}) v3 -- 0x7fef34106fe0 con 0x7fef34105de0
2023-07-20T02:20:10.288 INFO:teuthology.orchestra.run.smithi046.stdout:/usr/bin/ceph: stderr
2023-07-20T02:20:03.152+0000 7fef39c9e700 1 --2- 172.21.15.46:0/138640441 >> [v2:172.21.15.46:3300/0,v1:172.21.15.46:6789/0] conn(0x7fef34105de0 0x7fef34106200 secure :-1 s=READY pgs=61 cs=0 l=1 rev1=1 crypto rx=0x7fef300098a0 tx=0x7fef30009bb0 comp rx=0 tx=0).ready entity=mon.0 client_cookie=11eca137c4e6963a server_cookie=0 in_seq=0 out_seq=0
2023-07-20T02:20:10.288 INFO:teuthology.orchestra.run.smithi046.stdout:/usr/bin/ceph: stderr
2023-07-20T02:20:03.152+0000 7fef38c9c700 1 -- 172.21.15.46:0/138640441 <== mon.0 v2:172.21.15.46:3300/0 1 ==== mon_map magic: 0 v1 ==== 205+0+0 (secure 0 0 0) 0x7fef30004160 con 0x7fef34105de0
2023-07-20T02:20:10.289 INFO:teuthology.orchestra.run.smithi046.stdout:/usr/bin/ceph: stderr
2023-07-20T02:20:03.152+0000 7fef38c9c700 1 -- 172.21.15.46:0/138640441 <== mon.0 v2:172.21.15.46:3300/0 2 ==== config(25 keys) v1 ==== 1067+0+0 (secure 0 0 0) 0x7fef300042c0 con 0x7fef34105de0
2023-07-20T02:20:10.289 INFO:teuthology.orchestra.run.smithi046.stdout:/usr/bin/ceph: stderr
2023-07-20T02:20:03.152+0000 7fef38c9c700 1 -- 172.21.15.46:0/138640441 <== mon.0 v2:172.21.15.46:3300/0 3 ==== mon_map magic: 0 v1 ==== 205+0+0 (secure 0 0 0) 0x7fef300118e0 con 0x7fef34105de0
2023-07-20T02:20:10.289 INFO:teuthology.orchestra.run.smithi046.stdout:/usr/bin/ceph: stderr
2023-07-20T02:20:03.152+0000 7fef3bf02700 1 -- 172.21.15.46:0/138640441 >> [v2:172.21.15.46:3300/0,v1:172.21.15.46:6789/0] conn(0x7fef34105de0 msgr2=0x7fef34106200 secure :-1 s=STATE_CONNECTION_ESTABLISHED l=1).mark_down
2023-07-20T02:20:10.289 INFO:teuthology.orchestra.run.smithi046.stdout:/usr/bin/ceph: stderr
2023-07-20T02:20:03.152+0000 7fef3bf02700 1 --2- 172.21.15.46:0/138640441 >> [v2:172.21.15.46:3300/0,v1:172.21.15.46:6789/0] conn(0x7fef34105de0 0x7fef34106200 secure :-1 s=READY pgs=61 cs=0 l=1 rev1=1 crypto rx=0x7fef300098a0 tx=0x7fef30009bb0 comp rx=0 tx=0).stop
2023-07-20T02:20:10.289 INFO:teuthology.orchestra.run.smithi046.stdout:/usr/bin/ceph: stderr
2023-07-20T02:20:03.153+0000 7fef3bf02700 1 -- 172.21.15.46:0/138640441 shutdown_connections
2023-07-20T02:20:10.289 INFO:teuthology.orchestra.run.smithi046.stdout:/usr/bin/ceph: stderr
2023-07-20T02:20:03.153+0000 7fef3bf02700 1 --2- 172.21.15.46:0/138640441 >> [v2:172.21.15.46:3300/0,v1:172.21.15.46:6789/0] conn(0x7fef34105de0 0x7fef34106200 unknown :-1 s=CLOSED pgs=61 cs=0 l=1 rev1=1 crypto rx=0 tx=0 comp rx=0 tx=0).stop
2023-07-20T02:20:10.289 INFO:teuthology.orchestra.run.smithi046.stdout:/usr/bin/ceph: stderr
2023-07-20T02:20:03.153+0000 7fef3bf02700 1 -- 172.21.15.46:0/138640441 >> 172.21.15.46:0/138640441 conn(0x7fef341013c0 msgr2=0x7fef341037e0 unknown :-1 s=STATE_NONE l=0).mark_down
2023-07-20T02:20:10.289 INFO:teuthology.orchestra.run.smithi046.stdout:/usr/bin/ceph: stderr
2023-07-20T02:20:03.153+0000 7fef3bf02700 1 -- 172.21.15.46:0/138640441 shutdown_connections
2023-07-20T02:20:10.290 INFO:teuthology.orchestra.run.smithi046.stdout:/usr/bin/ceph: stderr
2023-07-20T02:20:03.153+0000 7fef3bf02700 1 -- 172.21.15.46:0/138640441 wait complete.
2023-07-20T02:20:10.290 INFO:teuthology.orchestra.run.smithi046.stdout:/usr/bin/ceph: stderr
2023-07-20T02:20:03.153+0000 7fef3bf02700 1 Processor -- start
2023-07-20T02:20:10.290 INFO:teuthology.orchestra.run.smithi046.stdout:/usr/bin/ceph: stderr
2023-07-20T02:20:03.153+0000 7fef3bf02700 1 -- start start
2023-07-20T02:20:10.290 INFO:teuthology.orchestra.run.smithi046.stdout:/usr/bin/ceph: stderr
2023-07-20T02:20:03.154+0000 7fef3bf02700 1 --2- >> [v2:172.21.15.46:3300/0,v1:172.21.15.46:6789/0] conn(0x7fef34105de0 0x7fef34199ae0 unknown :-1 s=NONE pgs=0 cs=0 l=1 rev1=0 crypto rx=0 tx=0 comp rx=0 tx=0).connect
2023-07-20T02:20:10.290 INFO:teuthology.orchestra.run.smithi046.stdout:/usr/bin/ceph: stderr
2023-07-20T02:20:03.154+0000 7fef3bf02700 1 -- --> [v2:172.21.15.46:3300/0,v1:172.21.15.46:6789/0] -- mon_getmap magic: 0 v1 -- 0x7fef3419a020 con 0x7fef34105de0
2023-07-20T02:20:10.290 INFO:teuthology.orchestra.run.smithi046.stdout:/usr/bin/ceph: stderr
2023-07-20T02:20:03.154+0000 7fef39c9e700 1 --2- >> [v2:172.21.15.46:3300/0,v1:172.21.15.46:6789/0] conn(0x7fef34105de0 0x7fef34199ae0 unknown :-1 s=BANNER_CONNECTING pgs=0 cs=0 l=1 rev1=0 crypto rx=0 tx=0 comp rx=0 tx=0)._handle_peer_banner_payload supported=3 required=0
2023-07-20T02:20:10.290 INFO:teuthology.orchestra.run.smithi046.stdout:/usr/bin/ceph: stderr
2023-07-20T02:20:03.154+0000 7fef39c9e700 1 --2- >> [v2:172.21.15.46:3300/0,v1:172.21.15.46:6789/0] conn(0x7fef34105de0 0x7fef34199ae0 unknown :-1 s=HELLO_CONNECTING pgs=0 cs=0 l=1 rev1=1 crypto rx=0 tx=0 comp rx=0 tx=0).handle_hello peer v2:172.21.15.46:3300/0 says I am v2:172.21.15.46:59596/0 (socket says 172.21.15.46:59596)
2023-07-20T02:20:10.291 INFO:teuthology.orchestra.run.smithi046.stdout:/usr/bin/ceph: stderr
2023-07-20T02:20:03.154+0000 7fef39c9e700 1 -- 172.21.15.46:0/2819731693 learned_addr learned my addr 172.21.15.46:0/2819731693 (peer_addr_for_me v2:172.21.15.46:0/0)
2023-07-20T02:20:10.291 INFO:teuthology.orchestra.run.smithi046.stdout:/usr/bin/ceph: stderr
2023-07-20T02:20:03.154+0000 7fef39c9e700 1 -- 172.21.15.46:0/2819731693 --> [v2:172.21.15.46:3300/0,v1:172.21.15.46:6789/0] -- mon_subscribe({config=0+,monmap=0+}) v3 -- 0x7fef30009550 con 0x7fef34105de0
2023-07-20T02:20:10.291 INFO:teuthology.orchestra.run.smithi046.stdout:/usr/bin/ceph: stderr
