2023-07-20T02:19:35.769+0000 7ff6959b9200 -1 mgr[py] Module selftest has missing NOTIFY_TYPES member
2023-07-20T02:19:36.087 INFO:teuthology.orchestra.run.smithi046.stdout:/usr/bin/ceph: stdout {
2023-07-20T02:19:36.087 INFO:teuthology.orchestra.run.smithi046.stdout:/usr/bin/ceph: stdout "epoch": 5,
2023-07-20T02:19:36.088 INFO:teuthology.orchestra.run.smithi046.stdout:/usr/bin/ceph: stdout "available": true,
2023-07-20T02:19:36.088 INFO:teuthology.orchestra.run.smithi046.stdout:/usr/bin/ceph: stdout "active_name": "x",
2023-07-20T02:19:36.088 INFO:teuthology.orchestra.run.smithi046.stdout:/usr/bin/ceph: stdout "num_standby": 0
2023-07-20T02:19:36.088 INFO:teuthology.orchestra.run.smithi046.stdout:/usr/bin/ceph: stdout }
2023-07-20T02:19:36.088 INFO:teuthology.orchestra.run.smithi046.stdout:/usr/bin/ceph: stderr
2023-07-20T02:19:35.249+0000 7f36d8c92700 1 Processor -- start
2023-07-20T02:19:36.088 INFO:teuthology.orchestra.run.smithi046.stdout:/usr/bin/ceph: stderr
2023-07-20T02:19:35.249+0000 7f36d8c92700 1 -- start start
2023-07-20T02:19:36.088 INFO:teuthology.orchestra.run.smithi046.stdout:/usr/bin/ceph: stderr
2023-07-20T02:19:35.250+0000 7f36d8c92700 1 --2- >> [v2:172.21.15.46:3300/0,v1:172.21.15.46:6789/0] conn(0x7f36d41046c0 0x7f36d4104ae0 unknown :-1 s=NONE pgs=0 cs=0 l=0 rev1=0 crypto rx=0 tx=0 comp rx=0 tx=0).connect
2023-07-20T02:19:36.089 INFO:teuthology.orchestra.run.smithi046.stdout:/usr/bin/ceph: stderr
2023-07-20T02:19:35.250+0000 7f36d8c92700 1 -- --> [v2:172.21.15.46:3300/0,v1:172.21.15.46:6789/0] -- mon_getmap magic: 0 v1 -- 0x7f36d4079e20 con 0x7f36d41046c0
2023-07-20T02:19:36.089 INFO:teuthology.orchestra.run.smithi046.stdout:/usr/bin/ceph: stderr
2023-07-20T02:19:35.250+0000 7f36d259c700 1 --2- >> [v2:172.21.15.46:3300/0,v1:172.21.15.46:6789/0] conn(0x7f36d41046c0 0x7f36d4104ae0 unknown :-1 s=BANNER_CONNECTING pgs=0 cs=0 l=0 rev1=0 crypto rx=0 tx=0 comp rx=0 tx=0)._handle_peer_banner_payload supported=3 required=0
2023-07-20T02:19:36.089 INFO:teuthology.orchestra.run.smithi046.stdout:/usr/bin/ceph: stderr
2023-07-20T02:19:35.250+0000 7f36d259c700 1 --2- >> [v2:172.21.15.46:3300/0,v1:172.21.15.46:6789/0] conn(0x7f36d41046c0 0x7f36d4104ae0 unknown :-1 s=HELLO_CONNECTING pgs=0 cs=0 l=0 rev1=1 crypto rx=0 tx=0 comp rx=0 tx=0).handle_hello peer v2:172.21.15.46:3300/0 says I am v2:172.21.15.46:59420/0 (socket says 172.21.15.46:59420)
2023-07-20T02:19:36.089 INFO:teuthology.orchestra.run.smithi046.stdout:/usr/bin/ceph: stderr
2023-07-20T02:19:35.250+0000 7f36d259c700 1 -- 172.21.15.46:0/1869190244 learned_addr learned my addr 172.21.15.46:0/1869190244 (peer_addr_for_me v2:172.21.15.46:0/0)
2023-07-20T02:19:36.089 INFO:teuthology.orchestra.run.smithi046.stdout:/usr/bin/ceph: stderr
2023-07-20T02:19:35.250+0000 7f36d259c700 1 -- 172.21.15.46:0/1869190244 --> [v2:172.21.15.46:3300/0,v1:172.21.15.46:6789/0] -- mon_subscribe({config=0+,monmap=0+}) v3 -- 0x7f36d4105020 con 0x7f36d41046c0
2023-07-20T02:19:36.089 INFO:teuthology.orchestra.run.smithi046.stdout:/usr/bin/ceph: stderr
2023-07-20T02:19:35.251+0000 7f36d259c700 1 --2- 172.21.15.46:0/1869190244 >> [v2:172.21.15.46:3300/0,v1:172.21.15.46:6789/0] conn(0x7f36d41046c0 0x7f36d4104ae0 secure :-1 s=READY pgs=26 cs=0 l=1 rev1=1 crypto rx=0x7f36c40098a0 tx=0x7f36c4009bb0 comp rx=0 tx=0).ready entity=mon.0 client_cookie=fd45e0d278428a47 server_cookie=0 in_seq=0 out_seq=0
2023-07-20T02:19:36.089 INFO:teuthology.orchestra.run.smithi046.stdout:/usr/bin/ceph: stderr
2023-07-20T02:19:35.251+0000 7f36d159a700 1 -- 172.21.15.46:0/1869190244 <== mon.0 v2:172.21.15.46:3300/0 1 ==== mon_map magic: 0 v1 ==== 205+0+0 (secure 0 0 0) 0x7f36c4004160 con 0x7f36d41046c0
2023-07-20T02:19:36.089 INFO:teuthology.orchestra.run.smithi046.stdout:/usr/bin/ceph: stderr
2023-07-20T02:19:35.251+0000 7f36d159a700 1 -- 172.21.15.46:0/1869190244 <== mon.0 v2:172.21.15.46:3300/0 2 ==== config(25 keys) v1 ==== 1036+0+0 (secure 0 0 0) 0x7f36c40042c0 con 0x7f36d41046c0
2023-07-20T02:19:36.090 INFO:teuthology.orchestra.run.smithi046.stdout:/usr/bin/ceph: stderr
2023-07-20T02:19:35.251+0000 7f36d159a700 1 -- 172.21.15.46:0/1869190244 <== mon.0 v2:172.21.15.46:3300/0 3 ==== mon_map magic: 0 v1 ==== 205+0+0 (secure 0 0 0) 0x7f36c4011940 con 0x7f36d41046c0
2023-07-20T02:19:36.090 INFO:teuthology.orchestra.run.smithi046.stdout:/usr/bin/ceph: stderr
2023-07-20T02:19:35.252+0000 7f36d8c92700 1 -- 172.21.15.46:0/1869190244 >> [v2:172.21.15.46:3300/0,v1:172.21.15.46:6789/0] conn(0x7f36d41046c0 msgr2=0x7f36d4104ae0 secure :-1 s=STATE_CONNECTION_ESTABLISHED l=1).mark_down
2023-07-20T02:19:36.090 INFO:teuthology.orchestra.run.smithi046.stdout:/usr/bin/ceph: stderr
2023-07-20T02:19:35.252+0000 7f36d8c92700 1 --2- 172.21.15.46:0/1869190244 >> [v2:172.21.15.46:3300/0,v1:172.21.15.46:6789/0] conn(0x7f36d41046c0 0x7f36d4104ae0 secure :-1 s=READY pgs=26 cs=0 l=1 rev1=1 crypto rx=0x7f36c40098a0 tx=0x7f36c4009bb0 comp rx=0 tx=0).stop
2023-07-20T02:19:36.090 INFO:teuthology.orchestra.run.smithi046.stdout:/usr/bin/ceph: stderr
2023-07-20T02:19:35.252+0000 7f36d8c92700 1 -- 172.21.15.46:0/1869190244 shutdown_connections
2023-07-20T02:19:36.090 INFO:teuthology.orchestra.run.smithi046.stdout:/usr/bin/ceph: stderr
2023-07-20T02:19:35.252+0000 7f36d8c92700 1 --2- 172.21.15.46:0/1869190244 >> [v2:172.21.15.46:3300/0,v1:172.21.15.46:6789/0] conn(0x7f36d41046c0 0x7f36d4104ae0 unknown :-1 s=CLOSED pgs=26 cs=0 l=1 rev1=1 crypto rx=0 tx=0 comp rx=0 tx=0).stop
2023-07-20T02:19:36.090 INFO:teuthology.orchestra.run.smithi046.stdout:/usr/bin/ceph: stderr
2023-07-20T02:19:35.252+0000 7f36d8c92700 1 -- 172.21.15.46:0/1869190244 >> 172.21.15.46:0/1869190244 conn(0x7f36d41002e0 msgr2=0x7f36d4102700 unknown :-1 s=STATE_NONE l=0).mark_down
2023-07-20T02:19:36.090 INFO:teuthology.orchestra.run.smithi046.stdout:/usr/bin/ceph: stderr
2023-07-20T02:19:35.252+0000 7f36d8c92700 1 -- 172.21.15.46:0/1869190244 shutdown_connections
2023-07-20T02:19:36.091 INFO:teuthology.orchestra.run.smithi046.stdout:/usr/bin/ceph: stderr
2023-07-20T02:19:35.252+0000 7f36d8c92700 1 -- 172.21.15.46:0/1869190244 wait complete.
2023-07-20T02:19:36.091 INFO:teuthology.orchestra.run.smithi046.stdout:/usr/bin/ceph: stderr
2023-07-20T02:19:35.253+0000 7f36d8c92700 1 Processor -- start
2023-07-20T02:19:36.091 INFO:teuthology.orchestra.run.smithi046.stdout:/usr/bin/ceph: stderr
2023-07-20T02:19:35.253+0000 7f36d8c92700 1 -- start start
2023-07-20T02:19:36.091 INFO:teuthology.orchestra.run.smithi046.stdout:/usr/bin/ceph: stderr
2023-07-20T02:19:35.253+0000 7f36d8c92700 1 --2- >> [v2:172.21.15.46:3300/0,v1:172.21.15.46:6789/0] conn(0x7f36d41046c0 0x7f36d419bc90 unknown :-1 s=NONE pgs=0 cs=0 l=1 rev1=0 crypto rx=0 tx=0 comp rx=0 tx=0).connect
2023-07-20T02:19:36.091 INFO:teuthology.orchestra.run.smithi046.stdout:/usr/bin/ceph: stderr
2023-07-20T02:19:35.253+0000 7f36d8c92700 1 -- --> [v2:172.21.15.46:3300/0,v1:172.21.15.46:6789/0] -- mon_getmap magic: 0 v1 -- 0x7f36d419c1d0 con 0x7f36d41046c0
2023-07-20T02:19:36.091 INFO:teuthology.orchestra.run.smithi046.stdout:/usr/bin/ceph: stderr
2023-07-20T02:19:35.253+0000 7f36d259c700 1 --2- >> [v2:172.21.15.46:3300/0,v1:172.21.15.46:6789/0] conn(0x7f36d41046c0 0x7f36d419bc90 unknown :-1 s=BANNER_CONNECTING pgs=0 cs=0 l=1 rev1=0 crypto rx=0 tx=0 comp rx=0 tx=0)._handle_peer_banner_payload supported=3 required=0
2023-07-20T02:19:36.091 INFO:teuthology.orchestra.run.smithi046.stdout:/usr/bin/ceph: stderr
2023-07-20T02:19:35.253+0000 7f36d259c700 1 --2- >> [v2:172.21.15.46:3300/0,v1:172.21.15.46:6789/0] conn(0x7f36d41046c0 0x7f36d419bc90 unknown :-1 s=HELLO_CONNECTING pgs=0 cs=0 l=1 rev1=1 crypto rx=0 tx=0 comp rx=0 tx=0).handle_hello peer v2:172.21.15.46:3300/0 says I am v2:172.21.15.46:59422/0 (socket says 172.21.15.46:59422)
2023-07-20T02:19:36.091 INFO:teuthology.orchestra.run.smithi046.stdout:/usr/bin/ceph: stderr
2023-07-20T02:19:35.253+0000 7f36d259c700 1 -- 172.21.15.46:0/536386079 learned_addr learned my addr 172.21.15.46:0/536386079 (peer_addr_for_me v2:172.21.15.46:0/0)
2023-07-20T02:19:36.092 INFO:teuthology.orchestra.run.smithi046.stdout:/usr/bin/ceph: stderr
2023-07-20T02:19:35.254+0000 7f36d259c700 1 -- 172.21.15.46:0/536386079 --> [v2:172.21.15.46:3300/0,v1:172.21.15.46:6789/0] -- mon_subscribe({config=0+,monmap=0+}) v3 -- 0x7f36c4009550 con 0x7f36d41046c0
2023-07-20T02:19:36.092 INFO:teuthology.orchestra.run.smithi046.stdout:/usr/bin/ceph: stderr
2023-07-20T02:19:35.254+0000 7f36d259c700 1 --2- 172.21.15.46:0/536386079 >> [v2:172.21.15.46:3300/0,v1:172.21.15.46:6789/0] conn(0x7f36d41046c0 0x7f36d419bc90 secure :-1 s=READY pgs=27 cs=0 l=1 rev1=1 crypto rx=0x7f36c4006af0 tx=0x7f36c4011a30 comp rx=0 tx=0).ready entity=mon.0 client_cookie=0 server_cookie=0 in_seq=0 out_seq=0
2023-07-20T02:19:36.092 INFO:teuthology.orchestra.run.smithi046.stdout:/usr/bin/ceph: stderr
2023-07-20T02:19:35.254+0000 7f36c37fe700 1 -- 172.21.15.46:0/536386079 <== mon.0 v2:172.21.15.46:3300/0 1 ==== mon_map magic: 0 v1 ==== 205+0+0 (secure 0 0 0) 0x7f36c4003bf0 con 0x7f36d41046c0
2023-07-20T02:19:36.092 INFO:teuthology.orchestra.run.smithi046.stdout:/usr/bin/ceph: stderr
2023-07-20T02:19:35.254+0000 7f36c37fe700 1 -- 172.21.15.46:0/536386079 <== mon.0 v2:172.21.15.46:3300/0 2 ==== config(25 keys) v1 ==== 1036+0+0 (secure 0 0 0) 0x7f36c401b8b0 con 0x7f36d41046c0
2023-07-20T02:19:36.092 INFO:teuthology.orchestra.run.smithi046.stdout:/usr/bin/ceph: stderr
2023-07-20T02:19:35.254+0000 7f36c37fe700 1 -- 172.21.15.46:0/536386079 <== mon.0 v2:172.21.15.46:3300/0 3 ==== mon_map magic: 0 v1 ==== 205+0+0 (secure 0 0 0) 0x7f36c40197b0 con 0x7f36d41046c0
2023-07-20T02:19:36.092 INFO:teuthology.orchestra.run.smithi046.stdout:/usr/bin/ceph: stderr
2023-07-20T02:19:35.254+0000 7f36d8c92700 1 -- 172.21.15.46:0/536386079 --> [v2:172.21.15.46:3300/0,v1:172.21.15.46:6789/0] -- mon_subscribe({mgrmap=0+}) v3 -- 0x7f36d419c3d0 con 0x7f36d41046c0
2023-07-20T02:19:36.092 INFO:teuthology.orchestra.run.smithi046.stdout:/usr/bin/ceph: stderr
2023-07-20T02:19:35.254+0000 7f36d8c92700 1 -- 172.21.15.46:0/536386079 --> [v2:172.21.15.46:3300/0,v1:172.21.15.46:6789/0] -- mon_subscribe({osdmap=0}) v3 -- 0x7f36d419c7f0 con 0x7f36d41046c0
2023-07-20T02:19:36.093 INFO:teuthology.orchestra.run.smithi046.stdout:/usr/bin/ceph: stderr
2023-07-20T02:19:35.255+0000 7f36c37fe700 1 -- 172.21.15.46:0/536386079 <== mon.0 v2:172.21.15.46:3300/0 4 ==== mgrmap(e 5) v1 ==== 45483+0+0 (secure 0 0 0) 0x7f36c4019a20 con 0x7f36d41046c0
2023-07-20T02:19:36.093 INFO:teuthology.orchestra.run.smithi046.stdout:/usr/bin/ceph: stderr
2023-07-20T02:19:35.255+0000 7f36c37fe700 1 --2- 172.21.15.46:0/536386079 >> [v2:172.21.15.46:6800/155054240,v1:172.21.15.46:6801/155054240] conn(0x7f36bc038710 0x7f36bc03abd0 unknown :-1 s=NONE pgs=0 cs=0 l=1 rev1=0 crypto rx=0 tx=0 comp rx=0 tx=0).connect
2023-07-20T02:19:36.093 INFO:teuthology.orchestra.run.smithi046.stdout:/usr/bin/ceph: stderr
2023-07-20T02:19:35.255+0000 7f36c37fe700 1 -- 172.21.15.46:0/536386079 <== mon.0 v2:172.21.15.46:3300/0 5 ==== osd_map(1..1 src has 1..1) v4 ==== 725+0+0 (secure 0 0 0) 0x7f36c404d870 con 0x7f36d41046c0
2023-07-20T02:19:36.093 INFO:teuthology.orchestra.run.smithi046.stdout:/usr/bin/ceph: stderr
2023-07-20T02:19:35.255+0000 7f36d1d9b700 1 -- 172.21.15.46:0/536386079 >> [v2:172.21.15.46:6800/155054240,v1:172.21.15.46:6801/155054240] conn(0x7f36bc038710 msgr2=0x7f36bc03abd0 unknown :-1 s=STATE_CONNECTING_RE l=1).process reconnect failed to v2:172.21.15.46:6800/155054240
2023-07-20T02:19:36.093 INFO:teuthology.orchestra.run.smithi046.stdout:/usr/bin/ceph: stderr
2023-07-20T02:19:35.255+0000 7f36d8c92700 1 -- 172.21.15.46:0/536386079 --> [v2:172.21.15.46:3300/0,v1:172.21.15.46:6789/0] -- mon_command({"prefix": "get_command_descriptions"} v 0) v1 -- 0x7f36b4005320 con 0x7f36d41046c0
2023-07-20T02:19:36.093 INFO:teuthology.orchestra.run.smithi046.stdout:/usr/bin/ceph: stderr
2023-07-20T02:19:35.255+0000 7f36d1d9b700 1 --2- 172.21.15.46:0/536386079 >> [v2:172.21.15.46:6800/155054240,v1:172.21.15.46:6801/155054240] conn(0x7f36bc038710 0x7f36bc03abd0 unknown :-1 s=START_CONNECT pgs=0 cs=0 l=1 rev1=0 crypto rx=0 tx=0 comp rx=0 tx=0)._fault waiting 0.200000
2023-07-20T02:19:36.093 INFO:teuthology.orchestra.run.smithi046.stdout:/usr/bin/ceph: stderr
2023-07-20T02:19:35.260+0000 7f36c37fe700 1 -- 172.21.15.46:0/536386079 <== mon.0 v2:172.21.15.46:3300/0 6 ==== mon_command_ack([{"prefix": "get_command_descriptions"}]=0 v0) v1 ==== 72+0+178025 (secure 0 0 0) 0x7f36c4018d90 con 0x7f36d41046c0
2023-07-20T02:19:36.093 INFO:teuthology.orchestra.run.smithi046.stdout:/usr/bin/ceph: stderr
2023-07-20T02:19:35.456+0000 7f36d1d9b700 1 -- 172.21.15.46:0/536386079 >> [v2:172.21.15.46:6800/155054240,v1:172.21.15.46:6801/155054240] conn(0x7f36bc038710 msgr2=0x7f36bc03abd0 unknown :-1 s=STATE_CONNECTING_RE l=1).process reconnect failed to v2:172.21.15.46:6800/155054240
2023-07-20T02:19:36.094 INFO:teuthology.orchestra.run.smithi046.stdout:/usr/bin/ceph: stderr
2023-07-20T02:19:35.456+0000 7f36d1d9b700 1 --2- 172.21.15.46:0/536386079 >> [v2:172.21.15.46:6800/155054240,v1:172.21.15.46:6801/155054240] conn(0x7f36bc038710 0x7f36bc03abd0 unknown :-1 s=START_CONNECT pgs=0 cs=0 l=1 rev1=0 crypto rx=0 tx=0 comp rx=0 tx=0)._fault waiting 0.400000
2023-07-20T02:19:36.094 INFO:teuthology.orchestra.run.smithi046.stdout:/usr/bin/ceph: stderr
2023-07-20T02:19:35.730+0000 7f36d8c92700 1 -- 172.21.15.46:0/536386079 --> [v2:172.21.15.46:3300/0,v1:172.21.15.46:6789/0] -- mon_command({"prefix": "mgr stat"} v 0) v1 -- 0x7f36b4006200 con 0x7f36d41046c0
2023-07-20T02:19:36.094 INFO:teuthology.orchestra.run.smithi046.stdout:/usr/bin/ceph: stderr
2023-07-20T02:19:35.730+0000 7f36c37fe700 1 -- 172.21.15.46:0/536386079 <== mon.0 v2:172.21.15.46:3300/0 7 ==== mon_command_ack([{"prefix": "mgr stat"}]=0 v5) v1 ==== 56+0+88 (secure 0 0 0) 0x7f36c4018350 con 0x7f36d41046c0
2023-07-20T02:19:36.094 INFO:teuthology.orchestra.run.smithi046.stdout:/usr/bin/ceph: stderr
2023-07-20T02:19:35.732+0000 7f36d8c92700 1 -- 172.21.15.46:0/536386079 >> [v2:172.21.15.46:6800/155054240,v1:172.21.15.46:6801/155054240] conn(0x7f36bc038710 msgr2=0x7f36bc03abd0 unknown :-1 s=STATE_CONNECTING l=1).mark_down
2023-07-20T02:19:36.094 INFO:teuthology.orchestra.run.smithi046.stdout:/usr/bin/ceph: stderr
2023-07-20T02:19:35.732+0000 7f36d8c92700 1 --2- 172.21.15.46:0/536386079 >> [v2:172.21.15.46:6800/155054240,v1:172.21.15.46:6801/155054240] conn(0x7f36bc038710 0x7f36bc03abd0 unknown :-1 s=START_CONNECT pgs=0 cs=0 l=1 rev1=0 crypto rx=0 tx=0 comp rx=0 tx=0).stop
2023-07-20T02:19:36.094 INFO:teuthology.orchestra.run.smithi046.stdout:/usr/bin/ceph: stderr
2023-07-20T02:19:35.732+0000 7f36d8c92700 1 -- 172.21.15.46:0/536386079 >> [v2:172.21.15.46:3300/0,v1:172.21.15.46:6789/0] conn(0x7f36d41046c0 msgr2=0x7f36d419bc90 secure :-1 s=STATE_CONNECTION_ESTABLISHED l=1).mark_down
2023-07-20T02:19:36.094 INFO:teuthology.orchestra.run.smithi046.stdout:/usr/bin/ceph: stderr
2023-07-20T02:19:35.732+0000 7f36d8c92700 1 --2- 172.21.15.46:0/536386079 >> [v2:172.21.15.46:3300/0,v1:172.21.15.46:6789/0] conn(0x7f36d41046c0 0x7f36d419bc90 secure :-1 s=READY pgs=27 cs=0 l=1 rev1=1 crypto rx=0x7f36c4006af0 tx=0x7f36c4011a30 comp rx=0 tx=0).stop
2023-07-20T02:19:36.095 INFO:teuthology.orchestra.run.smithi046.stdout:/usr/bin/ceph: stderr
2023-07-20T02:19:35.732+0000 7f36d8c92700 1 -- 172.21.15.46:0/536386079 shutdown_connections
2023-07-20T02:19:36.095 INFO:teuthology.orchestra.run.smithi046.stdout:/usr/bin/ceph: stderr
2023-07-20T02:19:35.732+0000 7f36d8c92700 1 --2- 172.21.15.46:0/536386079 >> [v2:172.21.15.46:6800/155054240,v1:172.21.15.46:6801/155054240] conn(0x7f36bc038710 0x7f36bc03abd0 unknown :-1 s=CLOSED pgs=0 cs=0 l=1 rev1=0 crypto rx=0 tx=0 comp rx=0 tx=0).stop
2023-07-20T02:19:36.095 INFO:teuthology.orchestra.run.smithi046.stdout:/usr/bin/ceph: stderr
2023-07-20T02:19:35.732+0000 7f36d8c92700 1 --2- 172.21.15.46:0/536386079 >> [v2:172.21.15.46:3300/0,v1:172.21.15.46:6789/0] conn(0x7f36d41046c0 0x7f36d419bc90 unknown :-1 s=CLOSED pgs=27 cs=0 l=1 rev1=1 crypto rx=0 tx=0 comp rx=0 tx=0).stop
2023-07-20T02:19:36.095 INFO:teuthology.orchestra.run.smithi046.stdout:/usr/bin/ceph: stderr
2023-07-20T02:19:35.732+0000 7f36d8c92700 1 -- 172.21.15.46:0/536386079 >> 172.21.15.46:0/536386079 conn(0x7f36d41002e0 msgr2=0x7f36d4190280 unknown :-1 s=STATE_NONE l=0).mark_down
2023-07-20T02:19:36.095 INFO:teuthology.orchestra.run.smithi046.stdout:/usr/bin/ceph: stderr
2023-07-20T02:19:35.732+0000 7f36d8c92700 1 -- 172.21.15.46:0/536386079 shutdown_connections
2023-07-20T02:19:36.095 INFO:teuthology.orchestra.run.smithi046.stdout:/usr/bin/ceph: stderr
2023-07-20T02:19:35.732+0000 7f36d8c92700 1 -- 172.21.15.46:0/536386079 wait complete.
2023-07-20T02:19:36.095 INFO:teuthology.orchestra.run.smithi046.stdout:Waiting for the mgr to restart...
2023-07-20T02:19:36.095 INFO:teuthology.orchestra.run.smithi046.stdout:Waiting for mgr epoch 5...
2023-07-20T02:19:36.182 INFO:journalctl@ceph.mgr.x.smithi046.stdout:Jul 20 02:19:35 smithi046 ceph-b1d90a60-26a3-11ee-9b34-001a4aab830c-mgr-x[96769]:
2023-07-20T02:19:35.890+0000 7ff6959b9200 -1 mgr[py] Module alerts has missing NOTIFY_TYPES member
2023-07-20T02:19:36.682 INFO:journalctl@ceph.mon.a.smithi046.stdout:Jul 20 02:19:36 smithi046 ceph-mon[96516]: from='client.? 172.21.15.46:0/536386079' entity='client.admin' cmd=[{"prefix": "mgr stat"}]: dispatch
2023-07-20T02:19:36.683 INFO:journalctl@ceph.mgr.x.smithi046.stdout:Jul 20 02:19:36 smithi046 ceph-b1d90a60-26a3-11ee-9b34-001a4aab830c-mgr-x[96769]:
2023-07-20T02:19:36.421+0000 7ff6959b9200 -1 mgr[py] Module progress has missing NOTIFY_TYPES member
2023-07-20T02:19:37.432 INFO:journalctl@ceph.mgr.x.smithi046.stdout:Jul 20 02:19:37 smithi046 ceph-b1d90a60-26a3-11ee-9b34-001a4aab830c-mgr-x[96769]:
2023-07-20T02:19:37.116+0000 7ff6959b9200 -1 mgr[py] Module rook has missing NOTIFY_TYPES member
2023-07-20T02:19:37.433 INFO:journalctl@ceph.mgr.x.smithi046.stdout:Jul 20 02:19:37 smithi046 ceph-b1d90a60-26a3-11ee-9b34-001a4aab830c-mgr-x[96769]:
2023-07-20T02:19:37.309+0000 7ff6959b9200 -1 mgr[py] Module iostat has missing NOTIFY_TYPES member
2023-07-20T02:19:38.588 INFO:journalctl@ceph.mgr.x.smithi046.stdout:Jul 20 02:19:38 smithi046 ceph-b1d90a60-26a3-11ee-9b34-001a4aab830c-mgr-x[96769]:
2023-07-20T02:19:38.280+0000 7ff6959b9200 -1 mgr[py] Module test_orchestrator has missing NOTIFY_TYPES member
2023-07-20T02:19:38.589 INFO:journalctl@ceph.mgr.x.smithi046.stdout:Jul 20 02:19:38 smithi046 ceph-b1d90a60-26a3-11ee-9b34-001a4aab830c-mgr-x[96769]:
2023-07-20T02:19:38.392+0000 7ff6959b9200 -1 mgr[py] Module osd_perf_query has missing NOTIFY_TYPES member
2023-07-20T02:19:39.193 INFO:journalctl@ceph.mgr.x.smithi046.stdout:Jul 20 02:19:38 smithi046 ceph-b1d90a60-26a3-11ee-9b34-001a4aab830c-mgr-x[96769]:
2023-07-20T02:19:38.612+0000 7ff6959b9200 -1 mgr[py] Module orchestrator has missing NOTIFY_TYPES member
2023-07-20T02:19:39.193 INFO:journalctl@ceph.mgr.x.smithi046.stdout:Jul 20 02:19:38 smithi046 ceph-b1d90a60-26a3-11ee-9b34-001a4aab830c-mgr-x[96769]:
2023-07-20T02:19:38.962+0000 7ff6959b9200 -1 mgr[py] Module rgw has missing NOTIFY_TYPES member
2023-07-20T02:19:39.682 INFO:journalctl@ceph.mgr.x.smithi046.stdout:Jul 20 02:19:39 smithi046 ceph-b1d90a60-26a3-11ee-9b34-001a4aab830c-mgr-x[96769]:
2023-07-20T02:19:39.217+0000 7ff6959b9200 -1 mgr[py] Module influx has missing NOTIFY_TYPES member
2023-07-20T02:19:39.683 INFO:journalctl@ceph.mgr.x.smithi046.stdout:Jul 20 02:19:39 smithi046 ceph-b1d90a60-26a3-11ee-9b34-001a4aab830c-mgr-x[96769]:
2023-07-20T02:19:39.400+0000 7ff6959b9200 -1 mgr[py] Module telemetry has missing NOTIFY_TYPES member
2023-07-20T02:19:40.182 INFO:journalctl@ceph.mgr.x.smithi046.stdout:Jul 20 02:19:39 smithi046 ceph-b1d90a60-26a3-11ee-9b34-001a4aab830c-mgr-x[96769]:
2023-07-20T02:19:39.732+0000 7ff6959b9200 -1 mgr[py] Module telegraf has missing NOTIFY_TYPES member
2023-07-20T02:19:40.932 INFO:journalctl@ceph.mgr.x.smithi046.stdout:Jul 20 02:19:40 smithi046 ceph-b1d90a60-26a3-11ee-9b34-001a4aab830c-mgr-x[96769]:
2023-07-20T02:19:40.597+0000 7ff6959b9200 -1 mgr[py] Module balancer has missing NOTIFY_TYPES member
2023-07-20T02:19:40.933 INFO:journalctl@ceph.mgr.x.smithi046.stdout:Jul 20 02:19:40 smithi046 ceph-b1d90a60-26a3-11ee-9b34-001a4aab830c-mgr-x[96769]:
2023-07-20T02:19:40.758+0000 7ff6959b9200 -1 mgr[py] Module diskprediction_local has missing NOTIFY_TYPES member
2023-07-20T02:19:41.394 INFO:journalctl@ceph.mgr.x.smithi046.stdout:Jul 20 02:19:41 smithi046 ceph-b1d90a60-26a3-11ee-9b34-001a4aab830c-mgr-x[96769]:
2023-07-20T02:19:41.005+0000 7ff6959b9200 -1 mgr[py] Module nfs has missing NOTIFY_TYPES member
2023-07-20T02:19:41.394 INFO:journalctl@ceph.mgr.x.smithi046.stdout:Jul 20 02:19:41 smithi046 ceph-b1d90a60-26a3-11ee-9b34-001a4aab830c-mgr-x[96769]:
2023-07-20T02:19:41.144+0000 7ff6959b9200 -1 mgr[py] Module rbd_support has missing NOTIFY_TYPES member
2023-07-20T02:19:42.932 INFO:journalctl@ceph.mgr.x.smithi046.stdout:Jul 20 02:19:41 smithi046 ceph-b1d90a60-26a3-11ee-9b34-001a4aab830c-mgr-x[96769]:
2023-07-20T02:19:41.418+0000 7ff6959b9200 -1 mgr[py] Module volumes has missing NOTIFY_TYPES member
2023-07-20T02:19:42.933 INFO:journalctl@ceph.mgr.x.smithi046.stdout:Jul 20 02:19:42 smithi046 ceph-b1d90a60-26a3-11ee-9b34-001a4aab830c-mgr-x[96769]:
2023-07-20T02:19:42.464+0000 7ff6959b9200 -1 mgr[py] Module pg_autoscaler has missing NOTIFY_TYPES member
2023-07-20T02:19:42.933 INFO:journalctl@ceph.mon.a.smithi046.stdout:Jul 20 02:19:42 smithi046 ceph-mon[96516]: Active manager daemon x restarted
2023-07-20T02:19:42.933 INFO:journalctl@ceph.mon.a.smithi046.stdout:Jul 20 02:19:42 smithi046 ceph-mon[96516]: Activating manager daemon x
2023-07-20T02:19:42.933 INFO:journalctl@ceph.mon.a.smithi046.stdout:Jul 20 02:19:42 smithi046 ceph-mon[96516]: osdmap e2: 0 total, 0 up, 0 in
2023-07-20T02:19:42.933 INFO:journalctl@ceph.mon.a.smithi046.stdout:Jul 20 02:19:42 smithi046 ceph-mon[96516]: mgrmap e6: x(active, starting, since 0.00375908s)
2023-07-20T02:19:42.933 INFO:journalctl@ceph.mon.a.smithi046.stdout:Jul 20 02:19:42 smithi046 ceph-mon[96516]: from='mgr.14120 172.21.15.46:0/809993324' entity='mgr.x' cmd=[{"prefix": "mon metadata", "id": "a"}]: dispatch
2023-07-20T02:19:42.934 INFO:journalctl@ceph.mon.a.smithi046.stdout:Jul 20 02:19:42 smithi046 ceph-mon[96516]: from='mgr.14120 172.21.15.46:0/809993324' entity='mgr.x' cmd=[{"prefix": "mgr metadata", "who": "x", "id": "x"}]: dispatch
2023-07-20T02:19:42.934 INFO:journalctl@ceph.mon.a.smithi046.stdout:Jul 20 02:19:42 smithi046 ceph-mon[96516]: from='mgr.14120 172.21.15.46:0/809993324' entity='mgr.x' cmd=[{"prefix": "mds metadata"}]: dispatch
2023-07-20T02:19:42.934 INFO:journalctl@ceph.mon.a.smithi046.stdout:Jul 20 02:19:42 smithi046 ceph-mon[96516]: from='mgr.14120 172.21.15.46:0/809993324' entity='mgr.x' cmd=[{"prefix": "osd metadata"}]: dispatch
2023-07-20T02:19:42.934 INFO:journalctl@ceph.mon.a.smithi046.stdout:Jul 20 02:19:42 smithi046 ceph-mon[96516]: from='mgr.14120 172.21.15.46:0/809993324' entity='mgr.x' cmd=[{"prefix": "mon metadata"}]: dispatch
2023-07-20T02:19:42.934 INFO:journalctl@ceph.mon.a.smithi046.stdout:Jul 20 02:19:42 smithi046 ceph-mon[96516]: Manager daemon x is now available
2023-07-20T02:19:42.934 INFO:journalctl@ceph.mon.a.smithi046.stdout:Jul 20 02:19:42 smithi046 ceph-mon[96516]: from='mgr.14120 172.21.15.46:0/809993324' entity='mgr.x'
2023-07-20T02:19:42.934 INFO:journalctl@ceph.mon.a.smithi046.stdout:Jul 20 02:19:42 smithi046 ceph-mon[96516]: from='mgr.14120 172.21.15.46:0/809993324' entity='mgr.x'
2023-07-20T02:19:42.934 INFO:journalctl@ceph.mon.a.smithi046.stdout:Jul 20 02:19:42 smithi046 ceph-mon[96516]: from='mgr.14120 172.21.15.46:0/809993324' entity='mgr.x' cmd=[{"prefix": "config dump", "format": "json"}]: dispatch
2023-07-20T02:19:42.935 INFO:journalctl@ceph.mon.a.smithi046.stdout:Jul 20 02:19:42 smithi046 ceph-mon[96516]: from='mgr.14120 172.21.15.46:0/809993324' entity='mgr.x' cmd=[{"prefix": "config dump", "format": "json"}]: dispatch
2023-07-20T02:19:43.838 INFO:journalctl@ceph.mon.a.smithi046.stdout:Jul 20 02:19:43 smithi046 ceph-mon[96516]: Found migration_current of "None". Setting to last migration.
2023-07-20T02:19:43.838 INFO:journalctl@ceph.mon.a.smithi046.stdout:Jul 20 02:19:43 smithi046 ceph-mon[96516]: from='mgr.14120 172.21.15.46:0/809993324' entity='mgr.x' cmd=[{"prefix": "config dump", "format": "json"}]: dispatch
2023-07-20T02:19:43.838 INFO:journalctl@ceph.mon.a.smithi046.stdout:Jul 20 02:19:43 smithi046 ceph-mon[96516]: from='mgr.14120 172.21.15.46:0/809993324' entity='mgr.x' cmd=[{"prefix":"config rm","who":"mgr","name":"mgr/rbd_support/x/mirror_snapshot_schedule"}]: dispatch
2023-07-20T02:19:43.838 INFO:journalctl@ceph.mon.a.smithi046.stdout:Jul 20 02:19:43 smithi046 ceph-mon[96516]: from='mgr.14120 172.21.15.46:0/809993324' entity='mgr.x' cmd=[{"prefix":"config rm","who":"mgr","name":"mgr/rbd_support/x/trash_purge_schedule"}]: dispatch
2023-07-20T02:19:43.838 INFO:journalctl@ceph.mon.a.smithi046.stdout:Jul 20 02:19:43 smithi046 ceph-mon[96516]: from='mgr.14120 172.21.15.46:0/809993324' entity='mgr.x'
2023-07-20T02:19:43.838 INFO:journalctl@ceph.mon.a.smithi046.stdout:Jul 20 02:19:43 smithi046 ceph-mon[96516]: from='mgr.14120 172.21.15.46:0/809993324' entity='mgr.x'
2023-07-20T02:19:43.839 INFO:journalctl@ceph.mon.a.smithi046.stdout:Jul 20 02:19:43 smithi046 ceph-mon[96516]: mgrmap e7: x(active, since 1.00521s)
2023-07-20T02:19:43.847 INFO:teuthology.orchestra.run.smithi046.stdout:/usr/bin/ceph: stdout {
2023-07-20T02:19:43.847 INFO:teuthology.orchestra.run.smithi046.stdout:/usr/bin/ceph: stdout "mgrmap_epoch": 7,
2023-07-20T02:19:43.848 INFO:teuthology.orchestra.run.smithi046.stdout:/usr/bin/ceph: stdout "initialized": true
2023-07-20T02:19:43.848 INFO:teuthology.orchestra.run.smithi046.stdout:/usr/bin/ceph: stdout }
2023-07-20T02:19:43.848 INFO:teuthology.orchestra.run.smithi046.stdout:/usr/bin/ceph: stderr
2023-07-20T02:19:36.616+0000 7f6961b82700 1 Processor -- start
2023-07-20T02:19:43.848 INFO:teuthology.orchestra.run.smithi046.stdout:/usr/bin/ceph: stderr
2023-07-20T02:19:36.616+0000 7f6961b82700 1 -- start start
2023-07-20T02:19:43.848 INFO:teuthology.orchestra.run.smithi046.stdout:/usr/bin/ceph: stderr
2023-07-20T02:19:36.616+0000 7f6961b82700 1 --2- >> [v2:172.21.15.46:3300/0,v1:172.21.15.46:6789/0] conn(0x7f695c106890 0x7f695c108c80 unknown :-1 s=NONE pgs=0 cs=0 l=0 rev1=0 crypto rx=0 tx=0 comp rx=0 tx=0).connect
2023-07-20T02:19:43.848 INFO:teuthology.orchestra.run.smithi046.stdout:/usr/bin/ceph: stderr
2023-07-20T02:19:36.616+0000 7f6961b82700 1 -- --> [v2:172.21.15.46:3300/0,v1:172.21.15.46:6789/0] -- mon_getmap magic: 0 v1 -- 0x7f695c079e60 con 0x7f695c106890
2023-07-20T02:19:43.849 INFO:teuthology.orchestra.run.smithi046.stdout:/usr/bin/ceph: stderr
2023-07-20T02:19:36.616+0000 7f695b7fe700 1 --2- >> [v2:172.21.15.46:3300/0,v1:172.21.15.46:6789/0] conn(0x7f695c106890 0x7f695c108c80 unknown :-1 s=BANNER_CONNECTING pgs=0 cs=0 l=0 rev1=0 crypto rx=0 tx=0 comp rx=0 tx=0)._handle_peer_banner_payload supported=3 required=0
2023-07-20T02:19:43.849 INFO:teuthology.orchestra.run.smithi046.stdout:/usr/bin/ceph: stderr
2023-07-20T02:19:36.616+0000 7f695b7fe700 1 --2- >> [v2:172.21.15.46:3300/0,v1:172.21.15.46:6789/0] conn(0x7f695c106890 0x7f695c108c80 unknown :-1 s=HELLO_CONNECTING pgs=0 cs=0 l=0 rev1=1 crypto rx=0 tx=0 comp rx=0 tx=0).handle_hello peer v2:172.21.15.46:3300/0 says I am v2:172.21.15.46:59430/0 (socket says 172.21.15.46:59430)
2023-07-20T02:19:43.849 INFO:teuthology.orchestra.run.smithi046.stdout:/usr/bin/ceph: stderr
2023-07-20T02:19:36.616+0000 7f695b7fe700 1 -- 172.21.15.46:0/425928642 learned_addr learned my addr 172.21.15.46:0/425928642 (peer_addr_for_me v2:172.21.15.46:0/0)
2023-07-20T02:19:43.849 INFO:teuthology.orchestra.run.smithi046.stdout:/usr/bin/ceph: stderr
2023-07-20T02:19:36.616+0000 7f695b7fe700 1 -- 172.21.15.46:0/425928642 --> [v2:172.21.15.46:3300/0,v1:172.21.15.46:6789/0] -- mon_subscribe({config=0+,monmap=0+}) v3 -- 0x7f695c1091c0 con 0x7f695c106890
2023-07-20T02:19:43.849 INFO:teuthology.orchestra.run.smithi046.stdout:/usr/bin/ceph: stderr
2023-07-20T02:19:36.616+0000 7f695b7fe700 1 --2- 172.21.15.46:0/425928642 >> [v2:172.21.15.46:3300/0,v1:172.21.15.46:6789/0] conn(0x7f695c106890 0x7f695c108c80 secure :-1 s=READY pgs=28 cs=0 l=1 rev1=1 crypto rx=0x7f694c0098a0 tx=0x7f694c009bb0 comp rx=0 tx=0).ready entity=mon.0 client_cookie=14cc0f10eeb264e6 server_cookie=0 in_seq=0 out_seq=0
2023-07-20T02:19:43.849 INFO:teuthology.orchestra.run.smithi046.stdout:/usr/bin/ceph: stderr
2023-07-20T02:19:36.617+0000 7f695a7fc700 1 -- 172.21.15.46:0/425928642 <== mon.0 v2:172.21.15.46:3300/0 1 ==== mon_map magic: 0 v1 ==== 205+0+0 (secure 0 0 0) 0x7f694c004160 con 0x7f695c106890
2023-07-20T02:19:43.849 INFO:teuthology.orchestra.run.smithi046.stdout:/usr/bin/ceph: stderr
2023-07-20T02:19:36.617+0000 7f695a7fc700 1 -- 172.21.15.46:0/425928642 <== mon.0 v2:172.21.15.46:3300/0 2 ==== config(25 keys) v1 ==== 1036+0+0 (secure 0 0 0) 0x7f694c0042c0 con 0x7f695c106890
2023-07-20T02:19:43.849 INFO:teuthology.orchestra.run.smithi046.stdout:/usr/bin/ceph: stderr
2023-07-20T02:19:36.617+0000 7f695a7fc700 1 -- 172.21.15.46:0/425928642 <== mon.0 v2:172.21.15.46:3300/0 3 ==== mon_map magic: 0 v1 ==== 205+0+0 (secure 0 0 0) 0x7f694c011940 con 0x7f695c106890
2023-07-20T02:19:43.850 INFO:teuthology.orchestra.run.smithi046.stdout:/usr/bin/ceph: stderr
2023-07-20T02:19:36.617+0000 7f6961b82700 1 -- 172.21.15.46:0/425928642 >> [v2:172.21.15.46:3300/0,v1:172.21.15.46:6789/0] conn(0x7f695c106890 msgr2=0x7f695c108c80 secure :-1 s=STATE_CONNECTION_ESTABLISHED l=1).mark_down
2023-07-20T02:19:43.850 INFO:teuthology.orchestra.run.smithi046.stdout:/usr/bin/ceph: stderr
2023-07-20T02:19:36.617+0000 7f6961b82700 1 --2- 172.21.15.46:0/425928642 >> [v2:172.21.15.46:3300/0,v1:172.21.15.46:6789/0] conn(0x7f695c106890 0x7f695c108c80 secure :-1 s=READY pgs=28 cs=0 l=1 rev1=1 crypto rx=0x7f694c0098a0 tx=0x7f694c009bb0 comp rx=0 tx=0).stop
2023-07-20T02:19:43.850 INFO:teuthology.orchestra.run.smithi046.stdout:/usr/bin/ceph: stderr
2023-07-20T02:19:36.617+0000 7f6961b82700 1 -- 172.21.15.46:0/425928642 shutdown_connections
2023-07-20T02:19:43.850 INFO:teuthology.orchestra.run.smithi046.stdout:/usr/bin/ceph: stderr
2023-07-20T02:19:36.617+0000 7f6961b82700 1 --2- 172.21.15.46:0/425928642 >> [v2:172.21.15.46:3300/0,v1:172.21.15.46:6789/0] conn(0x7f695c106890 0x7f695c108c80 unknown :-1 s=CLOSED pgs=28 cs=0 l=1 rev1=1 crypto rx=0 tx=0 comp rx=0 tx=0).stop
2023-07-20T02:19:43.850 INFO:teuthology.orchestra.run.smithi046.stdout:/usr/bin/ceph: stderr
2023-07-20T02:19:36.617+0000 7f6961b82700 1 -- 172.21.15.46:0/425928642 >> 172.21.15.46:0/425928642 conn(0x7f695c1002e0 msgr2=0x7f695c102700 unknown :-1 s=STATE_NONE l=0).mark_down
2023-07-20T02:19:43.851 INFO:teuthology.orchestra.run.smithi046.stdout:/usr/bin/ceph: stderr
2023-07-20T02:19:36.617+0000 7f6961b82700 1 -- 172.21.15.46:0/425928642 shutdown_connections
2023-07-20T02:19:43.851 INFO:teuthology.orchestra.run.smithi046.stdout:/usr/bin/ceph: stderr
2023-07-20T02:19:36.618+0000 7f6961b82700 1 -- 172.21.15.46:0/425928642 wait complete.
2023-07-20T02:19:43.851 INFO:teuthology.orchestra.run.smithi046.stdout:/usr/bin/ceph: stderr
2023-07-20T02:19:36.618+0000 7f6961b82700 1 Processor -- start
2023-07-20T02:19:43.851 INFO:teuthology.orchestra.run.smithi046.stdout:/usr/bin/ceph: stderr
2023-07-20T02:19:36.618+0000 7f6961b82700 1 -- start start
2023-07-20T02:19:43.851 INFO:teuthology.orchestra.run.smithi046.stdout:/usr/bin/ceph: stderr
2023-07-20T02:19:36.618+0000 7f6961b82700 1 --2- >> [v2:172.21.15.46:3300/0,v1:172.21.15.46:6789/0] conn(0x7f695c106890 0x7f695c199a10 unknown :-1 s=NONE pgs=0 cs=0 l=1 rev1=0 crypto rx=0 tx=0 comp rx=0 tx=0).connect
2023-07-20T02:19:43.851 INFO:teuthology.orchestra.run.smithi046.stdout:/usr/bin/ceph: stderr
2023-07-20T02:19:36.618+0000 7f6961b82700 1 -- --> [v2:172.21.15.46:3300/0,v1:172.21.15.46:6789/0] -- mon_getmap magic: 0 v1 -- 0x7f695c199f50 con 0x7f695c106890
2023-07-20T02:19:43.851 INFO:teuthology.orchestra.run.smithi046.stdout:/usr/bin/ceph: stderr
2023-07-20T02:19:36.619+0000 7f695b7fe700 1 --2- >> [v2:172.21.15.46:3300/0,v1:172.21.15.46:6789/0] conn(0x7f695c106890 0x7f695c199a10 unknown :-1 s=BANNER_CONNECTING pgs=0 cs=0 l=1 rev1=0 crypto rx=0 tx=0 comp rx=0 tx=0)._handle_peer_banner_payload supported=3 required=0
2023-07-20T02:19:43.852 INFO:teuthology.orchestra.run.smithi046.stdout:/usr/bin/ceph: stderr
2023-07-20T02:19:36.619+0000 7f695b7fe700 1 --2- >> [v2:172.21.15.46:3300/0,v1:172.21.15.46:6789/0] conn(0x7f695c106890 0x7f695c199a10 unknown :-1 s=HELLO_CONNECTING pgs=0 cs=0 l=1 rev1=1 crypto rx=0 tx=0 comp rx=0 tx=0).handle_hello peer v2:172.21.15.46:3300/0 says I am v2:172.21.15.46:59432/0 (socket says 172.21.15.46:59432)
2023-07-20T02:19:43.852 INFO:teuthology.orchestra.run.smithi046.stdout:/usr/bin/ceph: stderr
2023-07-20T02:19:36.619+0000 7f695b7fe700 1 -- 172.21.15.46:0/508676665 learned_addr learned my addr 172.21.15.46:0/508676665 (peer_addr_for_me v2:172.21.15.46:0/0)
2023-07-20T02:19:43.852 INFO:teuthology.orchestra.run.smithi046.stdout:/usr/bin/ceph: stderr
2023-07-20T02:19:36.619+0000 7f695b7fe700 1 -- 172.21.15.46:0/508676665 --> [v2:172.21.15.46:3300/0,v1:172.21.15.46:6789/0] -- mon_subscribe({config=0+,monmap=0+}) v3 -- 0x7f694c009550 con 0x7f695c106890
2023-07-20T02:19:43.852 INFO:teuthology.orchestra.run.smithi046.stdout:/usr/bin/ceph: stderr
2023-07-20T02:19:36.619+0000 7f695b7fe700 1 --2- 172.21.15.46:0/508676665 >> [v2:172.21.15.46:3300/0,v1:172.21.15.46:6789/0] conn(0x7f695c106890 0x7f695c199a10 secure :-1 s=READY pgs=29 cs=0 l=1 rev1=1 crypto rx=0x7f694c006af0 tx=0x7f694c011a30 comp rx=0 tx=0).ready entity=mon.0 client_cookie=0 server_cookie=0 in_seq=0 out_seq=0
2023-07-20T02:19:43.852 INFO:teuthology.orchestra.run.smithi046.stdout:/usr/bin/ceph: stderr
2023-07-20T02:19:36.619+0000 7f6958ff9700 1 -- 172.21.15.46:0/508676665 <== mon.0 v2:172.21.15.46:3300/0 1 ==== mon_map magic: 0 v1 ==== 205+0+0 (secure 0 0 0) 0x7f694c003bf0 con 0x7f695c106890
2023-07-20T02:19:43.853 INFO:teuthology.orchestra.run.smithi046.stdout:/usr/bin/ceph: stderr
2023-07-20T02:19:36.619+0000 7f6958ff9700 1 -- 172.21.15.46:0/508676665 <== mon.0 v2:172.21.15.46:3300/0 2 ==== config(25 keys) v1 ==== 1036+0+0 (secure 0 0 0) 0x7f694c01b8b0 con 0x7f695c106890
2023-07-20T02:19:43.853 INFO:teuthology.orchestra.run.smithi046.stdout:/usr/bin/ceph: stderr
2023-07-20T02:19:36.619+0000 7f6958ff9700 1 -- 172.21.15.46:0/508676665 <== mon.0 v2:172.21.15.46:3300/0 3 ==== mon_map magic: 0 v1 ==== 205+0+0 (secure 0 0 0) 0x7f694c0197b0 con 0x7f695c106890
2023-07-20T02:19:43.853 INFO:teuthology.orchestra.run.smithi046.stdout:/usr/bin/ceph: stderr
2023-07-20T02:19:36.619+0000 7f6961b82700 1 -- 172.21.15.46:0/508676665 --> [v2:172.21.15.46:3300/0,v1:172.21.15.46:6789/0] -- mon_subscribe({mgrmap=0+}) v3 -- 0x7f695c19a150 con 0x7f695c106890
2023-07-20T02:19:43.853 INFO:teuthology.orchestra.run.smithi046.stdout:/usr/bin/ceph: stderr
2023-07-20T02:19:36.619+0000 7f6961b82700 1 -- 172.21.15.46:0/508676665 --> [v2:172.21.15.46:3300/0,v1:172.21.15.46:6789/0] -- mon_subscribe({osdmap=0}) v3 -- 0x7f695c19a570 con 0x7f695c106890
2023-07-20T02:19:43.853 INFO:teuthology.orchestra.run.smithi046.stdout:/usr/bin/ceph: stderr
2023-07-20T02:19:36.620+0000 7f6958ff9700 1 -- 172.21.15.46:0/508676665 <== mon.0 v2:172.21.15.46:3300/0 4 ==== mgrmap(e 5) v1 ==== 45483+0+0 (secure 0 0 0) 0x7f694c019a20 con 0x7f695c106890
2023-07-20T02:19:43.853 INFO:teuthology.orchestra.run.smithi046.stdout:/usr/bin/ceph: stderr
2023-07-20T02:19:36.621+0000 7f6958ff9700 1 --2- 172.21.15.46:0/508676665 >> [v2:172.21.15.46:6800/155054240,v1:172.21.15.46:6801/155054240] conn(0x7f6944038710 0x7f694403abd0 unknown :-1 s=NONE pgs=0 cs=0 l=1 rev1=0 crypto rx=0 tx=0 comp rx=0 tx=0).connect
2023-07-20T02:19:43.853 INFO:teuthology.orchestra.run.smithi046.stdout:/usr/bin/ceph: stderr
2023-07-20T02:19:36.621+0000 7f6958ff9700 1 -- 172.21.15.46:0/508676665 --> [v2:172.21.15.46:6800/155054240,v1:172.21.15.46:6801/155054240] -- command(tid 0: {"prefix": "get_command_descriptions"}) v1 -- 0x7f694403b2e0 con 0x7f6944038710
2023-07-20T02:19:43.854 INFO:teuthology.orchestra.run.smithi046.stdout:/usr/bin/ceph: stderr
2023-07-20T02:19:36.621+0000 7f6958ff9700 1 -- 172.21.15.46:0/508676665 <== mon.0 v2:172.21.15.46:3300/0 5 ==== osd_map(1..1 src has 1..1) v4 ==== 725+0+0 (secure 0 0 0) 0x7f694c04cb90 con 0x7f695c106890
2023-07-20T02:19:43.854 INFO:teuthology.orchestra.run.smithi046.stdout:/usr/bin/ceph: stderr
2023-07-20T02:19:36.621+0000 7f695affd700 1 -- 172.21.15.46:0/508676665 >> [v2:172.21.15.46:6800/155054240,v1:172.21.15.46:6801/155054240] conn(0x7f6944038710 msgr2=0x7f694403abd0 unknown :-1 s=STATE_CONNECTING_RE l=1).process reconnect failed to v2:172.21.15.46:6800/155054240
2023-07-20T02:19:43.854 INFO:teuthology.orchestra.run.smithi046.stdout:/usr/bin/ceph: stderr
2023-07-20T02:19:36.621+0000 7f695affd700 1 --2- 172.21.15.46:0/508676665 >> [v2:172.21.15.46:6800/155054240,v1:172.21.15.46:6801/155054240] conn(0x7f6944038710 0x7f694403abd0 unknown :-1 s=START_CONNECT pgs=0 cs=0 l=1 rev1=0 crypto rx=0 tx=0 comp rx=0 tx=0)._fault waiting 0.200000
2023-07-20T02:19:43.854 INFO:teuthology.orchestra.run.smithi046.stdout:/usr/bin/ceph: stderr
2023-07-20T02:19:36.822+0000 7f695affd700 1 -- 172.21.15.46:0/508676665 >> [v2:172.21.15.46:6800/155054240,v1:172.21.15.46:6801/155054240] conn(0x7f6944038710 msgr2=0x7f694403abd0 unknown :-1 s=STATE_CONNECTING_RE l=1).process reconnect failed to v2:172.21.15.46:6800/155054240
2023-07-20T02:19:43.854 INFO:teuthology.orchestra.run.smithi046.stdout:/usr/bin/ceph: stderr
2023-07-20T02:19:36.822+0000 7f695affd700 1 --2- 172.21.15.46:0/508676665 >> [v2:172.21.15.46:6800/155054240,v1:172.21.15.46:6801/155054240] conn(0x7f6944038710 0x7f694403abd0 unknown :-1 s=START_CONNECT pgs=0 cs=0 l=1 rev1=0 crypto rx=0 tx=0 comp rx=0 tx=0)._fault waiting 0.400000
2023-07-20T02:19:43.854 INFO:teuthology.orchestra.run.smithi046.stdout:/usr/bin/ceph: stderr
2023-07-20T02:19:37.223+0000 7f695affd700 1 -- 172.21.15.46:0/508676665 >> [v2:172.21.15.46:6800/155054240,v1:172.21.15.46:6801/155054240] conn(0x7f6944038710 msgr2=0x7f694403abd0 unknown :-1 s=STATE_CONNECTING_RE l=1).process reconnect failed to v2:172.21.15.46:6800/155054240
2023-07-20T02:19:43.854 INFO:teuthology.orchestra.run.smithi046.stdout:/usr/bin/ceph: stderr
2023-07-20T02:19:37.223+0000 7f695affd700 1 --2- 172.21.15.46:0/508676665 >> [v2:172.21.15.46:6800/155054240,v1:172.21.15.46:6801/155054240] conn(0x7f6944038710 0x7f694403abd0 unknown :-1 s=START_CONNECT pgs=0 cs=0 l=1 rev1=0 crypto rx=0 tx=0 comp rx=0 tx=0)._fault waiting 0.800000
2023-07-20T02:19:43.854 INFO:teuthology.orchestra.run.smithi046.stdout:/usr/bin/ceph: stderr
2023-07-20T02:19:38.024+0000 7f695affd700 1 -- 172.21.15.46:0/508676665 >> [v2:172.21.15.46:6800/155054240,v1:172.21.15.46:6801/155054240] conn(0x7f6944038710 msgr2=0x7f694403abd0 unknown :-1 s=STATE_CONNECTING_RE l=1).process reconnect failed to v2:172.21.15.46:6800/155054240
2023-07-20T02:19:43.855 INFO:teuthology.orchestra.run.smithi046.stdout:/usr/bin/ceph: stderr
2023-07-20T02:19:38.024+0000 7f695affd700 1 --2- 172.21.15.46:0/508676665 >> [v2:172.21.15.46:6800/155054240,v1:172.21.15.46:6801/155054240] conn(0x7f6944038710 0x7f694403abd0 unknown :-1 s=START_CONNECT pgs=0 cs=0 l=1 rev1=0 crypto rx=0 tx=0 comp rx=0 tx=0)._fault waiting 1.600000
2023-07-20T02:19:43.855 INFO:teuthology.orchestra.run.smithi046.stdout:/usr/bin/ceph: stderr
2023-07-20T02:19:39.625+0000 7f695affd700 1 -- 172.21.15.46:0/508676665 >> [v2:172.21.15.46:6800/155054240,v1:172.21.15.46:6801/155054240] conn(0x7f6944038710 msgr2=0x7f694403abd0 unknown :-1 s=STATE_CONNECTING_RE l=1).process reconnect failed to v2:172.21.15.46:6800/155054240
2023-07-20T02:19:43.855 INFO:teuthology.orchestra.run.smithi046.stdout:/usr/bin/ceph: stderr
2023-07-20T02:19:39.625+0000 7f695affd700 1 --2- 172.21.15.46:0/508676665 >> [v2:172.21.15.46:6800/155054240,v1:172.21.15.46:6801/155054240] conn(0x7f6944038710 0x7f694403abd0 unknown :-1 s=START_CONNECT pgs=0 cs=0 l=1 rev1=0 crypto rx=0 tx=0 comp rx=0 tx=0)._fault waiting 3.200000
2023-07-20T02:19:43.855 INFO:teuthology.orchestra.run.smithi046.stdout:/usr/bin/ceph: stderr
2023-07-20T02:19:42.481+0000 7f6958ff9700 1 -- 172.21.15.46:0/508676665 <== mon.0 v2:172.21.15.46:3300/0 6 ==== mgrmap(e 6) v1 ==== 45250+0+0 (secure 0 0 0) 0x7f694c01ba90 con 0x7f695c106890
2023-07-20T02:19:43.855 INFO:teuthology.orchestra.run.smithi046.stdout:/usr/bin/ceph: stderr
2023-07-20T02:19:42.481+0000 7f6958ff9700 1 -- 172.21.15.46:0/508676665 >> [v2:172.21.15.46:6800/155054240,v1:172.21.15.46:6801/155054240] conn(0x7f6944038710 msgr2=0x7f694403abd0 unknown :-1 s=STATE_CONNECTING l=1).mark_down
2023-07-20T02:19:43.855 INFO:teuthology.orchestra.run.smithi046.stdout:/usr/bin/ceph: stderr
2023-07-20T02:19:42.481+0000 7f6958ff9700 1 --2- 172.21.15.46:0/508676665 >> [v2:172.21.15.46:6800/155054240,v1:172.21.15.46:6801/155054240] conn(0x7f6944038710 0x7f694403abd0 unknown :-1 s=START_CONNECT pgs=0 cs=0 l=1 rev1=0 crypto rx=0 tx=0 comp rx=0 tx=0).stop
2023-07-20T02:19:43.855 INFO:teuthology.orchestra.run.smithi046.stdout:/usr/bin/ceph: stderr
2023-07-20T02:19:43.481+0000 7f6958ff9700 1 -- 172.21.15.46:0/508676665 <== mon.0 v2:172.21.15.46:3300/0 7 ==== mgrmap(e 7) v1 ==== 45377+0+0 (secure 0 0 0) 0x7f694c04e840 con 0x7f695c106890
2023-07-20T02:19:43.855 INFO:teuthology.orchestra.run.smithi046.stdout:/usr/bin/ceph: stderr
2023-07-20T02:19:43.481+0000 7f6958ff9700 1 --2- 172.21.15.46:0/508676665 >> [v2:172.21.15.46:6800/2816883213,v1:172.21.15.46:6801/2816883213] conn(0x7f694403bff0 0x7f694403e3e0 unknown :-1 s=NONE pgs=0 cs=0 l=1 rev1=0 crypto rx=0 tx=0 comp rx=0 tx=0).connect
2023-07-20T02:19:43.856 INFO:teuthology.orchestra.run.smithi046.stdout:/usr/bin/ceph: stderr
2023-07-20T02:19:43.481+0000 7f6958ff9700 1 -- 172.21.15.46:0/508676665 --> [v2:172.21.15.46:6800/2816883213,v1:172.21.15.46:6801/2816883213] -- command(tid 0: {"prefix": "get_command_descriptions"}) v1 -- 0x7f694403b2e0 con 0x7f694403bff0
2023-07-20T02:19:43.856 INFO:teuthology.orchestra.run.smithi046.stdout:/usr/bin/ceph: stderr
2023-07-20T02:19:43.482+0000 7f695affd700 1 --2- 172.21.15.46:0/508676665 >> [v2:172.21.15.46:6800/2816883213,v1:172.21.15.46:6801/2816883213] conn(0x7f694403bff0 0x7f694403e3e0 unknown :-1 s=BANNER_CONNECTING pgs=0 cs=0 l=1 rev1=0 crypto rx=0 tx=0 comp rx=0 tx=0)._handle_peer_banner_payload supported=3 required=0
2023-07-20T02:19:43.856 INFO:teuthology.orchestra.run.smithi046.stdout:/usr/bin/ceph: stderr
2023-07-20T02:19:43.482+0000 7f695affd700 1 --2- 172.21.15.46:0/508676665 >> [v2:172.21.15.46:6800/2816883213,v1:172.21.15.46:6801/2816883213] conn(0x7f694403bff0 0x7f694403e3e0 secure :-1 s=READY pgs=2 cs=0 l=1 rev1=1 crypto rx=0x7f6950003a10 tx=0x7f69500092b0 comp rx=0 tx=0).ready entity=mgr.14120 client_cookie=0 server_cookie=0 in_seq=0 out_seq=0
2023-07-20T02:19:43.856 INFO:teuthology.orchestra.run.smithi046.stdout:/usr/bin/ceph: stderr
2023-07-20T02:19:43.483+0000 7f6958ff9700 1 -- 172.21.15.46:0/508676665 <== mgr.14120 v2:172.21.15.46:6800/2816883213 1 ==== command_reply(tid 0: 0 ) v1 ==== 8+0+6910 (secure 0 0 0) 0x7f694403b2e0 con 0x7f694403bff0
2023-07-20T02:19:43.856 INFO:teuthology.orchestra.run.smithi046.stdout:/usr/bin/ceph: stderr
2023-07-20T02:19:43.494+0000 7f6961b82700 1 -- 172.21.15.46:0/508676665 --> [v2:172.21.15.46:6800/2816883213,v1:172.21.15.46:6801/2816883213] -- command(tid 1: {"prefix": "mgr_status"}) v1 -- 0x7f695c19ad50 con 0x7f694403bff0
2023-07-20T02:19:43.856 INFO:teuthology.orchestra.run.smithi046.stdout:/usr/bin/ceph: stderr
2023-07-20T02:19:43.494+0000 7f6958ff9700 1 -- 172.21.15.46:0/508676665 <== mgr.14120 v2:172.21.15.46:6800/2816883213 2 ==== command_reply(tid 1: 0 ) v1 ==== 8+0+51 (secure 0 0 0) 0x7f695c19ad50 con 0x7f694403bff0
2023-07-20T02:19:43.856 INFO:teuthology.orchestra.run.smithi046.stdout:/usr/bin/ceph: stderr
2023-07-20T02:19:43.494+0000 7f6961b82700 1 -- 172.21.15.46:0/508676665 >> [v2:172.21.15.46:6800/2816883213,v1:172.21.15.46:6801/2816883213] conn(0x7f694403bff0 msgr2=0x7f694403e3e0 secure :-1 s=STATE_CONNECTION_ESTABLISHED l=1).mark_down
2023-07-20T02:19:43.857 INFO:teuthology.orchestra.run.smithi046.stdout:/usr/bin/ceph: stderr
2023-07-20T02:19:43.494+0000 7f6961b82700 1 --2- 172.21.15.46:0/508676665 >> [v2:172.21.15.46:6800/2816883213,v1:172.21.15.46:6801/2816883213] conn(0x7f694403bff0 0x7f694403e3e0 secure :-1 s=READY pgs=2 cs=0 l=1 rev1=1 crypto rx=0x7f6950003a10 tx=0x7f69500092b0 comp rx=0 tx=0).stop
2023-07-20T02:19:43.857 INFO:teuthology.orchestra.run.smithi046.stdout:/usr/bin/ceph: stderr
2023-07-20T02:19:43.494+0000 7f6961b82700 1 -- 172.21.15.46:0/508676665 >> [v2:172.21.15.46:3300/0,v1:172.21.15.46:6789/0] conn(0x7f695c106890 msgr2=0x7f695c199a10 secure :-1 s=STATE_CONNECTION_ESTABLISHED l=1).mark_down
2023-07-20T02:19:43.857 INFO:teuthology.orchestra.run.smithi046.stdout:/usr/bin/ceph: stderr
2023-07-20T02:19:43.494+0000 7f6961b82700 1 --2- 172.21.15.46:0/508676665 >> [v2:172.21.15.46:3300/0,v1:172.21.15.46:6789/0] conn(0x7f695c106890 0x7f695c199a10 secure :-1 s=READY pgs=29 cs=0 l=1 rev1=1 crypto rx=0x7f694c006af0 tx=0x7f694c011a30 comp rx=0 tx=0).stop
2023-07-20T02:19:43.857 INFO:teuthology.orchestra.run.smithi046.stdout:/usr/bin/ceph: stderr
2023-07-20T02:19:43.495+0000 7f6961b82700 1 -- 172.21.15.46:0/508676665 shutdown_connections
2023-07-20T02:19:43.857 INFO:teuthology.orchestra.run.smithi046.stdout:/usr/bin/ceph: stderr
2023-07-20T02:19:43.495+0000 7f6961b82700 1 --2- 172.21.15.46:0/508676665 >> [v2:172.21.15.46:6800/2816883213,v1:172.21.15.46:6801/2816883213] conn(0x7f694403bff0 0x7f694403e3e0 unknown :-1 s=CLOSED pgs=2 cs=0 l=1 rev1=1 crypto rx=0 tx=0 comp rx=0 tx=0).stop
2023-07-20T02:19:43.857 INFO:teuthology.orchestra.run.smithi046.stdout:/usr/bin/ceph: stderr
2023-07-20T02:19:43.495+0000 7f6961b82700 1 --2- 172.21.15.46:0/508676665 >> [v2:172.21.15.46:3300/0,v1:172.21.15.46:6789/0] conn(0x7f695c106890 0x7f695c199a10 unknown :-1 s=CLOSED pgs=29 cs=0 l=1 rev1=1 crypto rx=0 tx=0 comp rx=0 tx=0).stop
2023-07-20T02:19:43.857 INFO:teuthology.orchestra.run.smithi046.stdout:/usr/bin/ceph: stderr
2023-07-20T02:19:43.495+0000 7f6961b82700 1 --2- 172.21.15.46:0/508676665 >> [v2:172.21.15.46:6800/155054240,v1:172.21.15.46:6801/155054240] conn(0x7f6944038710 0x7f694403abd0 unknown :-1 s=CLOSED pgs=0 cs=0 l=1 rev1=0 crypto rx=0 tx=0 comp rx=0 tx=0).stop
2023-07-20T02:19:43.857 INFO:teuthology.orchestra.run.smithi046.stdout:/usr/bin/ceph: stderr
2023-07-20T02:19:43.495+0000 7f6961b82700 1 -- 172.21.15.46:0/508676665 >> 172.21.15.46:0/508676665 conn(0x7f695c1002e0 msgr2=0x7f695c1010a0 unknown :-1 s=STATE_NONE l=0).mark_down
2023-07-20T02:19:43.858 INFO:teuthology.orchestra.run.smithi046.stdout:/usr/bin/ceph: stderr
2023-07-20T02:19:43.495+0000 7f6961b82700 1 -- 172.21.15.46:0/508676665 shutdown_connections
2023-07-20T02:19:43.858 INFO:teuthology.orchestra.run.smithi046.stdout:/usr/bin/ceph: stderr
2023-07-20T02:19:43.495+0000 7f6961b82700 1 -- 172.21.15.46:0/508676665 wait complete.
2023-07-20T02:19:43.858 INFO:teuthology.orchestra.run.smithi046.stdout:mgr epoch 5 is available
2023-07-20T02:19:43.858 INFO:teuthology.orchestra.run.smithi046.stdout:Setting orchestrator backend to cephadm...
2023-07-20T02:19:44.775 INFO:journalctl@ceph.mon.a.smithi046.stdout:Jul 20 02:19:44 smithi046 ceph-mon[96516]: from='client.14124 -' entity='client.admin' cmd=[{"prefix": "get_command_descriptions"}]: dispatch
2023-07-20T02:19:44.776 INFO:journalctl@ceph.mon.a.smithi046.stdout:Jul 20 02:19:44 smithi046 ceph-mon[96516]: from='client.14124 -' entity='client.admin' cmd=[{"prefix": "mgr_status"}]: dispatch
2023-07-20T02:19:44.776 INFO:journalctl@ceph.mon.a.smithi046.stdout:Jul 20 02:19:44 smithi046 ceph-mon[96516]: [20/Jul/2023:02:19:43] ENGINE Bus STARTING
2023-07-20T02:19:44.776 INFO:journalctl@ceph.mon.a.smithi046.stdout:Jul 20 02:19:44 smithi046 ceph-mon[96516]: [20/Jul/2023:02:19:43] ENGINE Serving on https://172.21.15.46:7150
2023-07-20T02:19:44.776 INFO:journalctl@ceph.mon.a.smithi046.stdout:Jul 20 02:19:44 smithi046 ceph-mon[96516]: [20/Jul/2023:02:19:43] ENGINE Serving on http://172.21.15.46:8765
2023-07-20T02:19:44.776 INFO:journalctl@ceph.mon.a.smithi046.stdout:Jul 20 02:19:44 smithi046 ceph-mon[96516]: [20/Jul/2023:02:19:43] ENGINE Bus STARTED
2023-07-20T02:19:44.776 INFO:journalctl@ceph.mon.a.smithi046.stdout:Jul 20 02:19:44 smithi046 ceph-mon[96516]: from='mgr.14120 172.21.15.46:0/809993324' entity='mgr.x' cmd=[{"prefix": "config dump", "format": "json"}]: dispatch
2023-07-20T02:19:45.190 INFO:teuthology.orchestra.run.smithi046.stdout:/usr/bin/ceph: stderr
2023-07-20T02:19:44.375+0000 7f4883c91700 1 Processor -- start
2023-07-20T02:19:45.195 INFO:teuthology.orchestra.run.smithi046.stdout:/usr/bin/ceph: stderr
2023-07-20T02:19:44.375+0000 7f4883c91700 1 -- start start
2023-07-20T02:19:45.195 INFO:teuthology.orchestra.run.smithi046.stdout:/usr/bin/ceph: stderr
2023-07-20T02:19:44.376+0000 7f4883c91700 1 --2- >> [v2:172.21.15.46:3300/0,v1:172.21.15.46:6789/0] conn(0x7f487c105de0 0x7f487c106200 unknown :-1 s=NONE pgs=0 cs=0 l=0 rev1=0 crypto rx=0 tx=0 comp rx=0 tx=0).connect
2023-07-20T02:19:45.196 INFO:teuthology.orchestra.run.smithi046.stdout:/usr/bin/ceph: stderr
2023-07-20T02:19:44.376+0000 7f4883c91700 1 -- --> [v2:172.21.15.46:3300/0,v1:172.21.15.46:6789/0] -- mon_getmap magic: 0 v1 -- 0x7f487c1067d0 con 0x7f487c105de0
2023-07-20T02:19:45.196 INFO:teuthology.orchestra.run.smithi046.stdout:/usr/bin/ceph: stderr
