2023-07-20T02:33:32.485 INFO:teuthology.orchestra.run.smithi017.stdout:/usr/bin/ceph: stderr
2023-07-20T02:33:31.703+0000 7fb58b5d0700 1 --2- 172.21.15.17:0/3444418329 >> [v2:172.21.15.17:3300/0,v1:172.21.15.17:6789/0] conn(0x7fb584105100 0x7fb584105520 unknown :-1 s=CLOSED pgs=49 cs=0 l=1 rev1=1 crypto rx=0 tx=0 comp rx=0 tx=0).stop
2023-07-20T02:33:32.485 INFO:teuthology.orchestra.run.smithi017.stdout:/usr/bin/ceph: stderr
2023-07-20T02:33:31.703+0000 7fb58b5d0700 1 -- 172.21.15.17:0/3444418329 >> 172.21.15.17:0/3444418329 conn(0x7fb584100680 msgr2=0x7fb584102ae0 unknown :-1 s=STATE_NONE l=0).mark_down
2023-07-20T02:33:32.485 INFO:teuthology.orchestra.run.smithi017.stdout:/usr/bin/ceph: stderr
2023-07-20T02:33:31.703+0000 7fb58b5d0700 1 -- 172.21.15.17:0/3444418329 shutdown_connections
2023-07-20T02:33:32.485 INFO:teuthology.orchestra.run.smithi017.stdout:/usr/bin/ceph: stderr
2023-07-20T02:33:31.703+0000 7fb58b5d0700 1 -- 172.21.15.17:0/3444418329 wait complete.
2023-07-20T02:33:32.485 INFO:teuthology.orchestra.run.smithi017.stdout:/usr/bin/ceph: stderr
2023-07-20T02:33:31.703+0000 7fb58b5d0700 1 Processor -- start
2023-07-20T02:33:32.485 INFO:teuthology.orchestra.run.smithi017.stdout:/usr/bin/ceph: stderr
2023-07-20T02:33:31.703+0000 7fb58b5d0700 1 -- start start
2023-07-20T02:33:32.485 INFO:teuthology.orchestra.run.smithi017.stdout:/usr/bin/ceph: stderr
2023-07-20T02:33:31.704+0000 7fb58b5d0700 1 --2- >> [v2:172.21.15.17:3300/0,v1:172.21.15.17:6789/0] conn(0x7fb584105100 0x7fb584199f40 unknown :-1 s=NONE pgs=0 cs=0 l=1 rev1=0 crypto rx=0 tx=0 comp rx=0 tx=0).connect
2023-07-20T02:33:32.485 INFO:teuthology.orchestra.run.smithi017.stdout:/usr/bin/ceph: stderr
2023-07-20T02:33:31.704+0000 7fb58b5d0700 1 -- --> [v2:172.21.15.17:3300/0,v1:172.21.15.17:6789/0] -- mon_getmap magic: 0 v1 -- 0x7fb58419a480 con 0x7fb584105100
2023-07-20T02:33:32.486 INFO:teuthology.orchestra.run.smithi017.stdout:/usr/bin/ceph: stderr
2023-07-20T02:33:31.704+0000 7fb58936c700 1 --2- >> [v2:172.21.15.17:3300/0,v1:172.21.15.17:6789/0] conn(0x7fb584105100 0x7fb584199f40 unknown :-1 s=BANNER_CONNECTING pgs=0 cs=0 l=1 rev1=0 crypto rx=0 tx=0 comp rx=0 tx=0)._handle_peer_banner_payload supported=3 required=0
2023-07-20T02:33:32.486 INFO:teuthology.orchestra.run.smithi017.stdout:/usr/bin/ceph: stderr
2023-07-20T02:33:31.704+0000 7fb58936c700 1 --2- >> [v2:172.21.15.17:3300/0,v1:172.21.15.17:6789/0] conn(0x7fb584105100 0x7fb584199f40 unknown :-1 s=HELLO_CONNECTING pgs=0 cs=0 l=1 rev1=1 crypto rx=0 tx=0 comp rx=0 tx=0).handle_hello peer v2:172.21.15.17:3300/0 says I am v2:172.21.15.17:42470/0 (socket says 172.21.15.17:42470)
2023-07-20T02:33:32.486 INFO:teuthology.orchestra.run.smithi017.stdout:/usr/bin/ceph: stderr
2023-07-20T02:33:31.704+0000 7fb58936c700 1 -- 172.21.15.17:0/2081525211 learned_addr learned my addr 172.21.15.17:0/2081525211 (peer_addr_for_me v2:172.21.15.17:0/0)
2023-07-20T02:33:32.486 INFO:teuthology.orchestra.run.smithi017.stdout:/usr/bin/ceph: stderr
2023-07-20T02:33:31.704+0000 7fb58936c700 1 -- 172.21.15.17:0/2081525211 --> [v2:172.21.15.17:3300/0,v1:172.21.15.17:6789/0] -- mon_subscribe({config=0+,monmap=0+}) v3 -- 0x7fb580009550 con 0x7fb584105100
2023-07-20T02:33:32.486 INFO:teuthology.orchestra.run.smithi017.stdout:/usr/bin/ceph: stderr
2023-07-20T02:33:31.704+0000 7fb58936c700 1 --2- 172.21.15.17:0/2081525211 >> [v2:172.21.15.17:3300/0,v1:172.21.15.17:6789/0] conn(0x7fb584105100 0x7fb584199f40 secure :-1 s=READY pgs=50 cs=0 l=1 rev1=1 crypto rx=0x7fb580009130 tx=0x7fb580011ad0 comp rx=0 tx=0).ready entity=mon.0 client_cookie=0 server_cookie=0 in_seq=0 out_seq=0
2023-07-20T02:33:32.487 INFO:teuthology.orchestra.run.smithi017.stdout:/usr/bin/ceph: stderr
2023-07-20T02:33:31.704+0000 7fb57a7fc700 1 -- 172.21.15.17:0/2081525211 <== mon.0 v2:172.21.15.17:3300/0 1 ==== mon_map magic: 0 v1 ==== 205+0+0 (secure 0 0 0) 0x7fb580003ab0 con 0x7fb584105100
2023-07-20T02:33:32.487 INFO:teuthology.orchestra.run.smithi017.stdout:/usr/bin/ceph: stderr
2023-07-20T02:33:31.705+0000 7fb58b5d0700 1 -- 172.21.15.17:0/2081525211 --> [v2:172.21.15.17:3300/0,v1:172.21.15.17:6789/0] -- mon_subscribe({mgrmap=0+}) v3 -- 0x7fb58419a680 con 0x7fb584105100
2023-07-20T02:33:32.487 INFO:teuthology.orchestra.run.smithi017.stdout:/usr/bin/ceph: stderr
2023-07-20T02:33:31.705+0000 7fb57a7fc700 1 -- 172.21.15.17:0/2081525211 <== mon.0 v2:172.21.15.17:3300/0 2 ==== config(26 keys) v1 ==== 1074+0+0 (secure 0 0 0) 0x7fb580003c10 con 0x7fb584105100
2023-07-20T02:33:32.487 INFO:teuthology.orchestra.run.smithi017.stdout:/usr/bin/ceph: stderr
2023-07-20T02:33:31.705+0000 7fb57a7fc700 1 -- 172.21.15.17:0/2081525211 <== mon.0 v2:172.21.15.17:3300/0 3 ==== mon_map magic: 0 v1 ==== 205+0+0 (secure 0 0 0) 0x7fb5800247d0 con 0x7fb584105100
2023-07-20T02:33:32.487 INFO:teuthology.orchestra.run.smithi017.stdout:/usr/bin/ceph: stderr
2023-07-20T02:33:31.705+0000 7fb58b5d0700 1 -- 172.21.15.17:0/2081525211 --> [v2:172.21.15.17:3300/0,v1:172.21.15.17:6789/0] -- mon_subscribe({osdmap=0}) v3 -- 0x7fb58419aaa0 con 0x7fb584105100
2023-07-20T02:33:32.487 INFO:teuthology.orchestra.run.smithi017.stdout:/usr/bin/ceph: stderr
2023-07-20T02:33:31.705+0000 7fb57a7fc700 1 -- 172.21.15.17:0/2081525211 <== mon.0 v2:172.21.15.17:3300/0 4 ==== mgrmap(e 8) v1 ==== 45483+0+0 (secure 0 0 0) 0x7fb58002d3f0 con 0x7fb584105100
2023-07-20T02:33:32.487 INFO:teuthology.orchestra.run.smithi017.stdout:/usr/bin/ceph: stderr
2023-07-20T02:33:31.706+0000 7fb57a7fc700 1 --2- 172.21.15.17:0/2081525211 >> [v2:172.21.15.17:6800/3625702005,v1:172.21.15.17:6801/3625702005] conn(0x7fb570038710 0x7fb57003abd0 unknown :-1 s=NONE pgs=0 cs=0 l=1 rev1=0 crypto rx=0 tx=0 comp rx=0 tx=0).connect
2023-07-20T02:33:32.487 INFO:teuthology.orchestra.run.smithi017.stdout:/usr/bin/ceph: stderr
2023-07-20T02:33:31.706+0000 7fb57a7fc700 1 -- 172.21.15.17:0/2081525211 <== mon.0 v2:172.21.15.17:3300/0 5 ==== osd_map(2..2 src has 1..2) v4 ==== 940+0+0 (secure 0 0 0) 0x7fb58004d860 con 0x7fb584105100
2023-07-20T02:33:32.488 INFO:teuthology.orchestra.run.smithi017.stdout:/usr/bin/ceph: stderr
2023-07-20T02:33:31.706+0000 7fb588b6b700 1 --2- 172.21.15.17:0/2081525211 >> [v2:172.21.15.17:6800/3625702005,v1:172.21.15.17:6801/3625702005] conn(0x7fb570038710 0x7fb57003abd0 unknown :-1 s=BANNER_CONNECTING pgs=0 cs=0 l=1 rev1=0 crypto rx=0 tx=0 comp rx=0 tx=0)._handle_peer_banner_payload supported=3 required=0
2023-07-20T02:33:32.488 INFO:teuthology.orchestra.run.smithi017.stdout:/usr/bin/ceph: stderr
2023-07-20T02:33:31.706+0000 7fb58b5d0700 1 -- 172.21.15.17:0/2081525211 --> [v2:172.21.15.17:3300/0,v1:172.21.15.17:6789/0] -- mon_command({"prefix": "get_command_descriptions"} v 0) v1 -- 0x7fb584061da0 con 0x7fb584105100
2023-07-20T02:33:32.488 INFO:teuthology.orchestra.run.smithi017.stdout:/usr/bin/ceph: stderr
2023-07-20T02:33:31.706+0000 7fb588b6b700 1 --2- 172.21.15.17:0/2081525211 >> [v2:172.21.15.17:6800/3625702005,v1:172.21.15.17:6801/3625702005] conn(0x7fb570038710 0x7fb57003abd0 secure :-1 s=READY pgs=13 cs=0 l=1 rev1=1 crypto rx=0x7fb574006fd0 tx=0x7fb574006e40 comp rx=0 tx=0).ready entity=mgr.14120 client_cookie=0 server_cookie=0 in_seq=0 out_seq=0
2023-07-20T02:33:32.488 INFO:teuthology.orchestra.run.smithi017.stdout:/usr/bin/ceph: stderr
2023-07-20T02:33:31.711+0000 7fb57a7fc700 1 -- 172.21.15.17:0/2081525211 <== mon.0 v2:172.21.15.17:3300/0 6 ==== mon_command_ack([{"prefix": "get_command_descriptions"}]=0 v0) v1 ==== 72+0+178025 (secure 0 0 0) 0x7fb580010970 con 0x7fb584105100
2023-07-20T02:33:32.488 INFO:teuthology.orchestra.run.smithi017.stdout:/usr/bin/ceph: stderr
2023-07-20T02:33:31.748+0000 7fb57a7fc700 1 -- 172.21.15.17:0/2081525211 <== mon.0 v2:172.21.15.17:3300/0 7 ==== config(26 keys) v1 ==== 1105+0+0 (secure 0 0 0) 0x7fb580010970 con 0x7fb584105100
2023-07-20T02:33:32.488 INFO:teuthology.orchestra.run.smithi017.stdout:/usr/bin/ceph: stderr
2023-07-20T02:33:32.099+0000 7fb58b5d0700 1 -- 172.21.15.17:0/2081525211 --> [v2:172.21.15.17:6800/3625702005,v1:172.21.15.17:6801/3625702005] -- mgr_command(tid 0: {"prefix": "orch apply", "service_type": "mgr", "unmanaged": true, "target": ["mon-mgr", ""]}) v1 -- 0x7fb584102900 con 0x7fb570038710
2023-07-20T02:33:32.488 INFO:teuthology.orchestra.run.smithi017.stdout:/usr/bin/ceph: stderr
2023-07-20T02:33:32.105+0000 7fb57a7fc700 1 -- 172.21.15.17:0/2081525211 <== mgr.14120 v2:172.21.15.17:6800/3625702005 1 ==== mgr_command_reply(tid 0: 0 ) v1 ==== 8+0+24 (secure 0 0 0) 0x7fb584102900 con 0x7fb570038710
2023-07-20T02:33:32.489 INFO:teuthology.orchestra.run.smithi017.stdout:/usr/bin/ceph: stderr
2023-07-20T02:33:32.107+0000 7fb58b5d0700 1 -- 172.21.15.17:0/2081525211 >> [v2:172.21.15.17:6800/3625702005,v1:172.21.15.17:6801/3625702005] conn(0x7fb570038710 msgr2=0x7fb57003abd0 secure :-1 s=STATE_CONNECTION_ESTABLISHED l=1).mark_down
2023-07-20T02:33:32.489 INFO:teuthology.orchestra.run.smithi017.stdout:/usr/bin/ceph: stderr
2023-07-20T02:33:32.107+0000 7fb58b5d0700 1 --2- 172.21.15.17:0/2081525211 >> [v2:172.21.15.17:6800/3625702005,v1:172.21.15.17:6801/3625702005] conn(0x7fb570038710 0x7fb57003abd0 secure :-1 s=READY pgs=13 cs=0 l=1 rev1=1 crypto rx=0x7fb574006fd0 tx=0x7fb574006e40 comp rx=0 tx=0).stop
2023-07-20T02:33:32.489 INFO:teuthology.orchestra.run.smithi017.stdout:/usr/bin/ceph: stderr
2023-07-20T02:33:32.107+0000 7fb58b5d0700 1 -- 172.21.15.17:0/2081525211 >> [v2:172.21.15.17:3300/0,v1:172.21.15.17:6789/0] conn(0x7fb584105100 msgr2=0x7fb584199f40 secure :-1 s=STATE_CONNECTION_ESTABLISHED l=1).mark_down
2023-07-20T02:33:32.489 INFO:teuthology.orchestra.run.smithi017.stdout:/usr/bin/ceph: stderr
2023-07-20T02:33:32.107+0000 7fb58b5d0700 1 --2- 172.21.15.17:0/2081525211 >> [v2:172.21.15.17:3300/0,v1:172.21.15.17:6789/0] conn(0x7fb584105100 0x7fb584199f40 secure :-1 s=READY pgs=50 cs=0 l=1 rev1=1 crypto rx=0x7fb580009130 tx=0x7fb580011ad0 comp rx=0 tx=0).stop
2023-07-20T02:33:32.489 INFO:teuthology.orchestra.run.smithi017.stdout:/usr/bin/ceph: stderr
2023-07-20T02:33:32.107+0000 7fb58b5d0700 1 -- 172.21.15.17:0/2081525211 shutdown_connections
2023-07-20T02:33:32.489 INFO:teuthology.orchestra.run.smithi017.stdout:/usr/bin/ceph: stderr
2023-07-20T02:33:32.107+0000 7fb58b5d0700 1 --2- 172.21.15.17:0/2081525211 >> [v2:172.21.15.17:6800/3625702005,v1:172.21.15.17:6801/3625702005] conn(0x7fb570038710 0x7fb57003abd0 unknown :-1 s=CLOSED pgs=13 cs=0 l=1 rev1=1 crypto rx=0 tx=0 comp rx=0 tx=0).stop
2023-07-20T02:33:32.489 INFO:teuthology.orchestra.run.smithi017.stdout:/usr/bin/ceph: stderr
2023-07-20T02:33:32.107+0000 7fb58b5d0700 1 --2- 172.21.15.17:0/2081525211 >> [v2:172.21.15.17:3300/0,v1:172.21.15.17:6789/0] conn(0x7fb584105100 0x7fb584199f40 unknown :-1 s=CLOSED pgs=50 cs=0 l=1 rev1=1 crypto rx=0 tx=0 comp rx=0 tx=0).stop
2023-07-20T02:33:32.490 INFO:teuthology.orchestra.run.smithi017.stdout:/usr/bin/ceph: stderr
2023-07-20T02:33:32.107+0000 7fb58b5d0700 1 -- 172.21.15.17:0/2081525211 >> 172.21.15.17:0/2081525211 conn(0x7fb584100680 msgr2=0x7fb584073a20 unknown :-1 s=STATE_NONE l=0).mark_down
2023-07-20T02:33:32.490 INFO:teuthology.orchestra.run.smithi017.stdout:/usr/bin/ceph: stderr
2023-07-20T02:33:32.108+0000 7fb58b5d0700 1 -- 172.21.15.17:0/2081525211 shutdown_connections
2023-07-20T02:33:32.490 INFO:teuthology.orchestra.run.smithi017.stdout:/usr/bin/ceph: stderr
2023-07-20T02:33:32.108+0000 7fb58b5d0700 1 -- 172.21.15.17:0/2081525211 wait complete.
2023-07-20T02:33:32.943 INFO:journalctl@ceph.mon.a.smithi017.stdout:Jul 20 02:33:32 smithi017 ceph-mon[127345]: from='mgr.14120 172.21.15.17:0/573697983' entity='mgr.x'
2023-07-20T02:33:32.943 INFO:journalctl@ceph.mon.a.smithi017.stdout:Jul 20 02:33:32 smithi017 ceph-mon[127345]: from='client.14144 -' entity='client.admin' cmd=[{"prefix": "orch apply", "service_type": "mgr", "unmanaged": true, "target": ["mon-mgr", ""]}]: dispatch
2023-07-20T02:33:32.944 INFO:journalctl@ceph.mon.a.smithi017.stdout:Jul 20 02:33:32 smithi017 ceph-mon[127345]: Saving service mgr spec with placement count:2
2023-07-20T02:33:32.944 INFO:journalctl@ceph.mon.a.smithi017.stdout:Jul 20 02:33:32 smithi017 ceph-mon[127345]: from='mgr.14120 172.21.15.17:0/573697983' entity='mgr.x'
2023-07-20T02:33:32.944 INFO:journalctl@ceph.mon.a.smithi017.stdout:Jul 20 02:33:32 smithi017 ceph-mon[127345]: from='mgr.14120 172.21.15.17:0/573697983' entity='mgr.x'
2023-07-20T02:33:33.826 INFO:teuthology.orchestra.run.smithi017.stdout:/usr/bin/ceph: stderr
2023-07-20T02:33:32.959+0000 7fa556be7700 1 Processor -- start
2023-07-20T02:33:33.827 INFO:teuthology.orchestra.run.smithi017.stdout:/usr/bin/ceph: stderr
2023-07-20T02:33:32.959+0000 7fa556be7700 1 -- start start
2023-07-20T02:33:33.827 INFO:teuthology.orchestra.run.smithi017.stdout:/usr/bin/ceph: stderr
2023-07-20T02:33:32.959+0000 7fa556be7700 1 --2- >> [v2:172.21.15.17:3300/0,v1:172.21.15.17:6789/0] conn(0x7fa550106ce0 0x7fa5501090d0 unknown :-1 s=NONE pgs=0 cs=0 l=0 rev1=0 crypto rx=0 tx=0 comp rx=0 tx=0).connect
2023-07-20T02:33:33.827 INFO:teuthology.orchestra.run.smithi017.stdout:/usr/bin/ceph: stderr
2023-07-20T02:33:32.959+0000 7fa556be7700 1 -- --> [v2:172.21.15.17:3300/0,v1:172.21.15.17:6789/0] -- mon_getmap magic: 0 v1 -- 0x7fa550079dc0 con 0x7fa550106ce0
2023-07-20T02:33:33.828 INFO:teuthology.orchestra.run.smithi017.stdout:/usr/bin/ceph: stderr
2023-07-20T02:33:32.960+0000 7fa554983700 1 --2- >> [v2:172.21.15.17:3300/0,v1:172.21.15.17:6789/0] conn(0x7fa550106ce0 0x7fa5501090d0 unknown :-1 s=BANNER_CONNECTING pgs=0 cs=0 l=0 rev1=0 crypto rx=0 tx=0 comp rx=0 tx=0)._handle_peer_banner_payload supported=3 required=0
2023-07-20T02:33:33.828 INFO:teuthology.orchestra.run.smithi017.stdout:/usr/bin/ceph: stderr
2023-07-20T02:33:32.960+0000 7fa554983700 1 --2- >> [v2:172.21.15.17:3300/0,v1:172.21.15.17:6789/0] conn(0x7fa550106ce0 0x7fa5501090d0 unknown :-1 s=HELLO_CONNECTING pgs=0 cs=0 l=0 rev1=1 crypto rx=0 tx=0 comp rx=0 tx=0).handle_hello peer v2:172.21.15.17:3300/0 says I am v2:172.21.15.17:42474/0 (socket says 172.21.15.17:42474)
2023-07-20T02:33:33.828 INFO:teuthology.orchestra.run.smithi017.stdout:/usr/bin/ceph: stderr
2023-07-20T02:33:32.960+0000 7fa554983700 1 -- 172.21.15.17:0/3299297965 learned_addr learned my addr 172.21.15.17:0/3299297965 (peer_addr_for_me v2:172.21.15.17:0/0)
2023-07-20T02:33:33.828 INFO:teuthology.orchestra.run.smithi017.stdout:/usr/bin/ceph: stderr
2023-07-20T02:33:32.960+0000 7fa554983700 1 -- 172.21.15.17:0/3299297965 --> [v2:172.21.15.17:3300/0,v1:172.21.15.17:6789/0] -- mon_subscribe({config=0+,monmap=0+}) v3 -- 0x7fa550109610 con 0x7fa550106ce0
2023-07-20T02:33:33.828 INFO:teuthology.orchestra.run.smithi017.stdout:/usr/bin/ceph: stderr
2023-07-20T02:33:32.960+0000 7fa554983700 1 --2- 172.21.15.17:0/3299297965 >> [v2:172.21.15.17:3300/0,v1:172.21.15.17:6789/0] conn(0x7fa550106ce0 0x7fa5501090d0 secure :-1 s=READY pgs=51 cs=0 l=1 rev1=1 crypto rx=0x7fa548009e80 tx=0x7fa54800b330 comp rx=0 tx=0).ready entity=mon.0 client_cookie=896252d406d0c5bf server_cookie=0 in_seq=0 out_seq=0
2023-07-20T02:33:33.828 INFO:teuthology.orchestra.run.smithi017.stdout:/usr/bin/ceph: stderr
2023-07-20T02:33:32.960+0000 7fa54f7fe700 1 -- 172.21.15.17:0/3299297965 <== mon.0 v2:172.21.15.17:3300/0 1 ==== mon_map magic: 0 v1 ==== 205+0+0 (secure 0 0 0) 0x7fa54800e070 con 0x7fa550106ce0
2023-07-20T02:33:33.829 INFO:teuthology.orchestra.run.smithi017.stdout:/usr/bin/ceph: stderr
2023-07-20T02:33:32.960+0000 7fa54f7fe700 1 -- 172.21.15.17:0/3299297965 <== mon.0 v2:172.21.15.17:3300/0 2 ==== config(26 keys) v1 ==== 1105+0+0 (secure 0 0 0) 0x7fa54800b8c0 con 0x7fa550106ce0
2023-07-20T02:33:33.829 INFO:teuthology.orchestra.run.smithi017.stdout:/usr/bin/ceph: stderr
2023-07-20T02:33:32.960+0000 7fa54f7fe700 1 -- 172.21.15.17:0/3299297965 <== mon.0 v2:172.21.15.17:3300/0 3 ==== mon_map magic: 0 v1 ==== 205+0+0 (secure 0 0 0) 0x7fa5480043e0 con 0x7fa550106ce0
2023-07-20T02:33:33.829 INFO:teuthology.orchestra.run.smithi017.stdout:/usr/bin/ceph: stderr
2023-07-20T02:33:32.961+0000 7fa556be7700 1 -- 172.21.15.17:0/3299297965 >> [v2:172.21.15.17:3300/0,v1:172.21.15.17:6789/0] conn(0x7fa550106ce0 msgr2=0x7fa5501090d0 secure :-1 s=STATE_CONNECTION_ESTABLISHED l=1).mark_down
2023-07-20T02:33:33.829 INFO:teuthology.orchestra.run.smithi017.stdout:/usr/bin/ceph: stderr
2023-07-20T02:33:32.961+0000 7fa556be7700 1 --2- 172.21.15.17:0/3299297965 >> [v2:172.21.15.17:3300/0,v1:172.21.15.17:6789/0] conn(0x7fa550106ce0 0x7fa5501090d0 secure :-1 s=READY pgs=51 cs=0 l=1 rev1=1 crypto rx=0x7fa548009e80 tx=0x7fa54800b330 comp rx=0 tx=0).stop
2023-07-20T02:33:33.829 INFO:teuthology.orchestra.run.smithi017.stdout:/usr/bin/ceph: stderr
2023-07-20T02:33:32.961+0000 7fa556be7700 1 -- 172.21.15.17:0/3299297965 shutdown_connections
2023-07-20T02:33:33.830 INFO:teuthology.orchestra.run.smithi017.stdout:/usr/bin/ceph: stderr
2023-07-20T02:33:32.961+0000 7fa556be7700 1 --2- 172.21.15.17:0/3299297965 >> [v2:172.21.15.17:3300/0,v1:172.21.15.17:6789/0] conn(0x7fa550106ce0 0x7fa5501090d0 unknown :-1 s=CLOSED pgs=51 cs=0 l=1 rev1=1 crypto rx=0 tx=0 comp rx=0 tx=0).stop
2023-07-20T02:33:33.830 INFO:teuthology.orchestra.run.smithi017.stdout:/usr/bin/ceph: stderr
2023-07-20T02:33:32.961+0000 7fa556be7700 1 -- 172.21.15.17:0/3299297965 >> 172.21.15.17:0/3299297965 conn(0x7fa5501006b0 msgr2=0x7fa550102ad0 unknown :-1 s=STATE_NONE l=0).mark_down
2023-07-20T02:33:33.830 INFO:teuthology.orchestra.run.smithi017.stdout:/usr/bin/ceph: stderr
2023-07-20T02:33:32.961+0000 7fa556be7700 1 -- 172.21.15.17:0/3299297965 shutdown_connections
2023-07-20T02:33:33.832 INFO:teuthology.orchestra.run.smithi017.stdout:/usr/bin/ceph: stderr
2023-07-20T02:33:32.961+0000 7fa556be7700 1 -- 172.21.15.17:0/3299297965 wait complete.
2023-07-20T02:33:33.832 INFO:teuthology.orchestra.run.smithi017.stdout:/usr/bin/ceph: stderr
2023-07-20T02:33:32.962+0000 7fa556be7700 1 Processor -- start
2023-07-20T02:33:33.832 INFO:teuthology.orchestra.run.smithi017.stdout:/usr/bin/ceph: stderr
2023-07-20T02:33:32.962+0000 7fa556be7700 1 -- start start
2023-07-20T02:33:33.832 INFO:teuthology.orchestra.run.smithi017.stdout:/usr/bin/ceph: stderr
2023-07-20T02:33:32.962+0000 7fa556be7700 1 --2- >> [v2:172.21.15.17:3300/0,v1:172.21.15.17:6789/0] conn(0x7fa550106ce0 0x7fa550199ec0 unknown :-1 s=NONE pgs=0 cs=0 l=1 rev1=0 crypto rx=0 tx=0 comp rx=0 tx=0).connect
2023-07-20T02:33:33.833 INFO:teuthology.orchestra.run.smithi017.stdout:/usr/bin/ceph: stderr
2023-07-20T02:33:32.962+0000 7fa556be7700 1 -- --> [v2:172.21.15.17:3300/0,v1:172.21.15.17:6789/0] -- mon_getmap magic: 0 v1 -- 0x7fa55019a400 con 0x7fa550106ce0
2023-07-20T02:33:33.833 INFO:teuthology.orchestra.run.smithi017.stdout:/usr/bin/ceph: stderr
2023-07-20T02:33:32.962+0000 7fa554983700 1 --2- >> [v2:172.21.15.17:3300/0,v1:172.21.15.17:6789/0] conn(0x7fa550106ce0 0x7fa550199ec0 unknown :-1 s=BANNER_CONNECTING pgs=0 cs=0 l=1 rev1=0 crypto rx=0 tx=0 comp rx=0 tx=0)._handle_peer_banner_payload supported=3 required=0
2023-07-20T02:33:33.833 INFO:teuthology.orchestra.run.smithi017.stdout:/usr/bin/ceph: stderr
2023-07-20T02:33:32.962+0000 7fa554983700 1 --2- >> [v2:172.21.15.17:3300/0,v1:172.21.15.17:6789/0] conn(0x7fa550106ce0 0x7fa550199ec0 unknown :-1 s=HELLO_CONNECTING pgs=0 cs=0 l=1 rev1=1 crypto rx=0 tx=0 comp rx=0 tx=0).handle_hello peer v2:172.21.15.17:3300/0 says I am v2:172.21.15.17:42476/0 (socket says 172.21.15.17:42476)
2023-07-20T02:33:33.833 INFO:teuthology.orchestra.run.smithi017.stdout:/usr/bin/ceph: stderr
2023-07-20T02:33:32.962+0000 7fa554983700 1 -- 172.21.15.17:0/3327706134 learned_addr learned my addr 172.21.15.17:0/3327706134 (peer_addr_for_me v2:172.21.15.17:0/0)
2023-07-20T02:33:33.833 INFO:teuthology.orchestra.run.smithi017.stdout:/usr/bin/ceph: stderr
2023-07-20T02:33:32.962+0000 7fa554983700 1 -- 172.21.15.17:0/3327706134 --> [v2:172.21.15.17:3300/0,v1:172.21.15.17:6789/0] -- mon_subscribe({config=0+,monmap=0+}) v3 -- 0x7fa548009b30 con 0x7fa550106ce0
2023-07-20T02:33:33.833 INFO:teuthology.orchestra.run.smithi017.stdout:/usr/bin/ceph: stderr
2023-07-20T02:33:32.962+0000 7fa554983700 1 --2- 172.21.15.17:0/3327706134 >> [v2:172.21.15.17:3300/0,v1:172.21.15.17:6789/0] conn(0x7fa550106ce0 0x7fa550199ec0 secure :-1 s=READY pgs=52 cs=0 l=1 rev1=1 crypto rx=0x7fa548009530 tx=0x7fa548003d00 comp rx=0 tx=0).ready entity=mon.0 client_cookie=0 server_cookie=0 in_seq=0 out_seq=0
2023-07-20T02:33:33.833 INFO:teuthology.orchestra.run.smithi017.stdout:/usr/bin/ceph: stderr
2023-07-20T02:33:32.963+0000 7fa54dffb700 1 -- 172.21.15.17:0/3327706134 <== mon.0 v2:172.21.15.17:3300/0 1 ==== mon_map magic: 0 v1 ==== 205+0+0 (secure 0 0 0) 0x7fa54800e040 con 0x7fa550106ce0
2023-07-20T02:33:33.834 INFO:teuthology.orchestra.run.smithi017.stdout:/usr/bin/ceph: stderr
2023-07-20T02:33:32.963+0000 7fa54dffb700 1 -- 172.21.15.17:0/3327706134 <== mon.0 v2:172.21.15.17:3300/0 2 ==== config(26 keys) v1 ==== 1105+0+0 (secure 0 0 0) 0x7fa54800bd70 con 0x7fa550106ce0
2023-07-20T02:33:33.834 INFO:teuthology.orchestra.run.smithi017.stdout:/usr/bin/ceph: stderr
2023-07-20T02:33:32.963+0000 7fa54dffb700 1 -- 172.21.15.17:0/3327706134 <== mon.0 v2:172.21.15.17:3300/0 3 ==== mon_map magic: 0 v1 ==== 205+0+0 (secure 0 0 0) 0x7fa54801c6b0 con 0x7fa550106ce0
2023-07-20T02:33:33.834 INFO:teuthology.orchestra.run.smithi017.stdout:/usr/bin/ceph: stderr
2023-07-20T02:33:32.963+0000 7fa556be7700 1 -- 172.21.15.17:0/3327706134 --> [v2:172.21.15.17:3300/0,v1:172.21.15.17:6789/0] -- mon_subscribe({mgrmap=0+}) v3 -- 0x7fa55019a600 con 0x7fa550106ce0
2023-07-20T02:33:33.834 INFO:teuthology.orchestra.run.smithi017.stdout:/usr/bin/ceph: stderr
2023-07-20T02:33:32.963+0000 7fa556be7700 1 -- 172.21.15.17:0/3327706134 --> [v2:172.21.15.17:3300/0,v1:172.21.15.17:6789/0] -- mon_subscribe({osdmap=0}) v3 -- 0x7fa55019aa80 con 0x7fa550106ce0
2023-07-20T02:33:33.834 INFO:teuthology.orchestra.run.smithi017.stdout:/usr/bin/ceph: stderr
2023-07-20T02:33:32.964+0000 7fa556be7700 1 -- 172.21.15.17:0/3327706134 --> [v2:172.21.15.17:3300/0,v1:172.21.15.17:6789/0] -- mon_command({"prefix": "get_command_descriptions"} v 0) v1 -- 0x7fa550061da0 con 0x7fa550106ce0
2023-07-20T02:33:33.834 INFO:teuthology.orchestra.run.smithi017.stdout:/usr/bin/ceph: stderr
2023-07-20T02:33:32.964+0000 7fa54dffb700 1 -- 172.21.15.17:0/3327706134 <== mon.0 v2:172.21.15.17:3300/0 4 ==== mgrmap(e 8) v1 ==== 45483+0+0 (secure 0 0 0) 0x7fa548012a80 con 0x7fa550106ce0
2023-07-20T02:33:33.834 INFO:teuthology.orchestra.run.smithi017.stdout:/usr/bin/ceph: stderr
2023-07-20T02:33:32.964+0000 7fa54dffb700 1 --2- 172.21.15.17:0/3327706134 >> [v2:172.21.15.17:6800/3625702005,v1:172.21.15.17:6801/3625702005] conn(0x7fa53c038710 0x7fa53c03abd0 unknown :-1 s=NONE pgs=0 cs=0 l=1 rev1=0 crypto rx=0 tx=0 comp rx=0 tx=0).connect
2023-07-20T02:33:33.835 INFO:teuthology.orchestra.run.smithi017.stdout:/usr/bin/ceph: stderr
2023-07-20T02:33:32.964+0000 7fa54dffb700 1 -- 172.21.15.17:0/3327706134 <== mon.0 v2:172.21.15.17:3300/0 5 ==== osd_map(2..2 src has 1..2) v4 ==== 940+0+0 (secure 0 0 0) 0x7fa54804c580 con 0x7fa550106ce0
2023-07-20T02:33:33.835 INFO:teuthology.orchestra.run.smithi017.stdout:/usr/bin/ceph: stderr
2023-07-20T02:33:32.964+0000 7fa54ffff700 1 --2- 172.21.15.17:0/3327706134 >> [v2:172.21.15.17:6800/3625702005,v1:172.21.15.17:6801/3625702005] conn(0x7fa53c038710 0x7fa53c03abd0 unknown :-1 s=BANNER_CONNECTING pgs=0 cs=0 l=1 rev1=0 crypto rx=0 tx=0 comp rx=0 tx=0)._handle_peer_banner_payload supported=3 required=0
2023-07-20T02:33:33.835 INFO:teuthology.orchestra.run.smithi017.stdout:/usr/bin/ceph: stderr
2023-07-20T02:33:32.965+0000 7fa54ffff700 1 --2- 172.21.15.17:0/3327706134 >> [v2:172.21.15.17:6800/3625702005,v1:172.21.15.17:6801/3625702005] conn(0x7fa53c038710 0x7fa53c03abd0 secure :-1 s=READY pgs=14 cs=0 l=1 rev1=1 crypto rx=0x7fa538006fd0 tx=0x7fa538006e40 comp rx=0 tx=0).ready entity=mgr.14120 client_cookie=0 server_cookie=0 in_seq=0 out_seq=0
2023-07-20T02:33:33.835 INFO:teuthology.orchestra.run.smithi017.stdout:/usr/bin/ceph: stderr
2023-07-20T02:33:32.969+0000 7fa54dffb700 1 -- 172.21.15.17:0/3327706134 <== mon.0 v2:172.21.15.17:3300/0 6 ==== mon_command_ack([{"prefix": "get_command_descriptions"}]=0 v0) v1 ==== 72+0+178025 (secure 0 0 0) 0x7fa548012430 con 0x7fa550106ce0
2023-07-20T02:33:33.835 INFO:teuthology.orchestra.run.smithi017.stdout:/usr/bin/ceph: stderr
2023-07-20T02:33:33.330+0000 7fa556be7700 1 -- 172.21.15.17:0/3327706134 --> [v2:172.21.15.17:3300/0,v1:172.21.15.17:6789/0] -- mon_command([{prefix=config set, name=mgr/cephadm/container_init}] v 0) v1 -- 0x7fa55019d460 con 0x7fa550106ce0
2023-07-20T02:33:33.835 INFO:teuthology.orchestra.run.smithi017.stdout:/usr/bin/ceph: stderr
2023-07-20T02:33:33.333+0000 7fa54dffb700 1 -- 172.21.15.17:0/3327706134 <== mon.0 v2:172.21.15.17:3300/0 7 ==== mon_command_ack([{prefix=config set, name=mgr/cephadm/container_init}]=0 v7)=0 v7) v1 ==== 142+0+0 (secure 0 0 0) 0x7fa5480170d0 con 0x7fa550106ce0
2023-07-20T02:33:33.835 INFO:teuthology.orchestra.run.smithi017.stdout:/usr/bin/ceph: stderr
2023-07-20T02:33:33.335+0000 7fa556be7700 1 -- 172.21.15.17:0/3327706134 >> [v2:172.21.15.17:6800/3625702005,v1:172.21.15.17:6801/3625702005] conn(0x7fa53c038710 msgr2=0x7fa53c03abd0 secure :-1 s=STATE_CONNECTION_ESTABLISHED l=1).mark_down
2023-07-20T02:33:33.836 INFO:teuthology.orchestra.run.smithi017.stdout:/usr/bin/ceph: stderr
2023-07-20T02:33:33.335+0000 7fa556be7700 1 --2- 172.21.15.17:0/3327706134 >> [v2:172.21.15.17:6800/3625702005,v1:172.21.15.17:6801/3625702005] conn(0x7fa53c038710 0x7fa53c03abd0 secure :-1 s=READY pgs=14 cs=0 l=1 rev1=1 crypto rx=0x7fa538006fd0 tx=0x7fa538006e40 comp rx=0 tx=0).stop
2023-07-20T02:33:33.836 INFO:teuthology.orchestra.run.smithi017.stdout:/usr/bin/ceph: stderr
2023-07-20T02:33:33.336+0000 7fa556be7700 1 -- 172.21.15.17:0/3327706134 >> [v2:172.21.15.17:3300/0,v1:172.21.15.17:6789/0] conn(0x7fa550106ce0 msgr2=0x7fa550199ec0 secure :-1 s=STATE_CONNECTION_ESTABLISHED l=1).mark_down
2023-07-20T02:33:33.836 INFO:teuthology.orchestra.run.smithi017.stdout:/usr/bin/ceph: stderr
2023-07-20T02:33:33.336+0000 7fa556be7700 1 --2- 172.21.15.17:0/3327706134 >> [v2:172.21.15.17:3300/0,v1:172.21.15.17:6789/0] conn(0x7fa550106ce0 0x7fa550199ec0 secure :-1 s=READY pgs=52 cs=0 l=1 rev1=1 crypto rx=0x7fa548009530 tx=0x7fa548003d00 comp rx=0 tx=0).stop
2023-07-20T02:33:33.836 INFO:teuthology.orchestra.run.smithi017.stdout:/usr/bin/ceph: stderr
2023-07-20T02:33:33.336+0000 7fa556be7700 1 -- 172.21.15.17:0/3327706134 shutdown_connections
2023-07-20T02:33:33.836 INFO:teuthology.orchestra.run.smithi017.stdout:/usr/bin/ceph: stderr
2023-07-20T02:33:33.336+0000 7fa556be7700 1 --2- 172.21.15.17:0/3327706134 >> [v2:172.21.15.17:6800/3625702005,v1:172.21.15.17:6801/3625702005] conn(0x7fa53c038710 0x7fa53c03abd0 unknown :-1 s=CLOSED pgs=14 cs=0 l=1 rev1=1 crypto rx=0 tx=0 comp rx=0 tx=0).stop
2023-07-20T02:33:33.836 INFO:teuthology.orchestra.run.smithi017.stdout:/usr/bin/ceph: stderr
2023-07-20T02:33:33.336+0000 7fa556be7700 1 --2- 172.21.15.17:0/3327706134 >> [v2:172.21.15.17:3300/0,v1:172.21.15.17:6789/0] conn(0x7fa550106ce0 0x7fa550199ec0 unknown :-1 s=CLOSED pgs=52 cs=0 l=1 rev1=1 crypto rx=0 tx=0 comp rx=0 tx=0).stop
2023-07-20T02:33:33.836 INFO:teuthology.orchestra.run.smithi017.stdout:/usr/bin/ceph: stderr
2023-07-20T02:33:33.336+0000 7fa556be7700 1 -- 172.21.15.17:0/3327706134 >> 172.21.15.17:0/3327706134 conn(0x7fa5501006b0 msgr2=0x7fa550101d50 unknown :-1 s=STATE_NONE l=0).mark_down
2023-07-20T02:33:33.836 INFO:teuthology.orchestra.run.smithi017.stdout:/usr/bin/ceph: stderr
2023-07-20T02:33:33.336+0000 7fa556be7700 1 -- 172.21.15.17:0/3327706134 shutdown_connections
2023-07-20T02:33:33.837 INFO:teuthology.orchestra.run.smithi017.stdout:/usr/bin/ceph: stderr
2023-07-20T02:33:33.336+0000 7fa556be7700 1 -- 172.21.15.17:0/3327706134 wait complete.
2023-07-20T02:33:34.693 INFO:journalctl@ceph.mon.a.smithi017.stdout:Jul 20 02:33:34 smithi017 ceph-mon[127345]: from='client.? 172.21.15.17:0/3327706134' entity='client.admin'
2023-07-20T02:33:34.694 INFO:journalctl@ceph.mon.a.smithi017.stdout:Jul 20 02:33:34 smithi017 ceph-mon[127345]: from='mgr.14120 172.21.15.17:0/573697983' entity='mgr.x'
2023-07-20T02:33:35.071 INFO:teuthology.orchestra.run.smithi017.stdout:/usr/bin/ceph: stderr
2023-07-20T02:33:34.332+0000 7f52d55dd700 1 Processor -- start
2023-07-20T02:33:35.072 INFO:teuthology.orchestra.run.smithi017.stdout:/usr/bin/ceph: stderr
2023-07-20T02:33:34.332+0000 7f52d55dd700 1 -- start start
2023-07-20T02:33:35.072 INFO:teuthology.orchestra.run.smithi017.stdout:/usr/bin/ceph: stderr
2023-07-20T02:33:34.332+0000 7f52d55dd700 1 --2- >> [v2:172.21.15.17:3300/0,v1:172.21.15.17:6789/0] conn(0x7f52d0106cb0 0x7f52d01090a0 unknown :-1 s=NONE pgs=0 cs=0 l=0 rev1=0 crypto rx=0 tx=0 comp rx=0 tx=0).connect
2023-07-20T02:33:35.072 INFO:teuthology.orchestra.run.smithi017.stdout:/usr/bin/ceph: stderr
2023-07-20T02:33:34.332+0000 7f52d55dd700 1 -- --> [v2:172.21.15.17:3300/0,v1:172.21.15.17:6789/0] -- mon_getmap magic: 0 v1 -- 0x7f52d0073f70 con 0x7f52d0106cb0
2023-07-20T02:33:35.072 INFO:teuthology.orchestra.run.smithi017.stdout:/usr/bin/ceph: stderr
2023-07-20T02:33:34.333+0000 7f52ceffd700 1 --2- >> [v2:172.21.15.17:3300/0,v1:172.21.15.17:6789/0] conn(0x7f52d0106cb0 0x7f52d01090a0 unknown :-1 s=BANNER_CONNECTING pgs=0 cs=0 l=0 rev1=0 crypto rx=0 tx=0 comp rx=0 tx=0)._handle_peer_banner_payload supported=3 required=0
2023-07-20T02:33:35.072 INFO:teuthology.orchestra.run.smithi017.stdout:/usr/bin/ceph: stderr
2023-07-20T02:33:34.333+0000 7f52ceffd700 1 --2- >> [v2:172.21.15.17:3300/0,v1:172.21.15.17:6789/0] conn(0x7f52d0106cb0 0x7f52d01090a0 unknown :-1 s=HELLO_CONNECTING pgs=0 cs=0 l=0 rev1=1 crypto rx=0 tx=0 comp rx=0 tx=0).handle_hello peer v2:172.21.15.17:3300/0 says I am v2:172.21.15.17:42480/0 (socket says 172.21.15.17:42480)
2023-07-20T02:33:35.072 INFO:teuthology.orchestra.run.smithi017.stdout:/usr/bin/ceph: stderr
2023-07-20T02:33:34.333+0000 7f52ceffd700 1 -- 172.21.15.17:0/1705283754 learned_addr learned my addr 172.21.15.17:0/1705283754 (peer_addr_for_me v2:172.21.15.17:0/0)
2023-07-20T02:33:35.072 INFO:teuthology.orchestra.run.smithi017.stdout:/usr/bin/ceph: stderr
2023-07-20T02:33:34.333+0000 7f52ceffd700 1 -- 172.21.15.17:0/1705283754 --> [v2:172.21.15.17:3300/0,v1:172.21.15.17:6789/0] -- mon_subscribe({config=0+,monmap=0+}) v3 -- 0x7f52d01095e0 con 0x7f52d0106cb0
2023-07-20T02:33:35.073 INFO:teuthology.orchestra.run.smithi017.stdout:/usr/bin/ceph: stderr
2023-07-20T02:33:34.333+0000 7f52ceffd700 1 --2- 172.21.15.17:0/1705283754 >> [v2:172.21.15.17:3300/0,v1:172.21.15.17:6789/0] conn(0x7f52d0106cb0 0x7f52d01090a0 secure :-1 s=READY pgs=53 cs=0 l=1 rev1=1 crypto rx=0x7f52c00098a0 tx=0x7f52c0009bb0 comp rx=0 tx=0).ready entity=mon.0 client_cookie=7cad0a90966f090c server_cookie=0 in_seq=0 out_seq=0
2023-07-20T02:33:35.073 INFO:teuthology.orchestra.run.smithi017.stdout:/usr/bin/ceph: stderr
2023-07-20T02:33:34.333+0000 7f52ce7fc700 1 -- 172.21.15.17:0/1705283754 <== mon.0 v2:172.21.15.17:3300/0 1 ==== mon_map magic: 0 v1 ==== 205+0+0 (secure 0 0 0) 0x7f52c0004160 con 0x7f52d0106cb0
2023-07-20T02:33:35.073 INFO:teuthology.orchestra.run.smithi017.stdout:/usr/bin/ceph: stderr
2023-07-20T02:33:34.333+0000 7f52ce7fc700 1 -- 172.21.15.17:0/1705283754 <== mon.0 v2:172.21.15.17:3300/0 2 ==== config(26 keys) v1 ==== 1105+0+0 (secure 0 0 0) 0x7f52c00042c0 con 0x7f52d0106cb0
2023-07-20T02:33:35.073 INFO:teuthology.orchestra.run.smithi017.stdout:/usr/bin/ceph: stderr
2023-07-20T02:33:34.333+0000 7f52ce7fc700 1 -- 172.21.15.17:0/1705283754 <== mon.0 v2:172.21.15.17:3300/0 3 ==== mon_map magic: 0 v1 ==== 205+0+0 (secure 0 0 0) 0x7f52c00119b0 con 0x7f52d0106cb0
2023-07-20T02:33:35.073 INFO:teuthology.orchestra.run.smithi017.stdout:/usr/bin/ceph: stderr
2023-07-20T02:33:34.334+0000 7f52d55dd700 1 -- 172.21.15.17:0/1705283754 >> [v2:172.21.15.17:3300/0,v1:172.21.15.17:6789/0] conn(0x7f52d0106cb0 msgr2=0x7f52d01090a0 secure :-1 s=STATE_CONNECTION_ESTABLISHED l=1).mark_down
2023-07-20T02:33:35.073 INFO:teuthology.orchestra.run.smithi017.stdout:/usr/bin/ceph: stderr
2023-07-20T02:33:34.334+0000 7f52d55dd700 1 --2- 172.21.15.17:0/1705283754 >> [v2:172.21.15.17:3300/0,v1:172.21.15.17:6789/0] conn(0x7f52d0106cb0 0x7f52d01090a0 secure :-1 s=READY pgs=53 cs=0 l=1 rev1=1 crypto rx=0x7f52c00098a0 tx=0x7f52c0009bb0 comp rx=0 tx=0).stop
2023-07-20T02:33:35.074 INFO:teuthology.orchestra.run.smithi017.stdout:/usr/bin/ceph: stderr
2023-07-20T02:33:34.334+0000 7f52d55dd700 1 -- 172.21.15.17:0/1705283754 shutdown_connections
2023-07-20T02:33:35.074 INFO:teuthology.orchestra.run.smithi017.stdout:/usr/bin/ceph: stderr
2023-07-20T02:33:34.334+0000 7f52d55dd700 1 --2- 172.21.15.17:0/1705283754 >> [v2:172.21.15.17:3300/0,v1:172.21.15.17:6789/0] conn(0x7f52d0106cb0 0x7f52d01090a0 unknown :-1 s=CLOSED pgs=53 cs=0 l=1 rev1=1 crypto rx=0 tx=0 comp rx=0 tx=0).stop
2023-07-20T02:33:35.074 INFO:teuthology.orchestra.run.smithi017.stdout:/usr/bin/ceph: stderr
2023-07-20T02:33:34.334+0000 7f52d55dd700 1 -- 172.21.15.17:0/1705283754 >> 172.21.15.17:0/1705283754 conn(0x7f52d0100680 msgr2=0x7f52d0102ae0 unknown :-1 s=STATE_NONE l=0).mark_down
2023-07-20T02:33:35.074 INFO:teuthology.orchestra.run.smithi017.stdout:/usr/bin/ceph: stderr
2023-07-20T02:33:34.334+0000 7f52d55dd700 1 -- 172.21.15.17:0/1705283754 shutdown_connections
2023-07-20T02:33:35.074 INFO:teuthology.orchestra.run.smithi017.stdout:/usr/bin/ceph: stderr
2023-07-20T02:33:34.334+0000 7f52d55dd700 1 -- 172.21.15.17:0/1705283754 wait complete.
2023-07-20T02:33:35.074 INFO:teuthology.orchestra.run.smithi017.stdout:/usr/bin/ceph: stderr
2023-07-20T02:33:34.335+0000 7f52d55dd700 1 Processor -- start
2023-07-20T02:33:35.074 INFO:teuthology.orchestra.run.smithi017.stdout:/usr/bin/ceph: stderr
2023-07-20T02:33:34.335+0000 7f52d55dd700 1 -- start start
2023-07-20T02:33:35.074 INFO:teuthology.orchestra.run.smithi017.stdout:/usr/bin/ceph: stderr
2023-07-20T02:33:34.335+0000 7f52d55dd700 1 --2- >> [v2:172.21.15.17:3300/0,v1:172.21.15.17:6789/0] conn(0x7f52d0106cb0 0x7f52d0199f60 unknown :-1 s=NONE pgs=0 cs=0 l=1 rev1=0 crypto rx=0 tx=0 comp rx=0 tx=0).connect
2023-07-20T02:33:35.075 INFO:teuthology.orchestra.run.smithi017.stdout:/usr/bin/ceph: stderr
2023-07-20T02:33:34.335+0000 7f52d55dd700 1 -- --> [v2:172.21.15.17:3300/0,v1:172.21.15.17:6789/0] -- mon_getmap magic: 0 v1 -- 0x7f52d019a4a0 con 0x7f52d0106cb0
2023-07-20T02:33:35.075 INFO:teuthology.orchestra.run.smithi017.stdout:/usr/bin/ceph: stderr
2023-07-20T02:33:34.336+0000 7f52ceffd700 1 --2- >> [v2:172.21.15.17:3300/0,v1:172.21.15.17:6789/0] conn(0x7f52d0106cb0 0x7f52d0199f60 unknown :-1 s=BANNER_CONNECTING pgs=0 cs=0 l=1 rev1=0 crypto rx=0 tx=0 comp rx=0 tx=0)._handle_peer_banner_payload supported=3 required=0
2023-07-20T02:33:35.075 INFO:teuthology.orchestra.run.smithi017.stdout:/usr/bin/ceph: stderr
2023-07-20T02:33:34.336+0000 7f52ceffd700 1 --2- >> [v2:172.21.15.17:3300/0,v1:172.21.15.17:6789/0] conn(0x7f52d0106cb0 0x7f52d0199f60 unknown :-1 s=HELLO_CONNECTING pgs=0 cs=0 l=1 rev1=1 crypto rx=0 tx=0 comp rx=0 tx=0).handle_hello peer v2:172.21.15.17:3300/0 says I am v2:172.21.15.17:42482/0 (socket says 172.21.15.17:42482)
2023-07-20T02:33:35.075 INFO:teuthology.orchestra.run.smithi017.stdout:/usr/bin/ceph: stderr
2023-07-20T02:33:34.336+0000 7f52ceffd700 1 -- 172.21.15.17:0/1758944934 learned_addr learned my addr 172.21.15.17:0/1758944934 (peer_addr_for_me v2:172.21.15.17:0/0)
2023-07-20T02:33:35.076 INFO:teuthology.orchestra.run.smithi017.stdout:/usr/bin/ceph: stderr
2023-07-20T02:33:34.336+0000 7f52ceffd700 1 -- 172.21.15.17:0/1758944934 --> [v2:172.21.15.17:3300/0,v1:172.21.15.17:6789/0] -- mon_subscribe({config=0+,monmap=0+}) v3 -- 0x7f52c0009550 con 0x7f52d0106cb0
2023-07-20T02:33:35.076 INFO:teuthology.orchestra.run.smithi017.stdout:/usr/bin/ceph: stderr
2023-07-20T02:33:34.336+0000 7f52ceffd700 1 --2- 172.21.15.17:0/1758944934 >> [v2:172.21.15.17:3300/0,v1:172.21.15.17:6789/0] conn(0x7f52d0106cb0 0x7f52d0199f60 secure :-1 s=READY pgs=54 cs=0 l=1 rev1=1 crypto rx=0x7f52c0006af0 tx=0x7f52c0011a10 comp rx=0 tx=0).ready entity=mon.0 client_cookie=0 server_cookie=0 in_seq=0 out_seq=0
2023-07-20T02:33:35.076 INFO:teuthology.orchestra.run.smithi017.stdout:/usr/bin/ceph: stderr
2023-07-20T02:33:34.336+0000 7f52ccff9700 1 -- 172.21.15.17:0/1758944934 <== mon.0 v2:172.21.15.17:3300/0 1 ==== mon_map magic: 0 v1 ==== 205+0+0 (secure 0 0 0) 0x7f52c0003a40 con 0x7f52d0106cb0
2023-07-20T02:33:35.076 INFO:teuthology.orchestra.run.smithi017.stdout:/usr/bin/ceph: stderr
2023-07-20T02:33:34.336+0000 7f52ccff9700 1 -- 172.21.15.17:0/1758944934 <== mon.0 v2:172.21.15.17:3300/0 2 ==== config(26 keys) v1 ==== 1105+0+0 (secure 0 0 0) 0x7f52c0003ba0 con 0x7f52d0106cb0
2023-07-20T02:33:35.076 INFO:teuthology.orchestra.run.smithi017.stdout:/usr/bin/ceph: stderr
2023-07-20T02:33:34.336+0000 7f52d55dd700 1 -- 172.21.15.17:0/1758944934 --> [v2:172.21.15.17:3300/0,v1:172.21.15.17:6789/0] -- mon_subscribe({mgrmap=0+}) v3 -- 0x7f52d019a6a0 con 0x7f52d0106cb0
2023-07-20T02:33:35.076 INFO:teuthology.orchestra.run.smithi017.stdout:/usr/bin/ceph: stderr
2023-07-20T02:33:34.336+0000 7f52ccff9700 1 -- 172.21.15.17:0/1758944934 <== mon.0 v2:172.21.15.17:3300/0 3 ==== mon_map magic: 0 v1 ==== 205+0+0 (secure 0 0 0) 0x7f52c00196c0 con 0x7f52d0106cb0
2023-07-20T02:33:35.076 INFO:teuthology.orchestra.run.smithi017.stdout:/usr/bin/ceph: stderr
2023-07-20T02:33:34.336+0000 7f52d55dd700 1 -- 172.21.15.17:0/1758944934 --> [v2:172.21.15.17:3300/0,v1:172.21.15.17:6789/0] -- mon_subscribe({osdmap=0}) v3 -- 0x7f52d019aac0 con 0x7f52d0106cb0
2023-07-20T02:33:35.077 INFO:teuthology.orchestra.run.smithi017.stdout:/usr/bin/ceph: stderr
2023-07-20T02:33:34.337+0000 7f52ccff9700 1 -- 172.21.15.17:0/1758944934 <== mon.0 v2:172.21.15.17:3300/0 4 ==== mgrmap(e 8) v1 ==== 45483+0+0 (secure 0 0 0) 0x7f52c0019930 con 0x7f52d0106cb0
2023-07-20T02:33:35.077 INFO:teuthology.orchestra.run.smithi017.stdout:/usr/bin/ceph: stderr
2023-07-20T02:33:34.337+0000 7f52ccff9700 1 --2- 172.21.15.17:0/1758944934 >> [v2:172.21.15.17:6800/3625702005,v1:172.21.15.17:6801/3625702005] conn(0x7f52bc038710 0x7f52bc03abd0 unknown :-1 s=NONE pgs=0 cs=0 l=1 rev1=0 crypto rx=0 tx=0 comp rx=0 tx=0).connect
2023-07-20T02:33:35.077 INFO:teuthology.orchestra.run.smithi017.stdout:/usr/bin/ceph: stderr
2023-07-20T02:33:34.337+0000 7f52ccff9700 1 -- 172.21.15.17:0/1758944934 <== mon.0 v2:172.21.15.17:3300/0 5 ==== osd_map(2..2 src has 1..2) v4 ==== 940+0+0 (secure 0 0 0) 0x7f52c004ca30 con 0x7f52d0106cb0
2023-07-20T02:33:35.077 INFO:teuthology.orchestra.run.smithi017.stdout:/usr/bin/ceph: stderr
2023-07-20T02:33:34.337+0000 7f52c7fff700 1 --2- 172.21.15.17:0/1758944934 >> [v2:172.21.15.17:6800/3625702005,v1:172.21.15.17:6801/3625702005] conn(0x7f52bc038710 0x7f52bc03abd0 unknown :-1 s=BANNER_CONNECTING pgs=0 cs=0 l=1 rev1=0 crypto rx=0 tx=0 comp rx=0 tx=0)._handle_peer_banner_payload supported=3 required=0
2023-07-20T02:33:35.077 INFO:teuthology.orchestra.run.smithi017.stdout:/usr/bin/ceph: stderr
2023-07-20T02:33:34.338+0000 7f52d55dd700 1 -- 172.21.15.17:0/1758944934 --> [v2:172.21.15.17:3300/0,v1:172.21.15.17:6789/0] -- mon_command({"prefix": "get_command_descriptions"} v 0) v1 -- 0x7f52d0061da0 con 0x7f52d0106cb0
2023-07-20T02:33:35.077 INFO:teuthology.orchestra.run.smithi017.stdout:/usr/bin/ceph: stderr
2023-07-20T02:33:34.338+0000 7f52c7fff700 1 --2- 172.21.15.17:0/1758944934 >> [v2:172.21.15.17:6800/3625702005,v1:172.21.15.17:6801/3625702005] conn(0x7f52bc038710 0x7f52bc03abd0 secure :-1 s=READY pgs=15 cs=0 l=1 rev1=1 crypto rx=0x7f52b8006fd0 tx=0x7f52b8006e40 comp rx=0 tx=0).ready entity=mgr.14120 client_cookie=0 server_cookie=0 in_seq=0 out_seq=0
2023-07-20T02:33:35.077 INFO:teuthology.orchestra.run.smithi017.stdout:/usr/bin/ceph: stderr
2023-07-20T02:33:34.342+0000 7f52ccff9700 1 -- 172.21.15.17:0/1758944934 <== mon.0 v2:172.21.15.17:3300/0 6 ==== mon_command_ack([{"prefix": "get_command_descriptions"}]=0 v0) v1 ==== 72+0+178025 (secure 0 0 0) 0x7f52c0019e60 con 0x7f52d0106cb0
2023-07-20T02:33:35.078 INFO:teuthology.orchestra.run.smithi017.stdout:/usr/bin/ceph: stderr
2023-07-20T02:33:34.713+0000 7f52d55dd700 1 -- 172.21.15.17:0/1758944934 --> [v2:172.21.15.17:3300/0,v1:172.21.15.17:6789/0] -- mon_command([{prefix=config set, name=mgr/dashboard/ssl_server_port}] v 0) v1 -- 0x7f52d019d5f0 con 0x7f52d0106cb0
2023-07-20T02:33:35.078 INFO:teuthology.orchestra.run.smithi017.stdout:/usr/bin/ceph: stderr
2023-07-20T02:33:34.717+0000 7f52ccff9700 1 -- 172.21.15.17:0/1758944934 <== mon.0 v2:172.21.15.17:3300/0 7 ==== mon_command_ack([{prefix=config set, name=mgr/dashboard/ssl_server_port}]=0 v8)=0 v8) v1 ==== 130+0+0 (secure 0 0 0) 0x7f52c0024e40 con 0x7f52d0106cb0
2023-07-20T02:33:35.078 INFO:teuthology.orchestra.run.smithi017.stdout:/usr/bin/ceph: stderr
2023-07-20T02:33:34.719+0000 7f52d55dd700 1 -- 172.21.15.17:0/1758944934 >> [v2:172.21.15.17:6800/3625702005,v1:172.21.15.17:6801/3625702005] conn(0x7f52bc038710 msgr2=0x7f52bc03abd0 secure :-1 s=STATE_CONNECTION_ESTABLISHED l=1).mark_down
2023-07-20T02:33:35.078 INFO:teuthology.orchestra.run.smithi017.stdout:/usr/bin/ceph: stderr
2023-07-20T02:33:34.719+0000 7f52d55dd700 1 --2- 172.21.15.17:0/1758944934 >> [v2:172.21.15.17:6800/3625702005,v1:172.21.15.17:6801/3625702005] conn(0x7f52bc038710 0x7f52bc03abd0 secure :-1 s=READY pgs=15 cs=0 l=1 rev1=1 crypto rx=0x7f52b8006fd0 tx=0x7f52b8006e40 comp rx=0 tx=0).stop
2023-07-20T02:33:35.078 INFO:teuthology.orchestra.run.smithi017.stdout:/usr/bin/ceph: stderr
2023-07-20T02:33:34.719+0000 7f52d55dd700 1 -- 172.21.15.17:0/1758944934 >> [v2:172.21.15.17:3300/0,v1:172.21.15.17:6789/0] conn(0x7f52d0106cb0 msgr2=0x7f52d0199f60 secure :-1 s=STATE_CONNECTION_ESTABLISHED l=1).mark_down
2023-07-20T02:33:35.078 INFO:teuthology.orchestra.run.smithi017.stdout:/usr/bin/ceph: stderr
2023-07-20T02:33:34.719+0000 7f52d55dd700 1 --2- 172.21.15.17:0/1758944934 >> [v2:172.21.15.17:3300/0,v1:172.21.15.17:6789/0] conn(0x7f52d0106cb0 0x7f52d0199f60 secure :-1 s=READY pgs=54 cs=0 l=1 rev1=1 crypto rx=0x7f52c0006af0 tx=0x7f52c0011a10 comp rx=0 tx=0).stop
2023-07-20T02:33:35.078 INFO:teuthology.orchestra.run.smithi017.stdout:/usr/bin/ceph: stderr
2023-07-20T02:33:34.720+0000 7f52d55dd700 1 -- 172.21.15.17:0/1758944934 shutdown_connections
2023-07-20T02:33:35.079 INFO:teuthology.orchestra.run.smithi017.stdout:/usr/bin/ceph: stderr
2023-07-20T02:33:34.720+0000 7f52d55dd700 1 --2- 172.21.15.17:0/1758944934 >> [v2:172.21.15.17:6800/3625702005,v1:172.21.15.17:6801/3625702005] conn(0x7f52bc038710 0x7f52bc03abd0 unknown :-1 s=CLOSED pgs=15 cs=0 l=1 rev1=1 crypto rx=0 tx=0 comp rx=0 tx=0).stop
2023-07-20T02:33:35.079 INFO:teuthology.orchestra.run.smithi017.stdout:/usr/bin/ceph: stderr
2023-07-20T02:33:34.720+0000 7f52d55dd700 1 --2- 172.21.15.17:0/1758944934 >> [v2:172.21.15.17:3300/0,v1:172.21.15.17:6789/0] conn(0x7f52d0106cb0 0x7f52d0199f60 unknown :-1 s=CLOSED pgs=54 cs=0 l=1 rev1=1 crypto rx=0 tx=0 comp rx=0 tx=0).stop
2023-07-20T02:33:35.079 INFO:teuthology.orchestra.run.smithi017.stdout:/usr/bin/ceph: stderr
2023-07-20T02:33:34.720+0000 7f52d55dd700 1 -- 172.21.15.17:0/1758944934 >> 172.21.15.17:0/1758944934 conn(0x7f52d0100680 msgr2=0x7f52d0101d90 unknown :-1 s=STATE_NONE l=0).mark_down
2023-07-20T02:33:35.079 INFO:teuthology.orchestra.run.smithi017.stdout:/usr/bin/ceph: stderr
2023-07-20T02:33:34.720+0000 7f52d55dd700 1 -- 172.21.15.17:0/1758944934 shutdown_connections
2023-07-20T02:33:35.079 INFO:teuthology.orchestra.run.smithi017.stdout:/usr/bin/ceph: stderr
2023-07-20T02:33:34.720+0000 7f52d55dd700 1 -- 172.21.15.17:0/1758944934 wait complete.
2023-07-20T02:33:35.079 INFO:teuthology.orchestra.run.smithi017.stdout:Enabling the dashboard module...
2023-07-20T02:33:35.961 INFO:journalctl@ceph.mon.a.smithi017.stdout:Jul 20 02:33:35 smithi017 ceph-mon[127345]: from='client.? 172.21.15.17:0/1758944934' entity='client.admin'
2023-07-20T02:33:35.961 INFO:journalctl@ceph.mon.a.smithi017.stdout:Jul 20 02:33:35 smithi017 ceph-mon[127345]: from='mgr.14120 172.21.15.17:0/573697983' entity='mgr.x'
2023-07-20T02:33:37.017 INFO:journalctl@ceph.mon.a.smithi017.stdout:Jul 20 02:33:36 smithi017 ceph-mon[127345]: from='client.? 172.21.15.17:0/2126109404' entity='client.admin' cmd=[{"prefix": "mgr module enable", "module": "dashboard"}]: dispatch
2023-07-20T02:33:37.018 INFO:journalctl@ceph.mgr.x.smithi017.stdout:Jul 20 02:33:36 smithi017 ceph-9d6085e8-26a5-11ee-9b34-001a4aab830c-mgr-x[127589]: ignoring --setuser ceph since I am not root
2023-07-20T02:33:37.018 INFO:journalctl@ceph.mgr.x.smithi017.stdout:Jul 20 02:33:36 smithi017 ceph-9d6085e8-26a5-11ee-9b34-001a4aab830c-mgr-x[127589]: ignoring --setgroup ceph since I am not root
2023-07-20T02:33:37.018 INFO:journalctl@ceph.mgr.x.smithi017.stdout:Jul 20 02:33:36 smithi017 ceph-9d6085e8-26a5-11ee-9b34-001a4aab830c-mgr-x[127589]:
2023-07-20T02:33:36.930+0000 7f865be09200 -1 mgr[py] Module devicehealth has missing NOTIFY_TYPES member
2023-07-20T02:33:37.018 INFO:journalctl@ceph.mgr.x.smithi017.stdout:Jul 20 02:33:37 smithi017 ceph-9d6085e8-26a5-11ee-9b34-001a4aab830c-mgr-x[127589]:
2023-07-20T02:33:37.028+0000 7f865be09200 -1 mgr[py] Module osd_support has missing NOTIFY_TYPES member
2023-07-20T02:33:37.028 INFO:teuthology.orchestra.run.smithi017.stdout:/usr/bin/ceph: stderr
2023-07-20T02:33:35.552+0000 7f87c9066700 1 Processor -- start
2023-07-20T02:33:37.030 INFO:teuthology.orchestra.run.smithi017.stdout:/usr/bin/ceph: stderr
2023-07-20T02:33:35.553+0000 7f87c9066700 1 -- start start
2023-07-20T02:33:37.030 INFO:teuthology.orchestra.run.smithi017.stdout:/usr/bin/ceph: stderr
2023-07-20T02:33:35.553+0000 7f87c9066700 1 --2- >> [v2:172.21.15.17:3300/0,v1:172.21.15.17:6789/0] conn(0x7f87c41061f0 0x7f87c4106610 unknown :-1 s=NONE pgs=0 cs=0 l=0 rev1=0 crypto rx=0 tx=0 comp rx=0 tx=0).connect
2023-07-20T02:33:37.030 INFO:teuthology.orchestra.run.smithi017.stdout:/usr/bin/ceph: stderr
2023-07-20T02:33:35.553+0000 7f87c9066700 1 -- --> [v2:172.21.15.17:3300/0,v1:172.21.15.17:6789/0] -- mon_getmap magic: 0 v1 -- 0x7f87c4106be0 con 0x7f87c41061f0
2023-07-20T02:33:37.030 INFO:teuthology.orchestra.run.smithi017.stdout:/usr/bin/ceph: stderr
2023-07-20T02:33:35.553+0000 7f87c2d9d700 1 --2- >> [v2:172.21.15.17:3300/0,v1:172.21.15.17:6789/0] conn(0x7f87c41061f0 0x7f87c4106610 unknown :-1 s=BANNER_CONNECTING pgs=0 cs=0 l=0 rev1=0 crypto rx=0 tx=0 comp rx=0 tx=0)._handle_peer_banner_payload supported=3 required=0
2023-07-20T02:33:37.030 INFO:teuthology.orchestra.run.smithi017.stdout:/usr/bin/ceph: stderr
2023-07-20T02:33:35.553+0000 7f87c2d9d700 1 --2- >> [v2:172.21.15.17:3300/0,v1:172.21.15.17:6789/0] conn(0x7f87c41061f0 0x7f87c4106610 unknown :-1 s=HELLO_CONNECTING pgs=0 cs=0 l=0 rev1=1 crypto rx=0 tx=0 comp rx=0 tx=0).handle_hello peer v2:172.21.15.17:3300/0 says I am v2:172.21.15.17:42486/0 (socket says 172.21.15.17:42486)
2023-07-20T02:33:37.031 INFO:teuthology.orchestra.run.smithi017.stdout:/usr/bin/ceph: stderr
2023-07-20T02:33:35.553+0000 7f87c2d9d700 1 -- 172.21.15.17:0/178717031 learned_addr learned my addr 172.21.15.17:0/178717031 (peer_addr_for_me v2:172.21.15.17:0/0)
2023-07-20T02:33:37.031 INFO:teuthology.orchestra.run.smithi017.stdout:/usr/bin/ceph: stderr
2023-07-20T02:33:35.553+0000 7f87c2d9d700 1 -- 172.21.15.17:0/178717031 --> [v2:172.21.15.17:3300/0,v1:172.21.15.17:6789/0] -- mon_subscribe({config=0+,monmap=0+}) v3 -- 0x7f87c41073f0 con 0x7f87c41061f0
2023-07-20T02:33:37.031 INFO:teuthology.orchestra.run.smithi017.stdout:/usr/bin/ceph: stderr
2023-07-20T02:33:35.553+0000 7f87c2d9d700 1 --2- 172.21.15.17:0/178717031 >> [v2:172.21.15.17:3300/0,v1:172.21.15.17:6789/0] conn(0x7f87c41061f0 0x7f87c4106610 secure :-1 s=READY pgs=55 cs=0 l=1 rev1=1 crypto rx=0x7f87b4009e80 tx=0x7f87b400b330 comp rx=0 tx=0).ready entity=mon.0 client_cookie=6674ebd7f27d65c7 server_cookie=0 in_seq=0 out_seq=0
2023-07-20T02:33:37.031 INFO:teuthology.orchestra.run.smithi017.stdout:/usr/bin/ceph: stderr
2023-07-20T02:33:35.554+0000 7f87c1d9b700 1 -- 172.21.15.17:0/178717031 <== mon.0 v2:172.21.15.17:3300/0 1 ==== mon_map magic: 0 v1 ==== 205+0+0 (secure 0 0 0) 0x7f87b400e070 con 0x7f87c41061f0
2023-07-20T02:33:37.031 INFO:teuthology.orchestra.run.smithi017.stdout:/usr/bin/ceph: stderr
2023-07-20T02:33:35.554+0000 7f87c1d9b700 1 -- 172.21.15.17:0/178717031 <== mon.0 v2:172.21.15.17:3300/0 2 ==== config(26 keys) v1 ==== 1105+0+0 (secure 0 0 0) 0x7f87b400b8c0 con 0x7f87c41061f0
2023-07-20T02:33:37.031 INFO:teuthology.orchestra.run.smithi017.stdout:/usr/bin/ceph: stderr
2023-07-20T02:33:35.554+0000 7f87c1d9b700 1 -- 172.21.15.17:0/178717031 <== mon.0 v2:172.21.15.17:3300/0 3 ==== mon_map magic: 0 v1 ==== 205+0+0 (secure 0 0 0) 0x7f87b40043e0 con 0x7f87c41061f0
2023-07-20T02:33:37.031 INFO:teuthology.orchestra.run.smithi017.stdout:/usr/bin/ceph: stderr
2023-07-20T02:33:35.554+0000 7f87c9066700 1 -- 172.21.15.17:0/178717031 >> [v2:172.21.15.17:3300/0,v1:172.21.15.17:6789/0] conn(0x7f87c41061f0 msgr2=0x7f87c4106610 secure :-1 s=STATE_CONNECTION_ESTABLISHED l=1).mark_down
2023-07-20T02:33:37.031 INFO:teuthology.orchestra.run.smithi017.stdout:/usr/bin/ceph: stderr
2023-07-20T02:33:35.554+0000 7f87c9066700 1 --2- 172.21.15.17:0/178717031 >> [v2:172.21.15.17:3300/0,v1:172.21.15.17:6789/0] conn(0x7f87c41061f0 0x7f87c4106610 secure :-1 s=READY pgs=55 cs=0 l=1 rev1=1 crypto rx=0x7f87b4009e80 tx=0x7f87b400b330 comp rx=0 tx=0).stop
2023-07-20T02:33:37.034 INFO:teuthology.orchestra.run.smithi017.stdout:/usr/bin/ceph: stderr
2023-07-20T02:33:35.554+0000 7f87c9066700 1 -- 172.21.15.17:0/178717031 shutdown_connections
2023-07-20T02:33:37.035 INFO:teuthology.orchestra.run.smithi017.stdout:/usr/bin/ceph: stderr
2023-07-20T02:33:35.554+0000 7f87c9066700 1 --2- 172.21.15.17:0/178717031 >> [v2:172.21.15.17:3300/0,v1:172.21.15.17:6789/0] conn(0x7f87c41061f0 0x7f87c4106610 unknown :-1 s=CLOSED pgs=55 cs=0 l=1 rev1=1 crypto rx=0 tx=0 comp rx=0 tx=0).stop
