2023-07-20T02:33:21.312+0000 7fce2d7f5700 1 -- --> [v2:172.21.15.17:3300/0,v1:172.21.15.17:6789/0] -- mon_getmap magic: 0 v1 -- 0x7fce2819a490 con 0x7fce28104500
2023-07-20T02:33:22.101 INFO:teuthology.orchestra.run.smithi017.stdout:/usr/bin/ceph: stderr
2023-07-20T02:33:21.312+0000 7fce26ffd700 1 --2- >> [v2:172.21.15.17:3300/0,v1:172.21.15.17:6789/0] conn(0x7fce28104500 0x7fce28199f50 unknown :-1 s=BANNER_CONNECTING pgs=0 cs=0 l=1 rev1=0 crypto rx=0 tx=0 comp rx=0 tx=0)._handle_peer_banner_payload supported=3 required=0
2023-07-20T02:33:22.101 INFO:teuthology.orchestra.run.smithi017.stdout:/usr/bin/ceph: stderr
2023-07-20T02:33:21.312+0000 7fce26ffd700 1 --2- >> [v2:172.21.15.17:3300/0,v1:172.21.15.17:6789/0] conn(0x7fce28104500 0x7fce28199f50 unknown :-1 s=HELLO_CONNECTING pgs=0 cs=0 l=1 rev1=1 crypto rx=0 tx=0 comp rx=0 tx=0).handle_hello peer v2:172.21.15.17:3300/0 says I am v2:172.21.15.17:42404/0 (socket says 172.21.15.17:42404)
2023-07-20T02:33:22.101 INFO:teuthology.orchestra.run.smithi017.stdout:/usr/bin/ceph: stderr
2023-07-20T02:33:21.312+0000 7fce26ffd700 1 -- 172.21.15.17:0/3987128726 learned_addr learned my addr 172.21.15.17:0/3987128726 (peer_addr_for_me v2:172.21.15.17:0/0)
2023-07-20T02:33:22.101 INFO:teuthology.orchestra.run.smithi017.stdout:/usr/bin/ceph: stderr
2023-07-20T02:33:21.312+0000 7fce26ffd700 1 -- 172.21.15.17:0/3987128726 --> [v2:172.21.15.17:3300/0,v1:172.21.15.17:6789/0] -- mon_subscribe({config=0+,monmap=0+}) v3 -- 0x7fce18009550 con 0x7fce28104500
2023-07-20T02:33:22.102 INFO:teuthology.orchestra.run.smithi017.stdout:/usr/bin/ceph: stderr
2023-07-20T02:33:21.313+0000 7fce26ffd700 1 --2- 172.21.15.17:0/3987128726 >> [v2:172.21.15.17:3300/0,v1:172.21.15.17:6789/0] conn(0x7fce28104500 0x7fce28199f50 secure :-1 s=READY pgs=38 cs=0 l=1 rev1=1 crypto rx=0x7fce18009fb0 tx=0x7fce18011ad0 comp rx=0 tx=0).ready entity=mon.0 client_cookie=0 server_cookie=0 in_seq=0 out_seq=0
2023-07-20T02:33:22.102 INFO:teuthology.orchestra.run.smithi017.stdout:/usr/bin/ceph: stderr
2023-07-20T02:33:21.313+0000 7fce1ffff700 1 -- 172.21.15.17:0/3987128726 <== mon.0 v2:172.21.15.17:3300/0 1 ==== mon_map magic: 0 v1 ==== 205+0+0 (secure 0 0 0) 0x7fce18003a40 con 0x7fce28104500
2023-07-20T02:33:22.102 INFO:teuthology.orchestra.run.smithi017.stdout:/usr/bin/ceph: stderr
2023-07-20T02:33:21.313+0000 7fce1ffff700 1 -- 172.21.15.17:0/3987128726 <== mon.0 v2:172.21.15.17:3300/0 2 ==== config(26 keys) v1 ==== 1074+0+0 (secure 0 0 0) 0x7fce18003ba0 con 0x7fce28104500
2023-07-20T02:33:22.102 INFO:teuthology.orchestra.run.smithi017.stdout:/usr/bin/ceph: stderr
2023-07-20T02:33:21.313+0000 7fce2d7f5700 1 -- 172.21.15.17:0/3987128726 --> [v2:172.21.15.17:3300/0,v1:172.21.15.17:6789/0] -- mon_subscribe({mgrmap=0+}) v3 -- 0x7fce2819a690 con 0x7fce28104500
2023-07-20T02:33:22.103 INFO:teuthology.orchestra.run.smithi017.stdout:/usr/bin/ceph: stderr
2023-07-20T02:33:21.313+0000 7fce1ffff700 1 -- 172.21.15.17:0/3987128726 <== mon.0 v2:172.21.15.17:3300/0 3 ==== mon_map magic: 0 v1 ==== 205+0+0 (secure 0 0 0) 0x7fce1801a750 con 0x7fce28104500
2023-07-20T02:33:22.103 INFO:teuthology.orchestra.run.smithi017.stdout:/usr/bin/ceph: stderr
2023-07-20T02:33:21.313+0000 7fce2d7f5700 1 -- 172.21.15.17:0/3987128726 --> [v2:172.21.15.17:3300/0,v1:172.21.15.17:6789/0] -- mon_subscribe({osdmap=0}) v3 -- 0x7fce2819aab0 con 0x7fce28104500
2023-07-20T02:33:22.103 INFO:teuthology.orchestra.run.smithi017.stdout:/usr/bin/ceph: stderr
2023-07-20T02:33:21.314+0000 7fce1ffff700 1 -- 172.21.15.17:0/3987128726 <== mon.0 v2:172.21.15.17:3300/0 4 ==== mgrmap(e 7) v1 ==== 45377+0+0 (secure 0 0 0) 0x7fce1801a9d0 con 0x7fce28104500
2023-07-20T02:33:22.103 INFO:teuthology.orchestra.run.smithi017.stdout:/usr/bin/ceph: stderr
2023-07-20T02:33:21.314+0000 7fce1ffff700 1 --2- 172.21.15.17:0/3987128726 >> [v2:172.21.15.17:6800/3625702005,v1:172.21.15.17:6801/3625702005] conn(0x7fce140385a0 0x7fce1403aa60 unknown :-1 s=NONE pgs=0 cs=0 l=1 rev1=0 crypto rx=0 tx=0 comp rx=0 tx=0).connect
2023-07-20T02:33:22.103 INFO:teuthology.orchestra.run.smithi017.stdout:/usr/bin/ceph: stderr
2023-07-20T02:33:21.314+0000 7fce1ffff700 1 -- 172.21.15.17:0/3987128726 <== mon.0 v2:172.21.15.17:3300/0 5 ==== osd_map(2..2 src has 1..2) v4 ==== 940+0+0 (secure 0 0 0) 0x7fce1804c570 con 0x7fce28104500
2023-07-20T02:33:22.104 INFO:teuthology.orchestra.run.smithi017.stdout:/usr/bin/ceph: stderr
2023-07-20T02:33:21.314+0000 7fce267fc700 1 --2- 172.21.15.17:0/3987128726 >> [v2:172.21.15.17:6800/3625702005,v1:172.21.15.17:6801/3625702005] conn(0x7fce140385a0 0x7fce1403aa60 unknown :-1 s=BANNER_CONNECTING pgs=0 cs=0 l=1 rev1=0 crypto rx=0 tx=0 comp rx=0 tx=0)._handle_peer_banner_payload supported=3 required=0
2023-07-20T02:33:22.104 INFO:teuthology.orchestra.run.smithi017.stdout:/usr/bin/ceph: stderr
2023-07-20T02:33:21.314+0000 7fce2d7f5700 1 -- 172.21.15.17:0/3987128726 --> [v2:172.21.15.17:3300/0,v1:172.21.15.17:6789/0] -- mon_command({"prefix": "get_command_descriptions"} v 0) v1 -- 0x7fce28061da0 con 0x7fce28104500
2023-07-20T02:33:22.104 INFO:teuthology.orchestra.run.smithi017.stdout:/usr/bin/ceph: stderr
2023-07-20T02:33:21.315+0000 7fce267fc700 1 --2- 172.21.15.17:0/3987128726 >> [v2:172.21.15.17:6800/3625702005,v1:172.21.15.17:6801/3625702005] conn(0x7fce140385a0 0x7fce1403aa60 secure :-1 s=READY pgs=7 cs=0 l=1 rev1=1 crypto rx=0x7fce10006fd0 tx=0x7fce10006e40 comp rx=0 tx=0).ready entity=mgr.14120 client_cookie=0 server_cookie=0 in_seq=0 out_seq=0
2023-07-20T02:33:22.104 INFO:teuthology.orchestra.run.smithi017.stdout:/usr/bin/ceph: stderr
2023-07-20T02:33:21.319+0000 7fce1ffff700 1 -- 172.21.15.17:0/3987128726 <== mon.0 v2:172.21.15.17:3300/0 6 ==== mon_command_ack([{"prefix": "get_command_descriptions"}]=0 v0) v1 ==== 72+0+178025 (secure 0 0 0) 0x7fce18023390 con 0x7fce28104500
2023-07-20T02:33:22.105 INFO:teuthology.orchestra.run.smithi017.stdout:/usr/bin/ceph: stderr
2023-07-20T02:33:21.702+0000 7fce2d7f5700 1 -- 172.21.15.17:0/3987128726 --> [v2:172.21.15.17:6800/3625702005,v1:172.21.15.17:6801/3625702005] -- mgr_command(tid 0: {"prefix": "orch set backend", "module_name": "cephadm", "target": ["mon-mgr", ""]}) v1 -- 0x7fce28102170 con 0x7fce140385a0
2023-07-20T02:33:22.105 INFO:teuthology.orchestra.run.smithi017.stdout:/usr/bin/ceph: stderr
2023-07-20T02:33:21.707+0000 7fce1ffff700 1 -- 172.21.15.17:0/3987128726 <== mgr.14120 v2:172.21.15.17:6800/3625702005 1 ==== mgr_command_reply(tid 0: 0 ) v1 ==== 8+0+0 (secure 0 0 0) 0x7fce28102170 con 0x7fce140385a0
2023-07-20T02:33:22.105 INFO:teuthology.orchestra.run.smithi017.stdout:/usr/bin/ceph: stderr
2023-07-20T02:33:21.710+0000 7fce2d7f5700 1 -- 172.21.15.17:0/3987128726 >> [v2:172.21.15.17:6800/3625702005,v1:172.21.15.17:6801/3625702005] conn(0x7fce140385a0 msgr2=0x7fce1403aa60 secure :-1 s=STATE_CONNECTION_ESTABLISHED l=1).mark_down
2023-07-20T02:33:22.105 INFO:teuthology.orchestra.run.smithi017.stdout:/usr/bin/ceph: stderr
2023-07-20T02:33:21.710+0000 7fce2d7f5700 1 --2- 172.21.15.17:0/3987128726 >> [v2:172.21.15.17:6800/3625702005,v1:172.21.15.17:6801/3625702005] conn(0x7fce140385a0 0x7fce1403aa60 secure :-1 s=READY pgs=7 cs=0 l=1 rev1=1 crypto rx=0x7fce10006fd0 tx=0x7fce10006e40 comp rx=0 tx=0).stop
2023-07-20T02:33:22.106 INFO:teuthology.orchestra.run.smithi017.stdout:/usr/bin/ceph: stderr
2023-07-20T02:33:21.710+0000 7fce2d7f5700 1 -- 172.21.15.17:0/3987128726 >> [v2:172.21.15.17:3300/0,v1:172.21.15.17:6789/0] conn(0x7fce28104500 msgr2=0x7fce28199f50 secure :-1 s=STATE_CONNECTION_ESTABLISHED l=1).mark_down
2023-07-20T02:33:22.106 INFO:teuthology.orchestra.run.smithi017.stdout:/usr/bin/ceph: stderr
2023-07-20T02:33:21.710+0000 7fce2d7f5700 1 --2- 172.21.15.17:0/3987128726 >> [v2:172.21.15.17:3300/0,v1:172.21.15.17:6789/0] conn(0x7fce28104500 0x7fce28199f50 secure :-1 s=READY pgs=38 cs=0 l=1 rev1=1 crypto rx=0x7fce18009fb0 tx=0x7fce18011ad0 comp rx=0 tx=0).stop
2023-07-20T02:33:22.106 INFO:teuthology.orchestra.run.smithi017.stdout:/usr/bin/ceph: stderr
2023-07-20T02:33:21.710+0000 7fce2d7f5700 1 -- 172.21.15.17:0/3987128726 shutdown_connections
2023-07-20T02:33:22.106 INFO:teuthology.orchestra.run.smithi017.stdout:/usr/bin/ceph: stderr
2023-07-20T02:33:21.710+0000 7fce2d7f5700 1 --2- 172.21.15.17:0/3987128726 >> [v2:172.21.15.17:6800/3625702005,v1:172.21.15.17:6801/3625702005] conn(0x7fce140385a0 0x7fce1403aa60 unknown :-1 s=CLOSED pgs=7 cs=0 l=1 rev1=1 crypto rx=0 tx=0 comp rx=0 tx=0).stop
2023-07-20T02:33:22.107 INFO:teuthology.orchestra.run.smithi017.stdout:/usr/bin/ceph: stderr
2023-07-20T02:33:21.710+0000 7fce2d7f5700 1 --2- 172.21.15.17:0/3987128726 >> [v2:172.21.15.17:3300/0,v1:172.21.15.17:6789/0] conn(0x7fce28104500 0x7fce28199f50 unknown :-1 s=CLOSED pgs=38 cs=0 l=1 rev1=1 crypto rx=0 tx=0 comp rx=0 tx=0).stop
2023-07-20T02:33:22.107 INFO:teuthology.orchestra.run.smithi017.stdout:/usr/bin/ceph: stderr
2023-07-20T02:33:21.710+0000 7fce2d7f5700 1 -- 172.21.15.17:0/3987128726 >> 172.21.15.17:0/3987128726 conn(0x7fce280ffe10 msgr2=0x7fce28101550 unknown :-1 s=STATE_NONE l=0).mark_down
2023-07-20T02:33:22.107 INFO:teuthology.orchestra.run.smithi017.stdout:/usr/bin/ceph: stderr
2023-07-20T02:33:21.710+0000 7fce2d7f5700 1 -- 172.21.15.17:0/3987128726 shutdown_connections
2023-07-20T02:33:22.107 INFO:teuthology.orchestra.run.smithi017.stdout:/usr/bin/ceph: stderr
2023-07-20T02:33:21.710+0000 7fce2d7f5700 1 -- 172.21.15.17:0/3987128726 wait complete.
2023-07-20T02:33:22.692 INFO:journalctl@ceph.mon.a.smithi017.stdout:Jul 20 02:33:22 smithi017 ceph-mon[127345]: from='client.14124 -' entity='client.admin' cmd=[{"prefix": "mgr_status"}]: dispatch
2023-07-20T02:33:22.693 INFO:journalctl@ceph.mon.a.smithi017.stdout:Jul 20 02:33:22 smithi017 ceph-mon[127345]: from='mgr.14120 172.21.15.17:0/573697983' entity='mgr.x'
2023-07-20T02:33:22.693 INFO:journalctl@ceph.mon.a.smithi017.stdout:Jul 20 02:33:22 smithi017 ceph-mon[127345]: from='mgr.14120 172.21.15.17:0/573697983' entity='mgr.x' cmd=[{"prefix": "config dump", "format": "json"}]: dispatch
2023-07-20T02:33:23.242 INFO:teuthology.orchestra.run.smithi017.stdout:/usr/bin/ceph: stdout value unchanged
2023-07-20T02:33:23.242 INFO:teuthology.orchestra.run.smithi017.stdout:/usr/bin/ceph: stderr
2023-07-20T02:33:22.563+0000 7fb46fed2700 1 Processor -- start
2023-07-20T02:33:23.242 INFO:teuthology.orchestra.run.smithi017.stdout:/usr/bin/ceph: stderr
2023-07-20T02:33:22.564+0000 7fb46fed2700 1 -- start start
2023-07-20T02:33:23.243 INFO:teuthology.orchestra.run.smithi017.stdout:/usr/bin/ceph: stderr
2023-07-20T02:33:22.564+0000 7fb46fed2700 1 --2- >> [v2:172.21.15.17:3300/0,v1:172.21.15.17:6789/0] conn(0x7fb468105100 0x7fb468105520 unknown :-1 s=NONE pgs=0 cs=0 l=0 rev1=0 crypto rx=0 tx=0 comp rx=0 tx=0).connect
2023-07-20T02:33:23.243 INFO:teuthology.orchestra.run.smithi017.stdout:/usr/bin/ceph: stderr
2023-07-20T02:33:22.564+0000 7fb46fed2700 1 -- --> [v2:172.21.15.17:3300/0,v1:172.21.15.17:6789/0] -- mon_getmap magic: 0 v1 -- 0x7fb468105af0 con 0x7fb468105100
2023-07-20T02:33:23.243 INFO:teuthology.orchestra.run.smithi017.stdout:/usr/bin/ceph: stderr
2023-07-20T02:33:22.564+0000 7fb46dc6e700 1 --2- >> [v2:172.21.15.17:3300/0,v1:172.21.15.17:6789/0] conn(0x7fb468105100 0x7fb468105520 unknown :-1 s=BANNER_CONNECTING pgs=0 cs=0 l=0 rev1=0 crypto rx=0 tx=0 comp rx=0 tx=0)._handle_peer_banner_payload supported=3 required=0
2023-07-20T02:33:23.243 INFO:teuthology.orchestra.run.smithi017.stdout:/usr/bin/ceph: stderr
2023-07-20T02:33:22.564+0000 7fb46dc6e700 1 --2- >> [v2:172.21.15.17:3300/0,v1:172.21.15.17:6789/0] conn(0x7fb468105100 0x7fb468105520 unknown :-1 s=HELLO_CONNECTING pgs=0 cs=0 l=0 rev1=1 crypto rx=0 tx=0 comp rx=0 tx=0).handle_hello peer v2:172.21.15.17:3300/0 says I am v2:172.21.15.17:42408/0 (socket says 172.21.15.17:42408)
2023-07-20T02:33:23.243 INFO:teuthology.orchestra.run.smithi017.stdout:/usr/bin/ceph: stderr
2023-07-20T02:33:22.564+0000 7fb46dc6e700 1 -- 172.21.15.17:0/2391452304 learned_addr learned my addr 172.21.15.17:0/2391452304 (peer_addr_for_me v2:172.21.15.17:0/0)
2023-07-20T02:33:23.243 INFO:teuthology.orchestra.run.smithi017.stdout:/usr/bin/ceph: stderr
2023-07-20T02:33:22.564+0000 7fb46dc6e700 1 -- 172.21.15.17:0/2391452304 --> [v2:172.21.15.17:3300/0,v1:172.21.15.17:6789/0] -- mon_subscribe({config=0+,monmap=0+}) v3 -- 0x7fb468106300 con 0x7fb468105100
2023-07-20T02:33:23.243 INFO:teuthology.orchestra.run.smithi017.stdout:/usr/bin/ceph: stderr
2023-07-20T02:33:22.564+0000 7fb46dc6e700 1 --2- 172.21.15.17:0/2391452304 >> [v2:172.21.15.17:3300/0,v1:172.21.15.17:6789/0] conn(0x7fb468105100 0x7fb468105520 secure :-1 s=READY pgs=39 cs=0 l=1 rev1=1 crypto rx=0x7fb45c0098a0 tx=0x7fb45c009bb0 comp rx=0 tx=0).ready entity=mon.0 client_cookie=7f8d01430669b318 server_cookie=0 in_seq=0 out_seq=0
2023-07-20T02:33:23.244 INFO:teuthology.orchestra.run.smithi017.stdout:/usr/bin/ceph: stderr
2023-07-20T02:33:22.565+0000 7fb46cc6c700 1 -- 172.21.15.17:0/2391452304 <== mon.0 v2:172.21.15.17:3300/0 1 ==== mon_map magic: 0 v1 ==== 205+0+0 (secure 0 0 0) 0x7fb45c004160 con 0x7fb468105100
2023-07-20T02:33:23.244 INFO:teuthology.orchestra.run.smithi017.stdout:/usr/bin/ceph: stderr
2023-07-20T02:33:22.565+0000 7fb46cc6c700 1 -- 172.21.15.17:0/2391452304 <== mon.0 v2:172.21.15.17:3300/0 2 ==== config(26 keys) v1 ==== 1074+0+0 (secure 0 0 0) 0x7fb45c0042c0 con 0x7fb468105100
2023-07-20T02:33:23.244 INFO:teuthology.orchestra.run.smithi017.stdout:/usr/bin/ceph: stderr
2023-07-20T02:33:22.565+0000 7fb46cc6c700 1 -- 172.21.15.17:0/2391452304 <== mon.0 v2:172.21.15.17:3300/0 3 ==== mon_map magic: 0 v1 ==== 205+0+0 (secure 0 0 0) 0x7fb45c011a00 con 0x7fb468105100
2023-07-20T02:33:23.244 INFO:teuthology.orchestra.run.smithi017.stdout:/usr/bin/ceph: stderr
2023-07-20T02:33:22.565+0000 7fb46fed2700 1 -- 172.21.15.17:0/2391452304 >> [v2:172.21.15.17:3300/0,v1:172.21.15.17:6789/0] conn(0x7fb468105100 msgr2=0x7fb468105520 secure :-1 s=STATE_CONNECTION_ESTABLISHED l=1).mark_down
2023-07-20T02:33:23.244 INFO:teuthology.orchestra.run.smithi017.stdout:/usr/bin/ceph: stderr
2023-07-20T02:33:22.565+0000 7fb46fed2700 1 --2- 172.21.15.17:0/2391452304 >> [v2:172.21.15.17:3300/0,v1:172.21.15.17:6789/0] conn(0x7fb468105100 0x7fb468105520 secure :-1 s=READY pgs=39 cs=0 l=1 rev1=1 crypto rx=0x7fb45c0098a0 tx=0x7fb45c009bb0 comp rx=0 tx=0).stop
2023-07-20T02:33:23.245 INFO:teuthology.orchestra.run.smithi017.stdout:/usr/bin/ceph: stderr
2023-07-20T02:33:22.565+0000 7fb46fed2700 1 -- 172.21.15.17:0/2391452304 shutdown_connections
2023-07-20T02:33:23.245 INFO:teuthology.orchestra.run.smithi017.stdout:/usr/bin/ceph: stderr
2023-07-20T02:33:22.565+0000 7fb46fed2700 1 --2- 172.21.15.17:0/2391452304 >> [v2:172.21.15.17:3300/0,v1:172.21.15.17:6789/0] conn(0x7fb468105100 0x7fb468105520 unknown :-1 s=CLOSED pgs=39 cs=0 l=1 rev1=1 crypto rx=0 tx=0 comp rx=0 tx=0).stop
2023-07-20T02:33:23.245 INFO:teuthology.orchestra.run.smithi017.stdout:/usr/bin/ceph: stderr
2023-07-20T02:33:22.565+0000 7fb46fed2700 1 -- 172.21.15.17:0/2391452304 >> 172.21.15.17:0/2391452304 conn(0x7fb468100680 msgr2=0x7fb468102ae0 unknown :-1 s=STATE_NONE l=0).mark_down
2023-07-20T02:33:23.245 INFO:teuthology.orchestra.run.smithi017.stdout:/usr/bin/ceph: stderr
2023-07-20T02:33:22.565+0000 7fb46fed2700 1 -- 172.21.15.17:0/2391452304 shutdown_connections
2023-07-20T02:33:23.245 INFO:teuthology.orchestra.run.smithi017.stdout:/usr/bin/ceph: stderr
2023-07-20T02:33:22.565+0000 7fb46fed2700 1 -- 172.21.15.17:0/2391452304 wait complete.
2023-07-20T02:33:23.246 INFO:teuthology.orchestra.run.smithi017.stdout:/usr/bin/ceph: stderr
2023-07-20T02:33:22.566+0000 7fb46fed2700 1 Processor -- start
2023-07-20T02:33:23.246 INFO:teuthology.orchestra.run.smithi017.stdout:/usr/bin/ceph: stderr
2023-07-20T02:33:22.566+0000 7fb46fed2700 1 -- start start
2023-07-20T02:33:23.246 INFO:teuthology.orchestra.run.smithi017.stdout:/usr/bin/ceph: stderr
2023-07-20T02:33:22.566+0000 7fb46fed2700 1 --2- >> [v2:172.21.15.17:3300/0,v1:172.21.15.17:6789/0] conn(0x7fb468105100 0x7fb468190290 unknown :-1 s=NONE pgs=0 cs=0 l=1 rev1=0 crypto rx=0 tx=0 comp rx=0 tx=0).connect
2023-07-20T02:33:23.246 INFO:teuthology.orchestra.run.smithi017.stdout:/usr/bin/ceph: stderr
2023-07-20T02:33:22.566+0000 7fb46fed2700 1 -- --> [v2:172.21.15.17:3300/0,v1:172.21.15.17:6789/0] -- mon_getmap magic: 0 v1 -- 0x7fb4681907d0 con 0x7fb468105100
2023-07-20T02:33:23.246 INFO:teuthology.orchestra.run.smithi017.stdout:/usr/bin/ceph: stderr
2023-07-20T02:33:22.566+0000 7fb46dc6e700 1 --2- >> [v2:172.21.15.17:3300/0,v1:172.21.15.17:6789/0] conn(0x7fb468105100 0x7fb468190290 unknown :-1 s=BANNER_CONNECTING pgs=0 cs=0 l=1 rev1=0 crypto rx=0 tx=0 comp rx=0 tx=0)._handle_peer_banner_payload supported=3 required=0
2023-07-20T02:33:23.247 INFO:teuthology.orchestra.run.smithi017.stdout:/usr/bin/ceph: stderr
2023-07-20T02:33:22.566+0000 7fb46dc6e700 1 --2- >> [v2:172.21.15.17:3300/0,v1:172.21.15.17:6789/0] conn(0x7fb468105100 0x7fb468190290 unknown :-1 s=HELLO_CONNECTING pgs=0 cs=0 l=1 rev1=1 crypto rx=0 tx=0 comp rx=0 tx=0).handle_hello peer v2:172.21.15.17:3300/0 says I am v2:172.21.15.17:42410/0 (socket says 172.21.15.17:42410)
2023-07-20T02:33:23.247 INFO:teuthology.orchestra.run.smithi017.stdout:/usr/bin/ceph: stderr
2023-07-20T02:33:22.566+0000 7fb46dc6e700 1 -- 172.21.15.17:0/2505606419 learned_addr learned my addr 172.21.15.17:0/2505606419 (peer_addr_for_me v2:172.21.15.17:0/0)
2023-07-20T02:33:23.247 INFO:teuthology.orchestra.run.smithi017.stdout:/usr/bin/ceph: stderr
2023-07-20T02:33:22.567+0000 7fb46dc6e700 1 -- 172.21.15.17:0/2505606419 --> [v2:172.21.15.17:3300/0,v1:172.21.15.17:6789/0] -- mon_subscribe({config=0+,monmap=0+}) v3 -- 0x7fb45c009550 con 0x7fb468105100
2023-07-20T02:33:23.247 INFO:teuthology.orchestra.run.smithi017.stdout:/usr/bin/ceph: stderr
2023-07-20T02:33:22.567+0000 7fb46dc6e700 1 --2- 172.21.15.17:0/2505606419 >> [v2:172.21.15.17:3300/0,v1:172.21.15.17:6789/0] conn(0x7fb468105100 0x7fb468190290 secure :-1 s=READY pgs=40 cs=0 l=1 rev1=1 crypto rx=0x7fb45c009130 tx=0x7fb45c011ad0 comp rx=0 tx=0).ready entity=mon.0 client_cookie=0 server_cookie=0 in_seq=0 out_seq=0
2023-07-20T02:33:23.247 INFO:teuthology.orchestra.run.smithi017.stdout:/usr/bin/ceph: stderr
2023-07-20T02:33:22.567+0000 7fb45affd700 1 -- 172.21.15.17:0/2505606419 <== mon.0 v2:172.21.15.17:3300/0 1 ==== mon_map magic: 0 v1 ==== 205+0+0 (secure 0 0 0) 0x7fb45c003ab0 con 0x7fb468105100
2023-07-20T02:33:23.247 INFO:teuthology.orchestra.run.smithi017.stdout:/usr/bin/ceph: stderr
2023-07-20T02:33:22.567+0000 7fb45affd700 1 -- 172.21.15.17:0/2505606419 <== mon.0 v2:172.21.15.17:3300/0 2 ==== config(26 keys) v1 ==== 1074+0+0 (secure 0 0 0) 0x7fb45c003c10 con 0x7fb468105100
2023-07-20T02:33:23.247 INFO:teuthology.orchestra.run.smithi017.stdout:/usr/bin/ceph: stderr
2023-07-20T02:33:22.567+0000 7fb45affd700 1 -- 172.21.15.17:0/2505606419 <== mon.0 v2:172.21.15.17:3300/0 3 ==== mon_map magic: 0 v1 ==== 205+0+0 (secure 0 0 0) 0x7fb45c0247d0 con 0x7fb468105100
2023-07-20T02:33:23.248 INFO:teuthology.orchestra.run.smithi017.stdout:/usr/bin/ceph: stderr
2023-07-20T02:33:22.567+0000 7fb46fed2700 1 -- 172.21.15.17:0/2505606419 --> [v2:172.21.15.17:3300/0,v1:172.21.15.17:6789/0] -- mon_subscribe({mgrmap=0+}) v3 -- 0x7fb46818e8e0 con 0x7fb468105100
2023-07-20T02:33:23.248 INFO:teuthology.orchestra.run.smithi017.stdout:/usr/bin/ceph: stderr
2023-07-20T02:33:22.567+0000 7fb46fed2700 1 -- 172.21.15.17:0/2505606419 --> [v2:172.21.15.17:3300/0,v1:172.21.15.17:6789/0] -- mon_subscribe({osdmap=0}) v3 -- 0x7fb46818ed00 con 0x7fb468105100
2023-07-20T02:33:23.248 INFO:teuthology.orchestra.run.smithi017.stdout:/usr/bin/ceph: stderr
2023-07-20T02:33:22.568+0000 7fb45affd700 1 -- 172.21.15.17:0/2505606419 <== mon.0 v2:172.21.15.17:3300/0 4 ==== mgrmap(e 8) v1 ==== 45483+0+0 (secure 0 0 0) 0x7fb45c02d3f0 con 0x7fb468105100
2023-07-20T02:33:23.248 INFO:teuthology.orchestra.run.smithi017.stdout:/usr/bin/ceph: stderr
2023-07-20T02:33:22.568+0000 7fb45affd700 1 --2- 172.21.15.17:0/2505606419 >> [v2:172.21.15.17:6800/3625702005,v1:172.21.15.17:6801/3625702005] conn(0x7fb454038760 0x7fb45403ac20 unknown :-1 s=NONE pgs=0 cs=0 l=1 rev1=0 crypto rx=0 tx=0 comp rx=0 tx=0).connect
2023-07-20T02:33:23.248 INFO:teuthology.orchestra.run.smithi017.stdout:/usr/bin/ceph: stderr
2023-07-20T02:33:22.568+0000 7fb45affd700 1 -- 172.21.15.17:0/2505606419 <== mon.0 v2:172.21.15.17:3300/0 5 ==== osd_map(2..2 src has 1..2) v4 ==== 940+0+0 (secure 0 0 0) 0x7fb45c04c830 con 0x7fb468105100
2023-07-20T02:33:23.255 INFO:teuthology.orchestra.run.smithi017.stdout:/usr/bin/ceph: stderr
2023-07-20T02:33:22.568+0000 7fb46d46d700 1 --2- 172.21.15.17:0/2505606419 >> [v2:172.21.15.17:6800/3625702005,v1:172.21.15.17:6801/3625702005] conn(0x7fb454038760 0x7fb45403ac20 unknown :-1 s=BANNER_CONNECTING pgs=0 cs=0 l=1 rev1=0 crypto rx=0 tx=0 comp rx=0 tx=0)._handle_peer_banner_payload supported=3 required=0
2023-07-20T02:33:23.256 INFO:teuthology.orchestra.run.smithi017.stdout:/usr/bin/ceph: stderr
2023-07-20T02:33:22.568+0000 7fb46fed2700 1 -- 172.21.15.17:0/2505606419 --> [v2:172.21.15.17:3300/0,v1:172.21.15.17:6789/0] -- mon_command({"prefix": "get_command_descriptions"} v 0) v1 -- 0x7fb468061da0 con 0x7fb468105100
2023-07-20T02:33:23.256 INFO:teuthology.orchestra.run.smithi017.stdout:/usr/bin/ceph: stderr
2023-07-20T02:33:22.569+0000 7fb46d46d700 1 --2- 172.21.15.17:0/2505606419 >> [v2:172.21.15.17:6800/3625702005,v1:172.21.15.17:6801/3625702005] conn(0x7fb454038760 0x7fb45403ac20 secure :-1 s=READY pgs=8 cs=0 l=1 rev1=1 crypto rx=0x7fb464006fd0 tx=0x7fb464006e40 comp rx=0 tx=0).ready entity=mgr.14120 client_cookie=0 server_cookie=0 in_seq=0 out_seq=0
2023-07-20T02:33:23.256 INFO:teuthology.orchestra.run.smithi017.stdout:/usr/bin/ceph: stderr
2023-07-20T02:33:22.573+0000 7fb45affd700 1 -- 172.21.15.17:0/2505606419 <== mon.0 v2:172.21.15.17:3300/0 6 ==== mon_command_ack([{"prefix": "get_command_descriptions"}]=0 v0) v1 ==== 72+0+178025 (secure 0 0 0) 0x7fb45c010970 con 0x7fb468105100
2023-07-20T02:33:23.256 INFO:teuthology.orchestra.run.smithi017.stdout:/usr/bin/ceph: stderr
2023-07-20T02:33:22.930+0000 7fb46fed2700 1 -- 172.21.15.17:0/2505606419 --> [v2:172.21.15.17:6800/3625702005,v1:172.21.15.17:6801/3625702005] -- mgr_command(tid 0: {"prefix": "cephadm set-user", "user": "root", "target": ["mon-mgr", ""]}) v1 -- 0x7fb46818f5c0 con 0x7fb454038760
2023-07-20T02:33:23.257 INFO:teuthology.orchestra.run.smithi017.stdout:/usr/bin/ceph: stderr
2023-07-20T02:33:22.931+0000 7fb45affd700 1 -- 172.21.15.17:0/2505606419 <== mgr.14120 v2:172.21.15.17:6800/3625702005 1 ==== mgr_command_reply(tid 0: 0 ) v1 ==== 8+0+16 (secure 0 0 0) 0x7fb46818f5c0 con 0x7fb454038760
2023-07-20T02:33:23.257 INFO:teuthology.orchestra.run.smithi017.stdout:/usr/bin/ceph: stderr
2023-07-20T02:33:22.933+0000 7fb46fed2700 1 -- 172.21.15.17:0/2505606419 >> [v2:172.21.15.17:6800/3625702005,v1:172.21.15.17:6801/3625702005] conn(0x7fb454038760 msgr2=0x7fb45403ac20 secure :-1 s=STATE_CONNECTION_ESTABLISHED l=1).mark_down
2023-07-20T02:33:23.257 INFO:teuthology.orchestra.run.smithi017.stdout:/usr/bin/ceph: stderr
2023-07-20T02:33:22.933+0000 7fb46fed2700 1 --2- 172.21.15.17:0/2505606419 >> [v2:172.21.15.17:6800/3625702005,v1:172.21.15.17:6801/3625702005] conn(0x7fb454038760 0x7fb45403ac20 secure :-1 s=READY pgs=8 cs=0 l=1 rev1=1 crypto rx=0x7fb464006fd0 tx=0x7fb464006e40 comp rx=0 tx=0).stop
2023-07-20T02:33:23.257 INFO:teuthology.orchestra.run.smithi017.stdout:/usr/bin/ceph: stderr
2023-07-20T02:33:22.933+0000 7fb46fed2700 1 -- 172.21.15.17:0/2505606419 >> [v2:172.21.15.17:3300/0,v1:172.21.15.17:6789/0] conn(0x7fb468105100 msgr2=0x7fb468190290 secure :-1 s=STATE_CONNECTION_ESTABLISHED l=1).mark_down
2023-07-20T02:33:23.257 INFO:teuthology.orchestra.run.smithi017.stdout:/usr/bin/ceph: stderr
2023-07-20T02:33:22.933+0000 7fb46fed2700 1 --2- 172.21.15.17:0/2505606419 >> [v2:172.21.15.17:3300/0,v1:172.21.15.17:6789/0] conn(0x7fb468105100 0x7fb468190290 secure :-1 s=READY pgs=40 cs=0 l=1 rev1=1 crypto rx=0x7fb45c009130 tx=0x7fb45c011ad0 comp rx=0 tx=0).stop
2023-07-20T02:33:23.257 INFO:teuthology.orchestra.run.smithi017.stdout:/usr/bin/ceph: stderr
2023-07-20T02:33:22.933+0000 7fb46fed2700 1 -- 172.21.15.17:0/2505606419 shutdown_connections
2023-07-20T02:33:23.257 INFO:teuthology.orchestra.run.smithi017.stdout:/usr/bin/ceph: stderr
2023-07-20T02:33:22.933+0000 7fb46fed2700 1 --2- 172.21.15.17:0/2505606419 >> [v2:172.21.15.17:6800/3625702005,v1:172.21.15.17:6801/3625702005] conn(0x7fb454038760 0x7fb45403ac20 unknown :-1 s=CLOSED pgs=8 cs=0 l=1 rev1=1 crypto rx=0 tx=0 comp rx=0 tx=0).stop
2023-07-20T02:33:23.258 INFO:teuthology.orchestra.run.smithi017.stdout:/usr/bin/ceph: stderr
2023-07-20T02:33:22.933+0000 7fb46fed2700 1 --2- 172.21.15.17:0/2505606419 >> [v2:172.21.15.17:3300/0,v1:172.21.15.17:6789/0] conn(0x7fb468105100 0x7fb468190290 unknown :-1 s=CLOSED pgs=40 cs=0 l=1 rev1=1 crypto rx=0 tx=0 comp rx=0 tx=0).stop
2023-07-20T02:33:23.258 INFO:teuthology.orchestra.run.smithi017.stdout:/usr/bin/ceph: stderr
2023-07-20T02:33:22.933+0000 7fb46fed2700 1 -- 172.21.15.17:0/2505606419 >> 172.21.15.17:0/2505606419 conn(0x7fb468100680 msgr2=0x7fb468073a60 unknown :-1 s=STATE_NONE l=0).mark_down
2023-07-20T02:33:23.258 INFO:teuthology.orchestra.run.smithi017.stdout:/usr/bin/ceph: stderr
2023-07-20T02:33:22.933+0000 7fb46fed2700 1 -- 172.21.15.17:0/2505606419 shutdown_connections
2023-07-20T02:33:23.258 INFO:teuthology.orchestra.run.smithi017.stdout:/usr/bin/ceph: stderr
2023-07-20T02:33:22.933+0000 7fb46fed2700 1 -- 172.21.15.17:0/2505606419 wait complete.
2023-07-20T02:33:23.258 INFO:teuthology.orchestra.run.smithi017.stdout:Generating ssh key...
2023-07-20T02:33:23.693 INFO:journalctl@ceph.mon.a.smithi017.stdout:Jul 20 02:33:23 smithi017 ceph-mon[127345]: from='client.14132 -' entity='client.admin' cmd=[{"prefix": "orch set backend", "module_name": "cephadm", "target": ["mon-mgr", ""]}]: dispatch
2023-07-20T02:33:23.693 INFO:journalctl@ceph.mon.a.smithi017.stdout:Jul 20 02:33:23 smithi017 ceph-mon[127345]: mgrmap e8: x(active, since 3s)
2023-07-20T02:33:24.630 INFO:journalctl@ceph.mon.a.smithi017.stdout:Jul 20 02:33:24 smithi017 ceph-mon[127345]: from='client.14134 -' entity='client.admin' cmd=[{"prefix": "cephadm set-user", "user": "root", "target": ["mon-mgr", ""]}]: dispatch
2023-07-20T02:33:24.630 INFO:journalctl@ceph.mon.a.smithi017.stdout:Jul 20 02:33:24 smithi017 ceph-mon[127345]: from='mgr.14120 172.21.15.17:0/573697983' entity='mgr.x'
2023-07-20T02:33:24.631 INFO:journalctl@ceph.mon.a.smithi017.stdout:Jul 20 02:33:24 smithi017 ceph-mon[127345]: from='mgr.14120 172.21.15.17:0/573697983' entity='mgr.x'
2023-07-20T02:33:24.631 INFO:journalctl@ceph.mgr.x.smithi017.stdout:Jul 20 02:33:24 smithi017 ceph-9d6085e8-26a5-11ee-9b34-001a4aab830c-mgr-x[127589]: Generating public/private rsa key pair.
2023-07-20T02:33:24.631 INFO:journalctl@ceph.mgr.x.smithi017.stdout:Jul 20 02:33:24 smithi017 ceph-9d6085e8-26a5-11ee-9b34-001a4aab830c-mgr-x[127589]: Your identification has been saved in /tmp/tmpvcn4cm8j/key.
2023-07-20T02:33:24.632 INFO:journalctl@ceph.mgr.x.smithi017.stdout:Jul 20 02:33:24 smithi017 ceph-9d6085e8-26a5-11ee-9b34-001a4aab830c-mgr-x[127589]: Your public key has been saved in /tmp/tmpvcn4cm8j/key.pub.
2023-07-20T02:33:24.632 INFO:journalctl@ceph.mgr.x.smithi017.stdout:Jul 20 02:33:24 smithi017 ceph-9d6085e8-26a5-11ee-9b34-001a4aab830c-mgr-x[127589]: The key fingerprint is:
2023-07-20T02:33:24.632 INFO:journalctl@ceph.mgr.x.smithi017.stdout:Jul 20 02:33:24 smithi017 ceph-9d6085e8-26a5-11ee-9b34-001a4aab830c-mgr-x[127589]: SHA256:FIByJ9+wPGik0atJtdMGRDtTQuVm+8KZxH7zVBAOZTw ceph-9d6085e8-26a5-11ee-9b34-001a4aab830c
2023-07-20T02:33:24.633 INFO:journalctl@ceph.mgr.x.smithi017.stdout:Jul 20 02:33:24 smithi017 ceph-9d6085e8-26a5-11ee-9b34-001a4aab830c-mgr-x[127589]: The key's randomart image is:
2023-07-20T02:33:24.633 INFO:journalctl@ceph.mgr.x.smithi017.stdout:Jul 20 02:33:24 smithi017 ceph-9d6085e8-26a5-11ee-9b34-001a4aab830c-mgr-x[127589]: +---[RSA 3072]----+
2023-07-20T02:33:24.633 INFO:journalctl@ceph.mgr.x.smithi017.stdout:Jul 20 02:33:24 smithi017 ceph-9d6085e8-26a5-11ee-9b34-001a4aab830c-mgr-x[127589]: | ==o+.oo+ |
2023-07-20T02:33:24.634 INFO:journalctl@ceph.mgr.x.smithi017.stdout:Jul 20 02:33:24 smithi017 ceph-9d6085e8-26a5-11ee-9b34-001a4aab830c-mgr-x[127589]: | o O=o =E. |
2023-07-20T02:33:24.634 INFO:journalctl@ceph.mgr.x.smithi017.stdout:Jul 20 02:33:24 smithi017 ceph-9d6085e8-26a5-11ee-9b34-001a4aab830c-mgr-x[127589]: | B+@++. o. |
2023-07-20T02:33:24.634 INFO:journalctl@ceph.mgr.x.smithi017.stdout:Jul 20 02:33:24 smithi017 ceph-9d6085e8-26a5-11ee-9b34-001a4aab830c-mgr-x[127589]: | o **Bo. . |
2023-07-20T02:33:24.635 INFO:journalctl@ceph.mgr.x.smithi017.stdout:Jul 20 02:33:24 smithi017 ceph-9d6085e8-26a5-11ee-9b34-001a4aab830c-mgr-x[127589]: | . + o+.S . |
2023-07-20T02:33:24.635 INFO:journalctl@ceph.mgr.x.smithi017.stdout:Jul 20 02:33:24 smithi017 ceph-9d6085e8-26a5-11ee-9b34-001a4aab830c-mgr-x[127589]: | o + + . |
2023-07-20T02:33:24.635 INFO:journalctl@ceph.mgr.x.smithi017.stdout:Jul 20 02:33:24 smithi017 ceph-9d6085e8-26a5-11ee-9b34-001a4aab830c-mgr-x[127589]: | * + . |
2023-07-20T02:33:24.636 INFO:journalctl@ceph.mgr.x.smithi017.stdout:Jul 20 02:33:24 smithi017 ceph-9d6085e8-26a5-11ee-9b34-001a4aab830c-mgr-x[127589]: | o + |
2023-07-20T02:33:24.636 INFO:journalctl@ceph.mgr.x.smithi017.stdout:Jul 20 02:33:24 smithi017 ceph-9d6085e8-26a5-11ee-9b34-001a4aab830c-mgr-x[127589]: | . |
2023-07-20T02:33:24.636 INFO:journalctl@ceph.mgr.x.smithi017.stdout:Jul 20 02:33:24 smithi017 ceph-9d6085e8-26a5-11ee-9b34-001a4aab830c-mgr-x[127589]: +----[SHA256]-----+
2023-07-20T02:33:24.688 INFO:teuthology.orchestra.run.smithi017.stdout:/usr/bin/ceph: stderr
2023-07-20T02:33:23.708+0000 7fb483039700 1 Processor -- start
2023-07-20T02:33:24.688 INFO:teuthology.orchestra.run.smithi017.stdout:/usr/bin/ceph: stderr
2023-07-20T02:33:23.708+0000 7fb483039700 1 -- start start
2023-07-20T02:33:24.688 INFO:teuthology.orchestra.run.smithi017.stdout:/usr/bin/ceph: stderr
2023-07-20T02:33:23.708+0000 7fb483039700 1 --2- >> [v2:172.21.15.17:3300/0,v1:172.21.15.17:6789/0] conn(0x7fb47c106c70 0x7fb47c109060 unknown :-1 s=NONE pgs=0 cs=0 l=0 rev1=0 crypto rx=0 tx=0 comp rx=0 tx=0).connect
2023-07-20T02:33:24.689 INFO:teuthology.orchestra.run.smithi017.stdout:/usr/bin/ceph: stderr
2023-07-20T02:33:23.708+0000 7fb483039700 1 -- --> [v2:172.21.15.17:3300/0,v1:172.21.15.17:6789/0] -- mon_getmap magic: 0 v1 -- 0x7fb47c073fb0 con 0x7fb47c106c70
2023-07-20T02:33:24.689 INFO:teuthology.orchestra.run.smithi017.stdout:/usr/bin/ceph: stderr
2023-07-20T02:33:23.708+0000 7fb480dd5700 1 --2- >> [v2:172.21.15.17:3300/0,v1:172.21.15.17:6789/0] conn(0x7fb47c106c70 0x7fb47c109060 unknown :-1 s=BANNER_CONNECTING pgs=0 cs=0 l=0 rev1=0 crypto rx=0 tx=0 comp rx=0 tx=0)._handle_peer_banner_payload supported=3 required=0
2023-07-20T02:33:24.689 INFO:teuthology.orchestra.run.smithi017.stdout:/usr/bin/ceph: stderr
2023-07-20T02:33:23.708+0000 7fb480dd5700 1 --2- >> [v2:172.21.15.17:3300/0,v1:172.21.15.17:6789/0] conn(0x7fb47c106c70 0x7fb47c109060 unknown :-1 s=HELLO_CONNECTING pgs=0 cs=0 l=0 rev1=1 crypto rx=0 tx=0 comp rx=0 tx=0).handle_hello peer v2:172.21.15.17:3300/0 says I am v2:172.21.15.17:42414/0 (socket says 172.21.15.17:42414)
2023-07-20T02:33:24.689 INFO:teuthology.orchestra.run.smithi017.stdout:/usr/bin/ceph: stderr
2023-07-20T02:33:23.708+0000 7fb480dd5700 1 -- 172.21.15.17:0/543466377 learned_addr learned my addr 172.21.15.17:0/543466377 (peer_addr_for_me v2:172.21.15.17:0/0)
2023-07-20T02:33:24.689 INFO:teuthology.orchestra.run.smithi017.stdout:/usr/bin/ceph: stderr
2023-07-20T02:33:23.708+0000 7fb480dd5700 1 -- 172.21.15.17:0/543466377 --> [v2:172.21.15.17:3300/0,v1:172.21.15.17:6789/0] -- mon_subscribe({config=0+,monmap=0+}) v3 -- 0x7fb47c1095a0 con 0x7fb47c106c70
2023-07-20T02:33:24.689 INFO:teuthology.orchestra.run.smithi017.stdout:/usr/bin/ceph: stderr
2023-07-20T02:33:23.709+0000 7fb480dd5700 1 --2- 172.21.15.17:0/543466377 >> [v2:172.21.15.17:3300/0,v1:172.21.15.17:6789/0] conn(0x7fb47c106c70 0x7fb47c109060 secure :-1 s=READY pgs=41 cs=0 l=1 rev1=1 crypto rx=0x7fb4700098a0 tx=0x7fb470009bb0 comp rx=0 tx=0).ready entity=mon.0 client_cookie=5ef060e673135e1c server_cookie=0 in_seq=0 out_seq=0
2023-07-20T02:33:24.689 INFO:teuthology.orchestra.run.smithi017.stdout:/usr/bin/ceph: stderr
2023-07-20T02:33:23.709+0000 7fb47b7fe700 1 -- 172.21.15.17:0/543466377 <== mon.0 v2:172.21.15.17:3300/0 1 ==== mon_map magic: 0 v1 ==== 205+0+0 (secure 0 0 0) 0x7fb470004160 con 0x7fb47c106c70
2023-07-20T02:33:24.690 INFO:teuthology.orchestra.run.smithi017.stdout:/usr/bin/ceph: stderr
2023-07-20T02:33:23.709+0000 7fb47b7fe700 1 -- 172.21.15.17:0/543466377 <== mon.0 v2:172.21.15.17:3300/0 2 ==== config(26 keys) v1 ==== 1074+0+0 (secure 0 0 0) 0x7fb4700042c0 con 0x7fb47c106c70
2023-07-20T02:33:24.690 INFO:teuthology.orchestra.run.smithi017.stdout:/usr/bin/ceph: stderr
2023-07-20T02:33:23.709+0000 7fb47b7fe700 1 -- 172.21.15.17:0/543466377 <== mon.0 v2:172.21.15.17:3300/0 3 ==== mon_map magic: 0 v1 ==== 205+0+0 (secure 0 0 0) 0x7fb470011a00 con 0x7fb47c106c70
2023-07-20T02:33:24.690 INFO:teuthology.orchestra.run.smithi017.stdout:/usr/bin/ceph: stderr
2023-07-20T02:33:23.709+0000 7fb483039700 1 -- 172.21.15.17:0/543466377 >> [v2:172.21.15.17:3300/0,v1:172.21.15.17:6789/0] conn(0x7fb47c106c70 msgr2=0x7fb47c109060 secure :-1 s=STATE_CONNECTION_ESTABLISHED l=1).mark_down
2023-07-20T02:33:24.690 INFO:teuthology.orchestra.run.smithi017.stdout:/usr/bin/ceph: stderr
2023-07-20T02:33:23.709+0000 7fb483039700 1 --2- 172.21.15.17:0/543466377 >> [v2:172.21.15.17:3300/0,v1:172.21.15.17:6789/0] conn(0x7fb47c106c70 0x7fb47c109060 secure :-1 s=READY pgs=41 cs=0 l=1 rev1=1 crypto rx=0x7fb4700098a0 tx=0x7fb470009bb0 comp rx=0 tx=0).stop
2023-07-20T02:33:24.690 INFO:teuthology.orchestra.run.smithi017.stdout:/usr/bin/ceph: stderr
2023-07-20T02:33:23.709+0000 7fb483039700 1 -- 172.21.15.17:0/543466377 shutdown_connections
2023-07-20T02:33:24.690 INFO:teuthology.orchestra.run.smithi017.stdout:/usr/bin/ceph: stderr
2023-07-20T02:33:23.709+0000 7fb483039700 1 --2- 172.21.15.17:0/543466377 >> [v2:172.21.15.17:3300/0,v1:172.21.15.17:6789/0] conn(0x7fb47c106c70 0x7fb47c109060 unknown :-1 s=CLOSED pgs=41 cs=0 l=1 rev1=1 crypto rx=0 tx=0 comp rx=0 tx=0).stop
2023-07-20T02:33:24.690 INFO:teuthology.orchestra.run.smithi017.stdout:/usr/bin/ceph: stderr
2023-07-20T02:33:23.709+0000 7fb483039700 1 -- 172.21.15.17:0/543466377 >> 172.21.15.17:0/543466377 conn(0x7fb47c100680 msgr2=0x7fb47c102ae0 unknown :-1 s=STATE_NONE l=0).mark_down
2023-07-20T02:33:24.690 INFO:teuthology.orchestra.run.smithi017.stdout:/usr/bin/ceph: stderr
2023-07-20T02:33:23.709+0000 7fb483039700 1 -- 172.21.15.17:0/543466377 shutdown_connections
2023-07-20T02:33:24.691 INFO:teuthology.orchestra.run.smithi017.stdout:/usr/bin/ceph: stderr
2023-07-20T02:33:23.710+0000 7fb483039700 1 -- 172.21.15.17:0/543466377 wait complete.
2023-07-20T02:33:24.691 INFO:teuthology.orchestra.run.smithi017.stdout:/usr/bin/ceph: stderr
2023-07-20T02:33:23.710+0000 7fb483039700 1 Processor -- start
2023-07-20T02:33:24.691 INFO:teuthology.orchestra.run.smithi017.stdout:/usr/bin/ceph: stderr
2023-07-20T02:33:23.710+0000 7fb483039700 1 -- start start
2023-07-20T02:33:24.691 INFO:teuthology.orchestra.run.smithi017.stdout:/usr/bin/ceph: stderr
2023-07-20T02:33:23.710+0000 7fb483039700 1 --2- >> [v2:172.21.15.17:3300/0,v1:172.21.15.17:6789/0] conn(0x7fb47c106c70 0x7fb47c199f30 unknown :-1 s=NONE pgs=0 cs=0 l=1 rev1=0 crypto rx=0 tx=0 comp rx=0 tx=0).connect
2023-07-20T02:33:24.691 INFO:teuthology.orchestra.run.smithi017.stdout:/usr/bin/ceph: stderr
2023-07-20T02:33:23.710+0000 7fb483039700 1 -- --> [v2:172.21.15.17:3300/0,v1:172.21.15.17:6789/0] -- mon_getmap magic: 0 v1 -- 0x7fb47c19a470 con 0x7fb47c106c70
2023-07-20T02:33:24.691 INFO:teuthology.orchestra.run.smithi017.stdout:/usr/bin/ceph: stderr
2023-07-20T02:33:23.710+0000 7fb480dd5700 1 --2- >> [v2:172.21.15.17:3300/0,v1:172.21.15.17:6789/0] conn(0x7fb47c106c70 0x7fb47c199f30 unknown :-1 s=BANNER_CONNECTING pgs=0 cs=0 l=1 rev1=0 crypto rx=0 tx=0 comp rx=0 tx=0)._handle_peer_banner_payload supported=3 required=0
2023-07-20T02:33:24.691 INFO:teuthology.orchestra.run.smithi017.stdout:/usr/bin/ceph: stderr
2023-07-20T02:33:23.710+0000 7fb480dd5700 1 --2- >> [v2:172.21.15.17:3300/0,v1:172.21.15.17:6789/0] conn(0x7fb47c106c70 0x7fb47c199f30 unknown :-1 s=HELLO_CONNECTING pgs=0 cs=0 l=1 rev1=1 crypto rx=0 tx=0 comp rx=0 tx=0).handle_hello peer v2:172.21.15.17:3300/0 says I am v2:172.21.15.17:42416/0 (socket says 172.21.15.17:42416)
2023-07-20T02:33:24.692 INFO:teuthology.orchestra.run.smithi017.stdout:/usr/bin/ceph: stderr
2023-07-20T02:33:23.710+0000 7fb480dd5700 1 -- 172.21.15.17:0/3233649378 learned_addr learned my addr 172.21.15.17:0/3233649378 (peer_addr_for_me v2:172.21.15.17:0/0)
2023-07-20T02:33:24.692 INFO:teuthology.orchestra.run.smithi017.stdout:/usr/bin/ceph: stderr
2023-07-20T02:33:23.711+0000 7fb480dd5700 1 -- 172.21.15.17:0/3233649378 --> [v2:172.21.15.17:3300/0,v1:172.21.15.17:6789/0] -- mon_subscribe({config=0+,monmap=0+}) v3 -- 0x7fb470009550 con 0x7fb47c106c70
2023-07-20T02:33:24.692 INFO:teuthology.orchestra.run.smithi017.stdout:/usr/bin/ceph: stderr
2023-07-20T02:33:23.711+0000 7fb480dd5700 1 --2- 172.21.15.17:0/3233649378 >> [v2:172.21.15.17:3300/0,v1:172.21.15.17:6789/0] conn(0x7fb47c106c70 0x7fb47c199f30 secure :-1 s=READY pgs=42 cs=0 l=1 rev1=1 crypto rx=0x7fb470009130 tx=0x7fb470011ad0 comp rx=0 tx=0).ready entity=mon.0 client_cookie=0 server_cookie=0 in_seq=0 out_seq=0
2023-07-20T02:33:24.692 INFO:teuthology.orchestra.run.smithi017.stdout:/usr/bin/ceph: stderr
2023-07-20T02:33:23.711+0000 7fb479ffb700 1 -- 172.21.15.17:0/3233649378 <== mon.0 v2:172.21.15.17:3300/0 1 ==== mon_map magic: 0 v1 ==== 205+0+0 (secure 0 0 0) 0x7fb470003b70 con 0x7fb47c106c70
2023-07-20T02:33:24.692 INFO:teuthology.orchestra.run.smithi017.stdout:/usr/bin/ceph: stderr
2023-07-20T02:33:23.711+0000 7fb479ffb700 1 -- 172.21.15.17:0/3233649378 <== mon.0 v2:172.21.15.17:3300/0 2 ==== config(26 keys) v1 ==== 1074+0+0 (secure 0 0 0) 0x7fb470003cd0 con 0x7fb47c106c70
2023-07-20T02:33:24.692 INFO:teuthology.orchestra.run.smithi017.stdout:/usr/bin/ceph: stderr
2023-07-20T02:33:23.711+0000 7fb479ffb700 1 -- 172.21.15.17:0/3233649378 <== mon.0 v2:172.21.15.17:3300/0 3 ==== mon_map magic: 0 v1 ==== 205+0+0 (secure 0 0 0) 0x7fb4700197d0 con 0x7fb47c106c70
2023-07-20T02:33:24.692 INFO:teuthology.orchestra.run.smithi017.stdout:/usr/bin/ceph: stderr
2023-07-20T02:33:23.711+0000 7fb483039700 1 -- 172.21.15.17:0/3233649378 --> [v2:172.21.15.17:3300/0,v1:172.21.15.17:6789/0] -- mon_subscribe({mgrmap=0+}) v3 -- 0x7fb47c19a670 con 0x7fb47c106c70
2023-07-20T02:33:24.693 INFO:teuthology.orchestra.run.smithi017.stdout:/usr/bin/ceph: stderr
2023-07-20T02:33:23.711+0000 7fb483039700 1 -- 172.21.15.17:0/3233649378 --> [v2:172.21.15.17:3300/0,v1:172.21.15.17:6789/0] -- mon_subscribe({osdmap=0}) v3 -- 0x7fb47c19aa90 con 0x7fb47c106c70
2023-07-20T02:33:24.693 INFO:teuthology.orchestra.run.smithi017.stdout:/usr/bin/ceph: stderr
2023-07-20T02:33:23.712+0000 7fb479ffb700 1 -- 172.21.15.17:0/3233649378 <== mon.0 v2:172.21.15.17:3300/0 4 ==== mgrmap(e 8) v1 ==== 45483+0+0 (secure 0 0 0) 0x7fb47001abb0 con 0x7fb47c106c70
2023-07-20T02:33:24.693 INFO:teuthology.orchestra.run.smithi017.stdout:/usr/bin/ceph: stderr
2023-07-20T02:33:23.712+0000 7fb483039700 1 -- 172.21.15.17:0/3233649378 --> [v2:172.21.15.17:3300/0,v1:172.21.15.17:6789/0] -- mon_command({"prefix": "get_command_descriptions"} v 0) v1 -- 0x7fb47c10a3a0 con 0x7fb47c106c70
2023-07-20T02:33:24.693 INFO:teuthology.orchestra.run.smithi017.stdout:/usr/bin/ceph: stderr
2023-07-20T02:33:23.713+0000 7fb479ffb700 1 --2- 172.21.15.17:0/3233649378 >> [v2:172.21.15.17:6800/3625702005,v1:172.21.15.17:6801/3625702005] conn(0x7fb46c038760 0x7fb46c03ac20 unknown :-1 s=NONE pgs=0 cs=0 l=1 rev1=0 crypto rx=0 tx=0 comp rx=0 tx=0).connect
2023-07-20T02:33:24.693 INFO:teuthology.orchestra.run.smithi017.stdout:/usr/bin/ceph: stderr
2023-07-20T02:33:23.713+0000 7fb479ffb700 1 -- 172.21.15.17:0/3233649378 <== mon.0 v2:172.21.15.17:3300/0 5 ==== osd_map(2..2 src has 1..2) v4 ==== 940+0+0 (secure 0 0 0) 0x7fb47004c8d0 con 0x7fb47c106c70
2023-07-20T02:33:24.693 INFO:teuthology.orchestra.run.smithi017.stdout:/usr/bin/ceph: stderr
2023-07-20T02:33:23.713+0000 7fb47bfff700 1 --2- 172.21.15.17:0/3233649378 >> [v2:172.21.15.17:6800/3625702005,v1:172.21.15.17:6801/3625702005] conn(0x7fb46c038760 0x7fb46c03ac20 unknown :-1 s=BANNER_CONNECTING pgs=0 cs=0 l=1 rev1=0 crypto rx=0 tx=0 comp rx=0 tx=0)._handle_peer_banner_payload supported=3 required=0
2023-07-20T02:33:24.693 INFO:teuthology.orchestra.run.smithi017.stdout:/usr/bin/ceph: stderr
2023-07-20T02:33:23.713+0000 7fb47bfff700 1 --2- 172.21.15.17:0/3233649378 >> [v2:172.21.15.17:6800/3625702005,v1:172.21.15.17:6801/3625702005] conn(0x7fb46c038760 0x7fb46c03ac20 secure :-1 s=READY pgs=9 cs=0 l=1 rev1=1 crypto rx=0x7fb468006fd0 tx=0x7fb468006e40 comp rx=0 tx=0).ready entity=mgr.14120 client_cookie=0 server_cookie=0 in_seq=0 out_seq=0
2023-07-20T02:33:24.693 INFO:teuthology.orchestra.run.smithi017.stdout:/usr/bin/ceph: stderr
2023-07-20T02:33:23.717+0000 7fb479ffb700 1 -- 172.21.15.17:0/3233649378 <== mon.0 v2:172.21.15.17:3300/0 6 ==== mon_command_ack([{"prefix": "get_command_descriptions"}]=0 v0) v1 ==== 72+0+178025 (secure 0 0 0) 0x7fb47002db40 con 0x7fb47c106c70
2023-07-20T02:33:24.694 INFO:teuthology.orchestra.run.smithi017.stdout:/usr/bin/ceph: stderr
2023-07-20T02:33:24.074+0000 7fb483039700 1 -- 172.21.15.17:0/3233649378 --> [v2:172.21.15.17:6800/3625702005,v1:172.21.15.17:6801/3625702005] -- mgr_command(tid 0: {"prefix": "cephadm generate-key", "target": ["mon-mgr", ""]}) v1 -- 0x7fb47c1029e0 con 0x7fb46c038760
2023-07-20T02:33:24.694 INFO:teuthology.orchestra.run.smithi017.stdout:/usr/bin/ceph: stderr
2023-07-20T02:33:24.309+0000 7fb479ffb700 1 -- 172.21.15.17:0/3233649378 <== mgr.14120 v2:172.21.15.17:6800/3625702005 1 ==== mgr_command_reply(tid 0: 0 ) v1 ==== 8+0+0 (secure 0 0 0) 0x7fb47c1029e0 con 0x7fb46c038760
2023-07-20T02:33:24.694 INFO:teuthology.orchestra.run.smithi017.stdout:/usr/bin/ceph: stderr
2023-07-20T02:33:24.311+0000 7fb483039700 1 -- 172.21.15.17:0/3233649378 >> [v2:172.21.15.17:6800/3625702005,v1:172.21.15.17:6801/3625702005] conn(0x7fb46c038760 msgr2=0x7fb46c03ac20 secure :-1 s=STATE_CONNECTION_ESTABLISHED l=1).mark_down
2023-07-20T02:33:24.694 INFO:teuthology.orchestra.run.smithi017.stdout:/usr/bin/ceph: stderr
2023-07-20T02:33:24.311+0000 7fb483039700 1 --2- 172.21.15.17:0/3233649378 >> [v2:172.21.15.17:6800/3625702005,v1:172.21.15.17:6801/3625702005] conn(0x7fb46c038760 0x7fb46c03ac20 secure :-1 s=READY pgs=9 cs=0 l=1 rev1=1 crypto rx=0x7fb468006fd0 tx=0x7fb468006e40 comp rx=0 tx=0).stop
2023-07-20T02:33:24.694 INFO:teuthology.orchestra.run.smithi017.stdout:/usr/bin/ceph: stderr
2023-07-20T02:33:24.311+0000 7fb483039700 1 -- 172.21.15.17:0/3233649378 >> [v2:172.21.15.17:3300/0,v1:172.21.15.17:6789/0] conn(0x7fb47c106c70 msgr2=0x7fb47c199f30 secure :-1 s=STATE_CONNECTION_ESTABLISHED l=1).mark_down
2023-07-20T02:33:24.694 INFO:teuthology.orchestra.run.smithi017.stdout:/usr/bin/ceph: stderr
2023-07-20T02:33:24.311+0000 7fb483039700 1 --2- 172.21.15.17:0/3233649378 >> [v2:172.21.15.17:3300/0,v1:172.21.15.17:6789/0] conn(0x7fb47c106c70 0x7fb47c199f30 secure :-1 s=READY pgs=42 cs=0 l=1 rev1=1 crypto rx=0x7fb470009130 tx=0x7fb470011ad0 comp rx=0 tx=0).stop
2023-07-20T02:33:24.694 INFO:teuthology.orchestra.run.smithi017.stdout:/usr/bin/ceph: stderr
2023-07-20T02:33:24.311+0000 7fb483039700 1 -- 172.21.15.17:0/3233649378 shutdown_connections
2023-07-20T02:33:24.694 INFO:teuthology.orchestra.run.smithi017.stdout:/usr/bin/ceph: stderr
2023-07-20T02:33:24.311+0000 7fb483039700 1 --2- 172.21.15.17:0/3233649378 >> [v2:172.21.15.17:6800/3625702005,v1:172.21.15.17:6801/3625702005] conn(0x7fb46c038760 0x7fb46c03ac20 unknown :-1 s=CLOSED pgs=9 cs=0 l=1 rev1=1 crypto rx=0 tx=0 comp rx=0 tx=0).stop
2023-07-20T02:33:24.695 INFO:teuthology.orchestra.run.smithi017.stdout:/usr/bin/ceph: stderr
2023-07-20T02:33:24.311+0000 7fb483039700 1 --2- 172.21.15.17:0/3233649378 >> [v2:172.21.15.17:3300/0,v1:172.21.15.17:6789/0] conn(0x7fb47c106c70 0x7fb47c199f30 unknown :-1 s=CLOSED pgs=42 cs=0 l=1 rev1=1 crypto rx=0 tx=0 comp rx=0 tx=0).stop
2023-07-20T02:33:24.695 INFO:teuthology.orchestra.run.smithi017.stdout:/usr/bin/ceph: stderr
2023-07-20T02:33:24.311+0000 7fb483039700 1 -- 172.21.15.17:0/3233649378 >> 172.21.15.17:0/3233649378 conn(0x7fb47c100680 msgr2=0x7fb47c101d80 unknown :-1 s=STATE_NONE l=0).mark_down
2023-07-20T02:33:24.695 INFO:teuthology.orchestra.run.smithi017.stdout:/usr/bin/ceph: stderr
2023-07-20T02:33:24.311+0000 7fb483039700 1 -- 172.21.15.17:0/3233649378 shutdown_connections
2023-07-20T02:33:24.695 INFO:teuthology.orchestra.run.smithi017.stdout:/usr/bin/ceph: stderr
2023-07-20T02:33:24.311+0000 7fb483039700 1 -- 172.21.15.17:0/3233649378 wait complete.
2023-07-20T02:33:25.619 INFO:journalctl@ceph.mon.a.smithi017.stdout:Jul 20 02:33:25 smithi017 ceph-mon[127345]: from='client.14136 -' entity='client.admin' cmd=[{"prefix": "cephadm generate-key", "target": ["mon-mgr", ""]}]: dispatch
2023-07-20T02:33:25.619 INFO:journalctl@ceph.mon.a.smithi017.stdout:Jul 20 02:33:25 smithi017 ceph-mon[127345]: Generating ssh key...
2023-07-20T02:33:25.830 INFO:teuthology.orchestra.run.smithi017.stdout:/usr/bin/ceph: stdout ssh-rsa AAAAB3NzaC1yc2EAAAADAQABAAABgQC4PLr4CHxSrpIfvLEMjP/sKT1OFec4vv7Rq5QmHtikMPj5X3pVErPLv5lb5JiUp/EkhA1a1odQXwn32rcwlyidRVBTa3idi2mBejjSkPHZiAamSUFYyoCU6pwgks2Vlwr7Hifeejl9p4tol7PxnKVwa3r9muyNhXdRmjWQx5VMUCQlDG3OWsXjI17iC0qRD02WEzJso9YqUxu8i2xtjQQ51AptEKmx8pVM8a954VI70cwPlM1LVxx+yeD5OuNjLDB62xFxvku8ymiWQL5aY0OdbvzK2/OZenyqJCe4kLzmL6syj2ursYlzz1x3fPtnnykWXp42Y7JVCL6uU9gbICH6Uh1NedX2HUnbe72jW4+hNsDSt0NNmVPiYEtdc3DFQPXqXev3p+De1DYrZs5Nhzci1h1BSDvJD8QgQpb2Y6gAzKNlBc0KhkO4T3uHLXnfYsKCRrtnErsE7YDRvqZbP3cI8oDTNFWZWn7e4+eS59IDRr+OEB6tdHEfc+hNQYAV2oc= ceph-9d6085e8-26a5-11ee-9b34-001a4aab830c
2023-07-20T02:33:25.830 INFO:teuthology.orchestra.run.smithi017.stdout:/usr/bin/ceph: stderr
2023-07-20T02:33:25.141+0000 7fb483182700 1 Processor -- start
2023-07-20T02:33:25.832 INFO:teuthology.orchestra.run.smithi017.stdout:/usr/bin/ceph: stderr
2023-07-20T02:33:25.141+0000 7fb483182700 1 -- start start
2023-07-20T02:33:25.833 INFO:teuthology.orchestra.run.smithi017.stdout:/usr/bin/ceph: stderr
2023-07-20T02:33:25.141+0000 7fb483182700 1 --2- >> [v2:172.21.15.17:3300/0,v1:172.21.15.17:6789/0] conn(0x7fb47c106cb0 0x7fb47c1090a0 unknown :-1 s=NONE pgs=0 cs=0 l=0 rev1=0 crypto rx=0 tx=0 comp rx=0 tx=0).connect
2023-07-20T02:33:25.833 INFO:teuthology.orchestra.run.smithi017.stdout:/usr/bin/ceph: stderr
2023-07-20T02:33:25.141+0000 7fb483182700 1 -- --> [v2:172.21.15.17:3300/0,v1:172.21.15.17:6789/0] -- mon_getmap magic: 0 v1 -- 0x7fb47c073f70 con 0x7fb47c106cb0
2023-07-20T02:33:25.833 INFO:teuthology.orchestra.run.smithi017.stdout:/usr/bin/ceph: stderr
2023-07-20T02:33:25.141+0000 7fb480f1e700 1 --2- >> [v2:172.21.15.17:3300/0,v1:172.21.15.17:6789/0] conn(0x7fb47c106cb0 0x7fb47c1090a0 unknown :-1 s=BANNER_CONNECTING pgs=0 cs=0 l=0 rev1=0 crypto rx=0 tx=0 comp rx=0 tx=0)._handle_peer_banner_payload supported=3 required=0
2023-07-20T02:33:25.834 INFO:teuthology.orchestra.run.smithi017.stdout:/usr/bin/ceph: stderr
2023-07-20T02:33:25.141+0000 7fb480f1e700 1 --2- >> [v2:172.21.15.17:3300/0,v1:172.21.15.17:6789/0] conn(0x7fb47c106cb0 0x7fb47c1090a0 unknown :-1 s=HELLO_CONNECTING pgs=0 cs=0 l=0 rev1=1 crypto rx=0 tx=0 comp rx=0 tx=0).handle_hello peer v2:172.21.15.17:3300/0 says I am v2:172.21.15.17:42420/0 (socket says 172.21.15.17:42420)
2023-07-20T02:33:25.834 INFO:teuthology.orchestra.run.smithi017.stdout:/usr/bin/ceph: stderr
2023-07-20T02:33:25.141+0000 7fb480f1e700 1 -- 172.21.15.17:0/1440892064 learned_addr learned my addr 172.21.15.17:0/1440892064 (peer_addr_for_me v2:172.21.15.17:0/0)
2023-07-20T02:33:25.834 INFO:teuthology.orchestra.run.smithi017.stdout:/usr/bin/ceph: stderr
2023-07-20T02:33:25.142+0000 7fb480f1e700 1 -- 172.21.15.17:0/1440892064 --> [v2:172.21.15.17:3300/0,v1:172.21.15.17:6789/0] -- mon_subscribe({config=0+,monmap=0+}) v3 -- 0x7fb47c1095e0 con 0x7fb47c106cb0
2023-07-20T02:33:25.835 INFO:teuthology.orchestra.run.smithi017.stdout:/usr/bin/ceph: stderr
2023-07-20T02:33:25.142+0000 7fb480f1e700 1 --2- 172.21.15.17:0/1440892064 >> [v2:172.21.15.17:3300/0,v1:172.21.15.17:6789/0] conn(0x7fb47c106cb0 0x7fb47c1090a0 secure :-1 s=READY pgs=43 cs=0 l=1 rev1=1 crypto rx=0x7fb4700098a0 tx=0x7fb470009bb0 comp rx=0 tx=0).ready entity=mon.0 client_cookie=527246484f1c37 server_cookie=0 in_seq=0 out_seq=0
2023-07-20T02:33:25.835 INFO:teuthology.orchestra.run.smithi017.stdout:/usr/bin/ceph: stderr
2023-07-20T02:33:25.142+0000 7fb47b7fe700 1 -- 172.21.15.17:0/1440892064 <== mon.0 v2:172.21.15.17:3300/0 1 ==== mon_map magic: 0 v1 ==== 205+0+0 (secure 0 0 0) 0x7fb470004160 con 0x7fb47c106cb0
2023-07-20T02:33:25.835 INFO:teuthology.orchestra.run.smithi017.stdout:/usr/bin/ceph: stderr
2023-07-20T02:33:25.142+0000 7fb47b7fe700 1 -- 172.21.15.17:0/1440892064 <== mon.0 v2:172.21.15.17:3300/0 2 ==== config(26 keys) v1 ==== 1074+0+0 (secure 0 0 0) 0x7fb4700042c0 con 0x7fb47c106cb0
2023-07-20T02:33:25.836 INFO:teuthology.orchestra.run.smithi017.stdout:/usr/bin/ceph: stderr
2023-07-20T02:33:25.142+0000 7fb47b7fe700 1 -- 172.21.15.17:0/1440892064 <== mon.0 v2:172.21.15.17:3300/0 3 ==== mon_map magic: 0 v1 ==== 205+0+0 (secure 0 0 0) 0x7fb470011a00 con 0x7fb47c106cb0
2023-07-20T02:33:25.836 INFO:teuthology.orchestra.run.smithi017.stdout:/usr/bin/ceph: stderr
