2023-07-20T02:33:25.143+0000 7fb483182700 1 -- 172.21.15.17:0/1440892064 >> [v2:172.21.15.17:3300/0,v1:172.21.15.17:6789/0] conn(0x7fb47c106cb0 msgr2=0x7fb47c1090a0 secure :-1 s=STATE_CONNECTION_ESTABLISHED l=1).mark_down
2023-07-20T02:33:25.836 INFO:teuthology.orchestra.run.smithi017.stdout:/usr/bin/ceph: stderr
2023-07-20T02:33:25.143+0000 7fb483182700 1 --2- 172.21.15.17:0/1440892064 >> [v2:172.21.15.17:3300/0,v1:172.21.15.17:6789/0] conn(0x7fb47c106cb0 0x7fb47c1090a0 secure :-1 s=READY pgs=43 cs=0 l=1 rev1=1 crypto rx=0x7fb4700098a0 tx=0x7fb470009bb0 comp rx=0 tx=0).stop
2023-07-20T02:33:25.837 INFO:teuthology.orchestra.run.smithi017.stdout:/usr/bin/ceph: stderr
2023-07-20T02:33:25.143+0000 7fb483182700 1 -- 172.21.15.17:0/1440892064 shutdown_connections
2023-07-20T02:33:25.837 INFO:teuthology.orchestra.run.smithi017.stdout:/usr/bin/ceph: stderr
2023-07-20T02:33:25.143+0000 7fb483182700 1 --2- 172.21.15.17:0/1440892064 >> [v2:172.21.15.17:3300/0,v1:172.21.15.17:6789/0] conn(0x7fb47c106cb0 0x7fb47c1090a0 unknown :-1 s=CLOSED pgs=43 cs=0 l=1 rev1=1 crypto rx=0 tx=0 comp rx=0 tx=0).stop
2023-07-20T02:33:25.837 INFO:teuthology.orchestra.run.smithi017.stdout:/usr/bin/ceph: stderr
2023-07-20T02:33:25.143+0000 7fb483182700 1 -- 172.21.15.17:0/1440892064 >> 172.21.15.17:0/1440892064 conn(0x7fb47c100680 msgr2=0x7fb47c102ae0 unknown :-1 s=STATE_NONE l=0).mark_down
2023-07-20T02:33:25.837 INFO:teuthology.orchestra.run.smithi017.stdout:/usr/bin/ceph: stderr
2023-07-20T02:33:25.143+0000 7fb483182700 1 -- 172.21.15.17:0/1440892064 shutdown_connections
2023-07-20T02:33:25.838 INFO:teuthology.orchestra.run.smithi017.stdout:/usr/bin/ceph: stderr
2023-07-20T02:33:25.143+0000 7fb483182700 1 -- 172.21.15.17:0/1440892064 wait complete.
2023-07-20T02:33:25.838 INFO:teuthology.orchestra.run.smithi017.stdout:/usr/bin/ceph: stderr
2023-07-20T02:33:25.143+0000 7fb483182700 1 Processor -- start
2023-07-20T02:33:25.838 INFO:teuthology.orchestra.run.smithi017.stdout:/usr/bin/ceph: stderr
2023-07-20T02:33:25.144+0000 7fb483182700 1 -- start start
2023-07-20T02:33:25.839 INFO:teuthology.orchestra.run.smithi017.stdout:/usr/bin/ceph: stderr
2023-07-20T02:33:25.144+0000 7fb483182700 1 --2- >> [v2:172.21.15.17:3300/0,v1:172.21.15.17:6789/0] conn(0x7fb47c106cb0 0x7fb47c199f40 unknown :-1 s=NONE pgs=0 cs=0 l=1 rev1=0 crypto rx=0 tx=0 comp rx=0 tx=0).connect
2023-07-20T02:33:25.839 INFO:teuthology.orchestra.run.smithi017.stdout:/usr/bin/ceph: stderr
2023-07-20T02:33:25.144+0000 7fb483182700 1 -- --> [v2:172.21.15.17:3300/0,v1:172.21.15.17:6789/0] -- mon_getmap magic: 0 v1 -- 0x7fb47c19a480 con 0x7fb47c106cb0
2023-07-20T02:33:25.839 INFO:teuthology.orchestra.run.smithi017.stdout:/usr/bin/ceph: stderr
2023-07-20T02:33:25.144+0000 7fb480f1e700 1 --2- >> [v2:172.21.15.17:3300/0,v1:172.21.15.17:6789/0] conn(0x7fb47c106cb0 0x7fb47c199f40 unknown :-1 s=BANNER_CONNECTING pgs=0 cs=0 l=1 rev1=0 crypto rx=0 tx=0 comp rx=0 tx=0)._handle_peer_banner_payload supported=3 required=0
2023-07-20T02:33:25.840 INFO:teuthology.orchestra.run.smithi017.stdout:/usr/bin/ceph: stderr
2023-07-20T02:33:25.144+0000 7fb480f1e700 1 --2- >> [v2:172.21.15.17:3300/0,v1:172.21.15.17:6789/0] conn(0x7fb47c106cb0 0x7fb47c199f40 unknown :-1 s=HELLO_CONNECTING pgs=0 cs=0 l=1 rev1=1 crypto rx=0 tx=0 comp rx=0 tx=0).handle_hello peer v2:172.21.15.17:3300/0 says I am v2:172.21.15.17:42422/0 (socket says 172.21.15.17:42422)
2023-07-20T02:33:25.840 INFO:teuthology.orchestra.run.smithi017.stdout:/usr/bin/ceph: stderr
2023-07-20T02:33:25.144+0000 7fb480f1e700 1 -- 172.21.15.17:0/3149367538 learned_addr learned my addr 172.21.15.17:0/3149367538 (peer_addr_for_me v2:172.21.15.17:0/0)
2023-07-20T02:33:25.840 INFO:teuthology.orchestra.run.smithi017.stdout:/usr/bin/ceph: stderr
2023-07-20T02:33:25.144+0000 7fb480f1e700 1 -- 172.21.15.17:0/3149367538 --> [v2:172.21.15.17:3300/0,v1:172.21.15.17:6789/0] -- mon_subscribe({config=0+,monmap=0+}) v3 -- 0x7fb470009550 con 0x7fb47c106cb0
2023-07-20T02:33:25.840 INFO:teuthology.orchestra.run.smithi017.stdout:/usr/bin/ceph: stderr
2023-07-20T02:33:25.144+0000 7fb480f1e700 1 --2- 172.21.15.17:0/3149367538 >> [v2:172.21.15.17:3300/0,v1:172.21.15.17:6789/0] conn(0x7fb47c106cb0 0x7fb47c199f40 secure :-1 s=READY pgs=44 cs=0 l=1 rev1=1 crypto rx=0x7fb470009130 tx=0x7fb470011ad0 comp rx=0 tx=0).ready entity=mon.0 client_cookie=0 server_cookie=0 in_seq=0 out_seq=0
2023-07-20T02:33:25.841 INFO:teuthology.orchestra.run.smithi017.stdout:/usr/bin/ceph: stderr
2023-07-20T02:33:25.144+0000 7fb479ffb700 1 -- 172.21.15.17:0/3149367538 <== mon.0 v2:172.21.15.17:3300/0 1 ==== mon_map magic: 0 v1 ==== 205+0+0 (secure 0 0 0) 0x7fb470003b70 con 0x7fb47c106cb0
2023-07-20T02:33:25.841 INFO:teuthology.orchestra.run.smithi017.stdout:/usr/bin/ceph: stderr
2023-07-20T02:33:25.145+0000 7fb479ffb700 1 -- 172.21.15.17:0/3149367538 <== mon.0 v2:172.21.15.17:3300/0 2 ==== config(26 keys) v1 ==== 1074+0+0 (secure 0 0 0) 0x7fb470003cd0 con 0x7fb47c106cb0
2023-07-20T02:33:25.841 INFO:teuthology.orchestra.run.smithi017.stdout:/usr/bin/ceph: stderr
2023-07-20T02:33:25.145+0000 7fb483182700 1 -- 172.21.15.17:0/3149367538 --> [v2:172.21.15.17:3300/0,v1:172.21.15.17:6789/0] -- mon_subscribe({mgrmap=0+}) v3 -- 0x7fb47c19a680 con 0x7fb47c106cb0
2023-07-20T02:33:25.842 INFO:teuthology.orchestra.run.smithi017.stdout:/usr/bin/ceph: stderr
2023-07-20T02:33:25.145+0000 7fb479ffb700 1 -- 172.21.15.17:0/3149367538 <== mon.0 v2:172.21.15.17:3300/0 3 ==== mon_map magic: 0 v1 ==== 205+0+0 (secure 0 0 0) 0x7fb4700197d0 con 0x7fb47c106cb0
2023-07-20T02:33:25.842 INFO:teuthology.orchestra.run.smithi017.stdout:/usr/bin/ceph: stderr
2023-07-20T02:33:25.145+0000 7fb483182700 1 -- 172.21.15.17:0/3149367538 --> [v2:172.21.15.17:3300/0,v1:172.21.15.17:6789/0] -- mon_subscribe({osdmap=0}) v3 -- 0x7fb47c19aaa0 con 0x7fb47c106cb0
2023-07-20T02:33:25.842 INFO:teuthology.orchestra.run.smithi017.stdout:/usr/bin/ceph: stderr
2023-07-20T02:33:25.146+0000 7fb479ffb700 1 -- 172.21.15.17:0/3149367538 <== mon.0 v2:172.21.15.17:3300/0 4 ==== mgrmap(e 8) v1 ==== 45483+0+0 (secure 0 0 0) 0x7fb47001abb0 con 0x7fb47c106cb0
2023-07-20T02:33:25.842 INFO:teuthology.orchestra.run.smithi017.stdout:/usr/bin/ceph: stderr
2023-07-20T02:33:25.146+0000 7fb479ffb700 1 --2- 172.21.15.17:0/3149367538 >> [v2:172.21.15.17:6800/3625702005,v1:172.21.15.17:6801/3625702005] conn(0x7fb46c038760 0x7fb46c03ac20 unknown :-1 s=NONE pgs=0 cs=0 l=1 rev1=0 crypto rx=0 tx=0 comp rx=0 tx=0).connect
2023-07-20T02:33:25.843 INFO:teuthology.orchestra.run.smithi017.stdout:/usr/bin/ceph: stderr
2023-07-20T02:33:25.146+0000 7fb479ffb700 1 -- 172.21.15.17:0/3149367538 <== mon.0 v2:172.21.15.17:3300/0 5 ==== osd_map(2..2 src has 1..2) v4 ==== 940+0+0 (secure 0 0 0) 0x7fb47004c8e0 con 0x7fb47c106cb0
2023-07-20T02:33:25.843 INFO:teuthology.orchestra.run.smithi017.stdout:/usr/bin/ceph: stderr
2023-07-20T02:33:25.146+0000 7fb483182700 1 -- 172.21.15.17:0/3149367538 --> [v2:172.21.15.17:3300/0,v1:172.21.15.17:6789/0] -- mon_command({"prefix": "get_command_descriptions"} v 0) v1 -- 0x7fb47c061da0 con 0x7fb47c106cb0
2023-07-20T02:33:25.843 INFO:teuthology.orchestra.run.smithi017.stdout:/usr/bin/ceph: stderr
2023-07-20T02:33:25.146+0000 7fb47bfff700 1 --2- 172.21.15.17:0/3149367538 >> [v2:172.21.15.17:6800/3625702005,v1:172.21.15.17:6801/3625702005] conn(0x7fb46c038760 0x7fb46c03ac20 unknown :-1 s=BANNER_CONNECTING pgs=0 cs=0 l=1 rev1=0 crypto rx=0 tx=0 comp rx=0 tx=0)._handle_peer_banner_payload supported=3 required=0
2023-07-20T02:33:25.844 INFO:teuthology.orchestra.run.smithi017.stdout:/usr/bin/ceph: stderr
2023-07-20T02:33:25.146+0000 7fb47bfff700 1 --2- 172.21.15.17:0/3149367538 >> [v2:172.21.15.17:6800/3625702005,v1:172.21.15.17:6801/3625702005] conn(0x7fb46c038760 0x7fb46c03ac20 secure :-1 s=READY pgs=10 cs=0 l=1 rev1=1 crypto rx=0x7fb468006fd0 tx=0x7fb468006e40 comp rx=0 tx=0).ready entity=mgr.14120 client_cookie=0 server_cookie=0 in_seq=0 out_seq=0
2023-07-20T02:33:25.844 INFO:teuthology.orchestra.run.smithi017.stdout:/usr/bin/ceph: stderr
2023-07-20T02:33:25.151+0000 7fb479ffb700 1 -- 172.21.15.17:0/3149367538 <== mon.0 v2:172.21.15.17:3300/0 6 ==== mon_command_ack([{"prefix": "get_command_descriptions"}]=0 v0) v1 ==== 72+0+178025 (secure 0 0 0) 0x7fb47001a430 con 0x7fb47c106cb0
2023-07-20T02:33:25.844 INFO:teuthology.orchestra.run.smithi017.stdout:/usr/bin/ceph: stderr
2023-07-20T02:33:25.506+0000 7fb483182700 1 -- 172.21.15.17:0/3149367538 --> [v2:172.21.15.17:6800/3625702005,v1:172.21.15.17:6801/3625702005] -- mgr_command(tid 0: {"prefix": "cephadm get-pub-key", "target": ["mon-mgr", ""]}) v1 -- 0x7fb47c1029f0 con 0x7fb46c038760
2023-07-20T02:33:25.845 INFO:teuthology.orchestra.run.smithi017.stdout:/usr/bin/ceph: stderr
2023-07-20T02:33:25.507+0000 7fb479ffb700 1 -- 172.21.15.17:0/3149367538 <== mgr.14120 v2:172.21.15.17:6800/3625702005 1 ==== mgr_command_reply(tid 0: 0 ) v1 ==== 8+0+595 (secure 0 0 0) 0x7fb47c1029f0 con 0x7fb46c038760
2023-07-20T02:33:25.845 INFO:teuthology.orchestra.run.smithi017.stdout:/usr/bin/ceph: stderr
2023-07-20T02:33:25.509+0000 7fb483182700 1 -- 172.21.15.17:0/3149367538 >> [v2:172.21.15.17:6800/3625702005,v1:172.21.15.17:6801/3625702005] conn(0x7fb46c038760 msgr2=0x7fb46c03ac20 secure :-1 s=STATE_CONNECTION_ESTABLISHED l=1).mark_down
2023-07-20T02:33:25.845 INFO:teuthology.orchestra.run.smithi017.stdout:/usr/bin/ceph: stderr
2023-07-20T02:33:25.509+0000 7fb483182700 1 --2- 172.21.15.17:0/3149367538 >> [v2:172.21.15.17:6800/3625702005,v1:172.21.15.17:6801/3625702005] conn(0x7fb46c038760 0x7fb46c03ac20 secure :-1 s=READY pgs=10 cs=0 l=1 rev1=1 crypto rx=0x7fb468006fd0 tx=0x7fb468006e40 comp rx=0 tx=0).stop
2023-07-20T02:33:25.845 INFO:teuthology.orchestra.run.smithi017.stdout:/usr/bin/ceph: stderr
2023-07-20T02:33:25.509+0000 7fb483182700 1 -- 172.21.15.17:0/3149367538 >> [v2:172.21.15.17:3300/0,v1:172.21.15.17:6789/0] conn(0x7fb47c106cb0 msgr2=0x7fb47c199f40 secure :-1 s=STATE_CONNECTION_ESTABLISHED l=1).mark_down
2023-07-20T02:33:25.846 INFO:teuthology.orchestra.run.smithi017.stdout:/usr/bin/ceph: stderr
2023-07-20T02:33:25.509+0000 7fb483182700 1 --2- 172.21.15.17:0/3149367538 >> [v2:172.21.15.17:3300/0,v1:172.21.15.17:6789/0] conn(0x7fb47c106cb0 0x7fb47c199f40 secure :-1 s=READY pgs=44 cs=0 l=1 rev1=1 crypto rx=0x7fb470009130 tx=0x7fb470011ad0 comp rx=0 tx=0).stop
2023-07-20T02:33:25.846 INFO:teuthology.orchestra.run.smithi017.stdout:/usr/bin/ceph: stderr
2023-07-20T02:33:25.509+0000 7fb483182700 1 -- 172.21.15.17:0/3149367538 shutdown_connections
2023-07-20T02:33:25.846 INFO:teuthology.orchestra.run.smithi017.stdout:/usr/bin/ceph: stderr
2023-07-20T02:33:25.509+0000 7fb483182700 1 --2- 172.21.15.17:0/3149367538 >> [v2:172.21.15.17:6800/3625702005,v1:172.21.15.17:6801/3625702005] conn(0x7fb46c038760 0x7fb46c03ac20 unknown :-1 s=CLOSED pgs=10 cs=0 l=1 rev1=1 crypto rx=0 tx=0 comp rx=0 tx=0).stop
2023-07-20T02:33:25.847 INFO:teuthology.orchestra.run.smithi017.stdout:/usr/bin/ceph: stderr
2023-07-20T02:33:25.509+0000 7fb483182700 1 --2- 172.21.15.17:0/3149367538 >> [v2:172.21.15.17:3300/0,v1:172.21.15.17:6789/0] conn(0x7fb47c106cb0 0x7fb47c199f40 unknown :-1 s=CLOSED pgs=44 cs=0 l=1 rev1=1 crypto rx=0 tx=0 comp rx=0 tx=0).stop
2023-07-20T02:33:25.847 INFO:teuthology.orchestra.run.smithi017.stdout:/usr/bin/ceph: stderr
2023-07-20T02:33:25.509+0000 7fb483182700 1 -- 172.21.15.17:0/3149367538 >> 172.21.15.17:0/3149367538 conn(0x7fb47c100680 msgr2=0x7fb47c101d90 unknown :-1 s=STATE_NONE l=0).mark_down
2023-07-20T02:33:25.847 INFO:teuthology.orchestra.run.smithi017.stdout:/usr/bin/ceph: stderr
2023-07-20T02:33:25.509+0000 7fb483182700 1 -- 172.21.15.17:0/3149367538 shutdown_connections
2023-07-20T02:33:25.847 INFO:teuthology.orchestra.run.smithi017.stdout:/usr/bin/ceph: stderr
2023-07-20T02:33:25.509+0000 7fb483182700 1 -- 172.21.15.17:0/3149367538 wait complete.
2023-07-20T02:33:25.848 INFO:teuthology.orchestra.run.smithi017.stdout:Wrote public SSH key to /home/ubuntu/cephtest/ceph.pub
2023-07-20T02:33:25.848 INFO:teuthology.orchestra.run.smithi017.stdout:Adding key to root@localhost authorized_keys...
2023-07-20T02:33:25.849 INFO:teuthology.orchestra.run.smithi017.stdout:Adding host smithi017...
2023-07-20T02:33:26.693 INFO:journalctl@ceph.mon.a.smithi017.stdout:Jul 20 02:33:26 smithi017 ceph-mon[127345]: from='client.14138 -' entity='client.admin' cmd=[{"prefix": "cephadm get-pub-key", "target": ["mon-mgr", ""]}]: dispatch
2023-07-20T02:33:27.505 INFO:journalctl@ceph.mon.a.smithi017.stdout:Jul 20 02:33:27 smithi017 ceph-mon[127345]: from='client.14140 -' entity='client.admin' cmd=[{"prefix": "orch host add", "hostname": "smithi017", "addr": "172.21.15.17", "target": ["mon-mgr", ""]}]: dispatch
2023-07-20T02:33:27.506 INFO:journalctl@ceph.mon.a.smithi017.stdout:Jul 20 02:33:27 smithi017 ceph-mon[127345]: Deploying cephadm binary to smithi017
2023-07-20T02:33:29.784 INFO:teuthology.orchestra.run.smithi017.stdout:/usr/bin/ceph: stdout Added host 'smithi017' with addr '172.21.15.17'
2023-07-20T02:33:29.785 INFO:teuthology.orchestra.run.smithi017.stdout:/usr/bin/ceph: stderr
2023-07-20T02:33:26.337+0000 7f8ab3a7b700 1 Processor -- start
2023-07-20T02:33:29.785 INFO:teuthology.orchestra.run.smithi017.stdout:/usr/bin/ceph: stderr
2023-07-20T02:33:26.337+0000 7f8ab3a7b700 1 -- start start
2023-07-20T02:33:29.785 INFO:teuthology.orchestra.run.smithi017.stdout:/usr/bin/ceph: stderr
2023-07-20T02:33:26.337+0000 7f8ab3a7b700 1 --2- >> [v2:172.21.15.17:3300/0,v1:172.21.15.17:6789/0] conn(0x7f8aac106cf0 0x7f8aac1090e0 unknown :-1 s=NONE pgs=0 cs=0 l=0 rev1=0 crypto rx=0 tx=0 comp rx=0 tx=0).connect
2023-07-20T02:33:29.785 INFO:teuthology.orchestra.run.smithi017.stdout:/usr/bin/ceph: stderr
2023-07-20T02:33:26.337+0000 7f8ab3a7b700 1 -- --> [v2:172.21.15.17:3300/0,v1:172.21.15.17:6789/0] -- mon_getmap magic: 0 v1 -- 0x7f8aac073f30 con 0x7f8aac106cf0
2023-07-20T02:33:29.785 INFO:teuthology.orchestra.run.smithi017.stdout:/usr/bin/ceph: stderr
2023-07-20T02:33:26.337+0000 7f8ab1817700 1 --2- >> [v2:172.21.15.17:3300/0,v1:172.21.15.17:6789/0] conn(0x7f8aac106cf0 0x7f8aac1090e0 unknown :-1 s=BANNER_CONNECTING pgs=0 cs=0 l=0 rev1=0 crypto rx=0 tx=0 comp rx=0 tx=0)._handle_peer_banner_payload supported=3 required=0
2023-07-20T02:33:29.785 INFO:teuthology.orchestra.run.smithi017.stdout:/usr/bin/ceph: stderr
2023-07-20T02:33:26.337+0000 7f8ab1817700 1 --2- >> [v2:172.21.15.17:3300/0,v1:172.21.15.17:6789/0] conn(0x7f8aac106cf0 0x7f8aac1090e0 unknown :-1 s=HELLO_CONNECTING pgs=0 cs=0 l=0 rev1=1 crypto rx=0 tx=0 comp rx=0 tx=0).handle_hello peer v2:172.21.15.17:3300/0 says I am v2:172.21.15.17:42426/0 (socket says 172.21.15.17:42426)
2023-07-20T02:33:29.786 INFO:teuthology.orchestra.run.smithi017.stdout:/usr/bin/ceph: stderr
2023-07-20T02:33:26.337+0000 7f8ab1817700 1 -- 172.21.15.17:0/3403194672 learned_addr learned my addr 172.21.15.17:0/3403194672 (peer_addr_for_me v2:172.21.15.17:0/0)
2023-07-20T02:33:29.786 INFO:teuthology.orchestra.run.smithi017.stdout:/usr/bin/ceph: stderr
2023-07-20T02:33:26.337+0000 7f8ab1817700 1 -- 172.21.15.17:0/3403194672 --> [v2:172.21.15.17:3300/0,v1:172.21.15.17:6789/0] -- mon_subscribe({config=0+,monmap=0+}) v3 -- 0x7f8aac109620 con 0x7f8aac106cf0
2023-07-20T02:33:29.786 INFO:teuthology.orchestra.run.smithi017.stdout:/usr/bin/ceph: stderr
2023-07-20T02:33:26.337+0000 7f8ab1817700 1 --2- 172.21.15.17:0/3403194672 >> [v2:172.21.15.17:3300/0,v1:172.21.15.17:6789/0] conn(0x7f8aac106cf0 0x7f8aac1090e0 secure :-1 s=READY pgs=45 cs=0 l=1 rev1=1 crypto rx=0x7f8aa80098a0 tx=0x7f8aa8009bb0 comp rx=0 tx=0).ready entity=mon.0 client_cookie=cc67c0e52db6535a server_cookie=0 in_seq=0 out_seq=0
2023-07-20T02:33:29.786 INFO:teuthology.orchestra.run.smithi017.stdout:/usr/bin/ceph: stderr
2023-07-20T02:33:26.338+0000 7f8ab0815700 1 -- 172.21.15.17:0/3403194672 <== mon.0 v2:172.21.15.17:3300/0 1 ==== mon_map magic: 0 v1 ==== 205+0+0 (secure 0 0 0) 0x7f8aa8004160 con 0x7f8aac106cf0
2023-07-20T02:33:29.786 INFO:teuthology.orchestra.run.smithi017.stdout:/usr/bin/ceph: stderr
2023-07-20T02:33:26.338+0000 7f8ab0815700 1 -- 172.21.15.17:0/3403194672 <== mon.0 v2:172.21.15.17:3300/0 2 ==== config(26 keys) v1 ==== 1074+0+0 (secure 0 0 0) 0x7f8aa80042c0 con 0x7f8aac106cf0
2023-07-20T02:33:29.786 INFO:teuthology.orchestra.run.smithi017.stdout:/usr/bin/ceph: stderr
2023-07-20T02:33:26.338+0000 7f8ab0815700 1 -- 172.21.15.17:0/3403194672 <== mon.0 v2:172.21.15.17:3300/0 3 ==== mon_map magic: 0 v1 ==== 205+0+0 (secure 0 0 0) 0x7f8aa8011a00 con 0x7f8aac106cf0
2023-07-20T02:33:29.786 INFO:teuthology.orchestra.run.smithi017.stdout:/usr/bin/ceph: stderr
2023-07-20T02:33:26.338+0000 7f8ab3a7b700 1 -- 172.21.15.17:0/3403194672 >> [v2:172.21.15.17:3300/0,v1:172.21.15.17:6789/0] conn(0x7f8aac106cf0 msgr2=0x7f8aac1090e0 secure :-1 s=STATE_CONNECTION_ESTABLISHED l=1).mark_down
2023-07-20T02:33:29.787 INFO:teuthology.orchestra.run.smithi017.stdout:/usr/bin/ceph: stderr
2023-07-20T02:33:26.338+0000 7f8ab3a7b700 1 --2- 172.21.15.17:0/3403194672 >> [v2:172.21.15.17:3300/0,v1:172.21.15.17:6789/0] conn(0x7f8aac106cf0 0x7f8aac1090e0 secure :-1 s=READY pgs=45 cs=0 l=1 rev1=1 crypto rx=0x7f8aa80098a0 tx=0x7f8aa8009bb0 comp rx=0 tx=0).stop
2023-07-20T02:33:29.787 INFO:teuthology.orchestra.run.smithi017.stdout:/usr/bin/ceph: stderr
2023-07-20T02:33:26.338+0000 7f8ab3a7b700 1 -- 172.21.15.17:0/3403194672 shutdown_connections
2023-07-20T02:33:29.787 INFO:teuthology.orchestra.run.smithi017.stdout:/usr/bin/ceph: stderr
2023-07-20T02:33:26.338+0000 7f8ab3a7b700 1 --2- 172.21.15.17:0/3403194672 >> [v2:172.21.15.17:3300/0,v1:172.21.15.17:6789/0] conn(0x7f8aac106cf0 0x7f8aac1090e0 unknown :-1 s=CLOSED pgs=45 cs=0 l=1 rev1=1 crypto rx=0 tx=0 comp rx=0 tx=0).stop
2023-07-20T02:33:29.787 INFO:teuthology.orchestra.run.smithi017.stdout:/usr/bin/ceph: stderr
2023-07-20T02:33:26.338+0000 7f8ab3a7b700 1 -- 172.21.15.17:0/3403194672 >> 172.21.15.17:0/3403194672 conn(0x7f8aac100680 msgr2=0x7f8aac102ae0 unknown :-1 s=STATE_NONE l=0).mark_down
2023-07-20T02:33:29.787 INFO:teuthology.orchestra.run.smithi017.stdout:/usr/bin/ceph: stderr
2023-07-20T02:33:26.339+0000 7f8ab3a7b700 1 -- 172.21.15.17:0/3403194672 shutdown_connections
2023-07-20T02:33:29.787 INFO:teuthology.orchestra.run.smithi017.stdout:/usr/bin/ceph: stderr
2023-07-20T02:33:26.339+0000 7f8ab3a7b700 1 -- 172.21.15.17:0/3403194672 wait complete.
2023-07-20T02:33:29.787 INFO:teuthology.orchestra.run.smithi017.stdout:/usr/bin/ceph: stderr
2023-07-20T02:33:26.339+0000 7f8ab3a7b700 1 Processor -- start
2023-07-20T02:33:29.787 INFO:teuthology.orchestra.run.smithi017.stdout:/usr/bin/ceph: stderr
2023-07-20T02:33:26.339+0000 7f8ab3a7b700 1 -- start start
2023-07-20T02:33:29.788 INFO:teuthology.orchestra.run.smithi017.stdout:/usr/bin/ceph: stderr
2023-07-20T02:33:26.339+0000 7f8ab3a7b700 1 --2- >> [v2:172.21.15.17:3300/0,v1:172.21.15.17:6789/0] conn(0x7f8aac106cf0 0x7f8aac199f00 unknown :-1 s=NONE pgs=0 cs=0 l=1 rev1=0 crypto rx=0 tx=0 comp rx=0 tx=0).connect
2023-07-20T02:33:29.788 INFO:teuthology.orchestra.run.smithi017.stdout:/usr/bin/ceph: stderr
2023-07-20T02:33:26.339+0000 7f8ab3a7b700 1 -- --> [v2:172.21.15.17:3300/0,v1:172.21.15.17:6789/0] -- mon_getmap magic: 0 v1 -- 0x7f8aac19a440 con 0x7f8aac106cf0
2023-07-20T02:33:29.788 INFO:teuthology.orchestra.run.smithi017.stdout:/usr/bin/ceph: stderr
2023-07-20T02:33:26.339+0000 7f8ab1817700 1 --2- >> [v2:172.21.15.17:3300/0,v1:172.21.15.17:6789/0] conn(0x7f8aac106cf0 0x7f8aac199f00 unknown :-1 s=BANNER_CONNECTING pgs=0 cs=0 l=1 rev1=0 crypto rx=0 tx=0 comp rx=0 tx=0)._handle_peer_banner_payload supported=3 required=0
2023-07-20T02:33:29.788 INFO:teuthology.orchestra.run.smithi017.stdout:/usr/bin/ceph: stderr
2023-07-20T02:33:26.339+0000 7f8ab1817700 1 --2- >> [v2:172.21.15.17:3300/0,v1:172.21.15.17:6789/0] conn(0x7f8aac106cf0 0x7f8aac199f00 unknown :-1 s=HELLO_CONNECTING pgs=0 cs=0 l=1 rev1=1 crypto rx=0 tx=0 comp rx=0 tx=0).handle_hello peer v2:172.21.15.17:3300/0 says I am v2:172.21.15.17:42428/0 (socket says 172.21.15.17:42428)
2023-07-20T02:33:29.788 INFO:teuthology.orchestra.run.smithi017.stdout:/usr/bin/ceph: stderr
2023-07-20T02:33:26.339+0000 7f8ab1817700 1 -- 172.21.15.17:0/3834857763 learned_addr learned my addr 172.21.15.17:0/3834857763 (peer_addr_for_me v2:172.21.15.17:0/0)
2023-07-20T02:33:29.788 INFO:teuthology.orchestra.run.smithi017.stdout:/usr/bin/ceph: stderr
2023-07-20T02:33:26.340+0000 7f8ab1817700 1 -- 172.21.15.17:0/3834857763 --> [v2:172.21.15.17:3300/0,v1:172.21.15.17:6789/0] -- mon_subscribe({config=0+,monmap=0+}) v3 -- 0x7f8aa8009550 con 0x7f8aac106cf0
2023-07-20T02:33:29.788 INFO:teuthology.orchestra.run.smithi017.stdout:/usr/bin/ceph: stderr
2023-07-20T02:33:26.340+0000 7f8ab1817700 1 --2- 172.21.15.17:0/3834857763 >> [v2:172.21.15.17:3300/0,v1:172.21.15.17:6789/0] conn(0x7f8aac106cf0 0x7f8aac199f00 secure :-1 s=READY pgs=46 cs=0 l=1 rev1=1 crypto rx=0x7f8aa8009fb0 tx=0x7f8aa8011ad0 comp rx=0 tx=0).ready entity=mon.0 client_cookie=0 server_cookie=0 in_seq=0 out_seq=0
2023-07-20T02:33:29.789 INFO:teuthology.orchestra.run.smithi017.stdout:/usr/bin/ceph: stderr
2023-07-20T02:33:26.340+0000 7f8a9effd700 1 -- 172.21.15.17:0/3834857763 <== mon.0 v2:172.21.15.17:3300/0 1 ==== mon_map magic: 0 v1 ==== 205+0+0 (secure 0 0 0) 0x7f8aa8003a40 con 0x7f8aac106cf0
2023-07-20T02:33:29.789 INFO:teuthology.orchestra.run.smithi017.stdout:/usr/bin/ceph: stderr
2023-07-20T02:33:26.340+0000 7f8a9effd700 1 -- 172.21.15.17:0/3834857763 <== mon.0 v2:172.21.15.17:3300/0 2 ==== config(26 keys) v1 ==== 1074+0+0 (secure 0 0 0) 0x7f8aa8003ba0 con 0x7f8aac106cf0
2023-07-20T02:33:29.789 INFO:teuthology.orchestra.run.smithi017.stdout:/usr/bin/ceph: stderr
2023-07-20T02:33:26.340+0000 7f8ab3a7b700 1 -- 172.21.15.17:0/3834857763 --> [v2:172.21.15.17:3300/0,v1:172.21.15.17:6789/0] -- mon_subscribe({mgrmap=0+}) v3 -- 0x7f8aac19a640 con 0x7f8aac106cf0
2023-07-20T02:33:29.789 INFO:teuthology.orchestra.run.smithi017.stdout:/usr/bin/ceph: stderr
2023-07-20T02:33:26.340+0000 7f8a9effd700 1 -- 172.21.15.17:0/3834857763 <== mon.0 v2:172.21.15.17:3300/0 3 ==== mon_map magic: 0 v1 ==== 205+0+0 (secure 0 0 0) 0x7f8aa801a750 con 0x7f8aac106cf0
2023-07-20T02:33:29.789 INFO:teuthology.orchestra.run.smithi017.stdout:/usr/bin/ceph: stderr
2023-07-20T02:33:26.340+0000 7f8ab3a7b700 1 -- 172.21.15.17:0/3834857763 --> [v2:172.21.15.17:3300/0,v1:172.21.15.17:6789/0] -- mon_subscribe({osdmap=0}) v3 -- 0x7f8aac19aa60 con 0x7f8aac106cf0
2023-07-20T02:33:29.789 INFO:teuthology.orchestra.run.smithi017.stdout:/usr/bin/ceph: stderr
2023-07-20T02:33:26.341+0000 7f8a9effd700 1 -- 172.21.15.17:0/3834857763 <== mon.0 v2:172.21.15.17:3300/0 4 ==== mgrmap(e 8) v1 ==== 45483+0+0 (secure 0 0 0) 0x7f8aa801a9d0 con 0x7f8aac106cf0
2023-07-20T02:33:29.789 INFO:teuthology.orchestra.run.smithi017.stdout:/usr/bin/ceph: stderr
2023-07-20T02:33:26.341+0000 7f8a9effd700 1 --2- 172.21.15.17:0/3834857763 >> [v2:172.21.15.17:6800/3625702005,v1:172.21.15.17:6801/3625702005] conn(0x7f8a980386c0 0x7f8a9803ab80 unknown :-1 s=NONE pgs=0 cs=0 l=1 rev1=0 crypto rx=0 tx=0 comp rx=0 tx=0).connect
2023-07-20T02:33:29.789 INFO:teuthology.orchestra.run.smithi017.stdout:/usr/bin/ceph: stderr
2023-07-20T02:33:26.341+0000 7f8a9effd700 1 -- 172.21.15.17:0/3834857763 <== mon.0 v2:172.21.15.17:3300/0 5 ==== osd_map(2..2 src has 1..2) v4 ==== 940+0+0 (secure 0 0 0) 0x7f8aa804c930 con 0x7f8aac106cf0
2023-07-20T02:33:29.790 INFO:teuthology.orchestra.run.smithi017.stdout:/usr/bin/ceph: stderr
2023-07-20T02:33:26.341+0000 7f8ab3a7b700 1 -- 172.21.15.17:0/3834857763 --> [v2:172.21.15.17:3300/0,v1:172.21.15.17:6789/0] -- mon_command({"prefix": "get_command_descriptions"} v 0) v1 -- 0x7f8aac061da0 con 0x7f8aac106cf0
2023-07-20T02:33:29.790 INFO:teuthology.orchestra.run.smithi017.stdout:/usr/bin/ceph: stderr
2023-07-20T02:33:26.341+0000 7f8ab1016700 1 --2- 172.21.15.17:0/3834857763 >> [v2:172.21.15.17:6800/3625702005,v1:172.21.15.17:6801/3625702005] conn(0x7f8a980386c0 0x7f8a9803ab80 unknown :-1 s=BANNER_CONNECTING pgs=0 cs=0 l=1 rev1=0 crypto rx=0 tx=0 comp rx=0 tx=0)._handle_peer_banner_payload supported=3 required=0
2023-07-20T02:33:29.790 INFO:teuthology.orchestra.run.smithi017.stdout:/usr/bin/ceph: stderr
2023-07-20T02:33:26.342+0000 7f8ab1016700 1 --2- 172.21.15.17:0/3834857763 >> [v2:172.21.15.17:6800/3625702005,v1:172.21.15.17:6801/3625702005] conn(0x7f8a980386c0 0x7f8a9803ab80 secure :-1 s=READY pgs=11 cs=0 l=1 rev1=1 crypto rx=0x7f8aa0006fd0 tx=0x7f8aa0006e40 comp rx=0 tx=0).ready entity=mgr.14120 client_cookie=0 server_cookie=0 in_seq=0 out_seq=0
2023-07-20T02:33:29.790 INFO:teuthology.orchestra.run.smithi017.stdout:/usr/bin/ceph: stderr
2023-07-20T02:33:26.346+0000 7f8a9effd700 1 -- 172.21.15.17:0/3834857763 <== mon.0 v2:172.21.15.17:3300/0 6 ==== mon_command_ack([{"prefix": "get_command_descriptions"}]=0 v0) v1 ==== 72+0+178025 (secure 0 0 0) 0x7f8aa8023390 con 0x7f8aac106cf0
2023-07-20T02:33:29.790 INFO:teuthology.orchestra.run.smithi017.stdout:/usr/bin/ceph: stderr
2023-07-20T02:33:26.711+0000 7f8ab3a7b700 1 -- 172.21.15.17:0/3834857763 --> [v2:172.21.15.17:6800/3625702005,v1:172.21.15.17:6801/3625702005] -- mgr_command(tid 0: {"prefix": "orch host add", "hostname": "smithi017", "addr": "172.21.15.17", "target": ["mon-mgr", ""]}) v1 -- 0x7f8aac1029c0 con 0x7f8a980386c0
2023-07-20T02:33:29.790 INFO:teuthology.orchestra.run.smithi017.stdout:/usr/bin/ceph: stderr
2023-07-20T02:33:29.450+0000 7f8a9effd700 1 -- 172.21.15.17:0/3834857763 <== mgr.14120 v2:172.21.15.17:6800/3625702005 1 ==== mgr_command_reply(tid 0: 0 ) v1 ==== 8+0+48 (secure 0 0 0) 0x7f8aac1029c0 con 0x7f8a980386c0
2023-07-20T02:33:29.790 INFO:teuthology.orchestra.run.smithi017.stdout:/usr/bin/ceph: stderr
2023-07-20T02:33:29.453+0000 7f8ab3a7b700 1 -- 172.21.15.17:0/3834857763 >> [v2:172.21.15.17:6800/3625702005,v1:172.21.15.17:6801/3625702005] conn(0x7f8a980386c0 msgr2=0x7f8a9803ab80 secure :-1 s=STATE_CONNECTION_ESTABLISHED l=1).mark_down
2023-07-20T02:33:29.791 INFO:teuthology.orchestra.run.smithi017.stdout:/usr/bin/ceph: stderr
2023-07-20T02:33:29.453+0000 7f8ab3a7b700 1 --2- 172.21.15.17:0/3834857763 >> [v2:172.21.15.17:6800/3625702005,v1:172.21.15.17:6801/3625702005] conn(0x7f8a980386c0 0x7f8a9803ab80 secure :-1 s=READY pgs=11 cs=0 l=1 rev1=1 crypto rx=0x7f8aa0006fd0 tx=0x7f8aa0006e40 comp rx=0 tx=0).stop
2023-07-20T02:33:29.791 INFO:teuthology.orchestra.run.smithi017.stdout:/usr/bin/ceph: stderr
2023-07-20T02:33:29.453+0000 7f8ab3a7b700 1 -- 172.21.15.17:0/3834857763 >> [v2:172.21.15.17:3300/0,v1:172.21.15.17:6789/0] conn(0x7f8aac106cf0 msgr2=0x7f8aac199f00 secure :-1 s=STATE_CONNECTION_ESTABLISHED l=1).mark_down
2023-07-20T02:33:29.791 INFO:teuthology.orchestra.run.smithi017.stdout:/usr/bin/ceph: stderr
2023-07-20T02:33:29.453+0000 7f8ab3a7b700 1 --2- 172.21.15.17:0/3834857763 >> [v2:172.21.15.17:3300/0,v1:172.21.15.17:6789/0] conn(0x7f8aac106cf0 0x7f8aac199f00 secure :-1 s=READY pgs=46 cs=0 l=1 rev1=1 crypto rx=0x7f8aa8009fb0 tx=0x7f8aa8011ad0 comp rx=0 tx=0).stop
2023-07-20T02:33:29.791 INFO:teuthology.orchestra.run.smithi017.stdout:/usr/bin/ceph: stderr
2023-07-20T02:33:29.453+0000 7f8ab3a7b700 1 -- 172.21.15.17:0/3834857763 shutdown_connections
2023-07-20T02:33:29.791 INFO:teuthology.orchestra.run.smithi017.stdout:/usr/bin/ceph: stderr
2023-07-20T02:33:29.453+0000 7f8ab3a7b700 1 --2- 172.21.15.17:0/3834857763 >> [v2:172.21.15.17:6800/3625702005,v1:172.21.15.17:6801/3625702005] conn(0x7f8a980386c0 0x7f8a9803ab80 unknown :-1 s=CLOSED pgs=11 cs=0 l=1 rev1=1 crypto rx=0 tx=0 comp rx=0 tx=0).stop
2023-07-20T02:33:29.791 INFO:teuthology.orchestra.run.smithi017.stdout:/usr/bin/ceph: stderr
2023-07-20T02:33:29.453+0000 7f8ab3a7b700 1 --2- 172.21.15.17:0/3834857763 >> [v2:172.21.15.17:3300/0,v1:172.21.15.17:6789/0] conn(0x7f8aac106cf0 0x7f8aac199f00 unknown :-1 s=CLOSED pgs=46 cs=0 l=1 rev1=1 crypto rx=0 tx=0 comp rx=0 tx=0).stop
2023-07-20T02:33:29.791 INFO:teuthology.orchestra.run.smithi017.stdout:/usr/bin/ceph: stderr
2023-07-20T02:33:29.453+0000 7f8ab3a7b700 1 -- 172.21.15.17:0/3834857763 >> 172.21.15.17:0/3834857763 conn(0x7f8aac100680 msgr2=0x7f8aac101d60 unknown :-1 s=STATE_NONE l=0).mark_down
2023-07-20T02:33:29.791 INFO:teuthology.orchestra.run.smithi017.stdout:/usr/bin/ceph: stderr
2023-07-20T02:33:29.453+0000 7f8ab3a7b700 1 -- 172.21.15.17:0/3834857763 shutdown_connections
2023-07-20T02:33:29.792 INFO:teuthology.orchestra.run.smithi017.stdout:/usr/bin/ceph: stderr
2023-07-20T02:33:29.454+0000 7f8ab3a7b700 1 -- 172.21.15.17:0/3834857763 wait complete.
2023-07-20T02:33:29.792 INFO:teuthology.orchestra.run.smithi017.stdout:Deploying unmanaged mon service...
2023-07-20T02:33:30.693 INFO:journalctl@ceph.mon.a.smithi017.stdout:Jul 20 02:33:30 smithi017 ceph-mon[127345]: from='mgr.14120 172.21.15.17:0/573697983' entity='mgr.x'
2023-07-20T02:33:30.693 INFO:journalctl@ceph.mon.a.smithi017.stdout:Jul 20 02:33:30 smithi017 ceph-mon[127345]: Added host smithi017
2023-07-20T02:33:30.694 INFO:journalctl@ceph.mon.a.smithi017.stdout:Jul 20 02:33:30 smithi017 ceph-mon[127345]: from='mgr.14120 172.21.15.17:0/573697983' entity='mgr.x' cmd=[{"prefix": "config dump", "format": "json"}]: dispatch
2023-07-20T02:33:31.127 INFO:teuthology.orchestra.run.smithi017.stdout:/usr/bin/ceph: stdout Scheduled mon update...
2023-07-20T02:33:31.131 INFO:teuthology.orchestra.run.smithi017.stdout:/usr/bin/ceph: stderr
2023-07-20T02:33:30.255+0000 7f4fa92e0700 1 Processor -- start
2023-07-20T02:33:31.131 INFO:teuthology.orchestra.run.smithi017.stdout:/usr/bin/ceph: stderr
2023-07-20T02:33:30.255+0000 7f4fa92e0700 1 -- start start
2023-07-20T02:33:31.132 INFO:teuthology.orchestra.run.smithi017.stdout:/usr/bin/ceph: stderr
2023-07-20T02:33:30.255+0000 7f4fa92e0700 1 --2- >> [v2:172.21.15.17:3300/0,v1:172.21.15.17:6789/0] conn(0x7f4fa41061f0 0x7f4fa4106610 unknown :-1 s=NONE pgs=0 cs=0 l=0 rev1=0 crypto rx=0 tx=0 comp rx=0 tx=0).connect
2023-07-20T02:33:31.132 INFO:teuthology.orchestra.run.smithi017.stdout:/usr/bin/ceph: stderr
2023-07-20T02:33:30.255+0000 7f4fa92e0700 1 -- --> [v2:172.21.15.17:3300/0,v1:172.21.15.17:6789/0] -- mon_getmap magic: 0 v1 -- 0x7f4fa4106be0 con 0x7f4fa41061f0
2023-07-20T02:33:31.132 INFO:teuthology.orchestra.run.smithi017.stdout:/usr/bin/ceph: stderr
2023-07-20T02:33:30.256+0000 7f4fa2ffd700 1 --2- >> [v2:172.21.15.17:3300/0,v1:172.21.15.17:6789/0] conn(0x7f4fa41061f0 0x7f4fa4106610 unknown :-1 s=BANNER_CONNECTING pgs=0 cs=0 l=0 rev1=0 crypto rx=0 tx=0 comp rx=0 tx=0)._handle_peer_banner_payload supported=3 required=0
2023-07-20T02:33:31.132 INFO:teuthology.orchestra.run.smithi017.stdout:/usr/bin/ceph: stderr
2023-07-20T02:33:30.256+0000 7f4fa2ffd700 1 --2- >> [v2:172.21.15.17:3300/0,v1:172.21.15.17:6789/0] conn(0x7f4fa41061f0 0x7f4fa4106610 unknown :-1 s=HELLO_CONNECTING pgs=0 cs=0 l=0 rev1=1 crypto rx=0 tx=0 comp rx=0 tx=0).handle_hello peer v2:172.21.15.17:3300/0 says I am v2:172.21.15.17:42462/0 (socket says 172.21.15.17:42462)
2023-07-20T02:33:31.132 INFO:teuthology.orchestra.run.smithi017.stdout:/usr/bin/ceph: stderr
2023-07-20T02:33:30.256+0000 7f4fa2ffd700 1 -- 172.21.15.17:0/3898341754 learned_addr learned my addr 172.21.15.17:0/3898341754 (peer_addr_for_me v2:172.21.15.17:0/0)
2023-07-20T02:33:31.132 INFO:teuthology.orchestra.run.smithi017.stdout:/usr/bin/ceph: stderr
2023-07-20T02:33:30.256+0000 7f4fa2ffd700 1 -- 172.21.15.17:0/3898341754 --> [v2:172.21.15.17:3300/0,v1:172.21.15.17:6789/0] -- mon_subscribe({config=0+,monmap=0+}) v3 -- 0x7f4fa41073f0 con 0x7f4fa41061f0
2023-07-20T02:33:31.132 INFO:teuthology.orchestra.run.smithi017.stdout:/usr/bin/ceph: stderr
2023-07-20T02:33:30.256+0000 7f4fa2ffd700 1 --2- 172.21.15.17:0/3898341754 >> [v2:172.21.15.17:3300/0,v1:172.21.15.17:6789/0] conn(0x7f4fa41061f0 0x7f4fa4106610 secure :-1 s=READY pgs=47 cs=0 l=1 rev1=1 crypto rx=0x7f4f980098a0 tx=0x7f4f98009bb0 comp rx=0 tx=0).ready entity=mon.0 client_cookie=6a5ed91748833b00 server_cookie=0 in_seq=0 out_seq=0
2023-07-20T02:33:31.133 INFO:teuthology.orchestra.run.smithi017.stdout:/usr/bin/ceph: stderr
2023-07-20T02:33:30.257+0000 7f4fa1ffb700 1 -- 172.21.15.17:0/3898341754 <== mon.0 v2:172.21.15.17:3300/0 1 ==== mon_map magic: 0 v1 ==== 205+0+0 (secure 0 0 0) 0x7f4f98004160 con 0x7f4fa41061f0
2023-07-20T02:33:31.133 INFO:teuthology.orchestra.run.smithi017.stdout:/usr/bin/ceph: stderr
2023-07-20T02:33:30.257+0000 7f4fa1ffb700 1 -- 172.21.15.17:0/3898341754 <== mon.0 v2:172.21.15.17:3300/0 2 ==== config(26 keys) v1 ==== 1074+0+0 (secure 0 0 0) 0x7f4f980042c0 con 0x7f4fa41061f0
2023-07-20T02:33:31.133 INFO:teuthology.orchestra.run.smithi017.stdout:/usr/bin/ceph: stderr
2023-07-20T02:33:30.257+0000 7f4fa1ffb700 1 -- 172.21.15.17:0/3898341754 <== mon.0 v2:172.21.15.17:3300/0 3 ==== mon_map magic: 0 v1 ==== 205+0+0 (secure 0 0 0) 0x7f4f98011a00 con 0x7f4fa41061f0
2023-07-20T02:33:31.133 INFO:teuthology.orchestra.run.smithi017.stdout:/usr/bin/ceph: stderr
2023-07-20T02:33:30.257+0000 7f4fa92e0700 1 -- 172.21.15.17:0/3898341754 >> [v2:172.21.15.17:3300/0,v1:172.21.15.17:6789/0] conn(0x7f4fa41061f0 msgr2=0x7f4fa4106610 secure :-1 s=STATE_CONNECTION_ESTABLISHED l=1).mark_down
2023-07-20T02:33:31.133 INFO:teuthology.orchestra.run.smithi017.stdout:/usr/bin/ceph: stderr
2023-07-20T02:33:30.257+0000 7f4fa92e0700 1 --2- 172.21.15.17:0/3898341754 >> [v2:172.21.15.17:3300/0,v1:172.21.15.17:6789/0] conn(0x7f4fa41061f0 0x7f4fa4106610 secure :-1 s=READY pgs=47 cs=0 l=1 rev1=1 crypto rx=0x7f4f980098a0 tx=0x7f4f98009bb0 comp rx=0 tx=0).stop
2023-07-20T02:33:31.133 INFO:teuthology.orchestra.run.smithi017.stdout:/usr/bin/ceph: stderr
2023-07-20T02:33:30.257+0000 7f4fa92e0700 1 -- 172.21.15.17:0/3898341754 shutdown_connections
2023-07-20T02:33:31.133 INFO:teuthology.orchestra.run.smithi017.stdout:/usr/bin/ceph: stderr
2023-07-20T02:33:30.257+0000 7f4fa92e0700 1 --2- 172.21.15.17:0/3898341754 >> [v2:172.21.15.17:3300/0,v1:172.21.15.17:6789/0] conn(0x7f4fa41061f0 0x7f4fa4106610 unknown :-1 s=CLOSED pgs=47 cs=0 l=1 rev1=1 crypto rx=0 tx=0 comp rx=0 tx=0).stop
2023-07-20T02:33:31.134 INFO:teuthology.orchestra.run.smithi017.stdout:/usr/bin/ceph: stderr
2023-07-20T02:33:30.257+0000 7f4fa92e0700 1 -- 172.21.15.17:0/3898341754 >> 172.21.15.17:0/3898341754 conn(0x7f4fa4101790 msgr2=0x7f4fa4103bd0 unknown :-1 s=STATE_NONE l=0).mark_down
2023-07-20T02:33:31.134 INFO:teuthology.orchestra.run.smithi017.stdout:/usr/bin/ceph: stderr
2023-07-20T02:33:30.257+0000 7f4fa92e0700 1 -- 172.21.15.17:0/3898341754 shutdown_connections
2023-07-20T02:33:31.134 INFO:teuthology.orchestra.run.smithi017.stdout:/usr/bin/ceph: stderr
2023-07-20T02:33:30.257+0000 7f4fa92e0700 1 -- 172.21.15.17:0/3898341754 wait complete.
2023-07-20T02:33:31.134 INFO:teuthology.orchestra.run.smithi017.stdout:/usr/bin/ceph: stderr
2023-07-20T02:33:30.258+0000 7f4fa92e0700 1 Processor -- start
2023-07-20T02:33:31.134 INFO:teuthology.orchestra.run.smithi017.stdout:/usr/bin/ceph: stderr
2023-07-20T02:33:30.258+0000 7f4fa92e0700 1 -- start start
2023-07-20T02:33:31.134 INFO:teuthology.orchestra.run.smithi017.stdout:/usr/bin/ceph: stderr
2023-07-20T02:33:30.258+0000 7f4fa92e0700 1 --2- >> [v2:172.21.15.17:3300/0,v1:172.21.15.17:6789/0] conn(0x7f4fa41061f0 0x7f4fa407bbe0 unknown :-1 s=NONE pgs=0 cs=0 l=1 rev1=0 crypto rx=0 tx=0 comp rx=0 tx=0).connect
2023-07-20T02:33:31.134 INFO:teuthology.orchestra.run.smithi017.stdout:/usr/bin/ceph: stderr
2023-07-20T02:33:30.258+0000 7f4fa92e0700 1 -- --> [v2:172.21.15.17:3300/0,v1:172.21.15.17:6789/0] -- mon_getmap magic: 0 v1 -- 0x7f4fa407c120 con 0x7f4fa41061f0
2023-07-20T02:33:31.134 INFO:teuthology.orchestra.run.smithi017.stdout:/usr/bin/ceph: stderr
2023-07-20T02:33:30.258+0000 7f4fa2ffd700 1 --2- >> [v2:172.21.15.17:3300/0,v1:172.21.15.17:6789/0] conn(0x7f4fa41061f0 0x7f4fa407bbe0 unknown :-1 s=BANNER_CONNECTING pgs=0 cs=0 l=1 rev1=0 crypto rx=0 tx=0 comp rx=0 tx=0)._handle_peer_banner_payload supported=3 required=0
2023-07-20T02:33:31.135 INFO:teuthology.orchestra.run.smithi017.stdout:/usr/bin/ceph: stderr
2023-07-20T02:33:30.258+0000 7f4fa2ffd700 1 --2- >> [v2:172.21.15.17:3300/0,v1:172.21.15.17:6789/0] conn(0x7f4fa41061f0 0x7f4fa407bbe0 unknown :-1 s=HELLO_CONNECTING pgs=0 cs=0 l=1 rev1=1 crypto rx=0 tx=0 comp rx=0 tx=0).handle_hello peer v2:172.21.15.17:3300/0 says I am v2:172.21.15.17:42464/0 (socket says 172.21.15.17:42464)
2023-07-20T02:33:31.135 INFO:teuthology.orchestra.run.smithi017.stdout:/usr/bin/ceph: stderr
2023-07-20T02:33:30.258+0000 7f4fa2ffd700 1 -- 172.21.15.17:0/75375986 learned_addr learned my addr 172.21.15.17:0/75375986 (peer_addr_for_me v2:172.21.15.17:0/0)
2023-07-20T02:33:31.135 INFO:teuthology.orchestra.run.smithi017.stdout:/usr/bin/ceph: stderr
2023-07-20T02:33:30.259+0000 7f4fa2ffd700 1 -- 172.21.15.17:0/75375986 --> [v2:172.21.15.17:3300/0,v1:172.21.15.17:6789/0] -- mon_subscribe({config=0+,monmap=0+}) v3 -- 0x7f4f98009550 con 0x7f4fa41061f0
2023-07-20T02:33:31.135 INFO:teuthology.orchestra.run.smithi017.stdout:/usr/bin/ceph: stderr
2023-07-20T02:33:30.259+0000 7f4fa2ffd700 1 --2- 172.21.15.17:0/75375986 >> [v2:172.21.15.17:3300/0,v1:172.21.15.17:6789/0] conn(0x7f4fa41061f0 0x7f4fa407bbe0 secure :-1 s=READY pgs=48 cs=0 l=1 rev1=1 crypto rx=0x7f4f98009130 tx=0x7f4f98011ad0 comp rx=0 tx=0).ready entity=mon.0 client_cookie=0 server_cookie=0 in_seq=0 out_seq=0
2023-07-20T02:33:31.135 INFO:teuthology.orchestra.run.smithi017.stdout:/usr/bin/ceph: stderr
2023-07-20T02:33:30.259+0000 7f4f8bfff700 1 -- 172.21.15.17:0/75375986 <== mon.0 v2:172.21.15.17:3300/0 1 ==== mon_map magic: 0 v1 ==== 205+0+0 (secure 0 0 0) 0x7f4f98003ab0 con 0x7f4fa41061f0
2023-07-20T02:33:31.135 INFO:teuthology.orchestra.run.smithi017.stdout:/usr/bin/ceph: stderr
2023-07-20T02:33:30.259+0000 7f4f8bfff700 1 -- 172.21.15.17:0/75375986 <== mon.0 v2:172.21.15.17:3300/0 2 ==== config(26 keys) v1 ==== 1074+0+0 (secure 0 0 0) 0x7f4f98003c10 con 0x7f4fa41061f0
2023-07-20T02:33:31.135 INFO:teuthology.orchestra.run.smithi017.stdout:/usr/bin/ceph: stderr
2023-07-20T02:33:30.259+0000 7f4f8bfff700 1 -- 172.21.15.17:0/75375986 <== mon.0 v2:172.21.15.17:3300/0 3 ==== mon_map magic: 0 v1 ==== 205+0+0 (secure 0 0 0) 0x7f4f980247d0 con 0x7f4fa41061f0
2023-07-20T02:33:31.135 INFO:teuthology.orchestra.run.smithi017.stdout:/usr/bin/ceph: stderr
2023-07-20T02:33:30.259+0000 7f4fa92e0700 1 -- 172.21.15.17:0/75375986 --> [v2:172.21.15.17:3300/0,v1:172.21.15.17:6789/0] -- mon_subscribe({mgrmap=0+}) v3 -- 0x7f4fa407a230 con 0x7f4fa41061f0
2023-07-20T02:33:31.136 INFO:teuthology.orchestra.run.smithi017.stdout:/usr/bin/ceph: stderr
2023-07-20T02:33:30.259+0000 7f4fa92e0700 1 -- 172.21.15.17:0/75375986 --> [v2:172.21.15.17:3300/0,v1:172.21.15.17:6789/0] -- mon_subscribe({osdmap=0}) v3 -- 0x7f4fa407a650 con 0x7f4fa41061f0
2023-07-20T02:33:31.136 INFO:teuthology.orchestra.run.smithi017.stdout:/usr/bin/ceph: stderr
2023-07-20T02:33:30.260+0000 7f4f8bfff700 1 -- 172.21.15.17:0/75375986 <== mon.0 v2:172.21.15.17:3300/0 4 ==== mgrmap(e 8) v1 ==== 45483+0+0 (secure 0 0 0) 0x7f4f9801a430 con 0x7f4fa41061f0
2023-07-20T02:33:31.136 INFO:teuthology.orchestra.run.smithi017.stdout:/usr/bin/ceph: stderr
2023-07-20T02:33:30.260+0000 7f4fa92e0700 1 -- 172.21.15.17:0/75375986 --> [v2:172.21.15.17:3300/0,v1:172.21.15.17:6789/0] -- mon_command({"prefix": "get_command_descriptions"} v 0) v1 -- 0x7f4fa4061da0 con 0x7f4fa41061f0
2023-07-20T02:33:31.136 INFO:teuthology.orchestra.run.smithi017.stdout:/usr/bin/ceph: stderr
2023-07-20T02:33:30.260+0000 7f4f8bfff700 1 --2- 172.21.15.17:0/75375986 >> [v2:172.21.15.17:6800/3625702005,v1:172.21.15.17:6801/3625702005] conn(0x7f4f8c0387b0 0x7f4f8c03ac70 unknown :-1 s=NONE pgs=0 cs=0 l=1 rev1=0 crypto rx=0 tx=0 comp rx=0 tx=0).connect
2023-07-20T02:33:31.136 INFO:teuthology.orchestra.run.smithi017.stdout:/usr/bin/ceph: stderr
2023-07-20T02:33:30.260+0000 7f4f8bfff700 1 -- 172.21.15.17:0/75375986 <== mon.0 v2:172.21.15.17:3300/0 5 ==== osd_map(2..2 src has 1..2) v4 ==== 940+0+0 (secure 0 0 0) 0x7f4f9804c8b0 con 0x7f4fa41061f0
2023-07-20T02:33:31.136 INFO:teuthology.orchestra.run.smithi017.stdout:/usr/bin/ceph: stderr
2023-07-20T02:33:30.260+0000 7f4fa27fc700 1 --2- 172.21.15.17:0/75375986 >> [v2:172.21.15.17:6800/3625702005,v1:172.21.15.17:6801/3625702005] conn(0x7f4f8c0387b0 0x7f4f8c03ac70 unknown :-1 s=BANNER_CONNECTING pgs=0 cs=0 l=1 rev1=0 crypto rx=0 tx=0 comp rx=0 tx=0)._handle_peer_banner_payload supported=3 required=0
2023-07-20T02:33:31.136 INFO:teuthology.orchestra.run.smithi017.stdout:/usr/bin/ceph: stderr
2023-07-20T02:33:30.261+0000 7f4fa27fc700 1 --2- 172.21.15.17:0/75375986 >> [v2:172.21.15.17:6800/3625702005,v1:172.21.15.17:6801/3625702005] conn(0x7f4f8c0387b0 0x7f4f8c03ac70 secure :-1 s=READY pgs=12 cs=0 l=1 rev1=1 crypto rx=0x7f4f94006fd0 tx=0x7f4f94006e40 comp rx=0 tx=0).ready entity=mgr.14120 client_cookie=0 server_cookie=0 in_seq=0 out_seq=0
2023-07-20T02:33:31.137 INFO:teuthology.orchestra.run.smithi017.stdout:/usr/bin/ceph: stderr
2023-07-20T02:33:30.265+0000 7f4f8bfff700 1 -- 172.21.15.17:0/75375986 <== mon.0 v2:172.21.15.17:3300/0 6 ==== mon_command_ack([{"prefix": "get_command_descriptions"}]=0 v0) v1 ==== 72+0+178025 (secure 0 0 0) 0x7f4f98018b40 con 0x7f4fa41061f0
2023-07-20T02:33:31.137 INFO:teuthology.orchestra.run.smithi017.stdout:/usr/bin/ceph: stderr
2023-07-20T02:33:30.649+0000 7f4fa92e0700 1 -- 172.21.15.17:0/75375986 --> [v2:172.21.15.17:6800/3625702005,v1:172.21.15.17:6801/3625702005] -- mgr_command(tid 0: {"prefix": "orch apply", "service_type": "mon", "unmanaged": true, "target": ["mon-mgr", ""]}) v1 -- 0x7f4fa410a5f0 con 0x7f4f8c0387b0
2023-07-20T02:33:31.137 INFO:teuthology.orchestra.run.smithi017.stdout:/usr/bin/ceph: stderr
2023-07-20T02:33:30.654+0000 7f4f8bfff700 1 -- 172.21.15.17:0/75375986 <== mgr.14120 v2:172.21.15.17:6800/3625702005 1 ==== mgr_command_reply(tid 0: 0 ) v1 ==== 8+0+24 (secure 0 0 0) 0x7f4fa410a5f0 con 0x7f4f8c0387b0
2023-07-20T02:33:31.137 INFO:teuthology.orchestra.run.smithi017.stdout:/usr/bin/ceph: stderr
2023-07-20T02:33:30.656+0000 7f4fa92e0700 1 -- 172.21.15.17:0/75375986 >> [v2:172.21.15.17:6800/3625702005,v1:172.21.15.17:6801/3625702005] conn(0x7f4f8c0387b0 msgr2=0x7f4f8c03ac70 secure :-1 s=STATE_CONNECTION_ESTABLISHED l=1).mark_down
2023-07-20T02:33:31.137 INFO:teuthology.orchestra.run.smithi017.stdout:/usr/bin/ceph: stderr
2023-07-20T02:33:30.656+0000 7f4fa92e0700 1 --2- 172.21.15.17:0/75375986 >> [v2:172.21.15.17:6800/3625702005,v1:172.21.15.17:6801/3625702005] conn(0x7f4f8c0387b0 0x7f4f8c03ac70 secure :-1 s=READY pgs=12 cs=0 l=1 rev1=1 crypto rx=0x7f4f94006fd0 tx=0x7f4f94006e40 comp rx=0 tx=0).stop
2023-07-20T02:33:31.137 INFO:teuthology.orchestra.run.smithi017.stdout:/usr/bin/ceph: stderr
2023-07-20T02:33:30.656+0000 7f4fa92e0700 1 -- 172.21.15.17:0/75375986 >> [v2:172.21.15.17:3300/0,v1:172.21.15.17:6789/0] conn(0x7f4fa41061f0 msgr2=0x7f4fa407bbe0 secure :-1 s=STATE_CONNECTION_ESTABLISHED l=1).mark_down
2023-07-20T02:33:31.137 INFO:teuthology.orchestra.run.smithi017.stdout:/usr/bin/ceph: stderr
2023-07-20T02:33:30.656+0000 7f4fa92e0700 1 --2- 172.21.15.17:0/75375986 >> [v2:172.21.15.17:3300/0,v1:172.21.15.17:6789/0] conn(0x7f4fa41061f0 0x7f4fa407bbe0 secure :-1 s=READY pgs=48 cs=0 l=1 rev1=1 crypto rx=0x7f4f98009130 tx=0x7f4f98011ad0 comp rx=0 tx=0).stop
2023-07-20T02:33:31.137 INFO:teuthology.orchestra.run.smithi017.stdout:/usr/bin/ceph: stderr
2023-07-20T02:33:30.656+0000 7f4fa92e0700 1 -- 172.21.15.17:0/75375986 shutdown_connections
2023-07-20T02:33:31.138 INFO:teuthology.orchestra.run.smithi017.stdout:/usr/bin/ceph: stderr
2023-07-20T02:33:30.656+0000 7f4fa92e0700 1 --2- 172.21.15.17:0/75375986 >> [v2:172.21.15.17:6800/3625702005,v1:172.21.15.17:6801/3625702005] conn(0x7f4f8c0387b0 0x7f4f8c03ac70 unknown :-1 s=CLOSED pgs=12 cs=0 l=1 rev1=1 crypto rx=0 tx=0 comp rx=0 tx=0).stop
2023-07-20T02:33:31.138 INFO:teuthology.orchestra.run.smithi017.stdout:/usr/bin/ceph: stderr
2023-07-20T02:33:30.656+0000 7f4fa92e0700 1 --2- 172.21.15.17:0/75375986 >> [v2:172.21.15.17:3300/0,v1:172.21.15.17:6789/0] conn(0x7f4fa41061f0 0x7f4fa407bbe0 unknown :-1 s=CLOSED pgs=48 cs=0 l=1 rev1=1 crypto rx=0 tx=0 comp rx=0 tx=0).stop
2023-07-20T02:33:31.138 INFO:teuthology.orchestra.run.smithi017.stdout:/usr/bin/ceph: stderr
2023-07-20T02:33:30.657+0000 7f4fa92e0700 1 -- 172.21.15.17:0/75375986 >> 172.21.15.17:0/75375986 conn(0x7f4fa4101790 msgr2=0x7f4fa4102ea0 unknown :-1 s=STATE_NONE l=0).mark_down
2023-07-20T02:33:31.138 INFO:teuthology.orchestra.run.smithi017.stdout:/usr/bin/ceph: stderr
2023-07-20T02:33:30.657+0000 7f4fa92e0700 1 -- 172.21.15.17:0/75375986 shutdown_connections
2023-07-20T02:33:31.138 INFO:teuthology.orchestra.run.smithi017.stdout:/usr/bin/ceph: stderr
2023-07-20T02:33:30.657+0000 7f4fa92e0700 1 -- 172.21.15.17:0/75375986 wait complete.
2023-07-20T02:33:31.138 INFO:teuthology.orchestra.run.smithi017.stdout:Deploying unmanaged mgr service...
2023-07-20T02:33:31.943 INFO:journalctl@ceph.mon.a.smithi017.stdout:Jul 20 02:33:31 smithi017 ceph-mon[127345]: from='client.14142 -' entity='client.admin' cmd=[{"prefix": "orch apply", "service_type": "mon", "unmanaged": true, "target": ["mon-mgr", ""]}]: dispatch
2023-07-20T02:33:31.943 INFO:journalctl@ceph.mon.a.smithi017.stdout:Jul 20 02:33:31 smithi017 ceph-mon[127345]: Saving service mon spec with placement count:5
2023-07-20T02:33:31.943 INFO:journalctl@ceph.mon.a.smithi017.stdout:Jul 20 02:33:31 smithi017 ceph-mon[127345]: from='mgr.14120 172.21.15.17:0/573697983' entity='mgr.x'
2023-07-20T02:33:32.482 INFO:teuthology.orchestra.run.smithi017.stdout:/usr/bin/ceph: stdout Scheduled mgr update...
2023-07-20T02:33:32.482 INFO:teuthology.orchestra.run.smithi017.stdout:/usr/bin/ceph: stderr
2023-07-20T02:33:31.700+0000 7fb58b5d0700 1 Processor -- start
2023-07-20T02:33:32.483 INFO:teuthology.orchestra.run.smithi017.stdout:/usr/bin/ceph: stderr
2023-07-20T02:33:31.701+0000 7fb58b5d0700 1 -- start start
2023-07-20T02:33:32.483 INFO:teuthology.orchestra.run.smithi017.stdout:/usr/bin/ceph: stderr
2023-07-20T02:33:31.701+0000 7fb58b5d0700 1 --2- >> [v2:172.21.15.17:3300/0,v1:172.21.15.17:6789/0] conn(0x7fb584105100 0x7fb584105520 unknown :-1 s=NONE pgs=0 cs=0 l=0 rev1=0 crypto rx=0 tx=0 comp rx=0 tx=0).connect
2023-07-20T02:33:32.483 INFO:teuthology.orchestra.run.smithi017.stdout:/usr/bin/ceph: stderr
2023-07-20T02:33:31.701+0000 7fb58b5d0700 1 -- --> [v2:172.21.15.17:3300/0,v1:172.21.15.17:6789/0] -- mon_getmap magic: 0 v1 -- 0x7fb584105af0 con 0x7fb584105100
2023-07-20T02:33:32.483 INFO:teuthology.orchestra.run.smithi017.stdout:/usr/bin/ceph: stderr
2023-07-20T02:33:31.701+0000 7fb58936c700 1 --2- >> [v2:172.21.15.17:3300/0,v1:172.21.15.17:6789/0] conn(0x7fb584105100 0x7fb584105520 unknown :-1 s=BANNER_CONNECTING pgs=0 cs=0 l=0 rev1=0 crypto rx=0 tx=0 comp rx=0 tx=0)._handle_peer_banner_payload supported=3 required=0
2023-07-20T02:33:32.483 INFO:teuthology.orchestra.run.smithi017.stdout:/usr/bin/ceph: stderr
2023-07-20T02:33:31.701+0000 7fb58936c700 1 --2- >> [v2:172.21.15.17:3300/0,v1:172.21.15.17:6789/0] conn(0x7fb584105100 0x7fb584105520 unknown :-1 s=HELLO_CONNECTING pgs=0 cs=0 l=0 rev1=1 crypto rx=0 tx=0 comp rx=0 tx=0).handle_hello peer v2:172.21.15.17:3300/0 says I am v2:172.21.15.17:42468/0 (socket says 172.21.15.17:42468)
2023-07-20T02:33:32.483 INFO:teuthology.orchestra.run.smithi017.stdout:/usr/bin/ceph: stderr
2023-07-20T02:33:31.701+0000 7fb58936c700 1 -- 172.21.15.17:0/3444418329 learned_addr learned my addr 172.21.15.17:0/3444418329 (peer_addr_for_me v2:172.21.15.17:0/0)
2023-07-20T02:33:32.483 INFO:teuthology.orchestra.run.smithi017.stdout:/usr/bin/ceph: stderr
2023-07-20T02:33:31.701+0000 7fb58936c700 1 -- 172.21.15.17:0/3444418329 --> [v2:172.21.15.17:3300/0,v1:172.21.15.17:6789/0] -- mon_subscribe({config=0+,monmap=0+}) v3 -- 0x7fb584106300 con 0x7fb584105100
2023-07-20T02:33:32.484 INFO:teuthology.orchestra.run.smithi017.stdout:/usr/bin/ceph: stderr
2023-07-20T02:33:31.701+0000 7fb58936c700 1 --2- 172.21.15.17:0/3444418329 >> [v2:172.21.15.17:3300/0,v1:172.21.15.17:6789/0] conn(0x7fb584105100 0x7fb584105520 secure :-1 s=READY pgs=49 cs=0 l=1 rev1=1 crypto rx=0x7fb5800098a0 tx=0x7fb580009bb0 comp rx=0 tx=0).ready entity=mon.0 client_cookie=ac4f3cd0db09455a server_cookie=0 in_seq=0 out_seq=0
2023-07-20T02:33:32.484 INFO:teuthology.orchestra.run.smithi017.stdout:/usr/bin/ceph: stderr
2023-07-20T02:33:31.702+0000 7fb57bfff700 1 -- 172.21.15.17:0/3444418329 <== mon.0 v2:172.21.15.17:3300/0 1 ==== mon_map magic: 0 v1 ==== 205+0+0 (secure 0 0 0) 0x7fb580004160 con 0x7fb584105100
2023-07-20T02:33:32.484 INFO:teuthology.orchestra.run.smithi017.stdout:/usr/bin/ceph: stderr
2023-07-20T02:33:31.702+0000 7fb57bfff700 1 -- 172.21.15.17:0/3444418329 <== mon.0 v2:172.21.15.17:3300/0 2 ==== config(26 keys) v1 ==== 1074+0+0 (secure 0 0 0) 0x7fb5800042c0 con 0x7fb584105100
2023-07-20T02:33:32.484 INFO:teuthology.orchestra.run.smithi017.stdout:/usr/bin/ceph: stderr
2023-07-20T02:33:31.702+0000 7fb57bfff700 1 -- 172.21.15.17:0/3444418329 <== mon.0 v2:172.21.15.17:3300/0 3 ==== mon_map magic: 0 v1 ==== 205+0+0 (secure 0 0 0) 0x7fb580011a00 con 0x7fb584105100
2023-07-20T02:33:32.484 INFO:teuthology.orchestra.run.smithi017.stdout:/usr/bin/ceph: stderr
2023-07-20T02:33:31.702+0000 7fb58b5d0700 1 -- 172.21.15.17:0/3444418329 >> [v2:172.21.15.17:3300/0,v1:172.21.15.17:6789/0] conn(0x7fb584105100 msgr2=0x7fb584105520 secure :-1 s=STATE_CONNECTION_ESTABLISHED l=1).mark_down
2023-07-20T02:33:32.484 INFO:teuthology.orchestra.run.smithi017.stdout:/usr/bin/ceph: stderr
2023-07-20T02:33:31.702+0000 7fb58b5d0700 1 --2- 172.21.15.17:0/3444418329 >> [v2:172.21.15.17:3300/0,v1:172.21.15.17:6789/0] conn(0x7fb584105100 0x7fb584105520 secure :-1 s=READY pgs=49 cs=0 l=1 rev1=1 crypto rx=0x7fb5800098a0 tx=0x7fb580009bb0 comp rx=0 tx=0).stop
2023-07-20T02:33:32.484 INFO:teuthology.orchestra.run.smithi017.stdout:/usr/bin/ceph: stderr
2023-07-20T02:33:31.703+0000 7fb58b5d0700 1 -- 172.21.15.17:0/3444418329 shutdown_connections
