2023-07-20T18:09:14.223+0000 7f5c86812700 1 -- 172.21.15.18:0/2469554194 >> 172.21.15.18:0/2469554194 conn(0x7f5c801005f0 msgr2=0x7f5c80101290 unknown :-1 s=STATE_NONE l=0).mark_down
2023-07-20T18:09:14.641 INFO:teuthology.orchestra.run.smithi018.stdout:/usr/bin/ceph: stderr
2023-07-20T18:09:14.223+0000 7f5c86812700 1 -- 172.21.15.18:0/2469554194 shutdown_connections
2023-07-20T18:09:14.641 INFO:teuthology.orchestra.run.smithi018.stdout:/usr/bin/ceph: stderr
2023-07-20T18:09:14.223+0000 7f5c86812700 1 -- 172.21.15.18:0/2469554194 wait complete.
2023-07-20T18:09:14.641 INFO:teuthology.orchestra.run.smithi018.stdout:Fetching dashboard port number...
2023-07-20T18:09:15.148 INFO:journalctl@ceph.mon.a.smithi018.stdout:Jul 20 18:09:14 smithi018 ceph-mon[96581]: from='client.14166 -' entity='client.admin' cmd=[{"prefix": "dashboard ac-user-create", "username": "admin", "rolename": "administrator", "force_password": true, "pwd_update_required": true, "target": ["mon-mgr", ""]}]: dispatch
2023-07-20T18:09:15.149 INFO:journalctl@ceph.mon.a.smithi018.stdout:Jul 20 18:09:14 smithi018 ceph-mon[96581]: from='mgr.14152 172.21.15.18:0/535886187' entity='mgr.x'
2023-07-20T18:09:15.879 INFO:teuthology.orchestra.run.smithi018.stdout:/usr/bin/ceph: stdout 8443
2023-07-20T18:09:15.879 INFO:teuthology.orchestra.run.smithi018.stdout:/usr/bin/ceph: stderr
2023-07-20T18:09:15.119+0000 7fe7db878700 1 Processor -- start
2023-07-20T18:09:15.879 INFO:teuthology.orchestra.run.smithi018.stdout:/usr/bin/ceph: stderr
2023-07-20T18:09:15.119+0000 7fe7db878700 1 -- start start
2023-07-20T18:09:15.879 INFO:teuthology.orchestra.run.smithi018.stdout:/usr/bin/ceph: stderr
2023-07-20T18:09:15.119+0000 7fe7db878700 1 --2- >> [v2:172.21.15.18:3300/0,v1:172.21.15.18:6789/0] conn(0x7fe7d4106b80 0x7fe7d4108f70 unknown :-1 s=NONE pgs=0 cs=0 l=0 rev1=0 crypto rx=0 tx=0 comp rx=0 tx=0).connect
2023-07-20T18:09:15.880 INFO:teuthology.orchestra.run.smithi018.stdout:/usr/bin/ceph: stderr
2023-07-20T18:09:15.119+0000 7fe7db878700 1 -- --> [v2:172.21.15.18:3300/0,v1:172.21.15.18:6789/0] -- mon_getmap magic: 0 v1 -- 0x7fe7d4073f50 con 0x7fe7d4106b80
2023-07-20T18:09:15.880 INFO:teuthology.orchestra.run.smithi018.stdout:/usr/bin/ceph: stderr
2023-07-20T18:09:15.120+0000 7fe7d9614700 1 --2- >> [v2:172.21.15.18:3300/0,v1:172.21.15.18:6789/0] conn(0x7fe7d4106b80 0x7fe7d4108f70 unknown :-1 s=BANNER_CONNECTING pgs=0 cs=0 l=0 rev1=0 crypto rx=0 tx=0 comp rx=0 tx=0)._handle_peer_banner_payload supported=3 required=0
2023-07-20T18:09:15.880 INFO:teuthology.orchestra.run.smithi018.stdout:/usr/bin/ceph: stderr
2023-07-20T18:09:15.120+0000 7fe7d9614700 1 --2- >> [v2:172.21.15.18:3300/0,v1:172.21.15.18:6789/0] conn(0x7fe7d4106b80 0x7fe7d4108f70 unknown :-1 s=HELLO_CONNECTING pgs=0 cs=0 l=0 rev1=1 crypto rx=0 tx=0 comp rx=0 tx=0).handle_hello peer v2:172.21.15.18:3300/0 says I am v2:172.21.15.18:42986/0 (socket says 172.21.15.18:42986)
2023-07-20T18:09:15.880 INFO:teuthology.orchestra.run.smithi018.stdout:/usr/bin/ceph: stderr
2023-07-20T18:09:15.120+0000 7fe7d9614700 1 -- 172.21.15.18:0/3556624272 learned_addr learned my addr 172.21.15.18:0/3556624272 (peer_addr_for_me v2:172.21.15.18:0/0)
2023-07-20T18:09:15.880 INFO:teuthology.orchestra.run.smithi018.stdout:/usr/bin/ceph: stderr
2023-07-20T18:09:15.120+0000 7fe7d9614700 1 -- 172.21.15.18:0/3556624272 --> [v2:172.21.15.18:3300/0,v1:172.21.15.18:6789/0] -- mon_subscribe({config=0+,monmap=0+}) v3 -- 0x7fe7d41094b0 con 0x7fe7d4106b80
2023-07-20T18:09:15.881 INFO:teuthology.orchestra.run.smithi018.stdout:/usr/bin/ceph: stderr
2023-07-20T18:09:15.120+0000 7fe7d9614700 1 --2- 172.21.15.18:0/3556624272 >> [v2:172.21.15.18:3300/0,v1:172.21.15.18:6789/0] conn(0x7fe7d4106b80 0x7fe7d4108f70 secure :-1 s=READY pgs=74 cs=0 l=1 rev1=1 crypto rx=0x7fe7c40098a0 tx=0x7fe7c4009bb0 comp rx=0 tx=0).ready entity=mon.0 client_cookie=d71f27eb2072382 server_cookie=0 in_seq=0 out_seq=0
2023-07-20T18:09:15.881 INFO:teuthology.orchestra.run.smithi018.stdout:/usr/bin/ceph: stderr
2023-07-20T18:09:15.120+0000 7fe7cbfff700 1 -- 172.21.15.18:0/3556624272 <== mon.0 v2:172.21.15.18:3300/0 1 ==== mon_map magic: 0 v1 ==== 205+0+0 (secure 0 0 0) 0x7fe7c4004160 con 0x7fe7d4106b80
2023-07-20T18:09:15.881 INFO:teuthology.orchestra.run.smithi018.stdout:/usr/bin/ceph: stderr
2023-07-20T18:09:15.120+0000 7fe7cbfff700 1 -- 172.21.15.18:0/3556624272 <== mon.0 v2:172.21.15.18:3300/0 2 ==== config(26 keys) v1 ==== 1101+0+0 (secure 0 0 0) 0x7fe7c40042c0 con 0x7fe7d4106b80
2023-07-20T18:09:15.881 INFO:teuthology.orchestra.run.smithi018.stdout:/usr/bin/ceph: stderr
2023-07-20T18:09:15.120+0000 7fe7cbfff700 1 -- 172.21.15.18:0/3556624272 <== mon.0 v2:172.21.15.18:3300/0 3 ==== mon_map magic: 0 v1 ==== 205+0+0 (secure 0 0 0) 0x7fe7c40119b0 con 0x7fe7d4106b80
2023-07-20T18:09:15.881 INFO:teuthology.orchestra.run.smithi018.stdout:/usr/bin/ceph: stderr
2023-07-20T18:09:15.121+0000 7fe7db878700 1 -- 172.21.15.18:0/3556624272 >> [v2:172.21.15.18:3300/0,v1:172.21.15.18:6789/0] conn(0x7fe7d4106b80 msgr2=0x7fe7d4108f70 secure :-1 s=STATE_CONNECTION_ESTABLISHED l=1).mark_down
2023-07-20T18:09:15.881 INFO:teuthology.orchestra.run.smithi018.stdout:/usr/bin/ceph: stderr
2023-07-20T18:09:15.121+0000 7fe7db878700 1 --2- 172.21.15.18:0/3556624272 >> [v2:172.21.15.18:3300/0,v1:172.21.15.18:6789/0] conn(0x7fe7d4106b80 0x7fe7d4108f70 secure :-1 s=READY pgs=74 cs=0 l=1 rev1=1 crypto rx=0x7fe7c40098a0 tx=0x7fe7c4009bb0 comp rx=0 tx=0).stop
2023-07-20T18:09:15.881 INFO:teuthology.orchestra.run.smithi018.stdout:/usr/bin/ceph: stderr
2023-07-20T18:09:15.121+0000 7fe7db878700 1 -- 172.21.15.18:0/3556624272 shutdown_connections
2023-07-20T18:09:15.881 INFO:teuthology.orchestra.run.smithi018.stdout:/usr/bin/ceph: stderr
2023-07-20T18:09:15.121+0000 7fe7db878700 1 --2- 172.21.15.18:0/3556624272 >> [v2:172.21.15.18:3300/0,v1:172.21.15.18:6789/0] conn(0x7fe7d4106b80 0x7fe7d4108f70 unknown :-1 s=CLOSED pgs=74 cs=0 l=1 rev1=1 crypto rx=0 tx=0 comp rx=0 tx=0).stop
2023-07-20T18:09:15.882 INFO:teuthology.orchestra.run.smithi018.stdout:/usr/bin/ceph: stderr
2023-07-20T18:09:15.121+0000 7fe7db878700 1 -- 172.21.15.18:0/3556624272 >> 172.21.15.18:0/3556624272 conn(0x7fe7d41005f0 msgr2=0x7fe7d4102a10 unknown :-1 s=STATE_NONE l=0).mark_down
2023-07-20T18:09:15.882 INFO:teuthology.orchestra.run.smithi018.stdout:/usr/bin/ceph: stderr
2023-07-20T18:09:15.121+0000 7fe7db878700 1 -- 172.21.15.18:0/3556624272 shutdown_connections
2023-07-20T18:09:15.882 INFO:teuthology.orchestra.run.smithi018.stdout:/usr/bin/ceph: stderr
2023-07-20T18:09:15.121+0000 7fe7db878700 1 -- 172.21.15.18:0/3556624272 wait complete.
2023-07-20T18:09:15.882 INFO:teuthology.orchestra.run.smithi018.stdout:/usr/bin/ceph: stderr
2023-07-20T18:09:15.122+0000 7fe7db878700 1 Processor -- start
2023-07-20T18:09:15.882 INFO:teuthology.orchestra.run.smithi018.stdout:/usr/bin/ceph: stderr
2023-07-20T18:09:15.122+0000 7fe7db878700 1 -- start start
2023-07-20T18:09:15.882 INFO:teuthology.orchestra.run.smithi018.stdout:/usr/bin/ceph: stderr
2023-07-20T18:09:15.122+0000 7fe7db878700 1 --2- >> [v2:172.21.15.18:3300/0,v1:172.21.15.18:6789/0] conn(0x7fe7d4106b80 0x7fe7d4199cb0 unknown :-1 s=NONE pgs=0 cs=0 l=1 rev1=0 crypto rx=0 tx=0 comp rx=0 tx=0).connect
2023-07-20T18:09:15.882 INFO:teuthology.orchestra.run.smithi018.stdout:/usr/bin/ceph: stderr
2023-07-20T18:09:15.122+0000 7fe7db878700 1 -- --> [v2:172.21.15.18:3300/0,v1:172.21.15.18:6789/0] -- mon_getmap magic: 0 v1 -- 0x7fe7d419a1f0 con 0x7fe7d4106b80
2023-07-20T18:09:15.883 INFO:teuthology.orchestra.run.smithi018.stdout:/usr/bin/ceph: stderr
2023-07-20T18:09:15.122+0000 7fe7d9614700 1 --2- >> [v2:172.21.15.18:3300/0,v1:172.21.15.18:6789/0] conn(0x7fe7d4106b80 0x7fe7d4199cb0 unknown :-1 s=BANNER_CONNECTING pgs=0 cs=0 l=1 rev1=0 crypto rx=0 tx=0 comp rx=0 tx=0)._handle_peer_banner_payload supported=3 required=0
2023-07-20T18:09:15.883 INFO:teuthology.orchestra.run.smithi018.stdout:/usr/bin/ceph: stderr
2023-07-20T18:09:15.122+0000 7fe7d9614700 1 --2- >> [v2:172.21.15.18:3300/0,v1:172.21.15.18:6789/0] conn(0x7fe7d4106b80 0x7fe7d4199cb0 unknown :-1 s=HELLO_CONNECTING pgs=0 cs=0 l=1 rev1=1 crypto rx=0 tx=0 comp rx=0 tx=0).handle_hello peer v2:172.21.15.18:3300/0 says I am v2:172.21.15.18:42988/0 (socket says 172.21.15.18:42988)
2023-07-20T18:09:15.883 INFO:teuthology.orchestra.run.smithi018.stdout:/usr/bin/ceph: stderr
2023-07-20T18:09:15.122+0000 7fe7d9614700 1 -- 172.21.15.18:0/3109054234 learned_addr learned my addr 172.21.15.18:0/3109054234 (peer_addr_for_me v2:172.21.15.18:0/0)
2023-07-20T18:09:15.883 INFO:teuthology.orchestra.run.smithi018.stdout:/usr/bin/ceph: stderr
2023-07-20T18:09:15.122+0000 7fe7d9614700 1 -- 172.21.15.18:0/3109054234 --> [v2:172.21.15.18:3300/0,v1:172.21.15.18:6789/0] -- mon_subscribe({config=0+,monmap=0+}) v3 -- 0x7fe7c4009550 con 0x7fe7d4106b80
2023-07-20T18:09:15.883 INFO:teuthology.orchestra.run.smithi018.stdout:/usr/bin/ceph: stderr
2023-07-20T18:09:15.123+0000 7fe7d9614700 1 --2- 172.21.15.18:0/3109054234 >> [v2:172.21.15.18:3300/0,v1:172.21.15.18:6789/0] conn(0x7fe7d4106b80 0x7fe7d4199cb0 secure :-1 s=READY pgs=75 cs=0 l=1 rev1=1 crypto rx=0x7fe7c40119b0 tx=0x7fe7c4011a90 comp rx=0 tx=0).ready entity=mon.0 client_cookie=0 server_cookie=0 in_seq=0 out_seq=0
2023-07-20T18:09:15.883 INFO:teuthology.orchestra.run.smithi018.stdout:/usr/bin/ceph: stderr
2023-07-20T18:09:15.123+0000 7fe7ca7fc700 1 -- 172.21.15.18:0/3109054234 <== mon.0 v2:172.21.15.18:3300/0 1 ==== mon_map magic: 0 v1 ==== 205+0+0 (secure 0 0 0) 0x7fe7c4003930 con 0x7fe7d4106b80
2023-07-20T18:09:15.884 INFO:teuthology.orchestra.run.smithi018.stdout:/usr/bin/ceph: stderr
2023-07-20T18:09:15.123+0000 7fe7ca7fc700 1 -- 172.21.15.18:0/3109054234 <== mon.0 v2:172.21.15.18:3300/0 2 ==== config(26 keys) v1 ==== 1101+0+0 (secure 0 0 0) 0x7fe7c4003a90 con 0x7fe7d4106b80
2023-07-20T18:09:15.884 INFO:teuthology.orchestra.run.smithi018.stdout:/usr/bin/ceph: stderr
2023-07-20T18:09:15.123+0000 7fe7db878700 1 -- 172.21.15.18:0/3109054234 --> [v2:172.21.15.18:3300/0,v1:172.21.15.18:6789/0] -- mon_subscribe({mgrmap=0+}) v3 -- 0x7fe7d419a3f0 con 0x7fe7d4106b80
2023-07-20T18:09:15.884 INFO:teuthology.orchestra.run.smithi018.stdout:/usr/bin/ceph: stderr
2023-07-20T18:09:15.123+0000 7fe7ca7fc700 1 -- 172.21.15.18:0/3109054234 <== mon.0 v2:172.21.15.18:3300/0 3 ==== mon_map magic: 0 v1 ==== 205+0+0 (secure 0 0 0) 0x7fe7c401a650 con 0x7fe7d4106b80
2023-07-20T18:09:15.884 INFO:teuthology.orchestra.run.smithi018.stdout:/usr/bin/ceph: stderr
2023-07-20T18:09:15.123+0000 7fe7db878700 1 -- 172.21.15.18:0/3109054234 --> [v2:172.21.15.18:3300/0,v1:172.21.15.18:6789/0] -- mon_subscribe({osdmap=0}) v3 -- 0x7fe7d419a810 con 0x7fe7d4106b80
2023-07-20T18:09:15.884 INFO:teuthology.orchestra.run.smithi018.stdout:/usr/bin/ceph: stderr
2023-07-20T18:09:15.124+0000 7fe7ca7fc700 1 -- 172.21.15.18:0/3109054234 <== mon.0 v2:172.21.15.18:3300/0 4 ==== mgrmap(e 12) v1 ==== 45496+0+0 (secure 0 0 0) 0x7fe7c4024a50 con 0x7fe7d4106b80
2023-07-20T18:09:15.884 INFO:teuthology.orchestra.run.smithi018.stdout:/usr/bin/ceph: stderr
2023-07-20T18:09:15.124+0000 7fe7db878700 1 -- 172.21.15.18:0/3109054234 --> [v2:172.21.15.18:3300/0,v1:172.21.15.18:6789/0] -- mon_command({"prefix": "get_command_descriptions"} v 0) v1 -- 0x7fe7d4061da0 con 0x7fe7d4106b80
2023-07-20T18:09:15.884 INFO:teuthology.orchestra.run.smithi018.stdout:/usr/bin/ceph: stderr
2023-07-20T18:09:15.124+0000 7fe7ca7fc700 1 --2- 172.21.15.18:0/3109054234 >> [v2:172.21.15.18:6800/1990307628,v1:172.21.15.18:6801/1990307628] conn(0x7fe7c0038820 0x7fe7c003ace0 unknown :-1 s=NONE pgs=0 cs=0 l=1 rev1=0 crypto rx=0 tx=0 comp rx=0 tx=0).connect
2023-07-20T18:09:15.884 INFO:teuthology.orchestra.run.smithi018.stdout:/usr/bin/ceph: stderr
2023-07-20T18:09:15.124+0000 7fe7ca7fc700 1 -- 172.21.15.18:0/3109054234 <== mon.0 v2:172.21.15.18:3300/0 5 ==== osd_map(3..3 src has 1..3) v4 ==== 1155+0+0 (secure 0 0 0) 0x7fe7c404ca00 con 0x7fe7d4106b80
2023-07-20T18:09:15.885 INFO:teuthology.orchestra.run.smithi018.stdout:/usr/bin/ceph: stderr
2023-07-20T18:09:15.124+0000 7fe7d8e13700 1 --2- 172.21.15.18:0/3109054234 >> [v2:172.21.15.18:6800/1990307628,v1:172.21.15.18:6801/1990307628] conn(0x7fe7c0038820 0x7fe7c003ace0 unknown :-1 s=BANNER_CONNECTING pgs=0 cs=0 l=1 rev1=0 crypto rx=0 tx=0 comp rx=0 tx=0)._handle_peer_banner_payload supported=3 required=0
2023-07-20T18:09:15.885 INFO:teuthology.orchestra.run.smithi018.stdout:/usr/bin/ceph: stderr
2023-07-20T18:09:15.125+0000 7fe7d8e13700 1 --2- 172.21.15.18:0/3109054234 >> [v2:172.21.15.18:6800/1990307628,v1:172.21.15.18:6801/1990307628] conn(0x7fe7c0038820 0x7fe7c003ace0 secure :-1 s=READY pgs=9 cs=0 l=1 rev1=1 crypto rx=0x7fe7d0006fd0 tx=0x7fe7d0006e40 comp rx=0 tx=0).ready entity=mgr.14152 client_cookie=0 server_cookie=0 in_seq=0 out_seq=0
2023-07-20T18:09:15.885 INFO:teuthology.orchestra.run.smithi018.stdout:/usr/bin/ceph: stderr
2023-07-20T18:09:15.129+0000 7fe7ca7fc700 1 -- 172.21.15.18:0/3109054234 <== mon.0 v2:172.21.15.18:3300/0 6 ==== mon_command_ack([{"prefix": "get_command_descriptions"}]=0 v0) v1 ==== 72+0+178025 (secure 0 0 0) 0x7fe7c40189a0 con 0x7fe7d4106b80
2023-07-20T18:09:15.885 INFO:teuthology.orchestra.run.smithi018.stdout:/usr/bin/ceph: stderr
2023-07-20T18:09:15.493+0000 7fe7db878700 1 -- 172.21.15.18:0/3109054234 --> [v2:172.21.15.18:3300/0,v1:172.21.15.18:6789/0] -- mon_command({"prefix": "config get", "who": "mgr", "key": "mgr/dashboard/ssl_server_port"} v 0) v1 -- 0x7fe7d419d680 con 0x7fe7d4106b80
2023-07-20T18:09:15.885 INFO:teuthology.orchestra.run.smithi018.stdout:/usr/bin/ceph: stderr
2023-07-20T18:09:15.493+0000 7fe7ca7fc700 1 -- 172.21.15.18:0/3109054234 <== mon.0 v2:172.21.15.18:3300/0 7 ==== mon_command_ack([{"prefix": "config get", "who": "mgr", "key": "mgr/dashboard/ssl_server_port"}]=0 v8) v1 ==== 112+0+5 (secure 0 0 0) 0x7fe7c4018350 con 0x7fe7d4106b80
2023-07-20T18:09:15.885 INFO:teuthology.orchestra.run.smithi018.stdout:/usr/bin/ceph: stderr
2023-07-20T18:09:15.496+0000 7fe7db878700 1 -- 172.21.15.18:0/3109054234 >> [v2:172.21.15.18:6800/1990307628,v1:172.21.15.18:6801/1990307628] conn(0x7fe7c0038820 msgr2=0x7fe7c003ace0 secure :-1 s=STATE_CONNECTION_ESTABLISHED l=1).mark_down
2023-07-20T18:09:15.885 INFO:teuthology.orchestra.run.smithi018.stdout:/usr/bin/ceph: stderr
2023-07-20T18:09:15.496+0000 7fe7db878700 1 --2- 172.21.15.18:0/3109054234 >> [v2:172.21.15.18:6800/1990307628,v1:172.21.15.18:6801/1990307628] conn(0x7fe7c0038820 0x7fe7c003ace0 secure :-1 s=READY pgs=9 cs=0 l=1 rev1=1 crypto rx=0x7fe7d0006fd0 tx=0x7fe7d0006e40 comp rx=0 tx=0).stop
2023-07-20T18:09:15.886 INFO:teuthology.orchestra.run.smithi018.stdout:/usr/bin/ceph: stderr
2023-07-20T18:09:15.496+0000 7fe7db878700 1 -- 172.21.15.18:0/3109054234 >> [v2:172.21.15.18:3300/0,v1:172.21.15.18:6789/0] conn(0x7fe7d4106b80 msgr2=0x7fe7d4199cb0 secure :-1 s=STATE_CONNECTION_ESTABLISHED l=1).mark_down
2023-07-20T18:09:15.886 INFO:teuthology.orchestra.run.smithi018.stdout:/usr/bin/ceph: stderr
2023-07-20T18:09:15.496+0000 7fe7db878700 1 --2- 172.21.15.18:0/3109054234 >> [v2:172.21.15.18:3300/0,v1:172.21.15.18:6789/0] conn(0x7fe7d4106b80 0x7fe7d4199cb0 secure :-1 s=READY pgs=75 cs=0 l=1 rev1=1 crypto rx=0x7fe7c40119b0 tx=0x7fe7c4011a90 comp rx=0 tx=0).stop
2023-07-20T18:09:15.886 INFO:teuthology.orchestra.run.smithi018.stdout:/usr/bin/ceph: stderr
2023-07-20T18:09:15.496+0000 7fe7db878700 1 -- 172.21.15.18:0/3109054234 shutdown_connections
2023-07-20T18:09:15.886 INFO:teuthology.orchestra.run.smithi018.stdout:/usr/bin/ceph: stderr
2023-07-20T18:09:15.496+0000 7fe7db878700 1 --2- 172.21.15.18:0/3109054234 >> [v2:172.21.15.18:6800/1990307628,v1:172.21.15.18:6801/1990307628] conn(0x7fe7c0038820 0x7fe7c003ace0 unknown :-1 s=CLOSED pgs=9 cs=0 l=1 rev1=1 crypto rx=0 tx=0 comp rx=0 tx=0).stop
2023-07-20T18:09:15.886 INFO:teuthology.orchestra.run.smithi018.stdout:/usr/bin/ceph: stderr
2023-07-20T18:09:15.496+0000 7fe7db878700 1 --2- 172.21.15.18:0/3109054234 >> [v2:172.21.15.18:3300/0,v1:172.21.15.18:6789/0] conn(0x7fe7d4106b80 0x7fe7d4199cb0 unknown :-1 s=CLOSED pgs=75 cs=0 l=1 rev1=1 crypto rx=0 tx=0 comp rx=0 tx=0).stop
2023-07-20T18:09:15.886 INFO:teuthology.orchestra.run.smithi018.stdout:/usr/bin/ceph: stderr
2023-07-20T18:09:15.496+0000 7fe7db878700 1 -- 172.21.15.18:0/3109054234 >> 172.21.15.18:0/3109054234 conn(0x7fe7d41005f0 msgr2=0x7fe7d4101350 unknown :-1 s=STATE_NONE l=0).mark_down
2023-07-20T18:09:15.886 INFO:teuthology.orchestra.run.smithi018.stdout:/usr/bin/ceph: stderr
2023-07-20T18:09:15.496+0000 7fe7db878700 1 -- 172.21.15.18:0/3109054234 shutdown_connections
2023-07-20T18:09:15.886 INFO:teuthology.orchestra.run.smithi018.stdout:/usr/bin/ceph: stderr
2023-07-20T18:09:15.496+0000 7fe7db878700 1 -- 172.21.15.18:0/3109054234 wait complete.
2023-07-20T18:09:15.889 INFO:teuthology.orchestra.run.smithi018.stdout:Non-zero exit code 1 from systemctl is-enabled firewalld.service
2023-07-20T18:09:15.890 INFO:teuthology.orchestra.run.smithi018.stdout:systemctl: stdout disabled
2023-07-20T18:09:15.898 INFO:teuthology.orchestra.run.smithi018.stdout:Non-zero exit code 3 from systemctl is-active firewalld.service
2023-07-20T18:09:15.898 INFO:teuthology.orchestra.run.smithi018.stdout:systemctl: stdout inactive
2023-07-20T18:09:15.898 INFO:teuthology.orchestra.run.smithi018.stdout:firewalld.service is not enabled
2023-07-20T18:09:15.899 INFO:teuthology.orchestra.run.smithi018.stdout:Not possible to open ports <[8443]>. firewalld.service is not available
2023-07-20T18:09:15.900 INFO:teuthology.orchestra.run.smithi018.stdout:Ceph Dashboard is now available at:
2023-07-20T18:09:15.900 INFO:teuthology.orchestra.run.smithi018.stdout:
2023-07-20T18:09:15.900 INFO:teuthology.orchestra.run.smithi018.stdout: URL: https://smithi018:8443/
2023-07-20T18:09:15.900 INFO:teuthology.orchestra.run.smithi018.stdout: User: admin
2023-07-20T18:09:15.901 INFO:teuthology.orchestra.run.smithi018.stdout: Password: ntoua7bh24
2023-07-20T18:09:15.901 INFO:teuthology.orchestra.run.smithi018.stdout:
2023-07-20T18:09:15.901 INFO:teuthology.orchestra.run.smithi018.stdout:Saving cluster configuration to /var/lib/ceph/371658ca-2728-11ee-9b34-001a4aab830c/config directory
2023-07-20T18:09:15.901 INFO:teuthology.orchestra.run.smithi018.stdout:Enabling autotune for osd_memory_target
2023-07-20T18:09:16.149 INFO:journalctl@ceph.mon.a.smithi018.stdout:Jul 20 18:09:15 smithi018 ceph-mon[96581]: from='client.? 172.21.15.18:0/3109054234' entity='client.admin' cmd=[{"prefix": "config get", "who": "mgr", "key": "mgr/dashboard/ssl_server_port"}]: dispatch
2023-07-20T18:09:17.047 INFO:teuthology.orchestra.run.smithi018.stdout:/usr/bin/ceph: stderr
2023-07-20T18:09:16.348+0000 7f2f9b0c7700 1 Processor -- start
2023-07-20T18:09:17.047 INFO:teuthology.orchestra.run.smithi018.stdout:/usr/bin/ceph: stderr
2023-07-20T18:09:16.348+0000 7f2f9b0c7700 1 -- start start
2023-07-20T18:09:17.047 INFO:teuthology.orchestra.run.smithi018.stdout:/usr/bin/ceph: stderr
2023-07-20T18:09:16.348+0000 7f2f9b0c7700 1 --2- >> [v2:172.21.15.18:3300/0,v1:172.21.15.18:6789/0] conn(0x7f2f94106bc0 0x7f2f94108fb0 unknown :-1 s=NONE pgs=0 cs=0 l=0 rev1=0 crypto rx=0 tx=0 comp rx=0 tx=0).connect
2023-07-20T18:09:17.047 INFO:teuthology.orchestra.run.smithi018.stdout:/usr/bin/ceph: stderr
2023-07-20T18:09:16.348+0000 7f2f9b0c7700 1 -- --> [v2:172.21.15.18:3300/0,v1:172.21.15.18:6789/0] -- mon_getmap magic: 0 v1 -- 0x7f2f94073f10 con 0x7f2f94106bc0
2023-07-20T18:09:17.047 INFO:teuthology.orchestra.run.smithi018.stdout:/usr/bin/ceph: stderr
2023-07-20T18:09:16.349+0000 7f2f98e63700 1 --2- >> [v2:172.21.15.18:3300/0,v1:172.21.15.18:6789/0] conn(0x7f2f94106bc0 0x7f2f94108fb0 unknown :-1 s=BANNER_CONNECTING pgs=0 cs=0 l=0 rev1=0 crypto rx=0 tx=0 comp rx=0 tx=0)._handle_peer_banner_payload supported=3 required=0
2023-07-20T18:09:17.048 INFO:teuthology.orchestra.run.smithi018.stdout:/usr/bin/ceph: stderr
2023-07-20T18:09:16.349+0000 7f2f98e63700 1 --2- >> [v2:172.21.15.18:3300/0,v1:172.21.15.18:6789/0] conn(0x7f2f94106bc0 0x7f2f94108fb0 unknown :-1 s=HELLO_CONNECTING pgs=0 cs=0 l=0 rev1=1 crypto rx=0 tx=0 comp rx=0 tx=0).handle_hello peer v2:172.21.15.18:3300/0 says I am v2:172.21.15.18:42996/0 (socket says 172.21.15.18:42996)
2023-07-20T18:09:17.048 INFO:teuthology.orchestra.run.smithi018.stdout:/usr/bin/ceph: stderr
2023-07-20T18:09:16.349+0000 7f2f98e63700 1 -- 172.21.15.18:0/401334867 learned_addr learned my addr 172.21.15.18:0/401334867 (peer_addr_for_me v2:172.21.15.18:0/0)
2023-07-20T18:09:17.048 INFO:teuthology.orchestra.run.smithi018.stdout:/usr/bin/ceph: stderr
2023-07-20T18:09:16.349+0000 7f2f98e63700 1 -- 172.21.15.18:0/401334867 --> [v2:172.21.15.18:3300/0,v1:172.21.15.18:6789/0] -- mon_subscribe({config=0+,monmap=0+}) v3 -- 0x7f2f941094f0 con 0x7f2f94106bc0
2023-07-20T18:09:17.048 INFO:teuthology.orchestra.run.smithi018.stdout:/usr/bin/ceph: stderr
2023-07-20T18:09:16.349+0000 7f2f98e63700 1 --2- 172.21.15.18:0/401334867 >> [v2:172.21.15.18:3300/0,v1:172.21.15.18:6789/0] conn(0x7f2f94106bc0 0x7f2f94108fb0 secure :-1 s=READY pgs=76 cs=0 l=1 rev1=1 crypto rx=0x7f2f880098a0 tx=0x7f2f88009bb0 comp rx=0 tx=0).ready entity=mon.0 client_cookie=ed4005bdd775a86b server_cookie=0 in_seq=0 out_seq=0
2023-07-20T18:09:17.048 INFO:teuthology.orchestra.run.smithi018.stdout:/usr/bin/ceph: stderr
2023-07-20T18:09:16.349+0000 7f2f937fe700 1 -- 172.21.15.18:0/401334867 <== mon.0 v2:172.21.15.18:3300/0 1 ==== mon_map magic: 0 v1 ==== 205+0+0 (secure 0 0 0) 0x7f2f88004160 con 0x7f2f94106bc0
2023-07-20T18:09:17.048 INFO:teuthology.orchestra.run.smithi018.stdout:/usr/bin/ceph: stderr
2023-07-20T18:09:16.349+0000 7f2f937fe700 1 -- 172.21.15.18:0/401334867 <== mon.0 v2:172.21.15.18:3300/0 2 ==== config(26 keys) v1 ==== 1101+0+0 (secure 0 0 0) 0x7f2f880042c0 con 0x7f2f94106bc0
2023-07-20T18:09:17.049 INFO:teuthology.orchestra.run.smithi018.stdout:/usr/bin/ceph: stderr
2023-07-20T18:09:16.349+0000 7f2f937fe700 1 -- 172.21.15.18:0/401334867 <== mon.0 v2:172.21.15.18:3300/0 3 ==== mon_map magic: 0 v1 ==== 205+0+0 (secure 0 0 0) 0x7f2f880119b0 con 0x7f2f94106bc0
2023-07-20T18:09:17.049 INFO:teuthology.orchestra.run.smithi018.stdout:/usr/bin/ceph: stderr
2023-07-20T18:09:16.350+0000 7f2f9b0c7700 1 -- 172.21.15.18:0/401334867 >> [v2:172.21.15.18:3300/0,v1:172.21.15.18:6789/0] conn(0x7f2f94106bc0 msgr2=0x7f2f94108fb0 secure :-1 s=STATE_CONNECTION_ESTABLISHED l=1).mark_down
2023-07-20T18:09:17.049 INFO:teuthology.orchestra.run.smithi018.stdout:/usr/bin/ceph: stderr
2023-07-20T18:09:16.350+0000 7f2f9b0c7700 1 --2- 172.21.15.18:0/401334867 >> [v2:172.21.15.18:3300/0,v1:172.21.15.18:6789/0] conn(0x7f2f94106bc0 0x7f2f94108fb0 secure :-1 s=READY pgs=76 cs=0 l=1 rev1=1 crypto rx=0x7f2f880098a0 tx=0x7f2f88009bb0 comp rx=0 tx=0).stop
2023-07-20T18:09:17.049 INFO:teuthology.orchestra.run.smithi018.stdout:/usr/bin/ceph: stderr
2023-07-20T18:09:16.350+0000 7f2f9b0c7700 1 -- 172.21.15.18:0/401334867 shutdown_connections
2023-07-20T18:09:17.050 INFO:teuthology.orchestra.run.smithi018.stdout:/usr/bin/ceph: stderr
2023-07-20T18:09:16.350+0000 7f2f9b0c7700 1 --2- 172.21.15.18:0/401334867 >> [v2:172.21.15.18:3300/0,v1:172.21.15.18:6789/0] conn(0x7f2f94106bc0 0x7f2f94108fb0 unknown :-1 s=CLOSED pgs=76 cs=0 l=1 rev1=1 crypto rx=0 tx=0 comp rx=0 tx=0).stop
2023-07-20T18:09:17.050 INFO:teuthology.orchestra.run.smithi018.stdout:/usr/bin/ceph: stderr
2023-07-20T18:09:16.350+0000 7f2f9b0c7700 1 -- 172.21.15.18:0/401334867 >> 172.21.15.18:0/401334867 conn(0x7f2f941005f0 msgr2=0x7f2f94102a10 unknown :-1 s=STATE_NONE l=0).mark_down
2023-07-20T18:09:17.050 INFO:teuthology.orchestra.run.smithi018.stdout:/usr/bin/ceph: stderr
2023-07-20T18:09:16.350+0000 7f2f9b0c7700 1 -- 172.21.15.18:0/401334867 shutdown_connections
2023-07-20T18:09:17.050 INFO:teuthology.orchestra.run.smithi018.stdout:/usr/bin/ceph: stderr
2023-07-20T18:09:16.350+0000 7f2f9b0c7700 1 -- 172.21.15.18:0/401334867 wait complete.
2023-07-20T18:09:17.050 INFO:teuthology.orchestra.run.smithi018.stdout:/usr/bin/ceph: stderr
2023-07-20T18:09:16.351+0000 7f2f9b0c7700 1 Processor -- start
2023-07-20T18:09:17.051 INFO:teuthology.orchestra.run.smithi018.stdout:/usr/bin/ceph: stderr
2023-07-20T18:09:16.351+0000 7f2f9b0c7700 1 -- start start
2023-07-20T18:09:17.051 INFO:teuthology.orchestra.run.smithi018.stdout:/usr/bin/ceph: stderr
2023-07-20T18:09:16.351+0000 7f2f9b0c7700 1 --2- >> [v2:172.21.15.18:3300/0,v1:172.21.15.18:6789/0] conn(0x7f2f94106bc0 0x7f2f94199cf0 unknown :-1 s=NONE pgs=0 cs=0 l=1 rev1=0 crypto rx=0 tx=0 comp rx=0 tx=0).connect
2023-07-20T18:09:17.051 INFO:teuthology.orchestra.run.smithi018.stdout:/usr/bin/ceph: stderr
2023-07-20T18:09:16.351+0000 7f2f9b0c7700 1 -- --> [v2:172.21.15.18:3300/0,v1:172.21.15.18:6789/0] -- mon_getmap magic: 0 v1 -- 0x7f2f9419a230 con 0x7f2f94106bc0
2023-07-20T18:09:17.051 INFO:teuthology.orchestra.run.smithi018.stdout:/usr/bin/ceph: stderr
2023-07-20T18:09:16.351+0000 7f2f98e63700 1 --2- >> [v2:172.21.15.18:3300/0,v1:172.21.15.18:6789/0] conn(0x7f2f94106bc0 0x7f2f94199cf0 unknown :-1 s=BANNER_CONNECTING pgs=0 cs=0 l=1 rev1=0 crypto rx=0 tx=0 comp rx=0 tx=0)._handle_peer_banner_payload supported=3 required=0
2023-07-20T18:09:17.051 INFO:teuthology.orchestra.run.smithi018.stdout:/usr/bin/ceph: stderr
2023-07-20T18:09:16.351+0000 7f2f98e63700 1 --2- >> [v2:172.21.15.18:3300/0,v1:172.21.15.18:6789/0] conn(0x7f2f94106bc0 0x7f2f94199cf0 unknown :-1 s=HELLO_CONNECTING pgs=0 cs=0 l=1 rev1=1 crypto rx=0 tx=0 comp rx=0 tx=0).handle_hello peer v2:172.21.15.18:3300/0 says I am v2:172.21.15.18:42998/0 (socket says 172.21.15.18:42998)
2023-07-20T18:09:17.051 INFO:teuthology.orchestra.run.smithi018.stdout:/usr/bin/ceph: stderr
2023-07-20T18:09:16.351+0000 7f2f98e63700 1 -- 172.21.15.18:0/1572023509 learned_addr learned my addr 172.21.15.18:0/1572023509 (peer_addr_for_me v2:172.21.15.18:0/0)
2023-07-20T18:09:17.051 INFO:teuthology.orchestra.run.smithi018.stdout:/usr/bin/ceph: stderr
2023-07-20T18:09:16.352+0000 7f2f98e63700 1 -- 172.21.15.18:0/1572023509 --> [v2:172.21.15.18:3300/0,v1:172.21.15.18:6789/0] -- mon_subscribe({config=0+,monmap=0+}) v3 -- 0x7f2f88009550 con 0x7f2f94106bc0
2023-07-20T18:09:17.052 INFO:teuthology.orchestra.run.smithi018.stdout:/usr/bin/ceph: stderr
2023-07-20T18:09:16.352+0000 7f2f98e63700 1 --2- 172.21.15.18:0/1572023509 >> [v2:172.21.15.18:3300/0,v1:172.21.15.18:6789/0] conn(0x7f2f94106bc0 0x7f2f94199cf0 secure :-1 s=READY pgs=77 cs=0 l=1 rev1=1 crypto rx=0x7f2f880119b0 tx=0x7f2f88011a90 comp rx=0 tx=0).ready entity=mon.0 client_cookie=0 server_cookie=0 in_seq=0 out_seq=0
2023-07-20T18:09:17.052 INFO:teuthology.orchestra.run.smithi018.stdout:/usr/bin/ceph: stderr
2023-07-20T18:09:16.352+0000 7f2f91ffb700 1 -- 172.21.15.18:0/1572023509 <== mon.0 v2:172.21.15.18:3300/0 1 ==== mon_map magic: 0 v1 ==== 205+0+0 (secure 0 0 0) 0x7f2f88003930 con 0x7f2f94106bc0
2023-07-20T18:09:17.052 INFO:teuthology.orchestra.run.smithi018.stdout:/usr/bin/ceph: stderr
2023-07-20T18:09:16.352+0000 7f2f91ffb700 1 -- 172.21.15.18:0/1572023509 <== mon.0 v2:172.21.15.18:3300/0 2 ==== config(26 keys) v1 ==== 1101+0+0 (secure 0 0 0) 0x7f2f88003a90 con 0x7f2f94106bc0
2023-07-20T18:09:17.052 INFO:teuthology.orchestra.run.smithi018.stdout:/usr/bin/ceph: stderr
2023-07-20T18:09:16.352+0000 7f2f9b0c7700 1 -- 172.21.15.18:0/1572023509 --> [v2:172.21.15.18:3300/0,v1:172.21.15.18:6789/0] -- mon_subscribe({mgrmap=0+}) v3 -- 0x7f2f9419a430 con 0x7f2f94106bc0
2023-07-20T18:09:17.052 INFO:teuthology.orchestra.run.smithi018.stdout:/usr/bin/ceph: stderr
2023-07-20T18:09:16.352+0000 7f2f91ffb700 1 -- 172.21.15.18:0/1572023509 <== mon.0 v2:172.21.15.18:3300/0 3 ==== mon_map magic: 0 v1 ==== 205+0+0 (secure 0 0 0) 0x7f2f8801a650 con 0x7f2f94106bc0
2023-07-20T18:09:17.052 INFO:teuthology.orchestra.run.smithi018.stdout:/usr/bin/ceph: stderr
2023-07-20T18:09:16.352+0000 7f2f9b0c7700 1 -- 172.21.15.18:0/1572023509 --> [v2:172.21.15.18:3300/0,v1:172.21.15.18:6789/0] -- mon_subscribe({osdmap=0}) v3 -- 0x7f2f9419a850 con 0x7f2f94106bc0
2023-07-20T18:09:17.052 INFO:teuthology.orchestra.run.smithi018.stdout:/usr/bin/ceph: stderr
2023-07-20T18:09:16.353+0000 7f2f91ffb700 1 -- 172.21.15.18:0/1572023509 <== mon.0 v2:172.21.15.18:3300/0 4 ==== mgrmap(e 12) v1 ==== 45496+0+0 (secure 0 0 0) 0x7f2f88024a50 con 0x7f2f94106bc0
2023-07-20T18:09:17.053 INFO:teuthology.orchestra.run.smithi018.stdout:/usr/bin/ceph: stderr
2023-07-20T18:09:16.353+0000 7f2f91ffb700 1 --2- 172.21.15.18:0/1572023509 >> [v2:172.21.15.18:6800/1990307628,v1:172.21.15.18:6801/1990307628] conn(0x7f2f84038820 0x7f2f8403ace0 unknown :-1 s=NONE pgs=0 cs=0 l=1 rev1=0 crypto rx=0 tx=0 comp rx=0 tx=0).connect
2023-07-20T18:09:17.053 INFO:teuthology.orchestra.run.smithi018.stdout:/usr/bin/ceph: stderr
2023-07-20T18:09:16.353+0000 7f2f9b0c7700 1 -- 172.21.15.18:0/1572023509 --> [v2:172.21.15.18:3300/0,v1:172.21.15.18:6789/0] -- mon_command({"prefix": "get_command_descriptions"} v 0) v1 -- 0x7f2f9410a2d0 con 0x7f2f94106bc0
2023-07-20T18:09:17.053 INFO:teuthology.orchestra.run.smithi018.stdout:/usr/bin/ceph: stderr
2023-07-20T18:09:16.353+0000 7f2f91ffb700 1 -- 172.21.15.18:0/1572023509 <== mon.0 v2:172.21.15.18:3300/0 5 ==== osd_map(3..3 src has 1..3) v4 ==== 1155+0+0 (secure 0 0 0) 0x7f2f8804c940 con 0x7f2f94106bc0
2023-07-20T18:09:17.053 INFO:teuthology.orchestra.run.smithi018.stdout:/usr/bin/ceph: stderr
2023-07-20T18:09:16.353+0000 7f2f93fff700 1 --2- 172.21.15.18:0/1572023509 >> [v2:172.21.15.18:6800/1990307628,v1:172.21.15.18:6801/1990307628] conn(0x7f2f84038820 0x7f2f8403ace0 unknown :-1 s=BANNER_CONNECTING pgs=0 cs=0 l=1 rev1=0 crypto rx=0 tx=0 comp rx=0 tx=0)._handle_peer_banner_payload supported=3 required=0
2023-07-20T18:09:17.053 INFO:teuthology.orchestra.run.smithi018.stdout:/usr/bin/ceph: stderr
2023-07-20T18:09:16.354+0000 7f2f93fff700 1 --2- 172.21.15.18:0/1572023509 >> [v2:172.21.15.18:6800/1990307628,v1:172.21.15.18:6801/1990307628] conn(0x7f2f84038820 0x7f2f8403ace0 secure :-1 s=READY pgs=10 cs=0 l=1 rev1=1 crypto rx=0x7f2f80006fd0 tx=0x7f2f80006e40 comp rx=0 tx=0).ready entity=mgr.14152 client_cookie=0 server_cookie=0 in_seq=0 out_seq=0
2023-07-20T18:09:17.053 INFO:teuthology.orchestra.run.smithi018.stdout:/usr/bin/ceph: stderr
2023-07-20T18:09:16.358+0000 7f2f91ffb700 1 -- 172.21.15.18:0/1572023509 <== mon.0 v2:172.21.15.18:3300/0 6 ==== mon_command_ack([{"prefix": "get_command_descriptions"}]=0 v0) v1 ==== 72+0+178025 (secure 0 0 0) 0x7f2f8807b780 con 0x7f2f94106bc0
2023-07-20T18:09:17.053 INFO:teuthology.orchestra.run.smithi018.stdout:/usr/bin/ceph: stderr
2023-07-20T18:09:16.714+0000 7f2f9b0c7700 1 -- 172.21.15.18:0/1572023509 --> [v2:172.21.15.18:3300/0,v1:172.21.15.18:6789/0] -- mon_command([{prefix=config set, name=osd_memory_target_autotune}] v 0) v1 -- 0x7f2f9410a4c0 con 0x7f2f94106bc0
2023-07-20T18:09:17.054 INFO:teuthology.orchestra.run.smithi018.stdout:/usr/bin/ceph: stderr
2023-07-20T18:09:16.714+0000 7f2f91ffb700 1 -- 172.21.15.18:0/1572023509 <== mon.0 v2:172.21.15.18:3300/0 7 ==== mon_command_ack([{prefix=config set, name=osd_memory_target_autotune}]=0 v8)=0 v8) v1 ==== 127+0+0 (secure 0 0 0) 0x7f2f880189a0 con 0x7f2f94106bc0
2023-07-20T18:09:17.054 INFO:teuthology.orchestra.run.smithi018.stdout:/usr/bin/ceph: stderr
2023-07-20T18:09:16.717+0000 7f2f9b0c7700 1 -- 172.21.15.18:0/1572023509 >> [v2:172.21.15.18:6800/1990307628,v1:172.21.15.18:6801/1990307628] conn(0x7f2f84038820 msgr2=0x7f2f8403ace0 secure :-1 s=STATE_CONNECTION_ESTABLISHED l=1).mark_down
2023-07-20T18:09:17.054 INFO:teuthology.orchestra.run.smithi018.stdout:/usr/bin/ceph: stderr
2023-07-20T18:09:16.717+0000 7f2f9b0c7700 1 --2- 172.21.15.18:0/1572023509 >> [v2:172.21.15.18:6800/1990307628,v1:172.21.15.18:6801/1990307628] conn(0x7f2f84038820 0x7f2f8403ace0 secure :-1 s=READY pgs=10 cs=0 l=1 rev1=1 crypto rx=0x7f2f80006fd0 tx=0x7f2f80006e40 comp rx=0 tx=0).stop
2023-07-20T18:09:17.054 INFO:teuthology.orchestra.run.smithi018.stdout:/usr/bin/ceph: stderr
2023-07-20T18:09:16.717+0000 7f2f9b0c7700 1 -- 172.21.15.18:0/1572023509 >> [v2:172.21.15.18:3300/0,v1:172.21.15.18:6789/0] conn(0x7f2f94106bc0 msgr2=0x7f2f94199cf0 secure :-1 s=STATE_CONNECTION_ESTABLISHED l=1).mark_down
2023-07-20T18:09:17.054 INFO:teuthology.orchestra.run.smithi018.stdout:/usr/bin/ceph: stderr
2023-07-20T18:09:16.717+0000 7f2f9b0c7700 1 --2- 172.21.15.18:0/1572023509 >> [v2:172.21.15.18:3300/0,v1:172.21.15.18:6789/0] conn(0x7f2f94106bc0 0x7f2f94199cf0 secure :-1 s=READY pgs=77 cs=0 l=1 rev1=1 crypto rx=0x7f2f880119b0 tx=0x7f2f88011a90 comp rx=0 tx=0).stop
2023-07-20T18:09:17.054 INFO:teuthology.orchestra.run.smithi018.stdout:/usr/bin/ceph: stderr
2023-07-20T18:09:16.717+0000 7f2f9b0c7700 1 -- 172.21.15.18:0/1572023509 shutdown_connections
2023-07-20T18:09:17.054 INFO:teuthology.orchestra.run.smithi018.stdout:/usr/bin/ceph: stderr
2023-07-20T18:09:16.717+0000 7f2f9b0c7700 1 --2- 172.21.15.18:0/1572023509 >> [v2:172.21.15.18:6800/1990307628,v1:172.21.15.18:6801/1990307628] conn(0x7f2f84038820 0x7f2f8403ace0 unknown :-1 s=CLOSED pgs=10 cs=0 l=1 rev1=1 crypto rx=0 tx=0 comp rx=0 tx=0).stop
2023-07-20T18:09:17.055 INFO:teuthology.orchestra.run.smithi018.stdout:/usr/bin/ceph: stderr
2023-07-20T18:09:16.717+0000 7f2f9b0c7700 1 --2- 172.21.15.18:0/1572023509 >> [v2:172.21.15.18:3300/0,v1:172.21.15.18:6789/0] conn(0x7f2f94106bc0 0x7f2f94199cf0 unknown :-1 s=CLOSED pgs=77 cs=0 l=1 rev1=1 crypto rx=0 tx=0 comp rx=0 tx=0).stop
2023-07-20T18:09:17.055 INFO:teuthology.orchestra.run.smithi018.stdout:/usr/bin/ceph: stderr
2023-07-20T18:09:16.717+0000 7f2f9b0c7700 1 -- 172.21.15.18:0/1572023509 >> 172.21.15.18:0/1572023509 conn(0x7f2f941005f0 msgr2=0x7f2f94101360 unknown :-1 s=STATE_NONE l=0).mark_down
2023-07-20T18:09:17.055 INFO:teuthology.orchestra.run.smithi018.stdout:/usr/bin/ceph: stderr
2023-07-20T18:09:16.717+0000 7f2f9b0c7700 1 -- 172.21.15.18:0/1572023509 shutdown_connections
2023-07-20T18:09:17.055 INFO:teuthology.orchestra.run.smithi018.stdout:/usr/bin/ceph: stderr
2023-07-20T18:09:16.717+0000 7f2f9b0c7700 1 -- 172.21.15.18:0/1572023509 wait complete.
2023-07-20T18:09:18.392 INFO:teuthology.orchestra.run.smithi018.stdout:/usr/bin/ceph: stderr
2023-07-20T18:09:17.496+0000 7f60ce828700 1 Processor -- start
2023-07-20T18:09:18.393 INFO:teuthology.orchestra.run.smithi018.stdout:/usr/bin/ceph: stderr
2023-07-20T18:09:17.496+0000 7f60ce828700 1 -- start start
2023-07-20T18:09:18.393 INFO:teuthology.orchestra.run.smithi018.stdout:/usr/bin/ceph: stderr
2023-07-20T18:09:17.496+0000 7f60ce828700 1 --2- >> [v2:172.21.15.18:3300/0,v1:172.21.15.18:6789/0] conn(0x7f60c8106b80 0x7f60c8108f70 unknown :-1 s=NONE pgs=0 cs=0 l=0 rev1=0 crypto rx=0 tx=0 comp rx=0 tx=0).connect
2023-07-20T18:09:18.393 INFO:teuthology.orchestra.run.smithi018.stdout:/usr/bin/ceph: stderr
2023-07-20T18:09:17.496+0000 7f60ce828700 1 -- --> [v2:172.21.15.18:3300/0,v1:172.21.15.18:6789/0] -- mon_getmap magic: 0 v1 -- 0x7f60c8073f50 con 0x7f60c8106b80
2023-07-20T18:09:18.393 INFO:teuthology.orchestra.run.smithi018.stdout:/usr/bin/ceph: stderr
2023-07-20T18:09:17.496+0000 7f60c7fff700 1 --2- >> [v2:172.21.15.18:3300/0,v1:172.21.15.18:6789/0] conn(0x7f60c8106b80 0x7f60c8108f70 unknown :-1 s=BANNER_CONNECTING pgs=0 cs=0 l=0 rev1=0 crypto rx=0 tx=0 comp rx=0 tx=0)._handle_peer_banner_payload supported=3 required=0
2023-07-20T18:09:18.393 INFO:teuthology.orchestra.run.smithi018.stdout:/usr/bin/ceph: stderr
2023-07-20T18:09:17.496+0000 7f60c7fff700 1 --2- >> [v2:172.21.15.18:3300/0,v1:172.21.15.18:6789/0] conn(0x7f60c8106b80 0x7f60c8108f70 unknown :-1 s=HELLO_CONNECTING pgs=0 cs=0 l=0 rev1=1 crypto rx=0 tx=0 comp rx=0 tx=0).handle_hello peer v2:172.21.15.18:3300/0 says I am v2:172.21.15.18:43002/0 (socket says 172.21.15.18:43002)
2023-07-20T18:09:18.393 INFO:teuthology.orchestra.run.smithi018.stdout:/usr/bin/ceph: stderr
2023-07-20T18:09:17.496+0000 7f60c7fff700 1 -- 172.21.15.18:0/432623753 learned_addr learned my addr 172.21.15.18:0/432623753 (peer_addr_for_me v2:172.21.15.18:0/0)
2023-07-20T18:09:18.393 INFO:teuthology.orchestra.run.smithi018.stdout:/usr/bin/ceph: stderr
2023-07-20T18:09:17.497+0000 7f60c7fff700 1 -- 172.21.15.18:0/432623753 --> [v2:172.21.15.18:3300/0,v1:172.21.15.18:6789/0] -- mon_subscribe({config=0+,monmap=0+}) v3 -- 0x7f60c81094b0 con 0x7f60c8106b80
2023-07-20T18:09:18.394 INFO:teuthology.orchestra.run.smithi018.stdout:/usr/bin/ceph: stderr
2023-07-20T18:09:17.497+0000 7f60c7fff700 1 --2- 172.21.15.18:0/432623753 >> [v2:172.21.15.18:3300/0,v1:172.21.15.18:6789/0] conn(0x7f60c8106b80 0x7f60c8108f70 secure :-1 s=READY pgs=78 cs=0 l=1 rev1=1 crypto rx=0x7f60b80098a0 tx=0x7f60b8009bb0 comp rx=0 tx=0).ready entity=mon.0 client_cookie=9d088385bfc6035b server_cookie=0 in_seq=0 out_seq=0
2023-07-20T18:09:18.394 INFO:teuthology.orchestra.run.smithi018.stdout:/usr/bin/ceph: stderr
2023-07-20T18:09:17.497+0000 7f60c6ffd700 1 -- 172.21.15.18:0/432623753 <== mon.0 v2:172.21.15.18:3300/0 1 ==== mon_map magic: 0 v1 ==== 205+0+0 (secure 0 0 0) 0x7f60b8004160 con 0x7f60c8106b80
2023-07-20T18:09:18.394 INFO:teuthology.orchestra.run.smithi018.stdout:/usr/bin/ceph: stderr
2023-07-20T18:09:17.497+0000 7f60c6ffd700 1 -- 172.21.15.18:0/432623753 <== mon.0 v2:172.21.15.18:3300/0 2 ==== config(26 keys) v1 ==== 1101+0+0 (secure 0 0 0) 0x7f60b80042c0 con 0x7f60c8106b80
2023-07-20T18:09:18.394 INFO:teuthology.orchestra.run.smithi018.stdout:/usr/bin/ceph: stderr
2023-07-20T18:09:17.497+0000 7f60c6ffd700 1 -- 172.21.15.18:0/432623753 <== mon.0 v2:172.21.15.18:3300/0 3 ==== mon_map magic: 0 v1 ==== 205+0+0 (secure 0 0 0) 0x7f60b80119b0 con 0x7f60c8106b80
2023-07-20T18:09:18.394 INFO:teuthology.orchestra.run.smithi018.stdout:/usr/bin/ceph: stderr
2023-07-20T18:09:17.498+0000 7f60ce828700 1 -- 172.21.15.18:0/432623753 >> [v2:172.21.15.18:3300/0,v1:172.21.15.18:6789/0] conn(0x7f60c8106b80 msgr2=0x7f60c8108f70 secure :-1 s=STATE_CONNECTION_ESTABLISHED l=1).mark_down
2023-07-20T18:09:18.394 INFO:teuthology.orchestra.run.smithi018.stdout:/usr/bin/ceph: stderr
2023-07-20T18:09:17.498+0000 7f60ce828700 1 --2- 172.21.15.18:0/432623753 >> [v2:172.21.15.18:3300/0,v1:172.21.15.18:6789/0] conn(0x7f60c8106b80 0x7f60c8108f70 secure :-1 s=READY pgs=78 cs=0 l=1 rev1=1 crypto rx=0x7f60b80098a0 tx=0x7f60b8009bb0 comp rx=0 tx=0).stop
2023-07-20T18:09:18.394 INFO:teuthology.orchestra.run.smithi018.stdout:/usr/bin/ceph: stderr
2023-07-20T18:09:17.498+0000 7f60ce828700 1 -- 172.21.15.18:0/432623753 shutdown_connections
2023-07-20T18:09:18.394 INFO:teuthology.orchestra.run.smithi018.stdout:/usr/bin/ceph: stderr
2023-07-20T18:09:17.498+0000 7f60ce828700 1 --2- 172.21.15.18:0/432623753 >> [v2:172.21.15.18:3300/0,v1:172.21.15.18:6789/0] conn(0x7f60c8106b80 0x7f60c8108f70 unknown :-1 s=CLOSED pgs=78 cs=0 l=1 rev1=1 crypto rx=0 tx=0 comp rx=0 tx=0).stop
2023-07-20T18:09:18.395 INFO:teuthology.orchestra.run.smithi018.stdout:/usr/bin/ceph: stderr
2023-07-20T18:09:17.498+0000 7f60ce828700 1 -- 172.21.15.18:0/432623753 >> 172.21.15.18:0/432623753 conn(0x7f60c81005f0 msgr2=0x7f60c8102a10 unknown :-1 s=STATE_NONE l=0).mark_down
2023-07-20T18:09:18.395 INFO:teuthology.orchestra.run.smithi018.stdout:/usr/bin/ceph: stderr
2023-07-20T18:09:17.498+0000 7f60ce828700 1 -- 172.21.15.18:0/432623753 shutdown_connections
2023-07-20T18:09:18.395 INFO:teuthology.orchestra.run.smithi018.stdout:/usr/bin/ceph: stderr
2023-07-20T18:09:17.498+0000 7f60ce828700 1 -- 172.21.15.18:0/432623753 wait complete.
2023-07-20T18:09:18.395 INFO:teuthology.orchestra.run.smithi018.stdout:/usr/bin/ceph: stderr
2023-07-20T18:09:17.498+0000 7f60ce828700 1 Processor -- start
2023-07-20T18:09:18.395 INFO:teuthology.orchestra.run.smithi018.stdout:/usr/bin/ceph: stderr
2023-07-20T18:09:17.498+0000 7f60ce828700 1 -- start start
2023-07-20T18:09:18.395 INFO:teuthology.orchestra.run.smithi018.stdout:/usr/bin/ceph: stderr
2023-07-20T18:09:17.499+0000 7f60ce828700 1 --2- >> [v2:172.21.15.18:3300/0,v1:172.21.15.18:6789/0] conn(0x7f60c8106b80 0x7f60c81064e0 unknown :-1 s=NONE pgs=0 cs=0 l=1 rev1=0 crypto rx=0 tx=0 comp rx=0 tx=0).connect
2023-07-20T18:09:18.395 INFO:teuthology.orchestra.run.smithi018.stdout:/usr/bin/ceph: stderr
2023-07-20T18:09:17.499+0000 7f60ce828700 1 -- --> [v2:172.21.15.18:3300/0,v1:172.21.15.18:6789/0] -- mon_getmap magic: 0 v1 -- 0x7f60c8106a20 con 0x7f60c8106b80
2023-07-20T18:09:18.396 INFO:teuthology.orchestra.run.smithi018.stdout:/usr/bin/ceph: stderr
2023-07-20T18:09:17.499+0000 7f60c7fff700 1 --2- >> [v2:172.21.15.18:3300/0,v1:172.21.15.18:6789/0] conn(0x7f60c8106b80 0x7f60c81064e0 unknown :-1 s=BANNER_CONNECTING pgs=0 cs=0 l=1 rev1=0 crypto rx=0 tx=0 comp rx=0 tx=0)._handle_peer_banner_payload supported=3 required=0
2023-07-20T18:09:18.396 INFO:teuthology.orchestra.run.smithi018.stdout:/usr/bin/ceph: stderr
2023-07-20T18:09:17.499+0000 7f60c7fff700 1 --2- >> [v2:172.21.15.18:3300/0,v1:172.21.15.18:6789/0] conn(0x7f60c8106b80 0x7f60c81064e0 unknown :-1 s=HELLO_CONNECTING pgs=0 cs=0 l=1 rev1=1 crypto rx=0 tx=0 comp rx=0 tx=0).handle_hello peer v2:172.21.15.18:3300/0 says I am v2:172.21.15.18:43004/0 (socket says 172.21.15.18:43004)
2023-07-20T18:09:18.396 INFO:teuthology.orchestra.run.smithi018.stdout:/usr/bin/ceph: stderr
2023-07-20T18:09:17.499+0000 7f60c7fff700 1 -- 172.21.15.18:0/3894624023 learned_addr learned my addr 172.21.15.18:0/3894624023 (peer_addr_for_me v2:172.21.15.18:0/0)
2023-07-20T18:09:18.396 INFO:teuthology.orchestra.run.smithi018.stdout:/usr/bin/ceph: stderr
2023-07-20T18:09:17.499+0000 7f60c7fff700 1 -- 172.21.15.18:0/3894624023 --> [v2:172.21.15.18:3300/0,v1:172.21.15.18:6789/0] -- mon_subscribe({config=0+,monmap=0+}) v3 -- 0x7f60b8009550 con 0x7f60c8106b80
2023-07-20T18:09:18.396 INFO:teuthology.orchestra.run.smithi018.stdout:/usr/bin/ceph: stderr
2023-07-20T18:09:17.499+0000 7f60c7fff700 1 --2- 172.21.15.18:0/3894624023 >> [v2:172.21.15.18:3300/0,v1:172.21.15.18:6789/0] conn(0x7f60c8106b80 0x7f60c81064e0 secure :-1 s=READY pgs=79 cs=0 l=1 rev1=1 crypto rx=0x7f60b8011980 tx=0x7f60b8011a60 comp rx=0 tx=0).ready entity=mon.0 client_cookie=0 server_cookie=0 in_seq=0 out_seq=0
2023-07-20T18:09:18.396 INFO:teuthology.orchestra.run.smithi018.stdout:/usr/bin/ceph: stderr
2023-07-20T18:09:17.499+0000 7f60c57fa700 1 -- 172.21.15.18:0/3894624023 <== mon.0 v2:172.21.15.18:3300/0 1 ==== mon_map magic: 0 v1 ==== 205+0+0 (secure 0 0 0) 0x7f60b8003a60 con 0x7f60c8106b80
2023-07-20T18:09:18.396 INFO:teuthology.orchestra.run.smithi018.stdout:/usr/bin/ceph: stderr
2023-07-20T18:09:17.499+0000 7f60c57fa700 1 -- 172.21.15.18:0/3894624023 <== mon.0 v2:172.21.15.18:3300/0 2 ==== config(26 keys) v1 ==== 1101+0+0 (secure 0 0 0) 0x7f60b8003bc0 con 0x7f60c8106b80
2023-07-20T18:09:18.397 INFO:teuthology.orchestra.run.smithi018.stdout:/usr/bin/ceph: stderr
2023-07-20T18:09:17.499+0000 7f60ce828700 1 -- 172.21.15.18:0/3894624023 --> [v2:172.21.15.18:3300/0,v1:172.21.15.18:6789/0] -- mon_subscribe({mgrmap=0+}) v3 -- 0x7f60c8104b30 con 0x7f60c8106b80
2023-07-20T18:09:18.397 INFO:teuthology.orchestra.run.smithi018.stdout:/usr/bin/ceph: stderr
2023-07-20T18:09:17.500+0000 7f60c57fa700 1 -- 172.21.15.18:0/3894624023 <== mon.0 v2:172.21.15.18:3300/0 3 ==== mon_map magic: 0 v1 ==== 205+0+0 (secure 0 0 0) 0x7f60b8024810 con 0x7f60c8106b80
2023-07-20T18:09:18.397 INFO:teuthology.orchestra.run.smithi018.stdout:/usr/bin/ceph: stderr
2023-07-20T18:09:17.500+0000 7f60ce828700 1 -- 172.21.15.18:0/3894624023 --> [v2:172.21.15.18:3300/0,v1:172.21.15.18:6789/0] -- mon_subscribe({osdmap=0}) v3 -- 0x7f60c8104f50 con 0x7f60c8106b80
2023-07-20T18:09:18.397 INFO:teuthology.orchestra.run.smithi018.stdout:/usr/bin/ceph: stderr
2023-07-20T18:09:17.500+0000 7f60c57fa700 1 -- 172.21.15.18:0/3894624023 <== mon.0 v2:172.21.15.18:3300/0 4 ==== mgrmap(e 13) v1 ==== 45539+0+0 (secure 0 0 0) 0x7f60b801a430 con 0x7f60c8106b80
2023-07-20T18:09:18.397 INFO:teuthology.orchestra.run.smithi018.stdout:/usr/bin/ceph: stderr
2023-07-20T18:09:17.501+0000 7f60c57fa700 1 --2- 172.21.15.18:0/3894624023 >> [v2:172.21.15.18:6800/1990307628,v1:172.21.15.18:6801/1990307628] conn(0x7f60b40388c0 0x7f60b403ad80 unknown :-1 s=NONE pgs=0 cs=0 l=1 rev1=0 crypto rx=0 tx=0 comp rx=0 tx=0).connect
2023-07-20T18:09:18.398 INFO:teuthology.orchestra.run.smithi018.stdout:/usr/bin/ceph: stderr
2023-07-20T18:09:17.501+0000 7f60c57fa700 1 -- 172.21.15.18:0/3894624023 <== mon.0 v2:172.21.15.18:3300/0 5 ==== osd_map(3..3 src has 1..3) v4 ==== 1155+0+0 (secure 0 0 0) 0x7f60b804cb30 con 0x7f60c8106b80
2023-07-20T18:09:18.398 INFO:teuthology.orchestra.run.smithi018.stdout:/usr/bin/ceph: stderr
2023-07-20T18:09:17.501+0000 7f60ce828700 1 -- 172.21.15.18:0/3894624023 --> [v2:172.21.15.18:3300/0,v1:172.21.15.18:6789/0] -- mon_command({"prefix": "get_command_descriptions"} v 0) v1 -- 0x7f60c810a2f0 con 0x7f60c8106b80
2023-07-20T18:09:18.398 INFO:teuthology.orchestra.run.smithi018.stdout:/usr/bin/ceph: stderr
2023-07-20T18:09:17.501+0000 7f60c77fe700 1 --2- 172.21.15.18:0/3894624023 >> [v2:172.21.15.18:6800/1990307628,v1:172.21.15.18:6801/1990307628] conn(0x7f60b40388c0 0x7f60b403ad80 unknown :-1 s=BANNER_CONNECTING pgs=0 cs=0 l=1 rev1=0 crypto rx=0 tx=0 comp rx=0 tx=0)._handle_peer_banner_payload supported=3 required=0
2023-07-20T18:09:18.398 INFO:teuthology.orchestra.run.smithi018.stdout:/usr/bin/ceph: stderr
2023-07-20T18:09:17.501+0000 7f60c77fe700 1 --2- 172.21.15.18:0/3894624023 >> [v2:172.21.15.18:6800/1990307628,v1:172.21.15.18:6801/1990307628] conn(0x7f60b40388c0 0x7f60b403ad80 secure :-1 s=READY pgs=11 cs=0 l=1 rev1=1 crypto rx=0x7f60b0006fd0 tx=0x7f60b0006e40 comp rx=0 tx=0).ready entity=mgr.14152 client_cookie=0 server_cookie=0 in_seq=0 out_seq=0
2023-07-20T18:09:18.398 INFO:teuthology.orchestra.run.smithi018.stdout:/usr/bin/ceph: stderr
2023-07-20T18:09:17.506+0000 7f60c57fa700 1 -- 172.21.15.18:0/3894624023 <== mon.0 v2:172.21.15.18:3300/0 6 ==== mon_command_ack([{"prefix": "get_command_descriptions"}]=0 v0) v1 ==== 72+0+178025 (secure 0 0 0) 0x7f60b801ac50 con 0x7f60c8106b80
2023-07-20T18:09:18.399 INFO:teuthology.orchestra.run.smithi018.stdout:/usr/bin/ceph: stderr
2023-07-20T18:09:18.075+0000 7f60ce828700 1 -- 172.21.15.18:0/3894624023 --> [v2:172.21.15.18:3300/0,v1:172.21.15.18:6789/0] -- mon_command([{prefix=config-key set, key=mgr/dashboard/cluster/status}] v 0) v1 -- 0x7f60c81058d0 con 0x7f60c8106b80
2023-07-20T18:09:18.399 INFO:teuthology.orchestra.run.smithi018.stdout:/usr/bin/ceph: stderr
2023-07-20T18:09:18.077+0000 7f60c57fa700 1 -- 172.21.15.18:0/3894624023 <== mon.0 v2:172.21.15.18:3300/0 7 ==== mon_command_ack([{prefix=config-key set, key=mgr/dashboard/cluster/status}]=0 set mgr/dashboard/cluster/status v28)=0 set mgr/dashboard/cluster/status v28) v1 ==== 153+0+0 (secure 0 0 0) 0x7f60b8018b40 con 0x7f60c8106b80
2023-07-20T18:09:18.399 INFO:teuthology.orchestra.run.smithi018.stdout:/usr/bin/ceph: stderr
2023-07-20T18:09:18.079+0000 7f60ce828700 1 -- 172.21.15.18:0/3894624023 >> [v2:172.21.15.18:6800/1990307628,v1:172.21.15.18:6801/1990307628] conn(0x7f60b40388c0 msgr2=0x7f60b403ad80 secure :-1 s=STATE_CONNECTION_ESTABLISHED l=1).mark_down
2023-07-20T18:09:18.399 INFO:teuthology.orchestra.run.smithi018.stdout:/usr/bin/ceph: stderr
2023-07-20T18:09:18.079+0000 7f60ce828700 1 --2- 172.21.15.18:0/3894624023 >> [v2:172.21.15.18:6800/1990307628,v1:172.21.15.18:6801/1990307628] conn(0x7f60b40388c0 0x7f60b403ad80 secure :-1 s=READY pgs=11 cs=0 l=1 rev1=1 crypto rx=0x7f60b0006fd0 tx=0x7f60b0006e40 comp rx=0 tx=0).stop
2023-07-20T18:09:18.399 INFO:teuthology.orchestra.run.smithi018.stdout:/usr/bin/ceph: stderr
2023-07-20T18:09:18.079+0000 7f60ce828700 1 -- 172.21.15.18:0/3894624023 >> [v2:172.21.15.18:3300/0,v1:172.21.15.18:6789/0] conn(0x7f60c8106b80 msgr2=0x7f60c81064e0 secure :-1 s=STATE_CONNECTION_ESTABLISHED l=1).mark_down
2023-07-20T18:09:18.400 INFO:teuthology.orchestra.run.smithi018.stdout:/usr/bin/ceph: stderr
2023-07-20T18:09:18.079+0000 7f60ce828700 1 --2- 172.21.15.18:0/3894624023 >> [v2:172.21.15.18:3300/0,v1:172.21.15.18:6789/0] conn(0x7f60c8106b80 0x7f60c81064e0 secure :-1 s=READY pgs=79 cs=0 l=1 rev1=1 crypto rx=0x7f60b8011980 tx=0x7f60b8011a60 comp rx=0 tx=0).stop
2023-07-20T18:09:18.400 INFO:teuthology.orchestra.run.smithi018.stdout:/usr/bin/ceph: stderr
2023-07-20T18:09:18.079+0000 7f60ce828700 1 -- 172.21.15.18:0/3894624023 shutdown_connections
2023-07-20T18:09:18.400 INFO:teuthology.orchestra.run.smithi018.stdout:/usr/bin/ceph: stderr
2023-07-20T18:09:18.079+0000 7f60ce828700 1 --2- 172.21.15.18:0/3894624023 >> [v2:172.21.15.18:6800/1990307628,v1:172.21.15.18:6801/1990307628] conn(0x7f60b40388c0 0x7f60b403ad80 unknown :-1 s=CLOSED pgs=11 cs=0 l=1 rev1=1 crypto rx=0 tx=0 comp rx=0 tx=0).stop
2023-07-20T18:09:18.400 INFO:teuthology.orchestra.run.smithi018.stdout:/usr/bin/ceph: stderr
2023-07-20T18:09:18.079+0000 7f60ce828700 1 --2- 172.21.15.18:0/3894624023 >> [v2:172.21.15.18:3300/0,v1:172.21.15.18:6789/0] conn(0x7f60c8106b80 0x7f60c81064e0 unknown :-1 s=CLOSED pgs=79 cs=0 l=1 rev1=1 crypto rx=0 tx=0 comp rx=0 tx=0).stop
2023-07-20T18:09:18.400 INFO:teuthology.orchestra.run.smithi018.stdout:/usr/bin/ceph: stderr
2023-07-20T18:09:18.079+0000 7f60ce828700 1 -- 172.21.15.18:0/3894624023 >> 172.21.15.18:0/3894624023 conn(0x7f60c81005f0 msgr2=0x7f60c8101350 unknown :-1 s=STATE_NONE l=0).mark_down
2023-07-20T18:09:18.400 INFO:teuthology.orchestra.run.smithi018.stdout:/usr/bin/ceph: stderr
2023-07-20T18:09:18.079+0000 7f60ce828700 1 -- 172.21.15.18:0/3894624023 shutdown_connections
2023-07-20T18:09:18.400 INFO:teuthology.orchestra.run.smithi018.stdout:/usr/bin/ceph: stderr
2023-07-20T18:09:18.079+0000 7f60ce828700 1 -- 172.21.15.18:0/3894624023 wait complete.
2023-07-20T18:09:18.401 INFO:teuthology.orchestra.run.smithi018.stdout:/usr/bin/ceph: stderr set mgr/dashboard/cluster/status
2023-07-20T18:09:18.401 INFO:teuthology.orchestra.run.smithi018.stdout:You can access the Ceph CLI as following in case of multi-cluster or non-default config:
2023-07-20T18:09:18.401 INFO:teuthology.orchestra.run.smithi018.stdout:
