2023-07-20T18:08:31.333 INFO:teuthology.orchestra.run.smithi018.stdout:/usr/bin/ceph: stdout "epoch": 1,
2023-07-20T18:08:31.334 INFO:teuthology.orchestra.run.smithi018.stdout:/usr/bin/ceph: stdout "modified": "2023-07-20T18:08:11.472225+0000",
2023-07-20T18:08:31.334 INFO:teuthology.orchestra.run.smithi018.stdout:/usr/bin/ceph: stdout "services": {}
2023-07-20T18:08:31.334 INFO:teuthology.orchestra.run.smithi018.stdout:/usr/bin/ceph: stdout },
2023-07-20T18:08:31.334 INFO:teuthology.orchestra.run.smithi018.stdout:/usr/bin/ceph: stdout "progress_events": {}
2023-07-20T18:08:31.334 INFO:teuthology.orchestra.run.smithi018.stdout:/usr/bin/ceph: stdout }
2023-07-20T18:08:31.334 INFO:teuthology.orchestra.run.smithi018.stdout:/usr/bin/ceph: stderr
2023-07-20T18:08:28.160+0000 7fdd0935a700 1 Processor -- start
2023-07-20T18:08:31.334 INFO:teuthology.orchestra.run.smithi018.stdout:/usr/bin/ceph: stderr
2023-07-20T18:08:28.160+0000 7fdd0935a700 1 -- start start
2023-07-20T18:08:31.334 INFO:teuthology.orchestra.run.smithi018.stdout:/usr/bin/ceph: stderr
2023-07-20T18:08:28.160+0000 7fdd0935a700 1 --2- >> [v2:172.21.15.18:3300/0,v1:172.21.15.18:6789/0] conn(0x7fdd04105010 0x7fdd04105430 unknown :-1 s=NONE pgs=0 cs=0 l=0 rev1=0 crypto rx=0 tx=0 comp rx=0 tx=0).connect
2023-07-20T18:08:31.335 INFO:teuthology.orchestra.run.smithi018.stdout:/usr/bin/ceph: stderr
2023-07-20T18:08:28.160+0000 7fdd0935a700 1 -- --> [v2:172.21.15.18:3300/0,v1:172.21.15.18:6789/0] -- mon_getmap magic: 0 v1 -- 0x7fdd04105a00 con 0x7fdd04105010
2023-07-20T18:08:31.335 INFO:teuthology.orchestra.run.smithi018.stdout:/usr/bin/ceph: stderr
2023-07-20T18:08:28.161+0000 7fdd02ffd700 1 --2- >> [v2:172.21.15.18:3300/0,v1:172.21.15.18:6789/0] conn(0x7fdd04105010 0x7fdd04105430 unknown :-1 s=BANNER_CONNECTING pgs=0 cs=0 l=0 rev1=0 crypto rx=0 tx=0 comp rx=0 tx=0)._handle_peer_banner_payload supported=3 required=0
2023-07-20T18:08:31.335 INFO:teuthology.orchestra.run.smithi018.stdout:/usr/bin/ceph: stderr
2023-07-20T18:08:28.161+0000 7fdd02ffd700 1 --2- >> [v2:172.21.15.18:3300/0,v1:172.21.15.18:6789/0] conn(0x7fdd04105010 0x7fdd04105430 unknown :-1 s=HELLO_CONNECTING pgs=0 cs=0 l=0 rev1=1 crypto rx=0 tx=0 comp rx=0 tx=0).handle_hello peer v2:172.21.15.18:3300/0 says I am v2:172.21.15.18:42716/0 (socket says 172.21.15.18:42716)
2023-07-20T18:08:31.335 INFO:teuthology.orchestra.run.smithi018.stdout:/usr/bin/ceph: stderr
2023-07-20T18:08:28.161+0000 7fdd02ffd700 1 -- 172.21.15.18:0/3699005020 learned_addr learned my addr 172.21.15.18:0/3699005020 (peer_addr_for_me v2:172.21.15.18:0/0)
2023-07-20T18:08:31.335 INFO:teuthology.orchestra.run.smithi018.stdout:/usr/bin/ceph: stderr
2023-07-20T18:08:28.161+0000 7fdd02ffd700 1 -- 172.21.15.18:0/3699005020 --> [v2:172.21.15.18:3300/0,v1:172.21.15.18:6789/0] -- mon_subscribe({config=0+,monmap=0+}) v3 -- 0x7fdd04106210 con 0x7fdd04105010
2023-07-20T18:08:31.335 INFO:teuthology.orchestra.run.smithi018.stdout:/usr/bin/ceph: stderr
2023-07-20T18:08:28.161+0000 7fdd02ffd700 1 --2- 172.21.15.18:0/3699005020 >> [v2:172.21.15.18:3300/0,v1:172.21.15.18:6789/0] conn(0x7fdd04105010 0x7fdd04105430 secure :-1 s=READY pgs=18 cs=0 l=1 rev1=1 crypto rx=0x7fdcf40098a0 tx=0x7fdcf4009bb0 comp rx=0 tx=0).ready entity=mon.0 client_cookie=48c5e0344aeebc46 server_cookie=0 in_seq=0 out_seq=0
2023-07-20T18:08:31.335 INFO:teuthology.orchestra.run.smithi018.stdout:/usr/bin/ceph: stderr
2023-07-20T18:08:28.161+0000 7fdd01ffb700 1 -- 172.21.15.18:0/3699005020 <== mon.0 v2:172.21.15.18:3300/0 1 ==== mon_map magic: 0 v1 ==== 205+0+0 (secure 0 0 0) 0x7fdcf4004160 con 0x7fdd04105010
2023-07-20T18:08:31.335 INFO:teuthology.orchestra.run.smithi018.stdout:/usr/bin/ceph: stderr
2023-07-20T18:08:28.161+0000 7fdd01ffb700 1 -- 172.21.15.18:0/3699005020 <== mon.0 v2:172.21.15.18:3300/0 2 ==== config(26 keys) v1 ==== 1070+0+0 (secure 0 0 0) 0x7fdcf40042c0 con 0x7fdd04105010
2023-07-20T18:08:31.336 INFO:teuthology.orchestra.run.smithi018.stdout:/usr/bin/ceph: stderr
2023-07-20T18:08:28.161+0000 7fdd01ffb700 1 -- 172.21.15.18:0/3699005020 <== mon.0 v2:172.21.15.18:3300/0 3 ==== mon_map magic: 0 v1 ==== 205+0+0 (secure 0 0 0) 0x7fdcf4011a50 con 0x7fdd04105010
2023-07-20T18:08:31.336 INFO:teuthology.orchestra.run.smithi018.stdout:/usr/bin/ceph: stderr
2023-07-20T18:08:28.162+0000 7fdd0935a700 1 -- 172.21.15.18:0/3699005020 >> [v2:172.21.15.18:3300/0,v1:172.21.15.18:6789/0] conn(0x7fdd04105010 msgr2=0x7fdd04105430 secure :-1 s=STATE_CONNECTION_ESTABLISHED l=1).mark_down
2023-07-20T18:08:31.336 INFO:teuthology.orchestra.run.smithi018.stdout:/usr/bin/ceph: stderr
2023-07-20T18:08:28.162+0000 7fdd0935a700 1 --2- 172.21.15.18:0/3699005020 >> [v2:172.21.15.18:3300/0,v1:172.21.15.18:6789/0] conn(0x7fdd04105010 0x7fdd04105430 secure :-1 s=READY pgs=18 cs=0 l=1 rev1=1 crypto rx=0x7fdcf40098a0 tx=0x7fdcf4009bb0 comp rx=0 tx=0).stop
2023-07-20T18:08:31.336 INFO:teuthology.orchestra.run.smithi018.stdout:/usr/bin/ceph: stderr
2023-07-20T18:08:28.162+0000 7fdd0935a700 1 -- 172.21.15.18:0/3699005020 shutdown_connections
2023-07-20T18:08:31.336 INFO:teuthology.orchestra.run.smithi018.stdout:/usr/bin/ceph: stderr
2023-07-20T18:08:28.162+0000 7fdd0935a700 1 --2- 172.21.15.18:0/3699005020 >> [v2:172.21.15.18:3300/0,v1:172.21.15.18:6789/0] conn(0x7fdd04105010 0x7fdd04105430 unknown :-1 s=CLOSED pgs=18 cs=0 l=1 rev1=1 crypto rx=0 tx=0 comp rx=0 tx=0).stop
2023-07-20T18:08:31.336 INFO:teuthology.orchestra.run.smithi018.stdout:/usr/bin/ceph: stderr
2023-07-20T18:08:28.162+0000 7fdd0935a700 1 -- 172.21.15.18:0/3699005020 >> 172.21.15.18:0/3699005020 conn(0x7fdd041005f0 msgr2=0x7fdd04102a10 unknown :-1 s=STATE_NONE l=0).mark_down
2023-07-20T18:08:31.336 INFO:teuthology.orchestra.run.smithi018.stdout:/usr/bin/ceph: stderr
2023-07-20T18:08:28.162+0000 7fdd0935a700 1 -- 172.21.15.18:0/3699005020 shutdown_connections
2023-07-20T18:08:31.337 INFO:teuthology.orchestra.run.smithi018.stdout:/usr/bin/ceph: stderr
2023-07-20T18:08:28.162+0000 7fdd0935a700 1 -- 172.21.15.18:0/3699005020 wait complete.
2023-07-20T18:08:31.337 INFO:teuthology.orchestra.run.smithi018.stdout:/usr/bin/ceph: stderr
2023-07-20T18:08:28.163+0000 7fdd0935a700 1 Processor -- start
2023-07-20T18:08:31.337 INFO:teuthology.orchestra.run.smithi018.stdout:/usr/bin/ceph: stderr
2023-07-20T18:08:28.163+0000 7fdd0935a700 1 -- start start
2023-07-20T18:08:31.337 INFO:teuthology.orchestra.run.smithi018.stdout:/usr/bin/ceph: stderr
2023-07-20T18:08:28.163+0000 7fdd0935a700 1 --2- >> [v2:172.21.15.18:3300/0,v1:172.21.15.18:6789/0] conn(0x7fdd04105010 0x7fdd04073c30 unknown :-1 s=NONE pgs=0 cs=0 l=1 rev1=0 crypto rx=0 tx=0 comp rx=0 tx=0).connect
2023-07-20T18:08:31.337 INFO:teuthology.orchestra.run.smithi018.stdout:/usr/bin/ceph: stderr
2023-07-20T18:08:28.163+0000 7fdd0935a700 1 -- --> [v2:172.21.15.18:3300/0,v1:172.21.15.18:6789/0] -- mon_getmap magic: 0 v1 -- 0x7fdd0419c9e0 con 0x7fdd04105010
2023-07-20T18:08:31.337 INFO:teuthology.orchestra.run.smithi018.stdout:/usr/bin/ceph: stderr
2023-07-20T18:08:28.163+0000 7fdd02ffd700 1 --2- >> [v2:172.21.15.18:3300/0,v1:172.21.15.18:6789/0] conn(0x7fdd04105010 0x7fdd04073c30 unknown :-1 s=BANNER_CONNECTING pgs=0 cs=0 l=1 rev1=0 crypto rx=0 tx=0 comp rx=0 tx=0)._handle_peer_banner_payload supported=3 required=0
2023-07-20T18:08:31.337 INFO:teuthology.orchestra.run.smithi018.stdout:/usr/bin/ceph: stderr
2023-07-20T18:08:28.163+0000 7fdd02ffd700 1 --2- >> [v2:172.21.15.18:3300/0,v1:172.21.15.18:6789/0] conn(0x7fdd04105010 0x7fdd04073c30 unknown :-1 s=HELLO_CONNECTING pgs=0 cs=0 l=1 rev1=1 crypto rx=0 tx=0 comp rx=0 tx=0).handle_hello peer v2:172.21.15.18:3300/0 says I am v2:172.21.15.18:42718/0 (socket says 172.21.15.18:42718)
2023-07-20T18:08:31.337 INFO:teuthology.orchestra.run.smithi018.stdout:/usr/bin/ceph: stderr
2023-07-20T18:08:28.163+0000 7fdd02ffd700 1 -- 172.21.15.18:0/1345370122 learned_addr learned my addr 172.21.15.18:0/1345370122 (peer_addr_for_me v2:172.21.15.18:0/0)
2023-07-20T18:08:31.338 INFO:teuthology.orchestra.run.smithi018.stdout:/usr/bin/ceph: stderr
2023-07-20T18:08:28.164+0000 7fdd02ffd700 1 -- 172.21.15.18:0/1345370122 --> [v2:172.21.15.18:3300/0,v1:172.21.15.18:6789/0] -- mon_subscribe({config=0+,monmap=0+}) v3 -- 0x7fdcf4009550 con 0x7fdd04105010
2023-07-20T18:08:31.338 INFO:teuthology.orchestra.run.smithi018.stdout:/usr/bin/ceph: stderr
2023-07-20T18:08:28.164+0000 7fdd02ffd700 1 --2- 172.21.15.18:0/1345370122 >> [v2:172.21.15.18:3300/0,v1:172.21.15.18:6789/0] conn(0x7fdd04105010 0x7fdd04073c30 secure :-1 s=READY pgs=19 cs=0 l=1 rev1=1 crypto rx=0x7fdcf4000c00 tx=0x7fdcf4011a00 comp rx=0 tx=0).ready entity=mon.0 client_cookie=0 server_cookie=0 in_seq=0 out_seq=0
2023-07-20T18:08:31.338 INFO:teuthology.orchestra.run.smithi018.stdout:/usr/bin/ceph: stderr
2023-07-20T18:08:28.164+0000 7fdcfbfff700 1 -- 172.21.15.18:0/1345370122 <== mon.0 v2:172.21.15.18:3300/0 1 ==== mon_map magic: 0 v1 ==== 205+0+0 (secure 0 0 0) 0x7fdcf4003a40 con 0x7fdd04105010
2023-07-20T18:08:31.338 INFO:teuthology.orchestra.run.smithi018.stdout:/usr/bin/ceph: stderr
2023-07-20T18:08:28.164+0000 7fdcfbfff700 1 -- 172.21.15.18:0/1345370122 <== mon.0 v2:172.21.15.18:3300/0 2 ==== config(26 keys) v1 ==== 1070+0+0 (secure 0 0 0) 0x7fdcf4003ba0 con 0x7fdd04105010
2023-07-20T18:08:31.338 INFO:teuthology.orchestra.run.smithi018.stdout:/usr/bin/ceph: stderr
2023-07-20T18:08:28.164+0000 7fdd0935a700 1 -- 172.21.15.18:0/1345370122 --> [v2:172.21.15.18:3300/0,v1:172.21.15.18:6789/0] -- mon_subscribe({mgrmap=0+}) v3 -- 0x7fdd0419cb20 con 0x7fdd04105010
2023-07-20T18:08:31.338 INFO:teuthology.orchestra.run.smithi018.stdout:/usr/bin/ceph: stderr
2023-07-20T18:08:28.164+0000 7fdcfbfff700 1 -- 172.21.15.18:0/1345370122 <== mon.0 v2:172.21.15.18:3300/0 3 ==== mon_map magic: 0 v1 ==== 205+0+0 (secure 0 0 0) 0x7fdcf401a6d0 con 0x7fdd04105010
2023-07-20T18:08:31.338 INFO:teuthology.orchestra.run.smithi018.stdout:/usr/bin/ceph: stderr
2023-07-20T18:08:28.164+0000 7fdd0935a700 1 -- 172.21.15.18:0/1345370122 --> [v2:172.21.15.18:3300/0,v1:172.21.15.18:6789/0] -- mon_subscribe({osdmap=0}) v3 -- 0x7fdd0419cf40 con 0x7fdd04105010
2023-07-20T18:08:31.339 INFO:teuthology.orchestra.run.smithi018.stdout:/usr/bin/ceph: stderr
2023-07-20T18:08:28.165+0000 7fdcfbfff700 1 -- 172.21.15.18:0/1345370122 <== mon.0 v2:172.21.15.18:3300/0 4 ==== mgrmap(e 3) v1 ==== 45366+0+0 (secure 0 0 0) 0x7fdcf401a940 con 0x7fdd04105010
2023-07-20T18:08:31.339 INFO:teuthology.orchestra.run.smithi018.stdout:/usr/bin/ceph: stderr
2023-07-20T18:08:28.165+0000 7fdcfbfff700 1 --2- 172.21.15.18:0/1345370122 >> [v2:172.21.15.18:6800/2891634573,v1:172.21.15.18:6801/2891634573] conn(0x7fdcf00386a0 0x7fdcf003ab60 unknown :-1 s=NONE pgs=0 cs=0 l=1 rev1=0 crypto rx=0 tx=0 comp rx=0 tx=0).connect
2023-07-20T18:08:31.339 INFO:teuthology.orchestra.run.smithi018.stdout:/usr/bin/ceph: stderr
2023-07-20T18:08:28.165+0000 7fdcfbfff700 1 -- 172.21.15.18:0/1345370122 <== mon.0 v2:172.21.15.18:3300/0 5 ==== osd_map(1..1 src has 1..1) v4 ==== 725+0+0 (secure 0 0 0) 0x7fdcf404c310 con 0x7fdd04105010
2023-07-20T18:08:31.339 INFO:teuthology.orchestra.run.smithi018.stdout:/usr/bin/ceph: stderr
2023-07-20T18:08:28.165+0000 7fdd0935a700 1 -- 172.21.15.18:0/1345370122 --> [v2:172.21.15.18:3300/0,v1:172.21.15.18:6789/0] -- mon_command({"prefix": "get_command_descriptions"} v 0) v1 -- 0x7fdd04061da0 con 0x7fdd04105010
2023-07-20T18:08:31.339 INFO:teuthology.orchestra.run.smithi018.stdout:/usr/bin/ceph: stderr
2023-07-20T18:08:28.165+0000 7fdd027fc700 1 --2- 172.21.15.18:0/1345370122 >> [v2:172.21.15.18:6800/2891634573,v1:172.21.15.18:6801/2891634573] conn(0x7fdcf00386a0 0x7fdcf003ab60 unknown :-1 s=BANNER_CONNECTING pgs=0 cs=0 l=1 rev1=0 crypto rx=0 tx=0 comp rx=0 tx=0)._handle_peer_banner_payload supported=3 required=0
2023-07-20T18:08:31.339 INFO:teuthology.orchestra.run.smithi018.stdout:/usr/bin/ceph: stderr
2023-07-20T18:08:28.166+0000 7fdd027fc700 1 --2- 172.21.15.18:0/1345370122 >> [v2:172.21.15.18:6800/2891634573,v1:172.21.15.18:6801/2891634573] conn(0x7fdcf00386a0 0x7fdcf003ab60 secure :-1 s=READY pgs=6 cs=0 l=1 rev1=1 crypto rx=0x7fdcec006fd0 tx=0x7fdcec006e40 comp rx=0 tx=0).ready entity=mgr.14100 client_cookie=0 server_cookie=0 in_seq=0 out_seq=0
2023-07-20T18:08:31.339 INFO:teuthology.orchestra.run.smithi018.stdout:/usr/bin/ceph: stderr
2023-07-20T18:08:28.170+0000 7fdcfbfff700 1 -- 172.21.15.18:0/1345370122 <== mon.0 v2:172.21.15.18:3300/0 6 ==== mon_command_ack([{"prefix": "get_command_descriptions"}]=0 v0) v1 ==== 72+0+178025 (secure 0 0 0) 0x7fdcf401abf0 con 0x7fdd04105010
2023-07-20T18:08:31.339 INFO:teuthology.orchestra.run.smithi018.stdout:/usr/bin/ceph: stderr
2023-07-20T18:08:28.449+0000 7fdcfbfff700 1 -- 172.21.15.18:0/1345370122 <== mon.0 v2:172.21.15.18:3300/0 7 ==== mgrmap(e 4) v1 ==== 45472+0+0 (secure 0 0 0) 0x7fdcf402d960 con 0x7fdd04105010
2023-07-20T18:08:31.340 INFO:teuthology.orchestra.run.smithi018.stdout:/usr/bin/ceph: stderr
2023-07-20T18:08:28.696+0000 7fdd0935a700 1 -- 172.21.15.18:0/1345370122 --> [v2:172.21.15.18:3300/0,v1:172.21.15.18:6789/0] -- mon_command({"prefix": "status", "format": "json-pretty"} v 0) v1 -- 0x7fdd0419d5b0 con 0x7fdd04105010
2023-07-20T18:08:31.340 INFO:teuthology.orchestra.run.smithi018.stdout:/usr/bin/ceph: stderr
2023-07-20T18:08:28.696+0000 7fdcfbfff700 1 -- 172.21.15.18:0/1345370122 <== mon.0 v2:172.21.15.18:3300/0 8 ==== mon_command_ack([{"prefix": "status", "format": "json-pretty"}]=0 v0) v1 ==== 79+0+1238 (secure 0 0 0) 0x7fdcf4018db0 con 0x7fdd04105010
2023-07-20T18:08:31.340 INFO:teuthology.orchestra.run.smithi018.stdout:/usr/bin/ceph: stderr
2023-07-20T18:08:28.699+0000 7fdd0935a700 1 -- 172.21.15.18:0/1345370122 >> [v2:172.21.15.18:6800/2891634573,v1:172.21.15.18:6801/2891634573] conn(0x7fdcf00386a0 msgr2=0x7fdcf003ab60 secure :-1 s=STATE_CONNECTION_ESTABLISHED l=1).mark_down
2023-07-20T18:08:31.340 INFO:teuthology.orchestra.run.smithi018.stdout:/usr/bin/ceph: stderr
2023-07-20T18:08:28.699+0000 7fdd0935a700 1 --2- 172.21.15.18:0/1345370122 >> [v2:172.21.15.18:6800/2891634573,v1:172.21.15.18:6801/2891634573] conn(0x7fdcf00386a0 0x7fdcf003ab60 secure :-1 s=READY pgs=6 cs=0 l=1 rev1=1 crypto rx=0x7fdcec006fd0 tx=0x7fdcec006e40 comp rx=0 tx=0).stop
2023-07-20T18:08:31.340 INFO:teuthology.orchestra.run.smithi018.stdout:/usr/bin/ceph: stderr
2023-07-20T18:08:28.699+0000 7fdd0935a700 1 -- 172.21.15.18:0/1345370122 >> [v2:172.21.15.18:3300/0,v1:172.21.15.18:6789/0] conn(0x7fdd04105010 msgr2=0x7fdd04073c30 secure :-1 s=STATE_CONNECTION_ESTABLISHED l=1).mark_down
2023-07-20T18:08:31.340 INFO:teuthology.orchestra.run.smithi018.stdout:/usr/bin/ceph: stderr
2023-07-20T18:08:28.699+0000 7fdd0935a700 1 --2- 172.21.15.18:0/1345370122 >> [v2:172.21.15.18:3300/0,v1:172.21.15.18:6789/0] conn(0x7fdd04105010 0x7fdd04073c30 secure :-1 s=READY pgs=19 cs=0 l=1 rev1=1 crypto rx=0x7fdcf4000c00 tx=0x7fdcf4011a00 comp rx=0 tx=0).stop
2023-07-20T18:08:31.340 INFO:teuthology.orchestra.run.smithi018.stdout:/usr/bin/ceph: stderr
2023-07-20T18:08:28.699+0000 7fdd0935a700 1 -- 172.21.15.18:0/1345370122 shutdown_connections
2023-07-20T18:08:31.341 INFO:teuthology.orchestra.run.smithi018.stdout:/usr/bin/ceph: stderr
2023-07-20T18:08:28.699+0000 7fdd0935a700 1 --2- 172.21.15.18:0/1345370122 >> [v2:172.21.15.18:6800/2891634573,v1:172.21.15.18:6801/2891634573] conn(0x7fdcf00386a0 0x7fdcf003ab60 unknown :-1 s=CLOSED pgs=6 cs=0 l=1 rev1=1 crypto rx=0 tx=0 comp rx=0 tx=0).stop
2023-07-20T18:08:31.341 INFO:teuthology.orchestra.run.smithi018.stdout:/usr/bin/ceph: stderr
2023-07-20T18:08:28.699+0000 7fdd0935a700 1 --2- 172.21.15.18:0/1345370122 >> [v2:172.21.15.18:3300/0,v1:172.21.15.18:6789/0] conn(0x7fdd04105010 0x7fdd04073c30 unknown :-1 s=CLOSED pgs=19 cs=0 l=1 rev1=1 crypto rx=0 tx=0 comp rx=0 tx=0).stop
2023-07-20T18:08:31.341 INFO:teuthology.orchestra.run.smithi018.stdout:/usr/bin/ceph: stderr
2023-07-20T18:08:28.699+0000 7fdd0935a700 1 -- 172.21.15.18:0/1345370122 >> 172.21.15.18:0/1345370122 conn(0x7fdd041005f0 msgr2=0x7fdd04101300 unknown :-1 s=STATE_NONE l=0).mark_down
2023-07-20T18:08:31.341 INFO:teuthology.orchestra.run.smithi018.stdout:/usr/bin/ceph: stderr
2023-07-20T18:08:28.699+0000 7fdd0935a700 1 -- 172.21.15.18:0/1345370122 shutdown_connections
2023-07-20T18:08:31.341 INFO:teuthology.orchestra.run.smithi018.stdout:/usr/bin/ceph: stderr
2023-07-20T18:08:28.699+0000 7fdd0935a700 1 -- 172.21.15.18:0/1345370122 wait complete.
2023-07-20T18:08:31.341 INFO:teuthology.orchestra.run.smithi018.stdout:mgr is available
2023-07-20T18:08:34.278 INFO:teuthology.orchestra.run.smithi018.stdout:/usr/bin/ceph: stdout
2023-07-20T18:08:34.288 INFO:teuthology.orchestra.run.smithi018.stdout:/usr/bin/ceph: stdout [global]
2023-07-20T18:08:34.288 INFO:teuthology.orchestra.run.smithi018.stdout:/usr/bin/ceph: stdout fsid = 371658ca-2728-11ee-9b34-001a4aab830c
2023-07-20T18:08:34.289 INFO:teuthology.orchestra.run.smithi018.stdout:/usr/bin/ceph: stdout mon_osd_allow_pg_remap = true
2023-07-20T18:08:34.289 INFO:teuthology.orchestra.run.smithi018.stdout:/usr/bin/ceph: stdout mon_osd_allow_primary_affinity = true
2023-07-20T18:08:34.289 INFO:teuthology.orchestra.run.smithi018.stdout:/usr/bin/ceph: stdout mon_warn_on_no_sortbitwise = false
2023-07-20T18:08:34.289 INFO:teuthology.orchestra.run.smithi018.stdout:/usr/bin/ceph: stdout osd_crush_chooseleaf_type = 0
2023-07-20T18:08:34.289 INFO:teuthology.orchestra.run.smithi018.stdout:/usr/bin/ceph: stdout
2023-07-20T18:08:34.290 INFO:teuthology.orchestra.run.smithi018.stdout:/usr/bin/ceph: stdout [mgr]
2023-07-20T18:08:34.290 INFO:teuthology.orchestra.run.smithi018.stdout:/usr/bin/ceph: stdout mgr/telemetry/nag = false
2023-07-20T18:08:34.290 INFO:teuthology.orchestra.run.smithi018.stdout:/usr/bin/ceph: stdout
2023-07-20T18:08:34.290 INFO:teuthology.orchestra.run.smithi018.stdout:/usr/bin/ceph: stdout [osd]
2023-07-20T18:08:34.290 INFO:teuthology.orchestra.run.smithi018.stdout:/usr/bin/ceph: stdout mon_osd_backfillfull_ratio = 0.85
2023-07-20T18:08:34.290 INFO:teuthology.orchestra.run.smithi018.stdout:/usr/bin/ceph: stdout mon_osd_full_ratio = 0.9
2023-07-20T18:08:34.291 INFO:teuthology.orchestra.run.smithi018.stdout:/usr/bin/ceph: stdout mon_osd_nearfull_ratio = 0.8
2023-07-20T18:08:34.291 INFO:teuthology.orchestra.run.smithi018.stdout:/usr/bin/ceph: stdout osd_map_max_advance = 10
2023-07-20T18:08:34.291 INFO:teuthology.orchestra.run.smithi018.stdout:/usr/bin/ceph: stdout osd_sloppy_crc = true
2023-07-20T18:08:34.292 INFO:teuthology.orchestra.run.smithi018.stdout:/usr/bin/ceph: stderr
2023-07-20T18:08:33.541+0000 7f2045b16700 1 Processor -- start
2023-07-20T18:08:34.292 INFO:teuthology.orchestra.run.smithi018.stdout:/usr/bin/ceph: stderr
2023-07-20T18:08:33.541+0000 7f2045b16700 1 -- start start
2023-07-20T18:08:34.292 INFO:teuthology.orchestra.run.smithi018.stdout:/usr/bin/ceph: stderr
2023-07-20T18:08:33.541+0000 7f2045b16700 1 --2- >> [v2:172.21.15.18:3300/0,v1:172.21.15.18:6789/0] conn(0x7f2040105010 0x7f2040105430 unknown :-1 s=NONE pgs=0 cs=0 l=0 rev1=0 crypto rx=0 tx=0 comp rx=0 tx=0).connect
2023-07-20T18:08:34.292 INFO:teuthology.orchestra.run.smithi018.stdout:/usr/bin/ceph: stderr
2023-07-20T18:08:33.541+0000 7f2045b16700 1 -- --> [v2:172.21.15.18:3300/0,v1:172.21.15.18:6789/0] -- mon_getmap magic: 0 v1 -- 0x7f2040105a00 con 0x7f2040105010
2023-07-20T18:08:34.293 INFO:teuthology.orchestra.run.smithi018.stdout:/usr/bin/ceph: stderr
2023-07-20T18:08:33.542+0000 7f203f7fe700 1 --2- >> [v2:172.21.15.18:3300/0,v1:172.21.15.18:6789/0] conn(0x7f2040105010 0x7f2040105430 unknown :-1 s=BANNER_CONNECTING pgs=0 cs=0 l=0 rev1=0 crypto rx=0 tx=0 comp rx=0 tx=0)._handle_peer_banner_payload supported=3 required=0
2023-07-20T18:08:34.293 INFO:teuthology.orchestra.run.smithi018.stdout:/usr/bin/ceph: stderr
2023-07-20T18:08:33.542+0000 7f203f7fe700 1 --2- >> [v2:172.21.15.18:3300/0,v1:172.21.15.18:6789/0] conn(0x7f2040105010 0x7f2040105430 unknown :-1 s=HELLO_CONNECTING pgs=0 cs=0 l=0 rev1=1 crypto rx=0 tx=0 comp rx=0 tx=0).handle_hello peer v2:172.21.15.18:3300/0 says I am v2:172.21.15.18:42722/0 (socket says 172.21.15.18:42722)
2023-07-20T18:08:34.293 INFO:teuthology.orchestra.run.smithi018.stdout:/usr/bin/ceph: stderr
2023-07-20T18:08:33.542+0000 7f203f7fe700 1 -- 172.21.15.18:0/2011365293 learned_addr learned my addr 172.21.15.18:0/2011365293 (peer_addr_for_me v2:172.21.15.18:0/0)
2023-07-20T18:08:34.293 INFO:teuthology.orchestra.run.smithi018.stdout:/usr/bin/ceph: stderr
2023-07-20T18:08:33.542+0000 7f203f7fe700 1 -- 172.21.15.18:0/2011365293 --> [v2:172.21.15.18:3300/0,v1:172.21.15.18:6789/0] -- mon_subscribe({config=0+,monmap=0+}) v3 -- 0x7f2040106210 con 0x7f2040105010
2023-07-20T18:08:34.294 INFO:teuthology.orchestra.run.smithi018.stdout:/usr/bin/ceph: stderr
2023-07-20T18:08:33.542+0000 7f203f7fe700 1 --2- 172.21.15.18:0/2011365293 >> [v2:172.21.15.18:3300/0,v1:172.21.15.18:6789/0] conn(0x7f2040105010 0x7f2040105430 secure :-1 s=READY pgs=20 cs=0 l=1 rev1=1 crypto rx=0x7f20300098a0 tx=0x7f2030009bb0 comp rx=0 tx=0).ready entity=mon.0 client_cookie=d1c805947eb00219 server_cookie=0 in_seq=0 out_seq=0
2023-07-20T18:08:34.294 INFO:teuthology.orchestra.run.smithi018.stdout:/usr/bin/ceph: stderr
2023-07-20T18:08:33.542+0000 7f203e7fc700 1 -- 172.21.15.18:0/2011365293 <== mon.0 v2:172.21.15.18:3300/0 1 ==== mon_map magic: 0 v1 ==== 205+0+0 (secure 0 0 0) 0x7f2030004160 con 0x7f2040105010
2023-07-20T18:08:34.294 INFO:teuthology.orchestra.run.smithi018.stdout:/usr/bin/ceph: stderr
2023-07-20T18:08:33.542+0000 7f203e7fc700 1 -- 172.21.15.18:0/2011365293 <== mon.0 v2:172.21.15.18:3300/0 2 ==== config(26 keys) v1 ==== 1070+0+0 (secure 0 0 0) 0x7f20300042c0 con 0x7f2040105010
2023-07-20T18:08:34.295 INFO:teuthology.orchestra.run.smithi018.stdout:/usr/bin/ceph: stderr
2023-07-20T18:08:33.542+0000 7f203e7fc700 1 -- 172.21.15.18:0/2011365293 <== mon.0 v2:172.21.15.18:3300/0 3 ==== mon_map magic: 0 v1 ==== 205+0+0 (secure 0 0 0) 0x7f2030011a50 con 0x7f2040105010
2023-07-20T18:08:34.295 INFO:teuthology.orchestra.run.smithi018.stdout:/usr/bin/ceph: stderr
2023-07-20T18:08:33.543+0000 7f2045b16700 1 -- 172.21.15.18:0/2011365293 >> [v2:172.21.15.18:3300/0,v1:172.21.15.18:6789/0] conn(0x7f2040105010 msgr2=0x7f2040105430 secure :-1 s=STATE_CONNECTION_ESTABLISHED l=1).mark_down
2023-07-20T18:08:34.295 INFO:teuthology.orchestra.run.smithi018.stdout:/usr/bin/ceph: stderr
2023-07-20T18:08:33.543+0000 7f2045b16700 1 --2- 172.21.15.18:0/2011365293 >> [v2:172.21.15.18:3300/0,v1:172.21.15.18:6789/0] conn(0x7f2040105010 0x7f2040105430 secure :-1 s=READY pgs=20 cs=0 l=1 rev1=1 crypto rx=0x7f20300098a0 tx=0x7f2030009bb0 comp rx=0 tx=0).stop
2023-07-20T18:08:34.295 INFO:teuthology.orchestra.run.smithi018.stdout:/usr/bin/ceph: stderr
2023-07-20T18:08:33.543+0000 7f2045b16700 1 -- 172.21.15.18:0/2011365293 shutdown_connections
2023-07-20T18:08:34.296 INFO:teuthology.orchestra.run.smithi018.stdout:/usr/bin/ceph: stderr
2023-07-20T18:08:33.543+0000 7f2045b16700 1 --2- 172.21.15.18:0/2011365293 >> [v2:172.21.15.18:3300/0,v1:172.21.15.18:6789/0] conn(0x7f2040105010 0x7f2040105430 unknown :-1 s=CLOSED pgs=20 cs=0 l=1 rev1=1 crypto rx=0 tx=0 comp rx=0 tx=0).stop
2023-07-20T18:08:34.296 INFO:teuthology.orchestra.run.smithi018.stdout:/usr/bin/ceph: stderr
2023-07-20T18:08:33.543+0000 7f2045b16700 1 -- 172.21.15.18:0/2011365293 >> 172.21.15.18:0/2011365293 conn(0x7f20401005f0 msgr2=0x7f2040102a10 unknown :-1 s=STATE_NONE l=0).mark_down
2023-07-20T18:08:34.296 INFO:teuthology.orchestra.run.smithi018.stdout:/usr/bin/ceph: stderr
2023-07-20T18:08:33.543+0000 7f2045b16700 1 -- 172.21.15.18:0/2011365293 shutdown_connections
2023-07-20T18:08:34.296 INFO:teuthology.orchestra.run.smithi018.stdout:/usr/bin/ceph: stderr
2023-07-20T18:08:33.543+0000 7f2045b16700 1 -- 172.21.15.18:0/2011365293 wait complete.
2023-07-20T18:08:34.297 INFO:teuthology.orchestra.run.smithi018.stdout:/usr/bin/ceph: stderr
2023-07-20T18:08:33.544+0000 7f2045b16700 1 Processor -- start
2023-07-20T18:08:34.297 INFO:teuthology.orchestra.run.smithi018.stdout:/usr/bin/ceph: stderr
2023-07-20T18:08:33.544+0000 7f2045b16700 1 -- start start
2023-07-20T18:08:34.297 INFO:teuthology.orchestra.run.smithi018.stdout:/usr/bin/ceph: stderr
2023-07-20T18:08:33.544+0000 7f2045b16700 1 --2- >> [v2:172.21.15.18:3300/0,v1:172.21.15.18:6789/0] conn(0x7f2040105010 0x7f2040073bf0 unknown :-1 s=NONE pgs=0 cs=0 l=1 rev1=0 crypto rx=0 tx=0 comp rx=0 tx=0).connect
2023-07-20T18:08:34.297 INFO:teuthology.orchestra.run.smithi018.stdout:/usr/bin/ceph: stderr
2023-07-20T18:08:33.544+0000 7f2045b16700 1 -- --> [v2:172.21.15.18:3300/0,v1:172.21.15.18:6789/0] -- mon_getmap magic: 0 v1 -- 0x7f204019ca20 con 0x7f2040105010
2023-07-20T18:08:34.297 INFO:teuthology.orchestra.run.smithi018.stdout:/usr/bin/ceph: stderr
2023-07-20T18:08:33.544+0000 7f203f7fe700 1 --2- >> [v2:172.21.15.18:3300/0,v1:172.21.15.18:6789/0] conn(0x7f2040105010 0x7f2040073bf0 unknown :-1 s=BANNER_CONNECTING pgs=0 cs=0 l=1 rev1=0 crypto rx=0 tx=0 comp rx=0 tx=0)._handle_peer_banner_payload supported=3 required=0
2023-07-20T18:08:34.297 INFO:teuthology.orchestra.run.smithi018.stdout:/usr/bin/ceph: stderr
2023-07-20T18:08:33.544+0000 7f203f7fe700 1 --2- >> [v2:172.21.15.18:3300/0,v1:172.21.15.18:6789/0] conn(0x7f2040105010 0x7f2040073bf0 unknown :-1 s=HELLO_CONNECTING pgs=0 cs=0 l=1 rev1=1 crypto rx=0 tx=0 comp rx=0 tx=0).handle_hello peer v2:172.21.15.18:3300/0 says I am v2:172.21.15.18:42724/0 (socket says 172.21.15.18:42724)
2023-07-20T18:08:34.298 INFO:teuthology.orchestra.run.smithi018.stdout:/usr/bin/ceph: stderr
2023-07-20T18:08:33.544+0000 7f203f7fe700 1 -- 172.21.15.18:0/1531411805 learned_addr learned my addr 172.21.15.18:0/1531411805 (peer_addr_for_me v2:172.21.15.18:0/0)
2023-07-20T18:08:34.298 INFO:teuthology.orchestra.run.smithi018.stdout:/usr/bin/ceph: stderr
2023-07-20T18:08:33.544+0000 7f203f7fe700 1 -- 172.21.15.18:0/1531411805 --> [v2:172.21.15.18:3300/0,v1:172.21.15.18:6789/0] -- mon_subscribe({config=0+,monmap=0+}) v3 -- 0x7f2030009550 con 0x7f2040105010
2023-07-20T18:08:34.298 INFO:teuthology.orchestra.run.smithi018.stdout:/usr/bin/ceph: stderr
2023-07-20T18:08:33.545+0000 7f203f7fe700 1 --2- 172.21.15.18:0/1531411805 >> [v2:172.21.15.18:3300/0,v1:172.21.15.18:6789/0] conn(0x7f2040105010 0x7f2040073bf0 secure :-1 s=READY pgs=21 cs=0 l=1 rev1=1 crypto rx=0x7f2030000c00 tx=0x7f2030011a00 comp rx=0 tx=0).ready entity=mon.0 client_cookie=0 server_cookie=0 in_seq=0 out_seq=0
2023-07-20T18:08:34.299 INFO:teuthology.orchestra.run.smithi018.stdout:/usr/bin/ceph: stderr
2023-07-20T18:08:33.545+0000 7f203cff9700 1 -- 172.21.15.18:0/1531411805 <== mon.0 v2:172.21.15.18:3300/0 1 ==== mon_map magic: 0 v1 ==== 205+0+0 (secure 0 0 0) 0x7f2030003a40 con 0x7f2040105010
2023-07-20T18:08:34.299 INFO:teuthology.orchestra.run.smithi018.stdout:/usr/bin/ceph: stderr
2023-07-20T18:08:33.545+0000 7f203cff9700 1 -- 172.21.15.18:0/1531411805 <== mon.0 v2:172.21.15.18:3300/0 2 ==== config(26 keys) v1 ==== 1070+0+0 (secure 0 0 0) 0x7f2030003ba0 con 0x7f2040105010
2023-07-20T18:08:34.299 INFO:teuthology.orchestra.run.smithi018.stdout:/usr/bin/ceph: stderr
2023-07-20T18:08:33.545+0000 7f2045b16700 1 -- 172.21.15.18:0/1531411805 --> [v2:172.21.15.18:3300/0,v1:172.21.15.18:6789/0] -- mon_subscribe({mgrmap=0+}) v3 -- 0x7f204019cb60 con 0x7f2040105010
2023-07-20T18:08:34.299 INFO:teuthology.orchestra.run.smithi018.stdout:/usr/bin/ceph: stderr
2023-07-20T18:08:33.545+0000 7f203cff9700 1 -- 172.21.15.18:0/1531411805 <== mon.0 v2:172.21.15.18:3300/0 3 ==== mon_map magic: 0 v1 ==== 205+0+0 (secure 0 0 0) 0x7f203001a6d0 con 0x7f2040105010
2023-07-20T18:08:34.300 INFO:teuthology.orchestra.run.smithi018.stdout:/usr/bin/ceph: stderr
2023-07-20T18:08:33.545+0000 7f2045b16700 1 -- 172.21.15.18:0/1531411805 --> [v2:172.21.15.18:3300/0,v1:172.21.15.18:6789/0] -- mon_subscribe({osdmap=0}) v3 -- 0x7f204019cf80 con 0x7f2040105010
2023-07-20T18:08:34.300 INFO:teuthology.orchestra.run.smithi018.stdout:/usr/bin/ceph: stderr
2023-07-20T18:08:33.546+0000 7f203cff9700 1 -- 172.21.15.18:0/1531411805 <== mon.0 v2:172.21.15.18:3300/0 4 ==== mgrmap(e 4) v1 ==== 45472+0+0 (secure 0 0 0) 0x7f203001a990 con 0x7f2040105010
2023-07-20T18:08:34.300 INFO:teuthology.orchestra.run.smithi018.stdout:/usr/bin/ceph: stderr
2023-07-20T18:08:33.546+0000 7f203cff9700 1 --2- 172.21.15.18:0/1531411805 >> [v2:172.21.15.18:6800/2891634573,v1:172.21.15.18:6801/2891634573] conn(0x7f202c038780 0x7f202c03ac40 unknown :-1 s=NONE pgs=0 cs=0 l=1 rev1=0 crypto rx=0 tx=0 comp rx=0 tx=0).connect
2023-07-20T18:08:34.301 INFO:teuthology.orchestra.run.smithi018.stdout:/usr/bin/ceph: stderr
2023-07-20T18:08:33.546+0000 7f2045b16700 1 -- 172.21.15.18:0/1531411805 --> [v2:172.21.15.18:3300/0,v1:172.21.15.18:6789/0] -- mon_command({"prefix": "get_command_descriptions"} v 0) v1 -- 0x7f2040061da0 con 0x7f2040105010
2023-07-20T18:08:34.301 INFO:teuthology.orchestra.run.smithi018.stdout:/usr/bin/ceph: stderr
2023-07-20T18:08:33.546+0000 7f203cff9700 1 -- 172.21.15.18:0/1531411805 <== mon.0 v2:172.21.15.18:3300/0 5 ==== osd_map(1..1 src has 1..1) v4 ==== 725+0+0 (secure 0 0 0) 0x7f203004c520 con 0x7f2040105010
2023-07-20T18:08:34.301 INFO:teuthology.orchestra.run.smithi018.stdout:/usr/bin/ceph: stderr
2023-07-20T18:08:33.546+0000 7f203effd700 1 --2- 172.21.15.18:0/1531411805 >> [v2:172.21.15.18:6800/2891634573,v1:172.21.15.18:6801/2891634573] conn(0x7f202c038780 0x7f202c03ac40 unknown :-1 s=BANNER_CONNECTING pgs=0 cs=0 l=1 rev1=0 crypto rx=0 tx=0 comp rx=0 tx=0)._handle_peer_banner_payload supported=3 required=0
2023-07-20T18:08:34.301 INFO:teuthology.orchestra.run.smithi018.stdout:/usr/bin/ceph: stderr
2023-07-20T18:08:33.547+0000 7f203effd700 1 --2- 172.21.15.18:0/1531411805 >> [v2:172.21.15.18:6800/2891634573,v1:172.21.15.18:6801/2891634573] conn(0x7f202c038780 0x7f202c03ac40 secure :-1 s=READY pgs=7 cs=0 l=1 rev1=1 crypto rx=0x7f2028006fd0 tx=0x7f2028006e40 comp rx=0 tx=0).ready entity=mgr.14100 client_cookie=0 server_cookie=0 in_seq=0 out_seq=0
2023-07-20T18:08:34.302 INFO:teuthology.orchestra.run.smithi018.stdout:/usr/bin/ceph: stderr
2023-07-20T18:08:33.551+0000 7f203cff9700 1 -- 172.21.15.18:0/1531411805 <== mon.0 v2:172.21.15.18:3300/0 6 ==== mon_command_ack([{"prefix": "get_command_descriptions"}]=0 v0) v1 ==== 72+0+178025 (secure 0 0 0) 0x7f2030024cc0 con 0x7f2040105010
2023-07-20T18:08:34.302 INFO:teuthology.orchestra.run.smithi018.stdout:/usr/bin/ceph: stderr
2023-07-20T18:08:33.910+0000 7f2045b16700 1 -- 172.21.15.18:0/1531411805 --> [v2:172.21.15.18:3300/0,v1:172.21.15.18:6789/0] -- mon_command({"prefix": "config assimilate-conf"} v 0) v1 -- 0x7f2040109440 con 0x7f2040105010
2023-07-20T18:08:34.302 INFO:teuthology.orchestra.run.smithi018.stdout:/usr/bin/ceph: stderr
2023-07-20T18:08:33.911+0000 7f203cff9700 1 -- 172.21.15.18:0/1531411805 <== mon.0 v2:172.21.15.18:3300/0 7 ==== mon_command_ack([{"prefix": "config assimilate-conf"}]=0 v3) v1 ==== 70+0+373 (secure 0 0 0) 0x7f2030018350 con 0x7f2040105010
2023-07-20T18:08:34.302 INFO:teuthology.orchestra.run.smithi018.stdout:/usr/bin/ceph: stderr
2023-07-20T18:08:33.914+0000 7f2045b16700 1 -- 172.21.15.18:0/1531411805 >> [v2:172.21.15.18:6800/2891634573,v1:172.21.15.18:6801/2891634573] conn(0x7f202c038780 msgr2=0x7f202c03ac40 secure :-1 s=STATE_CONNECTION_ESTABLISHED l=1).mark_down
2023-07-20T18:08:34.303 INFO:teuthology.orchestra.run.smithi018.stdout:/usr/bin/ceph: stderr
2023-07-20T18:08:33.914+0000 7f2045b16700 1 --2- 172.21.15.18:0/1531411805 >> [v2:172.21.15.18:6800/2891634573,v1:172.21.15.18:6801/2891634573] conn(0x7f202c038780 0x7f202c03ac40 secure :-1 s=READY pgs=7 cs=0 l=1 rev1=1 crypto rx=0x7f2028006fd0 tx=0x7f2028006e40 comp rx=0 tx=0).stop
2023-07-20T18:08:34.303 INFO:teuthology.orchestra.run.smithi018.stdout:/usr/bin/ceph: stderr
2023-07-20T18:08:33.914+0000 7f2045b16700 1 -- 172.21.15.18:0/1531411805 >> [v2:172.21.15.18:3300/0,v1:172.21.15.18:6789/0] conn(0x7f2040105010 msgr2=0x7f2040073bf0 secure :-1 s=STATE_CONNECTION_ESTABLISHED l=1).mark_down
2023-07-20T18:08:34.303 INFO:teuthology.orchestra.run.smithi018.stdout:/usr/bin/ceph: stderr
2023-07-20T18:08:33.914+0000 7f2045b16700 1 --2- 172.21.15.18:0/1531411805 >> [v2:172.21.15.18:3300/0,v1:172.21.15.18:6789/0] conn(0x7f2040105010 0x7f2040073bf0 secure :-1 s=READY pgs=21 cs=0 l=1 rev1=1 crypto rx=0x7f2030000c00 tx=0x7f2030011a00 comp rx=0 tx=0).stop
2023-07-20T18:08:34.303 INFO:teuthology.orchestra.run.smithi018.stdout:/usr/bin/ceph: stderr
2023-07-20T18:08:33.914+0000 7f2045b16700 1 -- 172.21.15.18:0/1531411805 shutdown_connections
2023-07-20T18:08:34.303 INFO:teuthology.orchestra.run.smithi018.stdout:/usr/bin/ceph: stderr
2023-07-20T18:08:33.914+0000 7f2045b16700 1 --2- 172.21.15.18:0/1531411805 >> [v2:172.21.15.18:6800/2891634573,v1:172.21.15.18:6801/2891634573] conn(0x7f202c038780 0x7f202c03ac40 unknown :-1 s=CLOSED pgs=7 cs=0 l=1 rev1=1 crypto rx=0 tx=0 comp rx=0 tx=0).stop
2023-07-20T18:08:34.303 INFO:teuthology.orchestra.run.smithi018.stdout:/usr/bin/ceph: stderr
2023-07-20T18:08:33.914+0000 7f2045b16700 1 --2- 172.21.15.18:0/1531411805 >> [v2:172.21.15.18:3300/0,v1:172.21.15.18:6789/0] conn(0x7f2040105010 0x7f2040073bf0 unknown :-1 s=CLOSED pgs=21 cs=0 l=1 rev1=1 crypto rx=0 tx=0 comp rx=0 tx=0).stop
2023-07-20T18:08:34.303 INFO:teuthology.orchestra.run.smithi018.stdout:/usr/bin/ceph: stderr
2023-07-20T18:08:33.914+0000 7f2045b16700 1 -- 172.21.15.18:0/1531411805 >> 172.21.15.18:0/1531411805 conn(0x7f20401005f0 msgr2=0x7f2040101300 unknown :-1 s=STATE_NONE l=0).mark_down
2023-07-20T18:08:34.303 INFO:teuthology.orchestra.run.smithi018.stdout:/usr/bin/ceph: stderr
2023-07-20T18:08:33.914+0000 7f2045b16700 1 -- 172.21.15.18:0/1531411805 shutdown_connections
2023-07-20T18:08:34.304 INFO:teuthology.orchestra.run.smithi018.stdout:/usr/bin/ceph: stderr
2023-07-20T18:08:33.914+0000 7f2045b16700 1 -- 172.21.15.18:0/1531411805 wait complete.
2023-07-20T18:08:34.304 INFO:teuthology.orchestra.run.smithi018.stdout:Enabling cephadm module...
2023-07-20T18:08:34.307 INFO:journalctl@ceph.mon.a.smithi018.stdout:Jul 20 18:08:33 smithi018 ceph-mon[96581]: from='client.? 172.21.15.18:0/1531411805' entity='client.admin' cmd=[{"prefix": "config assimilate-conf"}]: dispatch
2023-07-20T18:08:35.584 INFO:journalctl@ceph.mon.a.smithi018.stdout:Jul 20 18:08:35 smithi018 ceph-mon[96581]: from='client.? 172.21.15.18:0/2685839352' entity='client.admin' cmd=[{"prefix": "mgr module enable", "module": "cephadm"}]: dispatch
2023-07-20T18:08:35.585 INFO:journalctl@ceph.mgr.x.smithi018.stdout:Jul 20 18:08:35 smithi018 ceph-371658ca-2728-11ee-9b34-001a4aab830c-mgr-x[96827]: ignoring --setuser ceph since I am not root
2023-07-20T18:08:35.585 INFO:journalctl@ceph.mgr.x.smithi018.stdout:Jul 20 18:08:35 smithi018 ceph-371658ca-2728-11ee-9b34-001a4aab830c-mgr-x[96827]: ignoring --setgroup ceph since I am not root
2023-07-20T18:08:35.585 INFO:journalctl@ceph.mgr.x.smithi018.stdout:Jul 20 18:08:35 smithi018 ceph-371658ca-2728-11ee-9b34-001a4aab830c-mgr-x[96827]:
2023-07-20T18:08:35.483+0000 7fd22217a200 -1 mgr[py] Module devicehealth has missing NOTIFY_TYPES member
2023-07-20T18:08:35.631 INFO:teuthology.orchestra.run.smithi018.stdout:/usr/bin/ceph: stderr
2023-07-20T18:08:34.768+0000 7ff6d44d7700 1 Processor -- start
2023-07-20T18:08:35.631 INFO:teuthology.orchestra.run.smithi018.stdout:/usr/bin/ceph: stderr
2023-07-20T18:08:34.768+0000 7ff6d44d7700 1 -- start start
2023-07-20T18:08:35.632 INFO:teuthology.orchestra.run.smithi018.stdout:/usr/bin/ceph: stderr
2023-07-20T18:08:34.769+0000 7ff6d44d7700 1 --2- >> [v2:172.21.15.18:3300/0,v1:172.21.15.18:6789/0] conn(0x7ff6cc106be0 0x7ff6cc108fd0 unknown :-1 s=NONE pgs=0 cs=0 l=0 rev1=0 crypto rx=0 tx=0 comp rx=0 tx=0).connect
2023-07-20T18:08:35.632 INFO:teuthology.orchestra.run.smithi018.stdout:/usr/bin/ceph: stderr
2023-07-20T18:08:34.769+0000 7ff6d44d7700 1 -- --> [v2:172.21.15.18:3300/0,v1:172.21.15.18:6789/0] -- mon_getmap magic: 0 v1 -- 0x7ff6cc073ef0 con 0x7ff6cc106be0
2023-07-20T18:08:35.632 INFO:teuthology.orchestra.run.smithi018.stdout:/usr/bin/ceph: stderr
2023-07-20T18:08:34.769+0000 7ff6d2273700 1 --2- >> [v2:172.21.15.18:3300/0,v1:172.21.15.18:6789/0] conn(0x7ff6cc106be0 0x7ff6cc108fd0 unknown :-1 s=BANNER_CONNECTING pgs=0 cs=0 l=0 rev1=0 crypto rx=0 tx=0 comp rx=0 tx=0)._handle_peer_banner_payload supported=3 required=0
2023-07-20T18:08:35.633 INFO:teuthology.orchestra.run.smithi018.stdout:/usr/bin/ceph: stderr
2023-07-20T18:08:34.769+0000 7ff6d2273700 1 --2- >> [v2:172.21.15.18:3300/0,v1:172.21.15.18:6789/0] conn(0x7ff6cc106be0 0x7ff6cc108fd0 unknown :-1 s=HELLO_CONNECTING pgs=0 cs=0 l=0 rev1=1 crypto rx=0 tx=0 comp rx=0 tx=0).handle_hello peer v2:172.21.15.18:3300/0 says I am v2:172.21.15.18:42728/0 (socket says 172.21.15.18:42728)
2023-07-20T18:08:35.633 INFO:teuthology.orchestra.run.smithi018.stdout:/usr/bin/ceph: stderr
2023-07-20T18:08:34.769+0000 7ff6d2273700 1 -- 172.21.15.18:0/988372183 learned_addr learned my addr 172.21.15.18:0/988372183 (peer_addr_for_me v2:172.21.15.18:0/0)
2023-07-20T18:08:35.633 INFO:teuthology.orchestra.run.smithi018.stdout:/usr/bin/ceph: stderr
2023-07-20T18:08:34.769+0000 7ff6d2273700 1 -- 172.21.15.18:0/988372183 --> [v2:172.21.15.18:3300/0,v1:172.21.15.18:6789/0] -- mon_subscribe({config=0+,monmap=0+}) v3 -- 0x7ff6cc109510 con 0x7ff6cc106be0
2023-07-20T18:08:35.634 INFO:teuthology.orchestra.run.smithi018.stdout:/usr/bin/ceph: stderr
2023-07-20T18:08:34.769+0000 7ff6d2273700 1 --2- 172.21.15.18:0/988372183 >> [v2:172.21.15.18:3300/0,v1:172.21.15.18:6789/0] conn(0x7ff6cc106be0 0x7ff6cc108fd0 secure :-1 s=READY pgs=22 cs=0 l=1 rev1=1 crypto rx=0x7ff6c80098a0 tx=0x7ff6c8009bb0 comp rx=0 tx=0).ready entity=mon.0 client_cookie=54b13bf72cec17de server_cookie=0 in_seq=0 out_seq=0
2023-07-20T18:08:35.634 INFO:teuthology.orchestra.run.smithi018.stdout:/usr/bin/ceph: stderr
2023-07-20T18:08:34.769+0000 7ff6d1271700 1 -- 172.21.15.18:0/988372183 <== mon.0 v2:172.21.15.18:3300/0 1 ==== mon_map magic: 0 v1 ==== 205+0+0 (secure 0 0 0) 0x7ff6c8004160 con 0x7ff6cc106be0
2023-07-20T18:08:35.634 INFO:teuthology.orchestra.run.smithi018.stdout:/usr/bin/ceph: stderr
2023-07-20T18:08:34.769+0000 7ff6d1271700 1 -- 172.21.15.18:0/988372183 <== mon.0 v2:172.21.15.18:3300/0 2 ==== config(26 keys) v1 ==== 1070+0+0 (secure 0 0 0) 0x7ff6c80042c0 con 0x7ff6cc106be0
2023-07-20T18:08:35.635 INFO:teuthology.orchestra.run.smithi018.stdout:/usr/bin/ceph: stderr
2023-07-20T18:08:34.769+0000 7ff6d1271700 1 -- 172.21.15.18:0/988372183 <== mon.0 v2:172.21.15.18:3300/0 3 ==== mon_map magic: 0 v1 ==== 205+0+0 (secure 0 0 0) 0x7ff6c8011a50 con 0x7ff6cc106be0
2023-07-20T18:08:35.635 INFO:teuthology.orchestra.run.smithi018.stdout:/usr/bin/ceph: stderr
2023-07-20T18:08:34.770+0000 7ff6d44d7700 1 -- 172.21.15.18:0/988372183 >> [v2:172.21.15.18:3300/0,v1:172.21.15.18:6789/0] conn(0x7ff6cc106be0 msgr2=0x7ff6cc108fd0 secure :-1 s=STATE_CONNECTION_ESTABLISHED l=1).mark_down
2023-07-20T18:08:35.635 INFO:teuthology.orchestra.run.smithi018.stdout:/usr/bin/ceph: stderr
2023-07-20T18:08:34.770+0000 7ff6d44d7700 1 --2- 172.21.15.18:0/988372183 >> [v2:172.21.15.18:3300/0,v1:172.21.15.18:6789/0] conn(0x7ff6cc106be0 0x7ff6cc108fd0 secure :-1 s=READY pgs=22 cs=0 l=1 rev1=1 crypto rx=0x7ff6c80098a0 tx=0x7ff6c8009bb0 comp rx=0 tx=0).stop
2023-07-20T18:08:35.635 INFO:teuthology.orchestra.run.smithi018.stdout:/usr/bin/ceph: stderr
2023-07-20T18:08:34.770+0000 7ff6d44d7700 1 -- 172.21.15.18:0/988372183 shutdown_connections
2023-07-20T18:08:35.636 INFO:teuthology.orchestra.run.smithi018.stdout:/usr/bin/ceph: stderr
2023-07-20T18:08:34.770+0000 7ff6d44d7700 1 --2- 172.21.15.18:0/988372183 >> [v2:172.21.15.18:3300/0,v1:172.21.15.18:6789/0] conn(0x7ff6cc106be0 0x7ff6cc108fd0 unknown :-1 s=CLOSED pgs=22 cs=0 l=1 rev1=1 crypto rx=0 tx=0 comp rx=0 tx=0).stop
2023-07-20T18:08:35.636 INFO:teuthology.orchestra.run.smithi018.stdout:/usr/bin/ceph: stderr
2023-07-20T18:08:34.770+0000 7ff6d44d7700 1 -- 172.21.15.18:0/988372183 >> 172.21.15.18:0/988372183 conn(0x7ff6cc1005f0 msgr2=0x7ff6cc102a10 unknown :-1 s=STATE_NONE l=0).mark_down
2023-07-20T18:08:35.636 INFO:teuthology.orchestra.run.smithi018.stdout:/usr/bin/ceph: stderr
2023-07-20T18:08:34.770+0000 7ff6d44d7700 1 -- 172.21.15.18:0/988372183 shutdown_connections
2023-07-20T18:08:35.637 INFO:teuthology.orchestra.run.smithi018.stdout:/usr/bin/ceph: stderr
2023-07-20T18:08:34.770+0000 7ff6d44d7700 1 -- 172.21.15.18:0/988372183 wait complete.
2023-07-20T18:08:35.637 INFO:teuthology.orchestra.run.smithi018.stdout:/usr/bin/ceph: stderr
2023-07-20T18:08:34.771+0000 7ff6d44d7700 1 Processor -- start
2023-07-20T18:08:35.637 INFO:teuthology.orchestra.run.smithi018.stdout:/usr/bin/ceph: stderr
2023-07-20T18:08:34.771+0000 7ff6d44d7700 1 -- start start
2023-07-20T18:08:35.637 INFO:teuthology.orchestra.run.smithi018.stdout:/usr/bin/ceph: stderr
2023-07-20T18:08:34.771+0000 7ff6d44d7700 1 --2- >> [v2:172.21.15.18:3300/0,v1:172.21.15.18:6789/0] conn(0x7ff6cc106be0 0x7ff6cc199c70 unknown :-1 s=NONE pgs=0 cs=0 l=1 rev1=0 crypto rx=0 tx=0 comp rx=0 tx=0).connect
2023-07-20T18:08:35.638 INFO:teuthology.orchestra.run.smithi018.stdout:/usr/bin/ceph: stderr
2023-07-20T18:08:34.771+0000 7ff6d44d7700 1 -- --> [v2:172.21.15.18:3300/0,v1:172.21.15.18:6789/0] -- mon_getmap magic: 0 v1 -- 0x7ff6cc19a1b0 con 0x7ff6cc106be0
2023-07-20T18:08:35.638 INFO:teuthology.orchestra.run.smithi018.stdout:/usr/bin/ceph: stderr
2023-07-20T18:08:34.771+0000 7ff6d2273700 1 --2- >> [v2:172.21.15.18:3300/0,v1:172.21.15.18:6789/0] conn(0x7ff6cc106be0 0x7ff6cc199c70 unknown :-1 s=BANNER_CONNECTING pgs=0 cs=0 l=1 rev1=0 crypto rx=0 tx=0 comp rx=0 tx=0)._handle_peer_banner_payload supported=3 required=0
2023-07-20T18:08:35.638 INFO:teuthology.orchestra.run.smithi018.stdout:/usr/bin/ceph: stderr
2023-07-20T18:08:34.771+0000 7ff6d2273700 1 --2- >> [v2:172.21.15.18:3300/0,v1:172.21.15.18:6789/0] conn(0x7ff6cc106be0 0x7ff6cc199c70 unknown :-1 s=HELLO_CONNECTING pgs=0 cs=0 l=1 rev1=1 crypto rx=0 tx=0 comp rx=0 tx=0).handle_hello peer v2:172.21.15.18:3300/0 says I am v2:172.21.15.18:42730/0 (socket says 172.21.15.18:42730)
2023-07-20T18:08:35.639 INFO:teuthology.orchestra.run.smithi018.stdout:/usr/bin/ceph: stderr
2023-07-20T18:08:34.771+0000 7ff6d2273700 1 -- 172.21.15.18:0/2685839352 learned_addr learned my addr 172.21.15.18:0/2685839352 (peer_addr_for_me v2:172.21.15.18:0/0)
2023-07-20T18:08:35.639 INFO:teuthology.orchestra.run.smithi018.stdout:/usr/bin/ceph: stderr
2023-07-20T18:08:34.772+0000 7ff6d2273700 1 -- 172.21.15.18:0/2685839352 --> [v2:172.21.15.18:3300/0,v1:172.21.15.18:6789/0] -- mon_subscribe({config=0+,monmap=0+}) v3 -- 0x7ff6c8009550 con 0x7ff6cc106be0
2023-07-20T18:08:35.639 INFO:teuthology.orchestra.run.smithi018.stdout:/usr/bin/ceph: stderr
2023-07-20T18:08:34.772+0000 7ff6d2273700 1 --2- 172.21.15.18:0/2685839352 >> [v2:172.21.15.18:3300/0,v1:172.21.15.18:6789/0] conn(0x7ff6cc106be0 0x7ff6cc199c70 secure :-1 s=READY pgs=23 cs=0 l=1 rev1=1 crypto rx=0x7ff6c8011a00 tx=0x7ff6c8011a30 comp rx=0 tx=0).ready entity=mon.0 client_cookie=0 server_cookie=0 in_seq=0 out_seq=0
2023-07-20T18:08:35.641 INFO:teuthology.orchestra.run.smithi018.stdout:/usr/bin/ceph: stderr
2023-07-20T18:08:34.772+0000 7ff6c37fe700 1 -- 172.21.15.18:0/2685839352 <== mon.0 v2:172.21.15.18:3300/0 1 ==== mon_map magic: 0 v1 ==== 205+0+0 (secure 0 0 0) 0x7ff6c8003ac0 con 0x7ff6cc106be0
2023-07-20T18:08:35.641 INFO:teuthology.orchestra.run.smithi018.stdout:/usr/bin/ceph: stderr
2023-07-20T18:08:34.772+0000 7ff6c37fe700 1 -- 172.21.15.18:0/2685839352 <== mon.0 v2:172.21.15.18:3300/0 2 ==== config(26 keys) v1 ==== 1070+0+0 (secure 0 0 0) 0x7ff6c8003c20 con 0x7ff6cc106be0
2023-07-20T18:08:35.642 INFO:teuthology.orchestra.run.smithi018.stdout:/usr/bin/ceph: stderr
2023-07-20T18:08:34.772+0000 7ff6c37fe700 1 -- 172.21.15.18:0/2685839352 <== mon.0 v2:172.21.15.18:3300/0 3 ==== mon_map magic: 0 v1 ==== 205+0+0 (secure 0 0 0) 0x7ff6c801a6b0 con 0x7ff6cc106be0
2023-07-20T18:08:35.642 INFO:teuthology.orchestra.run.smithi018.stdout:/usr/bin/ceph: stderr
2023-07-20T18:08:34.772+0000 7ff6d44d7700 1 -- 172.21.15.18:0/2685839352 --> [v2:172.21.15.18:3300/0,v1:172.21.15.18:6789/0] -- mon_subscribe({mgrmap=0+}) v3 -- 0x7ff6cc19a3b0 con 0x7ff6cc106be0
2023-07-20T18:08:35.642 INFO:teuthology.orchestra.run.smithi018.stdout:/usr/bin/ceph: stderr
2023-07-20T18:08:34.772+0000 7ff6d44d7700 1 -- 172.21.15.18:0/2685839352 --> [v2:172.21.15.18:3300/0,v1:172.21.15.18:6789/0] -- mon_subscribe({osdmap=0}) v3 -- 0x7ff6cc19a7d0 con 0x7ff6cc106be0
2023-07-20T18:08:35.642 INFO:teuthology.orchestra.run.smithi018.stdout:/usr/bin/ceph: stderr
2023-07-20T18:08:34.773+0000 7ff6c37fe700 1 -- 172.21.15.18:0/2685839352 <== mon.0 v2:172.21.15.18:3300/0 4 ==== mgrmap(e 4) v1 ==== 45472+0+0 (secure 0 0 0) 0x7ff6c8024ad0 con 0x7ff6cc106be0
2023-07-20T18:08:35.644 INFO:teuthology.orchestra.run.smithi018.stdout:/usr/bin/ceph: stderr
2023-07-20T18:08:34.773+0000 7ff6d44d7700 1 -- 172.21.15.18:0/2685839352 --> [v2:172.21.15.18:3300/0,v1:172.21.15.18:6789/0] -- mon_command({"prefix": "get_command_descriptions"} v 0) v1 -- 0x7ff6cc061da0 con 0x7ff6cc106be0
2023-07-20T18:08:35.644 INFO:teuthology.orchestra.run.smithi018.stdout:/usr/bin/ceph: stderr
2023-07-20T18:08:34.773+0000 7ff6c37fe700 1 --2- 172.21.15.18:0/2685839352 >> [v2:172.21.15.18:6800/2891634573,v1:172.21.15.18:6801/2891634573] conn(0x7ff6b8038780 0x7ff6b803ac40 unknown :-1 s=NONE pgs=0 cs=0 l=1 rev1=0 crypto rx=0 tx=0 comp rx=0 tx=0).connect
2023-07-20T18:08:35.647 INFO:teuthology.orchestra.run.smithi018.stdout:/usr/bin/ceph: stderr
2023-07-20T18:08:34.773+0000 7ff6c37fe700 1 -- 172.21.15.18:0/2685839352 <== mon.0 v2:172.21.15.18:3300/0 5 ==== osd_map(1..1 src has 1..1) v4 ==== 725+0+0 (secure 0 0 0) 0x7ff6c804c6a0 con 0x7ff6cc106be0
2023-07-20T18:08:35.647 INFO:teuthology.orchestra.run.smithi018.stdout:/usr/bin/ceph: stderr
2023-07-20T18:08:34.774+0000 7ff6d1a72700 1 --2- 172.21.15.18:0/2685839352 >> [v2:172.21.15.18:6800/2891634573,v1:172.21.15.18:6801/2891634573] conn(0x7ff6b8038780 0x7ff6b803ac40 unknown :-1 s=BANNER_CONNECTING pgs=0 cs=0 l=1 rev1=0 crypto rx=0 tx=0 comp rx=0 tx=0)._handle_peer_banner_payload supported=3 required=0
2023-07-20T18:08:35.647 INFO:teuthology.orchestra.run.smithi018.stdout:/usr/bin/ceph: stderr
2023-07-20T18:08:34.774+0000 7ff6d1a72700 1 --2- 172.21.15.18:0/2685839352 >> [v2:172.21.15.18:6800/2891634573,v1:172.21.15.18:6801/2891634573] conn(0x7ff6b8038780 0x7ff6b803ac40 secure :-1 s=READY pgs=8 cs=0 l=1 rev1=1 crypto rx=0x7ff6bc006fd0 tx=0x7ff6bc006e40 comp rx=0 tx=0).ready entity=mgr.14100 client_cookie=0 server_cookie=0 in_seq=0 out_seq=0
2023-07-20T18:08:35.647 INFO:teuthology.orchestra.run.smithi018.stdout:/usr/bin/ceph: stderr
2023-07-20T18:08:34.778+0000 7ff6c37fe700 1 -- 172.21.15.18:0/2685839352 <== mon.0 v2:172.21.15.18:3300/0 6 ==== mon_command_ack([{"prefix": "get_command_descriptions"}]=0 v0) v1 ==== 72+0+178025 (secure 0 0 0) 0x7ff6c8018db0 con 0x7ff6cc106be0
2023-07-20T18:08:35.647 INFO:teuthology.orchestra.run.smithi018.stdout:/usr/bin/ceph: stderr
2023-07-20T18:08:35.241+0000 7ff6d44d7700 1 -- 172.21.15.18:0/2685839352 --> [v2:172.21.15.18:3300/0,v1:172.21.15.18:6789/0] -- mon_command({"prefix": "mgr module enable", "module": "cephadm"} v 0) v1 -- 0x7ff6cc19d940 con 0x7ff6cc106be0
2023-07-20T18:08:35.647 INFO:teuthology.orchestra.run.smithi018.stdout:/usr/bin/ceph: stderr
2023-07-20T18:08:35.294+0000 7ff6c37fe700 1 -- 172.21.15.18:0/2685839352 <== mon.0 v2:172.21.15.18:3300/0 7 ==== mgrmap(e 5) v1 ==== 45483+0+0 (secure 0 0 0) 0x7ff6c802d770 con 0x7ff6cc106be0
2023-07-20T18:08:35.648 INFO:teuthology.orchestra.run.smithi018.stdout:/usr/bin/ceph: stderr
2023-07-20T18:08:35.295+0000 7ff6c37fe700 1 -- 172.21.15.18:0/2685839352 <== mon.0 v2:172.21.15.18:3300/0 8 ==== mon_command_ack([{"prefix": "mgr module enable", "module": "cephadm"}]=0 v5) v1 ==== 86+0+0 (secure 0 0 0) 0x7ff6c802ce10 con 0x7ff6cc106be0
2023-07-20T18:08:35.648 INFO:teuthology.orchestra.run.smithi018.stdout:/usr/bin/ceph: stderr
2023-07-20T18:08:35.297+0000 7ff6d44d7700 1 -- 172.21.15.18:0/2685839352 >> [v2:172.21.15.18:6800/2891634573,v1:172.21.15.18:6801/2891634573] conn(0x7ff6b8038780 msgr2=0x7ff6b803ac40 secure :-1 s=STATE_CONNECTION_ESTABLISHED l=1).mark_down
2023-07-20T18:08:35.648 INFO:teuthology.orchestra.run.smithi018.stdout:/usr/bin/ceph: stderr
2023-07-20T18:08:35.297+0000 7ff6d44d7700 1 --2- 172.21.15.18:0/2685839352 >> [v2:172.21.15.18:6800/2891634573,v1:172.21.15.18:6801/2891634573] conn(0x7ff6b8038780 0x7ff6b803ac40 secure :-1 s=READY pgs=8 cs=0 l=1 rev1=1 crypto rx=0x7ff6bc006fd0 tx=0x7ff6bc006e40 comp rx=0 tx=0).stop
2023-07-20T18:08:35.648 INFO:teuthology.orchestra.run.smithi018.stdout:/usr/bin/ceph: stderr
2023-07-20T18:08:35.297+0000 7ff6d44d7700 1 -- 172.21.15.18:0/2685839352 >> [v2:172.21.15.18:3300/0,v1:172.21.15.18:6789/0] conn(0x7ff6cc106be0 msgr2=0x7ff6cc199c70 secure :-1 s=STATE_CONNECTION_ESTABLISHED l=1).mark_down
2023-07-20T18:08:35.648 INFO:teuthology.orchestra.run.smithi018.stdout:/usr/bin/ceph: stderr
2023-07-20T18:08:35.297+0000 7ff6d44d7700 1 --2- 172.21.15.18:0/2685839352 >> [v2:172.21.15.18:3300/0,v1:172.21.15.18:6789/0] conn(0x7ff6cc106be0 0x7ff6cc199c70 secure :-1 s=READY pgs=23 cs=0 l=1 rev1=1 crypto rx=0x7ff6c8011a00 tx=0x7ff6c8011a30 comp rx=0 tx=0).stop
2023-07-20T18:08:35.648 INFO:teuthology.orchestra.run.smithi018.stdout:/usr/bin/ceph: stderr
2023-07-20T18:08:35.298+0000 7ff6d44d7700 1 -- 172.21.15.18:0/2685839352 shutdown_connections
2023-07-20T18:08:35.648 INFO:teuthology.orchestra.run.smithi018.stdout:/usr/bin/ceph: stderr
2023-07-20T18:08:35.298+0000 7ff6d44d7700 1 --2- 172.21.15.18:0/2685839352 >> [v2:172.21.15.18:6800/2891634573,v1:172.21.15.18:6801/2891634573] conn(0x7ff6b8038780 0x7ff6b803ac40 unknown :-1 s=CLOSED pgs=8 cs=0 l=1 rev1=1 crypto rx=0 tx=0 comp rx=0 tx=0).stop
2023-07-20T18:08:35.649 INFO:teuthology.orchestra.run.smithi018.stdout:/usr/bin/ceph: stderr
