2023-07-20T18:08:48.383 INFO:teuthology.orchestra.run.smithi018.stdout:/usr/bin/ceph: stderr
2023-07-20T18:08:48.022+0000 7f6c6d8ea700 1 --2- 172.21.15.18:0/3150595270 >> [v2:172.21.15.18:6800/4010992457,v1:172.21.15.18:6801/4010992457] conn(0x7f6c540387d0 0x7f6c5403ac90 secure :-1 s=READY pgs=9 cs=0 l=1 rev1=1 crypto rx=0x7f6c50006fd0 tx=0x7f6c50006e40 comp rx=0 tx=0).stop
2023-07-20T18:08:48.383 INFO:teuthology.orchestra.run.smithi018.stdout:/usr/bin/ceph: stderr
2023-07-20T18:08:48.022+0000 7f6c6d8ea700 1 -- 172.21.15.18:0/3150595270 >> [v2:172.21.15.18:3300/0,v1:172.21.15.18:6789/0] conn(0x7f6c6807be50 msgr2=0x7f6c6819bee0 secure :-1 s=STATE_CONNECTION_ESTABLISHED l=1).mark_down
2023-07-20T18:08:48.383 INFO:teuthology.orchestra.run.smithi018.stdout:/usr/bin/ceph: stderr
2023-07-20T18:08:48.022+0000 7f6c6d8ea700 1 --2- 172.21.15.18:0/3150595270 >> [v2:172.21.15.18:3300/0,v1:172.21.15.18:6789/0] conn(0x7f6c6807be50 0x7f6c6819bee0 secure :-1 s=READY pgs=42 cs=0 l=1 rev1=1 crypto rx=0x7f6c58006af0 tx=0x7f6c58011ab0 comp rx=0 tx=0).stop
2023-07-20T18:08:48.383 INFO:teuthology.orchestra.run.smithi018.stdout:/usr/bin/ceph: stderr
2023-07-20T18:08:48.022+0000 7f6c6d8ea700 1 -- 172.21.15.18:0/3150595270 shutdown_connections
2023-07-20T18:08:48.383 INFO:teuthology.orchestra.run.smithi018.stdout:/usr/bin/ceph: stderr
2023-07-20T18:08:48.022+0000 7f6c6d8ea700 1 --2- 172.21.15.18:0/3150595270 >> [v2:172.21.15.18:6800/4010992457,v1:172.21.15.18:6801/4010992457] conn(0x7f6c540387d0 0x7f6c5403ac90 unknown :-1 s=CLOSED pgs=9 cs=0 l=1 rev1=1 crypto rx=0 tx=0 comp rx=0 tx=0).stop
2023-07-20T18:08:48.383 INFO:teuthology.orchestra.run.smithi018.stdout:/usr/bin/ceph: stderr
2023-07-20T18:08:48.022+0000 7f6c6d8ea700 1 --2- 172.21.15.18:0/3150595270 >> [v2:172.21.15.18:3300/0,v1:172.21.15.18:6789/0] conn(0x7f6c6807be50 0x7f6c6819bee0 unknown :-1 s=CLOSED pgs=42 cs=0 l=1 rev1=1 crypto rx=0 tx=0 comp rx=0 tx=0).stop
2023-07-20T18:08:48.383 INFO:teuthology.orchestra.run.smithi018.stdout:/usr/bin/ceph: stderr
2023-07-20T18:08:48.022+0000 7f6c6d8ea700 1 -- 172.21.15.18:0/3150595270 >> 172.21.15.18:0/3150595270 conn(0x7f6c681016d0 msgr2=0x7f6c68102410 unknown :-1 s=STATE_NONE l=0).mark_down
2023-07-20T18:08:48.384 INFO:teuthology.orchestra.run.smithi018.stdout:/usr/bin/ceph: stderr
2023-07-20T18:08:48.022+0000 7f6c6d8ea700 1 -- 172.21.15.18:0/3150595270 shutdown_connections
2023-07-20T18:08:48.384 INFO:teuthology.orchestra.run.smithi018.stdout:/usr/bin/ceph: stderr
2023-07-20T18:08:48.022+0000 7f6c6d8ea700 1 -- 172.21.15.18:0/3150595270 wait complete.
2023-07-20T18:08:49.383 INFO:journalctl@ceph.mon.a.smithi018.stdout:Jul 20 18:08:49 smithi018 ceph-mon[96581]: from='client.14136 -' entity='client.admin' cmd=[{"prefix": "cephadm generate-key", "target": ["mon-mgr", ""]}]: dispatch
2023-07-20T18:08:49.383 INFO:journalctl@ceph.mon.a.smithi018.stdout:Jul 20 18:08:49 smithi018 ceph-mon[96581]: Generating ssh key...
2023-07-20T18:08:49.383 INFO:journalctl@ceph.mon.a.smithi018.stdout:Jul 20 18:08:49 smithi018 ceph-mon[96581]: from='mgr.14120 172.21.15.18:0/3337569523' entity='mgr.x'
2023-07-20T18:08:49.383 INFO:journalctl@ceph.mon.a.smithi018.stdout:Jul 20 18:08:49 smithi018 ceph-mon[96581]: from='mgr.14120 172.21.15.18:0/3337569523' entity='mgr.x'
2023-07-20T18:08:49.620 INFO:teuthology.orchestra.run.smithi018.stdout:/usr/bin/ceph: stdout ssh-rsa AAAAB3NzaC1yc2EAAAADAQABAAABgQCiyAQmFfSbLgAzCiGQANLgh9ivCCfbLifvJMVsrvnMQej8q+IwNcMT0rhGXyLNwjqSsSFhHaDCInHpp5A+k+80T7Kd8FeO8T8yCmv/qPK3SGEbT61JZhV6jWPIAXyg5Fk8sksF7fsUGi0iutU+hVo2vJ0JVy8TW2BTOyWxygfVOXa+alJwSiBldQ2754X+Ms5JuMbnE/HPpF5st8dQ60SimdiDfRHDJWz4WuhwFu77cbTqWA8aDB8Pj8OKA5CZdvuBArm0cAMt0/k447YlF6MZApMsT3nE6ZmB70XYnAhDzDf8I2put4ZKXeekVGuqgDRzdKsAA0wV8feFioVrH9OKnU7CMC1Oy3BaQuvZNaujQ9F7s8Ql+Sjmo29FENIa6nl3lH39j9ZWPQYqdjDOcdpz4fFqlcohz8M+nh2clW2p3J2HlVrCCYqcLOGDSmgMZSVberzk1JszrTqukdw50QAKqxRT3BwoMkSrnB7DHUwDNneFr7503i+GxFhUWc0lais= ceph-371658ca-2728-11ee-9b34-001a4aab830c
2023-07-20T18:08:49.621 INFO:teuthology.orchestra.run.smithi018.stdout:/usr/bin/ceph: stderr
2023-07-20T18:08:48.816+0000 7fd0b92ff700 1 Processor -- start
2023-07-20T18:08:49.621 INFO:teuthology.orchestra.run.smithi018.stdout:/usr/bin/ceph: stderr
2023-07-20T18:08:48.816+0000 7fd0b92ff700 1 -- start start
2023-07-20T18:08:49.621 INFO:teuthology.orchestra.run.smithi018.stdout:/usr/bin/ceph: stderr
2023-07-20T18:08:48.816+0000 7fd0b92ff700 1 --2- >> [v2:172.21.15.18:3300/0,v1:172.21.15.18:6789/0] conn(0x7fd0b41066c0 0x7fd0b4106ae0 unknown :-1 s=NONE pgs=0 cs=0 l=0 rev1=0 crypto rx=0 tx=0 comp rx=0 tx=0).connect
2023-07-20T18:08:49.621 INFO:teuthology.orchestra.run.smithi018.stdout:/usr/bin/ceph: stderr
2023-07-20T18:08:48.816+0000 7fd0b92ff700 1 -- --> [v2:172.21.15.18:3300/0,v1:172.21.15.18:6789/0] -- mon_getmap magic: 0 v1 -- 0x7fd0b41070b0 con 0x7fd0b41066c0
2023-07-20T18:08:49.621 INFO:teuthology.orchestra.run.smithi018.stdout:/usr/bin/ceph: stderr
2023-07-20T18:08:48.816+0000 7fd0b2ffd700 1 --2- >> [v2:172.21.15.18:3300/0,v1:172.21.15.18:6789/0] conn(0x7fd0b41066c0 0x7fd0b4106ae0 unknown :-1 s=BANNER_CONNECTING pgs=0 cs=0 l=0 rev1=0 crypto rx=0 tx=0 comp rx=0 tx=0)._handle_peer_banner_payload supported=3 required=0
2023-07-20T18:08:49.621 INFO:teuthology.orchestra.run.smithi018.stdout:/usr/bin/ceph: stderr
2023-07-20T18:08:48.816+0000 7fd0b2ffd700 1 --2- >> [v2:172.21.15.18:3300/0,v1:172.21.15.18:6789/0] conn(0x7fd0b41066c0 0x7fd0b4106ae0 unknown :-1 s=HELLO_CONNECTING pgs=0 cs=0 l=0 rev1=1 crypto rx=0 tx=0 comp rx=0 tx=0).handle_hello peer v2:172.21.15.18:3300/0 says I am v2:172.21.15.18:42826/0 (socket says 172.21.15.18:42826)
2023-07-20T18:08:49.621 INFO:teuthology.orchestra.run.smithi018.stdout:/usr/bin/ceph: stderr
2023-07-20T18:08:48.816+0000 7fd0b2ffd700 1 -- 172.21.15.18:0/3369625206 learned_addr learned my addr 172.21.15.18:0/3369625206 (peer_addr_for_me v2:172.21.15.18:0/0)
2023-07-20T18:08:49.622 INFO:teuthology.orchestra.run.smithi018.stdout:/usr/bin/ceph: stderr
2023-07-20T18:08:48.816+0000 7fd0b2ffd700 1 -- 172.21.15.18:0/3369625206 --> [v2:172.21.15.18:3300/0,v1:172.21.15.18:6789/0] -- mon_subscribe({config=0+,monmap=0+}) v3 -- 0x7fd0b4105290 con 0x7fd0b41066c0
2023-07-20T18:08:49.622 INFO:teuthology.orchestra.run.smithi018.stdout:/usr/bin/ceph: stderr
2023-07-20T18:08:48.817+0000 7fd0b2ffd700 1 --2- 172.21.15.18:0/3369625206 >> [v2:172.21.15.18:3300/0,v1:172.21.15.18:6789/0] conn(0x7fd0b41066c0 0x7fd0b4106ae0 secure :-1 s=READY pgs=43 cs=0 l=1 rev1=1 crypto rx=0x7fd0a40098a0 tx=0x7fd0a4009bb0 comp rx=0 tx=0).ready entity=mon.0 client_cookie=83d691a668905ec2 server_cookie=0 in_seq=0 out_seq=0
2023-07-20T18:08:49.622 INFO:teuthology.orchestra.run.smithi018.stdout:/usr/bin/ceph: stderr
2023-07-20T18:08:48.817+0000 7fd0b1ffb700 1 -- 172.21.15.18:0/3369625206 <== mon.0 v2:172.21.15.18:3300/0 1 ==== mon_map magic: 0 v1 ==== 205+0+0 (secure 0 0 0) 0x7fd0a4004160 con 0x7fd0b41066c0
2023-07-20T18:08:49.622 INFO:teuthology.orchestra.run.smithi018.stdout:/usr/bin/ceph: stderr
2023-07-20T18:08:48.817+0000 7fd0b1ffb700 1 -- 172.21.15.18:0/3369625206 <== mon.0 v2:172.21.15.18:3300/0 2 ==== config(26 keys) v1 ==== 1070+0+0 (secure 0 0 0) 0x7fd0a40042c0 con 0x7fd0b41066c0
2023-07-20T18:08:49.622 INFO:teuthology.orchestra.run.smithi018.stdout:/usr/bin/ceph: stderr
2023-07-20T18:08:48.817+0000 7fd0b1ffb700 1 -- 172.21.15.18:0/3369625206 <== mon.0 v2:172.21.15.18:3300/0 3 ==== mon_map magic: 0 v1 ==== 205+0+0 (secure 0 0 0) 0x7fd0a4011a50 con 0x7fd0b41066c0
2023-07-20T18:08:49.622 INFO:teuthology.orchestra.run.smithi018.stdout:/usr/bin/ceph: stderr
2023-07-20T18:08:48.817+0000 7fd0b92ff700 1 -- 172.21.15.18:0/3369625206 >> [v2:172.21.15.18:3300/0,v1:172.21.15.18:6789/0] conn(0x7fd0b41066c0 msgr2=0x7fd0b4106ae0 secure :-1 s=STATE_CONNECTION_ESTABLISHED l=1).mark_down
2023-07-20T18:08:49.622 INFO:teuthology.orchestra.run.smithi018.stdout:/usr/bin/ceph: stderr
2023-07-20T18:08:48.817+0000 7fd0b92ff700 1 --2- 172.21.15.18:0/3369625206 >> [v2:172.21.15.18:3300/0,v1:172.21.15.18:6789/0] conn(0x7fd0b41066c0 0x7fd0b4106ae0 secure :-1 s=READY pgs=43 cs=0 l=1 rev1=1 crypto rx=0x7fd0a40098a0 tx=0x7fd0a4009bb0 comp rx=0 tx=0).stop
2023-07-20T18:08:49.623 INFO:teuthology.orchestra.run.smithi018.stdout:/usr/bin/ceph: stderr
2023-07-20T18:08:48.817+0000 7fd0b92ff700 1 -- 172.21.15.18:0/3369625206 shutdown_connections
2023-07-20T18:08:49.624 INFO:teuthology.orchestra.run.smithi018.stdout:/usr/bin/ceph: stderr
2023-07-20T18:08:48.817+0000 7fd0b92ff700 1 --2- 172.21.15.18:0/3369625206 >> [v2:172.21.15.18:3300/0,v1:172.21.15.18:6789/0] conn(0x7fd0b41066c0 0x7fd0b4106ae0 unknown :-1 s=CLOSED pgs=43 cs=0 l=1 rev1=1 crypto rx=0 tx=0 comp rx=0 tx=0).stop
2023-07-20T18:08:49.624 INFO:teuthology.orchestra.run.smithi018.stdout:/usr/bin/ceph: stderr
2023-07-20T18:08:48.817+0000 7fd0b92ff700 1 -- 172.21.15.18:0/3369625206 >> 172.21.15.18:0/3369625206 conn(0x7fd0b40ffd80 msgr2=0x7fd0b41021a0 unknown :-1 s=STATE_NONE l=0).mark_down
2023-07-20T18:08:49.624 INFO:teuthology.orchestra.run.smithi018.stdout:/usr/bin/ceph: stderr
2023-07-20T18:08:48.817+0000 7fd0b92ff700 1 -- 172.21.15.18:0/3369625206 shutdown_connections
2023-07-20T18:08:49.624 INFO:teuthology.orchestra.run.smithi018.stdout:/usr/bin/ceph: stderr
2023-07-20T18:08:48.818+0000 7fd0b92ff700 1 -- 172.21.15.18:0/3369625206 wait complete.
2023-07-20T18:08:49.624 INFO:teuthology.orchestra.run.smithi018.stdout:/usr/bin/ceph: stderr
2023-07-20T18:08:48.818+0000 7fd0b92ff700 1 Processor -- start
2023-07-20T18:08:49.624 INFO:teuthology.orchestra.run.smithi018.stdout:/usr/bin/ceph: stderr
2023-07-20T18:08:48.818+0000 7fd0b92ff700 1 -- start start
2023-07-20T18:08:49.624 INFO:teuthology.orchestra.run.smithi018.stdout:/usr/bin/ceph: stderr
2023-07-20T18:08:48.819+0000 7fd0b92ff700 1 --2- >> [v2:172.21.15.18:3300/0,v1:172.21.15.18:6789/0] conn(0x7fd0b41066c0 0x7fd0b4104ce0 unknown :-1 s=NONE pgs=0 cs=0 l=1 rev1=0 crypto rx=0 tx=0 comp rx=0 tx=0).connect
2023-07-20T18:08:49.625 INFO:teuthology.orchestra.run.smithi018.stdout:/usr/bin/ceph: stderr
2023-07-20T18:08:48.819+0000 7fd0b92ff700 1 -- --> [v2:172.21.15.18:3300/0,v1:172.21.15.18:6789/0] -- mon_getmap magic: 0 v1 -- 0x7fd0b419ca50 con 0x7fd0b41066c0
2023-07-20T18:08:49.625 INFO:teuthology.orchestra.run.smithi018.stdout:/usr/bin/ceph: stderr
2023-07-20T18:08:48.819+0000 7fd0b2ffd700 1 --2- >> [v2:172.21.15.18:3300/0,v1:172.21.15.18:6789/0] conn(0x7fd0b41066c0 0x7fd0b4104ce0 unknown :-1 s=BANNER_CONNECTING pgs=0 cs=0 l=1 rev1=0 crypto rx=0 tx=0 comp rx=0 tx=0)._handle_peer_banner_payload supported=3 required=0
2023-07-20T18:08:49.625 INFO:teuthology.orchestra.run.smithi018.stdout:/usr/bin/ceph: stderr
2023-07-20T18:08:48.819+0000 7fd0b2ffd700 1 --2- >> [v2:172.21.15.18:3300/0,v1:172.21.15.18:6789/0] conn(0x7fd0b41066c0 0x7fd0b4104ce0 unknown :-1 s=HELLO_CONNECTING pgs=0 cs=0 l=1 rev1=1 crypto rx=0 tx=0 comp rx=0 tx=0).handle_hello peer v2:172.21.15.18:3300/0 says I am v2:172.21.15.18:42828/0 (socket says 172.21.15.18:42828)
2023-07-20T18:08:49.625 INFO:teuthology.orchestra.run.smithi018.stdout:/usr/bin/ceph: stderr
2023-07-20T18:08:48.819+0000 7fd0b2ffd700 1 -- 172.21.15.18:0/262111941 learned_addr learned my addr 172.21.15.18:0/262111941 (peer_addr_for_me v2:172.21.15.18:0/0)
2023-07-20T18:08:49.625 INFO:teuthology.orchestra.run.smithi018.stdout:/usr/bin/ceph: stderr
2023-07-20T18:08:48.819+0000 7fd0b2ffd700 1 -- 172.21.15.18:0/262111941 --> [v2:172.21.15.18:3300/0,v1:172.21.15.18:6789/0] -- mon_subscribe({config=0+,monmap=0+}) v3 -- 0x7fd0a4009550 con 0x7fd0b41066c0
2023-07-20T18:08:49.625 INFO:teuthology.orchestra.run.smithi018.stdout:/usr/bin/ceph: stderr
2023-07-20T18:08:48.819+0000 7fd0b2ffd700 1 --2- 172.21.15.18:0/262111941 >> [v2:172.21.15.18:3300/0,v1:172.21.15.18:6789/0] conn(0x7fd0b41066c0 0x7fd0b4104ce0 secure :-1 s=READY pgs=44 cs=0 l=1 rev1=1 crypto rx=0x7fd0a4006af0 tx=0x7fd0a4011ab0 comp rx=0 tx=0).ready entity=mon.0 client_cookie=0 server_cookie=0 in_seq=0 out_seq=0
2023-07-20T18:08:49.625 INFO:teuthology.orchestra.run.smithi018.stdout:/usr/bin/ceph: stderr
2023-07-20T18:08:48.819+0000 7fd09bfff700 1 -- 172.21.15.18:0/262111941 <== mon.0 v2:172.21.15.18:3300/0 1 ==== mon_map magic: 0 v1 ==== 205+0+0 (secure 0 0 0) 0x7fd0a4003a70 con 0x7fd0b41066c0
2023-07-20T18:08:49.626 INFO:teuthology.orchestra.run.smithi018.stdout:/usr/bin/ceph: stderr
2023-07-20T18:08:48.819+0000 7fd09bfff700 1 -- 172.21.15.18:0/262111941 <== mon.0 v2:172.21.15.18:3300/0 2 ==== config(26 keys) v1 ==== 1070+0+0 (secure 0 0 0) 0x7fd0a4003bd0 con 0x7fd0b41066c0
2023-07-20T18:08:49.626 INFO:teuthology.orchestra.run.smithi018.stdout:/usr/bin/ceph: stderr
2023-07-20T18:08:48.819+0000 7fd0b92ff700 1 -- 172.21.15.18:0/262111941 --> [v2:172.21.15.18:3300/0,v1:172.21.15.18:6789/0] -- mon_subscribe({mgrmap=0+}) v3 -- 0x7fd0b419cb90 con 0x7fd0b41066c0
2023-07-20T18:08:49.626 INFO:teuthology.orchestra.run.smithi018.stdout:/usr/bin/ceph: stderr
2023-07-20T18:08:48.819+0000 7fd09bfff700 1 -- 172.21.15.18:0/262111941 <== mon.0 v2:172.21.15.18:3300/0 3 ==== mon_map magic: 0 v1 ==== 205+0+0 (secure 0 0 0) 0x7fd0a40196c0 con 0x7fd0b41066c0
2023-07-20T18:08:49.626 INFO:teuthology.orchestra.run.smithi018.stdout:/usr/bin/ceph: stderr
2023-07-20T18:08:48.819+0000 7fd0b92ff700 1 -- 172.21.15.18:0/262111941 --> [v2:172.21.15.18:3300/0,v1:172.21.15.18:6789/0] -- mon_subscribe({osdmap=0}) v3 -- 0x7fd0b419cfb0 con 0x7fd0b41066c0
2023-07-20T18:08:49.626 INFO:teuthology.orchestra.run.smithi018.stdout:/usr/bin/ceph: stderr
2023-07-20T18:08:48.820+0000 7fd09bfff700 1 -- 172.21.15.18:0/262111941 <== mon.0 v2:172.21.15.18:3300/0 4 ==== mgrmap(e 8) v1 ==== 45483+0+0 (secure 0 0 0) 0x7fd0a40198f0 con 0x7fd0b41066c0
2023-07-20T18:08:49.626 INFO:teuthology.orchestra.run.smithi018.stdout:/usr/bin/ceph: stderr
2023-07-20T18:08:48.821+0000 7fd09bfff700 1 --2- 172.21.15.18:0/262111941 >> [v2:172.21.15.18:6800/4010992457,v1:172.21.15.18:6801/4010992457] conn(0x7fd09c0387d0 0x7fd09c03ac90 unknown :-1 s=NONE pgs=0 cs=0 l=1 rev1=0 crypto rx=0 tx=0 comp rx=0 tx=0).connect
2023-07-20T18:08:49.626 INFO:teuthology.orchestra.run.smithi018.stdout:/usr/bin/ceph: stderr
2023-07-20T18:08:48.821+0000 7fd0b92ff700 1 -- 172.21.15.18:0/262111941 --> [v2:172.21.15.18:3300/0,v1:172.21.15.18:6789/0] -- mon_command({"prefix": "get_command_descriptions"} v 0) v1 -- 0x7fd0b4061da0 con 0x7fd0b41066c0
2023-07-20T18:08:49.626 INFO:teuthology.orchestra.run.smithi018.stdout:/usr/bin/ceph: stderr
2023-07-20T18:08:48.821+0000 7fd09bfff700 1 -- 172.21.15.18:0/262111941 <== mon.0 v2:172.21.15.18:3300/0 5 ==== osd_map(2..2 src has 1..2) v4 ==== 940+0+0 (secure 0 0 0) 0x7fd0a404cab0 con 0x7fd0b41066c0
2023-07-20T18:08:49.627 INFO:teuthology.orchestra.run.smithi018.stdout:/usr/bin/ceph: stderr
2023-07-20T18:08:48.821+0000 7fd0b27fc700 1 --2- 172.21.15.18:0/262111941 >> [v2:172.21.15.18:6800/4010992457,v1:172.21.15.18:6801/4010992457] conn(0x7fd09c0387d0 0x7fd09c03ac90 unknown :-1 s=BANNER_CONNECTING pgs=0 cs=0 l=1 rev1=0 crypto rx=0 tx=0 comp rx=0 tx=0)._handle_peer_banner_payload supported=3 required=0
2023-07-20T18:08:49.627 INFO:teuthology.orchestra.run.smithi018.stdout:/usr/bin/ceph: stderr
2023-07-20T18:08:48.821+0000 7fd0b27fc700 1 --2- 172.21.15.18:0/262111941 >> [v2:172.21.15.18:6800/4010992457,v1:172.21.15.18:6801/4010992457] conn(0x7fd09c0387d0 0x7fd09c03ac90 secure :-1 s=READY pgs=10 cs=0 l=1 rev1=1 crypto rx=0x7fd0a8006fd0 tx=0x7fd0a8006e40 comp rx=0 tx=0).ready entity=mgr.14120 client_cookie=0 server_cookie=0 in_seq=0 out_seq=0
2023-07-20T18:08:49.627 INFO:teuthology.orchestra.run.smithi018.stdout:/usr/bin/ceph: stderr
2023-07-20T18:08:48.825+0000 7fd09bfff700 1 -- 172.21.15.18:0/262111941 <== mon.0 v2:172.21.15.18:3300/0 6 ==== mon_command_ack([{"prefix": "get_command_descriptions"}]=0 v0) v1 ==== 72+0+178025 (secure 0 0 0) 0x7fd0a4023b80 con 0x7fd0b41066c0
2023-07-20T18:08:49.627 INFO:teuthology.orchestra.run.smithi018.stdout:/usr/bin/ceph: stderr
2023-07-20T18:08:49.186+0000 7fd0b92ff700 1 -- 172.21.15.18:0/262111941 --> [v2:172.21.15.18:6800/4010992457,v1:172.21.15.18:6801/4010992457] -- mgr_command(tid 0: {"prefix": "cephadm get-pub-key", "target": ["mon-mgr", ""]}) v1 -- 0x7fd0b41010e0 con 0x7fd09c0387d0
2023-07-20T18:08:49.627 INFO:teuthology.orchestra.run.smithi018.stdout:/usr/bin/ceph: stderr
2023-07-20T18:08:49.187+0000 7fd09bfff700 1 -- 172.21.15.18:0/262111941 <== mgr.14120 v2:172.21.15.18:6800/4010992457 1 ==== mgr_command_reply(tid 0: 0 ) v1 ==== 8+0+595 (secure 0 0 0) 0x7fd0b41010e0 con 0x7fd09c0387d0
2023-07-20T18:08:49.627 INFO:teuthology.orchestra.run.smithi018.stdout:/usr/bin/ceph: stderr
2023-07-20T18:08:49.189+0000 7fd0b92ff700 1 -- 172.21.15.18:0/262111941 >> [v2:172.21.15.18:6800/4010992457,v1:172.21.15.18:6801/4010992457] conn(0x7fd09c0387d0 msgr2=0x7fd09c03ac90 secure :-1 s=STATE_CONNECTION_ESTABLISHED l=1).mark_down
2023-07-20T18:08:49.627 INFO:teuthology.orchestra.run.smithi018.stdout:/usr/bin/ceph: stderr
2023-07-20T18:08:49.189+0000 7fd0b92ff700 1 --2- 172.21.15.18:0/262111941 >> [v2:172.21.15.18:6800/4010992457,v1:172.21.15.18:6801/4010992457] conn(0x7fd09c0387d0 0x7fd09c03ac90 secure :-1 s=READY pgs=10 cs=0 l=1 rev1=1 crypto rx=0x7fd0a8006fd0 tx=0x7fd0a8006e40 comp rx=0 tx=0).stop
2023-07-20T18:08:49.628 INFO:teuthology.orchestra.run.smithi018.stdout:/usr/bin/ceph: stderr
2023-07-20T18:08:49.189+0000 7fd0b92ff700 1 -- 172.21.15.18:0/262111941 >> [v2:172.21.15.18:3300/0,v1:172.21.15.18:6789/0] conn(0x7fd0b41066c0 msgr2=0x7fd0b4104ce0 secure :-1 s=STATE_CONNECTION_ESTABLISHED l=1).mark_down
2023-07-20T18:08:49.628 INFO:teuthology.orchestra.run.smithi018.stdout:/usr/bin/ceph: stderr
2023-07-20T18:08:49.189+0000 7fd0b92ff700 1 --2- 172.21.15.18:0/262111941 >> [v2:172.21.15.18:3300/0,v1:172.21.15.18:6789/0] conn(0x7fd0b41066c0 0x7fd0b4104ce0 secure :-1 s=READY pgs=44 cs=0 l=1 rev1=1 crypto rx=0x7fd0a4006af0 tx=0x7fd0a4011ab0 comp rx=0 tx=0).stop
2023-07-20T18:08:49.628 INFO:teuthology.orchestra.run.smithi018.stdout:/usr/bin/ceph: stderr
2023-07-20T18:08:49.189+0000 7fd0b92ff700 1 -- 172.21.15.18:0/262111941 shutdown_connections
2023-07-20T18:08:49.628 INFO:teuthology.orchestra.run.smithi018.stdout:/usr/bin/ceph: stderr
2023-07-20T18:08:49.189+0000 7fd0b92ff700 1 --2- 172.21.15.18:0/262111941 >> [v2:172.21.15.18:6800/4010992457,v1:172.21.15.18:6801/4010992457] conn(0x7fd09c0387d0 0x7fd09c03ac90 unknown :-1 s=CLOSED pgs=10 cs=0 l=1 rev1=1 crypto rx=0 tx=0 comp rx=0 tx=0).stop
2023-07-20T18:08:49.628 INFO:teuthology.orchestra.run.smithi018.stdout:/usr/bin/ceph: stderr
2023-07-20T18:08:49.189+0000 7fd0b92ff700 1 --2- 172.21.15.18:0/262111941 >> [v2:172.21.15.18:3300/0,v1:172.21.15.18:6789/0] conn(0x7fd0b41066c0 0x7fd0b4104ce0 unknown :-1 s=CLOSED pgs=44 cs=0 l=1 rev1=1 crypto rx=0 tx=0 comp rx=0 tx=0).stop
2023-07-20T18:08:49.628 INFO:teuthology.orchestra.run.smithi018.stdout:/usr/bin/ceph: stderr
2023-07-20T18:08:49.189+0000 7fd0b92ff700 1 -- 172.21.15.18:0/262111941 >> 172.21.15.18:0/262111941 conn(0x7fd0b40ffd80 msgr2=0x7fd0b41009d0 unknown :-1 s=STATE_NONE l=0).mark_down
2023-07-20T18:08:49.628 INFO:teuthology.orchestra.run.smithi018.stdout:/usr/bin/ceph: stderr
2023-07-20T18:08:49.189+0000 7fd0b92ff700 1 -- 172.21.15.18:0/262111941 shutdown_connections
2023-07-20T18:08:49.628 INFO:teuthology.orchestra.run.smithi018.stdout:/usr/bin/ceph: stderr
2023-07-20T18:08:49.189+0000 7fd0b92ff700 1 -- 172.21.15.18:0/262111941 wait complete.
2023-07-20T18:08:49.629 INFO:teuthology.orchestra.run.smithi018.stdout:Wrote public SSH key to /home/ubuntu/cephtest/ceph.pub
2023-07-20T18:08:49.629 INFO:teuthology.orchestra.run.smithi018.stdout:Adding key to root@localhost authorized_keys...
2023-07-20T18:08:49.629 INFO:teuthology.orchestra.run.smithi018.stdout:Adding host smithi018...
2023-07-20T18:08:50.149 INFO:journalctl@ceph.mon.a.smithi018.stdout:Jul 20 18:08:50 smithi018 ceph-mon[96581]: from='client.14138 -' entity='client.admin' cmd=[{"prefix": "cephadm get-pub-key", "target": ["mon-mgr", ""]}]: dispatch
2023-07-20T18:08:52.399 INFO:journalctl@ceph.mon.a.smithi018.stdout:Jul 20 18:08:52 smithi018 ceph-mon[96581]: from='client.14140 -' entity='client.admin' cmd=[{"prefix": "orch host add", "hostname": "smithi018", "addr": "172.21.15.18", "target": ["mon-mgr", ""]}]: dispatch
2023-07-20T18:08:52.399 INFO:journalctl@ceph.mon.a.smithi018.stdout:Jul 20 18:08:52 smithi018 ceph-mon[96581]: Deploying cephadm binary to smithi018
2023-07-20T18:08:53.573 INFO:teuthology.orchestra.run.smithi018.stdout:/usr/bin/ceph: stdout Added host 'smithi018' with addr '172.21.15.18'
2023-07-20T18:08:53.573 INFO:teuthology.orchestra.run.smithi018.stdout:/usr/bin/ceph: stderr
2023-07-20T18:08:50.066+0000 7f1c42a89700 1 Processor -- start
2023-07-20T18:08:53.574 INFO:teuthology.orchestra.run.smithi018.stdout:/usr/bin/ceph: stderr
2023-07-20T18:08:50.066+0000 7f1c42a89700 1 -- start start
2023-07-20T18:08:53.574 INFO:teuthology.orchestra.run.smithi018.stdout:/usr/bin/ceph: stderr
2023-07-20T18:08:50.067+0000 7f1c42a89700 1 --2- >> [v2:172.21.15.18:3300/0,v1:172.21.15.18:6789/0] conn(0x7f1c3c106bc0 0x7f1c3c108fb0 unknown :-1 s=NONE pgs=0 cs=0 l=0 rev1=0 crypto rx=0 tx=0 comp rx=0 tx=0).connect
2023-07-20T18:08:53.574 INFO:teuthology.orchestra.run.smithi018.stdout:/usr/bin/ceph: stderr
2023-07-20T18:08:50.067+0000 7f1c42a89700 1 -- --> [v2:172.21.15.18:3300/0,v1:172.21.15.18:6789/0] -- mon_getmap magic: 0 v1 -- 0x7f1c3c073f10 con 0x7f1c3c106bc0
2023-07-20T18:08:53.574 INFO:teuthology.orchestra.run.smithi018.stdout:/usr/bin/ceph: stderr
2023-07-20T18:08:50.067+0000 7f1c40825700 1 --2- >> [v2:172.21.15.18:3300/0,v1:172.21.15.18:6789/0] conn(0x7f1c3c106bc0 0x7f1c3c108fb0 unknown :-1 s=BANNER_CONNECTING pgs=0 cs=0 l=0 rev1=0 crypto rx=0 tx=0 comp rx=0 tx=0)._handle_peer_banner_payload supported=3 required=0
2023-07-20T18:08:53.574 INFO:teuthology.orchestra.run.smithi018.stdout:/usr/bin/ceph: stderr
2023-07-20T18:08:50.067+0000 7f1c40825700 1 --2- >> [v2:172.21.15.18:3300/0,v1:172.21.15.18:6789/0] conn(0x7f1c3c106bc0 0x7f1c3c108fb0 unknown :-1 s=HELLO_CONNECTING pgs=0 cs=0 l=0 rev1=1 crypto rx=0 tx=0 comp rx=0 tx=0).handle_hello peer v2:172.21.15.18:3300/0 says I am v2:172.21.15.18:42832/0 (socket says 172.21.15.18:42832)
2023-07-20T18:08:53.574 INFO:teuthology.orchestra.run.smithi018.stdout:/usr/bin/ceph: stderr
2023-07-20T18:08:50.067+0000 7f1c40825700 1 -- 172.21.15.18:0/2480477575 learned_addr learned my addr 172.21.15.18:0/2480477575 (peer_addr_for_me v2:172.21.15.18:0/0)
2023-07-20T18:08:53.574 INFO:teuthology.orchestra.run.smithi018.stdout:/usr/bin/ceph: stderr
2023-07-20T18:08:50.067+0000 7f1c40825700 1 -- 172.21.15.18:0/2480477575 --> [v2:172.21.15.18:3300/0,v1:172.21.15.18:6789/0] -- mon_subscribe({config=0+,monmap=0+}) v3 -- 0x7f1c3c1094f0 con 0x7f1c3c106bc0
2023-07-20T18:08:53.575 INFO:teuthology.orchestra.run.smithi018.stdout:/usr/bin/ceph: stderr
2023-07-20T18:08:50.067+0000 7f1c40825700 1 --2- 172.21.15.18:0/2480477575 >> [v2:172.21.15.18:3300/0,v1:172.21.15.18:6789/0] conn(0x7f1c3c106bc0 0x7f1c3c108fb0 secure :-1 s=READY pgs=45 cs=0 l=1 rev1=1 crypto rx=0x7f1c300098a0 tx=0x7f1c30009bb0 comp rx=0 tx=0).ready entity=mon.0 client_cookie=7db790a9461a63f server_cookie=0 in_seq=0 out_seq=0
2023-07-20T18:08:53.575 INFO:teuthology.orchestra.run.smithi018.stdout:/usr/bin/ceph: stderr
2023-07-20T18:08:50.067+0000 7f1c3b7fe700 1 -- 172.21.15.18:0/2480477575 <== mon.0 v2:172.21.15.18:3300/0 1 ==== mon_map magic: 0 v1 ==== 205+0+0 (secure 0 0 0) 0x7f1c30004160 con 0x7f1c3c106bc0
2023-07-20T18:08:53.575 INFO:teuthology.orchestra.run.smithi018.stdout:/usr/bin/ceph: stderr
2023-07-20T18:08:50.067+0000 7f1c3b7fe700 1 -- 172.21.15.18:0/2480477575 <== mon.0 v2:172.21.15.18:3300/0 2 ==== config(26 keys) v1 ==== 1070+0+0 (secure 0 0 0) 0x7f1c300042c0 con 0x7f1c3c106bc0
2023-07-20T18:08:53.575 INFO:teuthology.orchestra.run.smithi018.stdout:/usr/bin/ceph: stderr
2023-07-20T18:08:50.067+0000 7f1c3b7fe700 1 -- 172.21.15.18:0/2480477575 <== mon.0 v2:172.21.15.18:3300/0 3 ==== mon_map magic: 0 v1 ==== 205+0+0 (secure 0 0 0) 0x7f1c30011a50 con 0x7f1c3c106bc0
2023-07-20T18:08:53.575 INFO:teuthology.orchestra.run.smithi018.stdout:/usr/bin/ceph: stderr
2023-07-20T18:08:50.068+0000 7f1c42a89700 1 -- 172.21.15.18:0/2480477575 >> [v2:172.21.15.18:3300/0,v1:172.21.15.18:6789/0] conn(0x7f1c3c106bc0 msgr2=0x7f1c3c108fb0 secure :-1 s=STATE_CONNECTION_ESTABLISHED l=1).mark_down
2023-07-20T18:08:53.575 INFO:teuthology.orchestra.run.smithi018.stdout:/usr/bin/ceph: stderr
2023-07-20T18:08:50.068+0000 7f1c42a89700 1 --2- 172.21.15.18:0/2480477575 >> [v2:172.21.15.18:3300/0,v1:172.21.15.18:6789/0] conn(0x7f1c3c106bc0 0x7f1c3c108fb0 secure :-1 s=READY pgs=45 cs=0 l=1 rev1=1 crypto rx=0x7f1c300098a0 tx=0x7f1c30009bb0 comp rx=0 tx=0).stop
2023-07-20T18:08:53.575 INFO:teuthology.orchestra.run.smithi018.stdout:/usr/bin/ceph: stderr
2023-07-20T18:08:50.068+0000 7f1c42a89700 1 -- 172.21.15.18:0/2480477575 shutdown_connections
2023-07-20T18:08:53.576 INFO:teuthology.orchestra.run.smithi018.stdout:/usr/bin/ceph: stderr
2023-07-20T18:08:50.068+0000 7f1c42a89700 1 --2- 172.21.15.18:0/2480477575 >> [v2:172.21.15.18:3300/0,v1:172.21.15.18:6789/0] conn(0x7f1c3c106bc0 0x7f1c3c108fb0 unknown :-1 s=CLOSED pgs=45 cs=0 l=1 rev1=1 crypto rx=0 tx=0 comp rx=0 tx=0).stop
2023-07-20T18:08:53.576 INFO:teuthology.orchestra.run.smithi018.stdout:/usr/bin/ceph: stderr
2023-07-20T18:08:50.068+0000 7f1c42a89700 1 -- 172.21.15.18:0/2480477575 >> 172.21.15.18:0/2480477575 conn(0x7f1c3c1005f0 msgr2=0x7f1c3c102a10 unknown :-1 s=STATE_NONE l=0).mark_down
2023-07-20T18:08:53.576 INFO:teuthology.orchestra.run.smithi018.stdout:/usr/bin/ceph: stderr
2023-07-20T18:08:50.068+0000 7f1c42a89700 1 -- 172.21.15.18:0/2480477575 shutdown_connections
2023-07-20T18:08:53.576 INFO:teuthology.orchestra.run.smithi018.stdout:/usr/bin/ceph: stderr
2023-07-20T18:08:50.068+0000 7f1c42a89700 1 -- 172.21.15.18:0/2480477575 wait complete.
2023-07-20T18:08:53.576 INFO:teuthology.orchestra.run.smithi018.stdout:/usr/bin/ceph: stderr
2023-07-20T18:08:50.069+0000 7f1c42a89700 1 Processor -- start
2023-07-20T18:08:53.576 INFO:teuthology.orchestra.run.smithi018.stdout:/usr/bin/ceph: stderr
2023-07-20T18:08:50.069+0000 7f1c42a89700 1 -- start start
2023-07-20T18:08:53.576 INFO:teuthology.orchestra.run.smithi018.stdout:/usr/bin/ceph: stderr
2023-07-20T18:08:50.069+0000 7f1c42a89700 1 --2- >> [v2:172.21.15.18:3300/0,v1:172.21.15.18:6789/0] conn(0x7f1c3c106bc0 0x7f1c3c106520 unknown :-1 s=NONE pgs=0 cs=0 l=1 rev1=0 crypto rx=0 tx=0 comp rx=0 tx=0).connect
2023-07-20T18:08:53.576 INFO:teuthology.orchestra.run.smithi018.stdout:/usr/bin/ceph: stderr
2023-07-20T18:08:50.069+0000 7f1c42a89700 1 -- --> [v2:172.21.15.18:3300/0,v1:172.21.15.18:6789/0] -- mon_getmap magic: 0 v1 -- 0x7f1c3c106a60 con 0x7f1c3c106bc0
2023-07-20T18:08:53.577 INFO:teuthology.orchestra.run.smithi018.stdout:/usr/bin/ceph: stderr
2023-07-20T18:08:50.069+0000 7f1c40825700 1 --2- >> [v2:172.21.15.18:3300/0,v1:172.21.15.18:6789/0] conn(0x7f1c3c106bc0 0x7f1c3c106520 unknown :-1 s=BANNER_CONNECTING pgs=0 cs=0 l=1 rev1=0 crypto rx=0 tx=0 comp rx=0 tx=0)._handle_peer_banner_payload supported=3 required=0
2023-07-20T18:08:53.577 INFO:teuthology.orchestra.run.smithi018.stdout:/usr/bin/ceph: stderr
2023-07-20T18:08:50.069+0000 7f1c40825700 1 --2- >> [v2:172.21.15.18:3300/0,v1:172.21.15.18:6789/0] conn(0x7f1c3c106bc0 0x7f1c3c106520 unknown :-1 s=HELLO_CONNECTING pgs=0 cs=0 l=1 rev1=1 crypto rx=0 tx=0 comp rx=0 tx=0).handle_hello peer v2:172.21.15.18:3300/0 says I am v2:172.21.15.18:42834/0 (socket says 172.21.15.18:42834)
2023-07-20T18:08:53.577 INFO:teuthology.orchestra.run.smithi018.stdout:/usr/bin/ceph: stderr
2023-07-20T18:08:50.069+0000 7f1c40825700 1 -- 172.21.15.18:0/2599716047 learned_addr learned my addr 172.21.15.18:0/2599716047 (peer_addr_for_me v2:172.21.15.18:0/0)
2023-07-20T18:08:53.577 INFO:teuthology.orchestra.run.smithi018.stdout:/usr/bin/ceph: stderr
2023-07-20T18:08:50.069+0000 7f1c40825700 1 -- 172.21.15.18:0/2599716047 --> [v2:172.21.15.18:3300/0,v1:172.21.15.18:6789/0] -- mon_subscribe({config=0+,monmap=0+}) v3 -- 0x7f1c30009550 con 0x7f1c3c106bc0
2023-07-20T18:08:53.577 INFO:teuthology.orchestra.run.smithi018.stdout:/usr/bin/ceph: stderr
2023-07-20T18:08:50.069+0000 7f1c40825700 1 --2- 172.21.15.18:0/2599716047 >> [v2:172.21.15.18:3300/0,v1:172.21.15.18:6789/0] conn(0x7f1c3c106bc0 0x7f1c3c106520 secure :-1 s=READY pgs=46 cs=0 l=1 rev1=1 crypto rx=0x7f1c30011a00 tx=0x7f1c30011a30 comp rx=0 tx=0).ready entity=mon.0 client_cookie=0 server_cookie=0 in_seq=0 out_seq=0
2023-07-20T18:08:53.577 INFO:teuthology.orchestra.run.smithi018.stdout:/usr/bin/ceph: stderr
2023-07-20T18:08:50.070+0000 7f1c39ffb700 1 -- 172.21.15.18:0/2599716047 <== mon.0 v2:172.21.15.18:3300/0 1 ==== mon_map magic: 0 v1 ==== 205+0+0 (secure 0 0 0) 0x7f1c30003ac0 con 0x7f1c3c106bc0
2023-07-20T18:08:53.577 INFO:teuthology.orchestra.run.smithi018.stdout:/usr/bin/ceph: stderr
2023-07-20T18:08:50.070+0000 7f1c42a89700 1 -- 172.21.15.18:0/2599716047 --> [v2:172.21.15.18:3300/0,v1:172.21.15.18:6789/0] -- mon_subscribe({mgrmap=0+}) v3 -- 0x7f1c3c104b70 con 0x7f1c3c106bc0
2023-07-20T18:08:53.577 INFO:teuthology.orchestra.run.smithi018.stdout:/usr/bin/ceph: stderr
2023-07-20T18:08:50.070+0000 7f1c42a89700 1 -- 172.21.15.18:0/2599716047 --> [v2:172.21.15.18:3300/0,v1:172.21.15.18:6789/0] -- mon_subscribe({osdmap=0}) v3 -- 0x7f1c3c104f90 con 0x7f1c3c106bc0
2023-07-20T18:08:53.578 INFO:teuthology.orchestra.run.smithi018.stdout:/usr/bin/ceph: stderr
2023-07-20T18:08:50.070+0000 7f1c39ffb700 1 -- 172.21.15.18:0/2599716047 <== mon.0 v2:172.21.15.18:3300/0 2 ==== config(26 keys) v1 ==== 1070+0+0 (secure 0 0 0) 0x7f1c30003c20 con 0x7f1c3c106bc0
2023-07-20T18:08:53.578 INFO:teuthology.orchestra.run.smithi018.stdout:/usr/bin/ceph: stderr
2023-07-20T18:08:50.070+0000 7f1c39ffb700 1 -- 172.21.15.18:0/2599716047 <== mon.0 v2:172.21.15.18:3300/0 3 ==== mon_map magic: 0 v1 ==== 205+0+0 (secure 0 0 0) 0x7f1c3001a690 con 0x7f1c3c106bc0
2023-07-20T18:08:53.578 INFO:teuthology.orchestra.run.smithi018.stdout:/usr/bin/ceph: stderr
2023-07-20T18:08:50.071+0000 7f1c39ffb700 1 -- 172.21.15.18:0/2599716047 <== mon.0 v2:172.21.15.18:3300/0 4 ==== mgrmap(e 8) v1 ==== 45483+0+0 (secure 0 0 0) 0x7f1c3001a7f0 con 0x7f1c3c106bc0
2023-07-20T18:08:53.578 INFO:teuthology.orchestra.run.smithi018.stdout:/usr/bin/ceph: stderr
2023-07-20T18:08:50.071+0000 7f1c39ffb700 1 --2- 172.21.15.18:0/2599716047 >> [v2:172.21.15.18:6800/4010992457,v1:172.21.15.18:6801/4010992457] conn(0x7f1c2c0387d0 0x7f1c2c03ac90 unknown :-1 s=NONE pgs=0 cs=0 l=1 rev1=0 crypto rx=0 tx=0 comp rx=0 tx=0).connect
2023-07-20T18:08:53.578 INFO:teuthology.orchestra.run.smithi018.stdout:/usr/bin/ceph: stderr
2023-07-20T18:08:50.071+0000 7f1c42a89700 1 -- 172.21.15.18:0/2599716047 --> [v2:172.21.15.18:3300/0,v1:172.21.15.18:6789/0] -- mon_command({"prefix": "get_command_descriptions"} v 0) v1 -- 0x7f1c20005320 con 0x7f1c3c106bc0
2023-07-20T18:08:53.579 INFO:teuthology.orchestra.run.smithi018.stdout:/usr/bin/ceph: stderr
2023-07-20T18:08:50.071+0000 7f1c39ffb700 1 -- 172.21.15.18:0/2599716047 <== mon.0 v2:172.21.15.18:3300/0 5 ==== osd_map(2..2 src has 1..2) v4 ==== 940+0+0 (secure 0 0 0) 0x7f1c3004cb00 con 0x7f1c3c106bc0
2023-07-20T18:08:53.579 INFO:teuthology.orchestra.run.smithi018.stdout:/usr/bin/ceph: stderr
2023-07-20T18:08:50.071+0000 7f1c3bfff700 1 --2- 172.21.15.18:0/2599716047 >> [v2:172.21.15.18:6800/4010992457,v1:172.21.15.18:6801/4010992457] conn(0x7f1c2c0387d0 0x7f1c2c03ac90 unknown :-1 s=BANNER_CONNECTING pgs=0 cs=0 l=1 rev1=0 crypto rx=0 tx=0 comp rx=0 tx=0)._handle_peer_banner_payload supported=3 required=0
2023-07-20T18:08:53.579 INFO:teuthology.orchestra.run.smithi018.stdout:/usr/bin/ceph: stderr
2023-07-20T18:08:50.072+0000 7f1c3bfff700 1 --2- 172.21.15.18:0/2599716047 >> [v2:172.21.15.18:6800/4010992457,v1:172.21.15.18:6801/4010992457] conn(0x7f1c2c0387d0 0x7f1c2c03ac90 secure :-1 s=READY pgs=11 cs=0 l=1 rev1=1 crypto rx=0x7f1c28006fd0 tx=0x7f1c28006e40 comp rx=0 tx=0).ready entity=mgr.14120 client_cookie=0 server_cookie=0 in_seq=0 out_seq=0
2023-07-20T18:08:53.579 INFO:teuthology.orchestra.run.smithi018.stdout:/usr/bin/ceph: stderr
2023-07-20T18:08:50.076+0000 7f1c39ffb700 1 -- 172.21.15.18:0/2599716047 <== mon.0 v2:172.21.15.18:3300/0 6 ==== mon_command_ack([{"prefix": "get_command_descriptions"}]=0 v0) v1 ==== 72+0+178025 (secure 0 0 0) 0x7f1c30024440 con 0x7f1c3c106bc0
2023-07-20T18:08:53.579 INFO:teuthology.orchestra.run.smithi018.stdout:/usr/bin/ceph: stderr
2023-07-20T18:08:50.445+0000 7f1c42a89700 1 -- 172.21.15.18:0/2599716047 --> [v2:172.21.15.18:6800/4010992457,v1:172.21.15.18:6801/4010992457] -- mgr_command(tid 0: {"prefix": "orch host add", "hostname": "smithi018", "addr": "172.21.15.18", "target": ["mon-mgr", ""]}) v1 -- 0x7f1c20000bf0 con 0x7f1c2c0387d0
2023-07-20T18:08:53.579 INFO:teuthology.orchestra.run.smithi018.stdout:/usr/bin/ceph: stderr
2023-07-20T18:08:53.217+0000 7f1c39ffb700 1 -- 172.21.15.18:0/2599716047 <== mgr.14120 v2:172.21.15.18:6800/4010992457 1 ==== mgr_command_reply(tid 0: 0 ) v1 ==== 8+0+48 (secure 0 0 0) 0x7f1c20000bf0 con 0x7f1c2c0387d0
2023-07-20T18:08:53.579 INFO:teuthology.orchestra.run.smithi018.stdout:/usr/bin/ceph: stderr
2023-07-20T18:08:53.219+0000 7f1c42a89700 1 -- 172.21.15.18:0/2599716047 >> [v2:172.21.15.18:6800/4010992457,v1:172.21.15.18:6801/4010992457] conn(0x7f1c2c0387d0 msgr2=0x7f1c2c03ac90 secure :-1 s=STATE_CONNECTION_ESTABLISHED l=1).mark_down
2023-07-20T18:08:53.580 INFO:teuthology.orchestra.run.smithi018.stdout:/usr/bin/ceph: stderr
2023-07-20T18:08:53.219+0000 7f1c42a89700 1 --2- 172.21.15.18:0/2599716047 >> [v2:172.21.15.18:6800/4010992457,v1:172.21.15.18:6801/4010992457] conn(0x7f1c2c0387d0 0x7f1c2c03ac90 secure :-1 s=READY pgs=11 cs=0 l=1 rev1=1 crypto rx=0x7f1c28006fd0 tx=0x7f1c28006e40 comp rx=0 tx=0).stop
2023-07-20T18:08:53.580 INFO:teuthology.orchestra.run.smithi018.stdout:/usr/bin/ceph: stderr
2023-07-20T18:08:53.219+0000 7f1c42a89700 1 -- 172.21.15.18:0/2599716047 >> [v2:172.21.15.18:3300/0,v1:172.21.15.18:6789/0] conn(0x7f1c3c106bc0 msgr2=0x7f1c3c106520 secure :-1 s=STATE_CONNECTION_ESTABLISHED l=1).mark_down
2023-07-20T18:08:53.580 INFO:teuthology.orchestra.run.smithi018.stdout:/usr/bin/ceph: stderr
2023-07-20T18:08:53.219+0000 7f1c42a89700 1 --2- 172.21.15.18:0/2599716047 >> [v2:172.21.15.18:3300/0,v1:172.21.15.18:6789/0] conn(0x7f1c3c106bc0 0x7f1c3c106520 secure :-1 s=READY pgs=46 cs=0 l=1 rev1=1 crypto rx=0x7f1c30011a00 tx=0x7f1c30011a30 comp rx=0 tx=0).stop
2023-07-20T18:08:53.580 INFO:teuthology.orchestra.run.smithi018.stdout:/usr/bin/ceph: stderr
2023-07-20T18:08:53.219+0000 7f1c42a89700 1 -- 172.21.15.18:0/2599716047 shutdown_connections
2023-07-20T18:08:53.580 INFO:teuthology.orchestra.run.smithi018.stdout:/usr/bin/ceph: stderr
2023-07-20T18:08:53.219+0000 7f1c42a89700 1 --2- 172.21.15.18:0/2599716047 >> [v2:172.21.15.18:6800/4010992457,v1:172.21.15.18:6801/4010992457] conn(0x7f1c2c0387d0 0x7f1c2c03ac90 unknown :-1 s=CLOSED pgs=11 cs=0 l=1 rev1=1 crypto rx=0 tx=0 comp rx=0 tx=0).stop
2023-07-20T18:08:53.580 INFO:teuthology.orchestra.run.smithi018.stdout:/usr/bin/ceph: stderr
2023-07-20T18:08:53.219+0000 7f1c42a89700 1 --2- 172.21.15.18:0/2599716047 >> [v2:172.21.15.18:3300/0,v1:172.21.15.18:6789/0] conn(0x7f1c3c106bc0 0x7f1c3c106520 unknown :-1 s=CLOSED pgs=46 cs=0 l=1 rev1=1 crypto rx=0 tx=0 comp rx=0 tx=0).stop
2023-07-20T18:08:53.580 INFO:teuthology.orchestra.run.smithi018.stdout:/usr/bin/ceph: stderr
2023-07-20T18:08:53.219+0000 7f1c42a89700 1 -- 172.21.15.18:0/2599716047 >> 172.21.15.18:0/2599716047 conn(0x7f1c3c1005f0 msgr2=0x7f1c3c101360 unknown :-1 s=STATE_NONE l=0).mark_down
2023-07-20T18:08:53.580 INFO:teuthology.orchestra.run.smithi018.stdout:/usr/bin/ceph: stderr
2023-07-20T18:08:53.220+0000 7f1c42a89700 1 -- 172.21.15.18:0/2599716047 shutdown_connections
2023-07-20T18:08:53.581 INFO:teuthology.orchestra.run.smithi018.stdout:/usr/bin/ceph: stderr
2023-07-20T18:08:53.220+0000 7f1c42a89700 1 -- 172.21.15.18:0/2599716047 wait complete.
2023-07-20T18:08:53.581 INFO:teuthology.orchestra.run.smithi018.stdout:Deploying unmanaged mon service...
2023-07-20T18:08:54.516 INFO:journalctl@ceph.mon.a.smithi018.stdout:Jul 20 18:08:54 smithi018 ceph-mon[96581]: from='mgr.14120 172.21.15.18:0/3337569523' entity='mgr.x'
2023-07-20T18:08:54.516 INFO:journalctl@ceph.mon.a.smithi018.stdout:Jul 20 18:08:54 smithi018 ceph-mon[96581]: Added host smithi018
2023-07-20T18:08:54.516 INFO:journalctl@ceph.mon.a.smithi018.stdout:Jul 20 18:08:54 smithi018 ceph-mon[96581]: from='mgr.14120 172.21.15.18:0/3337569523' entity='mgr.x' cmd=[{"prefix": "config dump", "format": "json"}]: dispatch
2023-07-20T18:08:55.320 INFO:teuthology.orchestra.run.smithi018.stdout:/usr/bin/ceph: stdout Scheduled mon update...
2023-07-20T18:08:55.320 INFO:teuthology.orchestra.run.smithi018.stdout:/usr/bin/ceph: stderr
2023-07-20T18:08:54.087+0000 7fd5a2edc700 1 Processor -- start
2023-07-20T18:08:55.320 INFO:teuthology.orchestra.run.smithi018.stdout:/usr/bin/ceph: stderr
2023-07-20T18:08:54.087+0000 7fd5a2edc700 1 -- start start
2023-07-20T18:08:55.320 INFO:teuthology.orchestra.run.smithi018.stdout:/usr/bin/ceph: stderr
2023-07-20T18:08:54.087+0000 7fd5a2edc700 1 --2- >> [v2:172.21.15.18:3300/0,v1:172.21.15.18:6789/0] conn(0x7fd59c106110 0x7fd59c106530 unknown :-1 s=NONE pgs=0 cs=0 l=0 rev1=0 crypto rx=0 tx=0 comp rx=0 tx=0).connect
2023-07-20T18:08:55.320 INFO:teuthology.orchestra.run.smithi018.stdout:/usr/bin/ceph: stderr
2023-07-20T18:08:54.087+0000 7fd5a2edc700 1 -- --> [v2:172.21.15.18:3300/0,v1:172.21.15.18:6789/0] -- mon_getmap magic: 0 v1 -- 0x7fd59c106b00 con 0x7fd59c106110
2023-07-20T18:08:55.321 INFO:teuthology.orchestra.run.smithi018.stdout:/usr/bin/ceph: stderr
2023-07-20T18:08:54.087+0000 7fd5a0c78700 1 --2- >> [v2:172.21.15.18:3300/0,v1:172.21.15.18:6789/0] conn(0x7fd59c106110 0x7fd59c106530 unknown :-1 s=BANNER_CONNECTING pgs=0 cs=0 l=0 rev1=0 crypto rx=0 tx=0 comp rx=0 tx=0)._handle_peer_banner_payload supported=3 required=0
2023-07-20T18:08:55.321 INFO:teuthology.orchestra.run.smithi018.stdout:/usr/bin/ceph: stderr
2023-07-20T18:08:54.088+0000 7fd5a0c78700 1 --2- >> [v2:172.21.15.18:3300/0,v1:172.21.15.18:6789/0] conn(0x7fd59c106110 0x7fd59c106530 unknown :-1 s=HELLO_CONNECTING pgs=0 cs=0 l=0 rev1=1 crypto rx=0 tx=0 comp rx=0 tx=0).handle_hello peer v2:172.21.15.18:3300/0 says I am v2:172.21.15.18:42868/0 (socket says 172.21.15.18:42868)
2023-07-20T18:08:55.321 INFO:teuthology.orchestra.run.smithi018.stdout:/usr/bin/ceph: stderr
2023-07-20T18:08:54.088+0000 7fd5a0c78700 1 -- 172.21.15.18:0/3377061514 learned_addr learned my addr 172.21.15.18:0/3377061514 (peer_addr_for_me v2:172.21.15.18:0/0)
2023-07-20T18:08:55.321 INFO:teuthology.orchestra.run.smithi018.stdout:/usr/bin/ceph: stderr
2023-07-20T18:08:54.088+0000 7fd5a0c78700 1 -- 172.21.15.18:0/3377061514 --> [v2:172.21.15.18:3300/0,v1:172.21.15.18:6789/0] -- mon_subscribe({config=0+,monmap=0+}) v3 -- 0x7fd59c107310 con 0x7fd59c106110
2023-07-20T18:08:55.321 INFO:teuthology.orchestra.run.smithi018.stdout:/usr/bin/ceph: stderr
2023-07-20T18:08:54.088+0000 7fd5a0c78700 1 --2- 172.21.15.18:0/3377061514 >> [v2:172.21.15.18:3300/0,v1:172.21.15.18:6789/0] conn(0x7fd59c106110 0x7fd59c106530 secure :-1 s=READY pgs=47 cs=0 l=1 rev1=1 crypto rx=0x7fd5900098a0 tx=0x7fd590009bb0 comp rx=0 tx=0).ready entity=mon.0 client_cookie=ac1b50ddba497641 server_cookie=0 in_seq=0 out_seq=0
2023-07-20T18:08:55.321 INFO:teuthology.orchestra.run.smithi018.stdout:/usr/bin/ceph: stderr
2023-07-20T18:08:54.088+0000 7fd59b7fe700 1 -- 172.21.15.18:0/3377061514 <== mon.0 v2:172.21.15.18:3300/0 1 ==== mon_map magic: 0 v1 ==== 205+0+0 (secure 0 0 0) 0x7fd590004160 con 0x7fd59c106110
2023-07-20T18:08:55.322 INFO:teuthology.orchestra.run.smithi018.stdout:/usr/bin/ceph: stderr
2023-07-20T18:08:54.088+0000 7fd59b7fe700 1 -- 172.21.15.18:0/3377061514 <== mon.0 v2:172.21.15.18:3300/0 2 ==== config(26 keys) v1 ==== 1070+0+0 (secure 0 0 0) 0x7fd5900042c0 con 0x7fd59c106110
2023-07-20T18:08:55.322 INFO:teuthology.orchestra.run.smithi018.stdout:/usr/bin/ceph: stderr
2023-07-20T18:08:54.088+0000 7fd59b7fe700 1 -- 172.21.15.18:0/3377061514 <== mon.0 v2:172.21.15.18:3300/0 3 ==== mon_map magic: 0 v1 ==== 205+0+0 (secure 0 0 0) 0x7fd590011a50 con 0x7fd59c106110
2023-07-20T18:08:55.322 INFO:teuthology.orchestra.run.smithi018.stdout:/usr/bin/ceph: stderr
2023-07-20T18:08:54.089+0000 7fd5a2edc700 1 -- 172.21.15.18:0/3377061514 >> [v2:172.21.15.18:3300/0,v1:172.21.15.18:6789/0] conn(0x7fd59c106110 msgr2=0x7fd59c106530 secure :-1 s=STATE_CONNECTION_ESTABLISHED l=1).mark_down
2023-07-20T18:08:55.322 INFO:teuthology.orchestra.run.smithi018.stdout:/usr/bin/ceph: stderr
2023-07-20T18:08:54.089+0000 7fd5a2edc700 1 --2- 172.21.15.18:0/3377061514 >> [v2:172.21.15.18:3300/0,v1:172.21.15.18:6789/0] conn(0x7fd59c106110 0x7fd59c106530 secure :-1 s=READY pgs=47 cs=0 l=1 rev1=1 crypto rx=0x7fd5900098a0 tx=0x7fd590009bb0 comp rx=0 tx=0).stop
2023-07-20T18:08:55.323 INFO:teuthology.orchestra.run.smithi018.stdout:/usr/bin/ceph: stderr
2023-07-20T18:08:54.089+0000 7fd5a2edc700 1 -- 172.21.15.18:0/3377061514 shutdown_connections
2023-07-20T18:08:55.323 INFO:teuthology.orchestra.run.smithi018.stdout:/usr/bin/ceph: stderr
2023-07-20T18:08:54.089+0000 7fd5a2edc700 1 --2- 172.21.15.18:0/3377061514 >> [v2:172.21.15.18:3300/0,v1:172.21.15.18:6789/0] conn(0x7fd59c106110 0x7fd59c106530 unknown :-1 s=CLOSED pgs=47 cs=0 l=1 rev1=1 crypto rx=0 tx=0 comp rx=0 tx=0).stop
2023-07-20T18:08:55.323 INFO:teuthology.orchestra.run.smithi018.stdout:/usr/bin/ceph: stderr
2023-07-20T18:08:54.089+0000 7fd5a2edc700 1 -- 172.21.15.18:0/3377061514 >> 172.21.15.18:0/3377061514 conn(0x7fd59c1016d0 msgr2=0x7fd59c103af0 unknown :-1 s=STATE_NONE l=0).mark_down
2023-07-20T18:08:55.323 INFO:teuthology.orchestra.run.smithi018.stdout:/usr/bin/ceph: stderr
2023-07-20T18:08:54.089+0000 7fd5a2edc700 1 -- 172.21.15.18:0/3377061514 shutdown_connections
2023-07-20T18:08:55.324 INFO:teuthology.orchestra.run.smithi018.stdout:/usr/bin/ceph: stderr
2023-07-20T18:08:54.089+0000 7fd5a2edc700 1 -- 172.21.15.18:0/3377061514 wait complete.
2023-07-20T18:08:55.324 INFO:teuthology.orchestra.run.smithi018.stdout:/usr/bin/ceph: stderr
2023-07-20T18:08:54.090+0000 7fd5a2edc700 1 Processor -- start
2023-07-20T18:08:55.324 INFO:teuthology.orchestra.run.smithi018.stdout:/usr/bin/ceph: stderr
2023-07-20T18:08:54.090+0000 7fd5a2edc700 1 -- start start
2023-07-20T18:08:55.325 INFO:teuthology.orchestra.run.smithi018.stdout:/usr/bin/ceph: stderr
2023-07-20T18:08:54.090+0000 7fd5a2edc700 1 --2- >> [v2:172.21.15.18:3300/0,v1:172.21.15.18:6789/0] conn(0x7fd59c106110 0x7fd59c199d30 unknown :-1 s=NONE pgs=0 cs=0 l=1 rev1=0 crypto rx=0 tx=0 comp rx=0 tx=0).connect
2023-07-20T18:08:55.325 INFO:teuthology.orchestra.run.smithi018.stdout:/usr/bin/ceph: stderr
2023-07-20T18:08:54.090+0000 7fd5a2edc700 1 -- --> [v2:172.21.15.18:3300/0,v1:172.21.15.18:6789/0] -- mon_getmap magic: 0 v1 -- 0x7fd59c19a270 con 0x7fd59c106110
2023-07-20T18:08:55.326 INFO:teuthology.orchestra.run.smithi018.stdout:/usr/bin/ceph: stderr
2023-07-20T18:08:54.090+0000 7fd5a0c78700 1 --2- >> [v2:172.21.15.18:3300/0,v1:172.21.15.18:6789/0] conn(0x7fd59c106110 0x7fd59c199d30 unknown :-1 s=BANNER_CONNECTING pgs=0 cs=0 l=1 rev1=0 crypto rx=0 tx=0 comp rx=0 tx=0)._handle_peer_banner_payload supported=3 required=0
2023-07-20T18:08:55.326 INFO:teuthology.orchestra.run.smithi018.stdout:/usr/bin/ceph: stderr
2023-07-20T18:08:54.090+0000 7fd5a0c78700 1 --2- >> [v2:172.21.15.18:3300/0,v1:172.21.15.18:6789/0] conn(0x7fd59c106110 0x7fd59c199d30 unknown :-1 s=HELLO_CONNECTING pgs=0 cs=0 l=1 rev1=1 crypto rx=0 tx=0 comp rx=0 tx=0).handle_hello peer v2:172.21.15.18:3300/0 says I am v2:172.21.15.18:42870/0 (socket says 172.21.15.18:42870)
2023-07-20T18:08:55.326 INFO:teuthology.orchestra.run.smithi018.stdout:/usr/bin/ceph: stderr
2023-07-20T18:08:54.090+0000 7fd5a0c78700 1 -- 172.21.15.18:0/196711108 learned_addr learned my addr 172.21.15.18:0/196711108 (peer_addr_for_me v2:172.21.15.18:0/0)
2023-07-20T18:08:55.327 INFO:teuthology.orchestra.run.smithi018.stdout:/usr/bin/ceph: stderr
2023-07-20T18:08:54.090+0000 7fd5a0c78700 1 -- 172.21.15.18:0/196711108 --> [v2:172.21.15.18:3300/0,v1:172.21.15.18:6789/0] -- mon_subscribe({config=0+,monmap=0+}) v3 -- 0x7fd590009550 con 0x7fd59c106110
2023-07-20T18:08:55.327 INFO:teuthology.orchestra.run.smithi018.stdout:/usr/bin/ceph: stderr
2023-07-20T18:08:54.091+0000 7fd5a0c78700 1 --2- 172.21.15.18:0/196711108 >> [v2:172.21.15.18:3300/0,v1:172.21.15.18:6789/0] conn(0x7fd59c106110 0x7fd59c199d30 secure :-1 s=READY pgs=48 cs=0 l=1 rev1=1 crypto rx=0x7fd590006af0 tx=0x7fd590011ab0 comp rx=0 tx=0).ready entity=mon.0 client_cookie=0 server_cookie=0 in_seq=0 out_seq=0
2023-07-20T18:08:55.327 INFO:teuthology.orchestra.run.smithi018.stdout:/usr/bin/ceph: stderr
2023-07-20T18:08:54.091+0000 7fd599ffb700 1 -- 172.21.15.18:0/196711108 <== mon.0 v2:172.21.15.18:3300/0 1 ==== mon_map magic: 0 v1 ==== 205+0+0 (secure 0 0 0) 0x7fd590003a70 con 0x7fd59c106110
2023-07-20T18:08:55.327 INFO:teuthology.orchestra.run.smithi018.stdout:/usr/bin/ceph: stderr
2023-07-20T18:08:54.091+0000 7fd599ffb700 1 -- 172.21.15.18:0/196711108 <== mon.0 v2:172.21.15.18:3300/0 2 ==== config(26 keys) v1 ==== 1070+0+0 (secure 0 0 0) 0x7fd590003bd0 con 0x7fd59c106110
2023-07-20T18:08:55.328 INFO:teuthology.orchestra.run.smithi018.stdout:/usr/bin/ceph: stderr
2023-07-20T18:08:54.091+0000 7fd5a2edc700 1 -- 172.21.15.18:0/196711108 --> [v2:172.21.15.18:3300/0,v1:172.21.15.18:6789/0] -- mon_subscribe({mgrmap=0+}) v3 -- 0x7fd59c19a470 con 0x7fd59c106110
2023-07-20T18:08:55.329 INFO:teuthology.orchestra.run.smithi018.stdout:/usr/bin/ceph: stderr
2023-07-20T18:08:54.091+0000 7fd599ffb700 1 -- 172.21.15.18:0/196711108 <== mon.0 v2:172.21.15.18:3300/0 3 ==== mon_map magic: 0 v1 ==== 205+0+0 (secure 0 0 0) 0x7fd590019670 con 0x7fd59c106110
2023-07-20T18:08:55.329 INFO:teuthology.orchestra.run.smithi018.stdout:/usr/bin/ceph: stderr
2023-07-20T18:08:54.091+0000 7fd5a2edc700 1 -- 172.21.15.18:0/196711108 --> [v2:172.21.15.18:3300/0,v1:172.21.15.18:6789/0] -- mon_subscribe({osdmap=0}) v3 -- 0x7fd59c19a890 con 0x7fd59c106110
2023-07-20T18:08:55.329 INFO:teuthology.orchestra.run.smithi018.stdout:/usr/bin/ceph: stderr
2023-07-20T18:08:54.092+0000 7fd599ffb700 1 -- 172.21.15.18:0/196711108 <== mon.0 v2:172.21.15.18:3300/0 4 ==== mgrmap(e 8) v1 ==== 45483+0+0 (secure 0 0 0) 0x7fd59001a430 con 0x7fd59c106110
2023-07-20T18:08:55.329 INFO:teuthology.orchestra.run.smithi018.stdout:/usr/bin/ceph: stderr
2023-07-20T18:08:54.092+0000 7fd599ffb700 1 --2- 172.21.15.18:0/196711108 >> [v2:172.21.15.18:6800/4010992457,v1:172.21.15.18:6801/4010992457] conn(0x7fd58c0387d0 0x7fd58c03ac90 unknown :-1 s=NONE pgs=0 cs=0 l=1 rev1=0 crypto rx=0 tx=0 comp rx=0 tx=0).connect
2023-07-20T18:08:55.329 INFO:teuthology.orchestra.run.smithi018.stdout:/usr/bin/ceph: stderr
2023-07-20T18:08:54.092+0000 7fd599ffb700 1 -- 172.21.15.18:0/196711108 <== mon.0 v2:172.21.15.18:3300/0 5 ==== osd_map(2..2 src has 1..2) v4 ==== 940+0+0 (secure 0 0 0) 0x7fd59004ca40 con 0x7fd59c106110
2023-07-20T18:08:55.329 INFO:teuthology.orchestra.run.smithi018.stdout:/usr/bin/ceph: stderr
2023-07-20T18:08:54.092+0000 7fd5a2edc700 1 -- 172.21.15.18:0/196711108 --> [v2:172.21.15.18:3300/0,v1:172.21.15.18:6789/0] -- mon_command({"prefix": "get_command_descriptions"} v 0) v1 -- 0x7fd59c061da0 con 0x7fd59c106110
2023-07-20T18:08:55.330 INFO:teuthology.orchestra.run.smithi018.stdout:/usr/bin/ceph: stderr
2023-07-20T18:08:54.092+0000 7fd59bfff700 1 --2- 172.21.15.18:0/196711108 >> [v2:172.21.15.18:6800/4010992457,v1:172.21.15.18:6801/4010992457] conn(0x7fd58c0387d0 0x7fd58c03ac90 unknown :-1 s=BANNER_CONNECTING pgs=0 cs=0 l=1 rev1=0 crypto rx=0 tx=0 comp rx=0 tx=0)._handle_peer_banner_payload supported=3 required=0
2023-07-20T18:08:55.330 INFO:teuthology.orchestra.run.smithi018.stdout:/usr/bin/ceph: stderr
2023-07-20T18:08:54.093+0000 7fd59bfff700 1 --2- 172.21.15.18:0/196711108 >> [v2:172.21.15.18:6800/4010992457,v1:172.21.15.18:6801/4010992457] conn(0x7fd58c0387d0 0x7fd58c03ac90 secure :-1 s=READY pgs=12 cs=0 l=1 rev1=1 crypto rx=0x7fd588006fd0 tx=0x7fd588006e40 comp rx=0 tx=0).ready entity=mgr.14120 client_cookie=0 server_cookie=0 in_seq=0 out_seq=0
2023-07-20T18:08:55.330 INFO:teuthology.orchestra.run.smithi018.stdout:/usr/bin/ceph: stderr
2023-07-20T18:08:54.097+0000 7fd599ffb700 1 -- 172.21.15.18:0/196711108 <== mon.0 v2:172.21.15.18:3300/0 6 ==== mon_command_ack([{"prefix": "get_command_descriptions"}]=0 v0) v1 ==== 72+0+178025 (secure 0 0 0) 0x7fd59002d440 con 0x7fd59c106110
2023-07-20T18:08:55.330 INFO:teuthology.orchestra.run.smithi018.stdout:/usr/bin/ceph: stderr
2023-07-20T18:08:54.481+0000 7fd5a2edc700 1 -- 172.21.15.18:0/196711108 --> [v2:172.21.15.18:6800/4010992457,v1:172.21.15.18:6801/4010992457] -- mgr_command(tid 0: {"prefix": "orch apply", "service_type": "mon", "unmanaged": true, "target": ["mon-mgr", ""]}) v1 -- 0x7fd59c102b40 con 0x7fd58c0387d0
2023-07-20T18:08:55.330 INFO:teuthology.orchestra.run.smithi018.stdout:/usr/bin/ceph: stderr
2023-07-20T18:08:54.486+0000 7fd599ffb700 1 -- 172.21.15.18:0/196711108 <== mgr.14120 v2:172.21.15.18:6800/4010992457 1 ==== mgr_command_reply(tid 0: 0 ) v1 ==== 8+0+24 (secure 0 0 0) 0x7fd59c102b40 con 0x7fd58c0387d0
2023-07-20T18:08:55.330 INFO:teuthology.orchestra.run.smithi018.stdout:/usr/bin/ceph: stderr
2023-07-20T18:08:54.488+0000 7fd5a2edc700 1 -- 172.21.15.18:0/196711108 >> [v2:172.21.15.18:6800/4010992457,v1:172.21.15.18:6801/4010992457] conn(0x7fd58c0387d0 msgr2=0x7fd58c03ac90 secure :-1 s=STATE_CONNECTION_ESTABLISHED l=1).mark_down
2023-07-20T18:08:55.330 INFO:teuthology.orchestra.run.smithi018.stdout:/usr/bin/ceph: stderr
