2023-07-20T18:08:54.488+0000 7fd5a2edc700 1 --2- 172.21.15.18:0/196711108 >> [v2:172.21.15.18:6800/4010992457,v1:172.21.15.18:6801/4010992457] conn(0x7fd58c0387d0 0x7fd58c03ac90 secure :-1 s=READY pgs=12 cs=0 l=1 rev1=1 crypto rx=0x7fd588006fd0 tx=0x7fd588006e40 comp rx=0 tx=0).stop
2023-07-20T18:08:55.330 INFO:teuthology.orchestra.run.smithi018.stdout:/usr/bin/ceph: stderr
2023-07-20T18:08:54.488+0000 7fd5a2edc700 1 -- 172.21.15.18:0/196711108 >> [v2:172.21.15.18:3300/0,v1:172.21.15.18:6789/0] conn(0x7fd59c106110 msgr2=0x7fd59c199d30 secure :-1 s=STATE_CONNECTION_ESTABLISHED l=1).mark_down
2023-07-20T18:08:55.331 INFO:teuthology.orchestra.run.smithi018.stdout:/usr/bin/ceph: stderr
2023-07-20T18:08:54.488+0000 7fd5a2edc700 1 --2- 172.21.15.18:0/196711108 >> [v2:172.21.15.18:3300/0,v1:172.21.15.18:6789/0] conn(0x7fd59c106110 0x7fd59c199d30 secure :-1 s=READY pgs=48 cs=0 l=1 rev1=1 crypto rx=0x7fd590006af0 tx=0x7fd590011ab0 comp rx=0 tx=0).stop
2023-07-20T18:08:55.331 INFO:teuthology.orchestra.run.smithi018.stdout:/usr/bin/ceph: stderr
2023-07-20T18:08:54.488+0000 7fd5a2edc700 1 -- 172.21.15.18:0/196711108 shutdown_connections
2023-07-20T18:08:55.331 INFO:teuthology.orchestra.run.smithi018.stdout:/usr/bin/ceph: stderr
2023-07-20T18:08:54.488+0000 7fd5a2edc700 1 --2- 172.21.15.18:0/196711108 >> [v2:172.21.15.18:6800/4010992457,v1:172.21.15.18:6801/4010992457] conn(0x7fd58c0387d0 0x7fd58c03ac90 unknown :-1 s=CLOSED pgs=12 cs=0 l=1 rev1=1 crypto rx=0 tx=0 comp rx=0 tx=0).stop
2023-07-20T18:08:55.331 INFO:teuthology.orchestra.run.smithi018.stdout:/usr/bin/ceph: stderr
2023-07-20T18:08:54.488+0000 7fd5a2edc700 1 --2- 172.21.15.18:0/196711108 >> [v2:172.21.15.18:3300/0,v1:172.21.15.18:6789/0] conn(0x7fd59c106110 0x7fd59c199d30 unknown :-1 s=CLOSED pgs=48 cs=0 l=1 rev1=1 crypto rx=0 tx=0 comp rx=0 tx=0).stop
2023-07-20T18:08:55.331 INFO:teuthology.orchestra.run.smithi018.stdout:/usr/bin/ceph: stderr
2023-07-20T18:08:54.488+0000 7fd5a2edc700 1 -- 172.21.15.18:0/196711108 >> 172.21.15.18:0/196711108 conn(0x7fd59c1016d0 msgr2=0x7fd59c102430 unknown :-1 s=STATE_NONE l=0).mark_down
2023-07-20T18:08:55.331 INFO:teuthology.orchestra.run.smithi018.stdout:/usr/bin/ceph: stderr
2023-07-20T18:08:54.488+0000 7fd5a2edc700 1 -- 172.21.15.18:0/196711108 shutdown_connections
2023-07-20T18:08:55.331 INFO:teuthology.orchestra.run.smithi018.stdout:/usr/bin/ceph: stderr
2023-07-20T18:08:54.488+0000 7fd5a2edc700 1 -- 172.21.15.18:0/196711108 wait complete.
2023-07-20T18:08:55.332 INFO:teuthology.orchestra.run.smithi018.stdout:Deploying unmanaged mgr service...
2023-07-20T18:08:55.899 INFO:journalctl@ceph.mon.a.smithi018.stdout:Jul 20 18:08:55 smithi018 ceph-mon[96581]: from='client.14142 -' entity='client.admin' cmd=[{"prefix": "orch apply", "service_type": "mon", "unmanaged": true, "target": ["mon-mgr", ""]}]: dispatch
2023-07-20T18:08:55.899 INFO:journalctl@ceph.mon.a.smithi018.stdout:Jul 20 18:08:55 smithi018 ceph-mon[96581]: Saving service mon spec with placement count:5
2023-07-20T18:08:55.899 INFO:journalctl@ceph.mon.a.smithi018.stdout:Jul 20 18:08:55 smithi018 ceph-mon[96581]: from='mgr.14120 172.21.15.18:0/3337569523' entity='mgr.x'
2023-07-20T18:08:55.899 INFO:journalctl@ceph.mon.a.smithi018.stdout:Jul 20 18:08:55 smithi018 ceph-mon[96581]: from='mgr.14120 172.21.15.18:0/3337569523' entity='mgr.x'
2023-07-20T18:08:56.767 INFO:teuthology.orchestra.run.smithi018.stdout:/usr/bin/ceph: stdout Scheduled mgr update...
2023-07-20T18:08:56.767 INFO:teuthology.orchestra.run.smithi018.stdout:/usr/bin/ceph: stderr
2023-07-20T18:08:55.814+0000 7f57c040c700 1 Processor -- start
2023-07-20T18:08:56.768 INFO:teuthology.orchestra.run.smithi018.stdout:/usr/bin/ceph: stderr
2023-07-20T18:08:55.814+0000 7f57c040c700 1 -- start start
2023-07-20T18:08:56.768 INFO:teuthology.orchestra.run.smithi018.stdout:/usr/bin/ceph: stderr
2023-07-20T18:08:55.814+0000 7f57c040c700 1 --2- >> [v2:172.21.15.18:3300/0,v1:172.21.15.18:6789/0] conn(0x7f57b8106110 0x7f57b8106530 unknown :-1 s=NONE pgs=0 cs=0 l=0 rev1=0 crypto rx=0 tx=0 comp rx=0 tx=0).connect
2023-07-20T18:08:56.768 INFO:teuthology.orchestra.run.smithi018.stdout:/usr/bin/ceph: stderr
2023-07-20T18:08:55.814+0000 7f57c040c700 1 -- --> [v2:172.21.15.18:3300/0,v1:172.21.15.18:6789/0] -- mon_getmap magic: 0 v1 -- 0x7f57b8106b00 con 0x7f57b8106110
2023-07-20T18:08:56.768 INFO:teuthology.orchestra.run.smithi018.stdout:/usr/bin/ceph: stderr
2023-07-20T18:08:55.814+0000 7f57be1a8700 1 --2- >> [v2:172.21.15.18:3300/0,v1:172.21.15.18:6789/0] conn(0x7f57b8106110 0x7f57b8106530 unknown :-1 s=BANNER_CONNECTING pgs=0 cs=0 l=0 rev1=0 crypto rx=0 tx=0 comp rx=0 tx=0)._handle_peer_banner_payload supported=3 required=0
2023-07-20T18:08:56.768 INFO:teuthology.orchestra.run.smithi018.stdout:/usr/bin/ceph: stderr
2023-07-20T18:08:55.814+0000 7f57be1a8700 1 --2- >> [v2:172.21.15.18:3300/0,v1:172.21.15.18:6789/0] conn(0x7f57b8106110 0x7f57b8106530 unknown :-1 s=HELLO_CONNECTING pgs=0 cs=0 l=0 rev1=1 crypto rx=0 tx=0 comp rx=0 tx=0).handle_hello peer v2:172.21.15.18:3300/0 says I am v2:172.21.15.18:42874/0 (socket says 172.21.15.18:42874)
2023-07-20T18:08:56.769 INFO:teuthology.orchestra.run.smithi018.stdout:/usr/bin/ceph: stderr
2023-07-20T18:08:55.814+0000 7f57be1a8700 1 -- 172.21.15.18:0/3035686927 learned_addr learned my addr 172.21.15.18:0/3035686927 (peer_addr_for_me v2:172.21.15.18:0/0)
2023-07-20T18:08:56.769 INFO:teuthology.orchestra.run.smithi018.stdout:/usr/bin/ceph: stderr
2023-07-20T18:08:55.815+0000 7f57be1a8700 1 -- 172.21.15.18:0/3035686927 --> [v2:172.21.15.18:3300/0,v1:172.21.15.18:6789/0] -- mon_subscribe({config=0+,monmap=0+}) v3 -- 0x7f57b8107310 con 0x7f57b8106110
2023-07-20T18:08:56.769 INFO:teuthology.orchestra.run.smithi018.stdout:/usr/bin/ceph: stderr
2023-07-20T18:08:55.815+0000 7f57be1a8700 1 --2- 172.21.15.18:0/3035686927 >> [v2:172.21.15.18:3300/0,v1:172.21.15.18:6789/0] conn(0x7f57b8106110 0x7f57b8106530 secure :-1 s=READY pgs=49 cs=0 l=1 rev1=1 crypto rx=0x7f57b40098a0 tx=0x7f57b4009bb0 comp rx=0 tx=0).ready entity=mon.0 client_cookie=9ced417a4519096c server_cookie=0 in_seq=0 out_seq=0
2023-07-20T18:08:56.769 INFO:teuthology.orchestra.run.smithi018.stdout:/usr/bin/ceph: stderr
2023-07-20T18:08:55.815+0000 7f57bd1a6700 1 -- 172.21.15.18:0/3035686927 <== mon.0 v2:172.21.15.18:3300/0 1 ==== mon_map magic: 0 v1 ==== 205+0+0 (secure 0 0 0) 0x7f57b4004160 con 0x7f57b8106110
2023-07-20T18:08:56.770 INFO:teuthology.orchestra.run.smithi018.stdout:/usr/bin/ceph: stderr
2023-07-20T18:08:55.815+0000 7f57bd1a6700 1 -- 172.21.15.18:0/3035686927 <== mon.0 v2:172.21.15.18:3300/0 2 ==== config(26 keys) v1 ==== 1101+0+0 (secure 0 0 0) 0x7f57b40042c0 con 0x7f57b8106110
2023-07-20T18:08:56.770 INFO:teuthology.orchestra.run.smithi018.stdout:/usr/bin/ceph: stderr
2023-07-20T18:08:55.815+0000 7f57bd1a6700 1 -- 172.21.15.18:0/3035686927 <== mon.0 v2:172.21.15.18:3300/0 3 ==== mon_map magic: 0 v1 ==== 205+0+0 (secure 0 0 0) 0x7f57b40119b0 con 0x7f57b8106110
2023-07-20T18:08:56.770 INFO:teuthology.orchestra.run.smithi018.stdout:/usr/bin/ceph: stderr
2023-07-20T18:08:55.816+0000 7f57c040c700 1 -- 172.21.15.18:0/3035686927 >> [v2:172.21.15.18:3300/0,v1:172.21.15.18:6789/0] conn(0x7f57b8106110 msgr2=0x7f57b8106530 secure :-1 s=STATE_CONNECTION_ESTABLISHED l=1).mark_down
2023-07-20T18:08:56.770 INFO:teuthology.orchestra.run.smithi018.stdout:/usr/bin/ceph: stderr
2023-07-20T18:08:55.816+0000 7f57c040c700 1 --2- 172.21.15.18:0/3035686927 >> [v2:172.21.15.18:3300/0,v1:172.21.15.18:6789/0] conn(0x7f57b8106110 0x7f57b8106530 secure :-1 s=READY pgs=49 cs=0 l=1 rev1=1 crypto rx=0x7f57b40098a0 tx=0x7f57b4009bb0 comp rx=0 tx=0).stop
2023-07-20T18:08:56.770 INFO:teuthology.orchestra.run.smithi018.stdout:/usr/bin/ceph: stderr
2023-07-20T18:08:55.816+0000 7f57c040c700 1 -- 172.21.15.18:0/3035686927 shutdown_connections
2023-07-20T18:08:56.771 INFO:teuthology.orchestra.run.smithi018.stdout:/usr/bin/ceph: stderr
2023-07-20T18:08:55.816+0000 7f57c040c700 1 --2- 172.21.15.18:0/3035686927 >> [v2:172.21.15.18:3300/0,v1:172.21.15.18:6789/0] conn(0x7f57b8106110 0x7f57b8106530 unknown :-1 s=CLOSED pgs=49 cs=0 l=1 rev1=1 crypto rx=0 tx=0 comp rx=0 tx=0).stop
2023-07-20T18:08:56.771 INFO:teuthology.orchestra.run.smithi018.stdout:/usr/bin/ceph: stderr
2023-07-20T18:08:55.816+0000 7f57c040c700 1 -- 172.21.15.18:0/3035686927 >> 172.21.15.18:0/3035686927 conn(0x7f57b81016d0 msgr2=0x7f57b8103af0 unknown :-1 s=STATE_NONE l=0).mark_down
2023-07-20T18:08:56.771 INFO:teuthology.orchestra.run.smithi018.stdout:/usr/bin/ceph: stderr
2023-07-20T18:08:55.816+0000 7f57c040c700 1 -- 172.21.15.18:0/3035686927 shutdown_connections
2023-07-20T18:08:56.771 INFO:teuthology.orchestra.run.smithi018.stdout:/usr/bin/ceph: stderr
2023-07-20T18:08:55.816+0000 7f57c040c700 1 -- 172.21.15.18:0/3035686927 wait complete.
2023-07-20T18:08:56.772 INFO:teuthology.orchestra.run.smithi018.stdout:/usr/bin/ceph: stderr
2023-07-20T18:08:55.816+0000 7f57c040c700 1 Processor -- start
2023-07-20T18:08:56.772 INFO:teuthology.orchestra.run.smithi018.stdout:/usr/bin/ceph: stderr
2023-07-20T18:08:55.816+0000 7f57c040c700 1 -- start start
2023-07-20T18:08:56.772 INFO:teuthology.orchestra.run.smithi018.stdout:/usr/bin/ceph: stderr
2023-07-20T18:08:55.817+0000 7f57c040c700 1 --2- >> [v2:172.21.15.18:3300/0,v1:172.21.15.18:6789/0] conn(0x7f57b8106110 0x7f57b807bc40 unknown :-1 s=NONE pgs=0 cs=0 l=1 rev1=0 crypto rx=0 tx=0 comp rx=0 tx=0).connect
2023-07-20T18:08:56.772 INFO:teuthology.orchestra.run.smithi018.stdout:/usr/bin/ceph: stderr
2023-07-20T18:08:55.817+0000 7f57c040c700 1 -- --> [v2:172.21.15.18:3300/0,v1:172.21.15.18:6789/0] -- mon_getmap magic: 0 v1 -- 0x7f57b807c180 con 0x7f57b8106110
2023-07-20T18:08:56.772 INFO:teuthology.orchestra.run.smithi018.stdout:/usr/bin/ceph: stderr
2023-07-20T18:08:55.817+0000 7f57be1a8700 1 --2- >> [v2:172.21.15.18:3300/0,v1:172.21.15.18:6789/0] conn(0x7f57b8106110 0x7f57b807bc40 unknown :-1 s=BANNER_CONNECTING pgs=0 cs=0 l=1 rev1=0 crypto rx=0 tx=0 comp rx=0 tx=0)._handle_peer_banner_payload supported=3 required=0
2023-07-20T18:08:56.773 INFO:teuthology.orchestra.run.smithi018.stdout:/usr/bin/ceph: stderr
2023-07-20T18:08:55.817+0000 7f57be1a8700 1 --2- >> [v2:172.21.15.18:3300/0,v1:172.21.15.18:6789/0] conn(0x7f57b8106110 0x7f57b807bc40 unknown :-1 s=HELLO_CONNECTING pgs=0 cs=0 l=1 rev1=1 crypto rx=0 tx=0 comp rx=0 tx=0).handle_hello peer v2:172.21.15.18:3300/0 says I am v2:172.21.15.18:42876/0 (socket says 172.21.15.18:42876)
2023-07-20T18:08:56.773 INFO:teuthology.orchestra.run.smithi018.stdout:/usr/bin/ceph: stderr
2023-07-20T18:08:55.817+0000 7f57be1a8700 1 -- 172.21.15.18:0/6511378 learned_addr learned my addr 172.21.15.18:0/6511378 (peer_addr_for_me v2:172.21.15.18:0/0)
2023-07-20T18:08:56.773 INFO:teuthology.orchestra.run.smithi018.stdout:/usr/bin/ceph: stderr
2023-07-20T18:08:55.817+0000 7f57be1a8700 1 -- 172.21.15.18:0/6511378 --> [v2:172.21.15.18:3300/0,v1:172.21.15.18:6789/0] -- mon_subscribe({config=0+,monmap=0+}) v3 -- 0x7f57b4009550 con 0x7f57b8106110
2023-07-20T18:08:56.773 INFO:teuthology.orchestra.run.smithi018.stdout:/usr/bin/ceph: stderr
2023-07-20T18:08:55.817+0000 7f57be1a8700 1 --2- 172.21.15.18:0/6511378 >> [v2:172.21.15.18:3300/0,v1:172.21.15.18:6789/0] conn(0x7f57b8106110 0x7f57b807bc40 secure :-1 s=READY pgs=50 cs=0 l=1 rev1=1 crypto rx=0x7f57b4011980 tx=0x7f57b4011a60 comp rx=0 tx=0).ready entity=mon.0 client_cookie=0 server_cookie=0 in_seq=0 out_seq=0
2023-07-20T18:08:56.774 INFO:teuthology.orchestra.run.smithi018.stdout:/usr/bin/ceph: stderr
2023-07-20T18:08:55.817+0000 7f57af7fe700 1 -- 172.21.15.18:0/6511378 <== mon.0 v2:172.21.15.18:3300/0 1 ==== mon_map magic: 0 v1 ==== 205+0+0 (secure 0 0 0) 0x7f57b4003aa0 con 0x7f57b8106110
2023-07-20T18:08:56.774 INFO:teuthology.orchestra.run.smithi018.stdout:/usr/bin/ceph: stderr
2023-07-20T18:08:55.817+0000 7f57af7fe700 1 -- 172.21.15.18:0/6511378 <== mon.0 v2:172.21.15.18:3300/0 2 ==== config(26 keys) v1 ==== 1101+0+0 (secure 0 0 0) 0x7f57b4003c00 con 0x7f57b8106110
2023-07-20T18:08:56.774 INFO:teuthology.orchestra.run.smithi018.stdout:/usr/bin/ceph: stderr
2023-07-20T18:08:55.817+0000 7f57c040c700 1 -- 172.21.15.18:0/6511378 --> [v2:172.21.15.18:3300/0,v1:172.21.15.18:6789/0] -- mon_subscribe({mgrmap=0+}) v3 -- 0x7f57b807a290 con 0x7f57b8106110
2023-07-20T18:08:56.774 INFO:teuthology.orchestra.run.smithi018.stdout:/usr/bin/ceph: stderr
2023-07-20T18:08:55.817+0000 7f57af7fe700 1 -- 172.21.15.18:0/6511378 <== mon.0 v2:172.21.15.18:3300/0 3 ==== mon_map magic: 0 v1 ==== 205+0+0 (secure 0 0 0) 0x7f57b40247b0 con 0x7f57b8106110
2023-07-20T18:08:56.774 INFO:teuthology.orchestra.run.smithi018.stdout:/usr/bin/ceph: stderr
2023-07-20T18:08:55.817+0000 7f57c040c700 1 -- 172.21.15.18:0/6511378 --> [v2:172.21.15.18:3300/0,v1:172.21.15.18:6789/0] -- mon_subscribe({osdmap=0}) v3 -- 0x7f57b807a6b0 con 0x7f57b8106110
2023-07-20T18:08:56.775 INFO:teuthology.orchestra.run.smithi018.stdout:/usr/bin/ceph: stderr
2023-07-20T18:08:55.818+0000 7f57af7fe700 1 -- 172.21.15.18:0/6511378 <== mon.0 v2:172.21.15.18:3300/0 4 ==== mgrmap(e 8) v1 ==== 45483+0+0 (secure 0 0 0) 0x7f57b402d3f0 con 0x7f57b8106110
2023-07-20T18:08:56.775 INFO:teuthology.orchestra.run.smithi018.stdout:/usr/bin/ceph: stderr
2023-07-20T18:08:55.818+0000 7f57af7fe700 1 --2- 172.21.15.18:0/6511378 >> [v2:172.21.15.18:6800/4010992457,v1:172.21.15.18:6801/4010992457] conn(0x7f57a4038820 0x7f57a403ace0 unknown :-1 s=NONE pgs=0 cs=0 l=1 rev1=0 crypto rx=0 tx=0 comp rx=0 tx=0).connect
2023-07-20T18:08:56.775 INFO:teuthology.orchestra.run.smithi018.stdout:/usr/bin/ceph: stderr
2023-07-20T18:08:55.818+0000 7f57af7fe700 1 -- 172.21.15.18:0/6511378 <== mon.0 v2:172.21.15.18:3300/0 5 ==== osd_map(2..2 src has 1..2) v4 ==== 940+0+0 (secure 0 0 0) 0x7f57b404ccc0 con 0x7f57b8106110
2023-07-20T18:08:56.775 INFO:teuthology.orchestra.run.smithi018.stdout:/usr/bin/ceph: stderr
2023-07-20T18:08:55.819+0000 7f57bd9a7700 1 --2- 172.21.15.18:0/6511378 >> [v2:172.21.15.18:6800/4010992457,v1:172.21.15.18:6801/4010992457] conn(0x7f57a4038820 0x7f57a403ace0 unknown :-1 s=BANNER_CONNECTING pgs=0 cs=0 l=1 rev1=0 crypto rx=0 tx=0 comp rx=0 tx=0)._handle_peer_banner_payload supported=3 required=0
2023-07-20T18:08:56.776 INFO:teuthology.orchestra.run.smithi018.stdout:/usr/bin/ceph: stderr
2023-07-20T18:08:55.819+0000 7f57c040c700 1 -- 172.21.15.18:0/6511378 --> [v2:172.21.15.18:3300/0,v1:172.21.15.18:6789/0] -- mon_command({"prefix": "get_command_descriptions"} v 0) v1 -- 0x7f57b810a540 con 0x7f57b8106110
2023-07-20T18:08:56.776 INFO:teuthology.orchestra.run.smithi018.stdout:/usr/bin/ceph: stderr
2023-07-20T18:08:55.819+0000 7f57bd9a7700 1 --2- 172.21.15.18:0/6511378 >> [v2:172.21.15.18:6800/4010992457,v1:172.21.15.18:6801/4010992457] conn(0x7f57a4038820 0x7f57a403ace0 secure :-1 s=READY pgs=13 cs=0 l=1 rev1=1 crypto rx=0x7f57a8006fd0 tx=0x7f57a8006e40 comp rx=0 tx=0).ready entity=mgr.14120 client_cookie=0 server_cookie=0 in_seq=0 out_seq=0
2023-07-20T18:08:56.776 INFO:teuthology.orchestra.run.smithi018.stdout:/usr/bin/ceph: stderr
2023-07-20T18:08:55.823+0000 7f57af7fe700 1 -- 172.21.15.18:0/6511378 <== mon.0 v2:172.21.15.18:3300/0 6 ==== mon_command_ack([{"prefix": "get_command_descriptions"}]=0 v0) v1 ==== 72+0+178025 (secure 0 0 0) 0x7f57b4022900 con 0x7f57b8106110
2023-07-20T18:08:56.776 INFO:teuthology.orchestra.run.smithi018.stdout:/usr/bin/ceph: stderr
2023-07-20T18:08:56.208+0000 7f57c040c700 1 -- 172.21.15.18:0/6511378 --> [v2:172.21.15.18:6800/4010992457,v1:172.21.15.18:6801/4010992457] -- mgr_command(tid 0: {"prefix": "orch apply", "service_type": "mgr", "unmanaged": true, "target": ["mon-mgr", ""]}) v1 -- 0x7f57b807b080 con 0x7f57a4038820
2023-07-20T18:08:56.777 INFO:teuthology.orchestra.run.smithi018.stdout:/usr/bin/ceph: stderr
2023-07-20T18:08:56.213+0000 7f57af7fe700 1 -- 172.21.15.18:0/6511378 <== mgr.14120 v2:172.21.15.18:6800/4010992457 1 ==== mgr_command_reply(tid 0: 0 ) v1 ==== 8+0+24 (secure 0 0 0) 0x7f57b807b080 con 0x7f57a4038820
2023-07-20T18:08:56.777 INFO:teuthology.orchestra.run.smithi018.stdout:/usr/bin/ceph: stderr
2023-07-20T18:08:56.215+0000 7f57c040c700 1 -- 172.21.15.18:0/6511378 >> [v2:172.21.15.18:6800/4010992457,v1:172.21.15.18:6801/4010992457] conn(0x7f57a4038820 msgr2=0x7f57a403ace0 secure :-1 s=STATE_CONNECTION_ESTABLISHED l=1).mark_down
2023-07-20T18:08:56.777 INFO:teuthology.orchestra.run.smithi018.stdout:/usr/bin/ceph: stderr
2023-07-20T18:08:56.215+0000 7f57c040c700 1 --2- 172.21.15.18:0/6511378 >> [v2:172.21.15.18:6800/4010992457,v1:172.21.15.18:6801/4010992457] conn(0x7f57a4038820 0x7f57a403ace0 secure :-1 s=READY pgs=13 cs=0 l=1 rev1=1 crypto rx=0x7f57a8006fd0 tx=0x7f57a8006e40 comp rx=0 tx=0).stop
2023-07-20T18:08:56.777 INFO:teuthology.orchestra.run.smithi018.stdout:/usr/bin/ceph: stderr
2023-07-20T18:08:56.215+0000 7f57c040c700 1 -- 172.21.15.18:0/6511378 >> [v2:172.21.15.18:3300/0,v1:172.21.15.18:6789/0] conn(0x7f57b8106110 msgr2=0x7f57b807bc40 secure :-1 s=STATE_CONNECTION_ESTABLISHED l=1).mark_down
2023-07-20T18:08:56.777 INFO:teuthology.orchestra.run.smithi018.stdout:/usr/bin/ceph: stderr
2023-07-20T18:08:56.215+0000 7f57c040c700 1 --2- 172.21.15.18:0/6511378 >> [v2:172.21.15.18:3300/0,v1:172.21.15.18:6789/0] conn(0x7f57b8106110 0x7f57b807bc40 secure :-1 s=READY pgs=50 cs=0 l=1 rev1=1 crypto rx=0x7f57b4011980 tx=0x7f57b4011a60 comp rx=0 tx=0).stop
2023-07-20T18:08:56.777 INFO:teuthology.orchestra.run.smithi018.stdout:/usr/bin/ceph: stderr
2023-07-20T18:08:56.215+0000 7f57c040c700 1 -- 172.21.15.18:0/6511378 shutdown_connections
2023-07-20T18:08:56.778 INFO:teuthology.orchestra.run.smithi018.stdout:/usr/bin/ceph: stderr
2023-07-20T18:08:56.215+0000 7f57c040c700 1 --2- 172.21.15.18:0/6511378 >> [v2:172.21.15.18:6800/4010992457,v1:172.21.15.18:6801/4010992457] conn(0x7f57a4038820 0x7f57a403ace0 unknown :-1 s=CLOSED pgs=13 cs=0 l=1 rev1=1 crypto rx=0 tx=0 comp rx=0 tx=0).stop
2023-07-20T18:08:56.778 INFO:teuthology.orchestra.run.smithi018.stdout:/usr/bin/ceph: stderr
2023-07-20T18:08:56.215+0000 7f57c040c700 1 --2- 172.21.15.18:0/6511378 >> [v2:172.21.15.18:3300/0,v1:172.21.15.18:6789/0] conn(0x7f57b8106110 0x7f57b807bc40 unknown :-1 s=CLOSED pgs=50 cs=0 l=1 rev1=1 crypto rx=0 tx=0 comp rx=0 tx=0).stop
2023-07-20T18:08:56.778 INFO:teuthology.orchestra.run.smithi018.stdout:/usr/bin/ceph: stderr
2023-07-20T18:08:56.215+0000 7f57c040c700 1 -- 172.21.15.18:0/6511378 >> 172.21.15.18:0/6511378 conn(0x7f57b81016d0 msgr2=0x7f57b8102430 unknown :-1 s=STATE_NONE l=0).mark_down
2023-07-20T18:08:56.779 INFO:teuthology.orchestra.run.smithi018.stdout:/usr/bin/ceph: stderr
2023-07-20T18:08:56.215+0000 7f57c040c700 1 -- 172.21.15.18:0/6511378 shutdown_connections
2023-07-20T18:08:56.779 INFO:teuthology.orchestra.run.smithi018.stdout:/usr/bin/ceph: stderr
2023-07-20T18:08:56.215+0000 7f57c040c700 1 -- 172.21.15.18:0/6511378 wait complete.
2023-07-20T18:08:57.399 INFO:journalctl@ceph.mon.a.smithi018.stdout:Jul 20 18:08:56 smithi018 ceph-mon[96581]: from='mgr.14120 172.21.15.18:0/3337569523' entity='mgr.x'
2023-07-20T18:08:57.400 INFO:journalctl@ceph.mon.a.smithi018.stdout:Jul 20 18:08:56 smithi018 ceph-mon[96581]: from='client.14144 -' entity='client.admin' cmd=[{"prefix": "orch apply", "service_type": "mgr", "unmanaged": true, "target": ["mon-mgr", ""]}]: dispatch
2023-07-20T18:08:57.400 INFO:journalctl@ceph.mon.a.smithi018.stdout:Jul 20 18:08:56 smithi018 ceph-mon[96581]: Saving service mgr spec with placement count:2
2023-07-20T18:08:57.400 INFO:journalctl@ceph.mon.a.smithi018.stdout:Jul 20 18:08:56 smithi018 ceph-mon[96581]: from='mgr.14120 172.21.15.18:0/3337569523' entity='mgr.x'
2023-07-20T18:08:58.020 INFO:teuthology.orchestra.run.smithi018.stdout:/usr/bin/ceph: stderr
2023-07-20T18:08:57.241+0000 7f6b935b9700 1 Processor -- start
2023-07-20T18:08:58.020 INFO:teuthology.orchestra.run.smithi018.stdout:/usr/bin/ceph: stderr
2023-07-20T18:08:57.241+0000 7f6b935b9700 1 -- start start
2023-07-20T18:08:58.021 INFO:teuthology.orchestra.run.smithi018.stdout:/usr/bin/ceph: stderr
2023-07-20T18:08:57.241+0000 7f6b935b9700 1 --2- >> [v2:172.21.15.18:3300/0,v1:172.21.15.18:6789/0] conn(0x7f6b8c106bc0 0x7f6b8c108fb0 unknown :-1 s=NONE pgs=0 cs=0 l=0 rev1=0 crypto rx=0 tx=0 comp rx=0 tx=0).connect
2023-07-20T18:08:58.021 INFO:teuthology.orchestra.run.smithi018.stdout:/usr/bin/ceph: stderr
2023-07-20T18:08:57.241+0000 7f6b935b9700 1 -- --> [v2:172.21.15.18:3300/0,v1:172.21.15.18:6789/0] -- mon_getmap magic: 0 v1 -- 0x7f6b8c073f10 con 0x7f6b8c106bc0
2023-07-20T18:08:58.021 INFO:teuthology.orchestra.run.smithi018.stdout:/usr/bin/ceph: stderr
2023-07-20T18:08:57.242+0000 7f6b91355700 1 --2- >> [v2:172.21.15.18:3300/0,v1:172.21.15.18:6789/0] conn(0x7f6b8c106bc0 0x7f6b8c108fb0 unknown :-1 s=BANNER_CONNECTING pgs=0 cs=0 l=0 rev1=0 crypto rx=0 tx=0 comp rx=0 tx=0)._handle_peer_banner_payload supported=3 required=0
2023-07-20T18:08:58.021 INFO:teuthology.orchestra.run.smithi018.stdout:/usr/bin/ceph: stderr
2023-07-20T18:08:57.242+0000 7f6b91355700 1 --2- >> [v2:172.21.15.18:3300/0,v1:172.21.15.18:6789/0] conn(0x7f6b8c106bc0 0x7f6b8c108fb0 unknown :-1 s=HELLO_CONNECTING pgs=0 cs=0 l=0 rev1=1 crypto rx=0 tx=0 comp rx=0 tx=0).handle_hello peer v2:172.21.15.18:3300/0 says I am v2:172.21.15.18:42880/0 (socket says 172.21.15.18:42880)
2023-07-20T18:08:58.021 INFO:teuthology.orchestra.run.smithi018.stdout:/usr/bin/ceph: stderr
2023-07-20T18:08:57.242+0000 7f6b91355700 1 -- 172.21.15.18:0/330087179 learned_addr learned my addr 172.21.15.18:0/330087179 (peer_addr_for_me v2:172.21.15.18:0/0)
2023-07-20T18:08:58.021 INFO:teuthology.orchestra.run.smithi018.stdout:/usr/bin/ceph: stderr
2023-07-20T18:08:57.242+0000 7f6b91355700 1 -- 172.21.15.18:0/330087179 --> [v2:172.21.15.18:3300/0,v1:172.21.15.18:6789/0] -- mon_subscribe({config=0+,monmap=0+}) v3 -- 0x7f6b8c1094f0 con 0x7f6b8c106bc0
2023-07-20T18:08:58.021 INFO:teuthology.orchestra.run.smithi018.stdout:/usr/bin/ceph: stderr
2023-07-20T18:08:57.242+0000 7f6b91355700 1 --2- 172.21.15.18:0/330087179 >> [v2:172.21.15.18:3300/0,v1:172.21.15.18:6789/0] conn(0x7f6b8c106bc0 0x7f6b8c108fb0 secure :-1 s=READY pgs=51 cs=0 l=1 rev1=1 crypto rx=0x7f6b7c0098a0 tx=0x7f6b7c009bb0 comp rx=0 tx=0).ready entity=mon.0 client_cookie=f1d83f3810dfb865 server_cookie=0 in_seq=0 out_seq=0
2023-07-20T18:08:58.022 INFO:teuthology.orchestra.run.smithi018.stdout:/usr/bin/ceph: stderr
2023-07-20T18:08:57.242+0000 7f6b8bfff700 1 -- 172.21.15.18:0/330087179 <== mon.0 v2:172.21.15.18:3300/0 1 ==== mon_map magic: 0 v1 ==== 205+0+0 (secure 0 0 0) 0x7f6b7c004160 con 0x7f6b8c106bc0
2023-07-20T18:08:58.022 INFO:teuthology.orchestra.run.smithi018.stdout:/usr/bin/ceph: stderr
2023-07-20T18:08:57.242+0000 7f6b8bfff700 1 -- 172.21.15.18:0/330087179 <== mon.0 v2:172.21.15.18:3300/0 2 ==== config(26 keys) v1 ==== 1101+0+0 (secure 0 0 0) 0x7f6b7c0042c0 con 0x7f6b8c106bc0
2023-07-20T18:08:58.022 INFO:teuthology.orchestra.run.smithi018.stdout:/usr/bin/ceph: stderr
2023-07-20T18:08:57.242+0000 7f6b8bfff700 1 -- 172.21.15.18:0/330087179 <== mon.0 v2:172.21.15.18:3300/0 3 ==== mon_map magic: 0 v1 ==== 205+0+0 (secure 0 0 0) 0x7f6b7c0119b0 con 0x7f6b8c106bc0
2023-07-20T18:08:58.022 INFO:teuthology.orchestra.run.smithi018.stdout:/usr/bin/ceph: stderr
2023-07-20T18:08:57.243+0000 7f6b935b9700 1 -- 172.21.15.18:0/330087179 >> [v2:172.21.15.18:3300/0,v1:172.21.15.18:6789/0] conn(0x7f6b8c106bc0 msgr2=0x7f6b8c108fb0 secure :-1 s=STATE_CONNECTION_ESTABLISHED l=1).mark_down
2023-07-20T18:08:58.022 INFO:teuthology.orchestra.run.smithi018.stdout:/usr/bin/ceph: stderr
2023-07-20T18:08:57.243+0000 7f6b935b9700 1 --2- 172.21.15.18:0/330087179 >> [v2:172.21.15.18:3300/0,v1:172.21.15.18:6789/0] conn(0x7f6b8c106bc0 0x7f6b8c108fb0 secure :-1 s=READY pgs=51 cs=0 l=1 rev1=1 crypto rx=0x7f6b7c0098a0 tx=0x7f6b7c009bb0 comp rx=0 tx=0).stop
2023-07-20T18:08:58.022 INFO:teuthology.orchestra.run.smithi018.stdout:/usr/bin/ceph: stderr
2023-07-20T18:08:57.243+0000 7f6b935b9700 1 -- 172.21.15.18:0/330087179 shutdown_connections
2023-07-20T18:08:58.022 INFO:teuthology.orchestra.run.smithi018.stdout:/usr/bin/ceph: stderr
2023-07-20T18:08:57.243+0000 7f6b935b9700 1 --2- 172.21.15.18:0/330087179 >> [v2:172.21.15.18:3300/0,v1:172.21.15.18:6789/0] conn(0x7f6b8c106bc0 0x7f6b8c108fb0 unknown :-1 s=CLOSED pgs=51 cs=0 l=1 rev1=1 crypto rx=0 tx=0 comp rx=0 tx=0).stop
2023-07-20T18:08:58.023 INFO:teuthology.orchestra.run.smithi018.stdout:/usr/bin/ceph: stderr
2023-07-20T18:08:57.243+0000 7f6b935b9700 1 -- 172.21.15.18:0/330087179 >> 172.21.15.18:0/330087179 conn(0x7f6b8c1005f0 msgr2=0x7f6b8c102a10 unknown :-1 s=STATE_NONE l=0).mark_down
2023-07-20T18:08:58.023 INFO:teuthology.orchestra.run.smithi018.stdout:/usr/bin/ceph: stderr
2023-07-20T18:08:57.243+0000 7f6b935b9700 1 -- 172.21.15.18:0/330087179 shutdown_connections
2023-07-20T18:08:58.023 INFO:teuthology.orchestra.run.smithi018.stdout:/usr/bin/ceph: stderr
2023-07-20T18:08:57.243+0000 7f6b935b9700 1 -- 172.21.15.18:0/330087179 wait complete.
2023-07-20T18:08:58.023 INFO:teuthology.orchestra.run.smithi018.stdout:/usr/bin/ceph: stderr
2023-07-20T18:08:57.244+0000 7f6b935b9700 1 Processor -- start
2023-07-20T18:08:58.023 INFO:teuthology.orchestra.run.smithi018.stdout:/usr/bin/ceph: stderr
2023-07-20T18:08:57.244+0000 7f6b935b9700 1 -- start start
2023-07-20T18:08:58.023 INFO:teuthology.orchestra.run.smithi018.stdout:/usr/bin/ceph: stderr
2023-07-20T18:08:57.244+0000 7f6b935b9700 1 --2- >> [v2:172.21.15.18:3300/0,v1:172.21.15.18:6789/0] conn(0x7f6b8c106bc0 0x7f6b8c199cf0 unknown :-1 s=NONE pgs=0 cs=0 l=1 rev1=0 crypto rx=0 tx=0 comp rx=0 tx=0).connect
2023-07-20T18:08:58.024 INFO:teuthology.orchestra.run.smithi018.stdout:/usr/bin/ceph: stderr
2023-07-20T18:08:57.244+0000 7f6b935b9700 1 -- --> [v2:172.21.15.18:3300/0,v1:172.21.15.18:6789/0] -- mon_getmap magic: 0 v1 -- 0x7f6b8c19a230 con 0x7f6b8c106bc0
2023-07-20T18:08:58.024 INFO:teuthology.orchestra.run.smithi018.stdout:/usr/bin/ceph: stderr
2023-07-20T18:08:57.244+0000 7f6b91355700 1 --2- >> [v2:172.21.15.18:3300/0,v1:172.21.15.18:6789/0] conn(0x7f6b8c106bc0 0x7f6b8c199cf0 unknown :-1 s=BANNER_CONNECTING pgs=0 cs=0 l=1 rev1=0 crypto rx=0 tx=0 comp rx=0 tx=0)._handle_peer_banner_payload supported=3 required=0
2023-07-20T18:08:58.024 INFO:teuthology.orchestra.run.smithi018.stdout:/usr/bin/ceph: stderr
2023-07-20T18:08:57.244+0000 7f6b91355700 1 --2- >> [v2:172.21.15.18:3300/0,v1:172.21.15.18:6789/0] conn(0x7f6b8c106bc0 0x7f6b8c199cf0 unknown :-1 s=HELLO_CONNECTING pgs=0 cs=0 l=1 rev1=1 crypto rx=0 tx=0 comp rx=0 tx=0).handle_hello peer v2:172.21.15.18:3300/0 says I am v2:172.21.15.18:42882/0 (socket says 172.21.15.18:42882)
2023-07-20T18:08:58.024 INFO:teuthology.orchestra.run.smithi018.stdout:/usr/bin/ceph: stderr
2023-07-20T18:08:57.244+0000 7f6b91355700 1 -- 172.21.15.18:0/1566662267 learned_addr learned my addr 172.21.15.18:0/1566662267 (peer_addr_for_me v2:172.21.15.18:0/0)
2023-07-20T18:08:58.024 INFO:teuthology.orchestra.run.smithi018.stdout:/usr/bin/ceph: stderr
2023-07-20T18:08:57.245+0000 7f6b91355700 1 -- 172.21.15.18:0/1566662267 --> [v2:172.21.15.18:3300/0,v1:172.21.15.18:6789/0] -- mon_subscribe({config=0+,monmap=0+}) v3 -- 0x7f6b7c009550 con 0x7f6b8c106bc0
2023-07-20T18:08:58.024 INFO:teuthology.orchestra.run.smithi018.stdout:/usr/bin/ceph: stderr
2023-07-20T18:08:57.245+0000 7f6b91355700 1 --2- 172.21.15.18:0/1566662267 >> [v2:172.21.15.18:3300/0,v1:172.21.15.18:6789/0] conn(0x7f6b8c106bc0 0x7f6b8c199cf0 secure :-1 s=READY pgs=52 cs=0 l=1 rev1=1 crypto rx=0x7f6b7c011980 tx=0x7f6b7c011a60 comp rx=0 tx=0).ready entity=mon.0 client_cookie=0 server_cookie=0 in_seq=0 out_seq=0
2023-07-20T18:08:58.024 INFO:teuthology.orchestra.run.smithi018.stdout:/usr/bin/ceph: stderr
2023-07-20T18:08:57.245+0000 7f6b8a7fc700 1 -- 172.21.15.18:0/1566662267 <== mon.0 v2:172.21.15.18:3300/0 1 ==== mon_map magic: 0 v1 ==== 205+0+0 (secure 0 0 0) 0x7f6b7c003a60 con 0x7f6b8c106bc0
2023-07-20T18:08:58.025 INFO:teuthology.orchestra.run.smithi018.stdout:/usr/bin/ceph: stderr
2023-07-20T18:08:57.245+0000 7f6b8a7fc700 1 -- 172.21.15.18:0/1566662267 <== mon.0 v2:172.21.15.18:3300/0 2 ==== config(26 keys) v1 ==== 1101+0+0 (secure 0 0 0) 0x7f6b7c003bc0 con 0x7f6b8c106bc0
2023-07-20T18:08:58.025 INFO:teuthology.orchestra.run.smithi018.stdout:/usr/bin/ceph: stderr
2023-07-20T18:08:57.245+0000 7f6b8a7fc700 1 -- 172.21.15.18:0/1566662267 <== mon.0 v2:172.21.15.18:3300/0 3 ==== mon_map magic: 0 v1 ==== 205+0+0 (secure 0 0 0) 0x7f6b7c024810 con 0x7f6b8c106bc0
2023-07-20T18:08:58.025 INFO:teuthology.orchestra.run.smithi018.stdout:/usr/bin/ceph: stderr
2023-07-20T18:08:57.245+0000 7f6b935b9700 1 -- 172.21.15.18:0/1566662267 --> [v2:172.21.15.18:3300/0,v1:172.21.15.18:6789/0] -- mon_subscribe({mgrmap=0+}) v3 -- 0x7f6b8c19a430 con 0x7f6b8c106bc0
2023-07-20T18:08:58.025 INFO:teuthology.orchestra.run.smithi018.stdout:/usr/bin/ceph: stderr
2023-07-20T18:08:57.245+0000 7f6b935b9700 1 -- 172.21.15.18:0/1566662267 --> [v2:172.21.15.18:3300/0,v1:172.21.15.18:6789/0] -- mon_subscribe({osdmap=0}) v3 -- 0x7f6b8c19a850 con 0x7f6b8c106bc0
2023-07-20T18:08:58.025 INFO:teuthology.orchestra.run.smithi018.stdout:/usr/bin/ceph: stderr
2023-07-20T18:08:57.246+0000 7f6b8a7fc700 1 -- 172.21.15.18:0/1566662267 <== mon.0 v2:172.21.15.18:3300/0 4 ==== mgrmap(e 8) v1 ==== 45483+0+0 (secure 0 0 0) 0x7f6b7c01a430 con 0x7f6b8c106bc0
2023-07-20T18:08:58.025 INFO:teuthology.orchestra.run.smithi018.stdout:/usr/bin/ceph: stderr
2023-07-20T18:08:57.246+0000 7f6b8a7fc700 1 --2- 172.21.15.18:0/1566662267 >> [v2:172.21.15.18:6800/4010992457,v1:172.21.15.18:6801/4010992457] conn(0x7f6b74038820 0x7f6b7403ace0 unknown :-1 s=NONE pgs=0 cs=0 l=1 rev1=0 crypto rx=0 tx=0 comp rx=0 tx=0).connect
2023-07-20T18:08:58.025 INFO:teuthology.orchestra.run.smithi018.stdout:/usr/bin/ceph: stderr
2023-07-20T18:08:57.246+0000 7f6b935b9700 1 -- 172.21.15.18:0/1566662267 --> [v2:172.21.15.18:3300/0,v1:172.21.15.18:6789/0] -- mon_command({"prefix": "get_command_descriptions"} v 0) v1 -- 0x7f6b8c061da0 con 0x7f6b8c106bc0
2023-07-20T18:08:58.026 INFO:teuthology.orchestra.run.smithi018.stdout:/usr/bin/ceph: stderr
2023-07-20T18:08:57.246+0000 7f6b8a7fc700 1 -- 172.21.15.18:0/1566662267 <== mon.0 v2:172.21.15.18:3300/0 5 ==== osd_map(2..2 src has 1..2) v4 ==== 940+0+0 (secure 0 0 0) 0x7f6b7c04c910 con 0x7f6b8c106bc0
2023-07-20T18:08:58.026 INFO:teuthology.orchestra.run.smithi018.stdout:/usr/bin/ceph: stderr
2023-07-20T18:08:57.249+0000 7f6b90b54700 1 --2- 172.21.15.18:0/1566662267 >> [v2:172.21.15.18:6800/4010992457,v1:172.21.15.18:6801/4010992457] conn(0x7f6b74038820 0x7f6b7403ace0 unknown :-1 s=BANNER_CONNECTING pgs=0 cs=0 l=1 rev1=0 crypto rx=0 tx=0 comp rx=0 tx=0)._handle_peer_banner_payload supported=3 required=0
2023-07-20T18:08:58.026 INFO:teuthology.orchestra.run.smithi018.stdout:/usr/bin/ceph: stderr
2023-07-20T18:08:57.249+0000 7f6b90b54700 1 --2- 172.21.15.18:0/1566662267 >> [v2:172.21.15.18:6800/4010992457,v1:172.21.15.18:6801/4010992457] conn(0x7f6b74038820 0x7f6b7403ace0 secure :-1 s=READY pgs=14 cs=0 l=1 rev1=1 crypto rx=0x7f6b80006fd0 tx=0x7f6b80006e40 comp rx=0 tx=0).ready entity=mgr.14120 client_cookie=0 server_cookie=0 in_seq=0 out_seq=0
2023-07-20T18:08:58.026 INFO:teuthology.orchestra.run.smithi018.stdout:/usr/bin/ceph: stderr
2023-07-20T18:08:57.251+0000 7f6b8a7fc700 1 -- 172.21.15.18:0/1566662267 <== mon.0 v2:172.21.15.18:3300/0 6 ==== mon_command_ack([{"prefix": "get_command_descriptions"}]=0 v0) v1 ==== 72+0+178025 (secure 0 0 0) 0x7f6b7c022310 con 0x7f6b8c106bc0
2023-07-20T18:08:58.026 INFO:teuthology.orchestra.run.smithi018.stdout:/usr/bin/ceph: stderr
2023-07-20T18:08:57.624+0000 7f6b935b9700 1 -- 172.21.15.18:0/1566662267 --> [v2:172.21.15.18:3300/0,v1:172.21.15.18:6789/0] -- mon_command([{prefix=config set, name=mgr/cephadm/container_init}] v 0) v1 -- 0x7f6b8c19d250 con 0x7f6b8c106bc0
2023-07-20T18:08:58.026 INFO:teuthology.orchestra.run.smithi018.stdout:/usr/bin/ceph: stderr
2023-07-20T18:08:57.627+0000 7f6b8a7fc700 1 -- 172.21.15.18:0/1566662267 <== mon.0 v2:172.21.15.18:3300/0 7 ==== mon_command_ack([{prefix=config set, name=mgr/cephadm/container_init}]=0 v7)=0 v7) v1 ==== 142+0+0 (secure 0 0 0) 0x7f6b7c046220 con 0x7f6b8c106bc0
2023-07-20T18:08:58.026 INFO:teuthology.orchestra.run.smithi018.stdout:/usr/bin/ceph: stderr
2023-07-20T18:08:57.629+0000 7f6b935b9700 1 -- 172.21.15.18:0/1566662267 >> [v2:172.21.15.18:6800/4010992457,v1:172.21.15.18:6801/4010992457] conn(0x7f6b74038820 msgr2=0x7f6b7403ace0 secure :-1 s=STATE_CONNECTION_ESTABLISHED l=1).mark_down
2023-07-20T18:08:58.027 INFO:teuthology.orchestra.run.smithi018.stdout:/usr/bin/ceph: stderr
2023-07-20T18:08:57.629+0000 7f6b935b9700 1 --2- 172.21.15.18:0/1566662267 >> [v2:172.21.15.18:6800/4010992457,v1:172.21.15.18:6801/4010992457] conn(0x7f6b74038820 0x7f6b7403ace0 secure :-1 s=READY pgs=14 cs=0 l=1 rev1=1 crypto rx=0x7f6b80006fd0 tx=0x7f6b80006e40 comp rx=0 tx=0).stop
2023-07-20T18:08:58.027 INFO:teuthology.orchestra.run.smithi018.stdout:/usr/bin/ceph: stderr
2023-07-20T18:08:57.629+0000 7f6b935b9700 1 -- 172.21.15.18:0/1566662267 >> [v2:172.21.15.18:3300/0,v1:172.21.15.18:6789/0] conn(0x7f6b8c106bc0 msgr2=0x7f6b8c199cf0 secure :-1 s=STATE_CONNECTION_ESTABLISHED l=1).mark_down
2023-07-20T18:08:58.027 INFO:teuthology.orchestra.run.smithi018.stdout:/usr/bin/ceph: stderr
2023-07-20T18:08:57.629+0000 7f6b935b9700 1 --2- 172.21.15.18:0/1566662267 >> [v2:172.21.15.18:3300/0,v1:172.21.15.18:6789/0] conn(0x7f6b8c106bc0 0x7f6b8c199cf0 secure :-1 s=READY pgs=52 cs=0 l=1 rev1=1 crypto rx=0x7f6b7c011980 tx=0x7f6b7c011a60 comp rx=0 tx=0).stop
2023-07-20T18:08:58.027 INFO:teuthology.orchestra.run.smithi018.stdout:/usr/bin/ceph: stderr
2023-07-20T18:08:57.630+0000 7f6b935b9700 1 -- 172.21.15.18:0/1566662267 shutdown_connections
2023-07-20T18:08:58.027 INFO:teuthology.orchestra.run.smithi018.stdout:/usr/bin/ceph: stderr
2023-07-20T18:08:57.630+0000 7f6b935b9700 1 --2- 172.21.15.18:0/1566662267 >> [v2:172.21.15.18:6800/4010992457,v1:172.21.15.18:6801/4010992457] conn(0x7f6b74038820 0x7f6b7403ace0 unknown :-1 s=CLOSED pgs=14 cs=0 l=1 rev1=1 crypto rx=0 tx=0 comp rx=0 tx=0).stop
2023-07-20T18:08:58.027 INFO:teuthology.orchestra.run.smithi018.stdout:/usr/bin/ceph: stderr
2023-07-20T18:08:57.630+0000 7f6b935b9700 1 --2- 172.21.15.18:0/1566662267 >> [v2:172.21.15.18:3300/0,v1:172.21.15.18:6789/0] conn(0x7f6b8c106bc0 0x7f6b8c199cf0 unknown :-1 s=CLOSED pgs=52 cs=0 l=1 rev1=1 crypto rx=0 tx=0 comp rx=0 tx=0).stop
2023-07-20T18:08:58.028 INFO:teuthology.orchestra.run.smithi018.stdout:/usr/bin/ceph: stderr
2023-07-20T18:08:57.630+0000 7f6b935b9700 1 -- 172.21.15.18:0/1566662267 >> 172.21.15.18:0/1566662267 conn(0x7f6b8c1005f0 msgr2=0x7f6b8c1012d0 unknown :-1 s=STATE_NONE l=0).mark_down
2023-07-20T18:08:58.028 INFO:teuthology.orchestra.run.smithi018.stdout:/usr/bin/ceph: stderr
2023-07-20T18:08:57.630+0000 7f6b935b9700 1 -- 172.21.15.18:0/1566662267 shutdown_connections
2023-07-20T18:08:58.028 INFO:teuthology.orchestra.run.smithi018.stdout:/usr/bin/ceph: stderr
2023-07-20T18:08:57.630+0000 7f6b935b9700 1 -- 172.21.15.18:0/1566662267 wait complete.
2023-07-20T18:08:58.899 INFO:journalctl@ceph.mon.a.smithi018.stdout:Jul 20 18:08:58 smithi018 ceph-mon[96581]: from='client.? 172.21.15.18:0/1566662267' entity='client.admin'
2023-07-20T18:08:58.899 INFO:journalctl@ceph.mon.a.smithi018.stdout:Jul 20 18:08:58 smithi018 ceph-mon[96581]: from='mgr.14120 172.21.15.18:0/3337569523' entity='mgr.x'
2023-07-20T18:08:59.261 INFO:teuthology.orchestra.run.smithi018.stdout:/usr/bin/ceph: stderr
2023-07-20T18:08:58.510+0000 7f905162f700 1 Processor -- start
2023-07-20T18:08:59.262 INFO:teuthology.orchestra.run.smithi018.stdout:/usr/bin/ceph: stderr
2023-07-20T18:08:58.511+0000 7f905162f700 1 -- start start
2023-07-20T18:08:59.262 INFO:teuthology.orchestra.run.smithi018.stdout:/usr/bin/ceph: stderr
2023-07-20T18:08:58.511+0000 7f905162f700 1 --2- >> [v2:172.21.15.18:3300/0,v1:172.21.15.18:6789/0] conn(0x7f904c105020 0x7f904c105440 unknown :-1 s=NONE pgs=0 cs=0 l=0 rev1=0 crypto rx=0 tx=0 comp rx=0 tx=0).connect
2023-07-20T18:08:59.262 INFO:teuthology.orchestra.run.smithi018.stdout:/usr/bin/ceph: stderr
2023-07-20T18:08:58.511+0000 7f905162f700 1 -- --> [v2:172.21.15.18:3300/0,v1:172.21.15.18:6789/0] -- mon_getmap magic: 0 v1 -- 0x7f904c105a10 con 0x7f904c105020
2023-07-20T18:08:59.262 INFO:teuthology.orchestra.run.smithi018.stdout:/usr/bin/ceph: stderr
2023-07-20T18:08:58.511+0000 7f904affd700 1 --2- >> [v2:172.21.15.18:3300/0,v1:172.21.15.18:6789/0] conn(0x7f904c105020 0x7f904c105440 unknown :-1 s=BANNER_CONNECTING pgs=0 cs=0 l=0 rev1=0 crypto rx=0 tx=0 comp rx=0 tx=0)._handle_peer_banner_payload supported=3 required=0
2023-07-20T18:08:59.262 INFO:teuthology.orchestra.run.smithi018.stdout:/usr/bin/ceph: stderr
2023-07-20T18:08:58.511+0000 7f904affd700 1 --2- >> [v2:172.21.15.18:3300/0,v1:172.21.15.18:6789/0] conn(0x7f904c105020 0x7f904c105440 unknown :-1 s=HELLO_CONNECTING pgs=0 cs=0 l=0 rev1=1 crypto rx=0 tx=0 comp rx=0 tx=0).handle_hello peer v2:172.21.15.18:3300/0 says I am v2:172.21.15.18:42886/0 (socket says 172.21.15.18:42886)
2023-07-20T18:08:59.262 INFO:teuthology.orchestra.run.smithi018.stdout:/usr/bin/ceph: stderr
2023-07-20T18:08:58.511+0000 7f904affd700 1 -- 172.21.15.18:0/2176325530 learned_addr learned my addr 172.21.15.18:0/2176325530 (peer_addr_for_me v2:172.21.15.18:0/0)
2023-07-20T18:08:59.263 INFO:teuthology.orchestra.run.smithi018.stdout:/usr/bin/ceph: stderr
2023-07-20T18:08:58.512+0000 7f904affd700 1 -- 172.21.15.18:0/2176325530 --> [v2:172.21.15.18:3300/0,v1:172.21.15.18:6789/0] -- mon_subscribe({config=0+,monmap=0+}) v3 -- 0x7f904c106220 con 0x7f904c105020
2023-07-20T18:08:59.263 INFO:teuthology.orchestra.run.smithi018.stdout:/usr/bin/ceph: stderr
2023-07-20T18:08:58.512+0000 7f904affd700 1 --2- 172.21.15.18:0/2176325530 >> [v2:172.21.15.18:3300/0,v1:172.21.15.18:6789/0] conn(0x7f904c105020 0x7f904c105440 secure :-1 s=READY pgs=53 cs=0 l=1 rev1=1 crypto rx=0x7f903c0098a0 tx=0x7f903c009bb0 comp rx=0 tx=0).ready entity=mon.0 client_cookie=7c53ff89ec0d43aa server_cookie=0 in_seq=0 out_seq=0
2023-07-20T18:08:59.263 INFO:teuthology.orchestra.run.smithi018.stdout:/usr/bin/ceph: stderr
2023-07-20T18:08:58.512+0000 7f9049ffb700 1 -- 172.21.15.18:0/2176325530 <== mon.0 v2:172.21.15.18:3300/0 1 ==== mon_map magic: 0 v1 ==== 205+0+0 (secure 0 0 0) 0x7f903c004160 con 0x7f904c105020
2023-07-20T18:08:59.263 INFO:teuthology.orchestra.run.smithi018.stdout:/usr/bin/ceph: stderr
2023-07-20T18:08:58.512+0000 7f9049ffb700 1 -- 172.21.15.18:0/2176325530 <== mon.0 v2:172.21.15.18:3300/0 2 ==== config(26 keys) v1 ==== 1101+0+0 (secure 0 0 0) 0x7f903c0042c0 con 0x7f904c105020
2023-07-20T18:08:59.263 INFO:teuthology.orchestra.run.smithi018.stdout:/usr/bin/ceph: stderr
2023-07-20T18:08:58.512+0000 7f9049ffb700 1 -- 172.21.15.18:0/2176325530 <== mon.0 v2:172.21.15.18:3300/0 3 ==== mon_map magic: 0 v1 ==== 205+0+0 (secure 0 0 0) 0x7f903c0119b0 con 0x7f904c105020
2023-07-20T18:08:59.264 INFO:teuthology.orchestra.run.smithi018.stdout:/usr/bin/ceph: stderr
2023-07-20T18:08:58.513+0000 7f905162f700 1 -- 172.21.15.18:0/2176325530 >> [v2:172.21.15.18:3300/0,v1:172.21.15.18:6789/0] conn(0x7f904c105020 msgr2=0x7f904c105440 secure :-1 s=STATE_CONNECTION_ESTABLISHED l=1).mark_down
2023-07-20T18:08:59.264 INFO:teuthology.orchestra.run.smithi018.stdout:/usr/bin/ceph: stderr
2023-07-20T18:08:58.513+0000 7f905162f700 1 --2- 172.21.15.18:0/2176325530 >> [v2:172.21.15.18:3300/0,v1:172.21.15.18:6789/0] conn(0x7f904c105020 0x7f904c105440 secure :-1 s=READY pgs=53 cs=0 l=1 rev1=1 crypto rx=0x7f903c0098a0 tx=0x7f903c009bb0 comp rx=0 tx=0).stop
2023-07-20T18:08:59.264 INFO:teuthology.orchestra.run.smithi018.stdout:/usr/bin/ceph: stderr
2023-07-20T18:08:58.513+0000 7f905162f700 1 -- 172.21.15.18:0/2176325530 shutdown_connections
2023-07-20T18:08:59.265 INFO:teuthology.orchestra.run.smithi018.stdout:/usr/bin/ceph: stderr
2023-07-20T18:08:58.513+0000 7f905162f700 1 --2- 172.21.15.18:0/2176325530 >> [v2:172.21.15.18:3300/0,v1:172.21.15.18:6789/0] conn(0x7f904c105020 0x7f904c105440 unknown :-1 s=CLOSED pgs=53 cs=0 l=1 rev1=1 crypto rx=0 tx=0 comp rx=0 tx=0).stop
2023-07-20T18:08:59.265 INFO:teuthology.orchestra.run.smithi018.stdout:/usr/bin/ceph: stderr
2023-07-20T18:08:58.513+0000 7f905162f700 1 -- 172.21.15.18:0/2176325530 >> 172.21.15.18:0/2176325530 conn(0x7f904c100600 msgr2=0x7f904c102a20 unknown :-1 s=STATE_NONE l=0).mark_down
2023-07-20T18:08:59.265 INFO:teuthology.orchestra.run.smithi018.stdout:/usr/bin/ceph: stderr
2023-07-20T18:08:58.513+0000 7f905162f700 1 -- 172.21.15.18:0/2176325530 shutdown_connections
2023-07-20T18:08:59.265 INFO:teuthology.orchestra.run.smithi018.stdout:/usr/bin/ceph: stderr
2023-07-20T18:08:58.513+0000 7f905162f700 1 -- 172.21.15.18:0/2176325530 wait complete.
2023-07-20T18:08:59.266 INFO:teuthology.orchestra.run.smithi018.stdout:/usr/bin/ceph: stderr
2023-07-20T18:08:58.513+0000 7f905162f700 1 Processor -- start
2023-07-20T18:08:59.266 INFO:teuthology.orchestra.run.smithi018.stdout:/usr/bin/ceph: stderr
2023-07-20T18:08:58.513+0000 7f905162f700 1 -- start start
2023-07-20T18:08:59.266 INFO:teuthology.orchestra.run.smithi018.stdout:/usr/bin/ceph: stderr
2023-07-20T18:08:58.514+0000 7f905162f700 1 --2- >> [v2:172.21.15.18:3300/0,v1:172.21.15.18:6789/0] conn(0x7f904c105020 0x7f904c199d40 unknown :-1 s=NONE pgs=0 cs=0 l=1 rev1=0 crypto rx=0 tx=0 comp rx=0 tx=0).connect
2023-07-20T18:08:59.266 INFO:teuthology.orchestra.run.smithi018.stdout:/usr/bin/ceph: stderr
2023-07-20T18:08:58.514+0000 7f905162f700 1 -- --> [v2:172.21.15.18:3300/0,v1:172.21.15.18:6789/0] -- mon_getmap magic: 0 v1 -- 0x7f904c19a280 con 0x7f904c105020
2023-07-20T18:08:59.267 INFO:teuthology.orchestra.run.smithi018.stdout:/usr/bin/ceph: stderr
2023-07-20T18:08:58.514+0000 7f904affd700 1 --2- >> [v2:172.21.15.18:3300/0,v1:172.21.15.18:6789/0] conn(0x7f904c105020 0x7f904c199d40 unknown :-1 s=BANNER_CONNECTING pgs=0 cs=0 l=1 rev1=0 crypto rx=0 tx=0 comp rx=0 tx=0)._handle_peer_banner_payload supported=3 required=0
2023-07-20T18:08:59.267 INFO:teuthology.orchestra.run.smithi018.stdout:/usr/bin/ceph: stderr
2023-07-20T18:08:58.514+0000 7f904affd700 1 --2- >> [v2:172.21.15.18:3300/0,v1:172.21.15.18:6789/0] conn(0x7f904c105020 0x7f904c199d40 unknown :-1 s=HELLO_CONNECTING pgs=0 cs=0 l=1 rev1=1 crypto rx=0 tx=0 comp rx=0 tx=0).handle_hello peer v2:172.21.15.18:3300/0 says I am v2:172.21.15.18:42888/0 (socket says 172.21.15.18:42888)
2023-07-20T18:08:59.267 INFO:teuthology.orchestra.run.smithi018.stdout:/usr/bin/ceph: stderr
2023-07-20T18:08:58.514+0000 7f904affd700 1 -- 172.21.15.18:0/1591013152 learned_addr learned my addr 172.21.15.18:0/1591013152 (peer_addr_for_me v2:172.21.15.18:0/0)
2023-07-20T18:08:59.267 INFO:teuthology.orchestra.run.smithi018.stdout:/usr/bin/ceph: stderr
2023-07-20T18:08:58.514+0000 7f904affd700 1 -- 172.21.15.18:0/1591013152 --> [v2:172.21.15.18:3300/0,v1:172.21.15.18:6789/0] -- mon_subscribe({config=0+,monmap=0+}) v3 -- 0x7f903c009550 con 0x7f904c105020
2023-07-20T18:08:59.268 INFO:teuthology.orchestra.run.smithi018.stdout:/usr/bin/ceph: stderr
2023-07-20T18:08:58.514+0000 7f904affd700 1 --2- 172.21.15.18:0/1591013152 >> [v2:172.21.15.18:3300/0,v1:172.21.15.18:6789/0] conn(0x7f904c105020 0x7f904c199d40 secure :-1 s=READY pgs=54 cs=0 l=1 rev1=1 crypto rx=0x7f903c011980 tx=0x7f903c011a60 comp rx=0 tx=0).ready entity=mon.0 client_cookie=0 server_cookie=0 in_seq=0 out_seq=0
2023-07-20T18:08:59.268 INFO:teuthology.orchestra.run.smithi018.stdout:/usr/bin/ceph: stderr
2023-07-20T18:08:58.514+0000 7f9043fff700 1 -- 172.21.15.18:0/1591013152 <== mon.0 v2:172.21.15.18:3300/0 1 ==== mon_map magic: 0 v1 ==== 205+0+0 (secure 0 0 0) 0x7f903c003aa0 con 0x7f904c105020
2023-07-20T18:08:59.268 INFO:teuthology.orchestra.run.smithi018.stdout:/usr/bin/ceph: stderr
2023-07-20T18:08:58.514+0000 7f905162f700 1 -- 172.21.15.18:0/1591013152 --> [v2:172.21.15.18:3300/0,v1:172.21.15.18:6789/0] -- mon_subscribe({mgrmap=0+}) v3 -- 0x7f904c19a480 con 0x7f904c105020
2023-07-20T18:08:59.268 INFO:teuthology.orchestra.run.smithi018.stdout:/usr/bin/ceph: stderr
2023-07-20T18:08:58.514+0000 7f9043fff700 1 -- 172.21.15.18:0/1591013152 <== mon.0 v2:172.21.15.18:3300/0 2 ==== config(26 keys) v1 ==== 1101+0+0 (secure 0 0 0) 0x7f903c003c00 con 0x7f904c105020
2023-07-20T18:08:59.269 INFO:teuthology.orchestra.run.smithi018.stdout:/usr/bin/ceph: stderr
2023-07-20T18:08:58.514+0000 7f9043fff700 1 -- 172.21.15.18:0/1591013152 <== mon.0 v2:172.21.15.18:3300/0 3 ==== mon_map magic: 0 v1 ==== 205+0+0 (secure 0 0 0) 0x7f903c0247b0 con 0x7f904c105020
2023-07-20T18:08:59.269 INFO:teuthology.orchestra.run.smithi018.stdout:/usr/bin/ceph: stderr
2023-07-20T18:08:58.515+0000 7f905162f700 1 -- 172.21.15.18:0/1591013152 --> [v2:172.21.15.18:3300/0,v1:172.21.15.18:6789/0] -- mon_subscribe({osdmap=0}) v3 -- 0x7f904c19a8a0 con 0x7f904c105020
2023-07-20T18:08:59.269 INFO:teuthology.orchestra.run.smithi018.stdout:/usr/bin/ceph: stderr
2023-07-20T18:08:58.515+0000 7f9043fff700 1 -- 172.21.15.18:0/1591013152 <== mon.0 v2:172.21.15.18:3300/0 4 ==== mgrmap(e 8) v1 ==== 45483+0+0 (secure 0 0 0) 0x7f903c02d3f0 con 0x7f904c105020
2023-07-20T18:08:59.270 INFO:teuthology.orchestra.run.smithi018.stdout:/usr/bin/ceph: stderr
2023-07-20T18:08:58.516+0000 7f9043fff700 1 --2- 172.21.15.18:0/1591013152 >> [v2:172.21.15.18:6800/4010992457,v1:172.21.15.18:6801/4010992457] conn(0x7f90380387d0 0x7f903803ac90 unknown :-1 s=NONE pgs=0 cs=0 l=1 rev1=0 crypto rx=0 tx=0 comp rx=0 tx=0).connect
2023-07-20T18:08:59.270 INFO:teuthology.orchestra.run.smithi018.stdout:/usr/bin/ceph: stderr
2023-07-20T18:08:58.516+0000 7f9043fff700 1 -- 172.21.15.18:0/1591013152 <== mon.0 v2:172.21.15.18:3300/0 5 ==== osd_map(2..2 src has 1..2) v4 ==== 940+0+0 (secure 0 0 0) 0x7f903c04cd90 con 0x7f904c105020
2023-07-20T18:08:59.270 INFO:teuthology.orchestra.run.smithi018.stdout:/usr/bin/ceph: stderr
2023-07-20T18:08:58.516+0000 7f905162f700 1 -- 172.21.15.18:0/1591013152 --> [v2:172.21.15.18:3300/0,v1:172.21.15.18:6789/0] -- mon_command({"prefix": "get_command_descriptions"} v 0) v1 -- 0x7f904c061da0 con 0x7f904c105020
2023-07-20T18:08:59.271 INFO:teuthology.orchestra.run.smithi018.stdout:/usr/bin/ceph: stderr
2023-07-20T18:08:58.516+0000 7f904a7fc700 1 --2- 172.21.15.18:0/1591013152 >> [v2:172.21.15.18:6800/4010992457,v1:172.21.15.18:6801/4010992457] conn(0x7f90380387d0 0x7f903803ac90 unknown :-1 s=BANNER_CONNECTING pgs=0 cs=0 l=1 rev1=0 crypto rx=0 tx=0 comp rx=0 tx=0)._handle_peer_banner_payload supported=3 required=0
2023-07-20T18:08:59.271 INFO:teuthology.orchestra.run.smithi018.stdout:/usr/bin/ceph: stderr
2023-07-20T18:08:58.516+0000 7f904a7fc700 1 --2- 172.21.15.18:0/1591013152 >> [v2:172.21.15.18:6800/4010992457,v1:172.21.15.18:6801/4010992457] conn(0x7f90380387d0 0x7f903803ac90 secure :-1 s=READY pgs=15 cs=0 l=1 rev1=1 crypto rx=0x7f9034006fd0 tx=0x7f9034006e40 comp rx=0 tx=0).ready entity=mgr.14120 client_cookie=0 server_cookie=0 in_seq=0 out_seq=0
2023-07-20T18:08:59.271 INFO:teuthology.orchestra.run.smithi018.stdout:/usr/bin/ceph: stderr
2023-07-20T18:08:58.520+0000 7f9043fff700 1 -- 172.21.15.18:0/1591013152 <== mon.0 v2:172.21.15.18:3300/0 6 ==== mon_command_ack([{"prefix": "get_command_descriptions"}]=0 v0) v1 ==== 72+0+178025 (secure 0 0 0) 0x7f903c022900 con 0x7f904c105020
2023-07-20T18:08:59.272 INFO:teuthology.orchestra.run.smithi018.stdout:/usr/bin/ceph: stderr
2023-07-20T18:08:58.881+0000 7f905162f700 1 -- 172.21.15.18:0/1591013152 --> [v2:172.21.15.18:3300/0,v1:172.21.15.18:6789/0] -- mon_command([{prefix=config set, name=mgr/dashboard/ssl_server_port}] v 0) v1 -- 0x7f904c18ebd0 con 0x7f904c105020
2023-07-20T18:08:59.272 INFO:teuthology.orchestra.run.smithi018.stdout:/usr/bin/ceph: stderr
2023-07-20T18:08:58.885+0000 7f9043fff700 1 -- 172.21.15.18:0/1591013152 <== mon.0 v2:172.21.15.18:3300/0 7 ==== mon_command_ack([{prefix=config set, name=mgr/dashboard/ssl_server_port}]=0 v8)=0 v8) v1 ==== 130+0+0 (secure 0 0 0) 0x7f903c022310 con 0x7f904c105020
2023-07-20T18:08:59.272 INFO:teuthology.orchestra.run.smithi018.stdout:/usr/bin/ceph: stderr
2023-07-20T18:08:58.887+0000 7f905162f700 1 -- 172.21.15.18:0/1591013152 >> [v2:172.21.15.18:6800/4010992457,v1:172.21.15.18:6801/4010992457] conn(0x7f90380387d0 msgr2=0x7f903803ac90 secure :-1 s=STATE_CONNECTION_ESTABLISHED l=1).mark_down
2023-07-20T18:08:59.272 INFO:teuthology.orchestra.run.smithi018.stdout:/usr/bin/ceph: stderr
2023-07-20T18:08:58.887+0000 7f905162f700 1 --2- 172.21.15.18:0/1591013152 >> [v2:172.21.15.18:6800/4010992457,v1:172.21.15.18:6801/4010992457] conn(0x7f90380387d0 0x7f903803ac90 secure :-1 s=READY pgs=15 cs=0 l=1 rev1=1 crypto rx=0x7f9034006fd0 tx=0x7f9034006e40 comp rx=0 tx=0).stop
2023-07-20T18:08:59.273 INFO:teuthology.orchestra.run.smithi018.stdout:/usr/bin/ceph: stderr
2023-07-20T18:08:58.887+0000 7f905162f700 1 -- 172.21.15.18:0/1591013152 >> [v2:172.21.15.18:3300/0,v1:172.21.15.18:6789/0] conn(0x7f904c105020 msgr2=0x7f904c199d40 secure :-1 s=STATE_CONNECTION_ESTABLISHED l=1).mark_down
2023-07-20T18:08:59.273 INFO:teuthology.orchestra.run.smithi018.stdout:/usr/bin/ceph: stderr
2023-07-20T18:08:58.887+0000 7f905162f700 1 --2- 172.21.15.18:0/1591013152 >> [v2:172.21.15.18:3300/0,v1:172.21.15.18:6789/0] conn(0x7f904c105020 0x7f904c199d40 secure :-1 s=READY pgs=54 cs=0 l=1 rev1=1 crypto rx=0x7f903c011980 tx=0x7f903c011a60 comp rx=0 tx=0).stop
2023-07-20T18:08:59.273 INFO:teuthology.orchestra.run.smithi018.stdout:/usr/bin/ceph: stderr
2023-07-20T18:08:58.887+0000 7f905162f700 1 -- 172.21.15.18:0/1591013152 shutdown_connections
2023-07-20T18:08:59.273 INFO:teuthology.orchestra.run.smithi018.stdout:/usr/bin/ceph: stderr
2023-07-20T18:08:58.887+0000 7f905162f700 1 --2- 172.21.15.18:0/1591013152 >> [v2:172.21.15.18:6800/4010992457,v1:172.21.15.18:6801/4010992457] conn(0x7f90380387d0 0x7f903803ac90 unknown :-1 s=CLOSED pgs=15 cs=0 l=1 rev1=1 crypto rx=0 tx=0 comp rx=0 tx=0).stop
