2023-07-20T18:17:39.845+0000 7f0239dde700 1 --2- >> [v2:172.21.15.44:3300/0,v1:172.21.15.44:6789/0] conn(0x7f0234105f30 0x7f0234199b80 unknown :-1 s=HELLO_CONNECTING pgs=0 cs=0 l=1 rev1=1 crypto rx=0 tx=0 comp rx=0 tx=0).handle_hello peer v2:172.21.15.44:3300/0 says I am v2:172.21.15.44:56718/0 (socket says 172.21.15.44:56718)
2023-07-20T18:17:46.778 INFO:teuthology.orchestra.run.smithi044.stdout:/usr/bin/ceph: stderr
2023-07-20T18:17:39.845+0000 7f0239dde700 1 -- 172.21.15.44:0/2873451368 learned_addr learned my addr 172.21.15.44:0/2873451368 (peer_addr_for_me v2:172.21.15.44:0/0)
2023-07-20T18:17:46.778 INFO:teuthology.orchestra.run.smithi044.stdout:/usr/bin/ceph: stderr
2023-07-20T18:17:39.846+0000 7f0239dde700 1 -- 172.21.15.44:0/2873451368 --> [v2:172.21.15.44:3300/0,v1:172.21.15.44:6789/0] -- mon_subscribe({config=0+,monmap=0+}) v3 -- 0x7f0230009550 con 0x7f0234105f30
2023-07-20T18:17:46.778 INFO:teuthology.orchestra.run.smithi044.stdout:/usr/bin/ceph: stderr
2023-07-20T18:17:39.846+0000 7f0239dde700 1 --2- 172.21.15.44:0/2873451368 >> [v2:172.21.15.44:3300/0,v1:172.21.15.44:6789/0] conn(0x7f0234105f30 0x7f0234199b80 secure :-1 s=READY pgs=62 cs=0 l=1 rev1=1 crypto rx=0x7f02300118f0 tx=0x7f0230011920 comp rx=0 tx=0).ready entity=mon.0 client_cookie=0 server_cookie=0 in_seq=0 out_seq=0
2023-07-20T18:17:46.779 INFO:teuthology.orchestra.run.smithi044.stdout:/usr/bin/ceph: stderr
2023-07-20T18:17:39.846+0000 7f022affd700 1 -- 172.21.15.44:0/2873451368 <== mon.0 v2:172.21.15.44:3300/0 1 ==== mon_map magic: 0 v1 ==== 205+0+0 (secure 0 0 0) 0x7f02300036a0 con 0x7f0234105f30
2023-07-20T18:17:46.779 INFO:teuthology.orchestra.run.smithi044.stdout:/usr/bin/ceph: stderr
2023-07-20T18:17:39.846+0000 7f022affd700 1 -- 172.21.15.44:0/2873451368 <== mon.0 v2:172.21.15.44:3300/0 2 ==== config(25 keys) v1 ==== 1067+0+0 (secure 0 0 0) 0x7f0230024440 con 0x7f0234105f30
2023-07-20T18:17:46.779 INFO:teuthology.orchestra.run.smithi044.stdout:/usr/bin/ceph: stderr
2023-07-20T18:17:39.846+0000 7f022affd700 1 -- 172.21.15.44:0/2873451368 <== mon.0 v2:172.21.15.44:3300/0 3 ==== mon_map magic: 0 v1 ==== 205+0+0 (secure 0 0 0) 0x7f023001a430 con 0x7f0234105f30
2023-07-20T18:17:46.779 INFO:teuthology.orchestra.run.smithi044.stdout:/usr/bin/ceph: stderr
2023-07-20T18:17:39.846+0000 7f023c042700 1 -- 172.21.15.44:0/2873451368 --> [v2:172.21.15.44:3300/0,v1:172.21.15.44:6789/0] -- mon_subscribe({mgrmap=0+}) v3 -- 0x7f023419a2c0 con 0x7f0234105f30
2023-07-20T18:17:46.780 INFO:teuthology.orchestra.run.smithi044.stdout:/usr/bin/ceph: stderr
2023-07-20T18:17:39.846+0000 7f023c042700 1 -- 172.21.15.44:0/2873451368 --> [v2:172.21.15.44:3300/0,v1:172.21.15.44:6789/0] -- mon_subscribe({osdmap=0}) v3 -- 0x7f023419a6e0 con 0x7f0234105f30
2023-07-20T18:17:46.780 INFO:teuthology.orchestra.run.smithi044.stdout:/usr/bin/ceph: stderr
2023-07-20T18:17:39.847+0000 7f022affd700 1 -- 172.21.15.44:0/2873451368 <== mon.0 v2:172.21.15.44:3300/0 4 ==== mgrmap(e 9) v1 ==== 45496+0+0 (secure 0 0 0) 0x7f023001a6a0 con 0x7f0234105f30
2023-07-20T18:17:46.780 INFO:teuthology.orchestra.run.smithi044.stdout:/usr/bin/ceph: stderr
2023-07-20T18:17:39.847+0000 7f022affd700 1 --2- 172.21.15.44:0/2873451368 >> [v2:172.21.15.44:6800/2348071724,v1:172.21.15.44:6801/2348071724] conn(0x7f02200387b0 0x7f022003ac70 unknown :-1 s=NONE pgs=0 cs=0 l=1 rev1=0 crypto rx=0 tx=0 comp rx=0 tx=0).connect
2023-07-20T18:17:46.781 INFO:teuthology.orchestra.run.smithi044.stdout:/usr/bin/ceph: stderr
2023-07-20T18:17:39.847+0000 7f022affd700 1 -- 172.21.15.44:0/2873451368 --> [v2:172.21.15.44:6800/2348071724,v1:172.21.15.44:6801/2348071724] -- command(tid 0: {"prefix": "get_command_descriptions"}) v1 -- 0x7f022003b380 con 0x7f02200387b0
2023-07-20T18:17:46.781 INFO:teuthology.orchestra.run.smithi044.stdout:/usr/bin/ceph: stderr
2023-07-20T18:17:39.847+0000 7f022affd700 1 -- 172.21.15.44:0/2873451368 <== mon.0 v2:172.21.15.44:3300/0 5 ==== osd_map(2..2 src has 1..2) v4 ==== 940+0+0 (secure 0 0 0) 0x7f023004c620 con 0x7f0234105f30
2023-07-20T18:17:46.781 INFO:teuthology.orchestra.run.smithi044.stdout:/usr/bin/ceph: stderr
2023-07-20T18:17:39.847+0000 7f02395dd700 1 -- 172.21.15.44:0/2873451368 >> [v2:172.21.15.44:6800/2348071724,v1:172.21.15.44:6801/2348071724] conn(0x7f02200387b0 msgr2=0x7f022003ac70 unknown :-1 s=STATE_CONNECTING_RE l=1).process reconnect failed to v2:172.21.15.44:6800/2348071724
2023-07-20T18:17:46.781 INFO:teuthology.orchestra.run.smithi044.stdout:/usr/bin/ceph: stderr
2023-07-20T18:17:39.847+0000 7f02395dd700 1 --2- 172.21.15.44:0/2873451368 >> [v2:172.21.15.44:6800/2348071724,v1:172.21.15.44:6801/2348071724] conn(0x7f02200387b0 0x7f022003ac70 unknown :-1 s=START_CONNECT pgs=0 cs=0 l=1 rev1=0 crypto rx=0 tx=0 comp rx=0 tx=0)._fault waiting 0.200000
2023-07-20T18:17:46.782 INFO:teuthology.orchestra.run.smithi044.stdout:/usr/bin/ceph: stderr
2023-07-20T18:17:40.048+0000 7f02395dd700 1 -- 172.21.15.44:0/2873451368 >> [v2:172.21.15.44:6800/2348071724,v1:172.21.15.44:6801/2348071724] conn(0x7f02200387b0 msgr2=0x7f022003ac70 unknown :-1 s=STATE_CONNECTING_RE l=1).process reconnect failed to v2:172.21.15.44:6800/2348071724
2023-07-20T18:17:46.782 INFO:teuthology.orchestra.run.smithi044.stdout:/usr/bin/ceph: stderr
2023-07-20T18:17:40.048+0000 7f02395dd700 1 --2- 172.21.15.44:0/2873451368 >> [v2:172.21.15.44:6800/2348071724,v1:172.21.15.44:6801/2348071724] conn(0x7f02200387b0 0x7f022003ac70 unknown :-1 s=START_CONNECT pgs=0 cs=0 l=1 rev1=0 crypto rx=0 tx=0 comp rx=0 tx=0)._fault waiting 0.400000
2023-07-20T18:17:46.782 INFO:teuthology.orchestra.run.smithi044.stdout:/usr/bin/ceph: stderr
2023-07-20T18:17:40.449+0000 7f02395dd700 1 -- 172.21.15.44:0/2873451368 >> [v2:172.21.15.44:6800/2348071724,v1:172.21.15.44:6801/2348071724] conn(0x7f02200387b0 msgr2=0x7f022003ac70 unknown :-1 s=STATE_CONNECTING_RE l=1).process reconnect failed to v2:172.21.15.44:6800/2348071724
2023-07-20T18:17:46.782 INFO:teuthology.orchestra.run.smithi044.stdout:/usr/bin/ceph: stderr
2023-07-20T18:17:40.449+0000 7f02395dd700 1 --2- 172.21.15.44:0/2873451368 >> [v2:172.21.15.44:6800/2348071724,v1:172.21.15.44:6801/2348071724] conn(0x7f02200387b0 0x7f022003ac70 unknown :-1 s=START_CONNECT pgs=0 cs=0 l=1 rev1=0 crypto rx=0 tx=0 comp rx=0 tx=0)._fault waiting 0.800000
2023-07-20T18:17:46.783 INFO:teuthology.orchestra.run.smithi044.stdout:/usr/bin/ceph: stderr
2023-07-20T18:17:41.250+0000 7f02395dd700 1 -- 172.21.15.44:0/2873451368 >> [v2:172.21.15.44:6800/2348071724,v1:172.21.15.44:6801/2348071724] conn(0x7f02200387b0 msgr2=0x7f022003ac70 unknown :-1 s=STATE_CONNECTING_RE l=1).process reconnect failed to v2:172.21.15.44:6800/2348071724
2023-07-20T18:17:46.783 INFO:teuthology.orchestra.run.smithi044.stdout:/usr/bin/ceph: stderr
2023-07-20T18:17:41.250+0000 7f02395dd700 1 --2- 172.21.15.44:0/2873451368 >> [v2:172.21.15.44:6800/2348071724,v1:172.21.15.44:6801/2348071724] conn(0x7f02200387b0 0x7f022003ac70 unknown :-1 s=START_CONNECT pgs=0 cs=0 l=1 rev1=0 crypto rx=0 tx=0 comp rx=0 tx=0)._fault waiting 1.600000
2023-07-20T18:17:46.783 INFO:teuthology.orchestra.run.smithi044.stdout:/usr/bin/ceph: stderr
2023-07-20T18:17:42.851+0000 7f02395dd700 1 -- 172.21.15.44:0/2873451368 >> [v2:172.21.15.44:6800/2348071724,v1:172.21.15.44:6801/2348071724] conn(0x7f02200387b0 msgr2=0x7f022003ac70 unknown :-1 s=STATE_CONNECTING_RE l=1).process reconnect failed to v2:172.21.15.44:6800/2348071724
2023-07-20T18:17:46.783 INFO:teuthology.orchestra.run.smithi044.stdout:/usr/bin/ceph: stderr
2023-07-20T18:17:42.851+0000 7f02395dd700 1 --2- 172.21.15.44:0/2873451368 >> [v2:172.21.15.44:6800/2348071724,v1:172.21.15.44:6801/2348071724] conn(0x7f02200387b0 0x7f022003ac70 unknown :-1 s=START_CONNECT pgs=0 cs=0 l=1 rev1=0 crypto rx=0 tx=0 comp rx=0 tx=0)._fault waiting 3.200000
2023-07-20T18:17:46.783 INFO:teuthology.orchestra.run.smithi044.stdout:/usr/bin/ceph: stderr
2023-07-20T18:17:45.403+0000 7f022affd700 1 -- 172.21.15.44:0/2873451368 <== mon.0 v2:172.21.15.44:3300/0 6 ==== mgrmap(e 10) v1 ==== 45263+0+0 (secure 0 0 0) 0x7f023001ab80 con 0x7f0234105f30
2023-07-20T18:17:46.784 INFO:teuthology.orchestra.run.smithi044.stdout:/usr/bin/ceph: stderr
2023-07-20T18:17:45.403+0000 7f022affd700 1 -- 172.21.15.44:0/2873451368 >> [v2:172.21.15.44:6800/2348071724,v1:172.21.15.44:6801/2348071724] conn(0x7f02200387b0 msgr2=0x7f022003ac70 unknown :-1 s=STATE_CONNECTING l=1).mark_down
2023-07-20T18:17:46.784 INFO:teuthology.orchestra.run.smithi044.stdout:/usr/bin/ceph: stderr
2023-07-20T18:17:45.403+0000 7f022affd700 1 --2- 172.21.15.44:0/2873451368 >> [v2:172.21.15.44:6800/2348071724,v1:172.21.15.44:6801/2348071724] conn(0x7f02200387b0 0x7f022003ac70 unknown :-1 s=START_CONNECT pgs=0 cs=0 l=1 rev1=0 crypto rx=0 tx=0 comp rx=0 tx=0).stop
2023-07-20T18:17:46.784 INFO:teuthology.orchestra.run.smithi044.stdout:/usr/bin/ceph: stderr
2023-07-20T18:17:46.406+0000 7f022affd700 1 -- 172.21.15.44:0/2873451368 <== mon.0 v2:172.21.15.44:3300/0 7 ==== mgrmap(e 11) v1 ==== 45390+0+0 (secure 0 0 0) 0x7f023004e350 con 0x7f0234105f30
2023-07-20T18:17:46.784 INFO:teuthology.orchestra.run.smithi044.stdout:/usr/bin/ceph: stderr
2023-07-20T18:17:46.406+0000 7f022affd700 1 --2- 172.21.15.44:0/2873451368 >> [v2:172.21.15.44:6800/1925024929,v1:172.21.15.44:6801/1925024929] conn(0x7f022003c230 0x7f022003e620 unknown :-1 s=NONE pgs=0 cs=0 l=1 rev1=0 crypto rx=0 tx=0 comp rx=0 tx=0).connect
2023-07-20T18:17:46.785 INFO:teuthology.orchestra.run.smithi044.stdout:/usr/bin/ceph: stderr
2023-07-20T18:17:46.406+0000 7f022affd700 1 -- 172.21.15.44:0/2873451368 --> [v2:172.21.15.44:6800/1925024929,v1:172.21.15.44:6801/1925024929] -- command(tid 0: {"prefix": "get_command_descriptions"}) v1 -- 0x7f022003b380 con 0x7f022003c230
2023-07-20T18:17:46.785 INFO:teuthology.orchestra.run.smithi044.stdout:/usr/bin/ceph: stderr
2023-07-20T18:17:46.406+0000 7f02395dd700 1 --2- 172.21.15.44:0/2873451368 >> [v2:172.21.15.44:6800/1925024929,v1:172.21.15.44:6801/1925024929] conn(0x7f022003c230 0x7f022003e620 unknown :-1 s=BANNER_CONNECTING pgs=0 cs=0 l=1 rev1=0 crypto rx=0 tx=0 comp rx=0 tx=0)._handle_peer_banner_payload supported=3 required=0
2023-07-20T18:17:46.785 INFO:teuthology.orchestra.run.smithi044.stdout:/usr/bin/ceph: stderr
2023-07-20T18:17:46.407+0000 7f02395dd700 1 --2- 172.21.15.44:0/2873451368 >> [v2:172.21.15.44:6800/1925024929,v1:172.21.15.44:6801/1925024929] conn(0x7f022003c230 0x7f022003e620 secure :-1 s=READY pgs=1 cs=0 l=1 rev1=1 crypto rx=0x7f0224003a10 tx=0x7f0224009270 comp rx=0 tx=0).ready entity=mgr.14152 client_cookie=0 server_cookie=0 in_seq=0 out_seq=0
2023-07-20T18:17:46.785 INFO:teuthology.orchestra.run.smithi044.stdout:/usr/bin/ceph: stderr
2023-07-20T18:17:46.408+0000 7f022affd700 1 -- 172.21.15.44:0/2873451368 <== mgr.14152 v2:172.21.15.44:6800/1925024929 1 ==== command_reply(tid 0: 0 ) v1 ==== 8+0+6910 (secure 0 0 0) 0x7f022003b380 con 0x7f022003c230
2023-07-20T18:17:46.786 INFO:teuthology.orchestra.run.smithi044.stdout:/usr/bin/ceph: stderr
2023-07-20T18:17:46.418+0000 7f023c042700 1 -- 172.21.15.44:0/2873451368 --> [v2:172.21.15.44:6800/1925024929,v1:172.21.15.44:6801/1925024929] -- command(tid 1: {"prefix": "mgr_status"}) v1 -- 0x7f023419ab10 con 0x7f022003c230
2023-07-20T18:17:46.786 INFO:teuthology.orchestra.run.smithi044.stdout:/usr/bin/ceph: stderr
2023-07-20T18:17:46.419+0000 7f022affd700 1 -- 172.21.15.44:0/2873451368 <== mgr.14152 v2:172.21.15.44:6800/1925024929 2 ==== command_reply(tid 1: 0 ) v1 ==== 8+0+52 (secure 0 0 0) 0x7f023419ab10 con 0x7f022003c230
2023-07-20T18:17:46.786 INFO:teuthology.orchestra.run.smithi044.stdout:/usr/bin/ceph: stderr
2023-07-20T18:17:46.419+0000 7f023c042700 1 -- 172.21.15.44:0/2873451368 >> [v2:172.21.15.44:6800/1925024929,v1:172.21.15.44:6801/1925024929] conn(0x7f022003c230 msgr2=0x7f022003e620 secure :-1 s=STATE_CONNECTION_ESTABLISHED l=1).mark_down
2023-07-20T18:17:46.786 INFO:teuthology.orchestra.run.smithi044.stdout:/usr/bin/ceph: stderr
2023-07-20T18:17:46.419+0000 7f023c042700 1 --2- 172.21.15.44:0/2873451368 >> [v2:172.21.15.44:6800/1925024929,v1:172.21.15.44:6801/1925024929] conn(0x7f022003c230 0x7f022003e620 secure :-1 s=READY pgs=1 cs=0 l=1 rev1=1 crypto rx=0x7f0224003a10 tx=0x7f0224009270 comp rx=0 tx=0).stop
2023-07-20T18:17:46.786 INFO:teuthology.orchestra.run.smithi044.stdout:/usr/bin/ceph: stderr
2023-07-20T18:17:46.419+0000 7f023c042700 1 -- 172.21.15.44:0/2873451368 >> [v2:172.21.15.44:3300/0,v1:172.21.15.44:6789/0] conn(0x7f0234105f30 msgr2=0x7f0234199b80 secure :-1 s=STATE_CONNECTION_ESTABLISHED l=1).mark_down
2023-07-20T18:17:46.787 INFO:teuthology.orchestra.run.smithi044.stdout:/usr/bin/ceph: stderr
2023-07-20T18:17:46.419+0000 7f023c042700 1 --2- 172.21.15.44:0/2873451368 >> [v2:172.21.15.44:3300/0,v1:172.21.15.44:6789/0] conn(0x7f0234105f30 0x7f0234199b80 secure :-1 s=READY pgs=62 cs=0 l=1 rev1=1 crypto rx=0x7f02300118f0 tx=0x7f0230011920 comp rx=0 tx=0).stop
2023-07-20T18:17:46.787 INFO:teuthology.orchestra.run.smithi044.stdout:/usr/bin/ceph: stderr
2023-07-20T18:17:46.419+0000 7f023c042700 1 -- 172.21.15.44:0/2873451368 shutdown_connections
2023-07-20T18:17:46.787 INFO:teuthology.orchestra.run.smithi044.stdout:/usr/bin/ceph: stderr
2023-07-20T18:17:46.419+0000 7f023c042700 1 --2- 172.21.15.44:0/2873451368 >> [v2:172.21.15.44:3300/0,v1:172.21.15.44:6789/0] conn(0x7f0234105f30 0x7f0234199b80 unknown :-1 s=CLOSED pgs=62 cs=0 l=1 rev1=1 crypto rx=0 tx=0 comp rx=0 tx=0).stop
2023-07-20T18:17:46.787 INFO:teuthology.orchestra.run.smithi044.stdout:/usr/bin/ceph: stderr
2023-07-20T18:17:46.419+0000 7f023c042700 1 --2- 172.21.15.44:0/2873451368 >> [v2:172.21.15.44:6800/1925024929,v1:172.21.15.44:6801/1925024929] conn(0x7f022003c230 0x7f022003e620 unknown :-1 s=CLOSED pgs=1 cs=0 l=1 rev1=1 crypto rx=0 tx=0 comp rx=0 tx=0).stop
2023-07-20T18:17:46.787 INFO:teuthology.orchestra.run.smithi044.stdout:/usr/bin/ceph: stderr
2023-07-20T18:17:46.419+0000 7f023c042700 1 --2- 172.21.15.44:0/2873451368 >> [v2:172.21.15.44:6800/2348071724,v1:172.21.15.44:6801/2348071724] conn(0x7f02200387b0 0x7f022003ac70 unknown :-1 s=CLOSED pgs=0 cs=0 l=1 rev1=0 crypto rx=0 tx=0 comp rx=0 tx=0).stop
2023-07-20T18:17:46.788 INFO:teuthology.orchestra.run.smithi044.stdout:/usr/bin/ceph: stderr
2023-07-20T18:17:46.419+0000 7f023c042700 1 -- 172.21.15.44:0/2873451368 >> 172.21.15.44:0/2873451368 conn(0x7f02341014f0 msgr2=0x7f02341022b0 unknown :-1 s=STATE_NONE l=0).mark_down
2023-07-20T18:17:46.788 INFO:teuthology.orchestra.run.smithi044.stdout:/usr/bin/ceph: stderr
2023-07-20T18:17:46.419+0000 7f023c042700 1 -- 172.21.15.44:0/2873451368 shutdown_connections
2023-07-20T18:17:46.788 INFO:teuthology.orchestra.run.smithi044.stdout:/usr/bin/ceph: stderr
2023-07-20T18:17:46.419+0000 7f023c042700 1 -- 172.21.15.44:0/2873451368 wait complete.
2023-07-20T18:17:46.789 INFO:teuthology.orchestra.run.smithi044.stdout:mgr epoch 9 is available
2023-07-20T18:17:46.789 INFO:teuthology.orchestra.run.smithi044.stdout:Generating a dashboard self-signed certificate...
2023-07-20T18:17:48.259 INFO:teuthology.orchestra.run.smithi044.stdout:/usr/bin/ceph: stdout Self-signed certificate created
2023-07-20T18:17:48.259 INFO:teuthology.orchestra.run.smithi044.stdout:/usr/bin/ceph: stderr
2023-07-20T18:17:47.431+0000 7f46be70c700 1 Processor -- start
2023-07-20T18:17:48.259 INFO:teuthology.orchestra.run.smithi044.stdout:/usr/bin/ceph: stderr
2023-07-20T18:17:47.431+0000 7f46be70c700 1 -- start start
2023-07-20T18:17:48.260 INFO:teuthology.orchestra.run.smithi044.stdout:/usr/bin/ceph: stderr
2023-07-20T18:17:47.431+0000 7f46be70c700 1 --2- >> [v2:172.21.15.44:3300/0,v1:172.21.15.44:6789/0] conn(0x7f46b8106a00 0x7f46b8108df0 unknown :-1 s=NONE pgs=0 cs=0 l=0 rev1=0 crypto rx=0 tx=0 comp rx=0 tx=0).connect
2023-07-20T18:17:48.260 INFO:teuthology.orchestra.run.smithi044.stdout:/usr/bin/ceph: stderr
2023-07-20T18:17:47.432+0000 7f46be70c700 1 -- --> [v2:172.21.15.44:3300/0,v1:172.21.15.44:6789/0] -- mon_getmap magic: 0 v1 -- 0x7f46b8061a30 con 0x7f46b8106a00
2023-07-20T18:17:48.260 INFO:teuthology.orchestra.run.smithi044.stdout:/usr/bin/ceph: stderr
2023-07-20T18:17:47.432+0000 7f46b7fff700 1 --2- >> [v2:172.21.15.44:3300/0,v1:172.21.15.44:6789/0] conn(0x7f46b8106a00 0x7f46b8108df0 unknown :-1 s=BANNER_CONNECTING pgs=0 cs=0 l=0 rev1=0 crypto rx=0 tx=0 comp rx=0 tx=0)._handle_peer_banner_payload supported=3 required=0
2023-07-20T18:17:48.261 INFO:teuthology.orchestra.run.smithi044.stdout:/usr/bin/ceph: stderr
2023-07-20T18:17:47.432+0000 7f46b7fff700 1 --2- >> [v2:172.21.15.44:3300/0,v1:172.21.15.44:6789/0] conn(0x7f46b8106a00 0x7f46b8108df0 unknown :-1 s=HELLO_CONNECTING pgs=0 cs=0 l=0 rev1=1 crypto rx=0 tx=0 comp rx=0 tx=0).handle_hello peer v2:172.21.15.44:3300/0 says I am v2:172.21.15.44:56772/0 (socket says 172.21.15.44:56772)
2023-07-20T18:17:48.265 INFO:teuthology.orchestra.run.smithi044.stdout:/usr/bin/ceph: stderr
2023-07-20T18:17:47.432+0000 7f46b7fff700 1 -- 172.21.15.44:0/3519978901 learned_addr learned my addr 172.21.15.44:0/3519978901 (peer_addr_for_me v2:172.21.15.44:0/0)
2023-07-20T18:17:48.266 INFO:teuthology.orchestra.run.smithi044.stdout:/usr/bin/ceph: stderr
2023-07-20T18:17:47.432+0000 7f46b7fff700 1 -- 172.21.15.44:0/3519978901 --> [v2:172.21.15.44:3300/0,v1:172.21.15.44:6789/0] -- mon_subscribe({config=0+,monmap=0+}) v3 -- 0x7f46b8109330 con 0x7f46b8106a00
2023-07-20T18:17:48.266 INFO:teuthology.orchestra.run.smithi044.stdout:/usr/bin/ceph: stderr
2023-07-20T18:17:47.432+0000 7f46b7fff700 1 --2- 172.21.15.44:0/3519978901 >> [v2:172.21.15.44:3300/0,v1:172.21.15.44:6789/0] conn(0x7f46b8106a00 0x7f46b8108df0 secure :-1 s=READY pgs=70 cs=0 l=1 rev1=1 crypto rx=0x7f46a80098a0 tx=0x7f46a8009bb0 comp rx=0 tx=0).ready entity=mon.0 client_cookie=e7ade0a9723d6d47 server_cookie=0 in_seq=0 out_seq=0
2023-07-20T18:17:48.266 INFO:teuthology.orchestra.run.smithi044.stdout:/usr/bin/ceph: stderr
2023-07-20T18:17:47.433+0000 7f46b6ffd700 1 -- 172.21.15.44:0/3519978901 <== mon.0 v2:172.21.15.44:3300/0 1 ==== mon_map magic: 0 v1 ==== 205+0+0 (secure 0 0 0) 0x7f46a8004160 con 0x7f46b8106a00
2023-07-20T18:17:48.266 INFO:teuthology.orchestra.run.smithi044.stdout:/usr/bin/ceph: stderr
2023-07-20T18:17:47.433+0000 7f46b6ffd700 1 -- 172.21.15.44:0/3519978901 <== mon.0 v2:172.21.15.44:3300/0 2 ==== config(25 keys) v1 ==== 1067+0+0 (secure 0 0 0) 0x7f46a80042c0 con 0x7f46b8106a00
2023-07-20T18:17:48.266 INFO:teuthology.orchestra.run.smithi044.stdout:/usr/bin/ceph: stderr
2023-07-20T18:17:47.433+0000 7f46b6ffd700 1 -- 172.21.15.44:0/3519978901 <== mon.0 v2:172.21.15.44:3300/0 3 ==== mon_map magic: 0 v1 ==== 205+0+0 (secure 0 0 0) 0x7f46a80118e0 con 0x7f46b8106a00
2023-07-20T18:17:48.266 INFO:teuthology.orchestra.run.smithi044.stdout:/usr/bin/ceph: stderr
2023-07-20T18:17:47.433+0000 7f46be70c700 1 -- 172.21.15.44:0/3519978901 >> [v2:172.21.15.44:3300/0,v1:172.21.15.44:6789/0] conn(0x7f46b8106a00 msgr2=0x7f46b8108df0 secure :-1 s=STATE_CONNECTION_ESTABLISHED l=1).mark_down
2023-07-20T18:17:48.266 INFO:teuthology.orchestra.run.smithi044.stdout:/usr/bin/ceph: stderr
2023-07-20T18:17:47.433+0000 7f46be70c700 1 --2- 172.21.15.44:0/3519978901 >> [v2:172.21.15.44:3300/0,v1:172.21.15.44:6789/0] conn(0x7f46b8106a00 0x7f46b8108df0 secure :-1 s=READY pgs=70 cs=0 l=1 rev1=1 crypto rx=0x7f46a80098a0 tx=0x7f46a8009bb0 comp rx=0 tx=0).stop
2023-07-20T18:17:48.267 INFO:teuthology.orchestra.run.smithi044.stdout:/usr/bin/ceph: stderr
2023-07-20T18:17:47.433+0000 7f46be70c700 1 -- 172.21.15.44:0/3519978901 shutdown_connections
2023-07-20T18:17:48.267 INFO:teuthology.orchestra.run.smithi044.stdout:/usr/bin/ceph: stderr
2023-07-20T18:17:47.433+0000 7f46be70c700 1 --2- 172.21.15.44:0/3519978901 >> [v2:172.21.15.44:3300/0,v1:172.21.15.44:6789/0] conn(0x7f46b8106a00 0x7f46b8108df0 unknown :-1 s=CLOSED pgs=70 cs=0 l=1 rev1=1 crypto rx=0 tx=0 comp rx=0 tx=0).stop
2023-07-20T18:17:48.267 INFO:teuthology.orchestra.run.smithi044.stdout:/usr/bin/ceph: stderr
2023-07-20T18:17:47.433+0000 7f46be70c700 1 -- 172.21.15.44:0/3519978901 >> 172.21.15.44:0/3519978901 conn(0x7f46b8100410 msgr2=0x7f46b8102830 unknown :-1 s=STATE_NONE l=0).mark_down
2023-07-20T18:17:48.267 INFO:teuthology.orchestra.run.smithi044.stdout:/usr/bin/ceph: stderr
2023-07-20T18:17:47.433+0000 7f46be70c700 1 -- 172.21.15.44:0/3519978901 shutdown_connections
2023-07-20T18:17:48.267 INFO:teuthology.orchestra.run.smithi044.stdout:/usr/bin/ceph: stderr
2023-07-20T18:17:47.433+0000 7f46be70c700 1 -- 172.21.15.44:0/3519978901 wait complete.
2023-07-20T18:17:48.267 INFO:teuthology.orchestra.run.smithi044.stdout:/usr/bin/ceph: stderr
2023-07-20T18:17:47.434+0000 7f46be70c700 1 Processor -- start
2023-07-20T18:17:48.267 INFO:teuthology.orchestra.run.smithi044.stdout:/usr/bin/ceph: stderr
2023-07-20T18:17:47.434+0000 7f46be70c700 1 -- start start
2023-07-20T18:17:48.268 INFO:teuthology.orchestra.run.smithi044.stdout:/usr/bin/ceph: stderr
2023-07-20T18:17:47.434+0000 7f46be70c700 1 --2- >> [v2:172.21.15.44:3300/0,v1:172.21.15.44:6789/0] conn(0x7f46b8106a00 0x7f46b8106360 unknown :-1 s=NONE pgs=0 cs=0 l=1 rev1=0 crypto rx=0 tx=0 comp rx=0 tx=0).connect
2023-07-20T18:17:48.268 INFO:teuthology.orchestra.run.smithi044.stdout:/usr/bin/ceph: stderr
2023-07-20T18:17:47.435+0000 7f46be70c700 1 -- --> [v2:172.21.15.44:3300/0,v1:172.21.15.44:6789/0] -- mon_getmap magic: 0 v1 -- 0x7f46b81068a0 con 0x7f46b8106a00
2023-07-20T18:17:48.268 INFO:teuthology.orchestra.run.smithi044.stdout:/usr/bin/ceph: stderr
2023-07-20T18:17:47.435+0000 7f46b7fff700 1 --2- >> [v2:172.21.15.44:3300/0,v1:172.21.15.44:6789/0] conn(0x7f46b8106a00 0x7f46b8106360 unknown :-1 s=BANNER_CONNECTING pgs=0 cs=0 l=1 rev1=0 crypto rx=0 tx=0 comp rx=0 tx=0)._handle_peer_banner_payload supported=3 required=0
2023-07-20T18:17:48.268 INFO:teuthology.orchestra.run.smithi044.stdout:/usr/bin/ceph: stderr
2023-07-20T18:17:47.435+0000 7f46b7fff700 1 --2- >> [v2:172.21.15.44:3300/0,v1:172.21.15.44:6789/0] conn(0x7f46b8106a00 0x7f46b8106360 unknown :-1 s=HELLO_CONNECTING pgs=0 cs=0 l=1 rev1=1 crypto rx=0 tx=0 comp rx=0 tx=0).handle_hello peer v2:172.21.15.44:3300/0 says I am v2:172.21.15.44:56774/0 (socket says 172.21.15.44:56774)
2023-07-20T18:17:48.268 INFO:teuthology.orchestra.run.smithi044.stdout:/usr/bin/ceph: stderr
2023-07-20T18:17:47.435+0000 7f46b7fff700 1 -- 172.21.15.44:0/2739639676 learned_addr learned my addr 172.21.15.44:0/2739639676 (peer_addr_for_me v2:172.21.15.44:0/0)
2023-07-20T18:17:48.268 INFO:teuthology.orchestra.run.smithi044.stdout:/usr/bin/ceph: stderr
2023-07-20T18:17:47.435+0000 7f46b7fff700 1 -- 172.21.15.44:0/2739639676 --> [v2:172.21.15.44:3300/0,v1:172.21.15.44:6789/0] -- mon_subscribe({config=0+,monmap=0+}) v3 -- 0x7f46a8009550 con 0x7f46b8106a00
2023-07-20T18:17:48.268 INFO:teuthology.orchestra.run.smithi044.stdout:/usr/bin/ceph: stderr
2023-07-20T18:17:47.435+0000 7f46b7fff700 1 --2- 172.21.15.44:0/2739639676 >> [v2:172.21.15.44:3300/0,v1:172.21.15.44:6789/0] conn(0x7f46b8106a00 0x7f46b8106360 secure :-1 s=READY pgs=71 cs=0 l=1 rev1=1 crypto rx=0x7f46a8003e30 tx=0x7f46a80119a0 comp rx=0 tx=0).ready entity=mon.0 client_cookie=0 server_cookie=0 in_seq=0 out_seq=0
2023-07-20T18:17:48.269 INFO:teuthology.orchestra.run.smithi044.stdout:/usr/bin/ceph: stderr
2023-07-20T18:17:47.435+0000 7f46b57fa700 1 -- 172.21.15.44:0/2739639676 <== mon.0 v2:172.21.15.44:3300/0 1 ==== mon_map magic: 0 v1 ==== 205+0+0 (secure 0 0 0) 0x7f46a80036a0 con 0x7f46b8106a00
2023-07-20T18:17:48.269 INFO:teuthology.orchestra.run.smithi044.stdout:/usr/bin/ceph: stderr
2023-07-20T18:17:47.435+0000 7f46b57fa700 1 -- 172.21.15.44:0/2739639676 <== mon.0 v2:172.21.15.44:3300/0 2 ==== config(25 keys) v1 ==== 1067+0+0 (secure 0 0 0) 0x7f46a801b440 con 0x7f46b8106a00
2023-07-20T18:17:48.269 INFO:teuthology.orchestra.run.smithi044.stdout:/usr/bin/ceph: stderr
2023-07-20T18:17:47.435+0000 7f46be70c700 1 -- 172.21.15.44:0/2739639676 --> [v2:172.21.15.44:3300/0,v1:172.21.15.44:6789/0] -- mon_subscribe({mgrmap=0+}) v3 -- 0x7f46b81049b0 con 0x7f46b8106a00
2023-07-20T18:17:48.269 INFO:teuthology.orchestra.run.smithi044.stdout:/usr/bin/ceph: stderr
2023-07-20T18:17:47.435+0000 7f46b57fa700 1 -- 172.21.15.44:0/2739639676 <== mon.0 v2:172.21.15.44:3300/0 3 ==== mon_map magic: 0 v1 ==== 205+0+0 (secure 0 0 0) 0x7f46a8023400 con 0x7f46b8106a00
2023-07-20T18:17:48.269 INFO:teuthology.orchestra.run.smithi044.stdout:/usr/bin/ceph: stderr
2023-07-20T18:17:47.435+0000 7f46be70c700 1 -- 172.21.15.44:0/2739639676 --> [v2:172.21.15.44:3300/0,v1:172.21.15.44:6789/0] -- mon_subscribe({osdmap=0}) v3 -- 0x7f46b8104dd0 con 0x7f46b8106a00
2023-07-20T18:17:48.269 INFO:teuthology.orchestra.run.smithi044.stdout:/usr/bin/ceph: stderr
2023-07-20T18:17:47.436+0000 7f46b57fa700 1 -- 172.21.15.44:0/2739639676 <== mon.0 v2:172.21.15.44:3300/0 4 ==== mgrmap(e 11) v1 ==== 45390+0+0 (secure 0 0 0) 0x7f46a8023630 con 0x7f46b8106a00
2023-07-20T18:17:48.269 INFO:teuthology.orchestra.run.smithi044.stdout:/usr/bin/ceph: stderr
2023-07-20T18:17:47.437+0000 7f46be70c700 1 -- 172.21.15.44:0/2739639676 --> [v2:172.21.15.44:3300/0,v1:172.21.15.44:6789/0] -- mon_command({"prefix": "get_command_descriptions"} v 0) v1 -- 0x7f46b810a0b0 con 0x7f46b8106a00
2023-07-20T18:17:48.269 INFO:teuthology.orchestra.run.smithi044.stdout:/usr/bin/ceph: stderr
2023-07-20T18:17:47.437+0000 7f46b57fa700 1 --2- 172.21.15.44:0/2739639676 >> [v2:172.21.15.44:6800/1925024929,v1:172.21.15.44:6801/1925024929] conn(0x7f46a0038680 0x7f46a003ab40 unknown :-1 s=NONE pgs=0 cs=0 l=1 rev1=0 crypto rx=0 tx=0 comp rx=0 tx=0).connect
2023-07-20T18:17:48.270 INFO:teuthology.orchestra.run.smithi044.stdout:/usr/bin/ceph: stderr
2023-07-20T18:17:47.437+0000 7f46b57fa700 1 -- 172.21.15.44:0/2739639676 <== mon.0 v2:172.21.15.44:3300/0 5 ==== osd_map(3..3 src has 1..3) v4 ==== 1155+0+0 (secure 0 0 0) 0x7f46a804c660 con 0x7f46b8106a00
2023-07-20T18:17:48.270 INFO:teuthology.orchestra.run.smithi044.stdout:/usr/bin/ceph: stderr
2023-07-20T18:17:47.437+0000 7f46b77fe700 1 --2- 172.21.15.44:0/2739639676 >> [v2:172.21.15.44:6800/1925024929,v1:172.21.15.44:6801/1925024929] conn(0x7f46a0038680 0x7f46a003ab40 unknown :-1 s=BANNER_CONNECTING pgs=0 cs=0 l=1 rev1=0 crypto rx=0 tx=0 comp rx=0 tx=0)._handle_peer_banner_payload supported=3 required=0
2023-07-20T18:17:48.270 INFO:teuthology.orchestra.run.smithi044.stdout:/usr/bin/ceph: stderr
2023-07-20T18:17:47.437+0000 7f46b77fe700 1 --2- 172.21.15.44:0/2739639676 >> [v2:172.21.15.44:6800/1925024929,v1:172.21.15.44:6801/1925024929] conn(0x7f46a0038680 0x7f46a003ab40 secure :-1 s=READY pgs=7 cs=0 l=1 rev1=1 crypto rx=0x7f46ac006fd0 tx=0x7f46ac006e40 comp rx=0 tx=0).ready entity=mgr.14152 client_cookie=0 server_cookie=0 in_seq=0 out_seq=0
2023-07-20T18:17:48.270 INFO:teuthology.orchestra.run.smithi044.stdout:/usr/bin/ceph: stderr
2023-07-20T18:17:47.442+0000 7f46b57fa700 1 -- 172.21.15.44:0/2739639676 <== mon.0 v2:172.21.15.44:3300/0 6 ==== mon_command_ack([{"prefix": "get_command_descriptions"}]=0 v0) v1 ==== 72+0+178025 (secure 0 0 0) 0x7f46a8018350 con 0x7f46b8106a00
2023-07-20T18:17:48.270 INFO:teuthology.orchestra.run.smithi044.stdout:/usr/bin/ceph: stderr
2023-07-20T18:17:47.812+0000 7f46be70c700 1 -- 172.21.15.44:0/2739639676 --> [v2:172.21.15.44:6800/1925024929,v1:172.21.15.44:6801/1925024929] -- mgr_command(tid 0: {"prefix": "dashboard create-self-signed-cert", "target": ["mon-mgr", ""]}) v1 -- 0x7f46b8102730 con 0x7f46a0038680
2023-07-20T18:17:48.270 INFO:teuthology.orchestra.run.smithi044.stdout:/usr/bin/ceph: stderr
2023-07-20T18:17:47.878+0000 7f46b57fa700 1 -- 172.21.15.44:0/2739639676 <== mgr.14152 v2:172.21.15.44:6800/1925024929 1 ==== mgr_command_reply(tid 0: 0 ) v1 ==== 8+0+32 (secure 0 0 0) 0x7f46b8102730 con 0x7f46a0038680
2023-07-20T18:17:48.270 INFO:teuthology.orchestra.run.smithi044.stdout:/usr/bin/ceph: stderr
2023-07-20T18:17:47.880+0000 7f46be70c700 1 -- 172.21.15.44:0/2739639676 >> [v2:172.21.15.44:6800/1925024929,v1:172.21.15.44:6801/1925024929] conn(0x7f46a0038680 msgr2=0x7f46a003ab40 secure :-1 s=STATE_CONNECTION_ESTABLISHED l=1).mark_down
2023-07-20T18:17:48.271 INFO:teuthology.orchestra.run.smithi044.stdout:/usr/bin/ceph: stderr
2023-07-20T18:17:47.880+0000 7f46be70c700 1 --2- 172.21.15.44:0/2739639676 >> [v2:172.21.15.44:6800/1925024929,v1:172.21.15.44:6801/1925024929] conn(0x7f46a0038680 0x7f46a003ab40 secure :-1 s=READY pgs=7 cs=0 l=1 rev1=1 crypto rx=0x7f46ac006fd0 tx=0x7f46ac006e40 comp rx=0 tx=0).stop
2023-07-20T18:17:48.271 INFO:teuthology.orchestra.run.smithi044.stdout:/usr/bin/ceph: stderr
2023-07-20T18:17:47.880+0000 7f46be70c700 1 -- 172.21.15.44:0/2739639676 >> [v2:172.21.15.44:3300/0,v1:172.21.15.44:6789/0] conn(0x7f46b8106a00 msgr2=0x7f46b8106360 secure :-1 s=STATE_CONNECTION_ESTABLISHED l=1).mark_down
2023-07-20T18:17:48.271 INFO:teuthology.orchestra.run.smithi044.stdout:/usr/bin/ceph: stderr
2023-07-20T18:17:47.880+0000 7f46be70c700 1 --2- 172.21.15.44:0/2739639676 >> [v2:172.21.15.44:3300/0,v1:172.21.15.44:6789/0] conn(0x7f46b8106a00 0x7f46b8106360 secure :-1 s=READY pgs=71 cs=0 l=1 rev1=1 crypto rx=0x7f46a8003e30 tx=0x7f46a80119a0 comp rx=0 tx=0).stop
2023-07-20T18:17:48.271 INFO:teuthology.orchestra.run.smithi044.stdout:/usr/bin/ceph: stderr
2023-07-20T18:17:47.880+0000 7f46be70c700 1 -- 172.21.15.44:0/2739639676 shutdown_connections
2023-07-20T18:17:48.271 INFO:teuthology.orchestra.run.smithi044.stdout:/usr/bin/ceph: stderr
2023-07-20T18:17:47.880+0000 7f46be70c700 1 --2- 172.21.15.44:0/2739639676 >> [v2:172.21.15.44:6800/1925024929,v1:172.21.15.44:6801/1925024929] conn(0x7f46a0038680 0x7f46a003ab40 unknown :-1 s=CLOSED pgs=7 cs=0 l=1 rev1=1 crypto rx=0 tx=0 comp rx=0 tx=0).stop
2023-07-20T18:17:48.271 INFO:teuthology.orchestra.run.smithi044.stdout:/usr/bin/ceph: stderr
2023-07-20T18:17:47.880+0000 7f46be70c700 1 --2- 172.21.15.44:0/2739639676 >> [v2:172.21.15.44:3300/0,v1:172.21.15.44:6789/0] conn(0x7f46b8106a00 0x7f46b8106360 unknown :-1 s=CLOSED pgs=71 cs=0 l=1 rev1=1 crypto rx=0 tx=0 comp rx=0 tx=0).stop
2023-07-20T18:17:48.271 INFO:teuthology.orchestra.run.smithi044.stdout:/usr/bin/ceph: stderr
2023-07-20T18:17:47.880+0000 7f46be70c700 1 -- 172.21.15.44:0/2739639676 >> 172.21.15.44:0/2739639676 conn(0x7f46b8100410 msgr2=0x7f46b8101b10 unknown :-1 s=STATE_NONE l=0).mark_down
2023-07-20T18:17:48.271 INFO:teuthology.orchestra.run.smithi044.stdout:/usr/bin/ceph: stderr
2023-07-20T18:17:47.880+0000 7f46be70c700 1 -- 172.21.15.44:0/2739639676 shutdown_connections
2023-07-20T18:17:48.272 INFO:teuthology.orchestra.run.smithi044.stdout:/usr/bin/ceph: stderr
2023-07-20T18:17:47.880+0000 7f46be70c700 1 -- 172.21.15.44:0/2739639676 wait complete.
2023-07-20T18:17:48.272 INFO:teuthology.orchestra.run.smithi044.stdout:Creating initial admin user...
2023-07-20T18:17:48.525 INFO:journalctl@ceph.mon.a.smithi044.stdout:Jul 20 18:17:48 smithi044 ceph-mon[96443]: from='mgr.14152 172.21.15.44:0/1042633337' entity='mgr.x'
2023-07-20T18:17:48.526 INFO:journalctl@ceph.mon.a.smithi044.stdout:Jul 20 18:17:48 smithi044 ceph-mon[96443]: from='mgr.14152 172.21.15.44:0/1042633337' entity='mgr.x'
2023-07-20T18:17:48.526 INFO:journalctl@ceph.mon.a.smithi044.stdout:Jul 20 18:17:48 smithi044 ceph-mon[96443]: from='mgr.14152 172.21.15.44:0/1042633337' entity='mgr.x'
2023-07-20T18:17:48.526 INFO:journalctl@ceph.mon.a.smithi044.stdout:Jul 20 18:17:48 smithi044 ceph-mon[96443]: from='mgr.14152 172.21.15.44:0/1042633337' entity='mgr.x'
2023-07-20T18:17:49.371 INFO:journalctl@ceph.mon.a.smithi044.stdout:Jul 20 18:17:49 smithi044 ceph-mon[96443]: from='client.14164 -' entity='client.admin' cmd=[{"prefix": "dashboard create-self-signed-cert", "target": ["mon-mgr", ""]}]: dispatch
2023-07-20T18:17:49.371 INFO:journalctl@ceph.mon.a.smithi044.stdout:Jul 20 18:17:49 smithi044 ceph-mon[96443]: mgrmap e12: x(active, since 2s)
2023-07-20T18:17:50.021 INFO:teuthology.orchestra.run.smithi044.stdout:/usr/bin/ceph: stdout {"username": "admin", "password": "$2b$12$eQFl.heYWelZZewrlRGMSuWkU0qGuwjbi3PquGaAlzmVJMJFPrLd.", "roles": ["administrator"], "name": null, "email": null, "lastUpdate": 1689877069, "enabled": true, "pwdExpirationDate": null, "pwdUpdateRequired": true}
2023-07-20T18:17:50.021 INFO:teuthology.orchestra.run.smithi044.stdout:/usr/bin/ceph: stderr
2023-07-20T18:17:48.736+0000 7fb5d87b2700 1 Processor -- start
2023-07-20T18:17:50.022 INFO:teuthology.orchestra.run.smithi044.stdout:/usr/bin/ceph: stderr
2023-07-20T18:17:48.736+0000 7fb5d87b2700 1 -- start start
2023-07-20T18:17:50.022 INFO:teuthology.orchestra.run.smithi044.stdout:/usr/bin/ceph: stderr
2023-07-20T18:17:48.736+0000 7fb5d87b2700 1 --2- >> [v2:172.21.15.44:3300/0,v1:172.21.15.44:6789/0] conn(0x7fb5d01047f0 0x7fb5d0104c10 unknown :-1 s=NONE pgs=0 cs=0 l=0 rev1=0 crypto rx=0 tx=0 comp rx=0 tx=0).connect
2023-07-20T18:17:50.022 INFO:teuthology.orchestra.run.smithi044.stdout:/usr/bin/ceph: stderr
2023-07-20T18:17:48.736+0000 7fb5d87b2700 1 -- --> [v2:172.21.15.44:3300/0,v1:172.21.15.44:6789/0] -- mon_getmap magic: 0 v1 -- 0x7fb5d0079db0 con 0x7fb5d01047f0
2023-07-20T18:17:50.022 INFO:teuthology.orchestra.run.smithi044.stdout:/usr/bin/ceph: stderr
2023-07-20T18:17:48.736+0000 7fb5d654e700 1 --2- >> [v2:172.21.15.44:3300/0,v1:172.21.15.44:6789/0] conn(0x7fb5d01047f0 0x7fb5d0104c10 unknown :-1 s=BANNER_CONNECTING pgs=0 cs=0 l=0 rev1=0 crypto rx=0 tx=0 comp rx=0 tx=0)._handle_peer_banner_payload supported=3 required=0
2023-07-20T18:17:50.022 INFO:teuthology.orchestra.run.smithi044.stdout:/usr/bin/ceph: stderr
2023-07-20T18:17:48.736+0000 7fb5d654e700 1 --2- >> [v2:172.21.15.44:3300/0,v1:172.21.15.44:6789/0] conn(0x7fb5d01047f0 0x7fb5d0104c10 unknown :-1 s=HELLO_CONNECTING pgs=0 cs=0 l=0 rev1=1 crypto rx=0 tx=0 comp rx=0 tx=0).handle_hello peer v2:172.21.15.44:3300/0 says I am v2:172.21.15.44:56778/0 (socket says 172.21.15.44:56778)
2023-07-20T18:17:50.022 INFO:teuthology.orchestra.run.smithi044.stdout:/usr/bin/ceph: stderr
2023-07-20T18:17:48.736+0000 7fb5d654e700 1 -- 172.21.15.44:0/1691794454 learned_addr learned my addr 172.21.15.44:0/1691794454 (peer_addr_for_me v2:172.21.15.44:0/0)
2023-07-20T18:17:50.023 INFO:teuthology.orchestra.run.smithi044.stdout:/usr/bin/ceph: stderr
2023-07-20T18:17:48.737+0000 7fb5d654e700 1 -- 172.21.15.44:0/1691794454 --> [v2:172.21.15.44:3300/0,v1:172.21.15.44:6789/0] -- mon_subscribe({config=0+,monmap=0+}) v3 -- 0x7fb5d0105150 con 0x7fb5d01047f0
2023-07-20T18:17:50.023 INFO:teuthology.orchestra.run.smithi044.stdout:/usr/bin/ceph: stderr
2023-07-20T18:17:48.737+0000 7fb5d654e700 1 --2- 172.21.15.44:0/1691794454 >> [v2:172.21.15.44:3300/0,v1:172.21.15.44:6789/0] conn(0x7fb5d01047f0 0x7fb5d0104c10 secure :-1 s=READY pgs=72 cs=0 l=1 rev1=1 crypto rx=0x7fb5cc0098a0 tx=0x7fb5cc009bb0 comp rx=0 tx=0).ready entity=mon.0 client_cookie=505db66aaf709351 server_cookie=0 in_seq=0 out_seq=0
2023-07-20T18:17:50.023 INFO:teuthology.orchestra.run.smithi044.stdout:/usr/bin/ceph: stderr
2023-07-20T18:17:48.737+0000 7fb5d554c700 1 -- 172.21.15.44:0/1691794454 <== mon.0 v2:172.21.15.44:3300/0 1 ==== mon_map magic: 0 v1 ==== 205+0+0 (secure 0 0 0) 0x7fb5cc004160 con 0x7fb5d01047f0
2023-07-20T18:17:50.023 INFO:teuthology.orchestra.run.smithi044.stdout:/usr/bin/ceph: stderr
2023-07-20T18:17:48.737+0000 7fb5d554c700 1 -- 172.21.15.44:0/1691794454 <== mon.0 v2:172.21.15.44:3300/0 2 ==== config(25 keys) v1 ==== 1067+0+0 (secure 0 0 0) 0x7fb5cc0042c0 con 0x7fb5d01047f0
2023-07-20T18:17:50.023 INFO:teuthology.orchestra.run.smithi044.stdout:/usr/bin/ceph: stderr
2023-07-20T18:17:48.737+0000 7fb5d554c700 1 -- 172.21.15.44:0/1691794454 <== mon.0 v2:172.21.15.44:3300/0 3 ==== mon_map magic: 0 v1 ==== 205+0+0 (secure 0 0 0) 0x7fb5cc0118e0 con 0x7fb5d01047f0
2023-07-20T18:17:50.024 INFO:teuthology.orchestra.run.smithi044.stdout:/usr/bin/ceph: stderr
2023-07-20T18:17:48.738+0000 7fb5d87b2700 1 -- 172.21.15.44:0/1691794454 >> [v2:172.21.15.44:3300/0,v1:172.21.15.44:6789/0] conn(0x7fb5d01047f0 msgr2=0x7fb5d0104c10 secure :-1 s=STATE_CONNECTION_ESTABLISHED l=1).mark_down
2023-07-20T18:17:50.024 INFO:teuthology.orchestra.run.smithi044.stdout:/usr/bin/ceph: stderr
2023-07-20T18:17:48.738+0000 7fb5d87b2700 1 --2- 172.21.15.44:0/1691794454 >> [v2:172.21.15.44:3300/0,v1:172.21.15.44:6789/0] conn(0x7fb5d01047f0 0x7fb5d0104c10 secure :-1 s=READY pgs=72 cs=0 l=1 rev1=1 crypto rx=0x7fb5cc0098a0 tx=0x7fb5cc009bb0 comp rx=0 tx=0).stop
2023-07-20T18:17:50.024 INFO:teuthology.orchestra.run.smithi044.stdout:/usr/bin/ceph: stderr
2023-07-20T18:17:48.738+0000 7fb5d87b2700 1 -- 172.21.15.44:0/1691794454 shutdown_connections
2023-07-20T18:17:50.024 INFO:teuthology.orchestra.run.smithi044.stdout:/usr/bin/ceph: stderr
2023-07-20T18:17:48.738+0000 7fb5d87b2700 1 --2- 172.21.15.44:0/1691794454 >> [v2:172.21.15.44:3300/0,v1:172.21.15.44:6789/0] conn(0x7fb5d01047f0 0x7fb5d0104c10 unknown :-1 s=CLOSED pgs=72 cs=0 l=1 rev1=1 crypto rx=0 tx=0 comp rx=0 tx=0).stop
2023-07-20T18:17:50.025 INFO:teuthology.orchestra.run.smithi044.stdout:/usr/bin/ceph: stderr
2023-07-20T18:17:48.738+0000 7fb5d87b2700 1 -- 172.21.15.44:0/1691794454 >> 172.21.15.44:0/1691794454 conn(0x7fb5d0100430 msgr2=0x7fb5d0102850 unknown :-1 s=STATE_NONE l=0).mark_down
2023-07-20T18:17:50.025 INFO:teuthology.orchestra.run.smithi044.stdout:/usr/bin/ceph: stderr
2023-07-20T18:17:48.738+0000 7fb5d87b2700 1 -- 172.21.15.44:0/1691794454 shutdown_connections
2023-07-20T18:17:50.025 INFO:teuthology.orchestra.run.smithi044.stdout:/usr/bin/ceph: stderr
2023-07-20T18:17:48.738+0000 7fb5d87b2700 1 -- 172.21.15.44:0/1691794454 wait complete.
2023-07-20T18:17:50.025 INFO:teuthology.orchestra.run.smithi044.stdout:/usr/bin/ceph: stderr
2023-07-20T18:17:48.739+0000 7fb5d87b2700 1 Processor -- start
2023-07-20T18:17:50.025 INFO:teuthology.orchestra.run.smithi044.stdout:/usr/bin/ceph: stderr
2023-07-20T18:17:48.739+0000 7fb5d87b2700 1 -- start start
2023-07-20T18:17:50.025 INFO:teuthology.orchestra.run.smithi044.stdout:/usr/bin/ceph: stderr
2023-07-20T18:17:48.739+0000 7fb5d87b2700 1 --2- >> [v2:172.21.15.44:3300/0,v1:172.21.15.44:6789/0] conn(0x7fb5d01047f0 0x7fb5d019bdf0 unknown :-1 s=NONE pgs=0 cs=0 l=1 rev1=0 crypto rx=0 tx=0 comp rx=0 tx=0).connect
2023-07-20T18:17:50.025 INFO:teuthology.orchestra.run.smithi044.stdout:/usr/bin/ceph: stderr
2023-07-20T18:17:48.739+0000 7fb5d87b2700 1 -- --> [v2:172.21.15.44:3300/0,v1:172.21.15.44:6789/0] -- mon_getmap magic: 0 v1 -- 0x7fb5d019c330 con 0x7fb5d01047f0
2023-07-20T18:17:50.026 INFO:teuthology.orchestra.run.smithi044.stdout:/usr/bin/ceph: stderr
2023-07-20T18:17:48.740+0000 7fb5d654e700 1 --2- >> [v2:172.21.15.44:3300/0,v1:172.21.15.44:6789/0] conn(0x7fb5d01047f0 0x7fb5d019bdf0 unknown :-1 s=BANNER_CONNECTING pgs=0 cs=0 l=1 rev1=0 crypto rx=0 tx=0 comp rx=0 tx=0)._handle_peer_banner_payload supported=3 required=0
2023-07-20T18:17:50.026 INFO:teuthology.orchestra.run.smithi044.stdout:/usr/bin/ceph: stderr
2023-07-20T18:17:48.740+0000 7fb5d654e700 1 --2- >> [v2:172.21.15.44:3300/0,v1:172.21.15.44:6789/0] conn(0x7fb5d01047f0 0x7fb5d019bdf0 unknown :-1 s=HELLO_CONNECTING pgs=0 cs=0 l=1 rev1=1 crypto rx=0 tx=0 comp rx=0 tx=0).handle_hello peer v2:172.21.15.44:3300/0 says I am v2:172.21.15.44:56780/0 (socket says 172.21.15.44:56780)
2023-07-20T18:17:50.026 INFO:teuthology.orchestra.run.smithi044.stdout:/usr/bin/ceph: stderr
2023-07-20T18:17:48.740+0000 7fb5d654e700 1 -- 172.21.15.44:0/1149549378 learned_addr learned my addr 172.21.15.44:0/1149549378 (peer_addr_for_me v2:172.21.15.44:0/0)
2023-07-20T18:17:50.026 INFO:teuthology.orchestra.run.smithi044.stdout:/usr/bin/ceph: stderr
2023-07-20T18:17:48.740+0000 7fb5d654e700 1 -- 172.21.15.44:0/1149549378 --> [v2:172.21.15.44:3300/0,v1:172.21.15.44:6789/0] -- mon_subscribe({config=0+,monmap=0+}) v3 -- 0x7fb5cc009550 con 0x7fb5d01047f0
2023-07-20T18:17:50.026 INFO:teuthology.orchestra.run.smithi044.stdout:/usr/bin/ceph: stderr
2023-07-20T18:17:48.740+0000 7fb5d654e700 1 --2- 172.21.15.44:0/1149549378 >> [v2:172.21.15.44:3300/0,v1:172.21.15.44:6789/0] conn(0x7fb5d01047f0 0x7fb5d019bdf0 secure :-1 s=READY pgs=73 cs=0 l=1 rev1=1 crypto rx=0x7fb5cc003e30 tx=0x7fb5cc0119a0 comp rx=0 tx=0).ready entity=mon.0 client_cookie=0 server_cookie=0 in_seq=0 out_seq=0
2023-07-20T18:17:50.026 INFO:teuthology.orchestra.run.smithi044.stdout:/usr/bin/ceph: stderr
2023-07-20T18:17:48.740+0000 7fb5c77fe700 1 -- 172.21.15.44:0/1149549378 <== mon.0 v2:172.21.15.44:3300/0 1 ==== mon_map magic: 0 v1 ==== 205+0+0 (secure 0 0 0) 0x7fb5cc0036a0 con 0x7fb5d01047f0
2023-07-20T18:17:50.026 INFO:teuthology.orchestra.run.smithi044.stdout:/usr/bin/ceph: stderr
2023-07-20T18:17:48.740+0000 7fb5c77fe700 1 -- 172.21.15.44:0/1149549378 <== mon.0 v2:172.21.15.44:3300/0 2 ==== config(25 keys) v1 ==== 1067+0+0 (secure 0 0 0) 0x7fb5cc01b440 con 0x7fb5d01047f0
2023-07-20T18:17:50.027 INFO:teuthology.orchestra.run.smithi044.stdout:/usr/bin/ceph: stderr
2023-07-20T18:17:48.740+0000 7fb5c77fe700 1 -- 172.21.15.44:0/1149549378 <== mon.0 v2:172.21.15.44:3300/0 3 ==== mon_map magic: 0 v1 ==== 205+0+0 (secure 0 0 0) 0x7fb5cc023400 con 0x7fb5d01047f0
2023-07-20T18:17:50.027 INFO:teuthology.orchestra.run.smithi044.stdout:/usr/bin/ceph: stderr
2023-07-20T18:17:48.740+0000 7fb5d87b2700 1 -- 172.21.15.44:0/1149549378 --> [v2:172.21.15.44:3300/0,v1:172.21.15.44:6789/0] -- mon_subscribe({mgrmap=0+}) v3 -- 0x7fb5d019c530 con 0x7fb5d01047f0
2023-07-20T18:17:50.027 INFO:teuthology.orchestra.run.smithi044.stdout:/usr/bin/ceph: stderr
2023-07-20T18:17:48.740+0000 7fb5d87b2700 1 -- 172.21.15.44:0/1149549378 --> [v2:172.21.15.44:3300/0,v1:172.21.15.44:6789/0] -- mon_subscribe({osdmap=0}) v3 -- 0x7fb5d019c950 con 0x7fb5d01047f0
2023-07-20T18:17:50.027 INFO:teuthology.orchestra.run.smithi044.stdout:/usr/bin/ceph: stderr
2023-07-20T18:17:48.741+0000 7fb5c77fe700 1 -- 172.21.15.44:0/1149549378 <== mon.0 v2:172.21.15.44:3300/0 4 ==== mgrmap(e 12) v1 ==== 45496+0+0 (secure 0 0 0) 0x7fb5cc023630 con 0x7fb5d01047f0
2023-07-20T18:17:50.027 INFO:teuthology.orchestra.run.smithi044.stdout:/usr/bin/ceph: stderr
2023-07-20T18:17:48.742+0000 7fb5c77fe700 1 --2- 172.21.15.44:0/1149549378 >> [v2:172.21.15.44:6800/1925024929,v1:172.21.15.44:6801/1925024929] conn(0x7fb5bc0387b0 0x7fb5bc03ac70 unknown :-1 s=NONE pgs=0 cs=0 l=1 rev1=0 crypto rx=0 tx=0 comp rx=0 tx=0).connect
2023-07-20T18:17:50.027 INFO:teuthology.orchestra.run.smithi044.stdout:/usr/bin/ceph: stderr
2023-07-20T18:17:48.742+0000 7fb5c77fe700 1 -- 172.21.15.44:0/1149549378 <== mon.0 v2:172.21.15.44:3300/0 5 ==== osd_map(3..3 src has 1..3) v4 ==== 1155+0+0 (secure 0 0 0) 0x7fb5cc04c7d0 con 0x7fb5d01047f0
2023-07-20T18:17:50.027 INFO:teuthology.orchestra.run.smithi044.stdout:/usr/bin/ceph: stderr
2023-07-20T18:17:48.742+0000 7fb5d5d4d700 1 --2- 172.21.15.44:0/1149549378 >> [v2:172.21.15.44:6800/1925024929,v1:172.21.15.44:6801/1925024929] conn(0x7fb5bc0387b0 0x7fb5bc03ac70 unknown :-1 s=BANNER_CONNECTING pgs=0 cs=0 l=1 rev1=0 crypto rx=0 tx=0 comp rx=0 tx=0)._handle_peer_banner_payload supported=3 required=0
2023-07-20T18:17:50.028 INFO:teuthology.orchestra.run.smithi044.stdout:/usr/bin/ceph: stderr
2023-07-20T18:17:48.742+0000 7fb5d87b2700 1 -- 172.21.15.44:0/1149549378 --> [v2:172.21.15.44:3300/0,v1:172.21.15.44:6789/0] -- mon_command({"prefix": "get_command_descriptions"} v 0) v1 -- 0x7fb5d01956a0 con 0x7fb5d01047f0
2023-07-20T18:17:50.028 INFO:teuthology.orchestra.run.smithi044.stdout:/usr/bin/ceph: stderr
2023-07-20T18:17:48.742+0000 7fb5d5d4d700 1 --2- 172.21.15.44:0/1149549378 >> [v2:172.21.15.44:6800/1925024929,v1:172.21.15.44:6801/1925024929] conn(0x7fb5bc0387b0 0x7fb5bc03ac70 secure :-1 s=READY pgs=8 cs=0 l=1 rev1=1 crypto rx=0x7fb5c0006fd0 tx=0x7fb5c0006e40 comp rx=0 tx=0).ready entity=mgr.14152 client_cookie=0 server_cookie=0 in_seq=0 out_seq=0
2023-07-20T18:17:50.028 INFO:teuthology.orchestra.run.smithi044.stdout:/usr/bin/ceph: stderr
2023-07-20T18:17:48.747+0000 7fb5c77fe700 1 -- 172.21.15.44:0/1149549378 <== mon.0 v2:172.21.15.44:3300/0 6 ==== mon_command_ack([{"prefix": "get_command_descriptions"}]=0 v0) v1 ==== 72+0+178025 (secure 0 0 0) 0x7fb5cc02c3f0 con 0x7fb5d01047f0
2023-07-20T18:17:50.028 INFO:teuthology.orchestra.run.smithi044.stdout:/usr/bin/ceph: stderr
2023-07-20T18:17:49.151+0000 7fb5d87b2700 1 -- 172.21.15.44:0/1149549378 --> [v2:172.21.15.44:6800/1925024929,v1:172.21.15.44:6801/1925024929] -- mgr_command(tid 0: {"prefix": "dashboard ac-user-create", "username": "admin", "rolename": "administrator", "force_password": true, "pwd_update_required": true, "target": ["mon-mgr", ""]}) v1 -- 0x7fb5d0074010 con 0x7fb5bc0387b0
2023-07-20T18:17:50.028 INFO:teuthology.orchestra.run.smithi044.stdout:/usr/bin/ceph: stderr
2023-07-20T18:17:49.401+0000 7fb5c77fe700 1 -- 172.21.15.44:0/1149549378 <== mgr.14152 v2:172.21.15.44:6800/1925024929 1 ==== mgr_command_reply(tid 0: 0 ) v1 ==== 8+0+252 (secure 0 0 0) 0x7fb5d0074010 con 0x7fb5bc0387b0
2023-07-20T18:17:50.028 INFO:teuthology.orchestra.run.smithi044.stdout:/usr/bin/ceph: stderr
2023-07-20T18:17:49.404+0000 7fb5d87b2700 1 -- 172.21.15.44:0/1149549378 >> [v2:172.21.15.44:6800/1925024929,v1:172.21.15.44:6801/1925024929] conn(0x7fb5bc0387b0 msgr2=0x7fb5bc03ac70 secure :-1 s=STATE_CONNECTION_ESTABLISHED l=1).mark_down
2023-07-20T18:17:50.028 INFO:teuthology.orchestra.run.smithi044.stdout:/usr/bin/ceph: stderr
2023-07-20T18:17:49.404+0000 7fb5d87b2700 1 --2- 172.21.15.44:0/1149549378 >> [v2:172.21.15.44:6800/1925024929,v1:172.21.15.44:6801/1925024929] conn(0x7fb5bc0387b0 0x7fb5bc03ac70 secure :-1 s=READY pgs=8 cs=0 l=1 rev1=1 crypto rx=0x7fb5c0006fd0 tx=0x7fb5c0006e40 comp rx=0 tx=0).stop
2023-07-20T18:17:50.029 INFO:teuthology.orchestra.run.smithi044.stdout:/usr/bin/ceph: stderr
2023-07-20T18:17:49.404+0000 7fb5d87b2700 1 -- 172.21.15.44:0/1149549378 >> [v2:172.21.15.44:3300/0,v1:172.21.15.44:6789/0] conn(0x7fb5d01047f0 msgr2=0x7fb5d019bdf0 secure :-1 s=STATE_CONNECTION_ESTABLISHED l=1).mark_down
2023-07-20T18:17:50.029 INFO:teuthology.orchestra.run.smithi044.stdout:/usr/bin/ceph: stderr
2023-07-20T18:17:49.404+0000 7fb5d87b2700 1 --2- 172.21.15.44:0/1149549378 >> [v2:172.21.15.44:3300/0,v1:172.21.15.44:6789/0] conn(0x7fb5d01047f0 0x7fb5d019bdf0 secure :-1 s=READY pgs=73 cs=0 l=1 rev1=1 crypto rx=0x7fb5cc003e30 tx=0x7fb5cc0119a0 comp rx=0 tx=0).stop
2023-07-20T18:17:50.029 INFO:teuthology.orchestra.run.smithi044.stdout:/usr/bin/ceph: stderr
2023-07-20T18:17:49.404+0000 7fb5d87b2700 1 -- 172.21.15.44:0/1149549378 shutdown_connections
2023-07-20T18:17:50.029 INFO:teuthology.orchestra.run.smithi044.stdout:/usr/bin/ceph: stderr
2023-07-20T18:17:49.404+0000 7fb5d87b2700 1 --2- 172.21.15.44:0/1149549378 >> [v2:172.21.15.44:6800/1925024929,v1:172.21.15.44:6801/1925024929] conn(0x7fb5bc0387b0 0x7fb5bc03ac70 unknown :-1 s=CLOSED pgs=8 cs=0 l=1 rev1=1 crypto rx=0 tx=0 comp rx=0 tx=0).stop
2023-07-20T18:17:50.029 INFO:teuthology.orchestra.run.smithi044.stdout:/usr/bin/ceph: stderr
2023-07-20T18:17:49.404+0000 7fb5d87b2700 1 --2- 172.21.15.44:0/1149549378 >> [v2:172.21.15.44:3300/0,v1:172.21.15.44:6789/0] conn(0x7fb5d01047f0 0x7fb5d019bdf0 unknown :-1 s=CLOSED pgs=73 cs=0 l=1 rev1=1 crypto rx=0 tx=0 comp rx=0 tx=0).stop
2023-07-20T18:17:50.029 INFO:teuthology.orchestra.run.smithi044.stdout:/usr/bin/ceph: stderr
2023-07-20T18:17:49.404+0000 7fb5d87b2700 1 -- 172.21.15.44:0/1149549378 >> 172.21.15.44:0/1149549378 conn(0x7fb5d0100430 msgr2=0x7fb5d01903b0 unknown :-1 s=STATE_NONE l=0).mark_down
2023-07-20T18:17:50.029 INFO:teuthology.orchestra.run.smithi044.stdout:/usr/bin/ceph: stderr
2023-07-20T18:17:49.404+0000 7fb5d87b2700 1 -- 172.21.15.44:0/1149549378 shutdown_connections
2023-07-20T18:17:50.029 INFO:teuthology.orchestra.run.smithi044.stdout:/usr/bin/ceph: stderr
2023-07-20T18:17:49.404+0000 7fb5d87b2700 1 -- 172.21.15.44:0/1149549378 wait complete.
2023-07-20T18:17:50.030 INFO:teuthology.orchestra.run.smithi044.stdout:Fetching dashboard port number...
2023-07-20T18:17:50.530 INFO:journalctl@ceph.mon.a.smithi044.stdout:Jul 20 18:17:50 smithi044 ceph-mon[96443]: from='client.14166 -' entity='client.admin' cmd=[{"prefix": "dashboard ac-user-create", "username": "admin", "rolename": "administrator", "force_password": true, "pwd_update_required": true, "target": ["mon-mgr", ""]}]: dispatch
2023-07-20T18:17:50.530 INFO:journalctl@ceph.mon.a.smithi044.stdout:Jul 20 18:17:50 smithi044 ceph-mon[96443]: from='mgr.14152 172.21.15.44:0/1042633337' entity='mgr.x'
2023-07-20T18:17:51.263 INFO:teuthology.orchestra.run.smithi044.stdout:/usr/bin/ceph: stdout 8443
2023-07-20T18:17:51.263 INFO:teuthology.orchestra.run.smithi044.stdout:/usr/bin/ceph: stderr
2023-07-20T18:17:50.503+0000 7f48818d6700 1 Processor -- start
2023-07-20T18:17:51.263 INFO:teuthology.orchestra.run.smithi044.stdout:/usr/bin/ceph: stderr
2023-07-20T18:17:50.504+0000 7f48818d6700 1 -- start start
2023-07-20T18:17:51.263 INFO:teuthology.orchestra.run.smithi044.stdout:/usr/bin/ceph: stderr
2023-07-20T18:17:50.504+0000 7f48818d6700 1 --2- >> [v2:172.21.15.44:3300/0,v1:172.21.15.44:6789/0] conn(0x7f487c1047d0 0x7f487c104bf0 unknown :-1 s=NONE pgs=0 cs=0 l=0 rev1=0 crypto rx=0 tx=0 comp rx=0 tx=0).connect
2023-07-20T18:17:51.264 INFO:teuthology.orchestra.run.smithi044.stdout:/usr/bin/ceph: stderr
2023-07-20T18:17:50.504+0000 7f48818d6700 1 -- --> [v2:172.21.15.44:3300/0,v1:172.21.15.44:6789/0] -- mon_getmap magic: 0 v1 -- 0x7f487c061a30 con 0x7f487c1047d0
2023-07-20T18:17:51.264 INFO:teuthology.orchestra.run.smithi044.stdout:/usr/bin/ceph: stderr
2023-07-20T18:17:50.504+0000 7f487affd700 1 --2- >> [v2:172.21.15.44:3300/0,v1:172.21.15.44:6789/0] conn(0x7f487c1047d0 0x7f487c104bf0 unknown :-1 s=BANNER_CONNECTING pgs=0 cs=0 l=0 rev1=0 crypto rx=0 tx=0 comp rx=0 tx=0)._handle_peer_banner_payload supported=3 required=0
2023-07-20T18:17:51.264 INFO:teuthology.orchestra.run.smithi044.stdout:/usr/bin/ceph: stderr
