2023-07-20T18:17:21.938+0000 7fd87ffff700 1 -- 172.21.15.44:0/3866448103 <== mon.0 v2:172.21.15.44:3300/0 1 ==== mon_map magic: 0 v1 ==== 205+0+0 (secure 0 0 0) 0x7fd884004160 con 0x7fd888106980
2023-07-20T18:17:22.717 INFO:teuthology.orchestra.run.smithi044.stdout:/usr/bin/ceph: stderr
2023-07-20T18:17:21.938+0000 7fd87ffff700 1 -- 172.21.15.44:0/3866448103 <== mon.0 v2:172.21.15.44:3300/0 2 ==== config(25 keys) v1 ==== 1036+0+0 (secure 0 0 0) 0x7fd8840042c0 con 0x7fd888106980
2023-07-20T18:17:22.717 INFO:teuthology.orchestra.run.smithi044.stdout:/usr/bin/ceph: stderr
2023-07-20T18:17:21.938+0000 7fd87ffff700 1 -- 172.21.15.44:0/3866448103 <== mon.0 v2:172.21.15.44:3300/0 3 ==== mon_map magic: 0 v1 ==== 205+0+0 (secure 0 0 0) 0x7fd884011940 con 0x7fd888106980
2023-07-20T18:17:22.717 INFO:teuthology.orchestra.run.smithi044.stdout:/usr/bin/ceph: stderr
2023-07-20T18:17:21.939+0000 7fd88f306700 1 -- 172.21.15.44:0/3866448103 >> [v2:172.21.15.44:3300/0,v1:172.21.15.44:6789/0] conn(0x7fd888106980 msgr2=0x7fd888108d70 secure :-1 s=STATE_CONNECTION_ESTABLISHED l=1).mark_down
2023-07-20T18:17:22.718 INFO:teuthology.orchestra.run.smithi044.stdout:/usr/bin/ceph: stderr
2023-07-20T18:17:21.939+0000 7fd88f306700 1 --2- 172.21.15.44:0/3866448103 >> [v2:172.21.15.44:3300/0,v1:172.21.15.44:6789/0] conn(0x7fd888106980 0x7fd888108d70 secure :-1 s=READY pgs=37 cs=0 l=1 rev1=1 crypto rx=0x7fd8840098a0 tx=0x7fd884009bb0 comp rx=0 tx=0).stop
2023-07-20T18:17:22.718 INFO:teuthology.orchestra.run.smithi044.stdout:/usr/bin/ceph: stderr
2023-07-20T18:17:21.939+0000 7fd88f306700 1 -- 172.21.15.44:0/3866448103 shutdown_connections
2023-07-20T18:17:22.718 INFO:teuthology.orchestra.run.smithi044.stdout:/usr/bin/ceph: stderr
2023-07-20T18:17:21.939+0000 7fd88f306700 1 --2- 172.21.15.44:0/3866448103 >> [v2:172.21.15.44:3300/0,v1:172.21.15.44:6789/0] conn(0x7fd888106980 0x7fd888108d70 unknown :-1 s=CLOSED pgs=37 cs=0 l=1 rev1=1 crypto rx=0 tx=0 comp rx=0 tx=0).stop
2023-07-20T18:17:22.718 INFO:teuthology.orchestra.run.smithi044.stdout:/usr/bin/ceph: stderr
2023-07-20T18:17:21.939+0000 7fd88f306700 1 -- 172.21.15.44:0/3866448103 >> 172.21.15.44:0/3866448103 conn(0x7fd8881003d0 msgr2=0x7fd8881027f0 unknown :-1 s=STATE_NONE l=0).mark_down
2023-07-20T18:17:22.718 INFO:teuthology.orchestra.run.smithi044.stdout:/usr/bin/ceph: stderr
2023-07-20T18:17:21.939+0000 7fd88f306700 1 -- 172.21.15.44:0/3866448103 shutdown_connections
2023-07-20T18:17:22.718 INFO:teuthology.orchestra.run.smithi044.stdout:/usr/bin/ceph: stderr
2023-07-20T18:17:21.939+0000 7fd88f306700 1 -- 172.21.15.44:0/3866448103 wait complete.
2023-07-20T18:17:22.718 INFO:teuthology.orchestra.run.smithi044.stdout:/usr/bin/ceph: stderr
2023-07-20T18:17:21.939+0000 7fd88f306700 1 Processor -- start
2023-07-20T18:17:22.719 INFO:teuthology.orchestra.run.smithi044.stdout:/usr/bin/ceph: stderr
2023-07-20T18:17:21.939+0000 7fd88f306700 1 -- start start
2023-07-20T18:17:22.719 INFO:teuthology.orchestra.run.smithi044.stdout:/usr/bin/ceph: stderr
2023-07-20T18:17:21.940+0000 7fd88f306700 1 --2- >> [v2:172.21.15.44:3300/0,v1:172.21.15.44:6789/0] conn(0x7fd888106980 0x7fd88819bca0 unknown :-1 s=NONE pgs=0 cs=0 l=1 rev1=0 crypto rx=0 tx=0 comp rx=0 tx=0).connect
2023-07-20T18:17:22.719 INFO:teuthology.orchestra.run.smithi044.stdout:/usr/bin/ceph: stderr
2023-07-20T18:17:21.940+0000 7fd88f306700 1 -- --> [v2:172.21.15.44:3300/0,v1:172.21.15.44:6789/0] -- mon_getmap magic: 0 v1 -- 0x7fd88819c1e0 con 0x7fd888106980
2023-07-20T18:17:22.719 INFO:teuthology.orchestra.run.smithi044.stdout:/usr/bin/ceph: stderr
2023-07-20T18:17:21.940+0000 7fd88d0a2700 1 --2- >> [v2:172.21.15.44:3300/0,v1:172.21.15.44:6789/0] conn(0x7fd888106980 0x7fd88819bca0 unknown :-1 s=BANNER_CONNECTING pgs=0 cs=0 l=1 rev1=0 crypto rx=0 tx=0 comp rx=0 tx=0)._handle_peer_banner_payload supported=3 required=0
2023-07-20T18:17:22.719 INFO:teuthology.orchestra.run.smithi044.stdout:/usr/bin/ceph: stderr
2023-07-20T18:17:21.940+0000 7fd88d0a2700 1 --2- >> [v2:172.21.15.44:3300/0,v1:172.21.15.44:6789/0] conn(0x7fd888106980 0x7fd88819bca0 unknown :-1 s=HELLO_CONNECTING pgs=0 cs=0 l=1 rev1=1 crypto rx=0 tx=0 comp rx=0 tx=0).handle_hello peer v2:172.21.15.44:3300/0 says I am v2:172.21.15.44:56600/0 (socket says 172.21.15.44:56600)
2023-07-20T18:17:22.719 INFO:teuthology.orchestra.run.smithi044.stdout:/usr/bin/ceph: stderr
2023-07-20T18:17:21.940+0000 7fd88d0a2700 1 -- 172.21.15.44:0/3425813509 learned_addr learned my addr 172.21.15.44:0/3425813509 (peer_addr_for_me v2:172.21.15.44:0/0)
2023-07-20T18:17:22.719 INFO:teuthology.orchestra.run.smithi044.stdout:/usr/bin/ceph: stderr
2023-07-20T18:17:21.940+0000 7fd88d0a2700 1 -- 172.21.15.44:0/3425813509 --> [v2:172.21.15.44:3300/0,v1:172.21.15.44:6789/0] -- mon_subscribe({config=0+,monmap=0+}) v3 -- 0x7fd884009550 con 0x7fd888106980
2023-07-20T18:17:22.720 INFO:teuthology.orchestra.run.smithi044.stdout:/usr/bin/ceph: stderr
2023-07-20T18:17:21.940+0000 7fd88d0a2700 1 --2- 172.21.15.44:0/3425813509 >> [v2:172.21.15.44:3300/0,v1:172.21.15.44:6789/0] conn(0x7fd888106980 0x7fd88819bca0 secure :-1 s=READY pgs=38 cs=0 l=1 rev1=1 crypto rx=0x7fd884011dc0 tx=0x7fd884011ea0 comp rx=0 tx=0).ready entity=mon.0 client_cookie=0 server_cookie=0 in_seq=0 out_seq=0
2023-07-20T18:17:22.720 INFO:teuthology.orchestra.run.smithi044.stdout:/usr/bin/ceph: stderr
2023-07-20T18:17:21.940+0000 7fd87e7fc700 1 -- 172.21.15.44:0/3425813509 <== mon.0 v2:172.21.15.44:3300/0 1 ==== mon_map magic: 0 v1 ==== 205+0+0 (secure 0 0 0) 0x7fd8840037d0 con 0x7fd888106980
2023-07-20T18:17:22.720 INFO:teuthology.orchestra.run.smithi044.stdout:/usr/bin/ceph: stderr
2023-07-20T18:17:21.940+0000 7fd87e7fc700 1 -- 172.21.15.44:0/3425813509 <== mon.0 v2:172.21.15.44:3300/0 2 ==== config(25 keys) v1 ==== 1036+0+0 (secure 0 0 0) 0x7fd88401b440 con 0x7fd888106980
2023-07-20T18:17:22.721 INFO:teuthology.orchestra.run.smithi044.stdout:/usr/bin/ceph: stderr
2023-07-20T18:17:21.940+0000 7fd88f306700 1 -- 172.21.15.44:0/3425813509 --> [v2:172.21.15.44:3300/0,v1:172.21.15.44:6789/0] -- mon_subscribe({mgrmap=0+}) v3 -- 0x7fd88819c3e0 con 0x7fd888106980
2023-07-20T18:17:22.721 INFO:teuthology.orchestra.run.smithi044.stdout:/usr/bin/ceph: stderr
2023-07-20T18:17:21.940+0000 7fd87e7fc700 1 -- 172.21.15.44:0/3425813509 <== mon.0 v2:172.21.15.44:3300/0 3 ==== mon_map magic: 0 v1 ==== 205+0+0 (secure 0 0 0) 0x7fd88401a560 con 0x7fd888106980
2023-07-20T18:17:22.721 INFO:teuthology.orchestra.run.smithi044.stdout:/usr/bin/ceph: stderr
2023-07-20T18:17:21.940+0000 7fd88f306700 1 -- 172.21.15.44:0/3425813509 --> [v2:172.21.15.44:3300/0,v1:172.21.15.44:6789/0] -- mon_subscribe({osdmap=0}) v3 -- 0x7fd88819c880 con 0x7fd888106980
2023-07-20T18:17:22.721 INFO:teuthology.orchestra.run.smithi044.stdout:/usr/bin/ceph: stderr
2023-07-20T18:17:21.941+0000 7fd87e7fc700 1 -- 172.21.15.44:0/3425813509 <== mon.0 v2:172.21.15.44:3300/0 4 ==== mgrmap(e 7) v1 ==== 45377+0+0 (secure 0 0 0) 0x7fd88401a7d0 con 0x7fd888106980
2023-07-20T18:17:22.721 INFO:teuthology.orchestra.run.smithi044.stdout:/usr/bin/ceph: stderr
2023-07-20T18:17:21.941+0000 7fd88f306700 1 -- 172.21.15.44:0/3425813509 --> [v2:172.21.15.44:3300/0,v1:172.21.15.44:6789/0] -- mon_command({"prefix": "get_command_descriptions"} v 0) v1 -- 0x7fd88810a050 con 0x7fd888106980
2023-07-20T18:17:22.721 INFO:teuthology.orchestra.run.smithi044.stdout:/usr/bin/ceph: stderr
2023-07-20T18:17:21.942+0000 7fd87e7fc700 1 --2- 172.21.15.44:0/3425813509 >> [v2:172.21.15.44:6800/2348071724,v1:172.21.15.44:6801/2348071724] conn(0x7fd874038630 0x7fd87403aaf0 unknown :-1 s=NONE pgs=0 cs=0 l=1 rev1=0 crypto rx=0 tx=0 comp rx=0 tx=0).connect
2023-07-20T18:17:22.721 INFO:teuthology.orchestra.run.smithi044.stdout:/usr/bin/ceph: stderr
2023-07-20T18:17:21.942+0000 7fd87e7fc700 1 -- 172.21.15.44:0/3425813509 <== mon.0 v2:172.21.15.44:3300/0 5 ==== osd_map(2..2 src has 1..2) v4 ==== 940+0+0 (secure 0 0 0) 0x7fd88404c590 con 0x7fd888106980
2023-07-20T18:17:22.721 INFO:teuthology.orchestra.run.smithi044.stdout:/usr/bin/ceph: stderr
2023-07-20T18:17:21.942+0000 7fd88c8a1700 1 --2- 172.21.15.44:0/3425813509 >> [v2:172.21.15.44:6800/2348071724,v1:172.21.15.44:6801/2348071724] conn(0x7fd874038630 0x7fd87403aaf0 unknown :-1 s=BANNER_CONNECTING pgs=0 cs=0 l=1 rev1=0 crypto rx=0 tx=0 comp rx=0 tx=0)._handle_peer_banner_payload supported=3 required=0
2023-07-20T18:17:22.722 INFO:teuthology.orchestra.run.smithi044.stdout:/usr/bin/ceph: stderr
2023-07-20T18:17:21.942+0000 7fd88c8a1700 1 --2- 172.21.15.44:0/3425813509 >> [v2:172.21.15.44:6800/2348071724,v1:172.21.15.44:6801/2348071724] conn(0x7fd874038630 0x7fd87403aaf0 secure :-1 s=READY pgs=7 cs=0 l=1 rev1=1 crypto rx=0x7fd878006fd0 tx=0x7fd878006e40 comp rx=0 tx=0).ready entity=mgr.14120 client_cookie=0 server_cookie=0 in_seq=0 out_seq=0
2023-07-20T18:17:22.722 INFO:teuthology.orchestra.run.smithi044.stdout:/usr/bin/ceph: stderr
2023-07-20T18:17:21.947+0000 7fd87e7fc700 1 -- 172.21.15.44:0/3425813509 <== mon.0 v2:172.21.15.44:3300/0 6 ==== mon_command_ack([{"prefix": "get_command_descriptions"}]=0 v0) v1 ==== 72+0+178025 (secure 0 0 0) 0x7fd884023590 con 0x7fd888106980
2023-07-20T18:17:22.722 INFO:teuthology.orchestra.run.smithi044.stdout:/usr/bin/ceph: stderr
2023-07-20T18:17:22.278+0000 7fd87e7fc700 1 -- 172.21.15.44:0/3425813509 <== mon.0 v2:172.21.15.44:3300/0 7 ==== mgrmap(e 8) v1 ==== 45483+0+0 (secure 0 0 0) 0x7fd88401b620 con 0x7fd888106980
2023-07-20T18:17:22.722 INFO:teuthology.orchestra.run.smithi044.stdout:/usr/bin/ceph: stderr
2023-07-20T18:17:22.335+0000 7fd88f306700 1 -- 172.21.15.44:0/3425813509 --> [v2:172.21.15.44:6800/2348071724,v1:172.21.15.44:6801/2348071724] -- mgr_command(tid 0: {"prefix": "orch set backend", "module_name": "cephadm", "target": ["mon-mgr", ""]}) v1 -- 0x7fd8881017e0 con 0x7fd874038630
2023-07-20T18:17:22.722 INFO:teuthology.orchestra.run.smithi044.stdout:/usr/bin/ceph: stderr
2023-07-20T18:17:22.341+0000 7fd87e7fc700 1 -- 172.21.15.44:0/3425813509 <== mgr.14120 v2:172.21.15.44:6800/2348071724 1 ==== mgr_command_reply(tid 0: 0 ) v1 ==== 8+0+0 (secure 0 0 0) 0x7fd8881017e0 con 0x7fd874038630
2023-07-20T18:17:22.722 INFO:teuthology.orchestra.run.smithi044.stdout:/usr/bin/ceph: stderr
2023-07-20T18:17:22.343+0000 7fd88f306700 1 -- 172.21.15.44:0/3425813509 >> [v2:172.21.15.44:6800/2348071724,v1:172.21.15.44:6801/2348071724] conn(0x7fd874038630 msgr2=0x7fd87403aaf0 secure :-1 s=STATE_CONNECTION_ESTABLISHED l=1).mark_down
2023-07-20T18:17:22.722 INFO:teuthology.orchestra.run.smithi044.stdout:/usr/bin/ceph: stderr
2023-07-20T18:17:22.343+0000 7fd88f306700 1 --2- 172.21.15.44:0/3425813509 >> [v2:172.21.15.44:6800/2348071724,v1:172.21.15.44:6801/2348071724] conn(0x7fd874038630 0x7fd87403aaf0 secure :-1 s=READY pgs=7 cs=0 l=1 rev1=1 crypto rx=0x7fd878006fd0 tx=0x7fd878006e40 comp rx=0 tx=0).stop
2023-07-20T18:17:22.723 INFO:teuthology.orchestra.run.smithi044.stdout:/usr/bin/ceph: stderr
2023-07-20T18:17:22.343+0000 7fd88f306700 1 -- 172.21.15.44:0/3425813509 >> [v2:172.21.15.44:3300/0,v1:172.21.15.44:6789/0] conn(0x7fd888106980 msgr2=0x7fd88819bca0 secure :-1 s=STATE_CONNECTION_ESTABLISHED l=1).mark_down
2023-07-20T18:17:22.723 INFO:teuthology.orchestra.run.smithi044.stdout:/usr/bin/ceph: stderr
2023-07-20T18:17:22.343+0000 7fd88f306700 1 --2- 172.21.15.44:0/3425813509 >> [v2:172.21.15.44:3300/0,v1:172.21.15.44:6789/0] conn(0x7fd888106980 0x7fd88819bca0 secure :-1 s=READY pgs=38 cs=0 l=1 rev1=1 crypto rx=0x7fd884011dc0 tx=0x7fd884011ea0 comp rx=0 tx=0).stop
2023-07-20T18:17:22.723 INFO:teuthology.orchestra.run.smithi044.stdout:/usr/bin/ceph: stderr
2023-07-20T18:17:22.343+0000 7fd88f306700 1 -- 172.21.15.44:0/3425813509 shutdown_connections
2023-07-20T18:17:22.723 INFO:teuthology.orchestra.run.smithi044.stdout:/usr/bin/ceph: stderr
2023-07-20T18:17:22.343+0000 7fd88f306700 1 --2- 172.21.15.44:0/3425813509 >> [v2:172.21.15.44:6800/2348071724,v1:172.21.15.44:6801/2348071724] conn(0x7fd874038630 0x7fd87403aaf0 unknown :-1 s=CLOSED pgs=7 cs=0 l=1 rev1=1 crypto rx=0 tx=0 comp rx=0 tx=0).stop
2023-07-20T18:17:22.723 INFO:teuthology.orchestra.run.smithi044.stdout:/usr/bin/ceph: stderr
2023-07-20T18:17:22.343+0000 7fd88f306700 1 --2- 172.21.15.44:0/3425813509 >> [v2:172.21.15.44:3300/0,v1:172.21.15.44:6789/0] conn(0x7fd888106980 0x7fd88819bca0 unknown :-1 s=CLOSED pgs=38 cs=0 l=1 rev1=1 crypto rx=0 tx=0 comp rx=0 tx=0).stop
2023-07-20T18:17:22.724 INFO:teuthology.orchestra.run.smithi044.stdout:/usr/bin/ceph: stderr
2023-07-20T18:17:22.343+0000 7fd88f306700 1 -- 172.21.15.44:0/3425813509 >> 172.21.15.44:0/3425813509 conn(0x7fd8881003d0 msgr2=0x7fd8881010d0 unknown :-1 s=STATE_NONE l=0).mark_down
2023-07-20T18:17:22.724 INFO:teuthology.orchestra.run.smithi044.stdout:/usr/bin/ceph: stderr
2023-07-20T18:17:22.343+0000 7fd88f306700 1 -- 172.21.15.44:0/3425813509 shutdown_connections
2023-07-20T18:17:22.724 INFO:teuthology.orchestra.run.smithi044.stdout:/usr/bin/ceph: stderr
2023-07-20T18:17:22.343+0000 7fd88f306700 1 -- 172.21.15.44:0/3425813509 wait complete.
2023-07-20T18:17:23.530 INFO:journalctl@ceph.mon.a.smithi044.stdout:Jul 20 18:17:23 smithi044 ceph-mon[96443]: mgrmap e8: x(active, since 2s)
2023-07-20T18:17:23.530 INFO:journalctl@ceph.mon.a.smithi044.stdout:Jul 20 18:17:23 smithi044 ceph-mon[96443]: from='client.14132 -' entity='client.admin' cmd=[{"prefix": "orch set backend", "module_name": "cephadm", "target": ["mon-mgr", ""]}]: dispatch
2023-07-20T18:17:23.530 INFO:journalctl@ceph.mon.a.smithi044.stdout:Jul 20 18:17:23 smithi044 ceph-mon[96443]: from='mgr.14120 172.21.15.44:0/1140295405' entity='mgr.x'
2023-07-20T18:17:23.531 INFO:journalctl@ceph.mon.a.smithi044.stdout:Jul 20 18:17:23 smithi044 ceph-mon[96443]: from='mgr.14120 172.21.15.44:0/1140295405' entity='mgr.x' cmd=[{"prefix": "config dump", "format": "json"}]: dispatch
2023-07-20T18:17:23.964 INFO:teuthology.orchestra.run.smithi044.stdout:/usr/bin/ceph: stdout value unchanged
2023-07-20T18:17:23.969 INFO:teuthology.orchestra.run.smithi044.stdout:/usr/bin/ceph: stderr
2023-07-20T18:17:23.210+0000 7fd854199700 1 Processor -- start
2023-07-20T18:17:23.969 INFO:teuthology.orchestra.run.smithi044.stdout:/usr/bin/ceph: stderr
2023-07-20T18:17:23.211+0000 7fd854199700 1 -- start start
2023-07-20T18:17:23.969 INFO:teuthology.orchestra.run.smithi044.stdout:/usr/bin/ceph: stderr
2023-07-20T18:17:23.211+0000 7fd854199700 1 --2- >> [v2:172.21.15.44:3300/0,v1:172.21.15.44:6789/0] conn(0x7fd84c1069a0 0x7fd84c108d90 unknown :-1 s=NONE pgs=0 cs=0 l=0 rev1=0 crypto rx=0 tx=0 comp rx=0 tx=0).connect
2023-07-20T18:17:23.970 INFO:teuthology.orchestra.run.smithi044.stdout:/usr/bin/ceph: stderr
2023-07-20T18:17:23.211+0000 7fd854199700 1 -- --> [v2:172.21.15.44:3300/0,v1:172.21.15.44:6789/0] -- mon_getmap magic: 0 v1 -- 0x7fd84c061a90 con 0x7fd84c1069a0
2023-07-20T18:17:23.970 INFO:teuthology.orchestra.run.smithi044.stdout:/usr/bin/ceph: stderr
2023-07-20T18:17:23.211+0000 7fd851f35700 1 --2- >> [v2:172.21.15.44:3300/0,v1:172.21.15.44:6789/0] conn(0x7fd84c1069a0 0x7fd84c108d90 unknown :-1 s=BANNER_CONNECTING pgs=0 cs=0 l=0 rev1=0 crypto rx=0 tx=0 comp rx=0 tx=0)._handle_peer_banner_payload supported=3 required=0
2023-07-20T18:17:23.970 INFO:teuthology.orchestra.run.smithi044.stdout:/usr/bin/ceph: stderr
2023-07-20T18:17:23.211+0000 7fd851f35700 1 --2- >> [v2:172.21.15.44:3300/0,v1:172.21.15.44:6789/0] conn(0x7fd84c1069a0 0x7fd84c108d90 unknown :-1 s=HELLO_CONNECTING pgs=0 cs=0 l=0 rev1=1 crypto rx=0 tx=0 comp rx=0 tx=0).handle_hello peer v2:172.21.15.44:3300/0 says I am v2:172.21.15.44:56604/0 (socket says 172.21.15.44:56604)
2023-07-20T18:17:23.970 INFO:teuthology.orchestra.run.smithi044.stdout:/usr/bin/ceph: stderr
2023-07-20T18:17:23.211+0000 7fd851f35700 1 -- 172.21.15.44:0/1383980489 learned_addr learned my addr 172.21.15.44:0/1383980489 (peer_addr_for_me v2:172.21.15.44:0/0)
2023-07-20T18:17:23.970 INFO:teuthology.orchestra.run.smithi044.stdout:/usr/bin/ceph: stderr
2023-07-20T18:17:23.211+0000 7fd851f35700 1 -- 172.21.15.44:0/1383980489 --> [v2:172.21.15.44:3300/0,v1:172.21.15.44:6789/0] -- mon_subscribe({config=0+,monmap=0+}) v3 -- 0x7fd84c1092d0 con 0x7fd84c1069a0
2023-07-20T18:17:23.970 INFO:teuthology.orchestra.run.smithi044.stdout:/usr/bin/ceph: stderr
2023-07-20T18:17:23.212+0000 7fd851f35700 1 --2- 172.21.15.44:0/1383980489 >> [v2:172.21.15.44:3300/0,v1:172.21.15.44:6789/0] conn(0x7fd84c1069a0 0x7fd84c108d90 secure :-1 s=READY pgs=39 cs=0 l=1 rev1=1 crypto rx=0x7fd8480098a0 tx=0x7fd848009bb0 comp rx=0 tx=0).ready entity=mon.0 client_cookie=6f1c45c915e3c151 server_cookie=0 in_seq=0 out_seq=0
2023-07-20T18:17:23.971 INFO:teuthology.orchestra.run.smithi044.stdout:/usr/bin/ceph: stderr
2023-07-20T18:17:23.212+0000 7fd850f33700 1 -- 172.21.15.44:0/1383980489 <== mon.0 v2:172.21.15.44:3300/0 1 ==== mon_map magic: 0 v1 ==== 205+0+0 (secure 0 0 0) 0x7fd848004160 con 0x7fd84c1069a0
2023-07-20T18:17:23.971 INFO:teuthology.orchestra.run.smithi044.stdout:/usr/bin/ceph: stderr
2023-07-20T18:17:23.212+0000 7fd850f33700 1 -- 172.21.15.44:0/1383980489 <== mon.0 v2:172.21.15.44:3300/0 2 ==== config(25 keys) v1 ==== 1036+0+0 (secure 0 0 0) 0x7fd8480042c0 con 0x7fd84c1069a0
2023-07-20T18:17:23.971 INFO:teuthology.orchestra.run.smithi044.stdout:/usr/bin/ceph: stderr
2023-07-20T18:17:23.212+0000 7fd850f33700 1 -- 172.21.15.44:0/1383980489 <== mon.0 v2:172.21.15.44:3300/0 3 ==== mon_map magic: 0 v1 ==== 205+0+0 (secure 0 0 0) 0x7fd8480118f0 con 0x7fd84c1069a0
2023-07-20T18:17:23.971 INFO:teuthology.orchestra.run.smithi044.stdout:/usr/bin/ceph: stderr
2023-07-20T18:17:23.212+0000 7fd854199700 1 -- 172.21.15.44:0/1383980489 >> [v2:172.21.15.44:3300/0,v1:172.21.15.44:6789/0] conn(0x7fd84c1069a0 msgr2=0x7fd84c108d90 secure :-1 s=STATE_CONNECTION_ESTABLISHED l=1).mark_down
2023-07-20T18:17:23.971 INFO:teuthology.orchestra.run.smithi044.stdout:/usr/bin/ceph: stderr
2023-07-20T18:17:23.212+0000 7fd854199700 1 --2- 172.21.15.44:0/1383980489 >> [v2:172.21.15.44:3300/0,v1:172.21.15.44:6789/0] conn(0x7fd84c1069a0 0x7fd84c108d90 secure :-1 s=READY pgs=39 cs=0 l=1 rev1=1 crypto rx=0x7fd8480098a0 tx=0x7fd848009bb0 comp rx=0 tx=0).stop
2023-07-20T18:17:23.971 INFO:teuthology.orchestra.run.smithi044.stdout:/usr/bin/ceph: stderr
2023-07-20T18:17:23.213+0000 7fd854199700 1 -- 172.21.15.44:0/1383980489 shutdown_connections
2023-07-20T18:17:23.971 INFO:teuthology.orchestra.run.smithi044.stdout:/usr/bin/ceph: stderr
2023-07-20T18:17:23.213+0000 7fd854199700 1 --2- 172.21.15.44:0/1383980489 >> [v2:172.21.15.44:3300/0,v1:172.21.15.44:6789/0] conn(0x7fd84c1069a0 0x7fd84c108d90 unknown :-1 s=CLOSED pgs=39 cs=0 l=1 rev1=1 crypto rx=0 tx=0 comp rx=0 tx=0).stop
2023-07-20T18:17:23.972 INFO:teuthology.orchestra.run.smithi044.stdout:/usr/bin/ceph: stderr
2023-07-20T18:17:23.213+0000 7fd854199700 1 -- 172.21.15.44:0/1383980489 >> 172.21.15.44:0/1383980489 conn(0x7fd84c100410 msgr2=0x7fd84c102830 unknown :-1 s=STATE_NONE l=0).mark_down
2023-07-20T18:17:23.972 INFO:teuthology.orchestra.run.smithi044.stdout:/usr/bin/ceph: stderr
2023-07-20T18:17:23.213+0000 7fd854199700 1 -- 172.21.15.44:0/1383980489 shutdown_connections
2023-07-20T18:17:23.972 INFO:teuthology.orchestra.run.smithi044.stdout:/usr/bin/ceph: stderr
2023-07-20T18:17:23.213+0000 7fd854199700 1 -- 172.21.15.44:0/1383980489 wait complete.
2023-07-20T18:17:23.972 INFO:teuthology.orchestra.run.smithi044.stdout:/usr/bin/ceph: stderr
2023-07-20T18:17:23.213+0000 7fd854199700 1 Processor -- start
2023-07-20T18:17:23.972 INFO:teuthology.orchestra.run.smithi044.stdout:/usr/bin/ceph: stderr
2023-07-20T18:17:23.213+0000 7fd854199700 1 -- start start
2023-07-20T18:17:23.972 INFO:teuthology.orchestra.run.smithi044.stdout:/usr/bin/ceph: stderr
2023-07-20T18:17:23.213+0000 7fd854199700 1 --2- >> [v2:172.21.15.44:3300/0,v1:172.21.15.44:6789/0] conn(0x7fd84c1069a0 0x7fd84c106300 unknown :-1 s=NONE pgs=0 cs=0 l=1 rev1=0 crypto rx=0 tx=0 comp rx=0 tx=0).connect
2023-07-20T18:17:23.972 INFO:teuthology.orchestra.run.smithi044.stdout:/usr/bin/ceph: stderr
2023-07-20T18:17:23.213+0000 7fd854199700 1 -- --> [v2:172.21.15.44:3300/0,v1:172.21.15.44:6789/0] -- mon_getmap magic: 0 v1 -- 0x7fd84c106840 con 0x7fd84c1069a0
2023-07-20T18:17:23.973 INFO:teuthology.orchestra.run.smithi044.stdout:/usr/bin/ceph: stderr
2023-07-20T18:17:23.214+0000 7fd851f35700 1 --2- >> [v2:172.21.15.44:3300/0,v1:172.21.15.44:6789/0] conn(0x7fd84c1069a0 0x7fd84c106300 unknown :-1 s=BANNER_CONNECTING pgs=0 cs=0 l=1 rev1=0 crypto rx=0 tx=0 comp rx=0 tx=0)._handle_peer_banner_payload supported=3 required=0
2023-07-20T18:17:23.973 INFO:teuthology.orchestra.run.smithi044.stdout:/usr/bin/ceph: stderr
2023-07-20T18:17:23.214+0000 7fd851f35700 1 --2- >> [v2:172.21.15.44:3300/0,v1:172.21.15.44:6789/0] conn(0x7fd84c1069a0 0x7fd84c106300 unknown :-1 s=HELLO_CONNECTING pgs=0 cs=0 l=1 rev1=1 crypto rx=0 tx=0 comp rx=0 tx=0).handle_hello peer v2:172.21.15.44:3300/0 says I am v2:172.21.15.44:56606/0 (socket says 172.21.15.44:56606)
2023-07-20T18:17:23.973 INFO:teuthology.orchestra.run.smithi044.stdout:/usr/bin/ceph: stderr
2023-07-20T18:17:23.214+0000 7fd851f35700 1 -- 172.21.15.44:0/1484638301 learned_addr learned my addr 172.21.15.44:0/1484638301 (peer_addr_for_me v2:172.21.15.44:0/0)
2023-07-20T18:17:23.973 INFO:teuthology.orchestra.run.smithi044.stdout:/usr/bin/ceph: stderr
2023-07-20T18:17:23.214+0000 7fd851f35700 1 -- 172.21.15.44:0/1484638301 --> [v2:172.21.15.44:3300/0,v1:172.21.15.44:6789/0] -- mon_subscribe({config=0+,monmap=0+}) v3 -- 0x7fd848009550 con 0x7fd84c1069a0
2023-07-20T18:17:23.973 INFO:teuthology.orchestra.run.smithi044.stdout:/usr/bin/ceph: stderr
2023-07-20T18:17:23.214+0000 7fd851f35700 1 --2- 172.21.15.44:0/1484638301 >> [v2:172.21.15.44:3300/0,v1:172.21.15.44:6789/0] conn(0x7fd84c1069a0 0x7fd84c106300 secure :-1 s=READY pgs=40 cs=0 l=1 rev1=1 crypto rx=0x7fd8480119a0 tx=0x7fd848011a80 comp rx=0 tx=0).ready entity=mon.0 client_cookie=0 server_cookie=0 in_seq=0 out_seq=0
2023-07-20T18:17:23.974 INFO:teuthology.orchestra.run.smithi044.stdout:/usr/bin/ceph: stderr
2023-07-20T18:17:23.214+0000 7fd842ffd700 1 -- 172.21.15.44:0/1484638301 <== mon.0 v2:172.21.15.44:3300/0 1 ==== mon_map magic: 0 v1 ==== 205+0+0 (secure 0 0 0) 0x7fd8480037d0 con 0x7fd84c1069a0
2023-07-20T18:17:23.976 INFO:teuthology.orchestra.run.smithi044.stdout:/usr/bin/ceph: stderr
2023-07-20T18:17:23.214+0000 7fd842ffd700 1 -- 172.21.15.44:0/1484638301 <== mon.0 v2:172.21.15.44:3300/0 2 ==== config(25 keys) v1 ==== 1036+0+0 (secure 0 0 0) 0x7fd84801a430 con 0x7fd84c1069a0
2023-07-20T18:17:23.976 INFO:teuthology.orchestra.run.smithi044.stdout:/usr/bin/ceph: stderr
2023-07-20T18:17:23.214+0000 7fd842ffd700 1 -- 172.21.15.44:0/1484638301 <== mon.0 v2:172.21.15.44:3300/0 3 ==== mon_map magic: 0 v1 ==== 205+0+0 (secure 0 0 0) 0x7fd848019550 con 0x7fd84c1069a0
2023-07-20T18:17:23.976 INFO:teuthology.orchestra.run.smithi044.stdout:/usr/bin/ceph: stderr
2023-07-20T18:17:23.214+0000 7fd854199700 1 -- 172.21.15.44:0/1484638301 --> [v2:172.21.15.44:3300/0,v1:172.21.15.44:6789/0] -- mon_subscribe({mgrmap=0+}) v3 -- 0x7fd84c104950 con 0x7fd84c1069a0
2023-07-20T18:17:23.976 INFO:teuthology.orchestra.run.smithi044.stdout:/usr/bin/ceph: stderr
2023-07-20T18:17:23.214+0000 7fd854199700 1 -- 172.21.15.44:0/1484638301 --> [v2:172.21.15.44:3300/0,v1:172.21.15.44:6789/0] -- mon_subscribe({osdmap=0}) v3 -- 0x7fd84c104d10 con 0x7fd84c1069a0
2023-07-20T18:17:23.977 INFO:teuthology.orchestra.run.smithi044.stdout:/usr/bin/ceph: stderr
2023-07-20T18:17:23.216+0000 7fd854199700 1 -- 172.21.15.44:0/1484638301 --> [v2:172.21.15.44:3300/0,v1:172.21.15.44:6789/0] -- mon_command({"prefix": "get_command_descriptions"} v 0) v1 -- 0x7fd84c10a070 con 0x7fd84c1069a0
2023-07-20T18:17:23.977 INFO:teuthology.orchestra.run.smithi044.stdout:/usr/bin/ceph: stderr
2023-07-20T18:17:23.216+0000 7fd842ffd700 1 -- 172.21.15.44:0/1484638301 <== mon.0 v2:172.21.15.44:3300/0 4 ==== mgrmap(e 8) v1 ==== 45483+0+0 (secure 0 0 0) 0x7fd84801a5a0 con 0x7fd84c1069a0
2023-07-20T18:17:23.977 INFO:teuthology.orchestra.run.smithi044.stdout:/usr/bin/ceph: stderr
2023-07-20T18:17:23.216+0000 7fd842ffd700 1 --2- 172.21.15.44:0/1484638301 >> [v2:172.21.15.44:6800/2348071724,v1:172.21.15.44:6801/2348071724] conn(0x7fd838038760 0x7fd83803ac20 unknown :-1 s=NONE pgs=0 cs=0 l=1 rev1=0 crypto rx=0 tx=0 comp rx=0 tx=0).connect
2023-07-20T18:17:23.977 INFO:teuthology.orchestra.run.smithi044.stdout:/usr/bin/ceph: stderr
2023-07-20T18:17:23.216+0000 7fd842ffd700 1 -- 172.21.15.44:0/1484638301 <== mon.0 v2:172.21.15.44:3300/0 5 ==== osd_map(2..2 src has 1..2) v4 ==== 940+0+0 (secure 0 0 0) 0x7fd84804c250 con 0x7fd84c1069a0
2023-07-20T18:17:23.977 INFO:teuthology.orchestra.run.smithi044.stdout:/usr/bin/ceph: stderr
2023-07-20T18:17:23.216+0000 7fd851734700 1 --2- 172.21.15.44:0/1484638301 >> [v2:172.21.15.44:6800/2348071724,v1:172.21.15.44:6801/2348071724] conn(0x7fd838038760 0x7fd83803ac20 unknown :-1 s=BANNER_CONNECTING pgs=0 cs=0 l=1 rev1=0 crypto rx=0 tx=0 comp rx=0 tx=0)._handle_peer_banner_payload supported=3 required=0
2023-07-20T18:17:23.977 INFO:teuthology.orchestra.run.smithi044.stdout:/usr/bin/ceph: stderr
2023-07-20T18:17:23.216+0000 7fd851734700 1 --2- 172.21.15.44:0/1484638301 >> [v2:172.21.15.44:6800/2348071724,v1:172.21.15.44:6801/2348071724] conn(0x7fd838038760 0x7fd83803ac20 secure :-1 s=READY pgs=8 cs=0 l=1 rev1=1 crypto rx=0x7fd83c006fd0 tx=0x7fd83c006e40 comp rx=0 tx=0).ready entity=mgr.14120 client_cookie=0 server_cookie=0 in_seq=0 out_seq=0
2023-07-20T18:17:23.978 INFO:teuthology.orchestra.run.smithi044.stdout:/usr/bin/ceph: stderr
2023-07-20T18:17:23.221+0000 7fd842ffd700 1 -- 172.21.15.44:0/1484638301 <== mon.0 v2:172.21.15.44:3300/0 6 ==== mon_command_ack([{"prefix": "get_command_descriptions"}]=0 v0) v1 ==== 72+0+178025 (secure 0 0 0) 0x7fd848021b90 con 0x7fd84c1069a0
2023-07-20T18:17:23.978 INFO:teuthology.orchestra.run.smithi044.stdout:/usr/bin/ceph: stderr
2023-07-20T18:17:23.583+0000 7fd854199700 1 -- 172.21.15.44:0/1484638301 --> [v2:172.21.15.44:6800/2348071724,v1:172.21.15.44:6801/2348071724] -- mgr_command(tid 0: {"prefix": "cephadm set-user", "user": "root", "target": ["mon-mgr", ""]}) v1 -- 0x7fd84c1026c0 con 0x7fd838038760
2023-07-20T18:17:23.978 INFO:teuthology.orchestra.run.smithi044.stdout:/usr/bin/ceph: stderr
2023-07-20T18:17:23.584+0000 7fd842ffd700 1 -- 172.21.15.44:0/1484638301 <== mgr.14120 v2:172.21.15.44:6800/2348071724 1 ==== mgr_command_reply(tid 0: 0 ) v1 ==== 8+0+16 (secure 0 0 0) 0x7fd84c1026c0 con 0x7fd838038760
2023-07-20T18:17:23.978 INFO:teuthology.orchestra.run.smithi044.stdout:/usr/bin/ceph: stderr
2023-07-20T18:17:23.586+0000 7fd854199700 1 -- 172.21.15.44:0/1484638301 >> [v2:172.21.15.44:6800/2348071724,v1:172.21.15.44:6801/2348071724] conn(0x7fd838038760 msgr2=0x7fd83803ac20 secure :-1 s=STATE_CONNECTION_ESTABLISHED l=1).mark_down
2023-07-20T18:17:23.978 INFO:teuthology.orchestra.run.smithi044.stdout:/usr/bin/ceph: stderr
2023-07-20T18:17:23.586+0000 7fd854199700 1 --2- 172.21.15.44:0/1484638301 >> [v2:172.21.15.44:6800/2348071724,v1:172.21.15.44:6801/2348071724] conn(0x7fd838038760 0x7fd83803ac20 secure :-1 s=READY pgs=8 cs=0 l=1 rev1=1 crypto rx=0x7fd83c006fd0 tx=0x7fd83c006e40 comp rx=0 tx=0).stop
2023-07-20T18:17:23.979 INFO:teuthology.orchestra.run.smithi044.stdout:/usr/bin/ceph: stderr
2023-07-20T18:17:23.586+0000 7fd854199700 1 -- 172.21.15.44:0/1484638301 >> [v2:172.21.15.44:3300/0,v1:172.21.15.44:6789/0] conn(0x7fd84c1069a0 msgr2=0x7fd84c106300 secure :-1 s=STATE_CONNECTION_ESTABLISHED l=1).mark_down
2023-07-20T18:17:23.979 INFO:teuthology.orchestra.run.smithi044.stdout:/usr/bin/ceph: stderr
2023-07-20T18:17:23.586+0000 7fd854199700 1 --2- 172.21.15.44:0/1484638301 >> [v2:172.21.15.44:3300/0,v1:172.21.15.44:6789/0] conn(0x7fd84c1069a0 0x7fd84c106300 secure :-1 s=READY pgs=40 cs=0 l=1 rev1=1 crypto rx=0x7fd8480119a0 tx=0x7fd848011a80 comp rx=0 tx=0).stop
2023-07-20T18:17:23.979 INFO:teuthology.orchestra.run.smithi044.stdout:/usr/bin/ceph: stderr
2023-07-20T18:17:23.586+0000 7fd854199700 1 -- 172.21.15.44:0/1484638301 shutdown_connections
2023-07-20T18:17:23.979 INFO:teuthology.orchestra.run.smithi044.stdout:/usr/bin/ceph: stderr
2023-07-20T18:17:23.586+0000 7fd854199700 1 --2- 172.21.15.44:0/1484638301 >> [v2:172.21.15.44:6800/2348071724,v1:172.21.15.44:6801/2348071724] conn(0x7fd838038760 0x7fd83803ac20 unknown :-1 s=CLOSED pgs=8 cs=0 l=1 rev1=1 crypto rx=0 tx=0 comp rx=0 tx=0).stop
2023-07-20T18:17:23.979 INFO:teuthology.orchestra.run.smithi044.stdout:/usr/bin/ceph: stderr
2023-07-20T18:17:23.586+0000 7fd854199700 1 --2- 172.21.15.44:0/1484638301 >> [v2:172.21.15.44:3300/0,v1:172.21.15.44:6789/0] conn(0x7fd84c1069a0 0x7fd84c106300 unknown :-1 s=CLOSED pgs=40 cs=0 l=1 rev1=1 crypto rx=0 tx=0 comp rx=0 tx=0).stop
2023-07-20T18:17:23.979 INFO:teuthology.orchestra.run.smithi044.stdout:/usr/bin/ceph: stderr
2023-07-20T18:17:23.586+0000 7fd854199700 1 -- 172.21.15.44:0/1484638301 >> 172.21.15.44:0/1484638301 conn(0x7fd84c100410 msgr2=0x7fd84c101aa0 unknown :-1 s=STATE_NONE l=0).mark_down
2023-07-20T18:17:23.980 INFO:teuthology.orchestra.run.smithi044.stdout:/usr/bin/ceph: stderr
2023-07-20T18:17:23.586+0000 7fd854199700 1 -- 172.21.15.44:0/1484638301 shutdown_connections
2023-07-20T18:17:23.980 INFO:teuthology.orchestra.run.smithi044.stdout:/usr/bin/ceph: stderr
2023-07-20T18:17:23.586+0000 7fd854199700 1 -- 172.21.15.44:0/1484638301 wait complete.
2023-07-20T18:17:23.980 INFO:teuthology.orchestra.run.smithi044.stdout:Generating ssh key...
2023-07-20T18:17:24.530 INFO:journalctl@ceph.mon.a.smithi044.stdout:Jul 20 18:17:24 smithi044 ceph-mon[96443]: [20/Jul/2023:18:17:23] ENGINE Bus STARTING
2023-07-20T18:17:24.530 INFO:journalctl@ceph.mon.a.smithi044.stdout:Jul 20 18:17:24 smithi044 ceph-mon[96443]: [20/Jul/2023:18:17:23] ENGINE Serving on https://172.21.15.44:7150
2023-07-20T18:17:24.530 INFO:journalctl@ceph.mon.a.smithi044.stdout:Jul 20 18:17:24 smithi044 ceph-mon[96443]: [20/Jul/2023:18:17:23] ENGINE Serving on http://172.21.15.44:8765
2023-07-20T18:17:24.531 INFO:journalctl@ceph.mon.a.smithi044.stdout:Jul 20 18:17:24 smithi044 ceph-mon[96443]: [20/Jul/2023:18:17:23] ENGINE Bus STARTED
2023-07-20T18:17:24.531 INFO:journalctl@ceph.mon.a.smithi044.stdout:Jul 20 18:17:24 smithi044 ceph-mon[96443]: from='client.14134 -' entity='client.admin' cmd=[{"prefix": "cephadm set-user", "user": "root", "target": ["mon-mgr", ""]}]: dispatch
2023-07-20T18:17:24.531 INFO:journalctl@ceph.mon.a.smithi044.stdout:Jul 20 18:17:24 smithi044 ceph-mon[96443]: from='mgr.14120 172.21.15.44:0/1140295405' entity='mgr.x' cmd=[{"prefix": "config dump", "format": "json"}]: dispatch
2023-07-20T18:17:25.515 INFO:teuthology.orchestra.run.smithi044.stdout:/usr/bin/ceph: stderr
2023-07-20T18:17:24.450+0000 7feea2cae700 1 Processor -- start
2023-07-20T18:17:25.515 INFO:teuthology.orchestra.run.smithi044.stdout:/usr/bin/ceph: stderr
2023-07-20T18:17:24.450+0000 7feea2cae700 1 -- start start
2023-07-20T18:17:25.515 INFO:teuthology.orchestra.run.smithi044.stdout:/usr/bin/ceph: stderr
2023-07-20T18:17:24.450+0000 7feea2cae700 1 --2- >> [v2:172.21.15.44:3300/0,v1:172.21.15.44:6789/0] conn(0x7fee9c1069a0 0x7fee9c108d90 unknown :-1 s=NONE pgs=0 cs=0 l=0 rev1=0 crypto rx=0 tx=0 comp rx=0 tx=0).connect
2023-07-20T18:17:25.515 INFO:teuthology.orchestra.run.smithi044.stdout:/usr/bin/ceph: stderr
2023-07-20T18:17:24.450+0000 7feea2cae700 1 -- --> [v2:172.21.15.44:3300/0,v1:172.21.15.44:6789/0] -- mon_getmap magic: 0 v1 -- 0x7fee9c079e10 con 0x7fee9c1069a0
2023-07-20T18:17:25.516 INFO:teuthology.orchestra.run.smithi044.stdout:/usr/bin/ceph: stderr
2023-07-20T18:17:24.450+0000 7feea0a4a700 1 --2- >> [v2:172.21.15.44:3300/0,v1:172.21.15.44:6789/0] conn(0x7fee9c1069a0 0x7fee9c108d90 unknown :-1 s=BANNER_CONNECTING pgs=0 cs=0 l=0 rev1=0 crypto rx=0 tx=0 comp rx=0 tx=0)._handle_peer_banner_payload supported=3 required=0
2023-07-20T18:17:25.517 INFO:teuthology.orchestra.run.smithi044.stdout:/usr/bin/ceph: stderr
2023-07-20T18:17:24.450+0000 7feea0a4a700 1 --2- >> [v2:172.21.15.44:3300/0,v1:172.21.15.44:6789/0] conn(0x7fee9c1069a0 0x7fee9c108d90 unknown :-1 s=HELLO_CONNECTING pgs=0 cs=0 l=0 rev1=1 crypto rx=0 tx=0 comp rx=0 tx=0).handle_hello peer v2:172.21.15.44:3300/0 says I am v2:172.21.15.44:56618/0 (socket says 172.21.15.44:56618)
2023-07-20T18:17:25.518 INFO:teuthology.orchestra.run.smithi044.stdout:/usr/bin/ceph: stderr
2023-07-20T18:17:24.450+0000 7feea0a4a700 1 -- 172.21.15.44:0/3454317916 learned_addr learned my addr 172.21.15.44:0/3454317916 (peer_addr_for_me v2:172.21.15.44:0/0)
2023-07-20T18:17:25.518 INFO:teuthology.orchestra.run.smithi044.stdout:/usr/bin/ceph: stderr
2023-07-20T18:17:24.451+0000 7feea0a4a700 1 -- 172.21.15.44:0/3454317916 --> [v2:172.21.15.44:3300/0,v1:172.21.15.44:6789/0] -- mon_subscribe({config=0+,monmap=0+}) v3 -- 0x7fee9c1092d0 con 0x7fee9c1069a0
2023-07-20T18:17:25.518 INFO:teuthology.orchestra.run.smithi044.stdout:/usr/bin/ceph: stderr
2023-07-20T18:17:24.451+0000 7feea0a4a700 1 --2- 172.21.15.44:0/3454317916 >> [v2:172.21.15.44:3300/0,v1:172.21.15.44:6789/0] conn(0x7fee9c1069a0 0x7fee9c108d90 secure :-1 s=READY pgs=41 cs=0 l=1 rev1=1 crypto rx=0x7fee900098a0 tx=0x7fee90009bb0 comp rx=0 tx=0).ready entity=mon.0 client_cookie=62aa4206a50216d4 server_cookie=0 in_seq=0 out_seq=0
2023-07-20T18:17:25.518 INFO:teuthology.orchestra.run.smithi044.stdout:/usr/bin/ceph: stderr
2023-07-20T18:17:24.451+0000 7fee9b7fe700 1 -- 172.21.15.44:0/3454317916 <== mon.0 v2:172.21.15.44:3300/0 1 ==== mon_map magic: 0 v1 ==== 205+0+0 (secure 0 0 0) 0x7fee90004160 con 0x7fee9c1069a0
2023-07-20T18:17:25.518 INFO:teuthology.orchestra.run.smithi044.stdout:/usr/bin/ceph: stderr
2023-07-20T18:17:24.451+0000 7fee9b7fe700 1 -- 172.21.15.44:0/3454317916 <== mon.0 v2:172.21.15.44:3300/0 2 ==== config(25 keys) v1 ==== 1036+0+0 (secure 0 0 0) 0x7fee900042c0 con 0x7fee9c1069a0
2023-07-20T18:17:25.518 INFO:teuthology.orchestra.run.smithi044.stdout:/usr/bin/ceph: stderr
2023-07-20T18:17:24.451+0000 7fee9b7fe700 1 -- 172.21.15.44:0/3454317916 <== mon.0 v2:172.21.15.44:3300/0 3 ==== mon_map magic: 0 v1 ==== 205+0+0 (secure 0 0 0) 0x7fee90011940 con 0x7fee9c1069a0
2023-07-20T18:17:25.519 INFO:teuthology.orchestra.run.smithi044.stdout:/usr/bin/ceph: stderr
2023-07-20T18:17:24.452+0000 7feea2cae700 1 -- 172.21.15.44:0/3454317916 >> [v2:172.21.15.44:3300/0,v1:172.21.15.44:6789/0] conn(0x7fee9c1069a0 msgr2=0x7fee9c108d90 secure :-1 s=STATE_CONNECTION_ESTABLISHED l=1).mark_down
2023-07-20T18:17:25.519 INFO:teuthology.orchestra.run.smithi044.stdout:/usr/bin/ceph: stderr
2023-07-20T18:17:24.452+0000 7feea2cae700 1 --2- 172.21.15.44:0/3454317916 >> [v2:172.21.15.44:3300/0,v1:172.21.15.44:6789/0] conn(0x7fee9c1069a0 0x7fee9c108d90 secure :-1 s=READY pgs=41 cs=0 l=1 rev1=1 crypto rx=0x7fee900098a0 tx=0x7fee90009bb0 comp rx=0 tx=0).stop
2023-07-20T18:17:25.519 INFO:teuthology.orchestra.run.smithi044.stdout:/usr/bin/ceph: stderr
2023-07-20T18:17:24.452+0000 7feea2cae700 1 -- 172.21.15.44:0/3454317916 shutdown_connections
2023-07-20T18:17:25.519 INFO:teuthology.orchestra.run.smithi044.stdout:/usr/bin/ceph: stderr
2023-07-20T18:17:24.452+0000 7feea2cae700 1 --2- 172.21.15.44:0/3454317916 >> [v2:172.21.15.44:3300/0,v1:172.21.15.44:6789/0] conn(0x7fee9c1069a0 0x7fee9c108d90 unknown :-1 s=CLOSED pgs=41 cs=0 l=1 rev1=1 crypto rx=0 tx=0 comp rx=0 tx=0).stop
2023-07-20T18:17:25.519 INFO:teuthology.orchestra.run.smithi044.stdout:/usr/bin/ceph: stderr
2023-07-20T18:17:24.452+0000 7feea2cae700 1 -- 172.21.15.44:0/3454317916 >> 172.21.15.44:0/3454317916 conn(0x7fee9c1003f0 msgr2=0x7fee9c102810 unknown :-1 s=STATE_NONE l=0).mark_down
2023-07-20T18:17:25.519 INFO:teuthology.orchestra.run.smithi044.stdout:/usr/bin/ceph: stderr
2023-07-20T18:17:24.452+0000 7feea2cae700 1 -- 172.21.15.44:0/3454317916 shutdown_connections
2023-07-20T18:17:25.519 INFO:teuthology.orchestra.run.smithi044.stdout:/usr/bin/ceph: stderr
2023-07-20T18:17:24.452+0000 7feea2cae700 1 -- 172.21.15.44:0/3454317916 wait complete.
2023-07-20T18:17:25.520 INFO:teuthology.orchestra.run.smithi044.stdout:/usr/bin/ceph: stderr
2023-07-20T18:17:24.452+0000 7feea2cae700 1 Processor -- start
2023-07-20T18:17:25.520 INFO:teuthology.orchestra.run.smithi044.stdout:/usr/bin/ceph: stderr
2023-07-20T18:17:24.452+0000 7feea2cae700 1 -- start start
2023-07-20T18:17:25.520 INFO:teuthology.orchestra.run.smithi044.stdout:/usr/bin/ceph: stderr
2023-07-20T18:17:24.453+0000 7feea2cae700 1 --2- >> [v2:172.21.15.44:3300/0,v1:172.21.15.44:6789/0] conn(0x7fee9c1069a0 0x7fee9c199b20 unknown :-1 s=NONE pgs=0 cs=0 l=1 rev1=0 crypto rx=0 tx=0 comp rx=0 tx=0).connect
2023-07-20T18:17:25.520 INFO:teuthology.orchestra.run.smithi044.stdout:/usr/bin/ceph: stderr
2023-07-20T18:17:24.453+0000 7feea2cae700 1 -- --> [v2:172.21.15.44:3300/0,v1:172.21.15.44:6789/0] -- mon_getmap magic: 0 v1 -- 0x7fee9c19a060 con 0x7fee9c1069a0
2023-07-20T18:17:25.520 INFO:teuthology.orchestra.run.smithi044.stdout:/usr/bin/ceph: stderr
2023-07-20T18:17:24.453+0000 7feea0a4a700 1 --2- >> [v2:172.21.15.44:3300/0,v1:172.21.15.44:6789/0] conn(0x7fee9c1069a0 0x7fee9c199b20 unknown :-1 s=BANNER_CONNECTING pgs=0 cs=0 l=1 rev1=0 crypto rx=0 tx=0 comp rx=0 tx=0)._handle_peer_banner_payload supported=3 required=0
2023-07-20T18:17:25.520 INFO:teuthology.orchestra.run.smithi044.stdout:/usr/bin/ceph: stderr
2023-07-20T18:17:24.453+0000 7feea0a4a700 1 --2- >> [v2:172.21.15.44:3300/0,v1:172.21.15.44:6789/0] conn(0x7fee9c1069a0 0x7fee9c199b20 unknown :-1 s=HELLO_CONNECTING pgs=0 cs=0 l=1 rev1=1 crypto rx=0 tx=0 comp rx=0 tx=0).handle_hello peer v2:172.21.15.44:3300/0 says I am v2:172.21.15.44:56620/0 (socket says 172.21.15.44:56620)
2023-07-20T18:17:25.520 INFO:teuthology.orchestra.run.smithi044.stdout:/usr/bin/ceph: stderr
2023-07-20T18:17:24.453+0000 7feea0a4a700 1 -- 172.21.15.44:0/1323794307 learned_addr learned my addr 172.21.15.44:0/1323794307 (peer_addr_for_me v2:172.21.15.44:0/0)
2023-07-20T18:17:25.521 INFO:teuthology.orchestra.run.smithi044.stdout:/usr/bin/ceph: stderr
2023-07-20T18:17:24.453+0000 7feea0a4a700 1 -- 172.21.15.44:0/1323794307 --> [v2:172.21.15.44:3300/0,v1:172.21.15.44:6789/0] -- mon_subscribe({config=0+,monmap=0+}) v3 -- 0x7fee90009550 con 0x7fee9c1069a0
2023-07-20T18:17:25.521 INFO:teuthology.orchestra.run.smithi044.stdout:/usr/bin/ceph: stderr
2023-07-20T18:17:24.453+0000 7feea0a4a700 1 --2- 172.21.15.44:0/1323794307 >> [v2:172.21.15.44:3300/0,v1:172.21.15.44:6789/0] conn(0x7fee9c1069a0 0x7fee9c199b20 secure :-1 s=READY pgs=42 cs=0 l=1 rev1=1 crypto rx=0x7fee90011dc0 tx=0x7fee90011ea0 comp rx=0 tx=0).ready entity=mon.0 client_cookie=0 server_cookie=0 in_seq=0 out_seq=0
2023-07-20T18:17:25.521 INFO:teuthology.orchestra.run.smithi044.stdout:/usr/bin/ceph: stderr
2023-07-20T18:17:24.453+0000 7fee99ffb700 1 -- 172.21.15.44:0/1323794307 <== mon.0 v2:172.21.15.44:3300/0 1 ==== mon_map magic: 0 v1 ==== 205+0+0 (secure 0 0 0) 0x7fee900037d0 con 0x7fee9c1069a0
2023-07-20T18:17:25.521 INFO:teuthology.orchestra.run.smithi044.stdout:/usr/bin/ceph: stderr
2023-07-20T18:17:24.453+0000 7fee99ffb700 1 -- 172.21.15.44:0/1323794307 <== mon.0 v2:172.21.15.44:3300/0 2 ==== config(25 keys) v1 ==== 1036+0+0 (secure 0 0 0) 0x7fee9001b440 con 0x7fee9c1069a0
2023-07-20T18:17:25.521 INFO:teuthology.orchestra.run.smithi044.stdout:/usr/bin/ceph: stderr
2023-07-20T18:17:24.453+0000 7feea2cae700 1 -- 172.21.15.44:0/1323794307 --> [v2:172.21.15.44:3300/0,v1:172.21.15.44:6789/0] -- mon_subscribe({mgrmap=0+}) v3 -- 0x7fee9c19a260 con 0x7fee9c1069a0
2023-07-20T18:17:25.521 INFO:teuthology.orchestra.run.smithi044.stdout:/usr/bin/ceph: stderr
2023-07-20T18:17:24.453+0000 7fee99ffb700 1 -- 172.21.15.44:0/1323794307 <== mon.0 v2:172.21.15.44:3300/0 3 ==== mon_map magic: 0 v1 ==== 205+0+0 (secure 0 0 0) 0x7fee9001a560 con 0x7fee9c1069a0
2023-07-20T18:17:25.521 INFO:teuthology.orchestra.run.smithi044.stdout:/usr/bin/ceph: stderr
2023-07-20T18:17:24.453+0000 7feea2cae700 1 -- 172.21.15.44:0/1323794307 --> [v2:172.21.15.44:3300/0,v1:172.21.15.44:6789/0] -- mon_subscribe({osdmap=0}) v3 -- 0x7fee9c19a680 con 0x7fee9c1069a0
2023-07-20T18:17:25.521 INFO:teuthology.orchestra.run.smithi044.stdout:/usr/bin/ceph: stderr
2023-07-20T18:17:24.454+0000 7fee99ffb700 1 -- 172.21.15.44:0/1323794307 <== mon.0 v2:172.21.15.44:3300/0 4 ==== mgrmap(e 8) v1 ==== 45483+0+0 (secure 0 0 0) 0x7fee9001a7d0 con 0x7fee9c1069a0
2023-07-20T18:17:25.522 INFO:teuthology.orchestra.run.smithi044.stdout:/usr/bin/ceph: stderr
2023-07-20T18:17:24.455+0000 7feea2cae700 1 -- 172.21.15.44:0/1323794307 --> [v2:172.21.15.44:3300/0,v1:172.21.15.44:6789/0] -- mon_command({"prefix": "get_command_descriptions"} v 0) v1 -- 0x7fee9c10a070 con 0x7fee9c1069a0
2023-07-20T18:17:25.522 INFO:teuthology.orchestra.run.smithi044.stdout:/usr/bin/ceph: stderr
2023-07-20T18:17:24.455+0000 7fee99ffb700 1 --2- 172.21.15.44:0/1323794307 >> [v2:172.21.15.44:6800/2348071724,v1:172.21.15.44:6801/2348071724] conn(0x7fee8c038760 0x7fee8c03ac20 unknown :-1 s=NONE pgs=0 cs=0 l=1 rev1=0 crypto rx=0 tx=0 comp rx=0 tx=0).connect
2023-07-20T18:17:25.522 INFO:teuthology.orchestra.run.smithi044.stdout:/usr/bin/ceph: stderr
2023-07-20T18:17:24.455+0000 7fee99ffb700 1 -- 172.21.15.44:0/1323794307 <== mon.0 v2:172.21.15.44:3300/0 5 ==== osd_map(2..2 src has 1..2) v4 ==== 940+0+0 (secure 0 0 0) 0x7fee9004c7f0 con 0x7fee9c1069a0
2023-07-20T18:17:25.522 INFO:teuthology.orchestra.run.smithi044.stdout:/usr/bin/ceph: stderr
2023-07-20T18:17:24.455+0000 7fee9bfff700 1 --2- 172.21.15.44:0/1323794307 >> [v2:172.21.15.44:6800/2348071724,v1:172.21.15.44:6801/2348071724] conn(0x7fee8c038760 0x7fee8c03ac20 unknown :-1 s=BANNER_CONNECTING pgs=0 cs=0 l=1 rev1=0 crypto rx=0 tx=0 comp rx=0 tx=0)._handle_peer_banner_payload supported=3 required=0
2023-07-20T18:17:25.522 INFO:teuthology.orchestra.run.smithi044.stdout:/usr/bin/ceph: stderr
2023-07-20T18:17:24.455+0000 7fee9bfff700 1 --2- 172.21.15.44:0/1323794307 >> [v2:172.21.15.44:6800/2348071724,v1:172.21.15.44:6801/2348071724] conn(0x7fee8c038760 0x7fee8c03ac20 secure :-1 s=READY pgs=9 cs=0 l=1 rev1=1 crypto rx=0x7fee88006fd0 tx=0x7fee88006e40 comp rx=0 tx=0).ready entity=mgr.14120 client_cookie=0 server_cookie=0 in_seq=0 out_seq=0
2023-07-20T18:17:25.522 INFO:teuthology.orchestra.run.smithi044.stdout:/usr/bin/ceph: stderr
2023-07-20T18:17:24.459+0000 7fee99ffb700 1 -- 172.21.15.44:0/1323794307 <== mon.0 v2:172.21.15.44:3300/0 6 ==== mon_command_ack([{"prefix": "get_command_descriptions"}]=0 v0) v1 ==== 72+0+178025 (secure 0 0 0) 0x7fee90018b00 con 0x7fee9c1069a0
2023-07-20T18:17:25.523 INFO:teuthology.orchestra.run.smithi044.stdout:/usr/bin/ceph: stderr
2023-07-20T18:17:24.816+0000 7feea2cae700 1 -- 172.21.15.44:0/1323794307 --> [v2:172.21.15.44:6800/2348071724,v1:172.21.15.44:6801/2348071724] -- mgr_command(tid 0: {"prefix": "cephadm generate-key", "target": ["mon-mgr", ""]}) v1 -- 0x7fee9c19d4e0 con 0x7fee8c038760
2023-07-20T18:17:25.523 INFO:teuthology.orchestra.run.smithi044.stdout:/usr/bin/ceph: stderr
2023-07-20T18:17:25.161+0000 7fee99ffb700 1 -- 172.21.15.44:0/1323794307 <== mgr.14120 v2:172.21.15.44:6800/2348071724 1 ==== mgr_command_reply(tid 0: 0 ) v1 ==== 8+0+0 (secure 0 0 0) 0x7fee9c19d4e0 con 0x7fee8c038760
2023-07-20T18:17:25.523 INFO:teuthology.orchestra.run.smithi044.stdout:/usr/bin/ceph: stderr
2023-07-20T18:17:25.164+0000 7feea2cae700 1 -- 172.21.15.44:0/1323794307 >> [v2:172.21.15.44:6800/2348071724,v1:172.21.15.44:6801/2348071724] conn(0x7fee8c038760 msgr2=0x7fee8c03ac20 secure :-1 s=STATE_CONNECTION_ESTABLISHED l=1).mark_down
2023-07-20T18:17:25.523 INFO:teuthology.orchestra.run.smithi044.stdout:/usr/bin/ceph: stderr
2023-07-20T18:17:25.164+0000 7feea2cae700 1 --2- 172.21.15.44:0/1323794307 >> [v2:172.21.15.44:6800/2348071724,v1:172.21.15.44:6801/2348071724] conn(0x7fee8c038760 0x7fee8c03ac20 secure :-1 s=READY pgs=9 cs=0 l=1 rev1=1 crypto rx=0x7fee88006fd0 tx=0x7fee88006e40 comp rx=0 tx=0).stop
2023-07-20T18:17:25.523 INFO:teuthology.orchestra.run.smithi044.stdout:/usr/bin/ceph: stderr
2023-07-20T18:17:25.164+0000 7feea2cae700 1 -- 172.21.15.44:0/1323794307 >> [v2:172.21.15.44:3300/0,v1:172.21.15.44:6789/0] conn(0x7fee9c1069a0 msgr2=0x7fee9c199b20 secure :-1 s=STATE_CONNECTION_ESTABLISHED l=1).mark_down
2023-07-20T18:17:25.523 INFO:teuthology.orchestra.run.smithi044.stdout:/usr/bin/ceph: stderr
2023-07-20T18:17:25.164+0000 7feea2cae700 1 --2- 172.21.15.44:0/1323794307 >> [v2:172.21.15.44:3300/0,v1:172.21.15.44:6789/0] conn(0x7fee9c1069a0 0x7fee9c199b20 secure :-1 s=READY pgs=42 cs=0 l=1 rev1=1 crypto rx=0x7fee90011dc0 tx=0x7fee90011ea0 comp rx=0 tx=0).stop
2023-07-20T18:17:25.523 INFO:teuthology.orchestra.run.smithi044.stdout:/usr/bin/ceph: stderr
2023-07-20T18:17:25.164+0000 7feea2cae700 1 -- 172.21.15.44:0/1323794307 shutdown_connections
2023-07-20T18:17:25.523 INFO:teuthology.orchestra.run.smithi044.stdout:/usr/bin/ceph: stderr
2023-07-20T18:17:25.164+0000 7feea2cae700 1 --2- 172.21.15.44:0/1323794307 >> [v2:172.21.15.44:6800/2348071724,v1:172.21.15.44:6801/2348071724] conn(0x7fee8c038760 0x7fee8c03ac20 unknown :-1 s=CLOSED pgs=9 cs=0 l=1 rev1=1 crypto rx=0 tx=0 comp rx=0 tx=0).stop
2023-07-20T18:17:25.524 INFO:teuthology.orchestra.run.smithi044.stdout:/usr/bin/ceph: stderr
2023-07-20T18:17:25.164+0000 7feea2cae700 1 --2- 172.21.15.44:0/1323794307 >> [v2:172.21.15.44:3300/0,v1:172.21.15.44:6789/0] conn(0x7fee9c1069a0 0x7fee9c199b20 unknown :-1 s=CLOSED pgs=42 cs=0 l=1 rev1=1 crypto rx=0 tx=0 comp rx=0 tx=0).stop
2023-07-20T18:17:25.524 INFO:teuthology.orchestra.run.smithi044.stdout:/usr/bin/ceph: stderr
2023-07-20T18:17:25.164+0000 7feea2cae700 1 -- 172.21.15.44:0/1323794307 >> 172.21.15.44:0/1323794307 conn(0x7fee9c1003f0 msgr2=0x7fee9c1011d0 unknown :-1 s=STATE_NONE l=0).mark_down
2023-07-20T18:17:25.524 INFO:teuthology.orchestra.run.smithi044.stdout:/usr/bin/ceph: stderr
2023-07-20T18:17:25.164+0000 7feea2cae700 1 -- 172.21.15.44:0/1323794307 shutdown_connections
2023-07-20T18:17:25.524 INFO:teuthology.orchestra.run.smithi044.stdout:/usr/bin/ceph: stderr
2023-07-20T18:17:25.164+0000 7feea2cae700 1 -- 172.21.15.44:0/1323794307 wait complete.
2023-07-20T18:17:25.530 INFO:journalctl@ceph.mon.a.smithi044.stdout:Jul 20 18:17:25 smithi044 ceph-mon[96443]: from='client.14136 -' entity='client.admin' cmd=[{"prefix": "cephadm generate-key", "target": ["mon-mgr", ""]}]: dispatch
2023-07-20T18:17:25.530 INFO:journalctl@ceph.mon.a.smithi044.stdout:Jul 20 18:17:25 smithi044 ceph-mon[96443]: Generating ssh key...
2023-07-20T18:17:25.530 INFO:journalctl@ceph.mon.a.smithi044.stdout:Jul 20 18:17:25 smithi044 ceph-mon[96443]: from='mgr.14120 172.21.15.44:0/1140295405' entity='mgr.x'
2023-07-20T18:17:25.531 INFO:journalctl@ceph.mon.a.smithi044.stdout:Jul 20 18:17:25 smithi044 ceph-mon[96443]: from='mgr.14120 172.21.15.44:0/1140295405' entity='mgr.x'
2023-07-20T18:17:25.531 INFO:journalctl@ceph.mgr.x.smithi044.stdout:Jul 20 18:17:25 smithi044 ceph-7b0b94cc-2729-11ee-9b34-001a4aab830c-mgr-x[96687]: Generating public/private rsa key pair.
2023-07-20T18:17:25.531 INFO:journalctl@ceph.mgr.x.smithi044.stdout:Jul 20 18:17:25 smithi044 ceph-7b0b94cc-2729-11ee-9b34-001a4aab830c-mgr-x[96687]: Your identification has been saved in /tmp/tmptr4nji_9/key.
2023-07-20T18:17:25.531 INFO:journalctl@ceph.mgr.x.smithi044.stdout:Jul 20 18:17:25 smithi044 ceph-7b0b94cc-2729-11ee-9b34-001a4aab830c-mgr-x[96687]: Your public key has been saved in /tmp/tmptr4nji_9/key.pub.
2023-07-20T18:17:25.531 INFO:journalctl@ceph.mgr.x.smithi044.stdout:Jul 20 18:17:25 smithi044 ceph-7b0b94cc-2729-11ee-9b34-001a4aab830c-mgr-x[96687]: The key fingerprint is:
2023-07-20T18:17:25.531 INFO:journalctl@ceph.mgr.x.smithi044.stdout:Jul 20 18:17:25 smithi044 ceph-7b0b94cc-2729-11ee-9b34-001a4aab830c-mgr-x[96687]: SHA256:1CQZ3CsxLmPSqXmhbp3qLXhuotZzpDrQ5tBR6c/skgA ceph-7b0b94cc-2729-11ee-9b34-001a4aab830c
2023-07-20T18:17:25.532 INFO:journalctl@ceph.mgr.x.smithi044.stdout:Jul 20 18:17:25 smithi044 ceph-7b0b94cc-2729-11ee-9b34-001a4aab830c-mgr-x[96687]: The key's randomart image is:
2023-07-20T18:17:25.532 INFO:journalctl@ceph.mgr.x.smithi044.stdout:Jul 20 18:17:25 smithi044 ceph-7b0b94cc-2729-11ee-9b34-001a4aab830c-mgr-x[96687]: +---[RSA 3072]----+
2023-07-20T18:17:25.532 INFO:journalctl@ceph.mgr.x.smithi044.stdout:Jul 20 18:17:25 smithi044 ceph-7b0b94cc-2729-11ee-9b34-001a4aab830c-mgr-x[96687]: | . .o+. |
2023-07-20T18:17:25.532 INFO:journalctl@ceph.mgr.x.smithi044.stdout:Jul 20 18:17:25 smithi044 ceph-7b0b94cc-2729-11ee-9b34-001a4aab830c-mgr-x[96687]: | o =+. |
2023-07-20T18:17:25.532 INFO:journalctl@ceph.mgr.x.smithi044.stdout:Jul 20 18:17:25 smithi044 ceph-7b0b94cc-2729-11ee-9b34-001a4aab830c-mgr-x[96687]: | o . o.o.. |
2023-07-20T18:17:25.533 INFO:journalctl@ceph.mgr.x.smithi044.stdout:Jul 20 18:17:25 smithi044 ceph-7b0b94cc-2729-11ee-9b34-001a4aab830c-mgr-x[96687]: |E . o B.o . |
2023-07-20T18:17:25.533 INFO:journalctl@ceph.mgr.x.smithi044.stdout:Jul 20 18:17:25 smithi044 ceph-7b0b94cc-2729-11ee-9b34-001a4aab830c-mgr-x[96687]: | + . X +S. |
2023-07-20T18:17:25.533 INFO:journalctl@ceph.mgr.x.smithi044.stdout:Jul 20 18:17:25 smithi044 ceph-7b0b94cc-2729-11ee-9b34-001a4aab830c-mgr-x[96687]: |o = +.= |
2023-07-20T18:17:25.533 INFO:journalctl@ceph.mgr.x.smithi044.stdout:Jul 20 18:17:25 smithi044 ceph-7b0b94cc-2729-11ee-9b34-001a4aab830c-mgr-x[96687]: |.+.+o= . |
2023-07-20T18:17:25.533 INFO:journalctl@ceph.mgr.x.smithi044.stdout:Jul 20 18:17:25 smithi044 ceph-7b0b94cc-2729-11ee-9b34-001a4aab830c-mgr-x[96687]: | o++Oo+ |
2023-07-20T18:17:25.533 INFO:journalctl@ceph.mgr.x.smithi044.stdout:Jul 20 18:17:25 smithi044 ceph-7b0b94cc-2729-11ee-9b34-001a4aab830c-mgr-x[96687]: |oooB*+. |
2023-07-20T18:17:25.533 INFO:journalctl@ceph.mgr.x.smithi044.stdout:Jul 20 18:17:25 smithi044 ceph-7b0b94cc-2729-11ee-9b34-001a4aab830c-mgr-x[96687]: +----[SHA256]-----+
