2023-07-20T18:23:49.118 INFO:teuthology.orchestra.run.smithi017.stdout:/usr/bin/ceph: stderr
2023-07-20T18:23:48.322+0000 7f9528866700 1 -- start start
2023-07-20T18:23:49.118 INFO:teuthology.orchestra.run.smithi017.stdout:/usr/bin/ceph: stderr
2023-07-20T18:23:48.322+0000 7f9528866700 1 --2- >> [v2:172.21.15.17:3300/0,v1:172.21.15.17:6789/0] conn(0x7f9524105ea0 0x7f95241062c0 unknown :-1 s=NONE pgs=0 cs=0 l=0 rev1=0 crypto rx=0 tx=0 comp rx=0 tx=0).connect
2023-07-20T18:23:49.118 INFO:teuthology.orchestra.run.smithi017.stdout:/usr/bin/ceph: stderr
2023-07-20T18:23:48.322+0000 7f9528866700 1 -- --> [v2:172.21.15.17:3300/0,v1:172.21.15.17:6789/0] -- mon_getmap magic: 0 v1 -- 0x7f9524106800 con 0x7f9524105ea0
2023-07-20T18:23:49.118 INFO:teuthology.orchestra.run.smithi017.stdout:/usr/bin/ceph: stderr
2023-07-20T18:23:48.322+0000 7f952259c700 1 --2- >> [v2:172.21.15.17:3300/0,v1:172.21.15.17:6789/0] conn(0x7f9524105ea0 0x7f95241062c0 unknown :-1 s=BANNER_CONNECTING pgs=0 cs=0 l=0 rev1=0 crypto rx=0 tx=0 comp rx=0 tx=0)._handle_peer_banner_payload supported=3 required=0
2023-07-20T18:23:49.119 INFO:teuthology.orchestra.run.smithi017.stdout:/usr/bin/ceph: stderr
2023-07-20T18:23:48.322+0000 7f952259c700 1 --2- >> [v2:172.21.15.17:3300/0,v1:172.21.15.17:6789/0] conn(0x7f9524105ea0 0x7f95241062c0 unknown :-1 s=HELLO_CONNECTING pgs=0 cs=0 l=0 rev1=1 crypto rx=0 tx=0 comp rx=0 tx=0).handle_hello peer v2:172.21.15.17:3300/0 says I am v2:172.21.15.17:48896/0 (socket says 172.21.15.17:48896)
2023-07-20T18:23:49.119 INFO:teuthology.orchestra.run.smithi017.stdout:/usr/bin/ceph: stderr
2023-07-20T18:23:48.322+0000 7f952259c700 1 -- 172.21.15.17:0/2771376475 learned_addr learned my addr 172.21.15.17:0/2771376475 (peer_addr_for_me v2:172.21.15.17:0/0)
2023-07-20T18:23:49.119 INFO:teuthology.orchestra.run.smithi017.stdout:/usr/bin/ceph: stderr
2023-07-20T18:23:48.322+0000 7f952259c700 1 -- 172.21.15.17:0/2771376475 --> [v2:172.21.15.17:3300/0,v1:172.21.15.17:6789/0] -- mon_subscribe({config=0+,monmap=0+}) v3 -- 0x7f9524106940 con 0x7f9524105ea0
2023-07-20T18:23:49.119 INFO:teuthology.orchestra.run.smithi017.stdout:/usr/bin/ceph: stderr
2023-07-20T18:23:48.322+0000 7f952259c700 1 --2- 172.21.15.17:0/2771376475 >> [v2:172.21.15.17:3300/0,v1:172.21.15.17:6789/0] conn(0x7f9524105ea0 0x7f95241062c0 secure :-1 s=READY pgs=74 cs=0 l=1 rev1=1 crypto rx=0x7f95140098a0 tx=0x7f9514009bb0 comp rx=0 tx=0).ready entity=mon.0 client_cookie=78a9b5d7391d9acf server_cookie=0 in_seq=0 out_seq=0
2023-07-20T18:23:49.119 INFO:teuthology.orchestra.run.smithi017.stdout:/usr/bin/ceph: stderr
2023-07-20T18:23:48.323+0000 7f952159a700 1 -- 172.21.15.17:0/2771376475 <== mon.0 v2:172.21.15.17:3300/0 1 ==== mon_map magic: 0 v1 ==== 205+0+0 (secure 0 0 0) 0x7f9514004160 con 0x7f9524105ea0
2023-07-20T18:23:49.119 INFO:teuthology.orchestra.run.smithi017.stdout:/usr/bin/ceph: stderr
2023-07-20T18:23:48.323+0000 7f952159a700 1 -- 172.21.15.17:0/2771376475 <== mon.0 v2:172.21.15.17:3300/0 2 ==== config(25 keys) v1 ==== 1067+0+0 (secure 0 0 0) 0x7f95140042c0 con 0x7f9524105ea0
2023-07-20T18:23:49.119 INFO:teuthology.orchestra.run.smithi017.stdout:/usr/bin/ceph: stderr
2023-07-20T18:23:48.323+0000 7f952159a700 1 -- 172.21.15.17:0/2771376475 <== mon.0 v2:172.21.15.17:3300/0 3 ==== mon_map magic: 0 v1 ==== 205+0+0 (secure 0 0 0) 0x7f95140118e0 con 0x7f9524105ea0
2023-07-20T18:23:49.120 INFO:teuthology.orchestra.run.smithi017.stdout:/usr/bin/ceph: stderr
2023-07-20T18:23:48.323+0000 7f9528866700 1 -- 172.21.15.17:0/2771376475 >> [v2:172.21.15.17:3300/0,v1:172.21.15.17:6789/0] conn(0x7f9524105ea0 msgr2=0x7f95241062c0 secure :-1 s=STATE_CONNECTION_ESTABLISHED l=1).mark_down
2023-07-20T18:23:49.120 INFO:teuthology.orchestra.run.smithi017.stdout:/usr/bin/ceph: stderr
2023-07-20T18:23:48.323+0000 7f9528866700 1 --2- 172.21.15.17:0/2771376475 >> [v2:172.21.15.17:3300/0,v1:172.21.15.17:6789/0] conn(0x7f9524105ea0 0x7f95241062c0 secure :-1 s=READY pgs=74 cs=0 l=1 rev1=1 crypto rx=0x7f95140098a0 tx=0x7f9514009bb0 comp rx=0 tx=0).stop
2023-07-20T18:23:49.120 INFO:teuthology.orchestra.run.smithi017.stdout:/usr/bin/ceph: stderr
2023-07-20T18:23:48.323+0000 7f9528866700 1 -- 172.21.15.17:0/2771376475 shutdown_connections
2023-07-20T18:23:49.120 INFO:teuthology.orchestra.run.smithi017.stdout:/usr/bin/ceph: stderr
2023-07-20T18:23:48.323+0000 7f9528866700 1 --2- 172.21.15.17:0/2771376475 >> [v2:172.21.15.17:3300/0,v1:172.21.15.17:6789/0] conn(0x7f9524105ea0 0x7f95241062c0 unknown :-1 s=CLOSED pgs=74 cs=0 l=1 rev1=1 crypto rx=0 tx=0 comp rx=0 tx=0).stop
2023-07-20T18:23:49.120 INFO:teuthology.orchestra.run.smithi017.stdout:/usr/bin/ceph: stderr
2023-07-20T18:23:48.323+0000 7f9528866700 1 -- 172.21.15.17:0/2771376475 >> 172.21.15.17:0/2771376475 conn(0x7f95241014b0 msgr2=0x7f95241038d0 unknown :-1 s=STATE_NONE l=0).mark_down
2023-07-20T18:23:49.121 INFO:teuthology.orchestra.run.smithi017.stdout:/usr/bin/ceph: stderr
2023-07-20T18:23:48.323+0000 7f9528866700 1 -- 172.21.15.17:0/2771376475 shutdown_connections
2023-07-20T18:23:49.121 INFO:teuthology.orchestra.run.smithi017.stdout:/usr/bin/ceph: stderr
2023-07-20T18:23:48.323+0000 7f9528866700 1 -- 172.21.15.17:0/2771376475 wait complete.
2023-07-20T18:23:49.121 INFO:teuthology.orchestra.run.smithi017.stdout:/usr/bin/ceph: stderr
2023-07-20T18:23:48.324+0000 7f9528866700 1 Processor -- start
2023-07-20T18:23:49.121 INFO:teuthology.orchestra.run.smithi017.stdout:/usr/bin/ceph: stderr
2023-07-20T18:23:48.324+0000 7f9528866700 1 -- start start
2023-07-20T18:23:49.121 INFO:teuthology.orchestra.run.smithi017.stdout:/usr/bin/ceph: stderr
2023-07-20T18:23:48.324+0000 7f9528866700 1 --2- >> [v2:172.21.15.17:3300/0,v1:172.21.15.17:6789/0] conn(0x7f9524105ea0 0x7f9524199b70 unknown :-1 s=NONE pgs=0 cs=0 l=1 rev1=0 crypto rx=0 tx=0 comp rx=0 tx=0).connect
2023-07-20T18:23:49.121 INFO:teuthology.orchestra.run.smithi017.stdout:/usr/bin/ceph: stderr
2023-07-20T18:23:48.324+0000 7f9528866700 1 -- --> [v2:172.21.15.17:3300/0,v1:172.21.15.17:6789/0] -- mon_getmap magic: 0 v1 -- 0x7f952419a0b0 con 0x7f9524105ea0
2023-07-20T18:23:49.121 INFO:teuthology.orchestra.run.smithi017.stdout:/usr/bin/ceph: stderr
2023-07-20T18:23:48.325+0000 7f952259c700 1 --2- >> [v2:172.21.15.17:3300/0,v1:172.21.15.17:6789/0] conn(0x7f9524105ea0 0x7f9524199b70 unknown :-1 s=BANNER_CONNECTING pgs=0 cs=0 l=1 rev1=0 crypto rx=0 tx=0 comp rx=0 tx=0)._handle_peer_banner_payload supported=3 required=0
2023-07-20T18:23:49.121 INFO:teuthology.orchestra.run.smithi017.stdout:/usr/bin/ceph: stderr
2023-07-20T18:23:48.325+0000 7f952259c700 1 --2- >> [v2:172.21.15.17:3300/0,v1:172.21.15.17:6789/0] conn(0x7f9524105ea0 0x7f9524199b70 unknown :-1 s=HELLO_CONNECTING pgs=0 cs=0 l=1 rev1=1 crypto rx=0 tx=0 comp rx=0 tx=0).handle_hello peer v2:172.21.15.17:3300/0 says I am v2:172.21.15.17:48898/0 (socket says 172.21.15.17:48898)
2023-07-20T18:23:49.122 INFO:teuthology.orchestra.run.smithi017.stdout:/usr/bin/ceph: stderr
2023-07-20T18:23:48.325+0000 7f952259c700 1 -- 172.21.15.17:0/9560396 learned_addr learned my addr 172.21.15.17:0/9560396 (peer_addr_for_me v2:172.21.15.17:0/0)
2023-07-20T18:23:49.122 INFO:teuthology.orchestra.run.smithi017.stdout:/usr/bin/ceph: stderr
2023-07-20T18:23:48.325+0000 7f952259c700 1 -- 172.21.15.17:0/9560396 --> [v2:172.21.15.17:3300/0,v1:172.21.15.17:6789/0] -- mon_subscribe({config=0+,monmap=0+}) v3 -- 0x7f9514009550 con 0x7f9524105ea0
2023-07-20T18:23:49.122 INFO:teuthology.orchestra.run.smithi017.stdout:/usr/bin/ceph: stderr
2023-07-20T18:23:48.325+0000 7f952259c700 1 --2- 172.21.15.17:0/9560396 >> [v2:172.21.15.17:3300/0,v1:172.21.15.17:6789/0] conn(0x7f9524105ea0 0x7f9524199b70 secure :-1 s=READY pgs=75 cs=0 l=1 rev1=1 crypto rx=0x7f9514000c00 tx=0x7f95140119a0 comp rx=0 tx=0).ready entity=mon.0 client_cookie=0 server_cookie=0 in_seq=0 out_seq=0
2023-07-20T18:23:49.122 INFO:teuthology.orchestra.run.smithi017.stdout:/usr/bin/ceph: stderr
2023-07-20T18:23:48.325+0000 7f951b7fe700 1 -- 172.21.15.17:0/9560396 <== mon.0 v2:172.21.15.17:3300/0 1 ==== mon_map magic: 0 v1 ==== 205+0+0 (secure 0 0 0) 0x7f95140036a0 con 0x7f9524105ea0
2023-07-20T18:23:49.122 INFO:teuthology.orchestra.run.smithi017.stdout:/usr/bin/ceph: stderr
2023-07-20T18:23:48.325+0000 7f951b7fe700 1 -- 172.21.15.17:0/9560396 <== mon.0 v2:172.21.15.17:3300/0 2 ==== config(25 keys) v1 ==== 1067+0+0 (secure 0 0 0) 0x7f951401b440 con 0x7f9524105ea0
2023-07-20T18:23:49.122 INFO:teuthology.orchestra.run.smithi017.stdout:/usr/bin/ceph: stderr
2023-07-20T18:23:48.325+0000 7f951b7fe700 1 -- 172.21.15.17:0/9560396 <== mon.0 v2:172.21.15.17:3300/0 3 ==== mon_map magic: 0 v1 ==== 205+0+0 (secure 0 0 0) 0x7f951401a3d0 con 0x7f9524105ea0
2023-07-20T18:23:49.122 INFO:teuthology.orchestra.run.smithi017.stdout:/usr/bin/ceph: stderr
2023-07-20T18:23:48.325+0000 7f9528866700 1 -- 172.21.15.17:0/9560396 --> [v2:172.21.15.17:3300/0,v1:172.21.15.17:6789/0] -- mon_subscribe({mgrmap=0+}) v3 -- 0x7f952419a2b0 con 0x7f9524105ea0
2023-07-20T18:23:49.122 INFO:teuthology.orchestra.run.smithi017.stdout:/usr/bin/ceph: stderr
2023-07-20T18:23:48.325+0000 7f9528866700 1 -- 172.21.15.17:0/9560396 --> [v2:172.21.15.17:3300/0,v1:172.21.15.17:6789/0] -- mon_subscribe({osdmap=0}) v3 -- 0x7f952419a750 con 0x7f9524105ea0
2023-07-20T18:23:49.123 INFO:teuthology.orchestra.run.smithi017.stdout:/usr/bin/ceph: stderr
2023-07-20T18:23:48.326+0000 7f9528866700 1 -- 172.21.15.17:0/9560396 --> [v2:172.21.15.17:3300/0,v1:172.21.15.17:6789/0] -- mon_command({"prefix": "get_command_descriptions"} v 0) v1 -- 0x7f9524061da0 con 0x7f9524105ea0
2023-07-20T18:23:49.123 INFO:teuthology.orchestra.run.smithi017.stdout:/usr/bin/ceph: stderr
2023-07-20T18:23:48.327+0000 7f951b7fe700 1 -- 172.21.15.17:0/9560396 <== mon.0 v2:172.21.15.17:3300/0 4 ==== mgrmap(e 12) v1 ==== 45496+0+0 (secure 0 0 0) 0x7f951401b5b0 con 0x7f9524105ea0
2023-07-20T18:23:49.123 INFO:teuthology.orchestra.run.smithi017.stdout:/usr/bin/ceph: stderr
2023-07-20T18:23:48.327+0000 7f951b7fe700 1 --2- 172.21.15.17:0/9560396 >> [v2:172.21.15.17:6800/481473576,v1:172.21.15.17:6801/481473576] conn(0x7f95100387b0 0x7f951003ac70 unknown :-1 s=NONE pgs=0 cs=0 l=1 rev1=0 crypto rx=0 tx=0 comp rx=0 tx=0).connect
2023-07-20T18:23:49.123 INFO:teuthology.orchestra.run.smithi017.stdout:/usr/bin/ceph: stderr
2023-07-20T18:23:48.327+0000 7f951b7fe700 1 -- 172.21.15.17:0/9560396 <== mon.0 v2:172.21.15.17:3300/0 5 ==== osd_map(3..3 src has 1..3) v4 ==== 1155+0+0 (secure 0 0 0) 0x7f951404cb90 con 0x7f9524105ea0
2023-07-20T18:23:49.123 INFO:teuthology.orchestra.run.smithi017.stdout:/usr/bin/ceph: stderr
2023-07-20T18:23:48.327+0000 7f9521d9b700 1 --2- 172.21.15.17:0/9560396 >> [v2:172.21.15.17:6800/481473576,v1:172.21.15.17:6801/481473576] conn(0x7f95100387b0 0x7f951003ac70 unknown :-1 s=BANNER_CONNECTING pgs=0 cs=0 l=1 rev1=0 crypto rx=0 tx=0 comp rx=0 tx=0)._handle_peer_banner_payload supported=3 required=0
2023-07-20T18:23:49.123 INFO:teuthology.orchestra.run.smithi017.stdout:/usr/bin/ceph: stderr
2023-07-20T18:23:48.328+0000 7f9521d9b700 1 --2- 172.21.15.17:0/9560396 >> [v2:172.21.15.17:6800/481473576,v1:172.21.15.17:6801/481473576] conn(0x7f95100387b0 0x7f951003ac70 secure :-1 s=READY pgs=9 cs=0 l=1 rev1=1 crypto rx=0x7f950c006fd0 tx=0x7f950c006e40 comp rx=0 tx=0).ready entity=mgr.14152 client_cookie=0 server_cookie=0 in_seq=0 out_seq=0
2023-07-20T18:23:49.123 INFO:teuthology.orchestra.run.smithi017.stdout:/usr/bin/ceph: stderr
2023-07-20T18:23:48.332+0000 7f951b7fe700 1 -- 172.21.15.17:0/9560396 <== mon.0 v2:172.21.15.17:3300/0 6 ==== mon_command_ack([{"prefix": "get_command_descriptions"}]=0 v0) v1 ==== 72+0+178025 (secure 0 0 0) 0x7f951400b9d0 con 0x7f9524105ea0
2023-07-20T18:23:49.124 INFO:teuthology.orchestra.run.smithi017.stdout:/usr/bin/ceph: stderr
2023-07-20T18:23:48.687+0000 7f9528866700 1 -- 172.21.15.17:0/9560396 --> [v2:172.21.15.17:3300/0,v1:172.21.15.17:6789/0] -- mon_command({"prefix": "config get", "who": "mgr", "key": "mgr/dashboard/ssl_server_port"} v 0) v1 -- 0x7f9524107cf0 con 0x7f9524105ea0
2023-07-20T18:23:49.124 INFO:teuthology.orchestra.run.smithi017.stdout:/usr/bin/ceph: stderr
2023-07-20T18:23:48.687+0000 7f951b7fe700 1 -- 172.21.15.17:0/9560396 <== mon.0 v2:172.21.15.17:3300/0 7 ==== mon_command_ack([{"prefix": "config get", "who": "mgr", "key": "mgr/dashboard/ssl_server_port"}]=0 v8) v1 ==== 112+0+5 (secure 0 0 0) 0x7f951401f020 con 0x7f9524105ea0
2023-07-20T18:23:49.124 INFO:teuthology.orchestra.run.smithi017.stdout:/usr/bin/ceph: stderr
2023-07-20T18:23:48.690+0000 7f9528866700 1 -- 172.21.15.17:0/9560396 >> [v2:172.21.15.17:6800/481473576,v1:172.21.15.17:6801/481473576] conn(0x7f95100387b0 msgr2=0x7f951003ac70 secure :-1 s=STATE_CONNECTION_ESTABLISHED l=1).mark_down
2023-07-20T18:23:49.124 INFO:teuthology.orchestra.run.smithi017.stdout:/usr/bin/ceph: stderr
2023-07-20T18:23:48.690+0000 7f9528866700 1 --2- 172.21.15.17:0/9560396 >> [v2:172.21.15.17:6800/481473576,v1:172.21.15.17:6801/481473576] conn(0x7f95100387b0 0x7f951003ac70 secure :-1 s=READY pgs=9 cs=0 l=1 rev1=1 crypto rx=0x7f950c006fd0 tx=0x7f950c006e40 comp rx=0 tx=0).stop
2023-07-20T18:23:49.124 INFO:teuthology.orchestra.run.smithi017.stdout:/usr/bin/ceph: stderr
2023-07-20T18:23:48.690+0000 7f9528866700 1 -- 172.21.15.17:0/9560396 >> [v2:172.21.15.17:3300/0,v1:172.21.15.17:6789/0] conn(0x7f9524105ea0 msgr2=0x7f9524199b70 secure :-1 s=STATE_CONNECTION_ESTABLISHED l=1).mark_down
2023-07-20T18:23:49.124 INFO:teuthology.orchestra.run.smithi017.stdout:/usr/bin/ceph: stderr
2023-07-20T18:23:48.690+0000 7f9528866700 1 --2- 172.21.15.17:0/9560396 >> [v2:172.21.15.17:3300/0,v1:172.21.15.17:6789/0] conn(0x7f9524105ea0 0x7f9524199b70 secure :-1 s=READY pgs=75 cs=0 l=1 rev1=1 crypto rx=0x7f9514000c00 tx=0x7f95140119a0 comp rx=0 tx=0).stop
2023-07-20T18:23:49.124 INFO:teuthology.orchestra.run.smithi017.stdout:/usr/bin/ceph: stderr
2023-07-20T18:23:48.690+0000 7f9528866700 1 -- 172.21.15.17:0/9560396 shutdown_connections
2023-07-20T18:23:49.125 INFO:teuthology.orchestra.run.smithi017.stdout:/usr/bin/ceph: stderr
2023-07-20T18:23:48.690+0000 7f9528866700 1 --2- 172.21.15.17:0/9560396 >> [v2:172.21.15.17:6800/481473576,v1:172.21.15.17:6801/481473576] conn(0x7f95100387b0 0x7f951003ac70 unknown :-1 s=CLOSED pgs=9 cs=0 l=1 rev1=1 crypto rx=0 tx=0 comp rx=0 tx=0).stop
2023-07-20T18:23:49.125 INFO:teuthology.orchestra.run.smithi017.stdout:/usr/bin/ceph: stderr
2023-07-20T18:23:48.690+0000 7f9528866700 1 --2- 172.21.15.17:0/9560396 >> [v2:172.21.15.17:3300/0,v1:172.21.15.17:6789/0] conn(0x7f9524105ea0 0x7f9524199b70 unknown :-1 s=CLOSED pgs=75 cs=0 l=1 rev1=1 crypto rx=0 tx=0 comp rx=0 tx=0).stop
2023-07-20T18:23:49.125 INFO:teuthology.orchestra.run.smithi017.stdout:/usr/bin/ceph: stderr
2023-07-20T18:23:48.690+0000 7f9528866700 1 -- 172.21.15.17:0/9560396 >> 172.21.15.17:0/9560396 conn(0x7f95241014b0 msgr2=0x7f9524102b50 unknown :-1 s=STATE_NONE l=0).mark_down
2023-07-20T18:23:49.125 INFO:teuthology.orchestra.run.smithi017.stdout:/usr/bin/ceph: stderr
2023-07-20T18:23:48.690+0000 7f9528866700 1 -- 172.21.15.17:0/9560396 shutdown_connections
2023-07-20T18:23:49.125 INFO:teuthology.orchestra.run.smithi017.stdout:/usr/bin/ceph: stderr
2023-07-20T18:23:48.690+0000 7f9528866700 1 -- 172.21.15.17:0/9560396 wait complete.
2023-07-20T18:23:49.126 INFO:teuthology.orchestra.run.smithi017.stdout:Non-zero exit code 1 from systemctl is-enabled firewalld.service
2023-07-20T18:23:49.126 INFO:teuthology.orchestra.run.smithi017.stdout:systemctl: stdout disabled
2023-07-20T18:23:49.130 INFO:teuthology.orchestra.run.smithi017.stdout:Non-zero exit code 3 from systemctl is-active firewalld.service
2023-07-20T18:23:49.130 INFO:teuthology.orchestra.run.smithi017.stdout:systemctl: stdout inactive
2023-07-20T18:23:49.130 INFO:teuthology.orchestra.run.smithi017.stdout:firewalld.service is not enabled
2023-07-20T18:23:49.130 INFO:teuthology.orchestra.run.smithi017.stdout:Not possible to open ports <[8443]>. firewalld.service is not available
2023-07-20T18:23:49.131 INFO:teuthology.orchestra.run.smithi017.stdout:Ceph Dashboard is now available at:
2023-07-20T18:23:49.132 INFO:teuthology.orchestra.run.smithi017.stdout:
2023-07-20T18:23:49.132 INFO:teuthology.orchestra.run.smithi017.stdout: URL: https://smithi017:8443/
2023-07-20T18:23:49.132 INFO:teuthology.orchestra.run.smithi017.stdout: User: admin
2023-07-20T18:23:49.132 INFO:teuthology.orchestra.run.smithi017.stdout: Password: uy41x8cuz3
2023-07-20T18:23:49.132 INFO:teuthology.orchestra.run.smithi017.stdout:
2023-07-20T18:23:49.133 INFO:teuthology.orchestra.run.smithi017.stdout:Saving cluster configuration to /var/lib/ceph/50ecbcc4-272a-11ee-9b34-001a4aab830c/config directory
2023-07-20T18:23:49.133 INFO:teuthology.orchestra.run.smithi017.stdout:Enabling autotune for osd_memory_target
2023-07-20T18:23:49.708 INFO:journalctl@ceph.mon.a.smithi017.stdout:Jul 20 18:23:49 smithi017 ceph-mon[96488]: from='client.? 172.21.15.17:0/9560396' entity='client.admin' cmd=[{"prefix": "config get", "who": "mgr", "key": "mgr/dashboard/ssl_server_port"}]: dispatch
2023-07-20T18:23:50.381 INFO:teuthology.orchestra.run.smithi017.stdout:/usr/bin/ceph: stderr
2023-07-20T18:23:49.589+0000 7f242c88f700 1 Processor -- start
2023-07-20T18:23:50.381 INFO:teuthology.orchestra.run.smithi017.stdout:/usr/bin/ceph: stderr
2023-07-20T18:23:49.589+0000 7f242c88f700 1 -- start start
2023-07-20T18:23:50.381 INFO:teuthology.orchestra.run.smithi017.stdout:/usr/bin/ceph: stderr
2023-07-20T18:23:49.590+0000 7f242c88f700 1 --2- >> [v2:172.21.15.17:3300/0,v1:172.21.15.17:6789/0] conn(0x7f2428105ea0 0x7f24281062c0 unknown :-1 s=NONE pgs=0 cs=0 l=0 rev1=0 crypto rx=0 tx=0 comp rx=0 tx=0).connect
2023-07-20T18:23:50.382 INFO:teuthology.orchestra.run.smithi017.stdout:/usr/bin/ceph: stderr
2023-07-20T18:23:49.590+0000 7f242c88f700 1 -- --> [v2:172.21.15.17:3300/0,v1:172.21.15.17:6789/0] -- mon_getmap magic: 0 v1 -- 0x7f2428106800 con 0x7f2428105ea0
2023-07-20T18:23:50.382 INFO:teuthology.orchestra.run.smithi017.stdout:/usr/bin/ceph: stderr
2023-07-20T18:23:49.590+0000 7f242659c700 1 --2- >> [v2:172.21.15.17:3300/0,v1:172.21.15.17:6789/0] conn(0x7f2428105ea0 0x7f24281062c0 unknown :-1 s=BANNER_CONNECTING pgs=0 cs=0 l=0 rev1=0 crypto rx=0 tx=0 comp rx=0 tx=0)._handle_peer_banner_payload supported=3 required=0
2023-07-20T18:23:50.382 INFO:teuthology.orchestra.run.smithi017.stdout:/usr/bin/ceph: stderr
2023-07-20T18:23:49.590+0000 7f242659c700 1 --2- >> [v2:172.21.15.17:3300/0,v1:172.21.15.17:6789/0] conn(0x7f2428105ea0 0x7f24281062c0 unknown :-1 s=HELLO_CONNECTING pgs=0 cs=0 l=0 rev1=1 crypto rx=0 tx=0 comp rx=0 tx=0).handle_hello peer v2:172.21.15.17:3300/0 says I am v2:172.21.15.17:48906/0 (socket says 172.21.15.17:48906)
2023-07-20T18:23:50.382 INFO:teuthology.orchestra.run.smithi017.stdout:/usr/bin/ceph: stderr
2023-07-20T18:23:49.590+0000 7f242659c700 1 -- 172.21.15.17:0/592942790 learned_addr learned my addr 172.21.15.17:0/592942790 (peer_addr_for_me v2:172.21.15.17:0/0)
2023-07-20T18:23:50.382 INFO:teuthology.orchestra.run.smithi017.stdout:/usr/bin/ceph: stderr
2023-07-20T18:23:49.590+0000 7f242659c700 1 -- 172.21.15.17:0/592942790 --> [v2:172.21.15.17:3300/0,v1:172.21.15.17:6789/0] -- mon_subscribe({config=0+,monmap=0+}) v3 -- 0x7f2428106940 con 0x7f2428105ea0
2023-07-20T18:23:50.382 INFO:teuthology.orchestra.run.smithi017.stdout:/usr/bin/ceph: stderr
2023-07-20T18:23:49.590+0000 7f242659c700 1 --2- 172.21.15.17:0/592942790 >> [v2:172.21.15.17:3300/0,v1:172.21.15.17:6789/0] conn(0x7f2428105ea0 0x7f24281062c0 secure :-1 s=READY pgs=76 cs=0 l=1 rev1=1 crypto rx=0x7f24180098a0 tx=0x7f2418009bb0 comp rx=0 tx=0).ready entity=mon.0 client_cookie=84d5f82363d5f6ea server_cookie=0 in_seq=0 out_seq=0
2023-07-20T18:23:50.382 INFO:teuthology.orchestra.run.smithi017.stdout:/usr/bin/ceph: stderr
2023-07-20T18:23:49.590+0000 7f242559a700 1 -- 172.21.15.17:0/592942790 <== mon.0 v2:172.21.15.17:3300/0 1 ==== mon_map magic: 0 v1 ==== 205+0+0 (secure 0 0 0) 0x7f2418004160 con 0x7f2428105ea0
2023-07-20T18:23:50.382 INFO:teuthology.orchestra.run.smithi017.stdout:/usr/bin/ceph: stderr
2023-07-20T18:23:49.591+0000 7f242559a700 1 -- 172.21.15.17:0/592942790 <== mon.0 v2:172.21.15.17:3300/0 2 ==== config(25 keys) v1 ==== 1067+0+0 (secure 0 0 0) 0x7f24180042c0 con 0x7f2428105ea0
2023-07-20T18:23:50.383 INFO:teuthology.orchestra.run.smithi017.stdout:/usr/bin/ceph: stderr
2023-07-20T18:23:49.591+0000 7f242559a700 1 -- 172.21.15.17:0/592942790 <== mon.0 v2:172.21.15.17:3300/0 3 ==== mon_map magic: 0 v1 ==== 205+0+0 (secure 0 0 0) 0x7f24180118e0 con 0x7f2428105ea0
2023-07-20T18:23:50.383 INFO:teuthology.orchestra.run.smithi017.stdout:/usr/bin/ceph: stderr
2023-07-20T18:23:49.591+0000 7f242c88f700 1 -- 172.21.15.17:0/592942790 >> [v2:172.21.15.17:3300/0,v1:172.21.15.17:6789/0] conn(0x7f2428105ea0 msgr2=0x7f24281062c0 secure :-1 s=STATE_CONNECTION_ESTABLISHED l=1).mark_down
2023-07-20T18:23:50.383 INFO:teuthology.orchestra.run.smithi017.stdout:/usr/bin/ceph: stderr
2023-07-20T18:23:49.591+0000 7f242c88f700 1 --2- 172.21.15.17:0/592942790 >> [v2:172.21.15.17:3300/0,v1:172.21.15.17:6789/0] conn(0x7f2428105ea0 0x7f24281062c0 secure :-1 s=READY pgs=76 cs=0 l=1 rev1=1 crypto rx=0x7f24180098a0 tx=0x7f2418009bb0 comp rx=0 tx=0).stop
2023-07-20T18:23:50.383 INFO:teuthology.orchestra.run.smithi017.stdout:/usr/bin/ceph: stderr
2023-07-20T18:23:49.591+0000 7f242c88f700 1 -- 172.21.15.17:0/592942790 shutdown_connections
2023-07-20T18:23:50.383 INFO:teuthology.orchestra.run.smithi017.stdout:/usr/bin/ceph: stderr
2023-07-20T18:23:49.591+0000 7f242c88f700 1 --2- 172.21.15.17:0/592942790 >> [v2:172.21.15.17:3300/0,v1:172.21.15.17:6789/0] conn(0x7f2428105ea0 0x7f24281062c0 unknown :-1 s=CLOSED pgs=76 cs=0 l=1 rev1=1 crypto rx=0 tx=0 comp rx=0 tx=0).stop
2023-07-20T18:23:50.383 INFO:teuthology.orchestra.run.smithi017.stdout:/usr/bin/ceph: stderr
2023-07-20T18:23:49.591+0000 7f242c88f700 1 -- 172.21.15.17:0/592942790 >> 172.21.15.17:0/592942790 conn(0x7f24281014b0 msgr2=0x7f24281038d0 unknown :-1 s=STATE_NONE l=0).mark_down
2023-07-20T18:23:50.383 INFO:teuthology.orchestra.run.smithi017.stdout:/usr/bin/ceph: stderr
2023-07-20T18:23:49.591+0000 7f242c88f700 1 -- 172.21.15.17:0/592942790 shutdown_connections
2023-07-20T18:23:50.384 INFO:teuthology.orchestra.run.smithi017.stdout:/usr/bin/ceph: stderr
2023-07-20T18:23:49.591+0000 7f242c88f700 1 -- 172.21.15.17:0/592942790 wait complete.
2023-07-20T18:23:50.384 INFO:teuthology.orchestra.run.smithi017.stdout:/usr/bin/ceph: stderr
2023-07-20T18:23:49.592+0000 7f242c88f700 1 Processor -- start
2023-07-20T18:23:50.384 INFO:teuthology.orchestra.run.smithi017.stdout:/usr/bin/ceph: stderr
2023-07-20T18:23:49.592+0000 7f242c88f700 1 -- start start
2023-07-20T18:23:50.384 INFO:teuthology.orchestra.run.smithi017.stdout:/usr/bin/ceph: stderr
2023-07-20T18:23:49.592+0000 7f242c88f700 1 --2- >> [v2:172.21.15.17:3300/0,v1:172.21.15.17:6789/0] conn(0x7f2428105ea0 0x7f2428199b70 unknown :-1 s=NONE pgs=0 cs=0 l=1 rev1=0 crypto rx=0 tx=0 comp rx=0 tx=0).connect
2023-07-20T18:23:50.384 INFO:teuthology.orchestra.run.smithi017.stdout:/usr/bin/ceph: stderr
2023-07-20T18:23:49.592+0000 7f242c88f700 1 -- --> [v2:172.21.15.17:3300/0,v1:172.21.15.17:6789/0] -- mon_getmap magic: 0 v1 -- 0x7f242819a0b0 con 0x7f2428105ea0
2023-07-20T18:23:50.384 INFO:teuthology.orchestra.run.smithi017.stdout:/usr/bin/ceph: stderr
2023-07-20T18:23:49.592+0000 7f242659c700 1 --2- >> [v2:172.21.15.17:3300/0,v1:172.21.15.17:6789/0] conn(0x7f2428105ea0 0x7f2428199b70 unknown :-1 s=BANNER_CONNECTING pgs=0 cs=0 l=1 rev1=0 crypto rx=0 tx=0 comp rx=0 tx=0)._handle_peer_banner_payload supported=3 required=0
2023-07-20T18:23:50.384 INFO:teuthology.orchestra.run.smithi017.stdout:/usr/bin/ceph: stderr
2023-07-20T18:23:49.593+0000 7f242659c700 1 --2- >> [v2:172.21.15.17:3300/0,v1:172.21.15.17:6789/0] conn(0x7f2428105ea0 0x7f2428199b70 unknown :-1 s=HELLO_CONNECTING pgs=0 cs=0 l=1 rev1=1 crypto rx=0 tx=0 comp rx=0 tx=0).handle_hello peer v2:172.21.15.17:3300/0 says I am v2:172.21.15.17:48908/0 (socket says 172.21.15.17:48908)
2023-07-20T18:23:50.385 INFO:teuthology.orchestra.run.smithi017.stdout:/usr/bin/ceph: stderr
2023-07-20T18:23:49.593+0000 7f242659c700 1 -- 172.21.15.17:0/3678688190 learned_addr learned my addr 172.21.15.17:0/3678688190 (peer_addr_for_me v2:172.21.15.17:0/0)
2023-07-20T18:23:50.385 INFO:teuthology.orchestra.run.smithi017.stdout:/usr/bin/ceph: stderr
2023-07-20T18:23:49.593+0000 7f242659c700 1 -- 172.21.15.17:0/3678688190 --> [v2:172.21.15.17:3300/0,v1:172.21.15.17:6789/0] -- mon_subscribe({config=0+,monmap=0+}) v3 -- 0x7f2418009550 con 0x7f2428105ea0
2023-07-20T18:23:50.385 INFO:teuthology.orchestra.run.smithi017.stdout:/usr/bin/ceph: stderr
2023-07-20T18:23:49.593+0000 7f242659c700 1 --2- 172.21.15.17:0/3678688190 >> [v2:172.21.15.17:3300/0,v1:172.21.15.17:6789/0] conn(0x7f2428105ea0 0x7f2428199b70 secure :-1 s=READY pgs=77 cs=0 l=1 rev1=1 crypto rx=0x7f2418006af0 tx=0x7f2418011e80 comp rx=0 tx=0).ready entity=mon.0 client_cookie=0 server_cookie=0 in_seq=0 out_seq=0
2023-07-20T18:23:50.385 INFO:teuthology.orchestra.run.smithi017.stdout:/usr/bin/ceph: stderr
2023-07-20T18:23:49.593+0000 7f241f7fe700 1 -- 172.21.15.17:0/3678688190 <== mon.0 v2:172.21.15.17:3300/0 1 ==== mon_map magic: 0 v1 ==== 205+0+0 (secure 0 0 0) 0x7f24180037d0 con 0x7f2428105ea0
2023-07-20T18:23:50.385 INFO:teuthology.orchestra.run.smithi017.stdout:/usr/bin/ceph: stderr
2023-07-20T18:23:49.593+0000 7f242c88f700 1 -- 172.21.15.17:0/3678688190 --> [v2:172.21.15.17:3300/0,v1:172.21.15.17:6789/0] -- mon_subscribe({mgrmap=0+}) v3 -- 0x7f242819a2b0 con 0x7f2428105ea0
2023-07-20T18:23:50.385 INFO:teuthology.orchestra.run.smithi017.stdout:/usr/bin/ceph: stderr
2023-07-20T18:23:49.593+0000 7f241f7fe700 1 -- 172.21.15.17:0/3678688190 <== mon.0 v2:172.21.15.17:3300/0 2 ==== config(25 keys) v1 ==== 1067+0+0 (secure 0 0 0) 0x7f241801b440 con 0x7f2428105ea0
2023-07-20T18:23:50.385 INFO:teuthology.orchestra.run.smithi017.stdout:/usr/bin/ceph: stderr
2023-07-20T18:23:49.593+0000 7f241f7fe700 1 -- 172.21.15.17:0/3678688190 <== mon.0 v2:172.21.15.17:3300/0 3 ==== mon_map magic: 0 v1 ==== 205+0+0 (secure 0 0 0) 0x7f2418019560 con 0x7f2428105ea0
2023-07-20T18:23:50.385 INFO:teuthology.orchestra.run.smithi017.stdout:/usr/bin/ceph: stderr
2023-07-20T18:23:49.593+0000 7f242c88f700 1 -- 172.21.15.17:0/3678688190 --> [v2:172.21.15.17:3300/0,v1:172.21.15.17:6789/0] -- mon_subscribe({osdmap=0}) v3 -- 0x7f242819a750 con 0x7f2428105ea0
2023-07-20T18:23:50.386 INFO:teuthology.orchestra.run.smithi017.stdout:/usr/bin/ceph: stderr
2023-07-20T18:23:49.594+0000 7f241f7fe700 1 -- 172.21.15.17:0/3678688190 <== mon.0 v2:172.21.15.17:3300/0 4 ==== mgrmap(e 13) v1 ==== 45539+0+0 (secure 0 0 0) 0x7f2418019820 con 0x7f2428105ea0
2023-07-20T18:23:50.386 INFO:teuthology.orchestra.run.smithi017.stdout:/usr/bin/ceph: stderr
2023-07-20T18:23:49.594+0000 7f241f7fe700 1 --2- 172.21.15.17:0/3678688190 >> [v2:172.21.15.17:6800/481473576,v1:172.21.15.17:6801/481473576] conn(0x7f24140387b0 0x7f241403ac70 unknown :-1 s=NONE pgs=0 cs=0 l=1 rev1=0 crypto rx=0 tx=0 comp rx=0 tx=0).connect
2023-07-20T18:23:50.386 INFO:teuthology.orchestra.run.smithi017.stdout:/usr/bin/ceph: stderr
2023-07-20T18:23:49.594+0000 7f241f7fe700 1 -- 172.21.15.17:0/3678688190 <== mon.0 v2:172.21.15.17:3300/0 5 ==== osd_map(3..3 src has 1..3) v4 ==== 1155+0+0 (secure 0 0 0) 0x7f241804c740 con 0x7f2428105ea0
2023-07-20T18:23:50.386 INFO:teuthology.orchestra.run.smithi017.stdout:/usr/bin/ceph: stderr
2023-07-20T18:23:49.594+0000 7f2425d9b700 1 --2- 172.21.15.17:0/3678688190 >> [v2:172.21.15.17:6800/481473576,v1:172.21.15.17:6801/481473576] conn(0x7f24140387b0 0x7f241403ac70 unknown :-1 s=BANNER_CONNECTING pgs=0 cs=0 l=1 rev1=0 crypto rx=0 tx=0 comp rx=0 tx=0)._handle_peer_banner_payload supported=3 required=0
2023-07-20T18:23:50.386 INFO:teuthology.orchestra.run.smithi017.stdout:/usr/bin/ceph: stderr
2023-07-20T18:23:49.594+0000 7f242c88f700 1 -- 172.21.15.17:0/3678688190 --> [v2:172.21.15.17:3300/0,v1:172.21.15.17:6789/0] -- mon_command({"prefix": "get_command_descriptions"} v 0) v1 -- 0x7f2428061da0 con 0x7f2428105ea0
2023-07-20T18:23:50.386 INFO:teuthology.orchestra.run.smithi017.stdout:/usr/bin/ceph: stderr
2023-07-20T18:23:49.595+0000 7f2425d9b700 1 --2- 172.21.15.17:0/3678688190 >> [v2:172.21.15.17:6800/481473576,v1:172.21.15.17:6801/481473576] conn(0x7f24140387b0 0x7f241403ac70 secure :-1 s=READY pgs=10 cs=0 l=1 rev1=1 crypto rx=0x7f2410006fd0 tx=0x7f2410006e40 comp rx=0 tx=0).ready entity=mgr.14152 client_cookie=0 server_cookie=0 in_seq=0 out_seq=0
2023-07-20T18:23:50.386 INFO:teuthology.orchestra.run.smithi017.stdout:/usr/bin/ceph: stderr
2023-07-20T18:23:49.599+0000 7f241f7fe700 1 -- 172.21.15.17:0/3678688190 <== mon.0 v2:172.21.15.17:3300/0 6 ==== mon_command_ack([{"prefix": "get_command_descriptions"}]=0 v0) v1 ==== 72+0+178025 (secure 0 0 0) 0x7f2418018db0 con 0x7f2428105ea0
2023-07-20T18:23:50.387 INFO:teuthology.orchestra.run.smithi017.stdout:/usr/bin/ceph: stderr
2023-07-20T18:23:49.954+0000 7f242c88f700 1 -- 172.21.15.17:0/3678688190 --> [v2:172.21.15.17:3300/0,v1:172.21.15.17:6789/0] -- mon_command([{prefix=config set, name=osd_memory_target_autotune}] v 0) v1 -- 0x7f242810a320 con 0x7f2428105ea0
2023-07-20T18:23:50.387 INFO:teuthology.orchestra.run.smithi017.stdout:/usr/bin/ceph: stderr
2023-07-20T18:23:49.954+0000 7f241f7fe700 1 -- 172.21.15.17:0/3678688190 <== mon.0 v2:172.21.15.17:3300/0 7 ==== mon_command_ack([{prefix=config set, name=osd_memory_target_autotune}]=0 v8)=0 v8) v1 ==== 127+0+0 (secure 0 0 0) 0x7f2418018350 con 0x7f2428105ea0
2023-07-20T18:23:50.387 INFO:teuthology.orchestra.run.smithi017.stdout:/usr/bin/ceph: stderr
2023-07-20T18:23:49.956+0000 7f242c88f700 1 -- 172.21.15.17:0/3678688190 >> [v2:172.21.15.17:6800/481473576,v1:172.21.15.17:6801/481473576] conn(0x7f24140387b0 msgr2=0x7f241403ac70 secure :-1 s=STATE_CONNECTION_ESTABLISHED l=1).mark_down
2023-07-20T18:23:50.387 INFO:teuthology.orchestra.run.smithi017.stdout:/usr/bin/ceph: stderr
2023-07-20T18:23:49.956+0000 7f242c88f700 1 --2- 172.21.15.17:0/3678688190 >> [v2:172.21.15.17:6800/481473576,v1:172.21.15.17:6801/481473576] conn(0x7f24140387b0 0x7f241403ac70 secure :-1 s=READY pgs=10 cs=0 l=1 rev1=1 crypto rx=0x7f2410006fd0 tx=0x7f2410006e40 comp rx=0 tx=0).stop
2023-07-20T18:23:50.387 INFO:teuthology.orchestra.run.smithi017.stdout:/usr/bin/ceph: stderr
2023-07-20T18:23:49.956+0000 7f242c88f700 1 -- 172.21.15.17:0/3678688190 >> [v2:172.21.15.17:3300/0,v1:172.21.15.17:6789/0] conn(0x7f2428105ea0 msgr2=0x7f2428199b70 secure :-1 s=STATE_CONNECTION_ESTABLISHED l=1).mark_down
2023-07-20T18:23:50.387 INFO:teuthology.orchestra.run.smithi017.stdout:/usr/bin/ceph: stderr
2023-07-20T18:23:49.956+0000 7f242c88f700 1 --2- 172.21.15.17:0/3678688190 >> [v2:172.21.15.17:3300/0,v1:172.21.15.17:6789/0] conn(0x7f2428105ea0 0x7f2428199b70 secure :-1 s=READY pgs=77 cs=0 l=1 rev1=1 crypto rx=0x7f2418006af0 tx=0x7f2418011e80 comp rx=0 tx=0).stop
2023-07-20T18:23:50.387 INFO:teuthology.orchestra.run.smithi017.stdout:/usr/bin/ceph: stderr
2023-07-20T18:23:49.956+0000 7f242c88f700 1 -- 172.21.15.17:0/3678688190 shutdown_connections
2023-07-20T18:23:50.387 INFO:teuthology.orchestra.run.smithi017.stdout:/usr/bin/ceph: stderr
2023-07-20T18:23:49.956+0000 7f242c88f700 1 --2- 172.21.15.17:0/3678688190 >> [v2:172.21.15.17:6800/481473576,v1:172.21.15.17:6801/481473576] conn(0x7f24140387b0 0x7f241403ac70 unknown :-1 s=CLOSED pgs=10 cs=0 l=1 rev1=1 crypto rx=0 tx=0 comp rx=0 tx=0).stop
2023-07-20T18:23:50.388 INFO:teuthology.orchestra.run.smithi017.stdout:/usr/bin/ceph: stderr
2023-07-20T18:23:49.956+0000 7f242c88f700 1 --2- 172.21.15.17:0/3678688190 >> [v2:172.21.15.17:3300/0,v1:172.21.15.17:6789/0] conn(0x7f2428105ea0 0x7f2428199b70 unknown :-1 s=CLOSED pgs=77 cs=0 l=1 rev1=1 crypto rx=0 tx=0 comp rx=0 tx=0).stop
2023-07-20T18:23:50.388 INFO:teuthology.orchestra.run.smithi017.stdout:/usr/bin/ceph: stderr
2023-07-20T18:23:49.957+0000 7f242c88f700 1 -- 172.21.15.17:0/3678688190 >> 172.21.15.17:0/3678688190 conn(0x7f24281014b0 msgr2=0x7f2428102b50 unknown :-1 s=STATE_NONE l=0).mark_down
2023-07-20T18:23:50.388 INFO:teuthology.orchestra.run.smithi017.stdout:/usr/bin/ceph: stderr
2023-07-20T18:23:49.957+0000 7f242c88f700 1 -- 172.21.15.17:0/3678688190 shutdown_connections
2023-07-20T18:23:50.388 INFO:teuthology.orchestra.run.smithi017.stdout:/usr/bin/ceph: stderr
2023-07-20T18:23:49.957+0000 7f242c88f700 1 -- 172.21.15.17:0/3678688190 wait complete.
2023-07-20T18:23:50.575 INFO:journalctl@ceph.mon.a.smithi017.stdout:Jul 20 18:23:50 smithi017 ceph-mon[96488]: mgrmap e13: x(active, since 6s)
2023-07-20T18:23:51.826 INFO:teuthology.orchestra.run.smithi017.stdout:/usr/bin/ceph: stderr
2023-07-20T18:23:50.858+0000 7fcf720da700 1 Processor -- start
2023-07-20T18:23:51.826 INFO:teuthology.orchestra.run.smithi017.stdout:/usr/bin/ceph: stderr
2023-07-20T18:23:50.858+0000 7fcf720da700 1 -- start start
2023-07-20T18:23:51.826 INFO:teuthology.orchestra.run.smithi017.stdout:/usr/bin/ceph: stderr
2023-07-20T18:23:50.859+0000 7fcf720da700 1 --2- >> [v2:172.21.15.17:3300/0,v1:172.21.15.17:6789/0] conn(0x7fcf6c1047f0 0x7fcf6c104c10 unknown :-1 s=NONE pgs=0 cs=0 l=0 rev1=0 crypto rx=0 tx=0 comp rx=0 tx=0).connect
2023-07-20T18:23:51.826 INFO:teuthology.orchestra.run.smithi017.stdout:/usr/bin/ceph: stderr
2023-07-20T18:23:50.859+0000 7fcf720da700 1 -- --> [v2:172.21.15.17:3300/0,v1:172.21.15.17:6789/0] -- mon_getmap magic: 0 v1 -- 0x7fcf6c079d90 con 0x7fcf6c1047f0
2023-07-20T18:23:51.826 INFO:teuthology.orchestra.run.smithi017.stdout:/usr/bin/ceph: stderr
2023-07-20T18:23:50.859+0000 7fcf6b7fe700 1 --2- >> [v2:172.21.15.17:3300/0,v1:172.21.15.17:6789/0] conn(0x7fcf6c1047f0 0x7fcf6c104c10 unknown :-1 s=BANNER_CONNECTING pgs=0 cs=0 l=0 rev1=0 crypto rx=0 tx=0 comp rx=0 tx=0)._handle_peer_banner_payload supported=3 required=0
2023-07-20T18:23:51.826 INFO:teuthology.orchestra.run.smithi017.stdout:/usr/bin/ceph: stderr
2023-07-20T18:23:50.859+0000 7fcf6b7fe700 1 --2- >> [v2:172.21.15.17:3300/0,v1:172.21.15.17:6789/0] conn(0x7fcf6c1047f0 0x7fcf6c104c10 unknown :-1 s=HELLO_CONNECTING pgs=0 cs=0 l=0 rev1=1 crypto rx=0 tx=0 comp rx=0 tx=0).handle_hello peer v2:172.21.15.17:3300/0 says I am v2:172.21.15.17:48912/0 (socket says 172.21.15.17:48912)
2023-07-20T18:23:51.827 INFO:teuthology.orchestra.run.smithi017.stdout:/usr/bin/ceph: stderr
2023-07-20T18:23:50.859+0000 7fcf6b7fe700 1 -- 172.21.15.17:0/79403692 learned_addr learned my addr 172.21.15.17:0/79403692 (peer_addr_for_me v2:172.21.15.17:0/0)
2023-07-20T18:23:51.827 INFO:teuthology.orchestra.run.smithi017.stdout:/usr/bin/ceph: stderr
2023-07-20T18:23:50.859+0000 7fcf6b7fe700 1 -- 172.21.15.17:0/79403692 --> [v2:172.21.15.17:3300/0,v1:172.21.15.17:6789/0] -- mon_subscribe({config=0+,monmap=0+}) v3 -- 0x7fcf6c105150 con 0x7fcf6c1047f0
2023-07-20T18:23:51.827 INFO:teuthology.orchestra.run.smithi017.stdout:/usr/bin/ceph: stderr
2023-07-20T18:23:50.859+0000 7fcf6b7fe700 1 --2- 172.21.15.17:0/79403692 >> [v2:172.21.15.17:3300/0,v1:172.21.15.17:6789/0] conn(0x7fcf6c1047f0 0x7fcf6c104c10 secure :-1 s=READY pgs=78 cs=0 l=1 rev1=1 crypto rx=0x7fcf600098a0 tx=0x7fcf60009bb0 comp rx=0 tx=0).ready entity=mon.0 client_cookie=c0351d793d72c59f server_cookie=0 in_seq=0 out_seq=0
2023-07-20T18:23:51.827 INFO:teuthology.orchestra.run.smithi017.stdout:/usr/bin/ceph: stderr
2023-07-20T18:23:50.859+0000 7fcf6a7fc700 1 -- 172.21.15.17:0/79403692 <== mon.0 v2:172.21.15.17:3300/0 1 ==== mon_map magic: 0 v1 ==== 205+0+0 (secure 0 0 0) 0x7fcf60004160 con 0x7fcf6c1047f0
2023-07-20T18:23:51.827 INFO:teuthology.orchestra.run.smithi017.stdout:/usr/bin/ceph: stderr
2023-07-20T18:23:50.860+0000 7fcf6a7fc700 1 -- 172.21.15.17:0/79403692 <== mon.0 v2:172.21.15.17:3300/0 2 ==== config(25 keys) v1 ==== 1067+0+0 (secure 0 0 0) 0x7fcf600042c0 con 0x7fcf6c1047f0
2023-07-20T18:23:51.827 INFO:teuthology.orchestra.run.smithi017.stdout:/usr/bin/ceph: stderr
2023-07-20T18:23:50.860+0000 7fcf6a7fc700 1 -- 172.21.15.17:0/79403692 <== mon.0 v2:172.21.15.17:3300/0 3 ==== mon_map magic: 0 v1 ==== 205+0+0 (secure 0 0 0) 0x7fcf600118e0 con 0x7fcf6c1047f0
2023-07-20T18:23:51.827 INFO:teuthology.orchestra.run.smithi017.stdout:/usr/bin/ceph: stderr
2023-07-20T18:23:50.860+0000 7fcf720da700 1 -- 172.21.15.17:0/79403692 >> [v2:172.21.15.17:3300/0,v1:172.21.15.17:6789/0] conn(0x7fcf6c1047f0 msgr2=0x7fcf6c104c10 secure :-1 s=STATE_CONNECTION_ESTABLISHED l=1).mark_down
2023-07-20T18:23:51.828 INFO:teuthology.orchestra.run.smithi017.stdout:/usr/bin/ceph: stderr
2023-07-20T18:23:50.860+0000 7fcf720da700 1 --2- 172.21.15.17:0/79403692 >> [v2:172.21.15.17:3300/0,v1:172.21.15.17:6789/0] conn(0x7fcf6c1047f0 0x7fcf6c104c10 secure :-1 s=READY pgs=78 cs=0 l=1 rev1=1 crypto rx=0x7fcf600098a0 tx=0x7fcf60009bb0 comp rx=0 tx=0).stop
2023-07-20T18:23:51.828 INFO:teuthology.orchestra.run.smithi017.stdout:/usr/bin/ceph: stderr
2023-07-20T18:23:50.860+0000 7fcf720da700 1 -- 172.21.15.17:0/79403692 shutdown_connections
2023-07-20T18:23:51.828 INFO:teuthology.orchestra.run.smithi017.stdout:/usr/bin/ceph: stderr
2023-07-20T18:23:50.860+0000 7fcf720da700 1 --2- 172.21.15.17:0/79403692 >> [v2:172.21.15.17:3300/0,v1:172.21.15.17:6789/0] conn(0x7fcf6c1047f0 0x7fcf6c104c10 unknown :-1 s=CLOSED pgs=78 cs=0 l=1 rev1=1 crypto rx=0 tx=0 comp rx=0 tx=0).stop
2023-07-20T18:23:51.828 INFO:teuthology.orchestra.run.smithi017.stdout:/usr/bin/ceph: stderr
2023-07-20T18:23:50.860+0000 7fcf720da700 1 -- 172.21.15.17:0/79403692 >> 172.21.15.17:0/79403692 conn(0x7fcf6c100430 msgr2=0x7fcf6c102850 unknown :-1 s=STATE_NONE l=0).mark_down
2023-07-20T18:23:51.828 INFO:teuthology.orchestra.run.smithi017.stdout:/usr/bin/ceph: stderr
2023-07-20T18:23:50.860+0000 7fcf720da700 1 -- 172.21.15.17:0/79403692 shutdown_connections
2023-07-20T18:23:51.828 INFO:teuthology.orchestra.run.smithi017.stdout:/usr/bin/ceph: stderr
2023-07-20T18:23:50.860+0000 7fcf720da700 1 -- 172.21.15.17:0/79403692 wait complete.
2023-07-20T18:23:51.828 INFO:teuthology.orchestra.run.smithi017.stdout:/usr/bin/ceph: stderr
2023-07-20T18:23:50.861+0000 7fcf720da700 1 Processor -- start
2023-07-20T18:23:51.828 INFO:teuthology.orchestra.run.smithi017.stdout:/usr/bin/ceph: stderr
2023-07-20T18:23:50.861+0000 7fcf720da700 1 -- start start
2023-07-20T18:23:51.829 INFO:teuthology.orchestra.run.smithi017.stdout:/usr/bin/ceph: stderr
2023-07-20T18:23:50.861+0000 7fcf720da700 1 --2- >> [v2:172.21.15.17:3300/0,v1:172.21.15.17:6789/0] conn(0x7fcf6c1047f0 0x7fcf6c19bd40 unknown :-1 s=NONE pgs=0 cs=0 l=1 rev1=0 crypto rx=0 tx=0 comp rx=0 tx=0).connect
2023-07-20T18:23:51.829 INFO:teuthology.orchestra.run.smithi017.stdout:/usr/bin/ceph: stderr
2023-07-20T18:23:50.861+0000 7fcf720da700 1 -- --> [v2:172.21.15.17:3300/0,v1:172.21.15.17:6789/0] -- mon_getmap magic: 0 v1 -- 0x7fcf6c19c280 con 0x7fcf6c1047f0
2023-07-20T18:23:51.829 INFO:teuthology.orchestra.run.smithi017.stdout:/usr/bin/ceph: stderr
2023-07-20T18:23:50.861+0000 7fcf6b7fe700 1 --2- >> [v2:172.21.15.17:3300/0,v1:172.21.15.17:6789/0] conn(0x7fcf6c1047f0 0x7fcf6c19bd40 unknown :-1 s=BANNER_CONNECTING pgs=0 cs=0 l=1 rev1=0 crypto rx=0 tx=0 comp rx=0 tx=0)._handle_peer_banner_payload supported=3 required=0
2023-07-20T18:23:51.829 INFO:teuthology.orchestra.run.smithi017.stdout:/usr/bin/ceph: stderr
2023-07-20T18:23:50.861+0000 7fcf6b7fe700 1 --2- >> [v2:172.21.15.17:3300/0,v1:172.21.15.17:6789/0] conn(0x7fcf6c1047f0 0x7fcf6c19bd40 unknown :-1 s=HELLO_CONNECTING pgs=0 cs=0 l=1 rev1=1 crypto rx=0 tx=0 comp rx=0 tx=0).handle_hello peer v2:172.21.15.17:3300/0 says I am v2:172.21.15.17:48914/0 (socket says 172.21.15.17:48914)
2023-07-20T18:23:51.829 INFO:teuthology.orchestra.run.smithi017.stdout:/usr/bin/ceph: stderr
2023-07-20T18:23:50.861+0000 7fcf6b7fe700 1 -- 172.21.15.17:0/1500362376 learned_addr learned my addr 172.21.15.17:0/1500362376 (peer_addr_for_me v2:172.21.15.17:0/0)
2023-07-20T18:23:51.829 INFO:teuthology.orchestra.run.smithi017.stdout:/usr/bin/ceph: stderr
2023-07-20T18:23:50.862+0000 7fcf6b7fe700 1 -- 172.21.15.17:0/1500362376 --> [v2:172.21.15.17:3300/0,v1:172.21.15.17:6789/0] -- mon_subscribe({config=0+,monmap=0+}) v3 -- 0x7fcf60009550 con 0x7fcf6c1047f0
2023-07-20T18:23:51.829 INFO:teuthology.orchestra.run.smithi017.stdout:/usr/bin/ceph: stderr
2023-07-20T18:23:50.862+0000 7fcf6b7fe700 1 --2- 172.21.15.17:0/1500362376 >> [v2:172.21.15.17:3300/0,v1:172.21.15.17:6789/0] conn(0x7fcf6c1047f0 0x7fcf6c19bd40 secure :-1 s=READY pgs=79 cs=0 l=1 rev1=1 crypto rx=0x7fcf60006af0 tx=0x7fcf60011ed0 comp rx=0 tx=0).ready entity=mon.0 client_cookie=0 server_cookie=0 in_seq=0 out_seq=0
2023-07-20T18:23:51.830 INFO:teuthology.orchestra.run.smithi017.stdout:/usr/bin/ceph: stderr
2023-07-20T18:23:50.862+0000 7fcf68ff9700 1 -- 172.21.15.17:0/1500362376 <== mon.0 v2:172.21.15.17:3300/0 1 ==== mon_map magic: 0 v1 ==== 205+0+0 (secure 0 0 0) 0x7fcf600037d0 con 0x7fcf6c1047f0
2023-07-20T18:23:51.830 INFO:teuthology.orchestra.run.smithi017.stdout:/usr/bin/ceph: stderr
2023-07-20T18:23:50.862+0000 7fcf68ff9700 1 -- 172.21.15.17:0/1500362376 <== mon.0 v2:172.21.15.17:3300/0 2 ==== config(25 keys) v1 ==== 1067+0+0 (secure 0 0 0) 0x7fcf6001b440 con 0x7fcf6c1047f0
2023-07-20T18:23:51.830 INFO:teuthology.orchestra.run.smithi017.stdout:/usr/bin/ceph: stderr
2023-07-20T18:23:50.862+0000 7fcf720da700 1 -- 172.21.15.17:0/1500362376 --> [v2:172.21.15.17:3300/0,v1:172.21.15.17:6789/0] -- mon_subscribe({mgrmap=0+}) v3 -- 0x7fcf6c19c480 con 0x7fcf6c1047f0
2023-07-20T18:23:51.830 INFO:teuthology.orchestra.run.smithi017.stdout:/usr/bin/ceph: stderr
2023-07-20T18:23:50.862+0000 7fcf68ff9700 1 -- 172.21.15.17:0/1500362376 <== mon.0 v2:172.21.15.17:3300/0 3 ==== mon_map magic: 0 v1 ==== 205+0+0 (secure 0 0 0) 0x7fcf60023400 con 0x7fcf6c1047f0
2023-07-20T18:23:51.830 INFO:teuthology.orchestra.run.smithi017.stdout:/usr/bin/ceph: stderr
2023-07-20T18:23:50.862+0000 7fcf720da700 1 -- 172.21.15.17:0/1500362376 --> [v2:172.21.15.17:3300/0,v1:172.21.15.17:6789/0] -- mon_subscribe({osdmap=0}) v3 -- 0x7fcf6c19c920 con 0x7fcf6c1047f0
2023-07-20T18:23:51.830 INFO:teuthology.orchestra.run.smithi017.stdout:/usr/bin/ceph: stderr
2023-07-20T18:23:50.863+0000 7fcf68ff9700 1 -- 172.21.15.17:0/1500362376 <== mon.0 v2:172.21.15.17:3300/0 4 ==== mgrmap(e 13) v1 ==== 45539+0+0 (secure 0 0 0) 0x7fcf6001b5b0 con 0x7fcf6c1047f0
2023-07-20T18:23:51.830 INFO:teuthology.orchestra.run.smithi017.stdout:/usr/bin/ceph: stderr
2023-07-20T18:23:50.863+0000 7fcf68ff9700 1 --2- 172.21.15.17:0/1500362376 >> [v2:172.21.15.17:6800/481473576,v1:172.21.15.17:6801/481473576] conn(0x7fcf54038800 0x7fcf5403acc0 unknown :-1 s=NONE pgs=0 cs=0 l=1 rev1=0 crypto rx=0 tx=0 comp rx=0 tx=0).connect
2023-07-20T18:23:51.830 INFO:teuthology.orchestra.run.smithi017.stdout:/usr/bin/ceph: stderr
2023-07-20T18:23:50.863+0000 7fcf68ff9700 1 -- 172.21.15.17:0/1500362376 <== mon.0 v2:172.21.15.17:3300/0 5 ==== osd_map(3..3 src has 1..3) v4 ==== 1155+0+0 (secure 0 0 0) 0x7fcf6004c900 con 0x7fcf6c1047f0
2023-07-20T18:23:51.831 INFO:teuthology.orchestra.run.smithi017.stdout:/usr/bin/ceph: stderr
2023-07-20T18:23:50.863+0000 7fcf720da700 1 -- 172.21.15.17:0/1500362376 --> [v2:172.21.15.17:3300/0,v1:172.21.15.17:6789/0] -- mon_command({"prefix": "get_command_descriptions"} v 0) v1 -- 0x7fcf6c1955f0 con 0x7fcf6c1047f0
2023-07-20T18:23:51.831 INFO:teuthology.orchestra.run.smithi017.stdout:/usr/bin/ceph: stderr
2023-07-20T18:23:50.863+0000 7fcf6affd700 1 --2- 172.21.15.17:0/1500362376 >> [v2:172.21.15.17:6800/481473576,v1:172.21.15.17:6801/481473576] conn(0x7fcf54038800 0x7fcf5403acc0 unknown :-1 s=BANNER_CONNECTING pgs=0 cs=0 l=1 rev1=0 crypto rx=0 tx=0 comp rx=0 tx=0)._handle_peer_banner_payload supported=3 required=0
2023-07-20T18:23:51.831 INFO:teuthology.orchestra.run.smithi017.stdout:/usr/bin/ceph: stderr
2023-07-20T18:23:50.864+0000 7fcf6affd700 1 --2- 172.21.15.17:0/1500362376 >> [v2:172.21.15.17:6800/481473576,v1:172.21.15.17:6801/481473576] conn(0x7fcf54038800 0x7fcf5403acc0 secure :-1 s=READY pgs=11 cs=0 l=1 rev1=1 crypto rx=0x7fcf5c006fd0 tx=0x7fcf5c006e40 comp rx=0 tx=0).ready entity=mgr.14152 client_cookie=0 server_cookie=0 in_seq=0 out_seq=0
2023-07-20T18:23:51.831 INFO:teuthology.orchestra.run.smithi017.stdout:/usr/bin/ceph: stderr
2023-07-20T18:23:50.868+0000 7fcf68ff9700 1 -- 172.21.15.17:0/1500362376 <== mon.0 v2:172.21.15.17:3300/0 6 ==== mon_command_ack([{"prefix": "get_command_descriptions"}]=0 v0) v1 ==== 72+0+178025 (secure 0 0 0) 0x7fcf6001b8d0 con 0x7fcf6c1047f0
2023-07-20T18:23:51.831 INFO:teuthology.orchestra.run.smithi017.stdout:/usr/bin/ceph: stderr
2023-07-20T18:23:51.441+0000 7fcf720da700 1 -- 172.21.15.17:0/1500362376 --> [v2:172.21.15.17:3300/0,v1:172.21.15.17:6789/0] -- mon_command([{prefix=config-key set, key=mgr/dashboard/cluster/status}] v 0) v1 -- 0x7fcf6c02c970 con 0x7fcf6c1047f0
2023-07-20T18:23:51.831 INFO:teuthology.orchestra.run.smithi017.stdout:/usr/bin/ceph: stderr
2023-07-20T18:23:51.443+0000 7fcf68ff9700 1 -- 172.21.15.17:0/1500362376 <== mon.0 v2:172.21.15.17:3300/0 7 ==== mon_command_ack([{prefix=config-key set, key=mgr/dashboard/cluster/status}]=0 set mgr/dashboard/cluster/status v28)=0 set mgr/dashboard/cluster/status v28) v1 ==== 153+0+0 (secure 0 0 0) 0x7fcf6000b3e0 con 0x7fcf6c1047f0
2023-07-20T18:23:51.831 INFO:teuthology.orchestra.run.smithi017.stdout:/usr/bin/ceph: stderr
2023-07-20T18:23:51.445+0000 7fcf720da700 1 -- 172.21.15.17:0/1500362376 >> [v2:172.21.15.17:6800/481473576,v1:172.21.15.17:6801/481473576] conn(0x7fcf54038800 msgr2=0x7fcf5403acc0 secure :-1 s=STATE_CONNECTION_ESTABLISHED l=1).mark_down
2023-07-20T18:23:51.832 INFO:teuthology.orchestra.run.smithi017.stdout:/usr/bin/ceph: stderr
2023-07-20T18:23:51.445+0000 7fcf720da700 1 --2- 172.21.15.17:0/1500362376 >> [v2:172.21.15.17:6800/481473576,v1:172.21.15.17:6801/481473576] conn(0x7fcf54038800 0x7fcf5403acc0 secure :-1 s=READY pgs=11 cs=0 l=1 rev1=1 crypto rx=0x7fcf5c006fd0 tx=0x7fcf5c006e40 comp rx=0 tx=0).stop
2023-07-20T18:23:51.832 INFO:teuthology.orchestra.run.smithi017.stdout:/usr/bin/ceph: stderr
2023-07-20T18:23:51.445+0000 7fcf720da700 1 -- 172.21.15.17:0/1500362376 >> [v2:172.21.15.17:3300/0,v1:172.21.15.17:6789/0] conn(0x7fcf6c1047f0 msgr2=0x7fcf6c19bd40 secure :-1 s=STATE_CONNECTION_ESTABLISHED l=1).mark_down
2023-07-20T18:23:51.832 INFO:teuthology.orchestra.run.smithi017.stdout:/usr/bin/ceph: stderr
2023-07-20T18:23:51.445+0000 7fcf720da700 1 --2- 172.21.15.17:0/1500362376 >> [v2:172.21.15.17:3300/0,v1:172.21.15.17:6789/0] conn(0x7fcf6c1047f0 0x7fcf6c19bd40 secure :-1 s=READY pgs=79 cs=0 l=1 rev1=1 crypto rx=0x7fcf60006af0 tx=0x7fcf60011ed0 comp rx=0 tx=0).stop
2023-07-20T18:23:51.832 INFO:teuthology.orchestra.run.smithi017.stdout:/usr/bin/ceph: stderr
2023-07-20T18:23:51.445+0000 7fcf720da700 1 -- 172.21.15.17:0/1500362376 shutdown_connections
2023-07-20T18:23:51.832 INFO:teuthology.orchestra.run.smithi017.stdout:/usr/bin/ceph: stderr
2023-07-20T18:23:51.445+0000 7fcf720da700 1 --2- 172.21.15.17:0/1500362376 >> [v2:172.21.15.17:6800/481473576,v1:172.21.15.17:6801/481473576] conn(0x7fcf54038800 0x7fcf5403acc0 unknown :-1 s=CLOSED pgs=11 cs=0 l=1 rev1=1 crypto rx=0 tx=0 comp rx=0 tx=0).stop
2023-07-20T18:23:51.832 INFO:teuthology.orchestra.run.smithi017.stdout:/usr/bin/ceph: stderr
2023-07-20T18:23:51.445+0000 7fcf720da700 1 --2- 172.21.15.17:0/1500362376 >> [v2:172.21.15.17:3300/0,v1:172.21.15.17:6789/0] conn(0x7fcf6c1047f0 0x7fcf6c19bd40 unknown :-1 s=CLOSED pgs=79 cs=0 l=1 rev1=1 crypto rx=0 tx=0 comp rx=0 tx=0).stop
2023-07-20T18:23:51.832 INFO:teuthology.orchestra.run.smithi017.stdout:/usr/bin/ceph: stderr
2023-07-20T18:23:51.445+0000 7fcf720da700 1 -- 172.21.15.17:0/1500362376 >> 172.21.15.17:0/1500362376 conn(0x7fcf6c100430 msgr2=0x7fcf6c1903b0 unknown :-1 s=STATE_NONE l=0).mark_down
2023-07-20T18:23:51.833 INFO:teuthology.orchestra.run.smithi017.stdout:/usr/bin/ceph: stderr
2023-07-20T18:23:51.445+0000 7fcf720da700 1 -- 172.21.15.17:0/1500362376 shutdown_connections
2023-07-20T18:23:51.833 INFO:teuthology.orchestra.run.smithi017.stdout:/usr/bin/ceph: stderr
2023-07-20T18:23:51.445+0000 7fcf720da700 1 -- 172.21.15.17:0/1500362376 wait complete.
2023-07-20T18:23:51.833 INFO:teuthology.orchestra.run.smithi017.stdout:/usr/bin/ceph: stderr set mgr/dashboard/cluster/status
2023-07-20T18:23:51.833 INFO:teuthology.orchestra.run.smithi017.stdout:You can access the Ceph CLI as following in case of multi-cluster or non-default config:
2023-07-20T18:23:51.833 INFO:teuthology.orchestra.run.smithi017.stdout:
2023-07-20T18:23:51.834 INFO:teuthology.orchestra.run.smithi017.stdout: sudo /home/ubuntu/cephtest/cephadm shell --fsid 50ecbcc4-272a-11ee-9b34-001a4aab830c -c /etc/ceph/ceph.conf -k /etc/ceph/ceph.client.admin.keyring
2023-07-20T18:23:51.834 INFO:teuthology.orchestra.run.smithi017.stdout:
2023-07-20T18:23:51.834 INFO:teuthology.orchestra.run.smithi017.stdout:Or, if you are only running a single cluster on this host:
2023-07-20T18:23:51.834 INFO:teuthology.orchestra.run.smithi017.stdout:
2023-07-20T18:23:51.834 INFO:teuthology.orchestra.run.smithi017.stdout: sudo /home/ubuntu/cephtest/cephadm shell
2023-07-20T18:23:51.834 INFO:teuthology.orchestra.run.smithi017.stdout:
2023-07-20T18:23:51.834 INFO:teuthology.orchestra.run.smithi017.stdout:Please consider enabling telemetry to help improve Ceph:
2023-07-20T18:23:51.834 INFO:teuthology.orchestra.run.smithi017.stdout:
2023-07-20T18:23:51.835 INFO:teuthology.orchestra.run.smithi017.stdout: ceph telemetry on
2023-07-20T18:23:51.835 INFO:teuthology.orchestra.run.smithi017.stdout:
2023-07-20T18:23:51.835 INFO:teuthology.orchestra.run.smithi017.stdout:For more information see:
2023-07-20T18:23:51.835 INFO:teuthology.orchestra.run.smithi017.stdout:
2023-07-20T18:23:51.835 INFO:teuthology.orchestra.run.smithi017.stdout: https://docs.ceph.com/en/latest/mgr/telemetry/
2023-07-20T18:23:51.835 INFO:teuthology.orchestra.run.smithi017.stdout:
