2023-07-20T18:23:29.048+0000 7ff5cbb35700 1 -- 172.21.15.17:0/86262110 >> 172.21.15.17:0/86262110 conn(0x7ff5c41003d0 msgr2=0x7ff5c4061500 unknown :-1 s=STATE_NONE l=0).mark_down
2023-07-20T18:23:29.528 INFO:teuthology.orchestra.run.smithi017.stdout:/usr/bin/ceph: stderr
2023-07-20T18:23:29.048+0000 7ff5cbb35700 1 -- 172.21.15.17:0/86262110 shutdown_connections
2023-07-20T18:23:29.528 INFO:teuthology.orchestra.run.smithi017.stdout:/usr/bin/ceph: stderr
2023-07-20T18:23:29.048+0000 7ff5cbb35700 1 -- 172.21.15.17:0/86262110 wait complete.
2023-07-20T18:23:29.528 INFO:teuthology.orchestra.run.smithi017.stdout:Deploying unmanaged mgr service...
2023-07-20T18:23:30.458 INFO:journalctl@ceph.mon.a.smithi017.stdout:Jul 20 18:23:30 smithi017 ceph-mon[96488]: from='client.14142 -' entity='client.admin' cmd=[{"prefix": "orch apply", "service_type": "mon", "unmanaged": true, "target": ["mon-mgr", ""]}]: dispatch
2023-07-20T18:23:30.458 INFO:journalctl@ceph.mon.a.smithi017.stdout:Jul 20 18:23:30 smithi017 ceph-mon[96488]: Saving service mon spec with placement count:5
2023-07-20T18:23:30.459 INFO:journalctl@ceph.mon.a.smithi017.stdout:Jul 20 18:23:30 smithi017 ceph-mon[96488]: from='mgr.14120 172.21.15.17:0/1627462558' entity='mgr.x'
2023-07-20T18:23:30.765 INFO:teuthology.orchestra.run.smithi017.stdout:/usr/bin/ceph: stdout Scheduled mgr update...
2023-07-20T18:23:30.765 INFO:teuthology.orchestra.run.smithi017.stdout:/usr/bin/ceph: stderr
2023-07-20T18:23:30.054+0000 7f5e61a7c700 1 Processor -- start
2023-07-20T18:23:30.766 INFO:teuthology.orchestra.run.smithi017.stdout:/usr/bin/ceph: stderr
2023-07-20T18:23:30.054+0000 7f5e61a7c700 1 -- start start
2023-07-20T18:23:30.766 INFO:teuthology.orchestra.run.smithi017.stdout:/usr/bin/ceph: stderr
2023-07-20T18:23:30.055+0000 7f5e61a7c700 1 --2- >> [v2:172.21.15.17:3300/0,v1:172.21.15.17:6789/0] conn(0x7f5e5c104e10 0x7f5e5c105230 unknown :-1 s=NONE pgs=0 cs=0 l=0 rev1=0 crypto rx=0 tx=0 comp rx=0 tx=0).connect
2023-07-20T18:23:30.766 INFO:teuthology.orchestra.run.smithi017.stdout:/usr/bin/ceph: stderr
2023-07-20T18:23:30.055+0000 7f5e61a7c700 1 -- --> [v2:172.21.15.17:3300/0,v1:172.21.15.17:6789/0] -- mon_getmap magic: 0 v1 -- 0x7f5e5c105770 con 0x7f5e5c104e10
2023-07-20T18:23:30.766 INFO:teuthology.orchestra.run.smithi017.stdout:/usr/bin/ceph: stderr
2023-07-20T18:23:30.055+0000 7f5e5b7fe700 1 --2- >> [v2:172.21.15.17:3300/0,v1:172.21.15.17:6789/0] conn(0x7f5e5c104e10 0x7f5e5c105230 unknown :-1 s=BANNER_CONNECTING pgs=0 cs=0 l=0 rev1=0 crypto rx=0 tx=0 comp rx=0 tx=0)._handle_peer_banner_payload supported=3 required=0
2023-07-20T18:23:30.766 INFO:teuthology.orchestra.run.smithi017.stdout:/usr/bin/ceph: stderr
2023-07-20T18:23:30.055+0000 7f5e5b7fe700 1 --2- >> [v2:172.21.15.17:3300/0,v1:172.21.15.17:6789/0] conn(0x7f5e5c104e10 0x7f5e5c105230 unknown :-1 s=HELLO_CONNECTING pgs=0 cs=0 l=0 rev1=1 crypto rx=0 tx=0 comp rx=0 tx=0).handle_hello peer v2:172.21.15.17:3300/0 says I am v2:172.21.15.17:48784/0 (socket says 172.21.15.17:48784)
2023-07-20T18:23:30.766 INFO:teuthology.orchestra.run.smithi017.stdout:/usr/bin/ceph: stderr
2023-07-20T18:23:30.055+0000 7f5e5b7fe700 1 -- 172.21.15.17:0/790433256 learned_addr learned my addr 172.21.15.17:0/790433256 (peer_addr_for_me v2:172.21.15.17:0/0)
2023-07-20T18:23:30.767 INFO:teuthology.orchestra.run.smithi017.stdout:/usr/bin/ceph: stderr
2023-07-20T18:23:30.055+0000 7f5e5b7fe700 1 -- 172.21.15.17:0/790433256 --> [v2:172.21.15.17:3300/0,v1:172.21.15.17:6789/0] -- mon_subscribe({config=0+,monmap=0+}) v3 -- 0x7f5e5c1058b0 con 0x7f5e5c104e10
2023-07-20T18:23:30.767 INFO:teuthology.orchestra.run.smithi017.stdout:/usr/bin/ceph: stderr
2023-07-20T18:23:30.055+0000 7f5e5b7fe700 1 --2- 172.21.15.17:0/790433256 >> [v2:172.21.15.17:3300/0,v1:172.21.15.17:6789/0] conn(0x7f5e5c104e10 0x7f5e5c105230 secure :-1 s=READY pgs=49 cs=0 l=1 rev1=1 crypto rx=0x7f5e4c00bb40 tx=0x7f5e4c00be50 comp rx=0 tx=0).ready entity=mon.0 client_cookie=9e914a522f1fad server_cookie=0 in_seq=0 out_seq=0
2023-07-20T18:23:30.767 INFO:teuthology.orchestra.run.smithi017.stdout:/usr/bin/ceph: stderr
2023-07-20T18:23:30.055+0000 7f5e5a7fc700 1 -- 172.21.15.17:0/790433256 <== mon.0 v2:172.21.15.17:3300/0 1 ==== mon_map magic: 0 v1 ==== 205+0+0 (secure 0 0 0) 0x7f5e4c00dbe0 con 0x7f5e5c104e10
2023-07-20T18:23:30.767 INFO:teuthology.orchestra.run.smithi017.stdout:/usr/bin/ceph: stderr
2023-07-20T18:23:30.055+0000 7f5e5a7fc700 1 -- 172.21.15.17:0/790433256 <== mon.0 v2:172.21.15.17:3300/0 2 ==== config(25 keys) v1 ==== 1036+0+0 (secure 0 0 0) 0x7f5e4c0044a0 con 0x7f5e5c104e10
2023-07-20T18:23:30.767 INFO:teuthology.orchestra.run.smithi017.stdout:/usr/bin/ceph: stderr
2023-07-20T18:23:30.055+0000 7f5e5a7fc700 1 -- 172.21.15.17:0/790433256 <== mon.0 v2:172.21.15.17:3300/0 3 ==== mon_map magic: 0 v1 ==== 205+0+0 (secure 0 0 0) 0x7f5e4c003da0 con 0x7f5e5c104e10
2023-07-20T18:23:30.767 INFO:teuthology.orchestra.run.smithi017.stdout:/usr/bin/ceph: stderr
2023-07-20T18:23:30.056+0000 7f5e61a7c700 1 -- 172.21.15.17:0/790433256 >> [v2:172.21.15.17:3300/0,v1:172.21.15.17:6789/0] conn(0x7f5e5c104e10 msgr2=0x7f5e5c105230 secure :-1 s=STATE_CONNECTION_ESTABLISHED l=1).mark_down
2023-07-20T18:23:30.767 INFO:teuthology.orchestra.run.smithi017.stdout:/usr/bin/ceph: stderr
2023-07-20T18:23:30.056+0000 7f5e61a7c700 1 --2- 172.21.15.17:0/790433256 >> [v2:172.21.15.17:3300/0,v1:172.21.15.17:6789/0] conn(0x7f5e5c104e10 0x7f5e5c105230 secure :-1 s=READY pgs=49 cs=0 l=1 rev1=1 crypto rx=0x7f5e4c00bb40 tx=0x7f5e4c00be50 comp rx=0 tx=0).stop
2023-07-20T18:23:30.767 INFO:teuthology.orchestra.run.smithi017.stdout:/usr/bin/ceph: stderr
2023-07-20T18:23:30.056+0000 7f5e61a7c700 1 -- 172.21.15.17:0/790433256 shutdown_connections
2023-07-20T18:23:30.768 INFO:teuthology.orchestra.run.smithi017.stdout:/usr/bin/ceph: stderr
2023-07-20T18:23:30.056+0000 7f5e61a7c700 1 --2- 172.21.15.17:0/790433256 >> [v2:172.21.15.17:3300/0,v1:172.21.15.17:6789/0] conn(0x7f5e5c104e10 0x7f5e5c105230 unknown :-1 s=CLOSED pgs=49 cs=0 l=1 rev1=1 crypto rx=0 tx=0 comp rx=0 tx=0).stop
2023-07-20T18:23:30.768 INFO:teuthology.orchestra.run.smithi017.stdout:/usr/bin/ceph: stderr
2023-07-20T18:23:30.056+0000 7f5e61a7c700 1 -- 172.21.15.17:0/790433256 >> 172.21.15.17:0/790433256 conn(0x7f5e5c1003d0 msgr2=0x7f5e5c1027f0 unknown :-1 s=STATE_NONE l=0).mark_down
2023-07-20T18:23:30.768 INFO:teuthology.orchestra.run.smithi017.stdout:/usr/bin/ceph: stderr
2023-07-20T18:23:30.056+0000 7f5e61a7c700 1 -- 172.21.15.17:0/790433256 shutdown_connections
2023-07-20T18:23:30.768 INFO:teuthology.orchestra.run.smithi017.stdout:/usr/bin/ceph: stderr
2023-07-20T18:23:30.056+0000 7f5e61a7c700 1 -- 172.21.15.17:0/790433256 wait complete.
2023-07-20T18:23:30.768 INFO:teuthology.orchestra.run.smithi017.stdout:/usr/bin/ceph: stderr
2023-07-20T18:23:30.057+0000 7f5e61a7c700 1 Processor -- start
2023-07-20T18:23:30.768 INFO:teuthology.orchestra.run.smithi017.stdout:/usr/bin/ceph: stderr
2023-07-20T18:23:30.057+0000 7f5e61a7c700 1 -- start start
2023-07-20T18:23:30.769 INFO:teuthology.orchestra.run.smithi017.stdout:/usr/bin/ceph: stderr
2023-07-20T18:23:30.057+0000 7f5e61a7c700 1 --2- >> [v2:172.21.15.17:3300/0,v1:172.21.15.17:6789/0] conn(0x7f5e5c104e10 0x7f5e5c19bd20 unknown :-1 s=NONE pgs=0 cs=0 l=1 rev1=0 crypto rx=0 tx=0 comp rx=0 tx=0).connect
2023-07-20T18:23:30.769 INFO:teuthology.orchestra.run.smithi017.stdout:/usr/bin/ceph: stderr
2023-07-20T18:23:30.057+0000 7f5e61a7c700 1 -- --> [v2:172.21.15.17:3300/0,v1:172.21.15.17:6789/0] -- mon_getmap magic: 0 v1 -- 0x7f5e5c19c260 con 0x7f5e5c104e10
2023-07-20T18:23:30.769 INFO:teuthology.orchestra.run.smithi017.stdout:/usr/bin/ceph: stderr
2023-07-20T18:23:30.057+0000 7f5e5b7fe700 1 --2- >> [v2:172.21.15.17:3300/0,v1:172.21.15.17:6789/0] conn(0x7f5e5c104e10 0x7f5e5c19bd20 unknown :-1 s=BANNER_CONNECTING pgs=0 cs=0 l=1 rev1=0 crypto rx=0 tx=0 comp rx=0 tx=0)._handle_peer_banner_payload supported=3 required=0
2023-07-20T18:23:30.769 INFO:teuthology.orchestra.run.smithi017.stdout:/usr/bin/ceph: stderr
2023-07-20T18:23:30.057+0000 7f5e5b7fe700 1 --2- >> [v2:172.21.15.17:3300/0,v1:172.21.15.17:6789/0] conn(0x7f5e5c104e10 0x7f5e5c19bd20 unknown :-1 s=HELLO_CONNECTING pgs=0 cs=0 l=1 rev1=1 crypto rx=0 tx=0 comp rx=0 tx=0).handle_hello peer v2:172.21.15.17:3300/0 says I am v2:172.21.15.17:48786/0 (socket says 172.21.15.17:48786)
2023-07-20T18:23:30.769 INFO:teuthology.orchestra.run.smithi017.stdout:/usr/bin/ceph: stderr
2023-07-20T18:23:30.057+0000 7f5e5b7fe700 1 -- 172.21.15.17:0/1782741199 learned_addr learned my addr 172.21.15.17:0/1782741199 (peer_addr_for_me v2:172.21.15.17:0/0)
2023-07-20T18:23:30.769 INFO:teuthology.orchestra.run.smithi017.stdout:/usr/bin/ceph: stderr
2023-07-20T18:23:30.057+0000 7f5e5b7fe700 1 -- 172.21.15.17:0/1782741199 --> [v2:172.21.15.17:3300/0,v1:172.21.15.17:6789/0] -- mon_subscribe({config=0+,monmap=0+}) v3 -- 0x7f5e4c00b7f0 con 0x7f5e5c104e10
2023-07-20T18:23:30.769 INFO:teuthology.orchestra.run.smithi017.stdout:/usr/bin/ceph: stderr
2023-07-20T18:23:30.058+0000 7f5e5b7fe700 1 --2- 172.21.15.17:0/1782741199 >> [v2:172.21.15.17:3300/0,v1:172.21.15.17:6789/0] conn(0x7f5e5c104e10 0x7f5e5c19bd20 secure :-1 s=READY pgs=50 cs=0 l=1 rev1=1 crypto rx=0x7f5e4c0039a0 tx=0x7f5e4c003f70 comp rx=0 tx=0).ready entity=mon.0 client_cookie=0 server_cookie=0 in_seq=0 out_seq=0
2023-07-20T18:23:30.769 INFO:teuthology.orchestra.run.smithi017.stdout:/usr/bin/ceph: stderr
2023-07-20T18:23:30.058+0000 7f5e58ff9700 1 -- 172.21.15.17:0/1782741199 <== mon.0 v2:172.21.15.17:3300/0 1 ==== mon_map magic: 0 v1 ==== 205+0+0 (secure 0 0 0) 0x7f5e4c0105f0 con 0x7f5e5c104e10
2023-07-20T18:23:30.770 INFO:teuthology.orchestra.run.smithi017.stdout:/usr/bin/ceph: stderr
2023-07-20T18:23:30.058+0000 7f5e58ff9700 1 -- 172.21.15.17:0/1782741199 <== mon.0 v2:172.21.15.17:3300/0 2 ==== config(25 keys) v1 ==== 1036+0+0 (secure 0 0 0) 0x7f5e4c010bc0 con 0x7f5e5c104e10
2023-07-20T18:23:30.770 INFO:teuthology.orchestra.run.smithi017.stdout:/usr/bin/ceph: stderr
2023-07-20T18:23:30.058+0000 7f5e61a7c700 1 -- 172.21.15.17:0/1782741199 --> [v2:172.21.15.17:3300/0,v1:172.21.15.17:6789/0] -- mon_subscribe({mgrmap=0+}) v3 -- 0x7f5e5c19c460 con 0x7f5e5c104e10
2023-07-20T18:23:30.770 INFO:teuthology.orchestra.run.smithi017.stdout:/usr/bin/ceph: stderr
2023-07-20T18:23:30.058+0000 7f5e58ff9700 1 -- 172.21.15.17:0/1782741199 <== mon.0 v2:172.21.15.17:3300/0 3 ==== mon_map magic: 0 v1 ==== 205+0+0 (secure 0 0 0) 0x7f5e4c021ad0 con 0x7f5e5c104e10
2023-07-20T18:23:30.770 INFO:teuthology.orchestra.run.smithi017.stdout:/usr/bin/ceph: stderr
2023-07-20T18:23:30.058+0000 7f5e61a7c700 1 -- 172.21.15.17:0/1782741199 --> [v2:172.21.15.17:3300/0,v1:172.21.15.17:6789/0] -- mon_subscribe({osdmap=0}) v3 -- 0x7f5e5c19c8a0 con 0x7f5e5c104e10
2023-07-20T18:23:30.770 INFO:teuthology.orchestra.run.smithi017.stdout:/usr/bin/ceph: stderr
2023-07-20T18:23:30.059+0000 7f5e58ff9700 1 -- 172.21.15.17:0/1782741199 <== mon.0 v2:172.21.15.17:3300/0 4 ==== mgrmap(e 8) v1 ==== 45483+0+0 (secure 0 0 0) 0x7f5e4c0193f0 con 0x7f5e5c104e10
2023-07-20T18:23:30.770 INFO:teuthology.orchestra.run.smithi017.stdout:/usr/bin/ceph: stderr
2023-07-20T18:23:30.059+0000 7f5e58ff9700 1 --2- 172.21.15.17:0/1782741199 >> [v2:172.21.15.17:6800/4243568055,v1:172.21.15.17:6801/4243568055] conn(0x7f5e48038710 0x7f5e4803abd0 unknown :-1 s=NONE pgs=0 cs=0 l=1 rev1=0 crypto rx=0 tx=0 comp rx=0 tx=0).connect
2023-07-20T18:23:30.770 INFO:teuthology.orchestra.run.smithi017.stdout:/usr/bin/ceph: stderr
2023-07-20T18:23:30.059+0000 7f5e58ff9700 1 -- 172.21.15.17:0/1782741199 <== mon.0 v2:172.21.15.17:3300/0 5 ==== osd_map(2..2 src has 1..2) v4 ==== 940+0+0 (secure 0 0 0) 0x7f5e4c04cc60 con 0x7f5e5c104e10
2023-07-20T18:23:30.770 INFO:teuthology.orchestra.run.smithi017.stdout:/usr/bin/ceph: stderr
2023-07-20T18:23:30.059+0000 7f5e61a7c700 1 -- 172.21.15.17:0/1782741199 --> [v2:172.21.15.17:3300/0,v1:172.21.15.17:6789/0] -- mon_command({"prefix": "get_command_descriptions"} v 0) v1 -- 0x7f5e5c191690 con 0x7f5e5c104e10
2023-07-20T18:23:30.771 INFO:teuthology.orchestra.run.smithi017.stdout:/usr/bin/ceph: stderr
2023-07-20T18:23:30.059+0000 7f5e5affd700 1 --2- 172.21.15.17:0/1782741199 >> [v2:172.21.15.17:6800/4243568055,v1:172.21.15.17:6801/4243568055] conn(0x7f5e48038710 0x7f5e4803abd0 unknown :-1 s=BANNER_CONNECTING pgs=0 cs=0 l=1 rev1=0 crypto rx=0 tx=0 comp rx=0 tx=0)._handle_peer_banner_payload supported=3 required=0
2023-07-20T18:23:30.771 INFO:teuthology.orchestra.run.smithi017.stdout:/usr/bin/ceph: stderr
2023-07-20T18:23:30.060+0000 7f5e5affd700 1 --2- 172.21.15.17:0/1782741199 >> [v2:172.21.15.17:6800/4243568055,v1:172.21.15.17:6801/4243568055] conn(0x7f5e48038710 0x7f5e4803abd0 secure :-1 s=READY pgs=13 cs=0 l=1 rev1=1 crypto rx=0x7f5e44006fd0 tx=0x7f5e44006e40 comp rx=0 tx=0).ready entity=mgr.14120 client_cookie=0 server_cookie=0 in_seq=0 out_seq=0
2023-07-20T18:23:30.771 INFO:teuthology.orchestra.run.smithi017.stdout:/usr/bin/ceph: stderr
2023-07-20T18:23:30.064+0000 7f5e58ff9700 1 -- 172.21.15.17:0/1782741199 <== mon.0 v2:172.21.15.17:3300/0 6 ==== mon_command_ack([{"prefix": "get_command_descriptions"}]=0 v0) v1 ==== 72+0+178025 (secure 0 0 0) 0x7f5e4c00e770 con 0x7f5e5c104e10
2023-07-20T18:23:30.771 INFO:teuthology.orchestra.run.smithi017.stdout:/usr/bin/ceph: stderr
2023-07-20T18:23:30.139+0000 7f5e58ff9700 1 -- 172.21.15.17:0/1782741199 <== mon.0 v2:172.21.15.17:3300/0 7 ==== config(25 keys) v1 ==== 1067+0+0 (secure 0 0 0) 0x7f5e4c04c670 con 0x7f5e5c104e10
2023-07-20T18:23:30.771 INFO:teuthology.orchestra.run.smithi017.stdout:/usr/bin/ceph: stderr
2023-07-20T18:23:30.448+0000 7f5e61a7c700 1 -- 172.21.15.17:0/1782741199 --> [v2:172.21.15.17:6800/4243568055,v1:172.21.15.17:6801/4243568055] -- mgr_command(tid 0: {"prefix": "orch apply", "service_type": "mgr", "unmanaged": true, "target": ["mon-mgr", ""]}) v1 -- 0x7f5e5c073000 con 0x7f5e48038710
2023-07-20T18:23:30.771 INFO:teuthology.orchestra.run.smithi017.stdout:/usr/bin/ceph: stderr
2023-07-20T18:23:30.453+0000 7f5e58ff9700 1 -- 172.21.15.17:0/1782741199 <== mgr.14120 v2:172.21.15.17:6800/4243568055 1 ==== mgr_command_reply(tid 0: 0 ) v1 ==== 8+0+24 (secure 0 0 0) 0x7f5e5c073000 con 0x7f5e48038710
2023-07-20T18:23:30.771 INFO:teuthology.orchestra.run.smithi017.stdout:/usr/bin/ceph: stderr
2023-07-20T18:23:30.455+0000 7f5e61a7c700 1 -- 172.21.15.17:0/1782741199 >> [v2:172.21.15.17:6800/4243568055,v1:172.21.15.17:6801/4243568055] conn(0x7f5e48038710 msgr2=0x7f5e4803abd0 secure :-1 s=STATE_CONNECTION_ESTABLISHED l=1).mark_down
2023-07-20T18:23:30.772 INFO:teuthology.orchestra.run.smithi017.stdout:/usr/bin/ceph: stderr
2023-07-20T18:23:30.455+0000 7f5e61a7c700 1 --2- 172.21.15.17:0/1782741199 >> [v2:172.21.15.17:6800/4243568055,v1:172.21.15.17:6801/4243568055] conn(0x7f5e48038710 0x7f5e4803abd0 secure :-1 s=READY pgs=13 cs=0 l=1 rev1=1 crypto rx=0x7f5e44006fd0 tx=0x7f5e44006e40 comp rx=0 tx=0).stop
2023-07-20T18:23:30.772 INFO:teuthology.orchestra.run.smithi017.stdout:/usr/bin/ceph: stderr
2023-07-20T18:23:30.455+0000 7f5e61a7c700 1 -- 172.21.15.17:0/1782741199 >> [v2:172.21.15.17:3300/0,v1:172.21.15.17:6789/0] conn(0x7f5e5c104e10 msgr2=0x7f5e5c19bd20 secure :-1 s=STATE_CONNECTION_ESTABLISHED l=1).mark_down
2023-07-20T18:23:30.772 INFO:teuthology.orchestra.run.smithi017.stdout:/usr/bin/ceph: stderr
2023-07-20T18:23:30.455+0000 7f5e61a7c700 1 --2- 172.21.15.17:0/1782741199 >> [v2:172.21.15.17:3300/0,v1:172.21.15.17:6789/0] conn(0x7f5e5c104e10 0x7f5e5c19bd20 secure :-1 s=READY pgs=50 cs=0 l=1 rev1=1 crypto rx=0x7f5e4c0039a0 tx=0x7f5e4c003f70 comp rx=0 tx=0).stop
2023-07-20T18:23:30.772 INFO:teuthology.orchestra.run.smithi017.stdout:/usr/bin/ceph: stderr
2023-07-20T18:23:30.455+0000 7f5e61a7c700 1 -- 172.21.15.17:0/1782741199 shutdown_connections
2023-07-20T18:23:30.772 INFO:teuthology.orchestra.run.smithi017.stdout:/usr/bin/ceph: stderr
2023-07-20T18:23:30.455+0000 7f5e61a7c700 1 --2- 172.21.15.17:0/1782741199 >> [v2:172.21.15.17:6800/4243568055,v1:172.21.15.17:6801/4243568055] conn(0x7f5e48038710 0x7f5e4803abd0 unknown :-1 s=CLOSED pgs=13 cs=0 l=1 rev1=1 crypto rx=0 tx=0 comp rx=0 tx=0).stop
2023-07-20T18:23:30.772 INFO:teuthology.orchestra.run.smithi017.stdout:/usr/bin/ceph: stderr
2023-07-20T18:23:30.455+0000 7f5e61a7c700 1 --2- 172.21.15.17:0/1782741199 >> [v2:172.21.15.17:3300/0,v1:172.21.15.17:6789/0] conn(0x7f5e5c104e10 0x7f5e5c19bd20 unknown :-1 s=CLOSED pgs=50 cs=0 l=1 rev1=1 crypto rx=0 tx=0 comp rx=0 tx=0).stop
2023-07-20T18:23:30.772 INFO:teuthology.orchestra.run.smithi017.stdout:/usr/bin/ceph: stderr
2023-07-20T18:23:30.455+0000 7f5e61a7c700 1 -- 172.21.15.17:0/1782741199 >> 172.21.15.17:0/1782741199 conn(0x7f5e5c1003d0 msgr2=0x7f5e5c18e7d0 unknown :-1 s=STATE_NONE l=0).mark_down
2023-07-20T18:23:30.773 INFO:teuthology.orchestra.run.smithi017.stdout:/usr/bin/ceph: stderr
2023-07-20T18:23:30.455+0000 7f5e61a7c700 1 -- 172.21.15.17:0/1782741199 shutdown_connections
2023-07-20T18:23:30.773 INFO:teuthology.orchestra.run.smithi017.stdout:/usr/bin/ceph: stderr
2023-07-20T18:23:30.455+0000 7f5e61a7c700 1 -- 172.21.15.17:0/1782741199 wait complete.
2023-07-20T18:23:31.458 INFO:journalctl@ceph.mon.a.smithi017.stdout:Jul 20 18:23:31 smithi017 ceph-mon[96488]: from='mgr.14120 172.21.15.17:0/1627462558' entity='mgr.x'
2023-07-20T18:23:31.459 INFO:journalctl@ceph.mon.a.smithi017.stdout:Jul 20 18:23:31 smithi017 ceph-mon[96488]: from='client.14144 -' entity='client.admin' cmd=[{"prefix": "orch apply", "service_type": "mgr", "unmanaged": true, "target": ["mon-mgr", ""]}]: dispatch
2023-07-20T18:23:31.459 INFO:journalctl@ceph.mon.a.smithi017.stdout:Jul 20 18:23:31 smithi017 ceph-mon[96488]: Saving service mgr spec with placement count:2
2023-07-20T18:23:31.459 INFO:journalctl@ceph.mon.a.smithi017.stdout:Jul 20 18:23:31 smithi017 ceph-mon[96488]: from='mgr.14120 172.21.15.17:0/1627462558' entity='mgr.x'
2023-07-20T18:23:31.459 INFO:journalctl@ceph.mon.a.smithi017.stdout:Jul 20 18:23:31 smithi017 ceph-mon[96488]: from='mgr.14120 172.21.15.17:0/1627462558' entity='mgr.x'
2023-07-20T18:23:32.111 INFO:teuthology.orchestra.run.smithi017.stdout:/usr/bin/ceph: stderr
2023-07-20T18:23:31.216+0000 7f3edc479700 1 Processor -- start
2023-07-20T18:23:32.112 INFO:teuthology.orchestra.run.smithi017.stdout:/usr/bin/ceph: stderr
2023-07-20T18:23:31.216+0000 7f3edc479700 1 -- start start
2023-07-20T18:23:32.112 INFO:teuthology.orchestra.run.smithi017.stdout:/usr/bin/ceph: stderr
2023-07-20T18:23:31.217+0000 7f3edc479700 1 --2- >> [v2:172.21.15.17:3300/0,v1:172.21.15.17:6789/0] conn(0x7f3ed4106350 0x7f3ed4106770 unknown :-1 s=NONE pgs=0 cs=0 l=0 rev1=0 crypto rx=0 tx=0 comp rx=0 tx=0).connect
2023-07-20T18:23:32.112 INFO:teuthology.orchestra.run.smithi017.stdout:/usr/bin/ceph: stderr
2023-07-20T18:23:31.217+0000 7f3edc479700 1 -- --> [v2:172.21.15.17:3300/0,v1:172.21.15.17:6789/0] -- mon_getmap magic: 0 v1 -- 0x7f3ed4106cb0 con 0x7f3ed4106350
2023-07-20T18:23:32.112 INFO:teuthology.orchestra.run.smithi017.stdout:/usr/bin/ceph: stderr
2023-07-20T18:23:31.217+0000 7f3eda215700 1 --2- >> [v2:172.21.15.17:3300/0,v1:172.21.15.17:6789/0] conn(0x7f3ed4106350 0x7f3ed4106770 unknown :-1 s=BANNER_CONNECTING pgs=0 cs=0 l=0 rev1=0 crypto rx=0 tx=0 comp rx=0 tx=0)._handle_peer_banner_payload supported=3 required=0
2023-07-20T18:23:32.112 INFO:teuthology.orchestra.run.smithi017.stdout:/usr/bin/ceph: stderr
2023-07-20T18:23:31.217+0000 7f3eda215700 1 --2- >> [v2:172.21.15.17:3300/0,v1:172.21.15.17:6789/0] conn(0x7f3ed4106350 0x7f3ed4106770 unknown :-1 s=HELLO_CONNECTING pgs=0 cs=0 l=0 rev1=1 crypto rx=0 tx=0 comp rx=0 tx=0).handle_hello peer v2:172.21.15.17:3300/0 says I am v2:172.21.15.17:48790/0 (socket says 172.21.15.17:48790)
2023-07-20T18:23:32.112 INFO:teuthology.orchestra.run.smithi017.stdout:/usr/bin/ceph: stderr
2023-07-20T18:23:31.217+0000 7f3eda215700 1 -- 172.21.15.17:0/134877922 learned_addr learned my addr 172.21.15.17:0/134877922 (peer_addr_for_me v2:172.21.15.17:0/0)
2023-07-20T18:23:32.113 INFO:teuthology.orchestra.run.smithi017.stdout:/usr/bin/ceph: stderr
2023-07-20T18:23:31.217+0000 7f3eda215700 1 -- 172.21.15.17:0/134877922 --> [v2:172.21.15.17:3300/0,v1:172.21.15.17:6789/0] -- mon_subscribe({config=0+,monmap=0+}) v3 -- 0x7f3ed4106df0 con 0x7f3ed4106350
2023-07-20T18:23:32.113 INFO:teuthology.orchestra.run.smithi017.stdout:/usr/bin/ceph: stderr
2023-07-20T18:23:31.217+0000 7f3eda215700 1 --2- 172.21.15.17:0/134877922 >> [v2:172.21.15.17:3300/0,v1:172.21.15.17:6789/0] conn(0x7f3ed4106350 0x7f3ed4106770 secure :-1 s=READY pgs=51 cs=0 l=1 rev1=1 crypto rx=0x7f3ed00098a0 tx=0x7f3ed0009bb0 comp rx=0 tx=0).ready entity=mon.0 client_cookie=b3ade4a2ec46459d server_cookie=0 in_seq=0 out_seq=0
2023-07-20T18:23:32.113 INFO:teuthology.orchestra.run.smithi017.stdout:/usr/bin/ceph: stderr
2023-07-20T18:23:31.217+0000 7f3ed9213700 1 -- 172.21.15.17:0/134877922 <== mon.0 v2:172.21.15.17:3300/0 1 ==== mon_map magic: 0 v1 ==== 205+0+0 (secure 0 0 0) 0x7f3ed0004160 con 0x7f3ed4106350
2023-07-20T18:23:32.113 INFO:teuthology.orchestra.run.smithi017.stdout:/usr/bin/ceph: stderr
2023-07-20T18:23:31.217+0000 7f3ed9213700 1 -- 172.21.15.17:0/134877922 <== mon.0 v2:172.21.15.17:3300/0 2 ==== config(25 keys) v1 ==== 1067+0+0 (secure 0 0 0) 0x7f3ed00042c0 con 0x7f3ed4106350
2023-07-20T18:23:32.114 INFO:teuthology.orchestra.run.smithi017.stdout:/usr/bin/ceph: stderr
2023-07-20T18:23:31.217+0000 7f3ed9213700 1 -- 172.21.15.17:0/134877922 <== mon.0 v2:172.21.15.17:3300/0 3 ==== mon_map magic: 0 v1 ==== 205+0+0 (secure 0 0 0) 0x7f3ed00118e0 con 0x7f3ed4106350
2023-07-20T18:23:32.114 INFO:teuthology.orchestra.run.smithi017.stdout:/usr/bin/ceph: stderr
2023-07-20T18:23:31.218+0000 7f3edc479700 1 -- 172.21.15.17:0/134877922 >> [v2:172.21.15.17:3300/0,v1:172.21.15.17:6789/0] conn(0x7f3ed4106350 msgr2=0x7f3ed4106770 secure :-1 s=STATE_CONNECTION_ESTABLISHED l=1).mark_down
2023-07-20T18:23:32.114 INFO:teuthology.orchestra.run.smithi017.stdout:/usr/bin/ceph: stderr
2023-07-20T18:23:31.218+0000 7f3edc479700 1 --2- 172.21.15.17:0/134877922 >> [v2:172.21.15.17:3300/0,v1:172.21.15.17:6789/0] conn(0x7f3ed4106350 0x7f3ed4106770 secure :-1 s=READY pgs=51 cs=0 l=1 rev1=1 crypto rx=0x7f3ed00098a0 tx=0x7f3ed0009bb0 comp rx=0 tx=0).stop
2023-07-20T18:23:32.114 INFO:teuthology.orchestra.run.smithi017.stdout:/usr/bin/ceph: stderr
2023-07-20T18:23:31.218+0000 7f3edc479700 1 -- 172.21.15.17:0/134877922 shutdown_connections
2023-07-20T18:23:32.114 INFO:teuthology.orchestra.run.smithi017.stdout:/usr/bin/ceph: stderr
2023-07-20T18:23:31.218+0000 7f3edc479700 1 --2- 172.21.15.17:0/134877922 >> [v2:172.21.15.17:3300/0,v1:172.21.15.17:6789/0] conn(0x7f3ed4106350 0x7f3ed4106770 unknown :-1 s=CLOSED pgs=51 cs=0 l=1 rev1=1 crypto rx=0 tx=0 comp rx=0 tx=0).stop
2023-07-20T18:23:32.114 INFO:teuthology.orchestra.run.smithi017.stdout:/usr/bin/ceph: stderr
2023-07-20T18:23:31.218+0000 7f3edc479700 1 -- 172.21.15.17:0/134877922 >> 172.21.15.17:0/134877922 conn(0x7f3ed40ffbc0 msgr2=0x7f3ed4101fe0 unknown :-1 s=STATE_NONE l=0).mark_down
2023-07-20T18:23:32.114 INFO:teuthology.orchestra.run.smithi017.stdout:/usr/bin/ceph: stderr
2023-07-20T18:23:31.218+0000 7f3edc479700 1 -- 172.21.15.17:0/134877922 shutdown_connections
2023-07-20T18:23:32.115 INFO:teuthology.orchestra.run.smithi017.stdout:/usr/bin/ceph: stderr
2023-07-20T18:23:31.218+0000 7f3edc479700 1 -- 172.21.15.17:0/134877922 wait complete.
2023-07-20T18:23:32.115 INFO:teuthology.orchestra.run.smithi017.stdout:/usr/bin/ceph: stderr
2023-07-20T18:23:31.219+0000 7f3edc479700 1 Processor -- start
2023-07-20T18:23:32.115 INFO:teuthology.orchestra.run.smithi017.stdout:/usr/bin/ceph: stderr
2023-07-20T18:23:31.219+0000 7f3edc479700 1 -- start start
2023-07-20T18:23:32.115 INFO:teuthology.orchestra.run.smithi017.stdout:/usr/bin/ceph: stderr
2023-07-20T18:23:31.219+0000 7f3edc479700 1 --2- >> [v2:172.21.15.17:3300/0,v1:172.21.15.17:6789/0] conn(0x7f3ed4106350 0x7f3ed4104a00 unknown :-1 s=NONE pgs=0 cs=0 l=1 rev1=0 crypto rx=0 tx=0 comp rx=0 tx=0).connect
2023-07-20T18:23:32.115 INFO:teuthology.orchestra.run.smithi017.stdout:/usr/bin/ceph: stderr
2023-07-20T18:23:31.219+0000 7f3edc479700 1 -- --> [v2:172.21.15.17:3300/0,v1:172.21.15.17:6789/0] -- mon_getmap magic: 0 v1 -- 0x7f3ed419c950 con 0x7f3ed4106350
2023-07-20T18:23:32.116 INFO:teuthology.orchestra.run.smithi017.stdout:/usr/bin/ceph: stderr
2023-07-20T18:23:31.220+0000 7f3eda215700 1 --2- >> [v2:172.21.15.17:3300/0,v1:172.21.15.17:6789/0] conn(0x7f3ed4106350 0x7f3ed4104a00 unknown :-1 s=BANNER_CONNECTING pgs=0 cs=0 l=1 rev1=0 crypto rx=0 tx=0 comp rx=0 tx=0)._handle_peer_banner_payload supported=3 required=0
2023-07-20T18:23:32.116 INFO:teuthology.orchestra.run.smithi017.stdout:/usr/bin/ceph: stderr
2023-07-20T18:23:31.220+0000 7f3eda215700 1 --2- >> [v2:172.21.15.17:3300/0,v1:172.21.15.17:6789/0] conn(0x7f3ed4106350 0x7f3ed4104a00 unknown :-1 s=HELLO_CONNECTING pgs=0 cs=0 l=1 rev1=1 crypto rx=0 tx=0 comp rx=0 tx=0).handle_hello peer v2:172.21.15.17:3300/0 says I am v2:172.21.15.17:48792/0 (socket says 172.21.15.17:48792)
2023-07-20T18:23:32.116 INFO:teuthology.orchestra.run.smithi017.stdout:/usr/bin/ceph: stderr
2023-07-20T18:23:31.220+0000 7f3eda215700 1 -- 172.21.15.17:0/1952832863 learned_addr learned my addr 172.21.15.17:0/1952832863 (peer_addr_for_me v2:172.21.15.17:0/0)
2023-07-20T18:23:32.117 INFO:teuthology.orchestra.run.smithi017.stdout:/usr/bin/ceph: stderr
2023-07-20T18:23:31.220+0000 7f3eda215700 1 -- 172.21.15.17:0/1952832863 --> [v2:172.21.15.17:3300/0,v1:172.21.15.17:6789/0] -- mon_subscribe({config=0+,monmap=0+}) v3 -- 0x7f3ed0009550 con 0x7f3ed4106350
2023-07-20T18:23:32.117 INFO:teuthology.orchestra.run.smithi017.stdout:/usr/bin/ceph: stderr
2023-07-20T18:23:31.220+0000 7f3eda215700 1 --2- 172.21.15.17:0/1952832863 >> [v2:172.21.15.17:3300/0,v1:172.21.15.17:6789/0] conn(0x7f3ed4106350 0x7f3ed4104a00 secure :-1 s=READY pgs=52 cs=0 l=1 rev1=1 crypto rx=0x7f3ed0003e30 tx=0x7f3ed00119a0 comp rx=0 tx=0).ready entity=mon.0 client_cookie=0 server_cookie=0 in_seq=0 out_seq=0
2023-07-20T18:23:32.117 INFO:teuthology.orchestra.run.smithi017.stdout:/usr/bin/ceph: stderr
2023-07-20T18:23:31.220+0000 7f3ecb7fe700 1 -- 172.21.15.17:0/1952832863 <== mon.0 v2:172.21.15.17:3300/0 1 ==== mon_map magic: 0 v1 ==== 205+0+0 (secure 0 0 0) 0x7f3ed00036a0 con 0x7f3ed4106350
2023-07-20T18:23:32.117 INFO:teuthology.orchestra.run.smithi017.stdout:/usr/bin/ceph: stderr
2023-07-20T18:23:31.220+0000 7f3ecb7fe700 1 -- 172.21.15.17:0/1952832863 <== mon.0 v2:172.21.15.17:3300/0 2 ==== config(25 keys) v1 ==== 1067+0+0 (secure 0 0 0) 0x7f3ed001b440 con 0x7f3ed4106350
2023-07-20T18:23:32.118 INFO:teuthology.orchestra.run.smithi017.stdout:/usr/bin/ceph: stderr
2023-07-20T18:23:31.220+0000 7f3edc479700 1 -- 172.21.15.17:0/1952832863 --> [v2:172.21.15.17:3300/0,v1:172.21.15.17:6789/0] -- mon_subscribe({mgrmap=0+}) v3 -- 0x7f3ed419ca90 con 0x7f3ed4106350
2023-07-20T18:23:32.118 INFO:teuthology.orchestra.run.smithi017.stdout:/usr/bin/ceph: stderr
2023-07-20T18:23:31.220+0000 7f3ecb7fe700 1 -- 172.21.15.17:0/1952832863 <== mon.0 v2:172.21.15.17:3300/0 3 ==== mon_map magic: 0 v1 ==== 205+0+0 (secure 0 0 0) 0x7f3ed0023400 con 0x7f3ed4106350
2023-07-20T18:23:32.118 INFO:teuthology.orchestra.run.smithi017.stdout:/usr/bin/ceph: stderr
2023-07-20T18:23:31.220+0000 7f3edc479700 1 -- 172.21.15.17:0/1952832863 --> [v2:172.21.15.17:3300/0,v1:172.21.15.17:6789/0] -- mon_subscribe({osdmap=0}) v3 -- 0x7f3ed419ceb0 con 0x7f3ed4106350
2023-07-20T18:23:32.119 INFO:teuthology.orchestra.run.smithi017.stdout:/usr/bin/ceph: stderr
2023-07-20T18:23:31.222+0000 7f3edc479700 1 -- 172.21.15.17:0/1952832863 --> [v2:172.21.15.17:3300/0,v1:172.21.15.17:6789/0] -- mon_command({"prefix": "get_command_descriptions"} v 0) v1 -- 0x7f3ed4061da0 con 0x7f3ed4106350
2023-07-20T18:23:32.119 INFO:teuthology.orchestra.run.smithi017.stdout:/usr/bin/ceph: stderr
2023-07-20T18:23:31.222+0000 7f3ecb7fe700 1 -- 172.21.15.17:0/1952832863 <== mon.0 v2:172.21.15.17:3300/0 4 ==== mgrmap(e 8) v1 ==== 45483+0+0 (secure 0 0 0) 0x7f3ed0003800 con 0x7f3ed4106350
2023-07-20T18:23:32.119 INFO:teuthology.orchestra.run.smithi017.stdout:/usr/bin/ceph: stderr
2023-07-20T18:23:31.222+0000 7f3ecb7fe700 1 --2- 172.21.15.17:0/1952832863 >> [v2:172.21.15.17:6800/4243568055,v1:172.21.15.17:6801/4243568055] conn(0x7f3ec0038710 0x7f3ec003abd0 unknown :-1 s=NONE pgs=0 cs=0 l=1 rev1=0 crypto rx=0 tx=0 comp rx=0 tx=0).connect
2023-07-20T18:23:32.119 INFO:teuthology.orchestra.run.smithi017.stdout:/usr/bin/ceph: stderr
2023-07-20T18:23:31.222+0000 7f3ecb7fe700 1 -- 172.21.15.17:0/1952832863 <== mon.0 v2:172.21.15.17:3300/0 5 ==== osd_map(2..2 src has 1..2) v4 ==== 940+0+0 (secure 0 0 0) 0x7f3ed004c620 con 0x7f3ed4106350
2023-07-20T18:23:32.120 INFO:teuthology.orchestra.run.smithi017.stdout:/usr/bin/ceph: stderr
2023-07-20T18:23:31.222+0000 7f3ed9a14700 1 --2- 172.21.15.17:0/1952832863 >> [v2:172.21.15.17:6800/4243568055,v1:172.21.15.17:6801/4243568055] conn(0x7f3ec0038710 0x7f3ec003abd0 unknown :-1 s=BANNER_CONNECTING pgs=0 cs=0 l=1 rev1=0 crypto rx=0 tx=0 comp rx=0 tx=0)._handle_peer_banner_payload supported=3 required=0
2023-07-20T18:23:32.120 INFO:teuthology.orchestra.run.smithi017.stdout:/usr/bin/ceph: stderr
2023-07-20T18:23:31.222+0000 7f3ed9a14700 1 --2- 172.21.15.17:0/1952832863 >> [v2:172.21.15.17:6800/4243568055,v1:172.21.15.17:6801/4243568055] conn(0x7f3ec0038710 0x7f3ec003abd0 secure :-1 s=READY pgs=14 cs=0 l=1 rev1=1 crypto rx=0x7f3ec4006fd0 tx=0x7f3ec4006e40 comp rx=0 tx=0).ready entity=mgr.14120 client_cookie=0 server_cookie=0 in_seq=0 out_seq=0
2023-07-20T18:23:32.121 INFO:teuthology.orchestra.run.smithi017.stdout:/usr/bin/ceph: stderr
2023-07-20T18:23:31.228+0000 7f3ecb7fe700 1 -- 172.21.15.17:0/1952832863 <== mon.0 v2:172.21.15.17:3300/0 6 ==== mon_command_ack([{"prefix": "get_command_descriptions"}]=0 v0) v1 ==== 72+0+178025 (secure 0 0 0) 0x7f3ed000bb90 con 0x7f3ed4106350
2023-07-20T18:23:32.121 INFO:teuthology.orchestra.run.smithi017.stdout:/usr/bin/ceph: stderr
2023-07-20T18:23:31.592+0000 7f3edc479700 1 -- 172.21.15.17:0/1952832863 --> [v2:172.21.15.17:3300/0,v1:172.21.15.17:6789/0] -- mon_command([{prefix=config set, name=mgr/cephadm/container_init}] v 0) v1 -- 0x7f3ed4105c70 con 0x7f3ed4106350
2023-07-20T18:23:32.121 INFO:teuthology.orchestra.run.smithi017.stdout:/usr/bin/ceph: stderr
2023-07-20T18:23:31.595+0000 7f3ecb7fe700 1 -- 172.21.15.17:0/1952832863 <== mon.0 v2:172.21.15.17:3300/0 7 ==== mon_command_ack([{prefix=config set, name=mgr/cephadm/container_init}]=0 v7)=0 v7) v1 ==== 142+0+0 (secure 0 0 0) 0x7f3ed000bb90 con 0x7f3ed4106350
2023-07-20T18:23:32.121 INFO:teuthology.orchestra.run.smithi017.stdout:/usr/bin/ceph: stderr
2023-07-20T18:23:31.597+0000 7f3edc479700 1 -- 172.21.15.17:0/1952832863 >> [v2:172.21.15.17:6800/4243568055,v1:172.21.15.17:6801/4243568055] conn(0x7f3ec0038710 msgr2=0x7f3ec003abd0 secure :-1 s=STATE_CONNECTION_ESTABLISHED l=1).mark_down
2023-07-20T18:23:32.122 INFO:teuthology.orchestra.run.smithi017.stdout:/usr/bin/ceph: stderr
2023-07-20T18:23:31.597+0000 7f3edc479700 1 --2- 172.21.15.17:0/1952832863 >> [v2:172.21.15.17:6800/4243568055,v1:172.21.15.17:6801/4243568055] conn(0x7f3ec0038710 0x7f3ec003abd0 secure :-1 s=READY pgs=14 cs=0 l=1 rev1=1 crypto rx=0x7f3ec4006fd0 tx=0x7f3ec4006e40 comp rx=0 tx=0).stop
2023-07-20T18:23:32.122 INFO:teuthology.orchestra.run.smithi017.stdout:/usr/bin/ceph: stderr
2023-07-20T18:23:31.597+0000 7f3edc479700 1 -- 172.21.15.17:0/1952832863 >> [v2:172.21.15.17:3300/0,v1:172.21.15.17:6789/0] conn(0x7f3ed4106350 msgr2=0x7f3ed4104a00 secure :-1 s=STATE_CONNECTION_ESTABLISHED l=1).mark_down
2023-07-20T18:23:32.122 INFO:teuthology.orchestra.run.smithi017.stdout:/usr/bin/ceph: stderr
2023-07-20T18:23:31.597+0000 7f3edc479700 1 --2- 172.21.15.17:0/1952832863 >> [v2:172.21.15.17:3300/0,v1:172.21.15.17:6789/0] conn(0x7f3ed4106350 0x7f3ed4104a00 secure :-1 s=READY pgs=52 cs=0 l=1 rev1=1 crypto rx=0x7f3ed0003e30 tx=0x7f3ed00119a0 comp rx=0 tx=0).stop
2023-07-20T18:23:32.123 INFO:teuthology.orchestra.run.smithi017.stdout:/usr/bin/ceph: stderr
2023-07-20T18:23:31.598+0000 7f3edc479700 1 -- 172.21.15.17:0/1952832863 shutdown_connections
2023-07-20T18:23:32.123 INFO:teuthology.orchestra.run.smithi017.stdout:/usr/bin/ceph: stderr
2023-07-20T18:23:31.598+0000 7f3edc479700 1 --2- 172.21.15.17:0/1952832863 >> [v2:172.21.15.17:6800/4243568055,v1:172.21.15.17:6801/4243568055] conn(0x7f3ec0038710 0x7f3ec003abd0 unknown :-1 s=CLOSED pgs=14 cs=0 l=1 rev1=1 crypto rx=0 tx=0 comp rx=0 tx=0).stop
2023-07-20T18:23:32.123 INFO:teuthology.orchestra.run.smithi017.stdout:/usr/bin/ceph: stderr
2023-07-20T18:23:31.598+0000 7f3edc479700 1 --2- 172.21.15.17:0/1952832863 >> [v2:172.21.15.17:3300/0,v1:172.21.15.17:6789/0] conn(0x7f3ed4106350 0x7f3ed4104a00 unknown :-1 s=CLOSED pgs=52 cs=0 l=1 rev1=1 crypto rx=0 tx=0 comp rx=0 tx=0).stop
2023-07-20T18:23:32.124 INFO:teuthology.orchestra.run.smithi017.stdout:/usr/bin/ceph: stderr
2023-07-20T18:23:31.598+0000 7f3edc479700 1 -- 172.21.15.17:0/1952832863 >> 172.21.15.17:0/1952832863 conn(0x7f3ed40ffbc0 msgr2=0x7f3ed4101270 unknown :-1 s=STATE_NONE l=0).mark_down
2023-07-20T18:23:32.124 INFO:teuthology.orchestra.run.smithi017.stdout:/usr/bin/ceph: stderr
2023-07-20T18:23:31.598+0000 7f3edc479700 1 -- 172.21.15.17:0/1952832863 shutdown_connections
2023-07-20T18:23:32.124 INFO:teuthology.orchestra.run.smithi017.stdout:/usr/bin/ceph: stderr
2023-07-20T18:23:31.598+0000 7f3edc479700 1 -- 172.21.15.17:0/1952832863 wait complete.
2023-07-20T18:23:32.958 INFO:journalctl@ceph.mon.a.smithi017.stdout:Jul 20 18:23:32 smithi017 ceph-mon[96488]: from='client.? 172.21.15.17:0/1952832863' entity='client.admin'
2023-07-20T18:23:32.959 INFO:journalctl@ceph.mon.a.smithi017.stdout:Jul 20 18:23:32 smithi017 ceph-mon[96488]: from='mgr.14120 172.21.15.17:0/1627462558' entity='mgr.x'
2023-07-20T18:23:33.605 INFO:teuthology.orchestra.run.smithi017.stdout:/usr/bin/ceph: stderr
2023-07-20T18:23:32.936+0000 7f5bfb184700 1 Processor -- start
2023-07-20T18:23:33.605 INFO:teuthology.orchestra.run.smithi017.stdout:/usr/bin/ceph: stderr
2023-07-20T18:23:32.936+0000 7f5bfb184700 1 -- start start
2023-07-20T18:23:33.606 INFO:teuthology.orchestra.run.smithi017.stdout:/usr/bin/ceph: stderr
2023-07-20T18:23:32.936+0000 7f5bfb184700 1 --2- >> [v2:172.21.15.17:3300/0,v1:172.21.15.17:6789/0] conn(0x7f5bf407ad10 0x7f5bf4079170 unknown :-1 s=NONE pgs=0 cs=0 l=0 rev1=0 crypto rx=0 tx=0 comp rx=0 tx=0).connect
2023-07-20T18:23:33.606 INFO:teuthology.orchestra.run.smithi017.stdout:/usr/bin/ceph: stderr
2023-07-20T18:23:32.937+0000 7f5bfb184700 1 -- --> [v2:172.21.15.17:3300/0,v1:172.21.15.17:6789/0] -- mon_getmap magic: 0 v1 -- 0x7f5bf4079740 con 0x7f5bf407ad10
2023-07-20T18:23:33.606 INFO:teuthology.orchestra.run.smithi017.stdout:/usr/bin/ceph: stderr
2023-07-20T18:23:32.937+0000 7f5bf8f20700 1 --2- >> [v2:172.21.15.17:3300/0,v1:172.21.15.17:6789/0] conn(0x7f5bf407ad10 0x7f5bf4079170 unknown :-1 s=BANNER_CONNECTING pgs=0 cs=0 l=0 rev1=0 crypto rx=0 tx=0 comp rx=0 tx=0)._handle_peer_banner_payload supported=3 required=0
2023-07-20T18:23:33.606 INFO:teuthology.orchestra.run.smithi017.stdout:/usr/bin/ceph: stderr
2023-07-20T18:23:32.937+0000 7f5bf8f20700 1 --2- >> [v2:172.21.15.17:3300/0,v1:172.21.15.17:6789/0] conn(0x7f5bf407ad10 0x7f5bf4079170 unknown :-1 s=HELLO_CONNECTING pgs=0 cs=0 l=0 rev1=1 crypto rx=0 tx=0 comp rx=0 tx=0).handle_hello peer v2:172.21.15.17:3300/0 says I am v2:172.21.15.17:48796/0 (socket says 172.21.15.17:48796)
2023-07-20T18:23:33.606 INFO:teuthology.orchestra.run.smithi017.stdout:/usr/bin/ceph: stderr
2023-07-20T18:23:32.937+0000 7f5bf8f20700 1 -- 172.21.15.17:0/1725573890 learned_addr learned my addr 172.21.15.17:0/1725573890 (peer_addr_for_me v2:172.21.15.17:0/0)
2023-07-20T18:23:33.606 INFO:teuthology.orchestra.run.smithi017.stdout:/usr/bin/ceph: stderr
2023-07-20T18:23:32.937+0000 7f5bf8f20700 1 -- 172.21.15.17:0/1725573890 --> [v2:172.21.15.17:3300/0,v1:172.21.15.17:6789/0] -- mon_subscribe({config=0+,monmap=0+}) v3 -- 0x7f5bf4079880 con 0x7f5bf407ad10
2023-07-20T18:23:33.607 INFO:teuthology.orchestra.run.smithi017.stdout:/usr/bin/ceph: stderr
2023-07-20T18:23:32.937+0000 7f5bf8f20700 1 --2- 172.21.15.17:0/1725573890 >> [v2:172.21.15.17:3300/0,v1:172.21.15.17:6789/0] conn(0x7f5bf407ad10 0x7f5bf4079170 secure :-1 s=READY pgs=53 cs=0 l=1 rev1=1 crypto rx=0x7f5be80098a0 tx=0x7f5be8009bb0 comp rx=0 tx=0).ready entity=mon.0 client_cookie=7083c1e2724eaea1 server_cookie=0 in_seq=0 out_seq=0
2023-07-20T18:23:33.607 INFO:teuthology.orchestra.run.smithi017.stdout:/usr/bin/ceph: stderr
2023-07-20T18:23:32.937+0000 7f5bf37fe700 1 -- 172.21.15.17:0/1725573890 <== mon.0 v2:172.21.15.17:3300/0 1 ==== mon_map magic: 0 v1 ==== 205+0+0 (secure 0 0 0) 0x7f5be8004160 con 0x7f5bf407ad10
2023-07-20T18:23:33.607 INFO:teuthology.orchestra.run.smithi017.stdout:/usr/bin/ceph: stderr
2023-07-20T18:23:32.938+0000 7f5bf37fe700 1 -- 172.21.15.17:0/1725573890 <== mon.0 v2:172.21.15.17:3300/0 2 ==== config(25 keys) v1 ==== 1067+0+0 (secure 0 0 0) 0x7f5be80042c0 con 0x7f5bf407ad10
2023-07-20T18:23:33.607 INFO:teuthology.orchestra.run.smithi017.stdout:/usr/bin/ceph: stderr
2023-07-20T18:23:32.938+0000 7f5bf37fe700 1 -- 172.21.15.17:0/1725573890 <== mon.0 v2:172.21.15.17:3300/0 3 ==== mon_map magic: 0 v1 ==== 205+0+0 (secure 0 0 0) 0x7f5be80118e0 con 0x7f5bf407ad10
2023-07-20T18:23:33.607 INFO:teuthology.orchestra.run.smithi017.stdout:/usr/bin/ceph: stderr
2023-07-20T18:23:32.938+0000 7f5bfb184700 1 -- 172.21.15.17:0/1725573890 >> [v2:172.21.15.17:3300/0,v1:172.21.15.17:6789/0] conn(0x7f5bf407ad10 msgr2=0x7f5bf4079170 secure :-1 s=STATE_CONNECTION_ESTABLISHED l=1).mark_down
2023-07-20T18:23:33.607 INFO:teuthology.orchestra.run.smithi017.stdout:/usr/bin/ceph: stderr
2023-07-20T18:23:32.938+0000 7f5bfb184700 1 --2- 172.21.15.17:0/1725573890 >> [v2:172.21.15.17:3300/0,v1:172.21.15.17:6789/0] conn(0x7f5bf407ad10 0x7f5bf4079170 secure :-1 s=READY pgs=53 cs=0 l=1 rev1=1 crypto rx=0x7f5be80098a0 tx=0x7f5be8009bb0 comp rx=0 tx=0).stop
2023-07-20T18:23:33.607 INFO:teuthology.orchestra.run.smithi017.stdout:/usr/bin/ceph: stderr
2023-07-20T18:23:32.938+0000 7f5bfb184700 1 -- 172.21.15.17:0/1725573890 shutdown_connections
2023-07-20T18:23:33.608 INFO:teuthology.orchestra.run.smithi017.stdout:/usr/bin/ceph: stderr
2023-07-20T18:23:32.938+0000 7f5bfb184700 1 --2- 172.21.15.17:0/1725573890 >> [v2:172.21.15.17:3300/0,v1:172.21.15.17:6789/0] conn(0x7f5bf407ad10 0x7f5bf4079170 unknown :-1 s=CLOSED pgs=53 cs=0 l=1 rev1=1 crypto rx=0 tx=0 comp rx=0 tx=0).stop
2023-07-20T18:23:33.608 INFO:teuthology.orchestra.run.smithi017.stdout:/usr/bin/ceph: stderr
2023-07-20T18:23:32.938+0000 7f5bfb184700 1 -- 172.21.15.17:0/1725573890 >> 172.21.15.17:0/1725573890 conn(0x7f5bf41014d0 msgr2=0x7f5bf41038f0 unknown :-1 s=STATE_NONE l=0).mark_down
2023-07-20T18:23:33.608 INFO:teuthology.orchestra.run.smithi017.stdout:/usr/bin/ceph: stderr
2023-07-20T18:23:32.938+0000 7f5bfb184700 1 -- 172.21.15.17:0/1725573890 shutdown_connections
2023-07-20T18:23:33.608 INFO:teuthology.orchestra.run.smithi017.stdout:/usr/bin/ceph: stderr
2023-07-20T18:23:32.938+0000 7f5bfb184700 1 -- 172.21.15.17:0/1725573890 wait complete.
2023-07-20T18:23:33.608 INFO:teuthology.orchestra.run.smithi017.stdout:/usr/bin/ceph: stderr
2023-07-20T18:23:32.939+0000 7f5bfb184700 1 Processor -- start
2023-07-20T18:23:33.608 INFO:teuthology.orchestra.run.smithi017.stdout:/usr/bin/ceph: stderr
2023-07-20T18:23:32.939+0000 7f5bfb184700 1 -- start start
2023-07-20T18:23:33.609 INFO:teuthology.orchestra.run.smithi017.stdout:/usr/bin/ceph: stderr
2023-07-20T18:23:32.939+0000 7f5bfb184700 1 --2- >> [v2:172.21.15.17:3300/0,v1:172.21.15.17:6789/0] conn(0x7f5bf407ad10 0x7f5bf419bd30 unknown :-1 s=NONE pgs=0 cs=0 l=1 rev1=0 crypto rx=0 tx=0 comp rx=0 tx=0).connect
2023-07-20T18:23:33.609 INFO:teuthology.orchestra.run.smithi017.stdout:/usr/bin/ceph: stderr
2023-07-20T18:23:32.939+0000 7f5bfb184700 1 -- --> [v2:172.21.15.17:3300/0,v1:172.21.15.17:6789/0] -- mon_getmap magic: 0 v1 -- 0x7f5bf419c270 con 0x7f5bf407ad10
2023-07-20T18:23:33.609 INFO:teuthology.orchestra.run.smithi017.stdout:/usr/bin/ceph: stderr
2023-07-20T18:23:32.939+0000 7f5bf8f20700 1 --2- >> [v2:172.21.15.17:3300/0,v1:172.21.15.17:6789/0] conn(0x7f5bf407ad10 0x7f5bf419bd30 unknown :-1 s=BANNER_CONNECTING pgs=0 cs=0 l=1 rev1=0 crypto rx=0 tx=0 comp rx=0 tx=0)._handle_peer_banner_payload supported=3 required=0
2023-07-20T18:23:33.609 INFO:teuthology.orchestra.run.smithi017.stdout:/usr/bin/ceph: stderr
2023-07-20T18:23:32.939+0000 7f5bf8f20700 1 --2- >> [v2:172.21.15.17:3300/0,v1:172.21.15.17:6789/0] conn(0x7f5bf407ad10 0x7f5bf419bd30 unknown :-1 s=HELLO_CONNECTING pgs=0 cs=0 l=1 rev1=1 crypto rx=0 tx=0 comp rx=0 tx=0).handle_hello peer v2:172.21.15.17:3300/0 says I am v2:172.21.15.17:48798/0 (socket says 172.21.15.17:48798)
2023-07-20T18:23:33.609 INFO:teuthology.orchestra.run.smithi017.stdout:/usr/bin/ceph: stderr
2023-07-20T18:23:32.939+0000 7f5bf8f20700 1 -- 172.21.15.17:0/3941812686 learned_addr learned my addr 172.21.15.17:0/3941812686 (peer_addr_for_me v2:172.21.15.17:0/0)
2023-07-20T18:23:33.609 INFO:teuthology.orchestra.run.smithi017.stdout:/usr/bin/ceph: stderr
2023-07-20T18:23:32.939+0000 7f5bf8f20700 1 -- 172.21.15.17:0/3941812686 --> [v2:172.21.15.17:3300/0,v1:172.21.15.17:6789/0] -- mon_subscribe({config=0+,monmap=0+}) v3 -- 0x7f5be8009550 con 0x7f5bf407ad10
2023-07-20T18:23:33.609 INFO:teuthology.orchestra.run.smithi017.stdout:/usr/bin/ceph: stderr
2023-07-20T18:23:32.939+0000 7f5bf8f20700 1 --2- 172.21.15.17:0/3941812686 >> [v2:172.21.15.17:3300/0,v1:172.21.15.17:6789/0] conn(0x7f5bf407ad10 0x7f5bf419bd30 secure :-1 s=READY pgs=54 cs=0 l=1 rev1=1 crypto rx=0x7f5be8006af0 tx=0x7f5be8011e80 comp rx=0 tx=0).ready entity=mon.0 client_cookie=0 server_cookie=0 in_seq=0 out_seq=0
2023-07-20T18:23:33.610 INFO:teuthology.orchestra.run.smithi017.stdout:/usr/bin/ceph: stderr
2023-07-20T18:23:32.940+0000 7f5bf1ffb700 1 -- 172.21.15.17:0/3941812686 <== mon.0 v2:172.21.15.17:3300/0 1 ==== mon_map magic: 0 v1 ==== 205+0+0 (secure 0 0 0) 0x7f5be80037d0 con 0x7f5bf407ad10
2023-07-20T18:23:33.610 INFO:teuthology.orchestra.run.smithi017.stdout:/usr/bin/ceph: stderr
2023-07-20T18:23:32.940+0000 7f5bf1ffb700 1 -- 172.21.15.17:0/3941812686 <== mon.0 v2:172.21.15.17:3300/0 2 ==== config(25 keys) v1 ==== 1067+0+0 (secure 0 0 0) 0x7f5be801b440 con 0x7f5bf407ad10
2023-07-20T18:23:33.610 INFO:teuthology.orchestra.run.smithi017.stdout:/usr/bin/ceph: stderr
2023-07-20T18:23:32.940+0000 7f5bfb184700 1 -- 172.21.15.17:0/3941812686 --> [v2:172.21.15.17:3300/0,v1:172.21.15.17:6789/0] -- mon_subscribe({mgrmap=0+}) v3 -- 0x7f5bf419c470 con 0x7f5bf407ad10
2023-07-20T18:23:33.610 INFO:teuthology.orchestra.run.smithi017.stdout:/usr/bin/ceph: stderr
2023-07-20T18:23:32.940+0000 7f5bf1ffb700 1 -- 172.21.15.17:0/3941812686 <== mon.0 v2:172.21.15.17:3300/0 3 ==== mon_map magic: 0 v1 ==== 205+0+0 (secure 0 0 0) 0x7f5be8019560 con 0x7f5bf407ad10
2023-07-20T18:23:33.610 INFO:teuthology.orchestra.run.smithi017.stdout:/usr/bin/ceph: stderr
2023-07-20T18:23:32.940+0000 7f5bfb184700 1 -- 172.21.15.17:0/3941812686 --> [v2:172.21.15.17:3300/0,v1:172.21.15.17:6789/0] -- mon_subscribe({osdmap=0}) v3 -- 0x7f5bf419c910 con 0x7f5bf407ad10
2023-07-20T18:23:33.610 INFO:teuthology.orchestra.run.smithi017.stdout:/usr/bin/ceph: stderr
2023-07-20T18:23:32.941+0000 7f5bf1ffb700 1 -- 172.21.15.17:0/3941812686 <== mon.0 v2:172.21.15.17:3300/0 4 ==== mgrmap(e 8) v1 ==== 45483+0+0 (secure 0 0 0) 0x7f5be8003930 con 0x7f5bf407ad10
2023-07-20T18:23:33.610 INFO:teuthology.orchestra.run.smithi017.stdout:/usr/bin/ceph: stderr
2023-07-20T18:23:32.941+0000 7f5bf1ffb700 1 --2- 172.21.15.17:0/3941812686 >> [v2:172.21.15.17:6800/4243568055,v1:172.21.15.17:6801/4243568055] conn(0x7f5be40386c0 0x7f5be403ab80 unknown :-1 s=NONE pgs=0 cs=0 l=1 rev1=0 crypto rx=0 tx=0 comp rx=0 tx=0).connect
2023-07-20T18:23:33.610 INFO:teuthology.orchestra.run.smithi017.stdout:/usr/bin/ceph: stderr
2023-07-20T18:23:32.941+0000 7f5bf1ffb700 1 -- 172.21.15.17:0/3941812686 <== mon.0 v2:172.21.15.17:3300/0 5 ==== osd_map(2..2 src has 1..2) v4 ==== 940+0+0 (secure 0 0 0) 0x7f5be804c5c0 con 0x7f5bf407ad10
2023-07-20T18:23:33.611 INFO:teuthology.orchestra.run.smithi017.stdout:/usr/bin/ceph: stderr
2023-07-20T18:23:32.941+0000 7f5bfb184700 1 -- 172.21.15.17:0/3941812686 --> [v2:172.21.15.17:3300/0,v1:172.21.15.17:6789/0] -- mon_command({"prefix": "get_command_descriptions"} v 0) v1 -- 0x7f5bf410c2b0 con 0x7f5bf407ad10
2023-07-20T18:23:33.611 INFO:teuthology.orchestra.run.smithi017.stdout:/usr/bin/ceph: stderr
2023-07-20T18:23:32.941+0000 7f5bf3fff700 1 --2- 172.21.15.17:0/3941812686 >> [v2:172.21.15.17:6800/4243568055,v1:172.21.15.17:6801/4243568055] conn(0x7f5be40386c0 0x7f5be403ab80 unknown :-1 s=BANNER_CONNECTING pgs=0 cs=0 l=1 rev1=0 crypto rx=0 tx=0 comp rx=0 tx=0)._handle_peer_banner_payload supported=3 required=0
2023-07-20T18:23:33.611 INFO:teuthology.orchestra.run.smithi017.stdout:/usr/bin/ceph: stderr
2023-07-20T18:23:32.942+0000 7f5bf3fff700 1 --2- 172.21.15.17:0/3941812686 >> [v2:172.21.15.17:6800/4243568055,v1:172.21.15.17:6801/4243568055] conn(0x7f5be40386c0 0x7f5be403ab80 secure :-1 s=READY pgs=15 cs=0 l=1 rev1=1 crypto rx=0x7f5be0006fd0 tx=0x7f5be0006e40 comp rx=0 tx=0).ready entity=mgr.14120 client_cookie=0 server_cookie=0 in_seq=0 out_seq=0
2023-07-20T18:23:33.611 INFO:teuthology.orchestra.run.smithi017.stdout:/usr/bin/ceph: stderr
2023-07-20T18:23:32.946+0000 7f5bf1ffb700 1 -- 172.21.15.17:0/3941812686 <== mon.0 v2:172.21.15.17:3300/0 6 ==== mon_command_ack([{"prefix": "get_command_descriptions"}]=0 v0) v1 ==== 72+0+178025 (secure 0 0 0) 0x7f5be8019820 con 0x7f5bf407ad10
2023-07-20T18:23:33.611 INFO:teuthology.orchestra.run.smithi017.stdout:/usr/bin/ceph: stderr
2023-07-20T18:23:33.303+0000 7f5bfb184700 1 -- 172.21.15.17:0/3941812686 --> [v2:172.21.15.17:3300/0,v1:172.21.15.17:6789/0] -- mon_command([{prefix=config set, name=mgr/dashboard/ssl_server_port}] v 0) v1 -- 0x7f5bf410c4d0 con 0x7f5bf407ad10
2023-07-20T18:23:33.611 INFO:teuthology.orchestra.run.smithi017.stdout:/usr/bin/ceph: stderr
2023-07-20T18:23:33.307+0000 7f5bf1ffb700 1 -- 172.21.15.17:0/3941812686 <== mon.0 v2:172.21.15.17:3300/0 7 ==== mon_command_ack([{prefix=config set, name=mgr/dashboard/ssl_server_port}]=0 v8)=0 v8) v1 ==== 130+0+0 (secure 0 0 0) 0x7f5be802bb40 con 0x7f5bf407ad10
2023-07-20T18:23:33.611 INFO:teuthology.orchestra.run.smithi017.stdout:/usr/bin/ceph: stderr
2023-07-20T18:23:33.309+0000 7f5bfb184700 1 -- 172.21.15.17:0/3941812686 >> [v2:172.21.15.17:6800/4243568055,v1:172.21.15.17:6801/4243568055] conn(0x7f5be40386c0 msgr2=0x7f5be403ab80 secure :-1 s=STATE_CONNECTION_ESTABLISHED l=1).mark_down
2023-07-20T18:23:33.612 INFO:teuthology.orchestra.run.smithi017.stdout:/usr/bin/ceph: stderr
2023-07-20T18:23:33.309+0000 7f5bfb184700 1 --2- 172.21.15.17:0/3941812686 >> [v2:172.21.15.17:6800/4243568055,v1:172.21.15.17:6801/4243568055] conn(0x7f5be40386c0 0x7f5be403ab80 secure :-1 s=READY pgs=15 cs=0 l=1 rev1=1 crypto rx=0x7f5be0006fd0 tx=0x7f5be0006e40 comp rx=0 tx=0).stop
2023-07-20T18:23:33.612 INFO:teuthology.orchestra.run.smithi017.stdout:/usr/bin/ceph: stderr
2023-07-20T18:23:33.309+0000 7f5bfb184700 1 -- 172.21.15.17:0/3941812686 >> [v2:172.21.15.17:3300/0,v1:172.21.15.17:6789/0] conn(0x7f5bf407ad10 msgr2=0x7f5bf419bd30 secure :-1 s=STATE_CONNECTION_ESTABLISHED l=1).mark_down
2023-07-20T18:23:33.612 INFO:teuthology.orchestra.run.smithi017.stdout:/usr/bin/ceph: stderr
2023-07-20T18:23:33.309+0000 7f5bfb184700 1 --2- 172.21.15.17:0/3941812686 >> [v2:172.21.15.17:3300/0,v1:172.21.15.17:6789/0] conn(0x7f5bf407ad10 0x7f5bf419bd30 secure :-1 s=READY pgs=54 cs=0 l=1 rev1=1 crypto rx=0x7f5be8006af0 tx=0x7f5be8011e80 comp rx=0 tx=0).stop
2023-07-20T18:23:33.612 INFO:teuthology.orchestra.run.smithi017.stdout:/usr/bin/ceph: stderr
2023-07-20T18:23:33.309+0000 7f5bfb184700 1 -- 172.21.15.17:0/3941812686 shutdown_connections
2023-07-20T18:23:33.612 INFO:teuthology.orchestra.run.smithi017.stdout:/usr/bin/ceph: stderr
2023-07-20T18:23:33.309+0000 7f5bfb184700 1 --2- 172.21.15.17:0/3941812686 >> [v2:172.21.15.17:6800/4243568055,v1:172.21.15.17:6801/4243568055] conn(0x7f5be40386c0 0x7f5be403ab80 unknown :-1 s=CLOSED pgs=15 cs=0 l=1 rev1=1 crypto rx=0 tx=0 comp rx=0 tx=0).stop
2023-07-20T18:23:33.612 INFO:teuthology.orchestra.run.smithi017.stdout:/usr/bin/ceph: stderr
2023-07-20T18:23:33.309+0000 7f5bfb184700 1 --2- 172.21.15.17:0/3941812686 >> [v2:172.21.15.17:3300/0,v1:172.21.15.17:6789/0] conn(0x7f5bf407ad10 0x7f5bf419bd30 unknown :-1 s=CLOSED pgs=54 cs=0 l=1 rev1=1 crypto rx=0 tx=0 comp rx=0 tx=0).stop
2023-07-20T18:23:33.612 INFO:teuthology.orchestra.run.smithi017.stdout:/usr/bin/ceph: stderr
2023-07-20T18:23:33.309+0000 7f5bfb184700 1 -- 172.21.15.17:0/3941812686 >> 172.21.15.17:0/3941812686 conn(0x7f5bf41014d0 msgr2=0x7f5bf41022a0 unknown :-1 s=STATE_NONE l=0).mark_down
2023-07-20T18:23:33.613 INFO:teuthology.orchestra.run.smithi017.stdout:/usr/bin/ceph: stderr
2023-07-20T18:23:33.310+0000 7f5bfb184700 1 -- 172.21.15.17:0/3941812686 shutdown_connections
2023-07-20T18:23:33.613 INFO:teuthology.orchestra.run.smithi017.stdout:/usr/bin/ceph: stderr
2023-07-20T18:23:33.310+0000 7f5bfb184700 1 -- 172.21.15.17:0/3941812686 wait complete.
2023-07-20T18:23:33.613 INFO:teuthology.orchestra.run.smithi017.stdout:Enabling the dashboard module...
2023-07-20T18:23:34.568 INFO:journalctl@ceph.mon.a.smithi017.stdout:Jul 20 18:23:34 smithi017 ceph-mon[96488]: from='client.? 172.21.15.17:0/3941812686' entity='client.admin'
2023-07-20T18:23:34.568 INFO:journalctl@ceph.mon.a.smithi017.stdout:Jul 20 18:23:34 smithi017 ceph-mon[96488]: from='mgr.14120 172.21.15.17:0/1627462558' entity='mgr.x'
