2023-07-20T18:23:37.629+0000 7f2c39f4e700 1 -- 172.21.15.17:0/1179822198 wait complete.
2023-07-20T18:23:44.771 INFO:teuthology.orchestra.run.smithi017.stdout:/usr/bin/ceph: stderr
2023-07-20T18:23:37.629+0000 7f2c39f4e700 1 Processor -- start
2023-07-20T18:23:44.771 INFO:teuthology.orchestra.run.smithi017.stdout:/usr/bin/ceph: stderr
2023-07-20T18:23:37.629+0000 7f2c39f4e700 1 -- start start
2023-07-20T18:23:44.771 INFO:teuthology.orchestra.run.smithi017.stdout:/usr/bin/ceph: stderr
2023-07-20T18:23:37.629+0000 7f2c39f4e700 1 --2- >> [v2:172.21.15.17:3300/0,v1:172.21.15.17:6789/0] conn(0x7f2c34104e30 0x7f2c3418ff20 unknown :-1 s=NONE pgs=0 cs=0 l=1 rev1=0 crypto rx=0 tx=0 comp rx=0 tx=0).connect
2023-07-20T18:23:44.772 INFO:teuthology.orchestra.run.smithi017.stdout:/usr/bin/ceph: stderr
2023-07-20T18:23:37.629+0000 7f2c39f4e700 1 -- --> [v2:172.21.15.17:3300/0,v1:172.21.15.17:6789/0] -- mon_getmap magic: 0 v1 -- 0x7f2c34190460 con 0x7f2c34104e30
2023-07-20T18:23:44.772 INFO:teuthology.orchestra.run.smithi017.stdout:/usr/bin/ceph: stderr
2023-07-20T18:23:37.630+0000 7f2c337fe700 1 --2- >> [v2:172.21.15.17:3300/0,v1:172.21.15.17:6789/0] conn(0x7f2c34104e30 0x7f2c3418ff20 unknown :-1 s=BANNER_CONNECTING pgs=0 cs=0 l=1 rev1=0 crypto rx=0 tx=0 comp rx=0 tx=0)._handle_peer_banner_payload supported=3 required=0
2023-07-20T18:23:44.772 INFO:teuthology.orchestra.run.smithi017.stdout:/usr/bin/ceph: stderr
2023-07-20T18:23:37.630+0000 7f2c337fe700 1 --2- >> [v2:172.21.15.17:3300/0,v1:172.21.15.17:6789/0] conn(0x7f2c34104e30 0x7f2c3418ff20 unknown :-1 s=HELLO_CONNECTING pgs=0 cs=0 l=1 rev1=1 crypto rx=0 tx=0 comp rx=0 tx=0).handle_hello peer v2:172.21.15.17:3300/0 says I am v2:172.21.15.17:48830/0 (socket says 172.21.15.17:48830)
2023-07-20T18:23:44.772 INFO:teuthology.orchestra.run.smithi017.stdout:/usr/bin/ceph: stderr
2023-07-20T18:23:37.630+0000 7f2c337fe700 1 -- 172.21.15.17:0/3738734129 learned_addr learned my addr 172.21.15.17:0/3738734129 (peer_addr_for_me v2:172.21.15.17:0/0)
2023-07-20T18:23:44.772 INFO:teuthology.orchestra.run.smithi017.stdout:/usr/bin/ceph: stderr
2023-07-20T18:23:37.630+0000 7f2c337fe700 1 -- 172.21.15.17:0/3738734129 --> [v2:172.21.15.17:3300/0,v1:172.21.15.17:6789/0] -- mon_subscribe({config=0+,monmap=0+}) v3 -- 0x7f2c24009550 con 0x7f2c34104e30
2023-07-20T18:23:44.772 INFO:teuthology.orchestra.run.smithi017.stdout:/usr/bin/ceph: stderr
2023-07-20T18:23:37.630+0000 7f2c337fe700 1 --2- 172.21.15.17:0/3738734129 >> [v2:172.21.15.17:3300/0,v1:172.21.15.17:6789/0] conn(0x7f2c34104e30 0x7f2c3418ff20 secure :-1 s=READY pgs=62 cs=0 l=1 rev1=1 crypto rx=0x7f2c240118f0 tx=0x7f2c240119d0 comp rx=0 tx=0).ready entity=mon.0 client_cookie=0 server_cookie=0 in_seq=0 out_seq=0
2023-07-20T18:23:44.773 INFO:teuthology.orchestra.run.smithi017.stdout:/usr/bin/ceph: stderr
2023-07-20T18:23:37.630+0000 7f2c30ff9700 1 -- 172.21.15.17:0/3738734129 <== mon.0 v2:172.21.15.17:3300/0 1 ==== mon_map magic: 0 v1 ==== 205+0+0 (secure 0 0 0) 0x7f2c240036a0 con 0x7f2c34104e30
2023-07-20T18:23:44.773 INFO:teuthology.orchestra.run.smithi017.stdout:/usr/bin/ceph: stderr
2023-07-20T18:23:37.630+0000 7f2c30ff9700 1 -- 172.21.15.17:0/3738734129 <== mon.0 v2:172.21.15.17:3300/0 2 ==== config(25 keys) v1 ==== 1067+0+0 (secure 0 0 0) 0x7f2c24024440 con 0x7f2c34104e30
2023-07-20T18:23:44.773 INFO:teuthology.orchestra.run.smithi017.stdout:/usr/bin/ceph: stderr
2023-07-20T18:23:37.630+0000 7f2c39f4e700 1 -- 172.21.15.17:0/3738734129 --> [v2:172.21.15.17:3300/0,v1:172.21.15.17:6789/0] -- mon_subscribe({mgrmap=0+}) v3 -- 0x7f2c3418e570 con 0x7f2c34104e30
2023-07-20T18:23:44.773 INFO:teuthology.orchestra.run.smithi017.stdout:/usr/bin/ceph: stderr
2023-07-20T18:23:37.630+0000 7f2c30ff9700 1 -- 172.21.15.17:0/3738734129 <== mon.0 v2:172.21.15.17:3300/0 3 ==== mon_map magic: 0 v1 ==== 205+0+0 (secure 0 0 0) 0x7f2c2401a430 con 0x7f2c34104e30
2023-07-20T18:23:44.773 INFO:teuthology.orchestra.run.smithi017.stdout:/usr/bin/ceph: stderr
2023-07-20T18:23:37.630+0000 7f2c39f4e700 1 -- 172.21.15.17:0/3738734129 --> [v2:172.21.15.17:3300/0,v1:172.21.15.17:6789/0] -- mon_subscribe({osdmap=0}) v3 -- 0x7f2c3418e990 con 0x7f2c34104e30
2023-07-20T18:23:44.773 INFO:teuthology.orchestra.run.smithi017.stdout:/usr/bin/ceph: stderr
2023-07-20T18:23:37.631+0000 7f2c30ff9700 1 -- 172.21.15.17:0/3738734129 <== mon.0 v2:172.21.15.17:3300/0 4 ==== mgrmap(e 9) v1 ==== 45496+0+0 (secure 0 0 0) 0x7f2c2401a6a0 con 0x7f2c34104e30
2023-07-20T18:23:44.773 INFO:teuthology.orchestra.run.smithi017.stdout:/usr/bin/ceph: stderr
2023-07-20T18:23:37.632+0000 7f2c30ff9700 1 --2- 172.21.15.17:0/3738734129 >> [v2:172.21.15.17:6800/4243568055,v1:172.21.15.17:6801/4243568055] conn(0x7f2c1c0387b0 0x7f2c1c03ac70 unknown :-1 s=NONE pgs=0 cs=0 l=1 rev1=0 crypto rx=0 tx=0 comp rx=0 tx=0).connect
2023-07-20T18:23:44.774 INFO:teuthology.orchestra.run.smithi017.stdout:/usr/bin/ceph: stderr
2023-07-20T18:23:37.632+0000 7f2c30ff9700 1 -- 172.21.15.17:0/3738734129 --> [v2:172.21.15.17:6800/4243568055,v1:172.21.15.17:6801/4243568055] -- command(tid 0: {"prefix": "get_command_descriptions"}) v1 -- 0x7f2c1c03b380 con 0x7f2c1c0387b0
2023-07-20T18:23:44.774 INFO:teuthology.orchestra.run.smithi017.stdout:/usr/bin/ceph: stderr
2023-07-20T18:23:37.632+0000 7f2c30ff9700 1 -- 172.21.15.17:0/3738734129 <== mon.0 v2:172.21.15.17:3300/0 5 ==== osd_map(2..2 src has 1..2) v4 ==== 940+0+0 (secure 0 0 0) 0x7f2c2404c3e0 con 0x7f2c34104e30
2023-07-20T18:23:44.774 INFO:teuthology.orchestra.run.smithi017.stdout:/usr/bin/ceph: stderr
2023-07-20T18:23:37.632+0000 7f2c32ffd700 1 -- 172.21.15.17:0/3738734129 >> [v2:172.21.15.17:6800/4243568055,v1:172.21.15.17:6801/4243568055] conn(0x7f2c1c0387b0 msgr2=0x7f2c1c03ac70 unknown :-1 s=STATE_CONNECTING_RE l=1).process reconnect failed to v2:172.21.15.17:6800/4243568055
2023-07-20T18:23:44.774 INFO:teuthology.orchestra.run.smithi017.stdout:/usr/bin/ceph: stderr
2023-07-20T18:23:37.632+0000 7f2c32ffd700 1 --2- 172.21.15.17:0/3738734129 >> [v2:172.21.15.17:6800/4243568055,v1:172.21.15.17:6801/4243568055] conn(0x7f2c1c0387b0 0x7f2c1c03ac70 unknown :-1 s=START_CONNECT pgs=0 cs=0 l=1 rev1=0 crypto rx=0 tx=0 comp rx=0 tx=0)._fault waiting 0.200000
2023-07-20T18:23:44.774 INFO:teuthology.orchestra.run.smithi017.stdout:/usr/bin/ceph: stderr
2023-07-20T18:23:37.833+0000 7f2c32ffd700 1 -- 172.21.15.17:0/3738734129 >> [v2:172.21.15.17:6800/4243568055,v1:172.21.15.17:6801/4243568055] conn(0x7f2c1c0387b0 msgr2=0x7f2c1c03ac70 unknown :-1 s=STATE_CONNECTING_RE l=1).process reconnect failed to v2:172.21.15.17:6800/4243568055
2023-07-20T18:23:44.774 INFO:teuthology.orchestra.run.smithi017.stdout:/usr/bin/ceph: stderr
2023-07-20T18:23:37.833+0000 7f2c32ffd700 1 --2- 172.21.15.17:0/3738734129 >> [v2:172.21.15.17:6800/4243568055,v1:172.21.15.17:6801/4243568055] conn(0x7f2c1c0387b0 0x7f2c1c03ac70 unknown :-1 s=START_CONNECT pgs=0 cs=0 l=1 rev1=0 crypto rx=0 tx=0 comp rx=0 tx=0)._fault waiting 0.400000
2023-07-20T18:23:44.774 INFO:teuthology.orchestra.run.smithi017.stdout:/usr/bin/ceph: stderr
2023-07-20T18:23:38.234+0000 7f2c32ffd700 1 -- 172.21.15.17:0/3738734129 >> [v2:172.21.15.17:6800/4243568055,v1:172.21.15.17:6801/4243568055] conn(0x7f2c1c0387b0 msgr2=0x7f2c1c03ac70 unknown :-1 s=STATE_CONNECTING_RE l=1).process reconnect failed to v2:172.21.15.17:6800/4243568055
2023-07-20T18:23:44.775 INFO:teuthology.orchestra.run.smithi017.stdout:/usr/bin/ceph: stderr
2023-07-20T18:23:38.234+0000 7f2c32ffd700 1 --2- 172.21.15.17:0/3738734129 >> [v2:172.21.15.17:6800/4243568055,v1:172.21.15.17:6801/4243568055] conn(0x7f2c1c0387b0 0x7f2c1c03ac70 unknown :-1 s=START_CONNECT pgs=0 cs=0 l=1 rev1=0 crypto rx=0 tx=0 comp rx=0 tx=0)._fault waiting 0.800000
2023-07-20T18:23:44.775 INFO:teuthology.orchestra.run.smithi017.stdout:/usr/bin/ceph: stderr
2023-07-20T18:23:39.035+0000 7f2c32ffd700 1 -- 172.21.15.17:0/3738734129 >> [v2:172.21.15.17:6800/4243568055,v1:172.21.15.17:6801/4243568055] conn(0x7f2c1c0387b0 msgr2=0x7f2c1c03ac70 unknown :-1 s=STATE_CONNECTING_RE l=1).process reconnect failed to v2:172.21.15.17:6800/4243568055
2023-07-20T18:23:44.775 INFO:teuthology.orchestra.run.smithi017.stdout:/usr/bin/ceph: stderr
2023-07-20T18:23:39.035+0000 7f2c32ffd700 1 --2- 172.21.15.17:0/3738734129 >> [v2:172.21.15.17:6800/4243568055,v1:172.21.15.17:6801/4243568055] conn(0x7f2c1c0387b0 0x7f2c1c03ac70 unknown :-1 s=START_CONNECT pgs=0 cs=0 l=1 rev1=0 crypto rx=0 tx=0 comp rx=0 tx=0)._fault waiting 1.600000
2023-07-20T18:23:44.775 INFO:teuthology.orchestra.run.smithi017.stdout:/usr/bin/ceph: stderr
2023-07-20T18:23:40.636+0000 7f2c32ffd700 1 -- 172.21.15.17:0/3738734129 >> [v2:172.21.15.17:6800/4243568055,v1:172.21.15.17:6801/4243568055] conn(0x7f2c1c0387b0 msgr2=0x7f2c1c03ac70 unknown :-1 s=STATE_CONNECTING_RE l=1).process reconnect failed to v2:172.21.15.17:6800/4243568055
2023-07-20T18:23:44.775 INFO:teuthology.orchestra.run.smithi017.stdout:/usr/bin/ceph: stderr
2023-07-20T18:23:40.636+0000 7f2c32ffd700 1 --2- 172.21.15.17:0/3738734129 >> [v2:172.21.15.17:6800/4243568055,v1:172.21.15.17:6801/4243568055] conn(0x7f2c1c0387b0 0x7f2c1c03ac70 unknown :-1 s=START_CONNECT pgs=0 cs=0 l=1 rev1=0 crypto rx=0 tx=0 comp rx=0 tx=0)._fault waiting 3.200000
2023-07-20T18:23:44.775 INFO:teuthology.orchestra.run.smithi017.stdout:/usr/bin/ceph: stderr
2023-07-20T18:23:43.361+0000 7f2c30ff9700 1 -- 172.21.15.17:0/3738734129 <== mon.0 v2:172.21.15.17:3300/0 6 ==== mgrmap(e 10) v1 ==== 45263+0+0 (secure 0 0 0) 0x7f2c2401ab80 con 0x7f2c34104e30
2023-07-20T18:23:44.775 INFO:teuthology.orchestra.run.smithi017.stdout:/usr/bin/ceph: stderr
2023-07-20T18:23:43.361+0000 7f2c30ff9700 1 -- 172.21.15.17:0/3738734129 >> [v2:172.21.15.17:6800/4243568055,v1:172.21.15.17:6801/4243568055] conn(0x7f2c1c0387b0 msgr2=0x7f2c1c03ac70 unknown :-1 s=STATE_CONNECTING l=1).mark_down
2023-07-20T18:23:44.775 INFO:teuthology.orchestra.run.smithi017.stdout:/usr/bin/ceph: stderr
2023-07-20T18:23:43.361+0000 7f2c30ff9700 1 --2- 172.21.15.17:0/3738734129 >> [v2:172.21.15.17:6800/4243568055,v1:172.21.15.17:6801/4243568055] conn(0x7f2c1c0387b0 0x7f2c1c03ac70 unknown :-1 s=START_CONNECT pgs=0 cs=0 l=1 rev1=0 crypto rx=0 tx=0 comp rx=0 tx=0).stop
2023-07-20T18:23:44.776 INFO:teuthology.orchestra.run.smithi017.stdout:/usr/bin/ceph: stderr
2023-07-20T18:23:44.363+0000 7f2c30ff9700 1 -- 172.21.15.17:0/3738734129 <== mon.0 v2:172.21.15.17:3300/0 7 ==== mgrmap(e 11) v1 ==== 45390+0+0 (secure 0 0 0) 0x7f2c2404e360 con 0x7f2c34104e30
2023-07-20T18:23:44.776 INFO:teuthology.orchestra.run.smithi017.stdout:/usr/bin/ceph: stderr
2023-07-20T18:23:44.363+0000 7f2c30ff9700 1 --2- 172.21.15.17:0/3738734129 >> [v2:172.21.15.17:6800/481473576,v1:172.21.15.17:6801/481473576] conn(0x7f2c1c03bfd0 0x7f2c1c03e3c0 unknown :-1 s=NONE pgs=0 cs=0 l=1 rev1=0 crypto rx=0 tx=0 comp rx=0 tx=0).connect
2023-07-20T18:23:44.776 INFO:teuthology.orchestra.run.smithi017.stdout:/usr/bin/ceph: stderr
2023-07-20T18:23:44.363+0000 7f2c30ff9700 1 -- 172.21.15.17:0/3738734129 --> [v2:172.21.15.17:6800/481473576,v1:172.21.15.17:6801/481473576] -- command(tid 0: {"prefix": "get_command_descriptions"}) v1 -- 0x7f2c1c03b380 con 0x7f2c1c03bfd0
2023-07-20T18:23:44.776 INFO:teuthology.orchestra.run.smithi017.stdout:/usr/bin/ceph: stderr
2023-07-20T18:23:44.364+0000 7f2c32ffd700 1 --2- 172.21.15.17:0/3738734129 >> [v2:172.21.15.17:6800/481473576,v1:172.21.15.17:6801/481473576] conn(0x7f2c1c03bfd0 0x7f2c1c03e3c0 unknown :-1 s=BANNER_CONNECTING pgs=0 cs=0 l=1 rev1=0 crypto rx=0 tx=0 comp rx=0 tx=0)._handle_peer_banner_payload supported=3 required=0
2023-07-20T18:23:44.776 INFO:teuthology.orchestra.run.smithi017.stdout:/usr/bin/ceph: stderr
2023-07-20T18:23:44.364+0000 7f2c32ffd700 1 --2- 172.21.15.17:0/3738734129 >> [v2:172.21.15.17:6800/481473576,v1:172.21.15.17:6801/481473576] conn(0x7f2c1c03bfd0 0x7f2c1c03e3c0 secure :-1 s=READY pgs=5 cs=0 l=1 rev1=1 crypto rx=0x7f2c28003a10 tx=0x7f2c28009270 comp rx=0 tx=0).ready entity=mgr.14152 client_cookie=0 server_cookie=0 in_seq=0 out_seq=0
2023-07-20T18:23:44.776 INFO:teuthology.orchestra.run.smithi017.stdout:/usr/bin/ceph: stderr
2023-07-20T18:23:44.365+0000 7f2c30ff9700 1 -- 172.21.15.17:0/3738734129 <== mgr.14152 v2:172.21.15.17:6800/481473576 1 ==== command_reply(tid 0: 0 ) v1 ==== 8+0+6910 (secure 0 0 0) 0x7f2c1c03b380 con 0x7f2c1c03bfd0
2023-07-20T18:23:44.776 INFO:teuthology.orchestra.run.smithi017.stdout:/usr/bin/ceph: stderr
2023-07-20T18:23:44.375+0000 7f2c39f4e700 1 -- 172.21.15.17:0/3738734129 --> [v2:172.21.15.17:6800/481473576,v1:172.21.15.17:6801/481473576] -- command(tid 1: {"prefix": "mgr_status"}) v1 -- 0x7f2c3418fac0 con 0x7f2c1c03bfd0
2023-07-20T18:23:44.777 INFO:teuthology.orchestra.run.smithi017.stdout:/usr/bin/ceph: stderr
2023-07-20T18:23:44.376+0000 7f2c30ff9700 1 -- 172.21.15.17:0/3738734129 <== mgr.14152 v2:172.21.15.17:6800/481473576 2 ==== command_reply(tid 1: 0 ) v1 ==== 8+0+52 (secure 0 0 0) 0x7f2c3418fac0 con 0x7f2c1c03bfd0
2023-07-20T18:23:44.777 INFO:teuthology.orchestra.run.smithi017.stdout:/usr/bin/ceph: stderr
2023-07-20T18:23:44.376+0000 7f2c39f4e700 1 -- 172.21.15.17:0/3738734129 >> [v2:172.21.15.17:6800/481473576,v1:172.21.15.17:6801/481473576] conn(0x7f2c1c03bfd0 msgr2=0x7f2c1c03e3c0 secure :-1 s=STATE_CONNECTION_ESTABLISHED l=1).mark_down
2023-07-20T18:23:44.777 INFO:teuthology.orchestra.run.smithi017.stdout:/usr/bin/ceph: stderr
2023-07-20T18:23:44.376+0000 7f2c39f4e700 1 --2- 172.21.15.17:0/3738734129 >> [v2:172.21.15.17:6800/481473576,v1:172.21.15.17:6801/481473576] conn(0x7f2c1c03bfd0 0x7f2c1c03e3c0 secure :-1 s=READY pgs=5 cs=0 l=1 rev1=1 crypto rx=0x7f2c28003a10 tx=0x7f2c28009270 comp rx=0 tx=0).stop
2023-07-20T18:23:44.777 INFO:teuthology.orchestra.run.smithi017.stdout:/usr/bin/ceph: stderr
2023-07-20T18:23:44.376+0000 7f2c39f4e700 1 -- 172.21.15.17:0/3738734129 >> [v2:172.21.15.17:3300/0,v1:172.21.15.17:6789/0] conn(0x7f2c34104e30 msgr2=0x7f2c3418ff20 secure :-1 s=STATE_CONNECTION_ESTABLISHED l=1).mark_down
2023-07-20T18:23:44.777 INFO:teuthology.orchestra.run.smithi017.stdout:/usr/bin/ceph: stderr
2023-07-20T18:23:44.376+0000 7f2c39f4e700 1 --2- 172.21.15.17:0/3738734129 >> [v2:172.21.15.17:3300/0,v1:172.21.15.17:6789/0] conn(0x7f2c34104e30 0x7f2c3418ff20 secure :-1 s=READY pgs=62 cs=0 l=1 rev1=1 crypto rx=0x7f2c240118f0 tx=0x7f2c240119d0 comp rx=0 tx=0).stop
2023-07-20T18:23:44.777 INFO:teuthology.orchestra.run.smithi017.stdout:/usr/bin/ceph: stderr
2023-07-20T18:23:44.376+0000 7f2c39f4e700 1 -- 172.21.15.17:0/3738734129 shutdown_connections
2023-07-20T18:23:44.777 INFO:teuthology.orchestra.run.smithi017.stdout:/usr/bin/ceph: stderr
2023-07-20T18:23:44.376+0000 7f2c39f4e700 1 --2- 172.21.15.17:0/3738734129 >> [v2:172.21.15.17:6800/481473576,v1:172.21.15.17:6801/481473576] conn(0x7f2c1c03bfd0 0x7f2c1c03e3c0 unknown :-1 s=CLOSED pgs=5 cs=0 l=1 rev1=1 crypto rx=0 tx=0 comp rx=0 tx=0).stop
2023-07-20T18:23:44.777 INFO:teuthology.orchestra.run.smithi017.stdout:/usr/bin/ceph: stderr
2023-07-20T18:23:44.376+0000 7f2c39f4e700 1 --2- 172.21.15.17:0/3738734129 >> [v2:172.21.15.17:3300/0,v1:172.21.15.17:6789/0] conn(0x7f2c34104e30 0x7f2c3418ff20 unknown :-1 s=CLOSED pgs=62 cs=0 l=1 rev1=1 crypto rx=0 tx=0 comp rx=0 tx=0).stop
2023-07-20T18:23:44.778 INFO:teuthology.orchestra.run.smithi017.stdout:/usr/bin/ceph: stderr
2023-07-20T18:23:44.376+0000 7f2c39f4e700 1 --2- 172.21.15.17:0/3738734129 >> [v2:172.21.15.17:6800/4243568055,v1:172.21.15.17:6801/4243568055] conn(0x7f2c1c0387b0 0x7f2c1c03ac70 unknown :-1 s=CLOSED pgs=0 cs=0 l=1 rev1=0 crypto rx=0 tx=0 comp rx=0 tx=0).stop
2023-07-20T18:23:44.778 INFO:teuthology.orchestra.run.smithi017.stdout:/usr/bin/ceph: stderr
2023-07-20T18:23:44.376+0000 7f2c39f4e700 1 -- 172.21.15.17:0/3738734129 >> 172.21.15.17:0/3738734129 conn(0x7f2c34100410 msgr2=0x7f2c34061440 unknown :-1 s=STATE_NONE l=0).mark_down
2023-07-20T18:23:44.778 INFO:teuthology.orchestra.run.smithi017.stdout:/usr/bin/ceph: stderr
2023-07-20T18:23:44.376+0000 7f2c39f4e700 1 -- 172.21.15.17:0/3738734129 shutdown_connections
2023-07-20T18:23:44.778 INFO:teuthology.orchestra.run.smithi017.stdout:/usr/bin/ceph: stderr
2023-07-20T18:23:44.376+0000 7f2c39f4e700 1 -- 172.21.15.17:0/3738734129 wait complete.
2023-07-20T18:23:44.778 INFO:teuthology.orchestra.run.smithi017.stdout:mgr epoch 9 is available
2023-07-20T18:23:44.779 INFO:teuthology.orchestra.run.smithi017.stdout:Generating a dashboard self-signed certificate...
2023-07-20T18:23:46.221 INFO:teuthology.orchestra.run.smithi017.stdout:/usr/bin/ceph: stdout Self-signed certificate created
2023-07-20T18:23:46.221 INFO:teuthology.orchestra.run.smithi017.stdout:/usr/bin/ceph: stderr
2023-07-20T18:23:45.370+0000 7fd4b0fef700 1 Processor -- start
2023-07-20T18:23:46.222 INFO:teuthology.orchestra.run.smithi017.stdout:/usr/bin/ceph: stderr
2023-07-20T18:23:45.370+0000 7fd4b0fef700 1 -- start start
2023-07-20T18:23:46.222 INFO:teuthology.orchestra.run.smithi017.stdout:/usr/bin/ceph: stderr
2023-07-20T18:23:45.370+0000 7fd4b0fef700 1 --2- >> [v2:172.21.15.17:3300/0,v1:172.21.15.17:6789/0] conn(0x7fd4ac104e30 0x7fd4ac105250 unknown :-1 s=NONE pgs=0 cs=0 l=0 rev1=0 crypto rx=0 tx=0 comp rx=0 tx=0).connect
2023-07-20T18:23:46.222 INFO:teuthology.orchestra.run.smithi017.stdout:/usr/bin/ceph: stderr
2023-07-20T18:23:45.370+0000 7fd4b0fef700 1 -- --> [v2:172.21.15.17:3300/0,v1:172.21.15.17:6789/0] -- mon_getmap magic: 0 v1 -- 0x7fd4ac105790 con 0x7fd4ac104e30
2023-07-20T18:23:46.222 INFO:teuthology.orchestra.run.smithi017.stdout:/usr/bin/ceph: stderr
2023-07-20T18:23:45.371+0000 7fd4aa59c700 1 --2- >> [v2:172.21.15.17:3300/0,v1:172.21.15.17:6789/0] conn(0x7fd4ac104e30 0x7fd4ac105250 unknown :-1 s=BANNER_CONNECTING pgs=0 cs=0 l=0 rev1=0 crypto rx=0 tx=0 comp rx=0 tx=0)._handle_peer_banner_payload supported=3 required=0
2023-07-20T18:23:46.223 INFO:teuthology.orchestra.run.smithi017.stdout:/usr/bin/ceph: stderr
2023-07-20T18:23:45.371+0000 7fd4aa59c700 1 --2- >> [v2:172.21.15.17:3300/0,v1:172.21.15.17:6789/0] conn(0x7fd4ac104e30 0x7fd4ac105250 unknown :-1 s=HELLO_CONNECTING pgs=0 cs=0 l=0 rev1=1 crypto rx=0 tx=0 comp rx=0 tx=0).handle_hello peer v2:172.21.15.17:3300/0 says I am v2:172.21.15.17:48884/0 (socket says 172.21.15.17:48884)
2023-07-20T18:23:46.223 INFO:teuthology.orchestra.run.smithi017.stdout:/usr/bin/ceph: stderr
2023-07-20T18:23:45.371+0000 7fd4aa59c700 1 -- 172.21.15.17:0/574643733 learned_addr learned my addr 172.21.15.17:0/574643733 (peer_addr_for_me v2:172.21.15.17:0/0)
2023-07-20T18:23:46.223 INFO:teuthology.orchestra.run.smithi017.stdout:/usr/bin/ceph: stderr
2023-07-20T18:23:45.371+0000 7fd4aa59c700 1 -- 172.21.15.17:0/574643733 --> [v2:172.21.15.17:3300/0,v1:172.21.15.17:6789/0] -- mon_subscribe({config=0+,monmap=0+}) v3 -- 0x7fd4ac1058d0 con 0x7fd4ac104e30
2023-07-20T18:23:46.223 INFO:teuthology.orchestra.run.smithi017.stdout:/usr/bin/ceph: stderr
2023-07-20T18:23:45.371+0000 7fd4aa59c700 1 --2- 172.21.15.17:0/574643733 >> [v2:172.21.15.17:3300/0,v1:172.21.15.17:6789/0] conn(0x7fd4ac104e30 0x7fd4ac105250 secure :-1 s=READY pgs=70 cs=0 l=1 rev1=1 crypto rx=0x7fd49c0098a0 tx=0x7fd49c009bb0 comp rx=0 tx=0).ready entity=mon.0 client_cookie=730c7f3aa6b974aa server_cookie=0 in_seq=0 out_seq=0
2023-07-20T18:23:46.223 INFO:teuthology.orchestra.run.smithi017.stdout:/usr/bin/ceph: stderr
2023-07-20T18:23:45.371+0000 7fd4a959a700 1 -- 172.21.15.17:0/574643733 <== mon.0 v2:172.21.15.17:3300/0 1 ==== mon_map magic: 0 v1 ==== 205+0+0 (secure 0 0 0) 0x7fd49c004160 con 0x7fd4ac104e30
2023-07-20T18:23:46.223 INFO:teuthology.orchestra.run.smithi017.stdout:/usr/bin/ceph: stderr
2023-07-20T18:23:45.371+0000 7fd4a959a700 1 -- 172.21.15.17:0/574643733 <== mon.0 v2:172.21.15.17:3300/0 2 ==== config(25 keys) v1 ==== 1067+0+0 (secure 0 0 0) 0x7fd49c0042c0 con 0x7fd4ac104e30
2023-07-20T18:23:46.223 INFO:teuthology.orchestra.run.smithi017.stdout:/usr/bin/ceph: stderr
2023-07-20T18:23:45.372+0000 7fd4a959a700 1 -- 172.21.15.17:0/574643733 <== mon.0 v2:172.21.15.17:3300/0 3 ==== mon_map magic: 0 v1 ==== 205+0+0 (secure 0 0 0) 0x7fd49c0118e0 con 0x7fd4ac104e30
2023-07-20T18:23:46.223 INFO:teuthology.orchestra.run.smithi017.stdout:/usr/bin/ceph: stderr
2023-07-20T18:23:45.372+0000 7fd4b0fef700 1 -- 172.21.15.17:0/574643733 >> [v2:172.21.15.17:3300/0,v1:172.21.15.17:6789/0] conn(0x7fd4ac104e30 msgr2=0x7fd4ac105250 secure :-1 s=STATE_CONNECTION_ESTABLISHED l=1).mark_down
2023-07-20T18:23:46.224 INFO:teuthology.orchestra.run.smithi017.stdout:/usr/bin/ceph: stderr
2023-07-20T18:23:45.372+0000 7fd4b0fef700 1 --2- 172.21.15.17:0/574643733 >> [v2:172.21.15.17:3300/0,v1:172.21.15.17:6789/0] conn(0x7fd4ac104e30 0x7fd4ac105250 secure :-1 s=READY pgs=70 cs=0 l=1 rev1=1 crypto rx=0x7fd49c0098a0 tx=0x7fd49c009bb0 comp rx=0 tx=0).stop
2023-07-20T18:23:46.224 INFO:teuthology.orchestra.run.smithi017.stdout:/usr/bin/ceph: stderr
2023-07-20T18:23:45.372+0000 7fd4b0fef700 1 -- 172.21.15.17:0/574643733 shutdown_connections
2023-07-20T18:23:46.224 INFO:teuthology.orchestra.run.smithi017.stdout:/usr/bin/ceph: stderr
2023-07-20T18:23:45.372+0000 7fd4b0fef700 1 --2- 172.21.15.17:0/574643733 >> [v2:172.21.15.17:3300/0,v1:172.21.15.17:6789/0] conn(0x7fd4ac104e30 0x7fd4ac105250 unknown :-1 s=CLOSED pgs=70 cs=0 l=1 rev1=1 crypto rx=0 tx=0 comp rx=0 tx=0).stop
2023-07-20T18:23:46.224 INFO:teuthology.orchestra.run.smithi017.stdout:/usr/bin/ceph: stderr
2023-07-20T18:23:45.372+0000 7fd4b0fef700 1 -- 172.21.15.17:0/574643733 >> 172.21.15.17:0/574643733 conn(0x7fd4ac1003f0 msgr2=0x7fd4ac102810 unknown :-1 s=STATE_NONE l=0).mark_down
2023-07-20T18:23:46.224 INFO:teuthology.orchestra.run.smithi017.stdout:/usr/bin/ceph: stderr
2023-07-20T18:23:45.372+0000 7fd4b0fef700 1 -- 172.21.15.17:0/574643733 shutdown_connections
2023-07-20T18:23:46.224 INFO:teuthology.orchestra.run.smithi017.stdout:/usr/bin/ceph: stderr
2023-07-20T18:23:45.372+0000 7fd4b0fef700 1 -- 172.21.15.17:0/574643733 wait complete.
2023-07-20T18:23:46.225 INFO:teuthology.orchestra.run.smithi017.stdout:/usr/bin/ceph: stderr
2023-07-20T18:23:45.373+0000 7fd4b0fef700 1 Processor -- start
2023-07-20T18:23:46.225 INFO:teuthology.orchestra.run.smithi017.stdout:/usr/bin/ceph: stderr
2023-07-20T18:23:45.373+0000 7fd4b0fef700 1 -- start start
2023-07-20T18:23:46.225 INFO:teuthology.orchestra.run.smithi017.stdout:/usr/bin/ceph: stderr
2023-07-20T18:23:45.373+0000 7fd4b0fef700 1 --2- >> [v2:172.21.15.17:3300/0,v1:172.21.15.17:6789/0] conn(0x7fd4ac104e30 0x7fd4ac18ff20 unknown :-1 s=NONE pgs=0 cs=0 l=1 rev1=0 crypto rx=0 tx=0 comp rx=0 tx=0).connect
2023-07-20T18:23:46.225 INFO:teuthology.orchestra.run.smithi017.stdout:/usr/bin/ceph: stderr
2023-07-20T18:23:45.373+0000 7fd4b0fef700 1 -- --> [v2:172.21.15.17:3300/0,v1:172.21.15.17:6789/0] -- mon_getmap magic: 0 v1 -- 0x7fd4ac190460 con 0x7fd4ac104e30
2023-07-20T18:23:46.225 INFO:teuthology.orchestra.run.smithi017.stdout:/usr/bin/ceph: stderr
2023-07-20T18:23:45.373+0000 7fd4aa59c700 1 --2- >> [v2:172.21.15.17:3300/0,v1:172.21.15.17:6789/0] conn(0x7fd4ac104e30 0x7fd4ac18ff20 unknown :-1 s=BANNER_CONNECTING pgs=0 cs=0 l=1 rev1=0 crypto rx=0 tx=0 comp rx=0 tx=0)._handle_peer_banner_payload supported=3 required=0
2023-07-20T18:23:46.225 INFO:teuthology.orchestra.run.smithi017.stdout:/usr/bin/ceph: stderr
2023-07-20T18:23:45.373+0000 7fd4aa59c700 1 --2- >> [v2:172.21.15.17:3300/0,v1:172.21.15.17:6789/0] conn(0x7fd4ac104e30 0x7fd4ac18ff20 unknown :-1 s=HELLO_CONNECTING pgs=0 cs=0 l=1 rev1=1 crypto rx=0 tx=0 comp rx=0 tx=0).handle_hello peer v2:172.21.15.17:3300/0 says I am v2:172.21.15.17:48886/0 (socket says 172.21.15.17:48886)
2023-07-20T18:23:46.225 INFO:teuthology.orchestra.run.smithi017.stdout:/usr/bin/ceph: stderr
2023-07-20T18:23:45.373+0000 7fd4aa59c700 1 -- 172.21.15.17:0/3581755471 learned_addr learned my addr 172.21.15.17:0/3581755471 (peer_addr_for_me v2:172.21.15.17:0/0)
2023-07-20T18:23:46.225 INFO:teuthology.orchestra.run.smithi017.stdout:/usr/bin/ceph: stderr
2023-07-20T18:23:45.374+0000 7fd4aa59c700 1 -- 172.21.15.17:0/3581755471 --> [v2:172.21.15.17:3300/0,v1:172.21.15.17:6789/0] -- mon_subscribe({config=0+,monmap=0+}) v3 -- 0x7fd49c009550 con 0x7fd4ac104e30
2023-07-20T18:23:46.226 INFO:teuthology.orchestra.run.smithi017.stdout:/usr/bin/ceph: stderr
2023-07-20T18:23:45.374+0000 7fd4aa59c700 1 --2- 172.21.15.17:0/3581755471 >> [v2:172.21.15.17:3300/0,v1:172.21.15.17:6789/0] conn(0x7fd4ac104e30 0x7fd4ac18ff20 secure :-1 s=READY pgs=71 cs=0 l=1 rev1=1 crypto rx=0x7fd49c006af0 tx=0x7fd49c011e80 comp rx=0 tx=0).ready entity=mon.0 client_cookie=0 server_cookie=0 in_seq=0 out_seq=0
2023-07-20T18:23:46.226 INFO:teuthology.orchestra.run.smithi017.stdout:/usr/bin/ceph: stderr
2023-07-20T18:23:45.374+0000 7fd49b7fe700 1 -- 172.21.15.17:0/3581755471 <== mon.0 v2:172.21.15.17:3300/0 1 ==== mon_map magic: 0 v1 ==== 205+0+0 (secure 0 0 0) 0x7fd49c011990 con 0x7fd4ac104e30
2023-07-20T18:23:46.226 INFO:teuthology.orchestra.run.smithi017.stdout:/usr/bin/ceph: stderr
2023-07-20T18:23:45.374+0000 7fd49b7fe700 1 -- 172.21.15.17:0/3581755471 <== mon.0 v2:172.21.15.17:3300/0 2 ==== config(25 keys) v1 ==== 1067+0+0 (secure 0 0 0) 0x7fd49c003b30 con 0x7fd4ac104e30
2023-07-20T18:23:46.226 INFO:teuthology.orchestra.run.smithi017.stdout:/usr/bin/ceph: stderr
2023-07-20T18:23:45.374+0000 7fd4b0fef700 1 -- 172.21.15.17:0/3581755471 --> [v2:172.21.15.17:3300/0,v1:172.21.15.17:6789/0] -- mon_subscribe({mgrmap=0+}) v3 -- 0x7fd4ac18e570 con 0x7fd4ac104e30
2023-07-20T18:23:46.226 INFO:teuthology.orchestra.run.smithi017.stdout:/usr/bin/ceph: stderr
2023-07-20T18:23:45.374+0000 7fd49b7fe700 1 -- 172.21.15.17:0/3581755471 <== mon.0 v2:172.21.15.17:3300/0 3 ==== mon_map magic: 0 v1 ==== 205+0+0 (secure 0 0 0) 0x7fd49c01ad70 con 0x7fd4ac104e30
2023-07-20T18:23:46.226 INFO:teuthology.orchestra.run.smithi017.stdout:/usr/bin/ceph: stderr
2023-07-20T18:23:45.374+0000 7fd4b0fef700 1 -- 172.21.15.17:0/3581755471 --> [v2:172.21.15.17:3300/0,v1:172.21.15.17:6789/0] -- mon_subscribe({osdmap=0}) v3 -- 0x7fd4ac18e990 con 0x7fd4ac104e30
2023-07-20T18:23:46.226 INFO:teuthology.orchestra.run.smithi017.stdout:/usr/bin/ceph: stderr
2023-07-20T18:23:45.375+0000 7fd49b7fe700 1 -- 172.21.15.17:0/3581755471 <== mon.0 v2:172.21.15.17:3300/0 4 ==== mgrmap(e 11) v1 ==== 45390+0+0 (secure 0 0 0) 0x7fd49c02d440 con 0x7fd4ac104e30
2023-07-20T18:23:46.226 INFO:teuthology.orchestra.run.smithi017.stdout:/usr/bin/ceph: stderr
2023-07-20T18:23:45.375+0000 7fd49b7fe700 1 --2- 172.21.15.17:0/3581755471 >> [v2:172.21.15.17:6800/481473576,v1:172.21.15.17:6801/481473576] conn(0x7fd4940385f0 0x7fd49403aab0 unknown :-1 s=NONE pgs=0 cs=0 l=1 rev1=0 crypto rx=0 tx=0 comp rx=0 tx=0).connect
2023-07-20T18:23:46.227 INFO:teuthology.orchestra.run.smithi017.stdout:/usr/bin/ceph: stderr
2023-07-20T18:23:45.375+0000 7fd49b7fe700 1 -- 172.21.15.17:0/3581755471 <== mon.0 v2:172.21.15.17:3300/0 5 ==== osd_map(3..3 src has 1..3) v4 ==== 1155+0+0 (secure 0 0 0) 0x7fd49c04c3e0 con 0x7fd4ac104e30
2023-07-20T18:23:46.227 INFO:teuthology.orchestra.run.smithi017.stdout:/usr/bin/ceph: stderr
2023-07-20T18:23:45.375+0000 7fd4a9d9b700 1 --2- 172.21.15.17:0/3581755471 >> [v2:172.21.15.17:6800/481473576,v1:172.21.15.17:6801/481473576] conn(0x7fd4940385f0 0x7fd49403aab0 unknown :-1 s=BANNER_CONNECTING pgs=0 cs=0 l=1 rev1=0 crypto rx=0 tx=0 comp rx=0 tx=0)._handle_peer_banner_payload supported=3 required=0
2023-07-20T18:23:46.227 INFO:teuthology.orchestra.run.smithi017.stdout:/usr/bin/ceph: stderr
2023-07-20T18:23:45.376+0000 7fd4b0fef700 1 -- 172.21.15.17:0/3581755471 --> [v2:172.21.15.17:3300/0,v1:172.21.15.17:6789/0] -- mon_command({"prefix": "get_command_descriptions"} v 0) v1 -- 0x7fd4ac061da0 con 0x7fd4ac104e30
2023-07-20T18:23:46.227 INFO:teuthology.orchestra.run.smithi017.stdout:/usr/bin/ceph: stderr
2023-07-20T18:23:45.376+0000 7fd4a9d9b700 1 --2- 172.21.15.17:0/3581755471 >> [v2:172.21.15.17:6800/481473576,v1:172.21.15.17:6801/481473576] conn(0x7fd4940385f0 0x7fd49403aab0 secure :-1 s=READY pgs=7 cs=0 l=1 rev1=1 crypto rx=0x7fd4a0006fd0 tx=0x7fd4a0006e40 comp rx=0 tx=0).ready entity=mgr.14152 client_cookie=0 server_cookie=0 in_seq=0 out_seq=0
2023-07-20T18:23:46.227 INFO:teuthology.orchestra.run.smithi017.stdout:/usr/bin/ceph: stderr
2023-07-20T18:23:45.381+0000 7fd49b7fe700 1 -- 172.21.15.17:0/3581755471 <== mon.0 v2:172.21.15.17:3300/0 6 ==== mon_command_ack([{"prefix": "get_command_descriptions"}]=0 v0) v1 ==== 72+0+178025 (secure 0 0 0) 0x7fd49c0193c0 con 0x7fd4ac104e30
2023-07-20T18:23:46.227 INFO:teuthology.orchestra.run.smithi017.stdout:/usr/bin/ceph: stderr
2023-07-20T18:23:45.749+0000 7fd4b0fef700 1 -- 172.21.15.17:0/3581755471 --> [v2:172.21.15.17:6800/481473576,v1:172.21.15.17:6801/481473576] -- mgr_command(tid 0: {"prefix": "dashboard create-self-signed-cert", "target": ["mon-mgr", ""]}) v1 -- 0x7fd4ac109220 con 0x7fd4940385f0
2023-07-20T18:23:46.227 INFO:teuthology.orchestra.run.smithi017.stdout:/usr/bin/ceph: stderr
2023-07-20T18:23:45.872+0000 7fd49b7fe700 1 -- 172.21.15.17:0/3581755471 <== mgr.14152 v2:172.21.15.17:6800/481473576 1 ==== mgr_command_reply(tid 0: 0 ) v1 ==== 8+0+32 (secure 0 0 0) 0x7fd4ac109220 con 0x7fd4940385f0
2023-07-20T18:23:46.228 INFO:teuthology.orchestra.run.smithi017.stdout:/usr/bin/ceph: stderr
2023-07-20T18:23:45.874+0000 7fd4b0fef700 1 -- 172.21.15.17:0/3581755471 >> [v2:172.21.15.17:6800/481473576,v1:172.21.15.17:6801/481473576] conn(0x7fd4940385f0 msgr2=0x7fd49403aab0 secure :-1 s=STATE_CONNECTION_ESTABLISHED l=1).mark_down
2023-07-20T18:23:46.228 INFO:teuthology.orchestra.run.smithi017.stdout:/usr/bin/ceph: stderr
2023-07-20T18:23:45.874+0000 7fd4b0fef700 1 --2- 172.21.15.17:0/3581755471 >> [v2:172.21.15.17:6800/481473576,v1:172.21.15.17:6801/481473576] conn(0x7fd4940385f0 0x7fd49403aab0 secure :-1 s=READY pgs=7 cs=0 l=1 rev1=1 crypto rx=0x7fd4a0006fd0 tx=0x7fd4a0006e40 comp rx=0 tx=0).stop
2023-07-20T18:23:46.228 INFO:teuthology.orchestra.run.smithi017.stdout:/usr/bin/ceph: stderr
2023-07-20T18:23:45.874+0000 7fd4b0fef700 1 -- 172.21.15.17:0/3581755471 >> [v2:172.21.15.17:3300/0,v1:172.21.15.17:6789/0] conn(0x7fd4ac104e30 msgr2=0x7fd4ac18ff20 secure :-1 s=STATE_CONNECTION_ESTABLISHED l=1).mark_down
2023-07-20T18:23:46.228 INFO:teuthology.orchestra.run.smithi017.stdout:/usr/bin/ceph: stderr
2023-07-20T18:23:45.874+0000 7fd4b0fef700 1 --2- 172.21.15.17:0/3581755471 >> [v2:172.21.15.17:3300/0,v1:172.21.15.17:6789/0] conn(0x7fd4ac104e30 0x7fd4ac18ff20 secure :-1 s=READY pgs=71 cs=0 l=1 rev1=1 crypto rx=0x7fd49c006af0 tx=0x7fd49c011e80 comp rx=0 tx=0).stop
2023-07-20T18:23:46.228 INFO:teuthology.orchestra.run.smithi017.stdout:/usr/bin/ceph: stderr
2023-07-20T18:23:45.874+0000 7fd4b0fef700 1 -- 172.21.15.17:0/3581755471 shutdown_connections
2023-07-20T18:23:46.228 INFO:teuthology.orchestra.run.smithi017.stdout:/usr/bin/ceph: stderr
2023-07-20T18:23:45.874+0000 7fd4b0fef700 1 --2- 172.21.15.17:0/3581755471 >> [v2:172.21.15.17:6800/481473576,v1:172.21.15.17:6801/481473576] conn(0x7fd4940385f0 0x7fd49403aab0 unknown :-1 s=CLOSED pgs=7 cs=0 l=1 rev1=1 crypto rx=0 tx=0 comp rx=0 tx=0).stop
2023-07-20T18:23:46.228 INFO:teuthology.orchestra.run.smithi017.stdout:/usr/bin/ceph: stderr
2023-07-20T18:23:45.874+0000 7fd4b0fef700 1 --2- 172.21.15.17:0/3581755471 >> [v2:172.21.15.17:3300/0,v1:172.21.15.17:6789/0] conn(0x7fd4ac104e30 0x7fd4ac18ff20 unknown :-1 s=CLOSED pgs=71 cs=0 l=1 rev1=1 crypto rx=0 tx=0 comp rx=0 tx=0).stop
2023-07-20T18:23:46.229 INFO:teuthology.orchestra.run.smithi017.stdout:/usr/bin/ceph: stderr
2023-07-20T18:23:45.874+0000 7fd4b0fef700 1 -- 172.21.15.17:0/3581755471 >> 172.21.15.17:0/3581755471 conn(0x7fd4ac1003f0 msgr2=0x7fd4ac079880 unknown :-1 s=STATE_NONE l=0).mark_down
2023-07-20T18:23:46.229 INFO:teuthology.orchestra.run.smithi017.stdout:/usr/bin/ceph: stderr
2023-07-20T18:23:45.875+0000 7fd4b0fef700 1 -- 172.21.15.17:0/3581755471 shutdown_connections
2023-07-20T18:23:46.229 INFO:teuthology.orchestra.run.smithi017.stdout:/usr/bin/ceph: stderr
2023-07-20T18:23:45.875+0000 7fd4b0fef700 1 -- 172.21.15.17:0/3581755471 wait complete.
2023-07-20T18:23:46.229 INFO:teuthology.orchestra.run.smithi017.stdout:Creating initial admin user...
2023-07-20T18:23:46.708 INFO:journalctl@ceph.mon.a.smithi017.stdout:Jul 20 18:23:46 smithi017 ceph-mon[96488]: from='mgr.14152 172.21.15.17:0/800106136' entity='mgr.x'
2023-07-20T18:23:46.709 INFO:journalctl@ceph.mon.a.smithi017.stdout:Jul 20 18:23:46 smithi017 ceph-mon[96488]: from='mgr.14152 172.21.15.17:0/800106136' entity='mgr.x'
2023-07-20T18:23:46.709 INFO:journalctl@ceph.mon.a.smithi017.stdout:Jul 20 18:23:46 smithi017 ceph-mon[96488]: from='mgr.14152 172.21.15.17:0/800106136' entity='mgr.x'
2023-07-20T18:23:47.361 INFO:journalctl@ceph.mon.a.smithi017.stdout:Jul 20 18:23:47 smithi017 ceph-mon[96488]: from='client.14164 -' entity='client.admin' cmd=[{"prefix": "dashboard create-self-signed-cert", "target": ["mon-mgr", ""]}]: dispatch
2023-07-20T18:23:47.361 INFO:journalctl@ceph.mon.a.smithi017.stdout:Jul 20 18:23:47 smithi017 ceph-mon[96488]: mgrmap e12: x(active, since 2s)
2023-07-20T18:23:47.361 INFO:journalctl@ceph.mon.a.smithi017.stdout:Jul 20 18:23:47 smithi017 ceph-mon[96488]: from='mgr.14152 172.21.15.17:0/800106136' entity='mgr.x'
2023-07-20T18:23:47.867 INFO:teuthology.orchestra.run.smithi017.stdout:/usr/bin/ceph: stdout {"username": "admin", "password": "$2b$12$9Hptu71qZxKWBAvY9cPcieGbRZMfoSfe257fjAWsY9cRiLc3YxRxG", "roles": ["administrator"], "name": null, "email": null, "lastUpdate": 1689877427, "enabled": true, "pwdExpirationDate": null, "pwdUpdateRequired": true}
2023-07-20T18:23:47.867 INFO:teuthology.orchestra.run.smithi017.stdout:/usr/bin/ceph: stderr
2023-07-20T18:23:46.717+0000 7feec9ebd700 1 Processor -- start
2023-07-20T18:23:47.867 INFO:teuthology.orchestra.run.smithi017.stdout:/usr/bin/ceph: stderr
2023-07-20T18:23:46.717+0000 7feec9ebd700 1 -- start start
2023-07-20T18:23:47.867 INFO:teuthology.orchestra.run.smithi017.stdout:/usr/bin/ceph: stderr
2023-07-20T18:23:46.718+0000 7feec9ebd700 1 --2- >> [v2:172.21.15.17:3300/0,v1:172.21.15.17:6789/0] conn(0x7feec41069e0 0x7feec4108dd0 unknown :-1 s=NONE pgs=0 cs=0 l=0 rev1=0 crypto rx=0 tx=0 comp rx=0 tx=0).connect
2023-07-20T18:23:47.868 INFO:teuthology.orchestra.run.smithi017.stdout:/usr/bin/ceph: stderr
2023-07-20T18:23:46.718+0000 7feec9ebd700 1 -- --> [v2:172.21.15.17:3300/0,v1:172.21.15.17:6789/0] -- mon_getmap magic: 0 v1 -- 0x7feec4061a50 con 0x7feec41069e0
2023-07-20T18:23:47.868 INFO:teuthology.orchestra.run.smithi017.stdout:/usr/bin/ceph: stderr
2023-07-20T18:23:46.718+0000 7feec37fe700 1 --2- >> [v2:172.21.15.17:3300/0,v1:172.21.15.17:6789/0] conn(0x7feec41069e0 0x7feec4108dd0 unknown :-1 s=BANNER_CONNECTING pgs=0 cs=0 l=0 rev1=0 crypto rx=0 tx=0 comp rx=0 tx=0)._handle_peer_banner_payload supported=3 required=0
2023-07-20T18:23:47.868 INFO:teuthology.orchestra.run.smithi017.stdout:/usr/bin/ceph: stderr
2023-07-20T18:23:46.718+0000 7feec37fe700 1 --2- >> [v2:172.21.15.17:3300/0,v1:172.21.15.17:6789/0] conn(0x7feec41069e0 0x7feec4108dd0 unknown :-1 s=HELLO_CONNECTING pgs=0 cs=0 l=0 rev1=1 crypto rx=0 tx=0 comp rx=0 tx=0).handle_hello peer v2:172.21.15.17:3300/0 says I am v2:172.21.15.17:48890/0 (socket says 172.21.15.17:48890)
2023-07-20T18:23:47.868 INFO:teuthology.orchestra.run.smithi017.stdout:/usr/bin/ceph: stderr
2023-07-20T18:23:46.718+0000 7feec37fe700 1 -- 172.21.15.17:0/3186054160 learned_addr learned my addr 172.21.15.17:0/3186054160 (peer_addr_for_me v2:172.21.15.17:0/0)
2023-07-20T18:23:47.868 INFO:teuthology.orchestra.run.smithi017.stdout:/usr/bin/ceph: stderr
2023-07-20T18:23:46.718+0000 7feec37fe700 1 -- 172.21.15.17:0/3186054160 --> [v2:172.21.15.17:3300/0,v1:172.21.15.17:6789/0] -- mon_subscribe({config=0+,monmap=0+}) v3 -- 0x7feec4109310 con 0x7feec41069e0
2023-07-20T18:23:47.868 INFO:teuthology.orchestra.run.smithi017.stdout:/usr/bin/ceph: stderr
2023-07-20T18:23:46.718+0000 7feec37fe700 1 --2- 172.21.15.17:0/3186054160 >> [v2:172.21.15.17:3300/0,v1:172.21.15.17:6789/0] conn(0x7feec41069e0 0x7feec4108dd0 secure :-1 s=READY pgs=72 cs=0 l=1 rev1=1 crypto rx=0x7feeb40098a0 tx=0x7feeb4009bb0 comp rx=0 tx=0).ready entity=mon.0 client_cookie=a3df31cd1503018a server_cookie=0 in_seq=0 out_seq=0
2023-07-20T18:23:47.868 INFO:teuthology.orchestra.run.smithi017.stdout:/usr/bin/ceph: stderr
2023-07-20T18:23:46.718+0000 7feec27fc700 1 -- 172.21.15.17:0/3186054160 <== mon.0 v2:172.21.15.17:3300/0 1 ==== mon_map magic: 0 v1 ==== 205+0+0 (secure 0 0 0) 0x7feeb4004160 con 0x7feec41069e0
2023-07-20T18:23:47.869 INFO:teuthology.orchestra.run.smithi017.stdout:/usr/bin/ceph: stderr
2023-07-20T18:23:46.718+0000 7feec27fc700 1 -- 172.21.15.17:0/3186054160 <== mon.0 v2:172.21.15.17:3300/0 2 ==== config(25 keys) v1 ==== 1067+0+0 (secure 0 0 0) 0x7feeb40042c0 con 0x7feec41069e0
2023-07-20T18:23:47.869 INFO:teuthology.orchestra.run.smithi017.stdout:/usr/bin/ceph: stderr
2023-07-20T18:23:46.718+0000 7feec27fc700 1 -- 172.21.15.17:0/3186054160 <== mon.0 v2:172.21.15.17:3300/0 3 ==== mon_map magic: 0 v1 ==== 205+0+0 (secure 0 0 0) 0x7feeb40118e0 con 0x7feec41069e0
2023-07-20T18:23:47.869 INFO:teuthology.orchestra.run.smithi017.stdout:/usr/bin/ceph: stderr
2023-07-20T18:23:46.719+0000 7feec9ebd700 1 -- 172.21.15.17:0/3186054160 >> [v2:172.21.15.17:3300/0,v1:172.21.15.17:6789/0] conn(0x7feec41069e0 msgr2=0x7feec4108dd0 secure :-1 s=STATE_CONNECTION_ESTABLISHED l=1).mark_down
2023-07-20T18:23:47.869 INFO:teuthology.orchestra.run.smithi017.stdout:/usr/bin/ceph: stderr
2023-07-20T18:23:46.719+0000 7feec9ebd700 1 --2- 172.21.15.17:0/3186054160 >> [v2:172.21.15.17:3300/0,v1:172.21.15.17:6789/0] conn(0x7feec41069e0 0x7feec4108dd0 secure :-1 s=READY pgs=72 cs=0 l=1 rev1=1 crypto rx=0x7feeb40098a0 tx=0x7feeb4009bb0 comp rx=0 tx=0).stop
2023-07-20T18:23:47.869 INFO:teuthology.orchestra.run.smithi017.stdout:/usr/bin/ceph: stderr
2023-07-20T18:23:46.719+0000 7feec9ebd700 1 -- 172.21.15.17:0/3186054160 shutdown_connections
2023-07-20T18:23:47.869 INFO:teuthology.orchestra.run.smithi017.stdout:/usr/bin/ceph: stderr
2023-07-20T18:23:46.719+0000 7feec9ebd700 1 --2- 172.21.15.17:0/3186054160 >> [v2:172.21.15.17:3300/0,v1:172.21.15.17:6789/0] conn(0x7feec41069e0 0x7feec4108dd0 unknown :-1 s=CLOSED pgs=72 cs=0 l=1 rev1=1 crypto rx=0 tx=0 comp rx=0 tx=0).stop
2023-07-20T18:23:47.869 INFO:teuthology.orchestra.run.smithi017.stdout:/usr/bin/ceph: stderr
2023-07-20T18:23:46.719+0000 7feec9ebd700 1 -- 172.21.15.17:0/3186054160 >> 172.21.15.17:0/3186054160 conn(0x7feec4100410 msgr2=0x7feec4102830 unknown :-1 s=STATE_NONE l=0).mark_down
2023-07-20T18:23:47.870 INFO:teuthology.orchestra.run.smithi017.stdout:/usr/bin/ceph: stderr
2023-07-20T18:23:46.719+0000 7feec9ebd700 1 -- 172.21.15.17:0/3186054160 shutdown_connections
2023-07-20T18:23:47.870 INFO:teuthology.orchestra.run.smithi017.stdout:/usr/bin/ceph: stderr
2023-07-20T18:23:46.719+0000 7feec9ebd700 1 -- 172.21.15.17:0/3186054160 wait complete.
2023-07-20T18:23:47.870 INFO:teuthology.orchestra.run.smithi017.stdout:/usr/bin/ceph: stderr
2023-07-20T18:23:46.720+0000 7feec9ebd700 1 Processor -- start
2023-07-20T18:23:47.870 INFO:teuthology.orchestra.run.smithi017.stdout:/usr/bin/ceph: stderr
2023-07-20T18:23:46.720+0000 7feec9ebd700 1 -- start start
2023-07-20T18:23:47.870 INFO:teuthology.orchestra.run.smithi017.stdout:/usr/bin/ceph: stderr
2023-07-20T18:23:46.720+0000 7feec9ebd700 1 --2- >> [v2:172.21.15.17:3300/0,v1:172.21.15.17:6789/0] conn(0x7feec41069e0 0x7feec4199c30 unknown :-1 s=NONE pgs=0 cs=0 l=1 rev1=0 crypto rx=0 tx=0 comp rx=0 tx=0).connect
2023-07-20T18:23:47.870 INFO:teuthology.orchestra.run.smithi017.stdout:/usr/bin/ceph: stderr
2023-07-20T18:23:46.720+0000 7feec9ebd700 1 -- --> [v2:172.21.15.17:3300/0,v1:172.21.15.17:6789/0] -- mon_getmap magic: 0 v1 -- 0x7feec419a170 con 0x7feec41069e0
2023-07-20T18:23:47.870 INFO:teuthology.orchestra.run.smithi017.stdout:/usr/bin/ceph: stderr
2023-07-20T18:23:46.720+0000 7feec37fe700 1 --2- >> [v2:172.21.15.17:3300/0,v1:172.21.15.17:6789/0] conn(0x7feec41069e0 0x7feec4199c30 unknown :-1 s=BANNER_CONNECTING pgs=0 cs=0 l=1 rev1=0 crypto rx=0 tx=0 comp rx=0 tx=0)._handle_peer_banner_payload supported=3 required=0
2023-07-20T18:23:47.871 INFO:teuthology.orchestra.run.smithi017.stdout:/usr/bin/ceph: stderr
2023-07-20T18:23:46.720+0000 7feec37fe700 1 --2- >> [v2:172.21.15.17:3300/0,v1:172.21.15.17:6789/0] conn(0x7feec41069e0 0x7feec4199c30 unknown :-1 s=HELLO_CONNECTING pgs=0 cs=0 l=1 rev1=1 crypto rx=0 tx=0 comp rx=0 tx=0).handle_hello peer v2:172.21.15.17:3300/0 says I am v2:172.21.15.17:48892/0 (socket says 172.21.15.17:48892)
2023-07-20T18:23:47.871 INFO:teuthology.orchestra.run.smithi017.stdout:/usr/bin/ceph: stderr
2023-07-20T18:23:46.720+0000 7feec37fe700 1 -- 172.21.15.17:0/3457465983 learned_addr learned my addr 172.21.15.17:0/3457465983 (peer_addr_for_me v2:172.21.15.17:0/0)
2023-07-20T18:23:47.871 INFO:teuthology.orchestra.run.smithi017.stdout:/usr/bin/ceph: stderr
2023-07-20T18:23:46.720+0000 7feec37fe700 1 -- 172.21.15.17:0/3457465983 --> [v2:172.21.15.17:3300/0,v1:172.21.15.17:6789/0] -- mon_subscribe({config=0+,monmap=0+}) v3 -- 0x7feeb4009550 con 0x7feec41069e0
2023-07-20T18:23:47.871 INFO:teuthology.orchestra.run.smithi017.stdout:/usr/bin/ceph: stderr
2023-07-20T18:23:46.721+0000 7feec37fe700 1 --2- 172.21.15.17:0/3457465983 >> [v2:172.21.15.17:3300/0,v1:172.21.15.17:6789/0] conn(0x7feec41069e0 0x7feec4199c30 secure :-1 s=READY pgs=73 cs=0 l=1 rev1=1 crypto rx=0x7feeb4003e30 tx=0x7feeb40119a0 comp rx=0 tx=0).ready entity=mon.0 client_cookie=0 server_cookie=0 in_seq=0 out_seq=0
2023-07-20T18:23:47.871 INFO:teuthology.orchestra.run.smithi017.stdout:/usr/bin/ceph: stderr
2023-07-20T18:23:46.721+0000 7feec0ff9700 1 -- 172.21.15.17:0/3457465983 <== mon.0 v2:172.21.15.17:3300/0 1 ==== mon_map magic: 0 v1 ==== 205+0+0 (secure 0 0 0) 0x7feeb40036a0 con 0x7feec41069e0
2023-07-20T18:23:47.871 INFO:teuthology.orchestra.run.smithi017.stdout:/usr/bin/ceph: stderr
2023-07-20T18:23:46.721+0000 7feec0ff9700 1 -- 172.21.15.17:0/3457465983 <== mon.0 v2:172.21.15.17:3300/0 2 ==== config(25 keys) v1 ==== 1067+0+0 (secure 0 0 0) 0x7feeb401b440 con 0x7feec41069e0
2023-07-20T18:23:47.871 INFO:teuthology.orchestra.run.smithi017.stdout:/usr/bin/ceph: stderr
2023-07-20T18:23:46.721+0000 7feec9ebd700 1 -- 172.21.15.17:0/3457465983 --> [v2:172.21.15.17:3300/0,v1:172.21.15.17:6789/0] -- mon_subscribe({mgrmap=0+}) v3 -- 0x7feec419a370 con 0x7feec41069e0
2023-07-20T18:23:47.872 INFO:teuthology.orchestra.run.smithi017.stdout:/usr/bin/ceph: stderr
2023-07-20T18:23:46.721+0000 7feec0ff9700 1 -- 172.21.15.17:0/3457465983 <== mon.0 v2:172.21.15.17:3300/0 3 ==== mon_map magic: 0 v1 ==== 205+0+0 (secure 0 0 0) 0x7feeb4023400 con 0x7feec41069e0
2023-07-20T18:23:47.872 INFO:teuthology.orchestra.run.smithi017.stdout:/usr/bin/ceph: stderr
2023-07-20T18:23:46.721+0000 7feec9ebd700 1 -- 172.21.15.17:0/3457465983 --> [v2:172.21.15.17:3300/0,v1:172.21.15.17:6789/0] -- mon_subscribe({osdmap=0}) v3 -- 0x7feec419a790 con 0x7feec41069e0
2023-07-20T18:23:47.872 INFO:teuthology.orchestra.run.smithi017.stdout:/usr/bin/ceph: stderr
2023-07-20T18:23:46.722+0000 7feec0ff9700 1 -- 172.21.15.17:0/3457465983 <== mon.0 v2:172.21.15.17:3300/0 4 ==== mgrmap(e 12) v1 ==== 45496+0+0 (secure 0 0 0) 0x7feeb4003800 con 0x7feec41069e0
2023-07-20T18:23:47.872 INFO:teuthology.orchestra.run.smithi017.stdout:/usr/bin/ceph: stderr
2023-07-20T18:23:46.722+0000 7feec0ff9700 1 --2- 172.21.15.17:0/3457465983 >> [v2:172.21.15.17:6800/481473576,v1:172.21.15.17:6801/481473576] conn(0x7feeb0038760 0x7feeb003ac20 unknown :-1 s=NONE pgs=0 cs=0 l=1 rev1=0 crypto rx=0 tx=0 comp rx=0 tx=0).connect
2023-07-20T18:23:47.872 INFO:teuthology.orchestra.run.smithi017.stdout:/usr/bin/ceph: stderr
2023-07-20T18:23:46.722+0000 7feec0ff9700 1 -- 172.21.15.17:0/3457465983 <== mon.0 v2:172.21.15.17:3300/0 5 ==== osd_map(3..3 src has 1..3) v4 ==== 1155+0+0 (secure 0 0 0) 0x7feeb404c7e0 con 0x7feec41069e0
2023-07-20T18:23:47.872 INFO:teuthology.orchestra.run.smithi017.stdout:/usr/bin/ceph: stderr
2023-07-20T18:23:46.722+0000 7feec9ebd700 1 -- 172.21.15.17:0/3457465983 --> [v2:172.21.15.17:3300/0,v1:172.21.15.17:6789/0] -- mon_command({"prefix": "get_command_descriptions"} v 0) v1 -- 0x7feec410a090 con 0x7feec41069e0
2023-07-20T18:23:47.872 INFO:teuthology.orchestra.run.smithi017.stdout:/usr/bin/ceph: stderr
2023-07-20T18:23:46.722+0000 7feec2ffd700 1 --2- 172.21.15.17:0/3457465983 >> [v2:172.21.15.17:6800/481473576,v1:172.21.15.17:6801/481473576] conn(0x7feeb0038760 0x7feeb003ac20 unknown :-1 s=BANNER_CONNECTING pgs=0 cs=0 l=1 rev1=0 crypto rx=0 tx=0 comp rx=0 tx=0)._handle_peer_banner_payload supported=3 required=0
2023-07-20T18:23:47.873 INFO:teuthology.orchestra.run.smithi017.stdout:/usr/bin/ceph: stderr
2023-07-20T18:23:46.723+0000 7feec2ffd700 1 --2- 172.21.15.17:0/3457465983 >> [v2:172.21.15.17:6800/481473576,v1:172.21.15.17:6801/481473576] conn(0x7feeb0038760 0x7feeb003ac20 secure :-1 s=READY pgs=8 cs=0 l=1 rev1=1 crypto rx=0x7feeac006fd0 tx=0x7feeac006e40 comp rx=0 tx=0).ready entity=mgr.14152 client_cookie=0 server_cookie=0 in_seq=0 out_seq=0
2023-07-20T18:23:47.873 INFO:teuthology.orchestra.run.smithi017.stdout:/usr/bin/ceph: stderr
2023-07-20T18:23:46.727+0000 7feec0ff9700 1 -- 172.21.15.17:0/3457465983 <== mon.0 v2:172.21.15.17:3300/0 6 ==== mon_command_ack([{"prefix": "get_command_descriptions"}]=0 v0) v1 ==== 72+0+178025 (secure 0 0 0) 0x7feeb4019840 con 0x7feec41069e0
2023-07-20T18:23:47.873 INFO:teuthology.orchestra.run.smithi017.stdout:/usr/bin/ceph: stderr
2023-07-20T18:23:47.128+0000 7feec9ebd700 1 -- 172.21.15.17:0/3457465983 --> [v2:172.21.15.17:6800/481473576,v1:172.21.15.17:6801/481473576] -- mgr_command(tid 0: {"prefix": "dashboard ac-user-create", "username": "admin", "rolename": "administrator", "force_password": true, "pwd_update_required": true, "target": ["mon-mgr", ""]}) v1 -- 0x7feec4074010 con 0x7feeb0038760
2023-07-20T18:23:47.873 INFO:teuthology.orchestra.run.smithi017.stdout:/usr/bin/ceph: stderr
2023-07-20T18:23:47.376+0000 7feec0ff9700 1 -- 172.21.15.17:0/3457465983 <== mgr.14152 v2:172.21.15.17:6800/481473576 1 ==== mgr_command_reply(tid 0: 0 ) v1 ==== 8+0+252 (secure 0 0 0) 0x7feec4074010 con 0x7feeb0038760
2023-07-20T18:23:47.873 INFO:teuthology.orchestra.run.smithi017.stdout:/usr/bin/ceph: stderr
2023-07-20T18:23:47.378+0000 7feec9ebd700 1 -- 172.21.15.17:0/3457465983 >> [v2:172.21.15.17:6800/481473576,v1:172.21.15.17:6801/481473576] conn(0x7feeb0038760 msgr2=0x7feeb003ac20 secure :-1 s=STATE_CONNECTION_ESTABLISHED l=1).mark_down
2023-07-20T18:23:47.873 INFO:teuthology.orchestra.run.smithi017.stdout:/usr/bin/ceph: stderr
2023-07-20T18:23:47.378+0000 7feec9ebd700 1 --2- 172.21.15.17:0/3457465983 >> [v2:172.21.15.17:6800/481473576,v1:172.21.15.17:6801/481473576] conn(0x7feeb0038760 0x7feeb003ac20 secure :-1 s=READY pgs=8 cs=0 l=1 rev1=1 crypto rx=0x7feeac006fd0 tx=0x7feeac006e40 comp rx=0 tx=0).stop
2023-07-20T18:23:47.873 INFO:teuthology.orchestra.run.smithi017.stdout:/usr/bin/ceph: stderr
2023-07-20T18:23:47.378+0000 7feec9ebd700 1 -- 172.21.15.17:0/3457465983 >> [v2:172.21.15.17:3300/0,v1:172.21.15.17:6789/0] conn(0x7feec41069e0 msgr2=0x7feec4199c30 secure :-1 s=STATE_CONNECTION_ESTABLISHED l=1).mark_down
2023-07-20T18:23:47.873 INFO:teuthology.orchestra.run.smithi017.stdout:/usr/bin/ceph: stderr
2023-07-20T18:23:47.378+0000 7feec9ebd700 1 --2- 172.21.15.17:0/3457465983 >> [v2:172.21.15.17:3300/0,v1:172.21.15.17:6789/0] conn(0x7feec41069e0 0x7feec4199c30 secure :-1 s=READY pgs=73 cs=0 l=1 rev1=1 crypto rx=0x7feeb4003e30 tx=0x7feeb40119a0 comp rx=0 tx=0).stop
2023-07-20T18:23:47.874 INFO:teuthology.orchestra.run.smithi017.stdout:/usr/bin/ceph: stderr
2023-07-20T18:23:47.378+0000 7feec9ebd700 1 -- 172.21.15.17:0/3457465983 shutdown_connections
2023-07-20T18:23:47.874 INFO:teuthology.orchestra.run.smithi017.stdout:/usr/bin/ceph: stderr
2023-07-20T18:23:47.378+0000 7feec9ebd700 1 --2- 172.21.15.17:0/3457465983 >> [v2:172.21.15.17:6800/481473576,v1:172.21.15.17:6801/481473576] conn(0x7feeb0038760 0x7feeb003ac20 unknown :-1 s=CLOSED pgs=8 cs=0 l=1 rev1=1 crypto rx=0 tx=0 comp rx=0 tx=0).stop
2023-07-20T18:23:47.874 INFO:teuthology.orchestra.run.smithi017.stdout:/usr/bin/ceph: stderr
2023-07-20T18:23:47.379+0000 7feec9ebd700 1 --2- 172.21.15.17:0/3457465983 >> [v2:172.21.15.17:3300/0,v1:172.21.15.17:6789/0] conn(0x7feec41069e0 0x7feec4199c30 unknown :-1 s=CLOSED pgs=73 cs=0 l=1 rev1=1 crypto rx=0 tx=0 comp rx=0 tx=0).stop
2023-07-20T18:23:47.874 INFO:teuthology.orchestra.run.smithi017.stdout:/usr/bin/ceph: stderr
2023-07-20T18:23:47.379+0000 7feec9ebd700 1 -- 172.21.15.17:0/3457465983 >> 172.21.15.17:0/3457465983 conn(0x7feec4100410 msgr2=0x7feec4101b40 unknown :-1 s=STATE_NONE l=0).mark_down
2023-07-20T18:23:47.874 INFO:teuthology.orchestra.run.smithi017.stdout:/usr/bin/ceph: stderr
2023-07-20T18:23:47.379+0000 7feec9ebd700 1 -- 172.21.15.17:0/3457465983 shutdown_connections
2023-07-20T18:23:47.874 INFO:teuthology.orchestra.run.smithi017.stdout:/usr/bin/ceph: stderr
2023-07-20T18:23:47.379+0000 7feec9ebd700 1 -- 172.21.15.17:0/3457465983 wait complete.
2023-07-20T18:23:47.874 INFO:teuthology.orchestra.run.smithi017.stdout:Fetching dashboard port number...
2023-07-20T18:23:48.708 INFO:journalctl@ceph.mon.a.smithi017.stdout:Jul 20 18:23:48 smithi017 ceph-mon[96488]: from='client.14166 -' entity='client.admin' cmd=[{"prefix": "dashboard ac-user-create", "username": "admin", "rolename": "administrator", "force_password": true, "pwd_update_required": true, "target": ["mon-mgr", ""]}]: dispatch
2023-07-20T18:23:48.709 INFO:journalctl@ceph.mon.a.smithi017.stdout:Jul 20 18:23:48 smithi017 ceph-mon[96488]: from='mgr.14152 172.21.15.17:0/800106136' entity='mgr.x'
2023-07-20T18:23:49.110 INFO:teuthology.orchestra.run.smithi017.stdout:/usr/bin/ceph: stdout 8443
2023-07-20T18:23:49.111 INFO:teuthology.orchestra.run.smithi017.stdout:/usr/bin/ceph: stderr
2023-07-20T18:23:48.321+0000 7f9528866700 1 Processor -- start
