2023-07-20T18:23:23.104 INFO:journalctl@ceph.mgr.x.smithi017.stdout:Jul 20 18:23:22 smithi017 ceph-50ecbcc4-272a-11ee-9b34-001a4aab830c-mgr-x[96733]: | o.o+ +.B|
2023-07-20T18:23:23.104 INFO:journalctl@ceph.mgr.x.smithi017.stdout:Jul 20 18:23:22 smithi017 ceph-50ecbcc4-272a-11ee-9b34-001a4aab830c-mgr-x[96733]: | o. =...XB|
2023-07-20T18:23:23.104 INFO:journalctl@ceph.mgr.x.smithi017.stdout:Jul 20 18:23:22 smithi017 ceph-50ecbcc4-272a-11ee-9b34-001a4aab830c-mgr-x[96733]: | .o+ o==+O|
2023-07-20T18:23:23.104 INFO:journalctl@ceph.mgr.x.smithi017.stdout:Jul 20 18:23:22 smithi017 ceph-50ecbcc4-272a-11ee-9b34-001a4aab830c-mgr-x[96733]: +----[SHA256]-----+
2023-07-20T18:23:24.005 INFO:journalctl@ceph.mon.a.smithi017.stdout:Jul 20 18:23:23 smithi017 ceph-mon[96488]: from='client.14136 -' entity='client.admin' cmd=[{"prefix": "cephadm generate-key", "target": ["mon-mgr", ""]}]: dispatch
2023-07-20T18:23:24.005 INFO:journalctl@ceph.mon.a.smithi017.stdout:Jul 20 18:23:23 smithi017 ceph-mon[96488]: Generating ssh key...
2023-07-20T18:23:24.006 INFO:journalctl@ceph.mon.a.smithi017.stdout:Jul 20 18:23:23 smithi017 ceph-mon[96488]: from='mgr.14120 172.21.15.17:0/1627462558' entity='mgr.x'
2023-07-20T18:23:24.006 INFO:journalctl@ceph.mon.a.smithi017.stdout:Jul 20 18:23:23 smithi017 ceph-mon[96488]: from='mgr.14120 172.21.15.17:0/1627462558' entity='mgr.x'
2023-07-20T18:23:24.221 INFO:teuthology.orchestra.run.smithi017.stdout:/usr/bin/ceph: stdout ssh-rsa AAAAB3NzaC1yc2EAAAADAQABAAABgQDH8QqSPC9IimA88Px5NkZWUtf1OxWE0pb4QI9l75eqFUoLxrtZYPV6mNb/ZP5RgBsGXNGiLm4Ej1aQTO0mmDXBAGbpMjxMuNaBb3l7QPpxFfV/5x4qEu/Wp8wPCQQru67Ga9JRqOtN2jkyKaFRBCJ9SVi0y+2ptEv0Mgu7xhsgqw8CKmQlf9SwbPhir54a46nW6nsYYFMC9+1OltCW2Iq89S/1xhM5+q2d3qwEe0s9YP1LLRk6SWxFhW5djp5z2mvJ2nAjYbhF0FxdLWPAybTMibgn6XdhaMxV4PL51QuDLqPujfxsfPidVCycE60bTl9760O8TO7hrpyFPYX9hMZEYOdPEX+NyETgXlQtER3kxwDBHNZqoVYLJ1hsPu2RG/aRsQQSfZSZq052ibxqGEGvptMKhHNh3Q6QY+wTeWs8ZKbRNZCLrB+lT5n5uTeh+zlBdTEgkUIOCicdeXesavpy57CJvEhzID6iMJRvBa1PlH88Dsi/Tgrl7yE60VN7Kvc= ceph-50ecbcc4-272a-11ee-9b34-001a4aab830c
2023-07-20T18:23:24.222 INFO:teuthology.orchestra.run.smithi017.stdout:/usr/bin/ceph: stderr
2023-07-20T18:23:23.513+0000 7f0df239e700 1 Processor -- start
2023-07-20T18:23:24.222 INFO:teuthology.orchestra.run.smithi017.stdout:/usr/bin/ceph: stderr
2023-07-20T18:23:23.513+0000 7f0df239e700 1 -- start start
2023-07-20T18:23:24.222 INFO:teuthology.orchestra.run.smithi017.stdout:/usr/bin/ceph: stderr
2023-07-20T18:23:23.514+0000 7f0df239e700 1 --2- >> [v2:172.21.15.17:3300/0,v1:172.21.15.17:6789/0] conn(0x7f0dec104c70 0x7f0dec105090 unknown :-1 s=NONE pgs=0 cs=0 l=0 rev1=0 crypto rx=0 tx=0 comp rx=0 tx=0).connect
2023-07-20T18:23:24.222 INFO:teuthology.orchestra.run.smithi017.stdout:/usr/bin/ceph: stderr
2023-07-20T18:23:23.514+0000 7f0df239e700 1 -- --> [v2:172.21.15.17:3300/0,v1:172.21.15.17:6789/0] -- mon_getmap magic: 0 v1 -- 0x7f0dec105660 con 0x7f0dec104c70
2023-07-20T18:23:24.223 INFO:teuthology.orchestra.run.smithi017.stdout:/usr/bin/ceph: stderr
2023-07-20T18:23:23.514+0000 7f0df139c700 1 --2- >> [v2:172.21.15.17:3300/0,v1:172.21.15.17:6789/0] conn(0x7f0dec104c70 0x7f0dec105090 unknown :-1 s=BANNER_CONNECTING pgs=0 cs=0 l=0 rev1=0 crypto rx=0 tx=0 comp rx=0 tx=0)._handle_peer_banner_payload supported=3 required=0
2023-07-20T18:23:24.223 INFO:teuthology.orchestra.run.smithi017.stdout:/usr/bin/ceph: stderr
2023-07-20T18:23:23.514+0000 7f0df139c700 1 --2- >> [v2:172.21.15.17:3300/0,v1:172.21.15.17:6789/0] conn(0x7f0dec104c70 0x7f0dec105090 unknown :-1 s=HELLO_CONNECTING pgs=0 cs=0 l=0 rev1=1 crypto rx=0 tx=0 comp rx=0 tx=0).handle_hello peer v2:172.21.15.17:3300/0 says I am v2:172.21.15.17:48736/0 (socket says 172.21.15.17:48736)
2023-07-20T18:23:24.223 INFO:teuthology.orchestra.run.smithi017.stdout:/usr/bin/ceph: stderr
2023-07-20T18:23:23.514+0000 7f0df139c700 1 -- 172.21.15.17:0/1273256126 learned_addr learned my addr 172.21.15.17:0/1273256126 (peer_addr_for_me v2:172.21.15.17:0/0)
2023-07-20T18:23:24.223 INFO:teuthology.orchestra.run.smithi017.stdout:/usr/bin/ceph: stderr
2023-07-20T18:23:23.514+0000 7f0df139c700 1 -- 172.21.15.17:0/1273256126 --> [v2:172.21.15.17:3300/0,v1:172.21.15.17:6789/0] -- mon_subscribe({config=0+,monmap=0+}) v3 -- 0x7f0dec105e70 con 0x7f0dec104c70
2023-07-20T18:23:24.223 INFO:teuthology.orchestra.run.smithi017.stdout:/usr/bin/ceph: stderr
2023-07-20T18:23:23.514+0000 7f0df139c700 1 --2- 172.21.15.17:0/1273256126 >> [v2:172.21.15.17:3300/0,v1:172.21.15.17:6789/0] conn(0x7f0dec104c70 0x7f0dec105090 secure :-1 s=READY pgs=43 cs=0 l=1 rev1=1 crypto rx=0x7f0de80098a0 tx=0x7f0de8009bb0 comp rx=0 tx=0).ready entity=mon.0 client_cookie=c15805236e15bbed server_cookie=0 in_seq=0 out_seq=0
2023-07-20T18:23:24.223 INFO:teuthology.orchestra.run.smithi017.stdout:/usr/bin/ceph: stderr
2023-07-20T18:23:23.514+0000 7f0de3fff700 1 -- 172.21.15.17:0/1273256126 <== mon.0 v2:172.21.15.17:3300/0 1 ==== mon_map magic: 0 v1 ==== 205+0+0 (secure 0 0 0) 0x7f0de8004160 con 0x7f0dec104c70
2023-07-20T18:23:24.224 INFO:teuthology.orchestra.run.smithi017.stdout:/usr/bin/ceph: stderr
2023-07-20T18:23:23.514+0000 7f0de3fff700 1 -- 172.21.15.17:0/1273256126 <== mon.0 v2:172.21.15.17:3300/0 2 ==== config(25 keys) v1 ==== 1036+0+0 (secure 0 0 0) 0x7f0de80042c0 con 0x7f0dec104c70
2023-07-20T18:23:24.224 INFO:teuthology.orchestra.run.smithi017.stdout:/usr/bin/ceph: stderr
2023-07-20T18:23:23.514+0000 7f0de3fff700 1 -- 172.21.15.17:0/1273256126 <== mon.0 v2:172.21.15.17:3300/0 3 ==== mon_map magic: 0 v1 ==== 205+0+0 (secure 0 0 0) 0x7f0de8011940 con 0x7f0dec104c70
2023-07-20T18:23:24.224 INFO:teuthology.orchestra.run.smithi017.stdout:/usr/bin/ceph: stderr
2023-07-20T18:23:23.515+0000 7f0df239e700 1 -- 172.21.15.17:0/1273256126 >> [v2:172.21.15.17:3300/0,v1:172.21.15.17:6789/0] conn(0x7f0dec104c70 msgr2=0x7f0dec105090 secure :-1 s=STATE_CONNECTION_ESTABLISHED l=1).mark_down
2023-07-20T18:23:24.224 INFO:teuthology.orchestra.run.smithi017.stdout:/usr/bin/ceph: stderr
2023-07-20T18:23:23.515+0000 7f0df239e700 1 --2- 172.21.15.17:0/1273256126 >> [v2:172.21.15.17:3300/0,v1:172.21.15.17:6789/0] conn(0x7f0dec104c70 0x7f0dec105090 secure :-1 s=READY pgs=43 cs=0 l=1 rev1=1 crypto rx=0x7f0de80098a0 tx=0x7f0de8009bb0 comp rx=0 tx=0).stop
2023-07-20T18:23:24.224 INFO:teuthology.orchestra.run.smithi017.stdout:/usr/bin/ceph: stderr
2023-07-20T18:23:23.515+0000 7f0df239e700 1 -- 172.21.15.17:0/1273256126 shutdown_connections
2023-07-20T18:23:24.225 INFO:teuthology.orchestra.run.smithi017.stdout:/usr/bin/ceph: stderr
2023-07-20T18:23:23.515+0000 7f0df239e700 1 --2- 172.21.15.17:0/1273256126 >> [v2:172.21.15.17:3300/0,v1:172.21.15.17:6789/0] conn(0x7f0dec104c70 0x7f0dec105090 unknown :-1 s=CLOSED pgs=43 cs=0 l=1 rev1=1 crypto rx=0 tx=0 comp rx=0 tx=0).stop
2023-07-20T18:23:24.225 INFO:teuthology.orchestra.run.smithi017.stdout:/usr/bin/ceph: stderr
2023-07-20T18:23:23.515+0000 7f0df239e700 1 -- 172.21.15.17:0/1273256126 >> 172.21.15.17:0/1273256126 conn(0x7f0dec100210 msgr2=0x7f0dec102650 unknown :-1 s=STATE_NONE l=0).mark_down
2023-07-20T18:23:24.225 INFO:teuthology.orchestra.run.smithi017.stdout:/usr/bin/ceph: stderr
2023-07-20T18:23:23.515+0000 7f0df239e700 1 -- 172.21.15.17:0/1273256126 shutdown_connections
2023-07-20T18:23:24.225 INFO:teuthology.orchestra.run.smithi017.stdout:/usr/bin/ceph: stderr
2023-07-20T18:23:23.515+0000 7f0df239e700 1 -- 172.21.15.17:0/1273256126 wait complete.
2023-07-20T18:23:24.225 INFO:teuthology.orchestra.run.smithi017.stdout:/usr/bin/ceph: stderr
2023-07-20T18:23:23.516+0000 7f0df239e700 1 Processor -- start
2023-07-20T18:23:24.226 INFO:teuthology.orchestra.run.smithi017.stdout:/usr/bin/ceph: stderr
2023-07-20T18:23:23.516+0000 7f0df239e700 1 -- start start
2023-07-20T18:23:24.226 INFO:teuthology.orchestra.run.smithi017.stdout:/usr/bin/ceph: stderr
2023-07-20T18:23:23.516+0000 7f0df239e700 1 --2- >> [v2:172.21.15.17:3300/0,v1:172.21.15.17:6789/0] conn(0x7f0dec104c70 0x7f0dec1999a0 unknown :-1 s=NONE pgs=0 cs=0 l=1 rev1=0 crypto rx=0 tx=0 comp rx=0 tx=0).connect
2023-07-20T18:23:24.226 INFO:teuthology.orchestra.run.smithi017.stdout:/usr/bin/ceph: stderr
2023-07-20T18:23:23.516+0000 7f0df239e700 1 -- --> [v2:172.21.15.17:3300/0,v1:172.21.15.17:6789/0] -- mon_getmap magic: 0 v1 -- 0x7f0dec199ee0 con 0x7f0dec104c70
2023-07-20T18:23:24.226 INFO:teuthology.orchestra.run.smithi017.stdout:/usr/bin/ceph: stderr
2023-07-20T18:23:23.516+0000 7f0df139c700 1 --2- >> [v2:172.21.15.17:3300/0,v1:172.21.15.17:6789/0] conn(0x7f0dec104c70 0x7f0dec1999a0 unknown :-1 s=BANNER_CONNECTING pgs=0 cs=0 l=1 rev1=0 crypto rx=0 tx=0 comp rx=0 tx=0)._handle_peer_banner_payload supported=3 required=0
2023-07-20T18:23:24.226 INFO:teuthology.orchestra.run.smithi017.stdout:/usr/bin/ceph: stderr
2023-07-20T18:23:23.516+0000 7f0df139c700 1 --2- >> [v2:172.21.15.17:3300/0,v1:172.21.15.17:6789/0] conn(0x7f0dec104c70 0x7f0dec1999a0 unknown :-1 s=HELLO_CONNECTING pgs=0 cs=0 l=1 rev1=1 crypto rx=0 tx=0 comp rx=0 tx=0).handle_hello peer v2:172.21.15.17:3300/0 says I am v2:172.21.15.17:48738/0 (socket says 172.21.15.17:48738)
2023-07-20T18:23:24.227 INFO:teuthology.orchestra.run.smithi017.stdout:/usr/bin/ceph: stderr
2023-07-20T18:23:23.516+0000 7f0df139c700 1 -- 172.21.15.17:0/1647069719 learned_addr learned my addr 172.21.15.17:0/1647069719 (peer_addr_for_me v2:172.21.15.17:0/0)
2023-07-20T18:23:24.227 INFO:teuthology.orchestra.run.smithi017.stdout:/usr/bin/ceph: stderr
2023-07-20T18:23:23.517+0000 7f0df139c700 1 -- 172.21.15.17:0/1647069719 --> [v2:172.21.15.17:3300/0,v1:172.21.15.17:6789/0] -- mon_subscribe({config=0+,monmap=0+}) v3 -- 0x7f0de8009550 con 0x7f0dec104c70
2023-07-20T18:23:24.227 INFO:teuthology.orchestra.run.smithi017.stdout:/usr/bin/ceph: stderr
2023-07-20T18:23:23.517+0000 7f0df139c700 1 --2- 172.21.15.17:0/1647069719 >> [v2:172.21.15.17:3300/0,v1:172.21.15.17:6789/0] conn(0x7f0dec104c70 0x7f0dec1999a0 secure :-1 s=READY pgs=44 cs=0 l=1 rev1=1 crypto rx=0x7f0de8000c00 tx=0x7f0de8011e70 comp rx=0 tx=0).ready entity=mon.0 client_cookie=0 server_cookie=0 in_seq=0 out_seq=0
2023-07-20T18:23:24.227 INFO:teuthology.orchestra.run.smithi017.stdout:/usr/bin/ceph: stderr
2023-07-20T18:23:23.517+0000 7f0de27fc700 1 -- 172.21.15.17:0/1647069719 <== mon.0 v2:172.21.15.17:3300/0 1 ==== mon_map magic: 0 v1 ==== 205+0+0 (secure 0 0 0) 0x7f0de80036a0 con 0x7f0dec104c70
2023-07-20T18:23:24.227 INFO:teuthology.orchestra.run.smithi017.stdout:/usr/bin/ceph: stderr
2023-07-20T18:23:23.517+0000 7f0de27fc700 1 -- 172.21.15.17:0/1647069719 <== mon.0 v2:172.21.15.17:3300/0 2 ==== config(25 keys) v1 ==== 1036+0+0 (secure 0 0 0) 0x7f0de8003c70 con 0x7f0dec104c70
2023-07-20T18:23:24.227 INFO:teuthology.orchestra.run.smithi017.stdout:/usr/bin/ceph: stderr
2023-07-20T18:23:23.517+0000 7f0df239e700 1 -- 172.21.15.17:0/1647069719 --> [v2:172.21.15.17:3300/0,v1:172.21.15.17:6789/0] -- mon_subscribe({mgrmap=0+}) v3 -- 0x7f0dec19a0e0 con 0x7f0dec104c70
2023-07-20T18:23:24.228 INFO:teuthology.orchestra.run.smithi017.stdout:/usr/bin/ceph: stderr
2023-07-20T18:23:23.517+0000 7f0de27fc700 1 -- 172.21.15.17:0/1647069719 <== mon.0 v2:172.21.15.17:3300/0 3 ==== mon_map magic: 0 v1 ==== 205+0+0 (secure 0 0 0) 0x7f0de80193f0 con 0x7f0dec104c70
2023-07-20T18:23:24.228 INFO:teuthology.orchestra.run.smithi017.stdout:/usr/bin/ceph: stderr
2023-07-20T18:23:23.517+0000 7f0df239e700 1 -- 172.21.15.17:0/1647069719 --> [v2:172.21.15.17:3300/0,v1:172.21.15.17:6789/0] -- mon_subscribe({osdmap=0}) v3 -- 0x7f0dec19a500 con 0x7f0dec104c70
2023-07-20T18:23:24.228 INFO:teuthology.orchestra.run.smithi017.stdout:/usr/bin/ceph: stderr
2023-07-20T18:23:23.518+0000 7f0de27fc700 1 -- 172.21.15.17:0/1647069719 <== mon.0 v2:172.21.15.17:3300/0 4 ==== mgrmap(e 8) v1 ==== 45483+0+0 (secure 0 0 0) 0x7f0de801b440 con 0x7f0dec104c70
2023-07-20T18:23:24.228 INFO:teuthology.orchestra.run.smithi017.stdout:/usr/bin/ceph: stderr
2023-07-20T18:23:23.518+0000 7f0df239e700 1 -- 172.21.15.17:0/1647069719 --> [v2:172.21.15.17:3300/0,v1:172.21.15.17:6789/0] -- mon_command({"prefix": "get_command_descriptions"} v 0) v1 -- 0x7f0dec061da0 con 0x7f0dec104c70
2023-07-20T18:23:24.228 INFO:teuthology.orchestra.run.smithi017.stdout:/usr/bin/ceph: stderr
2023-07-20T18:23:23.518+0000 7f0de27fc700 1 --2- 172.21.15.17:0/1647069719 >> [v2:172.21.15.17:6800/4243568055,v1:172.21.15.17:6801/4243568055] conn(0x7f0dd8038760 0x7f0dd803ac20 unknown :-1 s=NONE pgs=0 cs=0 l=1 rev1=0 crypto rx=0 tx=0 comp rx=0 tx=0).connect
2023-07-20T18:23:24.229 INFO:teuthology.orchestra.run.smithi017.stdout:/usr/bin/ceph: stderr
2023-07-20T18:23:23.518+0000 7f0de27fc700 1 -- 172.21.15.17:0/1647069719 <== mon.0 v2:172.21.15.17:3300/0 5 ==== osd_map(2..2 src has 1..2) v4 ==== 940+0+0 (secure 0 0 0) 0x7f0de804c510 con 0x7f0dec104c70
2023-07-20T18:23:24.229 INFO:teuthology.orchestra.run.smithi017.stdout:/usr/bin/ceph: stderr
2023-07-20T18:23:23.518+0000 7f0df0b9b700 1 --2- 172.21.15.17:0/1647069719 >> [v2:172.21.15.17:6800/4243568055,v1:172.21.15.17:6801/4243568055] conn(0x7f0dd8038760 0x7f0dd803ac20 unknown :-1 s=BANNER_CONNECTING pgs=0 cs=0 l=1 rev1=0 crypto rx=0 tx=0 comp rx=0 tx=0)._handle_peer_banner_payload supported=3 required=0
2023-07-20T18:23:24.229 INFO:teuthology.orchestra.run.smithi017.stdout:/usr/bin/ceph: stderr
2023-07-20T18:23:23.519+0000 7f0df0b9b700 1 --2- 172.21.15.17:0/1647069719 >> [v2:172.21.15.17:6800/4243568055,v1:172.21.15.17:6801/4243568055] conn(0x7f0dd8038760 0x7f0dd803ac20 secure :-1 s=READY pgs=10 cs=0 l=1 rev1=1 crypto rx=0x7f0ddc006fd0 tx=0x7f0ddc006e40 comp rx=0 tx=0).ready entity=mgr.14120 client_cookie=0 server_cookie=0 in_seq=0 out_seq=0
2023-07-20T18:23:24.229 INFO:teuthology.orchestra.run.smithi017.stdout:/usr/bin/ceph: stderr
2023-07-20T18:23:23.523+0000 7f0de27fc700 1 -- 172.21.15.17:0/1647069719 <== mon.0 v2:172.21.15.17:3300/0 6 ==== mon_command_ack([{"prefix": "get_command_descriptions"}]=0 v0) v1 ==== 72+0+178025 (secure 0 0 0) 0x7f0de8022950 con 0x7f0dec104c70
2023-07-20T18:23:24.229 INFO:teuthology.orchestra.run.smithi017.stdout:/usr/bin/ceph: stderr
2023-07-20T18:23:23.882+0000 7f0df239e700 1 -- 172.21.15.17:0/1647069719 --> [v2:172.21.15.17:6800/4243568055,v1:172.21.15.17:6801/4243568055] -- mgr_command(tid 0: {"prefix": "cephadm get-pub-key", "target": ["mon-mgr", ""]}) v1 -- 0x7f0dec102390 con 0x7f0dd8038760
2023-07-20T18:23:24.230 INFO:teuthology.orchestra.run.smithi017.stdout:/usr/bin/ceph: stderr
2023-07-20T18:23:23.883+0000 7f0de27fc700 1 -- 172.21.15.17:0/1647069719 <== mgr.14120 v2:172.21.15.17:6800/4243568055 1 ==== mgr_command_reply(tid 0: 0 ) v1 ==== 8+0+595 (secure 0 0 0) 0x7f0dec102390 con 0x7f0dd8038760
2023-07-20T18:23:24.230 INFO:teuthology.orchestra.run.smithi017.stdout:/usr/bin/ceph: stderr
2023-07-20T18:23:23.886+0000 7f0df239e700 1 -- 172.21.15.17:0/1647069719 >> [v2:172.21.15.17:6800/4243568055,v1:172.21.15.17:6801/4243568055] conn(0x7f0dd8038760 msgr2=0x7f0dd803ac20 secure :-1 s=STATE_CONNECTION_ESTABLISHED l=1).mark_down
2023-07-20T18:23:24.230 INFO:teuthology.orchestra.run.smithi017.stdout:/usr/bin/ceph: stderr
2023-07-20T18:23:23.886+0000 7f0df239e700 1 --2- 172.21.15.17:0/1647069719 >> [v2:172.21.15.17:6800/4243568055,v1:172.21.15.17:6801/4243568055] conn(0x7f0dd8038760 0x7f0dd803ac20 secure :-1 s=READY pgs=10 cs=0 l=1 rev1=1 crypto rx=0x7f0ddc006fd0 tx=0x7f0ddc006e40 comp rx=0 tx=0).stop
2023-07-20T18:23:24.230 INFO:teuthology.orchestra.run.smithi017.stdout:/usr/bin/ceph: stderr
2023-07-20T18:23:23.886+0000 7f0df239e700 1 -- 172.21.15.17:0/1647069719 >> [v2:172.21.15.17:3300/0,v1:172.21.15.17:6789/0] conn(0x7f0dec104c70 msgr2=0x7f0dec1999a0 secure :-1 s=STATE_CONNECTION_ESTABLISHED l=1).mark_down
2023-07-20T18:23:24.230 INFO:teuthology.orchestra.run.smithi017.stdout:/usr/bin/ceph: stderr
2023-07-20T18:23:23.886+0000 7f0df239e700 1 --2- 172.21.15.17:0/1647069719 >> [v2:172.21.15.17:3300/0,v1:172.21.15.17:6789/0] conn(0x7f0dec104c70 0x7f0dec1999a0 secure :-1 s=READY pgs=44 cs=0 l=1 rev1=1 crypto rx=0x7f0de8000c00 tx=0x7f0de8011e70 comp rx=0 tx=0).stop
2023-07-20T18:23:24.231 INFO:teuthology.orchestra.run.smithi017.stdout:/usr/bin/ceph: stderr
2023-07-20T18:23:23.886+0000 7f0df239e700 1 -- 172.21.15.17:0/1647069719 shutdown_connections
2023-07-20T18:23:24.231 INFO:teuthology.orchestra.run.smithi017.stdout:/usr/bin/ceph: stderr
2023-07-20T18:23:23.886+0000 7f0df239e700 1 --2- 172.21.15.17:0/1647069719 >> [v2:172.21.15.17:6800/4243568055,v1:172.21.15.17:6801/4243568055] conn(0x7f0dd8038760 0x7f0dd803ac20 unknown :-1 s=CLOSED pgs=10 cs=0 l=1 rev1=1 crypto rx=0 tx=0 comp rx=0 tx=0).stop
2023-07-20T18:23:24.231 INFO:teuthology.orchestra.run.smithi017.stdout:/usr/bin/ceph: stderr
2023-07-20T18:23:23.886+0000 7f0df239e700 1 --2- 172.21.15.17:0/1647069719 >> [v2:172.21.15.17:3300/0,v1:172.21.15.17:6789/0] conn(0x7f0dec104c70 0x7f0dec1999a0 unknown :-1 s=CLOSED pgs=44 cs=0 l=1 rev1=1 crypto rx=0 tx=0 comp rx=0 tx=0).stop
2023-07-20T18:23:24.231 INFO:teuthology.orchestra.run.smithi017.stdout:/usr/bin/ceph: stderr
2023-07-20T18:23:23.886+0000 7f0df239e700 1 -- 172.21.15.17:0/1647069719 >> 172.21.15.17:0/1647069719 conn(0x7f0dec100210 msgr2=0x7f0dec0798c0 unknown :-1 s=STATE_NONE l=0).mark_down
2023-07-20T18:23:24.231 INFO:teuthology.orchestra.run.smithi017.stdout:/usr/bin/ceph: stderr
2023-07-20T18:23:23.886+0000 7f0df239e700 1 -- 172.21.15.17:0/1647069719 shutdown_connections
2023-07-20T18:23:24.231 INFO:teuthology.orchestra.run.smithi017.stdout:/usr/bin/ceph: stderr
2023-07-20T18:23:23.886+0000 7f0df239e700 1 -- 172.21.15.17:0/1647069719 wait complete.
2023-07-20T18:23:24.232 INFO:teuthology.orchestra.run.smithi017.stdout:Wrote public SSH key to /home/ubuntu/cephtest/ceph.pub
2023-07-20T18:23:24.232 INFO:teuthology.orchestra.run.smithi017.stdout:Adding key to root@localhost authorized_keys...
2023-07-20T18:23:24.232 INFO:teuthology.orchestra.run.smithi017.stdout:Adding host smithi017...
2023-07-20T18:23:25.067 INFO:journalctl@ceph.mon.a.smithi017.stdout:Jul 20 18:23:24 smithi017 ceph-mon[96488]: from='client.14138 -' entity='client.admin' cmd=[{"prefix": "cephadm get-pub-key", "target": ["mon-mgr", ""]}]: dispatch
2023-07-20T18:23:26.708 INFO:journalctl@ceph.mon.a.smithi017.stdout:Jul 20 18:23:26 smithi017 ceph-mon[96488]: from='client.14140 -' entity='client.admin' cmd=[{"prefix": "orch host add", "hostname": "smithi017", "addr": "172.21.15.17", "target": ["mon-mgr", ""]}]: dispatch
2023-07-20T18:23:26.708 INFO:journalctl@ceph.mon.a.smithi017.stdout:Jul 20 18:23:26 smithi017 ceph-mon[96488]: Deploying cephadm binary to smithi017
2023-07-20T18:23:28.175 INFO:teuthology.orchestra.run.smithi017.stdout:/usr/bin/ceph: stdout Added host 'smithi017' with addr '172.21.15.17'
2023-07-20T18:23:28.176 INFO:teuthology.orchestra.run.smithi017.stdout:/usr/bin/ceph: stderr
2023-07-20T18:23:24.668+0000 7f6588bb3700 1 Processor -- start
2023-07-20T18:23:28.176 INFO:teuthology.orchestra.run.smithi017.stdout:/usr/bin/ceph: stderr
2023-07-20T18:23:24.668+0000 7f6588bb3700 1 -- start start
2023-07-20T18:23:28.176 INFO:teuthology.orchestra.run.smithi017.stdout:/usr/bin/ceph: stderr
2023-07-20T18:23:24.668+0000 7f6588bb3700 1 --2- >> [v2:172.21.15.17:3300/0,v1:172.21.15.17:6789/0] conn(0x7f6584106980 0x7f6584108d70 unknown :-1 s=NONE pgs=0 cs=0 l=0 rev1=0 crypto rx=0 tx=0 comp rx=0 tx=0).connect
2023-07-20T18:23:28.176 INFO:teuthology.orchestra.run.smithi017.stdout:/usr/bin/ceph: stderr
2023-07-20T18:23:24.668+0000 7f6588bb3700 1 -- --> [v2:172.21.15.17:3300/0,v1:172.21.15.17:6789/0] -- mon_getmap magic: 0 v1 -- 0x7f6584061a90 con 0x7f6584106980
2023-07-20T18:23:28.177 INFO:teuthology.orchestra.run.smithi017.stdout:/usr/bin/ceph: stderr
2023-07-20T18:23:24.668+0000 7f658259c700 1 --2- >> [v2:172.21.15.17:3300/0,v1:172.21.15.17:6789/0] conn(0x7f6584106980 0x7f6584108d70 unknown :-1 s=BANNER_CONNECTING pgs=0 cs=0 l=0 rev1=0 crypto rx=0 tx=0 comp rx=0 tx=0)._handle_peer_banner_payload supported=3 required=0
2023-07-20T18:23:28.177 INFO:teuthology.orchestra.run.smithi017.stdout:/usr/bin/ceph: stderr
2023-07-20T18:23:24.668+0000 7f658259c700 1 --2- >> [v2:172.21.15.17:3300/0,v1:172.21.15.17:6789/0] conn(0x7f6584106980 0x7f6584108d70 unknown :-1 s=HELLO_CONNECTING pgs=0 cs=0 l=0 rev1=1 crypto rx=0 tx=0 comp rx=0 tx=0).handle_hello peer v2:172.21.15.17:3300/0 says I am v2:172.21.15.17:48742/0 (socket says 172.21.15.17:48742)
2023-07-20T18:23:28.177 INFO:teuthology.orchestra.run.smithi017.stdout:/usr/bin/ceph: stderr
2023-07-20T18:23:24.668+0000 7f658259c700 1 -- 172.21.15.17:0/2006900679 learned_addr learned my addr 172.21.15.17:0/2006900679 (peer_addr_for_me v2:172.21.15.17:0/0)
2023-07-20T18:23:28.177 INFO:teuthology.orchestra.run.smithi017.stdout:/usr/bin/ceph: stderr
2023-07-20T18:23:24.668+0000 7f658259c700 1 -- 172.21.15.17:0/2006900679 --> [v2:172.21.15.17:3300/0,v1:172.21.15.17:6789/0] -- mon_subscribe({config=0+,monmap=0+}) v3 -- 0x7f65841092b0 con 0x7f6584106980
2023-07-20T18:23:28.177 INFO:teuthology.orchestra.run.smithi017.stdout:/usr/bin/ceph: stderr
2023-07-20T18:23:24.669+0000 7f658259c700 1 --2- 172.21.15.17:0/2006900679 >> [v2:172.21.15.17:3300/0,v1:172.21.15.17:6789/0] conn(0x7f6584106980 0x7f6584108d70 secure :-1 s=READY pgs=45 cs=0 l=1 rev1=1 crypto rx=0x7f65740098a0 tx=0x7f6574009bb0 comp rx=0 tx=0).ready entity=mon.0 client_cookie=becf7329cfe8990e server_cookie=0 in_seq=0 out_seq=0
2023-07-20T18:23:28.177 INFO:teuthology.orchestra.run.smithi017.stdout:/usr/bin/ceph: stderr
2023-07-20T18:23:24.669+0000 7f658159a700 1 -- 172.21.15.17:0/2006900679 <== mon.0 v2:172.21.15.17:3300/0 1 ==== mon_map magic: 0 v1 ==== 205+0+0 (secure 0 0 0) 0x7f6574004160 con 0x7f6584106980
2023-07-20T18:23:28.178 INFO:teuthology.orchestra.run.smithi017.stdout:/usr/bin/ceph: stderr
2023-07-20T18:23:24.669+0000 7f658159a700 1 -- 172.21.15.17:0/2006900679 <== mon.0 v2:172.21.15.17:3300/0 2 ==== config(25 keys) v1 ==== 1036+0+0 (secure 0 0 0) 0x7f65740042c0 con 0x7f6584106980
2023-07-20T18:23:28.178 INFO:teuthology.orchestra.run.smithi017.stdout:/usr/bin/ceph: stderr
2023-07-20T18:23:24.669+0000 7f658159a700 1 -- 172.21.15.17:0/2006900679 <== mon.0 v2:172.21.15.17:3300/0 3 ==== mon_map magic: 0 v1 ==== 205+0+0 (secure 0 0 0) 0x7f6574011940 con 0x7f6584106980
2023-07-20T18:23:28.178 INFO:teuthology.orchestra.run.smithi017.stdout:/usr/bin/ceph: stderr
2023-07-20T18:23:24.669+0000 7f6588bb3700 1 -- 172.21.15.17:0/2006900679 >> [v2:172.21.15.17:3300/0,v1:172.21.15.17:6789/0] conn(0x7f6584106980 msgr2=0x7f6584108d70 secure :-1 s=STATE_CONNECTION_ESTABLISHED l=1).mark_down
2023-07-20T18:23:28.178 INFO:teuthology.orchestra.run.smithi017.stdout:/usr/bin/ceph: stderr
2023-07-20T18:23:24.669+0000 7f6588bb3700 1 --2- 172.21.15.17:0/2006900679 >> [v2:172.21.15.17:3300/0,v1:172.21.15.17:6789/0] conn(0x7f6584106980 0x7f6584108d70 secure :-1 s=READY pgs=45 cs=0 l=1 rev1=1 crypto rx=0x7f65740098a0 tx=0x7f6574009bb0 comp rx=0 tx=0).stop
2023-07-20T18:23:28.178 INFO:teuthology.orchestra.run.smithi017.stdout:/usr/bin/ceph: stderr
2023-07-20T18:23:24.669+0000 7f6588bb3700 1 -- 172.21.15.17:0/2006900679 shutdown_connections
2023-07-20T18:23:28.178 INFO:teuthology.orchestra.run.smithi017.stdout:/usr/bin/ceph: stderr
2023-07-20T18:23:24.669+0000 7f6588bb3700 1 --2- 172.21.15.17:0/2006900679 >> [v2:172.21.15.17:3300/0,v1:172.21.15.17:6789/0] conn(0x7f6584106980 0x7f6584108d70 unknown :-1 s=CLOSED pgs=45 cs=0 l=1 rev1=1 crypto rx=0 tx=0 comp rx=0 tx=0).stop
2023-07-20T18:23:28.179 INFO:teuthology.orchestra.run.smithi017.stdout:/usr/bin/ceph: stderr
2023-07-20T18:23:24.670+0000 7f6588bb3700 1 -- 172.21.15.17:0/2006900679 >> 172.21.15.17:0/2006900679 conn(0x7f65841003d0 msgr2=0x7f65841027f0 unknown :-1 s=STATE_NONE l=0).mark_down
2023-07-20T18:23:28.179 INFO:teuthology.orchestra.run.smithi017.stdout:/usr/bin/ceph: stderr
2023-07-20T18:23:24.670+0000 7f6588bb3700 1 -- 172.21.15.17:0/2006900679 shutdown_connections
2023-07-20T18:23:28.179 INFO:teuthology.orchestra.run.smithi017.stdout:/usr/bin/ceph: stderr
2023-07-20T18:23:24.670+0000 7f6588bb3700 1 -- 172.21.15.17:0/2006900679 wait complete.
2023-07-20T18:23:28.179 INFO:teuthology.orchestra.run.smithi017.stdout:/usr/bin/ceph: stderr
2023-07-20T18:23:24.670+0000 7f6588bb3700 1 Processor -- start
2023-07-20T18:23:28.180 INFO:teuthology.orchestra.run.smithi017.stdout:/usr/bin/ceph: stderr
2023-07-20T18:23:24.670+0000 7f6588bb3700 1 -- start start
2023-07-20T18:23:28.180 INFO:teuthology.orchestra.run.smithi017.stdout:/usr/bin/ceph: stderr
2023-07-20T18:23:24.670+0000 7f6588bb3700 1 --2- >> [v2:172.21.15.17:3300/0,v1:172.21.15.17:6789/0] conn(0x7f6584106980 0x7f65841062e0 unknown :-1 s=NONE pgs=0 cs=0 l=1 rev1=0 crypto rx=0 tx=0 comp rx=0 tx=0).connect
2023-07-20T18:23:28.180 INFO:teuthology.orchestra.run.smithi017.stdout:/usr/bin/ceph: stderr
2023-07-20T18:23:24.670+0000 7f6588bb3700 1 -- --> [v2:172.21.15.17:3300/0,v1:172.21.15.17:6789/0] -- mon_getmap magic: 0 v1 -- 0x7f6584106820 con 0x7f6584106980
2023-07-20T18:23:28.180 INFO:teuthology.orchestra.run.smithi017.stdout:/usr/bin/ceph: stderr
2023-07-20T18:23:24.671+0000 7f658259c700 1 --2- >> [v2:172.21.15.17:3300/0,v1:172.21.15.17:6789/0] conn(0x7f6584106980 0x7f65841062e0 unknown :-1 s=BANNER_CONNECTING pgs=0 cs=0 l=1 rev1=0 crypto rx=0 tx=0 comp rx=0 tx=0)._handle_peer_banner_payload supported=3 required=0
2023-07-20T18:23:28.180 INFO:teuthology.orchestra.run.smithi017.stdout:/usr/bin/ceph: stderr
2023-07-20T18:23:24.671+0000 7f658259c700 1 --2- >> [v2:172.21.15.17:3300/0,v1:172.21.15.17:6789/0] conn(0x7f6584106980 0x7f65841062e0 unknown :-1 s=HELLO_CONNECTING pgs=0 cs=0 l=1 rev1=1 crypto rx=0 tx=0 comp rx=0 tx=0).handle_hello peer v2:172.21.15.17:3300/0 says I am v2:172.21.15.17:48744/0 (socket says 172.21.15.17:48744)
2023-07-20T18:23:28.180 INFO:teuthology.orchestra.run.smithi017.stdout:/usr/bin/ceph: stderr
2023-07-20T18:23:24.671+0000 7f658259c700 1 -- 172.21.15.17:0/3940946292 learned_addr learned my addr 172.21.15.17:0/3940946292 (peer_addr_for_me v2:172.21.15.17:0/0)
2023-07-20T18:23:28.181 INFO:teuthology.orchestra.run.smithi017.stdout:/usr/bin/ceph: stderr
2023-07-20T18:23:24.671+0000 7f658259c700 1 -- 172.21.15.17:0/3940946292 --> [v2:172.21.15.17:3300/0,v1:172.21.15.17:6789/0] -- mon_subscribe({config=0+,monmap=0+}) v3 -- 0x7f6574009550 con 0x7f6584106980
2023-07-20T18:23:28.181 INFO:teuthology.orchestra.run.smithi017.stdout:/usr/bin/ceph: stderr
2023-07-20T18:23:24.671+0000 7f658259c700 1 --2- 172.21.15.17:0/3940946292 >> [v2:172.21.15.17:3300/0,v1:172.21.15.17:6789/0] conn(0x7f6584106980 0x7f65841062e0 secure :-1 s=READY pgs=46 cs=0 l=1 rev1=1 crypto rx=0x7f6574011dc0 tx=0x7f6574011ea0 comp rx=0 tx=0).ready entity=mon.0 client_cookie=0 server_cookie=0 in_seq=0 out_seq=0
2023-07-20T18:23:28.181 INFO:teuthology.orchestra.run.smithi017.stdout:/usr/bin/ceph: stderr
2023-07-20T18:23:24.671+0000 7f65737fe700 1 -- 172.21.15.17:0/3940946292 <== mon.0 v2:172.21.15.17:3300/0 1 ==== mon_map magic: 0 v1 ==== 205+0+0 (secure 0 0 0) 0x7f65740037d0 con 0x7f6584106980
2023-07-20T18:23:28.181 INFO:teuthology.orchestra.run.smithi017.stdout:/usr/bin/ceph: stderr
2023-07-20T18:23:24.671+0000 7f65737fe700 1 -- 172.21.15.17:0/3940946292 <== mon.0 v2:172.21.15.17:3300/0 2 ==== config(25 keys) v1 ==== 1036+0+0 (secure 0 0 0) 0x7f657401b440 con 0x7f6584106980
2023-07-20T18:23:28.181 INFO:teuthology.orchestra.run.smithi017.stdout:/usr/bin/ceph: stderr
2023-07-20T18:23:24.671+0000 7f65737fe700 1 -- 172.21.15.17:0/3940946292 <== mon.0 v2:172.21.15.17:3300/0 3 ==== mon_map magic: 0 v1 ==== 205+0+0 (secure 0 0 0) 0x7f657401a560 con 0x7f6584106980
2023-07-20T18:23:28.181 INFO:teuthology.orchestra.run.smithi017.stdout:/usr/bin/ceph: stderr
2023-07-20T18:23:24.671+0000 7f6588bb3700 1 -- 172.21.15.17:0/3940946292 --> [v2:172.21.15.17:3300/0,v1:172.21.15.17:6789/0] -- mon_subscribe({mgrmap=0+}) v3 -- 0x7f6584104930 con 0x7f6584106980
2023-07-20T18:23:28.181 INFO:teuthology.orchestra.run.smithi017.stdout:/usr/bin/ceph: stderr
2023-07-20T18:23:24.671+0000 7f6588bb3700 1 -- 172.21.15.17:0/3940946292 --> [v2:172.21.15.17:3300/0,v1:172.21.15.17:6789/0] -- mon_subscribe({osdmap=0}) v3 -- 0x7f6584104dd0 con 0x7f6584106980
2023-07-20T18:23:28.182 INFO:teuthology.orchestra.run.smithi017.stdout:/usr/bin/ceph: stderr
2023-07-20T18:23:24.672+0000 7f65737fe700 1 -- 172.21.15.17:0/3940946292 <== mon.0 v2:172.21.15.17:3300/0 4 ==== mgrmap(e 8) v1 ==== 45483+0+0 (secure 0 0 0) 0x7f657401a7d0 con 0x7f6584106980
2023-07-20T18:23:28.182 INFO:teuthology.orchestra.run.smithi017.stdout:/usr/bin/ceph: stderr
2023-07-20T18:23:24.672+0000 7f65737fe700 1 --2- 172.21.15.17:0/3940946292 >> [v2:172.21.15.17:6800/4243568055,v1:172.21.15.17:6801/4243568055] conn(0x7f656c038760 0x7f656c03ac20 unknown :-1 s=NONE pgs=0 cs=0 l=1 rev1=0 crypto rx=0 tx=0 comp rx=0 tx=0).connect
2023-07-20T18:23:28.182 INFO:teuthology.orchestra.run.smithi017.stdout:/usr/bin/ceph: stderr
2023-07-20T18:23:24.672+0000 7f65737fe700 1 -- 172.21.15.17:0/3940946292 <== mon.0 v2:172.21.15.17:3300/0 5 ==== osd_map(2..2 src has 1..2) v4 ==== 940+0+0 (secure 0 0 0) 0x7f657404c7c0 con 0x7f6584106980
2023-07-20T18:23:28.182 INFO:teuthology.orchestra.run.smithi017.stdout:/usr/bin/ceph: stderr
2023-07-20T18:23:24.672+0000 7f6588bb3700 1 -- 172.21.15.17:0/3940946292 --> [v2:172.21.15.17:3300/0,v1:172.21.15.17:6789/0] -- mon_command({"prefix": "get_command_descriptions"} v 0) v1 -- 0x7f658410a050 con 0x7f6584106980
2023-07-20T18:23:28.182 INFO:teuthology.orchestra.run.smithi017.stdout:/usr/bin/ceph: stderr
2023-07-20T18:23:24.673+0000 7f6581d9b700 1 --2- 172.21.15.17:0/3940946292 >> [v2:172.21.15.17:6800/4243568055,v1:172.21.15.17:6801/4243568055] conn(0x7f656c038760 0x7f656c03ac20 unknown :-1 s=BANNER_CONNECTING pgs=0 cs=0 l=1 rev1=0 crypto rx=0 tx=0 comp rx=0 tx=0)._handle_peer_banner_payload supported=3 required=0
2023-07-20T18:23:28.182 INFO:teuthology.orchestra.run.smithi017.stdout:/usr/bin/ceph: stderr
2023-07-20T18:23:24.673+0000 7f6581d9b700 1 --2- 172.21.15.17:0/3940946292 >> [v2:172.21.15.17:6800/4243568055,v1:172.21.15.17:6801/4243568055] conn(0x7f656c038760 0x7f656c03ac20 secure :-1 s=READY pgs=11 cs=0 l=1 rev1=1 crypto rx=0x7f6578006fd0 tx=0x7f6578006e40 comp rx=0 tx=0).ready entity=mgr.14120 client_cookie=0 server_cookie=0 in_seq=0 out_seq=0
2023-07-20T18:23:28.183 INFO:teuthology.orchestra.run.smithi017.stdout:/usr/bin/ceph: stderr
2023-07-20T18:23:24.677+0000 7f65737fe700 1 -- 172.21.15.17:0/3940946292 <== mon.0 v2:172.21.15.17:3300/0 6 ==== mon_command_ack([{"prefix": "get_command_descriptions"}]=0 v0) v1 ==== 72+0+178025 (secure 0 0 0) 0x7f6574023980 con 0x7f6584106980
2023-07-20T18:23:28.183 INFO:teuthology.orchestra.run.smithi017.stdout:/usr/bin/ceph: stderr
2023-07-20T18:23:25.043+0000 7f6588bb3700 1 -- 172.21.15.17:0/3940946292 --> [v2:172.21.15.17:6800/4243568055,v1:172.21.15.17:6801/4243568055] -- mgr_command(tid 0: {"prefix": "orch host add", "hostname": "smithi017", "addr": "172.21.15.17", "target": ["mon-mgr", ""]}) v1 -- 0x7f65841017e0 con 0x7f656c038760
2023-07-20T18:23:28.183 INFO:teuthology.orchestra.run.smithi017.stdout:/usr/bin/ceph: stderr
2023-07-20T18:23:27.820+0000 7f65737fe700 1 -- 172.21.15.17:0/3940946292 <== mgr.14120 v2:172.21.15.17:6800/4243568055 1 ==== mgr_command_reply(tid 0: 0 ) v1 ==== 8+0+48 (secure 0 0 0) 0x7f65841017e0 con 0x7f656c038760
2023-07-20T18:23:28.183 INFO:teuthology.orchestra.run.smithi017.stdout:/usr/bin/ceph: stderr
2023-07-20T18:23:27.823+0000 7f6588bb3700 1 -- 172.21.15.17:0/3940946292 >> [v2:172.21.15.17:6800/4243568055,v1:172.21.15.17:6801/4243568055] conn(0x7f656c038760 msgr2=0x7f656c03ac20 secure :-1 s=STATE_CONNECTION_ESTABLISHED l=1).mark_down
2023-07-20T18:23:28.183 INFO:teuthology.orchestra.run.smithi017.stdout:/usr/bin/ceph: stderr
2023-07-20T18:23:27.823+0000 7f6588bb3700 1 --2- 172.21.15.17:0/3940946292 >> [v2:172.21.15.17:6800/4243568055,v1:172.21.15.17:6801/4243568055] conn(0x7f656c038760 0x7f656c03ac20 secure :-1 s=READY pgs=11 cs=0 l=1 rev1=1 crypto rx=0x7f6578006fd0 tx=0x7f6578006e40 comp rx=0 tx=0).stop
2023-07-20T18:23:28.183 INFO:teuthology.orchestra.run.smithi017.stdout:/usr/bin/ceph: stderr
2023-07-20T18:23:27.823+0000 7f6588bb3700 1 -- 172.21.15.17:0/3940946292 >> [v2:172.21.15.17:3300/0,v1:172.21.15.17:6789/0] conn(0x7f6584106980 msgr2=0x7f65841062e0 secure :-1 s=STATE_CONNECTION_ESTABLISHED l=1).mark_down
2023-07-20T18:23:28.183 INFO:teuthology.orchestra.run.smithi017.stdout:/usr/bin/ceph: stderr
2023-07-20T18:23:27.823+0000 7f6588bb3700 1 --2- 172.21.15.17:0/3940946292 >> [v2:172.21.15.17:3300/0,v1:172.21.15.17:6789/0] conn(0x7f6584106980 0x7f65841062e0 secure :-1 s=READY pgs=46 cs=0 l=1 rev1=1 crypto rx=0x7f6574011dc0 tx=0x7f6574011ea0 comp rx=0 tx=0).stop
2023-07-20T18:23:28.184 INFO:teuthology.orchestra.run.smithi017.stdout:/usr/bin/ceph: stderr
2023-07-20T18:23:27.823+0000 7f6588bb3700 1 -- 172.21.15.17:0/3940946292 shutdown_connections
2023-07-20T18:23:28.184 INFO:teuthology.orchestra.run.smithi017.stdout:/usr/bin/ceph: stderr
2023-07-20T18:23:27.823+0000 7f6588bb3700 1 --2- 172.21.15.17:0/3940946292 >> [v2:172.21.15.17:6800/4243568055,v1:172.21.15.17:6801/4243568055] conn(0x7f656c038760 0x7f656c03ac20 unknown :-1 s=CLOSED pgs=11 cs=0 l=1 rev1=1 crypto rx=0 tx=0 comp rx=0 tx=0).stop
2023-07-20T18:23:28.184 INFO:teuthology.orchestra.run.smithi017.stdout:/usr/bin/ceph: stderr
2023-07-20T18:23:27.823+0000 7f6588bb3700 1 --2- 172.21.15.17:0/3940946292 >> [v2:172.21.15.17:3300/0,v1:172.21.15.17:6789/0] conn(0x7f6584106980 0x7f65841062e0 unknown :-1 s=CLOSED pgs=46 cs=0 l=1 rev1=1 crypto rx=0 tx=0 comp rx=0 tx=0).stop
2023-07-20T18:23:28.184 INFO:teuthology.orchestra.run.smithi017.stdout:/usr/bin/ceph: stderr
2023-07-20T18:23:27.823+0000 7f6588bb3700 1 -- 172.21.15.17:0/3940946292 >> 172.21.15.17:0/3940946292 conn(0x7f65841003d0 msgr2=0x7f65841010d0 unknown :-1 s=STATE_NONE l=0).mark_down
2023-07-20T18:23:28.184 INFO:teuthology.orchestra.run.smithi017.stdout:/usr/bin/ceph: stderr
2023-07-20T18:23:27.823+0000 7f6588bb3700 1 -- 172.21.15.17:0/3940946292 shutdown_connections
2023-07-20T18:23:28.184 INFO:teuthology.orchestra.run.smithi017.stdout:/usr/bin/ceph: stderr
2023-07-20T18:23:27.823+0000 7f6588bb3700 1 -- 172.21.15.17:0/3940946292 wait complete.
2023-07-20T18:23:28.184 INFO:teuthology.orchestra.run.smithi017.stdout:Deploying unmanaged mon service...
2023-07-20T18:23:29.069 INFO:journalctl@ceph.mon.a.smithi017.stdout:Jul 20 18:23:28 smithi017 ceph-mon[96488]: from='mgr.14120 172.21.15.17:0/1627462558' entity='mgr.x'
2023-07-20T18:23:29.070 INFO:journalctl@ceph.mon.a.smithi017.stdout:Jul 20 18:23:28 smithi017 ceph-mon[96488]: Added host smithi017
2023-07-20T18:23:29.070 INFO:journalctl@ceph.mon.a.smithi017.stdout:Jul 20 18:23:28 smithi017 ceph-mon[96488]: from='mgr.14120 172.21.15.17:0/1627462558' entity='mgr.x' cmd=[{"prefix": "config dump", "format": "json"}]: dispatch
2023-07-20T18:23:29.520 INFO:teuthology.orchestra.run.smithi017.stdout:/usr/bin/ceph: stdout Scheduled mon update...
2023-07-20T18:23:29.521 INFO:teuthology.orchestra.run.smithi017.stdout:/usr/bin/ceph: stderr
2023-07-20T18:23:28.640+0000 7ff5cbb35700 1 Processor -- start
2023-07-20T18:23:29.521 INFO:teuthology.orchestra.run.smithi017.stdout:/usr/bin/ceph: stderr
2023-07-20T18:23:28.640+0000 7ff5cbb35700 1 -- start start
2023-07-20T18:23:29.521 INFO:teuthology.orchestra.run.smithi017.stdout:/usr/bin/ceph: stderr
2023-07-20T18:23:28.640+0000 7ff5cbb35700 1 --2- >> [v2:172.21.15.17:3300/0,v1:172.21.15.17:6789/0] conn(0x7ff5c4104e10 0x7ff5c4105230 unknown :-1 s=NONE pgs=0 cs=0 l=0 rev1=0 crypto rx=0 tx=0 comp rx=0 tx=0).connect
2023-07-20T18:23:29.521 INFO:teuthology.orchestra.run.smithi017.stdout:/usr/bin/ceph: stderr
2023-07-20T18:23:28.640+0000 7ff5cbb35700 1 -- --> [v2:172.21.15.17:3300/0,v1:172.21.15.17:6789/0] -- mon_getmap magic: 0 v1 -- 0x7ff5c4105770 con 0x7ff5c4104e10
2023-07-20T18:23:29.521 INFO:teuthology.orchestra.run.smithi017.stdout:/usr/bin/ceph: stderr
2023-07-20T18:23:28.640+0000 7ff5c98d1700 1 --2- >> [v2:172.21.15.17:3300/0,v1:172.21.15.17:6789/0] conn(0x7ff5c4104e10 0x7ff5c4105230 unknown :-1 s=BANNER_CONNECTING pgs=0 cs=0 l=0 rev1=0 crypto rx=0 tx=0 comp rx=0 tx=0)._handle_peer_banner_payload supported=3 required=0
2023-07-20T18:23:29.522 INFO:teuthology.orchestra.run.smithi017.stdout:/usr/bin/ceph: stderr
2023-07-20T18:23:28.640+0000 7ff5c98d1700 1 --2- >> [v2:172.21.15.17:3300/0,v1:172.21.15.17:6789/0] conn(0x7ff5c4104e10 0x7ff5c4105230 unknown :-1 s=HELLO_CONNECTING pgs=0 cs=0 l=0 rev1=1 crypto rx=0 tx=0 comp rx=0 tx=0).handle_hello peer v2:172.21.15.17:3300/0 says I am v2:172.21.15.17:48778/0 (socket says 172.21.15.17:48778)
2023-07-20T18:23:29.522 INFO:teuthology.orchestra.run.smithi017.stdout:/usr/bin/ceph: stderr
2023-07-20T18:23:28.640+0000 7ff5c98d1700 1 -- 172.21.15.17:0/2623552147 learned_addr learned my addr 172.21.15.17:0/2623552147 (peer_addr_for_me v2:172.21.15.17:0/0)
2023-07-20T18:23:29.522 INFO:teuthology.orchestra.run.smithi017.stdout:/usr/bin/ceph: stderr
2023-07-20T18:23:28.641+0000 7ff5c98d1700 1 -- 172.21.15.17:0/2623552147 --> [v2:172.21.15.17:3300/0,v1:172.21.15.17:6789/0] -- mon_subscribe({config=0+,monmap=0+}) v3 -- 0x7ff5c41058b0 con 0x7ff5c4104e10
2023-07-20T18:23:29.522 INFO:teuthology.orchestra.run.smithi017.stdout:/usr/bin/ceph: stderr
2023-07-20T18:23:28.641+0000 7ff5c98d1700 1 --2- 172.21.15.17:0/2623552147 >> [v2:172.21.15.17:3300/0,v1:172.21.15.17:6789/0] conn(0x7ff5c4104e10 0x7ff5c4105230 secure :-1 s=READY pgs=47 cs=0 l=1 rev1=1 crypto rx=0x7ff5c00098a0 tx=0x7ff5c0009bb0 comp rx=0 tx=0).ready entity=mon.0 client_cookie=f74db5014019e6be server_cookie=0 in_seq=0 out_seq=0
2023-07-20T18:23:29.522 INFO:teuthology.orchestra.run.smithi017.stdout:/usr/bin/ceph: stderr
2023-07-20T18:23:28.641+0000 7ff5c88cf700 1 -- 172.21.15.17:0/2623552147 <== mon.0 v2:172.21.15.17:3300/0 1 ==== mon_map magic: 0 v1 ==== 205+0+0 (secure 0 0 0) 0x7ff5c0004160 con 0x7ff5c4104e10
2023-07-20T18:23:29.522 INFO:teuthology.orchestra.run.smithi017.stdout:/usr/bin/ceph: stderr
2023-07-20T18:23:28.641+0000 7ff5c88cf700 1 -- 172.21.15.17:0/2623552147 <== mon.0 v2:172.21.15.17:3300/0 2 ==== config(25 keys) v1 ==== 1036+0+0 (secure 0 0 0) 0x7ff5c00042c0 con 0x7ff5c4104e10
2023-07-20T18:23:29.522 INFO:teuthology.orchestra.run.smithi017.stdout:/usr/bin/ceph: stderr
2023-07-20T18:23:28.641+0000 7ff5c88cf700 1 -- 172.21.15.17:0/2623552147 <== mon.0 v2:172.21.15.17:3300/0 3 ==== mon_map magic: 0 v1 ==== 205+0+0 (secure 0 0 0) 0x7ff5c0011940 con 0x7ff5c4104e10
2023-07-20T18:23:29.523 INFO:teuthology.orchestra.run.smithi017.stdout:/usr/bin/ceph: stderr
2023-07-20T18:23:28.642+0000 7ff5cbb35700 1 -- 172.21.15.17:0/2623552147 >> [v2:172.21.15.17:3300/0,v1:172.21.15.17:6789/0] conn(0x7ff5c4104e10 msgr2=0x7ff5c4105230 secure :-1 s=STATE_CONNECTION_ESTABLISHED l=1).mark_down
2023-07-20T18:23:29.523 INFO:teuthology.orchestra.run.smithi017.stdout:/usr/bin/ceph: stderr
2023-07-20T18:23:28.642+0000 7ff5cbb35700 1 --2- 172.21.15.17:0/2623552147 >> [v2:172.21.15.17:3300/0,v1:172.21.15.17:6789/0] conn(0x7ff5c4104e10 0x7ff5c4105230 secure :-1 s=READY pgs=47 cs=0 l=1 rev1=1 crypto rx=0x7ff5c00098a0 tx=0x7ff5c0009bb0 comp rx=0 tx=0).stop
2023-07-20T18:23:29.523 INFO:teuthology.orchestra.run.smithi017.stdout:/usr/bin/ceph: stderr
2023-07-20T18:23:28.642+0000 7ff5cbb35700 1 -- 172.21.15.17:0/2623552147 shutdown_connections
2023-07-20T18:23:29.523 INFO:teuthology.orchestra.run.smithi017.stdout:/usr/bin/ceph: stderr
2023-07-20T18:23:28.642+0000 7ff5cbb35700 1 --2- 172.21.15.17:0/2623552147 >> [v2:172.21.15.17:3300/0,v1:172.21.15.17:6789/0] conn(0x7ff5c4104e10 0x7ff5c4105230 unknown :-1 s=CLOSED pgs=47 cs=0 l=1 rev1=1 crypto rx=0 tx=0 comp rx=0 tx=0).stop
2023-07-20T18:23:29.523 INFO:teuthology.orchestra.run.smithi017.stdout:/usr/bin/ceph: stderr
2023-07-20T18:23:28.642+0000 7ff5cbb35700 1 -- 172.21.15.17:0/2623552147 >> 172.21.15.17:0/2623552147 conn(0x7ff5c41003d0 msgr2=0x7ff5c41027f0 unknown :-1 s=STATE_NONE l=0).mark_down
2023-07-20T18:23:29.523 INFO:teuthology.orchestra.run.smithi017.stdout:/usr/bin/ceph: stderr
2023-07-20T18:23:28.642+0000 7ff5cbb35700 1 -- 172.21.15.17:0/2623552147 shutdown_connections
2023-07-20T18:23:29.523 INFO:teuthology.orchestra.run.smithi017.stdout:/usr/bin/ceph: stderr
2023-07-20T18:23:28.642+0000 7ff5cbb35700 1 -- 172.21.15.17:0/2623552147 wait complete.
2023-07-20T18:23:29.523 INFO:teuthology.orchestra.run.smithi017.stdout:/usr/bin/ceph: stderr
2023-07-20T18:23:28.642+0000 7ff5cbb35700 1 Processor -- start
2023-07-20T18:23:29.524 INFO:teuthology.orchestra.run.smithi017.stdout:/usr/bin/ceph: stderr
2023-07-20T18:23:28.642+0000 7ff5cbb35700 1 -- start start
2023-07-20T18:23:29.524 INFO:teuthology.orchestra.run.smithi017.stdout:/usr/bin/ceph: stderr
2023-07-20T18:23:28.642+0000 7ff5cbb35700 1 --2- >> [v2:172.21.15.17:3300/0,v1:172.21.15.17:6789/0] conn(0x7ff5c4104e10 0x7ff5c418fee0 unknown :-1 s=NONE pgs=0 cs=0 l=1 rev1=0 crypto rx=0 tx=0 comp rx=0 tx=0).connect
2023-07-20T18:23:29.524 INFO:teuthology.orchestra.run.smithi017.stdout:/usr/bin/ceph: stderr
2023-07-20T18:23:28.642+0000 7ff5cbb35700 1 -- --> [v2:172.21.15.17:3300/0,v1:172.21.15.17:6789/0] -- mon_getmap magic: 0 v1 -- 0x7ff5c4190420 con 0x7ff5c4104e10
2023-07-20T18:23:29.524 INFO:teuthology.orchestra.run.smithi017.stdout:/usr/bin/ceph: stderr
2023-07-20T18:23:28.643+0000 7ff5c98d1700 1 --2- >> [v2:172.21.15.17:3300/0,v1:172.21.15.17:6789/0] conn(0x7ff5c4104e10 0x7ff5c418fee0 unknown :-1 s=BANNER_CONNECTING pgs=0 cs=0 l=1 rev1=0 crypto rx=0 tx=0 comp rx=0 tx=0)._handle_peer_banner_payload supported=3 required=0
2023-07-20T18:23:29.524 INFO:teuthology.orchestra.run.smithi017.stdout:/usr/bin/ceph: stderr
2023-07-20T18:23:28.643+0000 7ff5c98d1700 1 --2- >> [v2:172.21.15.17:3300/0,v1:172.21.15.17:6789/0] conn(0x7ff5c4104e10 0x7ff5c418fee0 unknown :-1 s=HELLO_CONNECTING pgs=0 cs=0 l=1 rev1=1 crypto rx=0 tx=0 comp rx=0 tx=0).handle_hello peer v2:172.21.15.17:3300/0 says I am v2:172.21.15.17:48780/0 (socket says 172.21.15.17:48780)
2023-07-20T18:23:29.524 INFO:teuthology.orchestra.run.smithi017.stdout:/usr/bin/ceph: stderr
2023-07-20T18:23:28.643+0000 7ff5c98d1700 1 -- 172.21.15.17:0/86262110 learned_addr learned my addr 172.21.15.17:0/86262110 (peer_addr_for_me v2:172.21.15.17:0/0)
2023-07-20T18:23:29.524 INFO:teuthology.orchestra.run.smithi017.stdout:/usr/bin/ceph: stderr
2023-07-20T18:23:28.643+0000 7ff5c98d1700 1 -- 172.21.15.17:0/86262110 --> [v2:172.21.15.17:3300/0,v1:172.21.15.17:6789/0] -- mon_subscribe({config=0+,monmap=0+}) v3 -- 0x7ff5c0009550 con 0x7ff5c4104e10
2023-07-20T18:23:29.525 INFO:teuthology.orchestra.run.smithi017.stdout:/usr/bin/ceph: stderr
2023-07-20T18:23:28.643+0000 7ff5c98d1700 1 --2- 172.21.15.17:0/86262110 >> [v2:172.21.15.17:3300/0,v1:172.21.15.17:6789/0] conn(0x7ff5c4104e10 0x7ff5c418fee0 secure :-1 s=READY pgs=48 cs=0 l=1 rev1=1 crypto rx=0x7ff5c0011dc0 tx=0x7ff5c0011ea0 comp rx=0 tx=0).ready entity=mon.0 client_cookie=0 server_cookie=0 in_seq=0 out_seq=0
2023-07-20T18:23:29.525 INFO:teuthology.orchestra.run.smithi017.stdout:/usr/bin/ceph: stderr
2023-07-20T18:23:28.643+0000 7ff5baffd700 1 -- 172.21.15.17:0/86262110 <== mon.0 v2:172.21.15.17:3300/0 1 ==== mon_map magic: 0 v1 ==== 205+0+0 (secure 0 0 0) 0x7ff5c00037d0 con 0x7ff5c4104e10
2023-07-20T18:23:29.525 INFO:teuthology.orchestra.run.smithi017.stdout:/usr/bin/ceph: stderr
2023-07-20T18:23:28.643+0000 7ff5baffd700 1 -- 172.21.15.17:0/86262110 <== mon.0 v2:172.21.15.17:3300/0 2 ==== config(25 keys) v1 ==== 1036+0+0 (secure 0 0 0) 0x7ff5c001b440 con 0x7ff5c4104e10
2023-07-20T18:23:29.525 INFO:teuthology.orchestra.run.smithi017.stdout:/usr/bin/ceph: stderr
2023-07-20T18:23:28.643+0000 7ff5cbb35700 1 -- 172.21.15.17:0/86262110 --> [v2:172.21.15.17:3300/0,v1:172.21.15.17:6789/0] -- mon_subscribe({mgrmap=0+}) v3 -- 0x7ff5c418e530 con 0x7ff5c4104e10
2023-07-20T18:23:29.525 INFO:teuthology.orchestra.run.smithi017.stdout:/usr/bin/ceph: stderr
2023-07-20T18:23:28.643+0000 7ff5baffd700 1 -- 172.21.15.17:0/86262110 <== mon.0 v2:172.21.15.17:3300/0 3 ==== mon_map magic: 0 v1 ==== 205+0+0 (secure 0 0 0) 0x7ff5c001a560 con 0x7ff5c4104e10
2023-07-20T18:23:29.525 INFO:teuthology.orchestra.run.smithi017.stdout:/usr/bin/ceph: stderr
2023-07-20T18:23:28.643+0000 7ff5cbb35700 1 -- 172.21.15.17:0/86262110 --> [v2:172.21.15.17:3300/0,v1:172.21.15.17:6789/0] -- mon_subscribe({osdmap=0}) v3 -- 0x7ff5c418e9d0 con 0x7ff5c4104e10
2023-07-20T18:23:29.525 INFO:teuthology.orchestra.run.smithi017.stdout:/usr/bin/ceph: stderr
2023-07-20T18:23:28.644+0000 7ff5baffd700 1 -- 172.21.15.17:0/86262110 <== mon.0 v2:172.21.15.17:3300/0 4 ==== mgrmap(e 8) v1 ==== 45483+0+0 (secure 0 0 0) 0x7ff5c001a7d0 con 0x7ff5c4104e10
2023-07-20T18:23:29.525 INFO:teuthology.orchestra.run.smithi017.stdout:/usr/bin/ceph: stderr
2023-07-20T18:23:28.644+0000 7ff5baffd700 1 --2- 172.21.15.17:0/86262110 >> [v2:172.21.15.17:6800/4243568055,v1:172.21.15.17:6801/4243568055] conn(0x7ff5b0038760 0x7ff5b003ac20 unknown :-1 s=NONE pgs=0 cs=0 l=1 rev1=0 crypto rx=0 tx=0 comp rx=0 tx=0).connect
2023-07-20T18:23:29.526 INFO:teuthology.orchestra.run.smithi017.stdout:/usr/bin/ceph: stderr
2023-07-20T18:23:28.644+0000 7ff5cbb35700 1 -- 172.21.15.17:0/86262110 --> [v2:172.21.15.17:3300/0,v1:172.21.15.17:6789/0] -- mon_command({"prefix": "get_command_descriptions"} v 0) v1 -- 0x7ff5c4061da0 con 0x7ff5c4104e10
2023-07-20T18:23:29.526 INFO:teuthology.orchestra.run.smithi017.stdout:/usr/bin/ceph: stderr
2023-07-20T18:23:28.644+0000 7ff5baffd700 1 -- 172.21.15.17:0/86262110 <== mon.0 v2:172.21.15.17:3300/0 5 ==== osd_map(2..2 src has 1..2) v4 ==== 940+0+0 (secure 0 0 0) 0x7ff5c004c7d0 con 0x7ff5c4104e10
2023-07-20T18:23:29.526 INFO:teuthology.orchestra.run.smithi017.stdout:/usr/bin/ceph: stderr
2023-07-20T18:23:28.645+0000 7ff5c90d0700 1 --2- 172.21.15.17:0/86262110 >> [v2:172.21.15.17:6800/4243568055,v1:172.21.15.17:6801/4243568055] conn(0x7ff5b0038760 0x7ff5b003ac20 unknown :-1 s=BANNER_CONNECTING pgs=0 cs=0 l=1 rev1=0 crypto rx=0 tx=0 comp rx=0 tx=0)._handle_peer_banner_payload supported=3 required=0
2023-07-20T18:23:29.526 INFO:teuthology.orchestra.run.smithi017.stdout:/usr/bin/ceph: stderr
2023-07-20T18:23:28.645+0000 7ff5c90d0700 1 --2- 172.21.15.17:0/86262110 >> [v2:172.21.15.17:6800/4243568055,v1:172.21.15.17:6801/4243568055] conn(0x7ff5b0038760 0x7ff5b003ac20 secure :-1 s=READY pgs=12 cs=0 l=1 rev1=1 crypto rx=0x7ff5b4006fd0 tx=0x7ff5b4006e40 comp rx=0 tx=0).ready entity=mgr.14120 client_cookie=0 server_cookie=0 in_seq=0 out_seq=0
2023-07-20T18:23:29.526 INFO:teuthology.orchestra.run.smithi017.stdout:/usr/bin/ceph: stderr
2023-07-20T18:23:28.649+0000 7ff5baffd700 1 -- 172.21.15.17:0/86262110 <== mon.0 v2:172.21.15.17:3300/0 6 ==== mon_command_ack([{"prefix": "get_command_descriptions"}]=0 v0) v1 ==== 72+0+178025 (secure 0 0 0) 0x7ff5c00233b0 con 0x7ff5c4104e10
2023-07-20T18:23:29.526 INFO:teuthology.orchestra.run.smithi017.stdout:/usr/bin/ceph: stderr
2023-07-20T18:23:29.040+0000 7ff5cbb35700 1 -- 172.21.15.17:0/86262110 --> [v2:172.21.15.17:6800/4243568055,v1:172.21.15.17:6801/4243568055] -- mgr_command(tid 0: {"prefix": "orch apply", "service_type": "mon", "unmanaged": true, "target": ["mon-mgr", ""]}) v1 -- 0x7ff5c4102480 con 0x7ff5b0038760
2023-07-20T18:23:29.526 INFO:teuthology.orchestra.run.smithi017.stdout:/usr/bin/ceph: stderr
2023-07-20T18:23:29.045+0000 7ff5baffd700 1 -- 172.21.15.17:0/86262110 <== mgr.14120 v2:172.21.15.17:6800/4243568055 1 ==== mgr_command_reply(tid 0: 0 ) v1 ==== 8+0+24 (secure 0 0 0) 0x7ff5c4102480 con 0x7ff5b0038760
2023-07-20T18:23:29.527 INFO:teuthology.orchestra.run.smithi017.stdout:/usr/bin/ceph: stderr
2023-07-20T18:23:29.048+0000 7ff5cbb35700 1 -- 172.21.15.17:0/86262110 >> [v2:172.21.15.17:6800/4243568055,v1:172.21.15.17:6801/4243568055] conn(0x7ff5b0038760 msgr2=0x7ff5b003ac20 secure :-1 s=STATE_CONNECTION_ESTABLISHED l=1).mark_down
2023-07-20T18:23:29.527 INFO:teuthology.orchestra.run.smithi017.stdout:/usr/bin/ceph: stderr
2023-07-20T18:23:29.048+0000 7ff5cbb35700 1 --2- 172.21.15.17:0/86262110 >> [v2:172.21.15.17:6800/4243568055,v1:172.21.15.17:6801/4243568055] conn(0x7ff5b0038760 0x7ff5b003ac20 secure :-1 s=READY pgs=12 cs=0 l=1 rev1=1 crypto rx=0x7ff5b4006fd0 tx=0x7ff5b4006e40 comp rx=0 tx=0).stop
2023-07-20T18:23:29.527 INFO:teuthology.orchestra.run.smithi017.stdout:/usr/bin/ceph: stderr
2023-07-20T18:23:29.048+0000 7ff5cbb35700 1 -- 172.21.15.17:0/86262110 >> [v2:172.21.15.17:3300/0,v1:172.21.15.17:6789/0] conn(0x7ff5c4104e10 msgr2=0x7ff5c418fee0 secure :-1 s=STATE_CONNECTION_ESTABLISHED l=1).mark_down
2023-07-20T18:23:29.527 INFO:teuthology.orchestra.run.smithi017.stdout:/usr/bin/ceph: stderr
2023-07-20T18:23:29.048+0000 7ff5cbb35700 1 --2- 172.21.15.17:0/86262110 >> [v2:172.21.15.17:3300/0,v1:172.21.15.17:6789/0] conn(0x7ff5c4104e10 0x7ff5c418fee0 secure :-1 s=READY pgs=48 cs=0 l=1 rev1=1 crypto rx=0x7ff5c0011dc0 tx=0x7ff5c0011ea0 comp rx=0 tx=0).stop
2023-07-20T18:23:29.527 INFO:teuthology.orchestra.run.smithi017.stdout:/usr/bin/ceph: stderr
2023-07-20T18:23:29.048+0000 7ff5cbb35700 1 -- 172.21.15.17:0/86262110 shutdown_connections
2023-07-20T18:23:29.527 INFO:teuthology.orchestra.run.smithi017.stdout:/usr/bin/ceph: stderr
2023-07-20T18:23:29.048+0000 7ff5cbb35700 1 --2- 172.21.15.17:0/86262110 >> [v2:172.21.15.17:6800/4243568055,v1:172.21.15.17:6801/4243568055] conn(0x7ff5b0038760 0x7ff5b003ac20 unknown :-1 s=CLOSED pgs=12 cs=0 l=1 rev1=1 crypto rx=0 tx=0 comp rx=0 tx=0).stop
2023-07-20T18:23:29.527 INFO:teuthology.orchestra.run.smithi017.stdout:/usr/bin/ceph: stderr
2023-07-20T18:23:29.048+0000 7ff5cbb35700 1 --2- 172.21.15.17:0/86262110 >> [v2:172.21.15.17:3300/0,v1:172.21.15.17:6789/0] conn(0x7ff5c4104e10 0x7ff5c418fee0 unknown :-1 s=CLOSED pgs=48 cs=0 l=1 rev1=1 crypto rx=0 tx=0 comp rx=0 tx=0).stop
2023-07-20T18:23:29.527 INFO:teuthology.orchestra.run.smithi017.stdout:/usr/bin/ceph: stderr
