2023-07-20T18:23:19.779+0000 7fea32ba2700 1 --2- >> [v2:172.21.15.17:3300/0,v1:172.21.15.17:6789/0] conn(0x7fea2c106810 0x7fea2c108c00 unknown :-1 s=NONE pgs=0 cs=0 l=0 rev1=0 crypto rx=0 tx=0 comp rx=0 tx=0).connect
2023-07-20T18:23:20.586 INFO:teuthology.orchestra.run.smithi017.stdout:/usr/bin/ceph: stderr
2023-07-20T18:23:19.779+0000 7fea32ba2700 1 -- --> [v2:172.21.15.17:3300/0,v1:172.21.15.17:6789/0] -- mon_getmap magic: 0 v1 -- 0x7fea2c061a50 con 0x7fea2c106810
2023-07-20T18:23:20.587 INFO:teuthology.orchestra.run.smithi017.stdout:/usr/bin/ceph: stderr
2023-07-20T18:23:19.779+0000 7fea31ba0700 1 --2- >> [v2:172.21.15.17:3300/0,v1:172.21.15.17:6789/0] conn(0x7fea2c106810 0x7fea2c108c00 unknown :-1 s=BANNER_CONNECTING pgs=0 cs=0 l=0 rev1=0 crypto rx=0 tx=0 comp rx=0 tx=0)._handle_peer_banner_payload supported=3 required=0
2023-07-20T18:23:20.587 INFO:teuthology.orchestra.run.smithi017.stdout:/usr/bin/ceph: stderr
2023-07-20T18:23:19.779+0000 7fea31ba0700 1 --2- >> [v2:172.21.15.17:3300/0,v1:172.21.15.17:6789/0] conn(0x7fea2c106810 0x7fea2c108c00 unknown :-1 s=HELLO_CONNECTING pgs=0 cs=0 l=0 rev1=1 crypto rx=0 tx=0 comp rx=0 tx=0).handle_hello peer v2:172.21.15.17:3300/0 says I am v2:172.21.15.17:48718/0 (socket says 172.21.15.17:48718)
2023-07-20T18:23:20.587 INFO:teuthology.orchestra.run.smithi017.stdout:/usr/bin/ceph: stderr
2023-07-20T18:23:19.779+0000 7fea31ba0700 1 -- 172.21.15.17:0/995271980 learned_addr learned my addr 172.21.15.17:0/995271980 (peer_addr_for_me v2:172.21.15.17:0/0)
2023-07-20T18:23:20.587 INFO:teuthology.orchestra.run.smithi017.stdout:/usr/bin/ceph: stderr
2023-07-20T18:23:19.779+0000 7fea31ba0700 1 -- 172.21.15.17:0/995271980 --> [v2:172.21.15.17:3300/0,v1:172.21.15.17:6789/0] -- mon_subscribe({config=0+,monmap=0+}) v3 -- 0x7fea2c109140 con 0x7fea2c106810
2023-07-20T18:23:20.587 INFO:teuthology.orchestra.run.smithi017.stdout:/usr/bin/ceph: stderr
2023-07-20T18:23:19.779+0000 7fea31ba0700 1 --2- 172.21.15.17:0/995271980 >> [v2:172.21.15.17:3300/0,v1:172.21.15.17:6789/0] conn(0x7fea2c106810 0x7fea2c108c00 secure :-1 s=READY pgs=37 cs=0 l=1 rev1=1 crypto rx=0x7fea200098a0 tx=0x7fea20009bb0 comp rx=0 tx=0).ready entity=mon.0 client_cookie=e5722fa441666ee5 server_cookie=0 in_seq=0 out_seq=0
2023-07-20T18:23:20.587 INFO:teuthology.orchestra.run.smithi017.stdout:/usr/bin/ceph: stderr
2023-07-20T18:23:19.779+0000 7fea30b9e700 1 -- 172.21.15.17:0/995271980 <== mon.0 v2:172.21.15.17:3300/0 1 ==== mon_map magic: 0 v1 ==== 205+0+0 (secure 0 0 0) 0x7fea20004160 con 0x7fea2c106810
2023-07-20T18:23:20.587 INFO:teuthology.orchestra.run.smithi017.stdout:/usr/bin/ceph: stderr
2023-07-20T18:23:19.779+0000 7fea30b9e700 1 -- 172.21.15.17:0/995271980 <== mon.0 v2:172.21.15.17:3300/0 2 ==== config(25 keys) v1 ==== 1036+0+0 (secure 0 0 0) 0x7fea200042c0 con 0x7fea2c106810
2023-07-20T18:23:20.588 INFO:teuthology.orchestra.run.smithi017.stdout:/usr/bin/ceph: stderr
2023-07-20T18:23:19.779+0000 7fea30b9e700 1 -- 172.21.15.17:0/995271980 <== mon.0 v2:172.21.15.17:3300/0 3 ==== mon_map magic: 0 v1 ==== 205+0+0 (secure 0 0 0) 0x7fea20011940 con 0x7fea2c106810
2023-07-20T18:23:20.588 INFO:teuthology.orchestra.run.smithi017.stdout:/usr/bin/ceph: stderr
2023-07-20T18:23:19.780+0000 7fea32ba2700 1 -- 172.21.15.17:0/995271980 >> [v2:172.21.15.17:3300/0,v1:172.21.15.17:6789/0] conn(0x7fea2c106810 msgr2=0x7fea2c108c00 secure :-1 s=STATE_CONNECTION_ESTABLISHED l=1).mark_down
2023-07-20T18:23:20.588 INFO:teuthology.orchestra.run.smithi017.stdout:/usr/bin/ceph: stderr
2023-07-20T18:23:19.780+0000 7fea32ba2700 1 --2- 172.21.15.17:0/995271980 >> [v2:172.21.15.17:3300/0,v1:172.21.15.17:6789/0] conn(0x7fea2c106810 0x7fea2c108c00 secure :-1 s=READY pgs=37 cs=0 l=1 rev1=1 crypto rx=0x7fea200098a0 tx=0x7fea20009bb0 comp rx=0 tx=0).stop
2023-07-20T18:23:20.588 INFO:teuthology.orchestra.run.smithi017.stdout:/usr/bin/ceph: stderr
2023-07-20T18:23:19.780+0000 7fea32ba2700 1 -- 172.21.15.17:0/995271980 shutdown_connections
2023-07-20T18:23:20.588 INFO:teuthology.orchestra.run.smithi017.stdout:/usr/bin/ceph: stderr
2023-07-20T18:23:19.780+0000 7fea32ba2700 1 --2- 172.21.15.17:0/995271980 >> [v2:172.21.15.17:3300/0,v1:172.21.15.17:6789/0] conn(0x7fea2c106810 0x7fea2c108c00 unknown :-1 s=CLOSED pgs=37 cs=0 l=1 rev1=1 crypto rx=0 tx=0 comp rx=0 tx=0).stop
2023-07-20T18:23:20.588 INFO:teuthology.orchestra.run.smithi017.stdout:/usr/bin/ceph: stderr
2023-07-20T18:23:19.780+0000 7fea32ba2700 1 -- 172.21.15.17:0/995271980 >> 172.21.15.17:0/995271980 conn(0x7fea2c100220 msgr2=0x7fea2c102640 unknown :-1 s=STATE_NONE l=0).mark_down
2023-07-20T18:23:20.588 INFO:teuthology.orchestra.run.smithi017.stdout:/usr/bin/ceph: stderr
2023-07-20T18:23:19.780+0000 7fea32ba2700 1 -- 172.21.15.17:0/995271980 shutdown_connections
2023-07-20T18:23:20.588 INFO:teuthology.orchestra.run.smithi017.stdout:/usr/bin/ceph: stderr
2023-07-20T18:23:19.780+0000 7fea32ba2700 1 -- 172.21.15.17:0/995271980 wait complete.
2023-07-20T18:23:20.589 INFO:teuthology.orchestra.run.smithi017.stdout:/usr/bin/ceph: stderr
2023-07-20T18:23:19.781+0000 7fea32ba2700 1 Processor -- start
2023-07-20T18:23:20.589 INFO:teuthology.orchestra.run.smithi017.stdout:/usr/bin/ceph: stderr
2023-07-20T18:23:19.781+0000 7fea32ba2700 1 -- start start
2023-07-20T18:23:20.589 INFO:teuthology.orchestra.run.smithi017.stdout:/usr/bin/ceph: stderr
2023-07-20T18:23:19.781+0000 7fea32ba2700 1 --2- >> [v2:172.21.15.17:3300/0,v1:172.21.15.17:6789/0] conn(0x7fea2c106810 0x7fea2c106170 unknown :-1 s=NONE pgs=0 cs=0 l=1 rev1=0 crypto rx=0 tx=0 comp rx=0 tx=0).connect
2023-07-20T18:23:20.589 INFO:teuthology.orchestra.run.smithi017.stdout:/usr/bin/ceph: stderr
2023-07-20T18:23:19.781+0000 7fea32ba2700 1 -- --> [v2:172.21.15.17:3300/0,v1:172.21.15.17:6789/0] -- mon_getmap magic: 0 v1 -- 0x7fea2c1066b0 con 0x7fea2c106810
2023-07-20T18:23:20.589 INFO:teuthology.orchestra.run.smithi017.stdout:/usr/bin/ceph: stderr
2023-07-20T18:23:19.781+0000 7fea31ba0700 1 --2- >> [v2:172.21.15.17:3300/0,v1:172.21.15.17:6789/0] conn(0x7fea2c106810 0x7fea2c106170 unknown :-1 s=BANNER_CONNECTING pgs=0 cs=0 l=1 rev1=0 crypto rx=0 tx=0 comp rx=0 tx=0)._handle_peer_banner_payload supported=3 required=0
2023-07-20T18:23:20.589 INFO:teuthology.orchestra.run.smithi017.stdout:/usr/bin/ceph: stderr
2023-07-20T18:23:19.781+0000 7fea31ba0700 1 --2- >> [v2:172.21.15.17:3300/0,v1:172.21.15.17:6789/0] conn(0x7fea2c106810 0x7fea2c106170 unknown :-1 s=HELLO_CONNECTING pgs=0 cs=0 l=1 rev1=1 crypto rx=0 tx=0 comp rx=0 tx=0).handle_hello peer v2:172.21.15.17:3300/0 says I am v2:172.21.15.17:48720/0 (socket says 172.21.15.17:48720)
2023-07-20T18:23:20.589 INFO:teuthology.orchestra.run.smithi017.stdout:/usr/bin/ceph: stderr
2023-07-20T18:23:19.781+0000 7fea31ba0700 1 -- 172.21.15.17:0/2929131932 learned_addr learned my addr 172.21.15.17:0/2929131932 (peer_addr_for_me v2:172.21.15.17:0/0)
2023-07-20T18:23:20.590 INFO:teuthology.orchestra.run.smithi017.stdout:/usr/bin/ceph: stderr
2023-07-20T18:23:19.782+0000 7fea31ba0700 1 -- 172.21.15.17:0/2929131932 --> [v2:172.21.15.17:3300/0,v1:172.21.15.17:6789/0] -- mon_subscribe({config=0+,monmap=0+}) v3 -- 0x7fea20009550 con 0x7fea2c106810
2023-07-20T18:23:20.590 INFO:teuthology.orchestra.run.smithi017.stdout:/usr/bin/ceph: stderr
2023-07-20T18:23:19.782+0000 7fea31ba0700 1 --2- 172.21.15.17:0/2929131932 >> [v2:172.21.15.17:3300/0,v1:172.21.15.17:6789/0] conn(0x7fea2c106810 0x7fea2c106170 secure :-1 s=READY pgs=38 cs=0 l=1 rev1=1 crypto rx=0x7fea20006af0 tx=0x7fea20011a30 comp rx=0 tx=0).ready entity=mon.0 client_cookie=0 server_cookie=0 in_seq=0 out_seq=0
2023-07-20T18:23:20.590 INFO:teuthology.orchestra.run.smithi017.stdout:/usr/bin/ceph: stderr
2023-07-20T18:23:19.782+0000 7fea1effd700 1 -- 172.21.15.17:0/2929131932 <== mon.0 v2:172.21.15.17:3300/0 1 ==== mon_map magic: 0 v1 ==== 205+0+0 (secure 0 0 0) 0x7fea20003bf0 con 0x7fea2c106810
2023-07-20T18:23:20.590 INFO:teuthology.orchestra.run.smithi017.stdout:/usr/bin/ceph: stderr
2023-07-20T18:23:19.782+0000 7fea1effd700 1 -- 172.21.15.17:0/2929131932 <== mon.0 v2:172.21.15.17:3300/0 2 ==== config(25 keys) v1 ==== 1036+0+0 (secure 0 0 0) 0x7fea2001b8b0 con 0x7fea2c106810
2023-07-20T18:23:20.590 INFO:teuthology.orchestra.run.smithi017.stdout:/usr/bin/ceph: stderr
2023-07-20T18:23:19.782+0000 7fea32ba2700 1 -- 172.21.15.17:0/2929131932 --> [v2:172.21.15.17:3300/0,v1:172.21.15.17:6789/0] -- mon_subscribe({mgrmap=0+}) v3 -- 0x7fea2c1047c0 con 0x7fea2c106810
2023-07-20T18:23:20.590 INFO:teuthology.orchestra.run.smithi017.stdout:/usr/bin/ceph: stderr
2023-07-20T18:23:19.782+0000 7fea1effd700 1 -- 172.21.15.17:0/2929131932 <== mon.0 v2:172.21.15.17:3300/0 3 ==== mon_map magic: 0 v1 ==== 205+0+0 (secure 0 0 0) 0x7fea200197b0 con 0x7fea2c106810
2023-07-20T18:23:20.590 INFO:teuthology.orchestra.run.smithi017.stdout:/usr/bin/ceph: stderr
2023-07-20T18:23:19.782+0000 7fea32ba2700 1 -- 172.21.15.17:0/2929131932 --> [v2:172.21.15.17:3300/0,v1:172.21.15.17:6789/0] -- mon_subscribe({osdmap=0}) v3 -- 0x7fea2c104be0 con 0x7fea2c106810
2023-07-20T18:23:20.591 INFO:teuthology.orchestra.run.smithi017.stdout:/usr/bin/ceph: stderr
2023-07-20T18:23:19.783+0000 7fea1effd700 1 -- 172.21.15.17:0/2929131932 <== mon.0 v2:172.21.15.17:3300/0 4 ==== mgrmap(e 7) v1 ==== 45377+0+0 (secure 0 0 0) 0x7fea2001b440 con 0x7fea2c106810
2023-07-20T18:23:20.591 INFO:teuthology.orchestra.run.smithi017.stdout:/usr/bin/ceph: stderr
2023-07-20T18:23:19.783+0000 7fea1effd700 1 --2- 172.21.15.17:0/2929131932 >> [v2:172.21.15.17:6800/4243568055,v1:172.21.15.17:6801/4243568055] conn(0x7fea180385a0 0x7fea1803aa60 unknown :-1 s=NONE pgs=0 cs=0 l=1 rev1=0 crypto rx=0 tx=0 comp rx=0 tx=0).connect
2023-07-20T18:23:20.591 INFO:teuthology.orchestra.run.smithi017.stdout:/usr/bin/ceph: stderr
2023-07-20T18:23:19.783+0000 7fea1effd700 1 -- 172.21.15.17:0/2929131932 <== mon.0 v2:172.21.15.17:3300/0 5 ==== osd_map(2..2 src has 1..2) v4 ==== 940+0+0 (secure 0 0 0) 0x7fea2004c820 con 0x7fea2c106810
2023-07-20T18:23:20.591 INFO:teuthology.orchestra.run.smithi017.stdout:/usr/bin/ceph: stderr
2023-07-20T18:23:19.783+0000 7fea32ba2700 1 -- 172.21.15.17:0/2929131932 --> [v2:172.21.15.17:3300/0,v1:172.21.15.17:6789/0] -- mon_command({"prefix": "get_command_descriptions"} v 0) v1 -- 0x7fea2c109e80 con 0x7fea2c106810
2023-07-20T18:23:20.591 INFO:teuthology.orchestra.run.smithi017.stdout:/usr/bin/ceph: stderr
2023-07-20T18:23:19.783+0000 7fea3139f700 1 --2- 172.21.15.17:0/2929131932 >> [v2:172.21.15.17:6800/4243568055,v1:172.21.15.17:6801/4243568055] conn(0x7fea180385a0 0x7fea1803aa60 unknown :-1 s=BANNER_CONNECTING pgs=0 cs=0 l=1 rev1=0 crypto rx=0 tx=0 comp rx=0 tx=0)._handle_peer_banner_payload supported=3 required=0
2023-07-20T18:23:20.591 INFO:teuthology.orchestra.run.smithi017.stdout:/usr/bin/ceph: stderr
2023-07-20T18:23:19.784+0000 7fea3139f700 1 --2- 172.21.15.17:0/2929131932 >> [v2:172.21.15.17:6800/4243568055,v1:172.21.15.17:6801/4243568055] conn(0x7fea180385a0 0x7fea1803aa60 secure :-1 s=READY pgs=7 cs=0 l=1 rev1=1 crypto rx=0x7fea28006fd0 tx=0x7fea28006e40 comp rx=0 tx=0).ready entity=mgr.14120 client_cookie=0 server_cookie=0 in_seq=0 out_seq=0
2023-07-20T18:23:20.591 INFO:teuthology.orchestra.run.smithi017.stdout:/usr/bin/ceph: stderr
2023-07-20T18:23:19.788+0000 7fea1effd700 1 -- 172.21.15.17:0/2929131932 <== mon.0 v2:172.21.15.17:3300/0 6 ==== mon_command_ack([{"prefix": "get_command_descriptions"}]=0 v0) v1 ==== 72+0+178025 (secure 0 0 0) 0x7fea2001a3d0 con 0x7fea2c106810
2023-07-20T18:23:20.592 INFO:teuthology.orchestra.run.smithi017.stdout:/usr/bin/ceph: stderr
2023-07-20T18:23:20.026+0000 7fea1effd700 1 -- 172.21.15.17:0/2929131932 <== mon.0 v2:172.21.15.17:3300/0 7 ==== mgrmap(e 8) v1 ==== 45483+0+0 (secure 0 0 0) 0x7fea200233f0 con 0x7fea2c106810
2023-07-20T18:23:20.592 INFO:teuthology.orchestra.run.smithi017.stdout:/usr/bin/ceph: stderr
2023-07-20T18:23:20.171+0000 7fea32ba2700 1 -- 172.21.15.17:0/2929131932 --> [v2:172.21.15.17:6800/4243568055,v1:172.21.15.17:6801/4243568055] -- mgr_command(tid 0: {"prefix": "orch set backend", "module_name": "cephadm", "target": ["mon-mgr", ""]}) v1 -- 0x7fea2c105660 con 0x7fea180385a0
2023-07-20T18:23:20.592 INFO:teuthology.orchestra.run.smithi017.stdout:/usr/bin/ceph: stderr
2023-07-20T18:23:20.176+0000 7fea1effd700 1 -- 172.21.15.17:0/2929131932 <== mgr.14120 v2:172.21.15.17:6800/4243568055 1 ==== mgr_command_reply(tid 0: 0 ) v1 ==== 8+0+0 (secure 0 0 0) 0x7fea2c105660 con 0x7fea180385a0
2023-07-20T18:23:20.592 INFO:teuthology.orchestra.run.smithi017.stdout:/usr/bin/ceph: stderr
2023-07-20T18:23:20.179+0000 7fea32ba2700 1 -- 172.21.15.17:0/2929131932 >> [v2:172.21.15.17:6800/4243568055,v1:172.21.15.17:6801/4243568055] conn(0x7fea180385a0 msgr2=0x7fea1803aa60 secure :-1 s=STATE_CONNECTION_ESTABLISHED l=1).mark_down
2023-07-20T18:23:20.592 INFO:teuthology.orchestra.run.smithi017.stdout:/usr/bin/ceph: stderr
2023-07-20T18:23:20.179+0000 7fea32ba2700 1 --2- 172.21.15.17:0/2929131932 >> [v2:172.21.15.17:6800/4243568055,v1:172.21.15.17:6801/4243568055] conn(0x7fea180385a0 0x7fea1803aa60 secure :-1 s=READY pgs=7 cs=0 l=1 rev1=1 crypto rx=0x7fea28006fd0 tx=0x7fea28006e40 comp rx=0 tx=0).stop
2023-07-20T18:23:20.592 INFO:teuthology.orchestra.run.smithi017.stdout:/usr/bin/ceph: stderr
2023-07-20T18:23:20.179+0000 7fea32ba2700 1 -- 172.21.15.17:0/2929131932 >> [v2:172.21.15.17:3300/0,v1:172.21.15.17:6789/0] conn(0x7fea2c106810 msgr2=0x7fea2c106170 secure :-1 s=STATE_CONNECTION_ESTABLISHED l=1).mark_down
2023-07-20T18:23:20.592 INFO:teuthology.orchestra.run.smithi017.stdout:/usr/bin/ceph: stderr
2023-07-20T18:23:20.179+0000 7fea32ba2700 1 --2- 172.21.15.17:0/2929131932 >> [v2:172.21.15.17:3300/0,v1:172.21.15.17:6789/0] conn(0x7fea2c106810 0x7fea2c106170 secure :-1 s=READY pgs=38 cs=0 l=1 rev1=1 crypto rx=0x7fea20006af0 tx=0x7fea20011a30 comp rx=0 tx=0).stop
2023-07-20T18:23:20.592 INFO:teuthology.orchestra.run.smithi017.stdout:/usr/bin/ceph: stderr
2023-07-20T18:23:20.179+0000 7fea32ba2700 1 -- 172.21.15.17:0/2929131932 shutdown_connections
2023-07-20T18:23:20.593 INFO:teuthology.orchestra.run.smithi017.stdout:/usr/bin/ceph: stderr
2023-07-20T18:23:20.179+0000 7fea32ba2700 1 --2- 172.21.15.17:0/2929131932 >> [v2:172.21.15.17:6800/4243568055,v1:172.21.15.17:6801/4243568055] conn(0x7fea180385a0 0x7fea1803aa60 unknown :-1 s=CLOSED pgs=7 cs=0 l=1 rev1=1 crypto rx=0 tx=0 comp rx=0 tx=0).stop
2023-07-20T18:23:20.593 INFO:teuthology.orchestra.run.smithi017.stdout:/usr/bin/ceph: stderr
2023-07-20T18:23:20.179+0000 7fea32ba2700 1 --2- 172.21.15.17:0/2929131932 >> [v2:172.21.15.17:3300/0,v1:172.21.15.17:6789/0] conn(0x7fea2c106810 0x7fea2c106170 unknown :-1 s=CLOSED pgs=38 cs=0 l=1 rev1=1 crypto rx=0 tx=0 comp rx=0 tx=0).stop
2023-07-20T18:23:20.593 INFO:teuthology.orchestra.run.smithi017.stdout:/usr/bin/ceph: stderr
2023-07-20T18:23:20.179+0000 7fea32ba2700 1 -- 172.21.15.17:0/2929131932 >> 172.21.15.17:0/2929131932 conn(0x7fea2c100220 msgr2=0x7fea2c100fe0 unknown :-1 s=STATE_NONE l=0).mark_down
2023-07-20T18:23:20.593 INFO:teuthology.orchestra.run.smithi017.stdout:/usr/bin/ceph: stderr
2023-07-20T18:23:20.179+0000 7fea32ba2700 1 -- 172.21.15.17:0/2929131932 shutdown_connections
2023-07-20T18:23:20.593 INFO:teuthology.orchestra.run.smithi017.stdout:/usr/bin/ceph: stderr
2023-07-20T18:23:20.179+0000 7fea32ba2700 1 -- 172.21.15.17:0/2929131932 wait complete.
2023-07-20T18:23:21.437 INFO:journalctl@ceph.mon.a.smithi017.stdout:Jul 20 18:23:21 smithi017 ceph-mon[96488]: mgrmap e8: x(active, since 2s)
2023-07-20T18:23:21.438 INFO:journalctl@ceph.mon.a.smithi017.stdout:Jul 20 18:23:21 smithi017 ceph-mon[96488]: from='client.14132 -' entity='client.admin' cmd=[{"prefix": "orch set backend", "module_name": "cephadm", "target": ["mon-mgr", ""]}]: dispatch
2023-07-20T18:23:21.438 INFO:journalctl@ceph.mon.a.smithi017.stdout:Jul 20 18:23:21 smithi017 ceph-mon[96488]: from='mgr.14120 172.21.15.17:0/1627462558' entity='mgr.x'
2023-07-20T18:23:21.438 INFO:journalctl@ceph.mon.a.smithi017.stdout:Jul 20 18:23:21 smithi017 ceph-mon[96488]: from='mgr.14120 172.21.15.17:0/1627462558' entity='mgr.x' cmd=[{"prefix": "config dump", "format": "json"}]: dispatch
2023-07-20T18:23:21.832 INFO:teuthology.orchestra.run.smithi017.stdout:/usr/bin/ceph: stdout value unchanged
2023-07-20T18:23:21.832 INFO:teuthology.orchestra.run.smithi017.stdout:/usr/bin/ceph: stderr
2023-07-20T18:23:21.045+0000 7fbe22910700 1 Processor -- start
2023-07-20T18:23:21.832 INFO:teuthology.orchestra.run.smithi017.stdout:/usr/bin/ceph: stderr
2023-07-20T18:23:21.045+0000 7fbe22910700 1 -- start start
2023-07-20T18:23:21.832 INFO:teuthology.orchestra.run.smithi017.stdout:/usr/bin/ceph: stderr
2023-07-20T18:23:21.046+0000 7fbe22910700 1 --2- >> [v2:172.21.15.17:3300/0,v1:172.21.15.17:6789/0] conn(0x7fbe1c106a60 0x7fbe1c108e50 unknown :-1 s=NONE pgs=0 cs=0 l=0 rev1=0 crypto rx=0 tx=0 comp rx=0 tx=0).connect
2023-07-20T18:23:21.833 INFO:teuthology.orchestra.run.smithi017.stdout:/usr/bin/ceph: stderr
2023-07-20T18:23:21.046+0000 7fbe22910700 1 -- --> [v2:172.21.15.17:3300/0,v1:172.21.15.17:6789/0] -- mon_getmap magic: 0 v1 -- 0x7fbe1c0619d0 con 0x7fbe1c106a60
2023-07-20T18:23:21.833 INFO:teuthology.orchestra.run.smithi017.stdout:/usr/bin/ceph: stderr
2023-07-20T18:23:21.046+0000 7fbe1bfff700 1 --2- >> [v2:172.21.15.17:3300/0,v1:172.21.15.17:6789/0] conn(0x7fbe1c106a60 0x7fbe1c108e50 unknown :-1 s=BANNER_CONNECTING pgs=0 cs=0 l=0 rev1=0 crypto rx=0 tx=0 comp rx=0 tx=0)._handle_peer_banner_payload supported=3 required=0
2023-07-20T18:23:21.833 INFO:teuthology.orchestra.run.smithi017.stdout:/usr/bin/ceph: stderr
2023-07-20T18:23:21.046+0000 7fbe1bfff700 1 --2- >> [v2:172.21.15.17:3300/0,v1:172.21.15.17:6789/0] conn(0x7fbe1c106a60 0x7fbe1c108e50 unknown :-1 s=HELLO_CONNECTING pgs=0 cs=0 l=0 rev1=1 crypto rx=0 tx=0 comp rx=0 tx=0).handle_hello peer v2:172.21.15.17:3300/0 says I am v2:172.21.15.17:48724/0 (socket says 172.21.15.17:48724)
2023-07-20T18:23:21.833 INFO:teuthology.orchestra.run.smithi017.stdout:/usr/bin/ceph: stderr
2023-07-20T18:23:21.046+0000 7fbe1bfff700 1 -- 172.21.15.17:0/3838189103 learned_addr learned my addr 172.21.15.17:0/3838189103 (peer_addr_for_me v2:172.21.15.17:0/0)
2023-07-20T18:23:21.833 INFO:teuthology.orchestra.run.smithi017.stdout:/usr/bin/ceph: stderr
2023-07-20T18:23:21.046+0000 7fbe1bfff700 1 -- 172.21.15.17:0/3838189103 --> [v2:172.21.15.17:3300/0,v1:172.21.15.17:6789/0] -- mon_subscribe({config=0+,monmap=0+}) v3 -- 0x7fbe1c061b10 con 0x7fbe1c106a60
2023-07-20T18:23:21.833 INFO:teuthology.orchestra.run.smithi017.stdout:/usr/bin/ceph: stderr
2023-07-20T18:23:21.046+0000 7fbe1bfff700 1 --2- 172.21.15.17:0/3838189103 >> [v2:172.21.15.17:3300/0,v1:172.21.15.17:6789/0] conn(0x7fbe1c106a60 0x7fbe1c108e50 secure :-1 s=READY pgs=39 cs=0 l=1 rev1=1 crypto rx=0x7fbe0c0098a0 tx=0x7fbe0c009bb0 comp rx=0 tx=0).ready entity=mon.0 client_cookie=889752c4eb1b1399 server_cookie=0 in_seq=0 out_seq=0
2023-07-20T18:23:21.833 INFO:teuthology.orchestra.run.smithi017.stdout:/usr/bin/ceph: stderr
2023-07-20T18:23:21.046+0000 7fbe1affd700 1 -- 172.21.15.17:0/3838189103 <== mon.0 v2:172.21.15.17:3300/0 1 ==== mon_map magic: 0 v1 ==== 205+0+0 (secure 0 0 0) 0x7fbe0c004160 con 0x7fbe1c106a60
2023-07-20T18:23:21.834 INFO:teuthology.orchestra.run.smithi017.stdout:/usr/bin/ceph: stderr
2023-07-20T18:23:21.046+0000 7fbe1affd700 1 -- 172.21.15.17:0/3838189103 <== mon.0 v2:172.21.15.17:3300/0 2 ==== config(25 keys) v1 ==== 1036+0+0 (secure 0 0 0) 0x7fbe0c0042c0 con 0x7fbe1c106a60
2023-07-20T18:23:21.834 INFO:teuthology.orchestra.run.smithi017.stdout:/usr/bin/ceph: stderr
2023-07-20T18:23:21.046+0000 7fbe1affd700 1 -- 172.21.15.17:0/3838189103 <== mon.0 v2:172.21.15.17:3300/0 3 ==== mon_map magic: 0 v1 ==== 205+0+0 (secure 0 0 0) 0x7fbe0c011940 con 0x7fbe1c106a60
2023-07-20T18:23:21.834 INFO:teuthology.orchestra.run.smithi017.stdout:/usr/bin/ceph: stderr
2023-07-20T18:23:21.047+0000 7fbe22910700 1 -- 172.21.15.17:0/3838189103 >> [v2:172.21.15.17:3300/0,v1:172.21.15.17:6789/0] conn(0x7fbe1c106a60 msgr2=0x7fbe1c108e50 secure :-1 s=STATE_CONNECTION_ESTABLISHED l=1).mark_down
2023-07-20T18:23:21.834 INFO:teuthology.orchestra.run.smithi017.stdout:/usr/bin/ceph: stderr
2023-07-20T18:23:21.047+0000 7fbe22910700 1 --2- 172.21.15.17:0/3838189103 >> [v2:172.21.15.17:3300/0,v1:172.21.15.17:6789/0] conn(0x7fbe1c106a60 0x7fbe1c108e50 secure :-1 s=READY pgs=39 cs=0 l=1 rev1=1 crypto rx=0x7fbe0c0098a0 tx=0x7fbe0c009bb0 comp rx=0 tx=0).stop
2023-07-20T18:23:21.834 INFO:teuthology.orchestra.run.smithi017.stdout:/usr/bin/ceph: stderr
2023-07-20T18:23:21.047+0000 7fbe22910700 1 -- 172.21.15.17:0/3838189103 shutdown_connections
2023-07-20T18:23:21.834 INFO:teuthology.orchestra.run.smithi017.stdout:/usr/bin/ceph: stderr
2023-07-20T18:23:21.047+0000 7fbe22910700 1 --2- 172.21.15.17:0/3838189103 >> [v2:172.21.15.17:3300/0,v1:172.21.15.17:6789/0] conn(0x7fbe1c106a60 0x7fbe1c108e50 unknown :-1 s=CLOSED pgs=39 cs=0 l=1 rev1=1 crypto rx=0 tx=0 comp rx=0 tx=0).stop
2023-07-20T18:23:21.834 INFO:teuthology.orchestra.run.smithi017.stdout:/usr/bin/ceph: stderr
2023-07-20T18:23:21.047+0000 7fbe22910700 1 -- 172.21.15.17:0/3838189103 >> 172.21.15.17:0/3838189103 conn(0x7fbe1c100410 msgr2=0x7fbe1c102830 unknown :-1 s=STATE_NONE l=0).mark_down
2023-07-20T18:23:21.835 INFO:teuthology.orchestra.run.smithi017.stdout:/usr/bin/ceph: stderr
2023-07-20T18:23:21.047+0000 7fbe22910700 1 -- 172.21.15.17:0/3838189103 shutdown_connections
2023-07-20T18:23:21.835 INFO:teuthology.orchestra.run.smithi017.stdout:/usr/bin/ceph: stderr
2023-07-20T18:23:21.047+0000 7fbe22910700 1 -- 172.21.15.17:0/3838189103 wait complete.
2023-07-20T18:23:21.835 INFO:teuthology.orchestra.run.smithi017.stdout:/usr/bin/ceph: stderr
2023-07-20T18:23:21.048+0000 7fbe22910700 1 Processor -- start
2023-07-20T18:23:21.835 INFO:teuthology.orchestra.run.smithi017.stdout:/usr/bin/ceph: stderr
2023-07-20T18:23:21.048+0000 7fbe22910700 1 -- start start
2023-07-20T18:23:21.835 INFO:teuthology.orchestra.run.smithi017.stdout:/usr/bin/ceph: stderr
2023-07-20T18:23:21.048+0000 7fbe22910700 1 --2- >> [v2:172.21.15.17:3300/0,v1:172.21.15.17:6789/0] conn(0x7fbe1c106a60 0x7fbe1c1063c0 unknown :-1 s=NONE pgs=0 cs=0 l=1 rev1=0 crypto rx=0 tx=0 comp rx=0 tx=0).connect
2023-07-20T18:23:21.835 INFO:teuthology.orchestra.run.smithi017.stdout:/usr/bin/ceph: stderr
2023-07-20T18:23:21.048+0000 7fbe22910700 1 -- --> [v2:172.21.15.17:3300/0,v1:172.21.15.17:6789/0] -- mon_getmap magic: 0 v1 -- 0x7fbe1c106900 con 0x7fbe1c106a60
2023-07-20T18:23:21.835 INFO:teuthology.orchestra.run.smithi017.stdout:/usr/bin/ceph: stderr
2023-07-20T18:23:21.048+0000 7fbe1bfff700 1 --2- >> [v2:172.21.15.17:3300/0,v1:172.21.15.17:6789/0] conn(0x7fbe1c106a60 0x7fbe1c1063c0 unknown :-1 s=BANNER_CONNECTING pgs=0 cs=0 l=1 rev1=0 crypto rx=0 tx=0 comp rx=0 tx=0)._handle_peer_banner_payload supported=3 required=0
2023-07-20T18:23:21.835 INFO:teuthology.orchestra.run.smithi017.stdout:/usr/bin/ceph: stderr
2023-07-20T18:23:21.048+0000 7fbe1bfff700 1 --2- >> [v2:172.21.15.17:3300/0,v1:172.21.15.17:6789/0] conn(0x7fbe1c106a60 0x7fbe1c1063c0 unknown :-1 s=HELLO_CONNECTING pgs=0 cs=0 l=1 rev1=1 crypto rx=0 tx=0 comp rx=0 tx=0).handle_hello peer v2:172.21.15.17:3300/0 says I am v2:172.21.15.17:48726/0 (socket says 172.21.15.17:48726)
2023-07-20T18:23:21.836 INFO:teuthology.orchestra.run.smithi017.stdout:/usr/bin/ceph: stderr
2023-07-20T18:23:21.048+0000 7fbe1bfff700 1 -- 172.21.15.17:0/3234372444 learned_addr learned my addr 172.21.15.17:0/3234372444 (peer_addr_for_me v2:172.21.15.17:0/0)
2023-07-20T18:23:21.836 INFO:teuthology.orchestra.run.smithi017.stdout:/usr/bin/ceph: stderr
2023-07-20T18:23:21.048+0000 7fbe1bfff700 1 -- 172.21.15.17:0/3234372444 --> [v2:172.21.15.17:3300/0,v1:172.21.15.17:6789/0] -- mon_subscribe({config=0+,monmap=0+}) v3 -- 0x7fbe0c009550 con 0x7fbe1c106a60
2023-07-20T18:23:21.836 INFO:teuthology.orchestra.run.smithi017.stdout:/usr/bin/ceph: stderr
2023-07-20T18:23:21.049+0000 7fbe1bfff700 1 --2- 172.21.15.17:0/3234372444 >> [v2:172.21.15.17:3300/0,v1:172.21.15.17:6789/0] conn(0x7fbe1c106a60 0x7fbe1c1063c0 secure :-1 s=READY pgs=40 cs=0 l=1 rev1=1 crypto rx=0x7fbe0c011dc0 tx=0x7fbe0c011ea0 comp rx=0 tx=0).ready entity=mon.0 client_cookie=0 server_cookie=0 in_seq=0 out_seq=0
2023-07-20T18:23:21.836 INFO:teuthology.orchestra.run.smithi017.stdout:/usr/bin/ceph: stderr
2023-07-20T18:23:21.049+0000 7fbe197fa700 1 -- 172.21.15.17:0/3234372444 <== mon.0 v2:172.21.15.17:3300/0 1 ==== mon_map magic: 0 v1 ==== 205+0+0 (secure 0 0 0) 0x7fbe0c0037d0 con 0x7fbe1c106a60
2023-07-20T18:23:21.836 INFO:teuthology.orchestra.run.smithi017.stdout:/usr/bin/ceph: stderr
2023-07-20T18:23:21.049+0000 7fbe197fa700 1 -- 172.21.15.17:0/3234372444 <== mon.0 v2:172.21.15.17:3300/0 2 ==== config(25 keys) v1 ==== 1036+0+0 (secure 0 0 0) 0x7fbe0c01b440 con 0x7fbe1c106a60
2023-07-20T18:23:21.836 INFO:teuthology.orchestra.run.smithi017.stdout:/usr/bin/ceph: stderr
2023-07-20T18:23:21.049+0000 7fbe22910700 1 -- 172.21.15.17:0/3234372444 --> [v2:172.21.15.17:3300/0,v1:172.21.15.17:6789/0] -- mon_subscribe({mgrmap=0+}) v3 -- 0x7fbe1c104a10 con 0x7fbe1c106a60
2023-07-20T18:23:21.836 INFO:teuthology.orchestra.run.smithi017.stdout:/usr/bin/ceph: stderr
2023-07-20T18:23:21.049+0000 7fbe197fa700 1 -- 172.21.15.17:0/3234372444 <== mon.0 v2:172.21.15.17:3300/0 3 ==== mon_map magic: 0 v1 ==== 205+0+0 (secure 0 0 0) 0x7fbe0c01a560 con 0x7fbe1c106a60
2023-07-20T18:23:21.837 INFO:teuthology.orchestra.run.smithi017.stdout:/usr/bin/ceph: stderr
2023-07-20T18:23:21.049+0000 7fbe22910700 1 -- 172.21.15.17:0/3234372444 --> [v2:172.21.15.17:3300/0,v1:172.21.15.17:6789/0] -- mon_subscribe({osdmap=0}) v3 -- 0x7fbe1c104e30 con 0x7fbe1c106a60
2023-07-20T18:23:21.837 INFO:teuthology.orchestra.run.smithi017.stdout:/usr/bin/ceph: stderr
2023-07-20T18:23:21.050+0000 7fbe197fa700 1 -- 172.21.15.17:0/3234372444 <== mon.0 v2:172.21.15.17:3300/0 4 ==== mgrmap(e 8) v1 ==== 45483+0+0 (secure 0 0 0) 0x7fbe0c01a7d0 con 0x7fbe1c106a60
2023-07-20T18:23:21.837 INFO:teuthology.orchestra.run.smithi017.stdout:/usr/bin/ceph: stderr
2023-07-20T18:23:21.050+0000 7fbe197fa700 1 --2- 172.21.15.17:0/3234372444 >> [v2:172.21.15.17:6800/4243568055,v1:172.21.15.17:6801/4243568055] conn(0x7fbe04038760 0x7fbe0403ac20 unknown :-1 s=NONE pgs=0 cs=0 l=1 rev1=0 crypto rx=0 tx=0 comp rx=0 tx=0).connect
2023-07-20T18:23:21.837 INFO:teuthology.orchestra.run.smithi017.stdout:/usr/bin/ceph: stderr
2023-07-20T18:23:21.050+0000 7fbe22910700 1 -- 172.21.15.17:0/3234372444 --> [v2:172.21.15.17:3300/0,v1:172.21.15.17:6789/0] -- mon_command({"prefix": "get_command_descriptions"} v 0) v1 -- 0x7fbe1c10a060 con 0x7fbe1c106a60
2023-07-20T18:23:21.837 INFO:teuthology.orchestra.run.smithi017.stdout:/usr/bin/ceph: stderr
2023-07-20T18:23:21.050+0000 7fbe197fa700 1 -- 172.21.15.17:0/3234372444 <== mon.0 v2:172.21.15.17:3300/0 5 ==== osd_map(2..2 src has 1..2) v4 ==== 940+0+0 (secure 0 0 0) 0x7fbe0c04c760 con 0x7fbe1c106a60
2023-07-20T18:23:21.837 INFO:teuthology.orchestra.run.smithi017.stdout:/usr/bin/ceph: stderr
2023-07-20T18:23:21.050+0000 7fbe1b7fe700 1 --2- 172.21.15.17:0/3234372444 >> [v2:172.21.15.17:6800/4243568055,v1:172.21.15.17:6801/4243568055] conn(0x7fbe04038760 0x7fbe0403ac20 unknown :-1 s=BANNER_CONNECTING pgs=0 cs=0 l=1 rev1=0 crypto rx=0 tx=0 comp rx=0 tx=0)._handle_peer_banner_payload supported=3 required=0
2023-07-20T18:23:21.837 INFO:teuthology.orchestra.run.smithi017.stdout:/usr/bin/ceph: stderr
2023-07-20T18:23:21.050+0000 7fbe1b7fe700 1 --2- 172.21.15.17:0/3234372444 >> [v2:172.21.15.17:6800/4243568055,v1:172.21.15.17:6801/4243568055] conn(0x7fbe04038760 0x7fbe0403ac20 secure :-1 s=READY pgs=8 cs=0 l=1 rev1=1 crypto rx=0x7fbe10006fd0 tx=0x7fbe10006e40 comp rx=0 tx=0).ready entity=mgr.14120 client_cookie=0 server_cookie=0 in_seq=0 out_seq=0
2023-07-20T18:23:21.837 INFO:teuthology.orchestra.run.smithi017.stdout:/usr/bin/ceph: stderr
2023-07-20T18:23:21.055+0000 7fbe197fa700 1 -- 172.21.15.17:0/3234372444 <== mon.0 v2:172.21.15.17:3300/0 6 ==== mon_command_ack([{"prefix": "get_command_descriptions"}]=0 v0) v1 ==== 72+0+178025 (secure 0 0 0) 0x7fbe0c01f070 con 0x7fbe1c106a60
2023-07-20T18:23:21.838 INFO:teuthology.orchestra.run.smithi017.stdout:/usr/bin/ceph: stderr
2023-07-20T18:23:21.413+0000 7fbe22910700 1 -- 172.21.15.17:0/3234372444 --> [v2:172.21.15.17:6800/4243568055,v1:172.21.15.17:6801/4243568055] -- mgr_command(tid 0: {"prefix": "cephadm set-user", "user": "root", "target": ["mon-mgr", ""]}) v1 -- 0x7fbe1c1018f0 con 0x7fbe04038760
2023-07-20T18:23:21.838 INFO:teuthology.orchestra.run.smithi017.stdout:/usr/bin/ceph: stderr
2023-07-20T18:23:21.414+0000 7fbe197fa700 1 -- 172.21.15.17:0/3234372444 <== mgr.14120 v2:172.21.15.17:6800/4243568055 1 ==== mgr_command_reply(tid 0: 0 ) v1 ==== 8+0+16 (secure 0 0 0) 0x7fbe1c1018f0 con 0x7fbe04038760
2023-07-20T18:23:21.838 INFO:teuthology.orchestra.run.smithi017.stdout:/usr/bin/ceph: stderr
2023-07-20T18:23:21.416+0000 7fbe22910700 1 -- 172.21.15.17:0/3234372444 >> [v2:172.21.15.17:6800/4243568055,v1:172.21.15.17:6801/4243568055] conn(0x7fbe04038760 msgr2=0x7fbe0403ac20 secure :-1 s=STATE_CONNECTION_ESTABLISHED l=1).mark_down
2023-07-20T18:23:21.838 INFO:teuthology.orchestra.run.smithi017.stdout:/usr/bin/ceph: stderr
2023-07-20T18:23:21.416+0000 7fbe22910700 1 --2- 172.21.15.17:0/3234372444 >> [v2:172.21.15.17:6800/4243568055,v1:172.21.15.17:6801/4243568055] conn(0x7fbe04038760 0x7fbe0403ac20 secure :-1 s=READY pgs=8 cs=0 l=1 rev1=1 crypto rx=0x7fbe10006fd0 tx=0x7fbe10006e40 comp rx=0 tx=0).stop
2023-07-20T18:23:21.838 INFO:teuthology.orchestra.run.smithi017.stdout:/usr/bin/ceph: stderr
2023-07-20T18:23:21.416+0000 7fbe22910700 1 -- 172.21.15.17:0/3234372444 >> [v2:172.21.15.17:3300/0,v1:172.21.15.17:6789/0] conn(0x7fbe1c106a60 msgr2=0x7fbe1c1063c0 secure :-1 s=STATE_CONNECTION_ESTABLISHED l=1).mark_down
2023-07-20T18:23:21.838 INFO:teuthology.orchestra.run.smithi017.stdout:/usr/bin/ceph: stderr
2023-07-20T18:23:21.416+0000 7fbe22910700 1 --2- 172.21.15.17:0/3234372444 >> [v2:172.21.15.17:3300/0,v1:172.21.15.17:6789/0] conn(0x7fbe1c106a60 0x7fbe1c1063c0 secure :-1 s=READY pgs=40 cs=0 l=1 rev1=1 crypto rx=0x7fbe0c011dc0 tx=0x7fbe0c011ea0 comp rx=0 tx=0).stop
2023-07-20T18:23:21.838 INFO:teuthology.orchestra.run.smithi017.stdout:/usr/bin/ceph: stderr
2023-07-20T18:23:21.416+0000 7fbe22910700 1 -- 172.21.15.17:0/3234372444 shutdown_connections
2023-07-20T18:23:21.839 INFO:teuthology.orchestra.run.smithi017.stdout:/usr/bin/ceph: stderr
2023-07-20T18:23:21.416+0000 7fbe22910700 1 --2- 172.21.15.17:0/3234372444 >> [v2:172.21.15.17:6800/4243568055,v1:172.21.15.17:6801/4243568055] conn(0x7fbe04038760 0x7fbe0403ac20 unknown :-1 s=CLOSED pgs=8 cs=0 l=1 rev1=1 crypto rx=0 tx=0 comp rx=0 tx=0).stop
2023-07-20T18:23:21.839 INFO:teuthology.orchestra.run.smithi017.stdout:/usr/bin/ceph: stderr
2023-07-20T18:23:21.416+0000 7fbe22910700 1 --2- 172.21.15.17:0/3234372444 >> [v2:172.21.15.17:3300/0,v1:172.21.15.17:6789/0] conn(0x7fbe1c106a60 0x7fbe1c1063c0 unknown :-1 s=CLOSED pgs=40 cs=0 l=1 rev1=1 crypto rx=0 tx=0 comp rx=0 tx=0).stop
2023-07-20T18:23:21.839 INFO:teuthology.orchestra.run.smithi017.stdout:/usr/bin/ceph: stderr
2023-07-20T18:23:21.416+0000 7fbe22910700 1 -- 172.21.15.17:0/3234372444 >> 172.21.15.17:0/3234372444 conn(0x7fbe1c100410 msgr2=0x7fbe1c1011e0 unknown :-1 s=STATE_NONE l=0).mark_down
2023-07-20T18:23:21.839 INFO:teuthology.orchestra.run.smithi017.stdout:/usr/bin/ceph: stderr
2023-07-20T18:23:21.416+0000 7fbe22910700 1 -- 172.21.15.17:0/3234372444 shutdown_connections
2023-07-20T18:23:21.839 INFO:teuthology.orchestra.run.smithi017.stdout:/usr/bin/ceph: stderr
2023-07-20T18:23:21.416+0000 7fbe22910700 1 -- 172.21.15.17:0/3234372444 wait complete.
2023-07-20T18:23:21.839 INFO:teuthology.orchestra.run.smithi017.stdout:Generating ssh key...
2023-07-20T18:23:22.458 INFO:journalctl@ceph.mon.a.smithi017.stdout:Jul 20 18:23:22 smithi017 ceph-mon[96488]: from='client.14134 -' entity='client.admin' cmd=[{"prefix": "cephadm set-user", "user": "root", "target": ["mon-mgr", ""]}]: dispatch
2023-07-20T18:23:23.076 INFO:teuthology.orchestra.run.smithi017.stdout:/usr/bin/ceph: stderr
2023-07-20T18:23:22.298+0000 7f19c0e1a700 1 Processor -- start
2023-07-20T18:23:23.076 INFO:teuthology.orchestra.run.smithi017.stdout:/usr/bin/ceph: stderr
2023-07-20T18:23:22.298+0000 7f19c0e1a700 1 -- start start
2023-07-20T18:23:23.077 INFO:teuthology.orchestra.run.smithi017.stdout:/usr/bin/ceph: stderr
2023-07-20T18:23:22.298+0000 7f19c0e1a700 1 --2- >> [v2:172.21.15.17:3300/0,v1:172.21.15.17:6789/0] conn(0x7f19bc106440 0x7f19bc106860 unknown :-1 s=NONE pgs=0 cs=0 l=0 rev1=0 crypto rx=0 tx=0 comp rx=0 tx=0).connect
2023-07-20T18:23:23.077 INFO:teuthology.orchestra.run.smithi017.stdout:/usr/bin/ceph: stderr
2023-07-20T18:23:22.298+0000 7f19c0e1a700 1 -- --> [v2:172.21.15.17:3300/0,v1:172.21.15.17:6789/0] -- mon_getmap magic: 0 v1 -- 0x7f19bc106e30 con 0x7f19bc106440
2023-07-20T18:23:23.077 INFO:teuthology.orchestra.run.smithi017.stdout:/usr/bin/ceph: stderr
2023-07-20T18:23:22.298+0000 7f19ba59c700 1 --2- >> [v2:172.21.15.17:3300/0,v1:172.21.15.17:6789/0] conn(0x7f19bc106440 0x7f19bc106860 unknown :-1 s=BANNER_CONNECTING pgs=0 cs=0 l=0 rev1=0 crypto rx=0 tx=0 comp rx=0 tx=0)._handle_peer_banner_payload supported=3 required=0
2023-07-20T18:23:23.077 INFO:teuthology.orchestra.run.smithi017.stdout:/usr/bin/ceph: stderr
2023-07-20T18:23:22.298+0000 7f19ba59c700 1 --2- >> [v2:172.21.15.17:3300/0,v1:172.21.15.17:6789/0] conn(0x7f19bc106440 0x7f19bc106860 unknown :-1 s=HELLO_CONNECTING pgs=0 cs=0 l=0 rev1=1 crypto rx=0 tx=0 comp rx=0 tx=0).handle_hello peer v2:172.21.15.17:3300/0 says I am v2:172.21.15.17:48730/0 (socket says 172.21.15.17:48730)
2023-07-20T18:23:23.077 INFO:teuthology.orchestra.run.smithi017.stdout:/usr/bin/ceph: stderr
2023-07-20T18:23:22.298+0000 7f19ba59c700 1 -- 172.21.15.17:0/1219017883 learned_addr learned my addr 172.21.15.17:0/1219017883 (peer_addr_for_me v2:172.21.15.17:0/0)
2023-07-20T18:23:23.077 INFO:teuthology.orchestra.run.smithi017.stdout:/usr/bin/ceph: stderr
2023-07-20T18:23:22.299+0000 7f19ba59c700 1 -- 172.21.15.17:0/1219017883 --> [v2:172.21.15.17:3300/0,v1:172.21.15.17:6789/0] -- mon_subscribe({config=0+,monmap=0+}) v3 -- 0x7f19bc106f70 con 0x7f19bc106440
2023-07-20T18:23:23.078 INFO:teuthology.orchestra.run.smithi017.stdout:/usr/bin/ceph: stderr
2023-07-20T18:23:22.299+0000 7f19ba59c700 1 --2- 172.21.15.17:0/1219017883 >> [v2:172.21.15.17:3300/0,v1:172.21.15.17:6789/0] conn(0x7f19bc106440 0x7f19bc106860 secure :-1 s=READY pgs=41 cs=0 l=1 rev1=1 crypto rx=0x7f19ac0098a0 tx=0x7f19ac009bb0 comp rx=0 tx=0).ready entity=mon.0 client_cookie=7cb180ed604a954d server_cookie=0 in_seq=0 out_seq=0
2023-07-20T18:23:23.078 INFO:teuthology.orchestra.run.smithi017.stdout:/usr/bin/ceph: stderr
2023-07-20T18:23:22.299+0000 7f19b959a700 1 -- 172.21.15.17:0/1219017883 <== mon.0 v2:172.21.15.17:3300/0 1 ==== mon_map magic: 0 v1 ==== 205+0+0 (secure 0 0 0) 0x7f19ac004160 con 0x7f19bc106440
2023-07-20T18:23:23.078 INFO:teuthology.orchestra.run.smithi017.stdout:/usr/bin/ceph: stderr
2023-07-20T18:23:22.299+0000 7f19b959a700 1 -- 172.21.15.17:0/1219017883 <== mon.0 v2:172.21.15.17:3300/0 2 ==== config(25 keys) v1 ==== 1036+0+0 (secure 0 0 0) 0x7f19ac0042c0 con 0x7f19bc106440
2023-07-20T18:23:23.078 INFO:teuthology.orchestra.run.smithi017.stdout:/usr/bin/ceph: stderr
2023-07-20T18:23:22.299+0000 7f19b959a700 1 -- 172.21.15.17:0/1219017883 <== mon.0 v2:172.21.15.17:3300/0 3 ==== mon_map magic: 0 v1 ==== 205+0+0 (secure 0 0 0) 0x7f19ac011940 con 0x7f19bc106440
2023-07-20T18:23:23.078 INFO:teuthology.orchestra.run.smithi017.stdout:/usr/bin/ceph: stderr
2023-07-20T18:23:22.299+0000 7f19c0e1a700 1 -- 172.21.15.17:0/1219017883 >> [v2:172.21.15.17:3300/0,v1:172.21.15.17:6789/0] conn(0x7f19bc106440 msgr2=0x7f19bc106860 secure :-1 s=STATE_CONNECTION_ESTABLISHED l=1).mark_down
2023-07-20T18:23:23.078 INFO:teuthology.orchestra.run.smithi017.stdout:/usr/bin/ceph: stderr
2023-07-20T18:23:22.299+0000 7f19c0e1a700 1 --2- 172.21.15.17:0/1219017883 >> [v2:172.21.15.17:3300/0,v1:172.21.15.17:6789/0] conn(0x7f19bc106440 0x7f19bc106860 secure :-1 s=READY pgs=41 cs=0 l=1 rev1=1 crypto rx=0x7f19ac0098a0 tx=0x7f19ac009bb0 comp rx=0 tx=0).stop
2023-07-20T18:23:23.078 INFO:teuthology.orchestra.run.smithi017.stdout:/usr/bin/ceph: stderr
2023-07-20T18:23:22.300+0000 7f19c0e1a700 1 -- 172.21.15.17:0/1219017883 shutdown_connections
2023-07-20T18:23:23.079 INFO:teuthology.orchestra.run.smithi017.stdout:/usr/bin/ceph: stderr
2023-07-20T18:23:22.300+0000 7f19c0e1a700 1 --2- 172.21.15.17:0/1219017883 >> [v2:172.21.15.17:3300/0,v1:172.21.15.17:6789/0] conn(0x7f19bc106440 0x7f19bc106860 unknown :-1 s=CLOSED pgs=41 cs=0 l=1 rev1=1 crypto rx=0 tx=0 comp rx=0 tx=0).stop
2023-07-20T18:23:23.079 INFO:teuthology.orchestra.run.smithi017.stdout:/usr/bin/ceph: stderr
2023-07-20T18:23:22.300+0000 7f19c0e1a700 1 -- 172.21.15.17:0/1219017883 >> 172.21.15.17:0/1219017883 conn(0x7f19bc0ffbc0 msgr2=0x7f19bc101fe0 unknown :-1 s=STATE_NONE l=0).mark_down
2023-07-20T18:23:23.079 INFO:teuthology.orchestra.run.smithi017.stdout:/usr/bin/ceph: stderr
2023-07-20T18:23:22.300+0000 7f19c0e1a700 1 -- 172.21.15.17:0/1219017883 shutdown_connections
2023-07-20T18:23:23.079 INFO:teuthology.orchestra.run.smithi017.stdout:/usr/bin/ceph: stderr
2023-07-20T18:23:22.300+0000 7f19c0e1a700 1 -- 172.21.15.17:0/1219017883 wait complete.
2023-07-20T18:23:23.079 INFO:teuthology.orchestra.run.smithi017.stdout:/usr/bin/ceph: stderr
2023-07-20T18:23:22.300+0000 7f19c0e1a700 1 Processor -- start
2023-07-20T18:23:23.080 INFO:teuthology.orchestra.run.smithi017.stdout:/usr/bin/ceph: stderr
2023-07-20T18:23:22.300+0000 7f19c0e1a700 1 -- start start
2023-07-20T18:23:23.080 INFO:teuthology.orchestra.run.smithi017.stdout:/usr/bin/ceph: stderr
2023-07-20T18:23:22.301+0000 7f19c0e1a700 1 --2- >> [v2:172.21.15.17:3300/0,v1:172.21.15.17:6789/0] conn(0x7f19bc106440 0x7f19bc18ffe0 unknown :-1 s=NONE pgs=0 cs=0 l=1 rev1=0 crypto rx=0 tx=0 comp rx=0 tx=0).connect
2023-07-20T18:23:23.080 INFO:teuthology.orchestra.run.smithi017.stdout:/usr/bin/ceph: stderr
2023-07-20T18:23:22.301+0000 7f19c0e1a700 1 -- --> [v2:172.21.15.17:3300/0,v1:172.21.15.17:6789/0] -- mon_getmap magic: 0 v1 -- 0x7f19bc190520 con 0x7f19bc106440
2023-07-20T18:23:23.080 INFO:teuthology.orchestra.run.smithi017.stdout:/usr/bin/ceph: stderr
2023-07-20T18:23:22.301+0000 7f19ba59c700 1 --2- >> [v2:172.21.15.17:3300/0,v1:172.21.15.17:6789/0] conn(0x7f19bc106440 0x7f19bc18ffe0 unknown :-1 s=BANNER_CONNECTING pgs=0 cs=0 l=1 rev1=0 crypto rx=0 tx=0 comp rx=0 tx=0)._handle_peer_banner_payload supported=3 required=0
2023-07-20T18:23:23.080 INFO:teuthology.orchestra.run.smithi017.stdout:/usr/bin/ceph: stderr
2023-07-20T18:23:22.301+0000 7f19ba59c700 1 --2- >> [v2:172.21.15.17:3300/0,v1:172.21.15.17:6789/0] conn(0x7f19bc106440 0x7f19bc18ffe0 unknown :-1 s=HELLO_CONNECTING pgs=0 cs=0 l=1 rev1=1 crypto rx=0 tx=0 comp rx=0 tx=0).handle_hello peer v2:172.21.15.17:3300/0 says I am v2:172.21.15.17:48732/0 (socket says 172.21.15.17:48732)
2023-07-20T18:23:23.080 INFO:teuthology.orchestra.run.smithi017.stdout:/usr/bin/ceph: stderr
2023-07-20T18:23:22.301+0000 7f19ba59c700 1 -- 172.21.15.17:0/1957737330 learned_addr learned my addr 172.21.15.17:0/1957737330 (peer_addr_for_me v2:172.21.15.17:0/0)
2023-07-20T18:23:23.080 INFO:teuthology.orchestra.run.smithi017.stdout:/usr/bin/ceph: stderr
2023-07-20T18:23:22.301+0000 7f19ba59c700 1 -- 172.21.15.17:0/1957737330 --> [v2:172.21.15.17:3300/0,v1:172.21.15.17:6789/0] -- mon_subscribe({config=0+,monmap=0+}) v3 -- 0x7f19ac009550 con 0x7f19bc106440
2023-07-20T18:23:23.081 INFO:teuthology.orchestra.run.smithi017.stdout:/usr/bin/ceph: stderr
2023-07-20T18:23:22.301+0000 7f19ba59c700 1 --2- 172.21.15.17:0/1957737330 >> [v2:172.21.15.17:3300/0,v1:172.21.15.17:6789/0] conn(0x7f19bc106440 0x7f19bc18ffe0 secure :-1 s=READY pgs=42 cs=0 l=1 rev1=1 crypto rx=0x7f19ac006af0 tx=0x7f19ac011a30 comp rx=0 tx=0).ready entity=mon.0 client_cookie=0 server_cookie=0 in_seq=0 out_seq=0
2023-07-20T18:23:23.081 INFO:teuthology.orchestra.run.smithi017.stdout:/usr/bin/ceph: stderr
2023-07-20T18:23:22.301+0000 7f19ab7fe700 1 -- 172.21.15.17:0/1957737330 <== mon.0 v2:172.21.15.17:3300/0 1 ==== mon_map magic: 0 v1 ==== 205+0+0 (secure 0 0 0) 0x7f19ac003bf0 con 0x7f19bc106440
2023-07-20T18:23:23.081 INFO:teuthology.orchestra.run.smithi017.stdout:/usr/bin/ceph: stderr
2023-07-20T18:23:22.301+0000 7f19ab7fe700 1 -- 172.21.15.17:0/1957737330 <== mon.0 v2:172.21.15.17:3300/0 2 ==== config(25 keys) v1 ==== 1036+0+0 (secure 0 0 0) 0x7f19ac01b8b0 con 0x7f19bc106440
2023-07-20T18:23:23.081 INFO:teuthology.orchestra.run.smithi017.stdout:/usr/bin/ceph: stderr
2023-07-20T18:23:22.301+0000 7f19c0e1a700 1 -- 172.21.15.17:0/1957737330 --> [v2:172.21.15.17:3300/0,v1:172.21.15.17:6789/0] -- mon_subscribe({mgrmap=0+}) v3 -- 0x7f19bc18e630 con 0x7f19bc106440
2023-07-20T18:23:23.081 INFO:teuthology.orchestra.run.smithi017.stdout:/usr/bin/ceph: stderr
2023-07-20T18:23:22.301+0000 7f19ab7fe700 1 -- 172.21.15.17:0/1957737330 <== mon.0 v2:172.21.15.17:3300/0 3 ==== mon_map magic: 0 v1 ==== 205+0+0 (secure 0 0 0) 0x7f19ac0197e0 con 0x7f19bc106440
2023-07-20T18:23:23.081 INFO:teuthology.orchestra.run.smithi017.stdout:/usr/bin/ceph: stderr
2023-07-20T18:23:22.301+0000 7f19c0e1a700 1 -- 172.21.15.17:0/1957737330 --> [v2:172.21.15.17:3300/0,v1:172.21.15.17:6789/0] -- mon_subscribe({osdmap=0}) v3 -- 0x7f19bc18ea50 con 0x7f19bc106440
2023-07-20T18:23:23.081 INFO:teuthology.orchestra.run.smithi017.stdout:/usr/bin/ceph: stderr
2023-07-20T18:23:22.302+0000 7f19ab7fe700 1 -- 172.21.15.17:0/1957737330 <== mon.0 v2:172.21.15.17:3300/0 4 ==== mgrmap(e 8) v1 ==== 45483+0+0 (secure 0 0 0) 0x7f19ac01ba20 con 0x7f19bc106440
2023-07-20T18:23:23.082 INFO:teuthology.orchestra.run.smithi017.stdout:/usr/bin/ceph: stderr
2023-07-20T18:23:22.303+0000 7f19ab7fe700 1 --2- 172.21.15.17:0/1957737330 >> [v2:172.21.15.17:6800/4243568055,v1:172.21.15.17:6801/4243568055] conn(0x7f19a40386c0 0x7f19a403ab80 unknown :-1 s=NONE pgs=0 cs=0 l=1 rev1=0 crypto rx=0 tx=0 comp rx=0 tx=0).connect
2023-07-20T18:23:23.082 INFO:teuthology.orchestra.run.smithi017.stdout:/usr/bin/ceph: stderr
2023-07-20T18:23:22.303+0000 7f19c0e1a700 1 -- 172.21.15.17:0/1957737330 --> [v2:172.21.15.17:3300/0,v1:172.21.15.17:6789/0] -- mon_command({"prefix": "get_command_descriptions"} v 0) v1 -- 0x7f19bc061da0 con 0x7f19bc106440
2023-07-20T18:23:23.082 INFO:teuthology.orchestra.run.smithi017.stdout:/usr/bin/ceph: stderr
2023-07-20T18:23:22.303+0000 7f19ab7fe700 1 -- 172.21.15.17:0/1957737330 <== mon.0 v2:172.21.15.17:3300/0 5 ==== osd_map(2..2 src has 1..2) v4 ==== 940+0+0 (secure 0 0 0) 0x7f19ac04c860 con 0x7f19bc106440
2023-07-20T18:23:23.082 INFO:teuthology.orchestra.run.smithi017.stdout:/usr/bin/ceph: stderr
2023-07-20T18:23:22.303+0000 7f19b9d9b700 1 --2- 172.21.15.17:0/1957737330 >> [v2:172.21.15.17:6800/4243568055,v1:172.21.15.17:6801/4243568055] conn(0x7f19a40386c0 0x7f19a403ab80 unknown :-1 s=BANNER_CONNECTING pgs=0 cs=0 l=1 rev1=0 crypto rx=0 tx=0 comp rx=0 tx=0)._handle_peer_banner_payload supported=3 required=0
2023-07-20T18:23:23.082 INFO:teuthology.orchestra.run.smithi017.stdout:/usr/bin/ceph: stderr
2023-07-20T18:23:22.303+0000 7f19b9d9b700 1 --2- 172.21.15.17:0/1957737330 >> [v2:172.21.15.17:6800/4243568055,v1:172.21.15.17:6801/4243568055] conn(0x7f19a40386c0 0x7f19a403ab80 secure :-1 s=READY pgs=9 cs=0 l=1 rev1=1 crypto rx=0x7f19b0006fd0 tx=0x7f19b0006e40 comp rx=0 tx=0).ready entity=mgr.14120 client_cookie=0 server_cookie=0 in_seq=0 out_seq=0
2023-07-20T18:23:23.082 INFO:teuthology.orchestra.run.smithi017.stdout:/usr/bin/ceph: stderr
2023-07-20T18:23:22.308+0000 7f19ab7fe700 1 -- 172.21.15.17:0/1957737330 <== mon.0 v2:172.21.15.17:3300/0 6 ==== mon_command_ack([{"prefix": "get_command_descriptions"}]=0 v0) v1 ==== 72+0+178025 (secure 0 0 0) 0x7f19ac02bb40 con 0x7f19bc106440
2023-07-20T18:23:23.082 INFO:teuthology.orchestra.run.smithi017.stdout:/usr/bin/ceph: stderr
2023-07-20T18:23:22.665+0000 7f19c0e1a700 1 -- 172.21.15.17:0/1957737330 --> [v2:172.21.15.17:6800/4243568055,v1:172.21.15.17:6801/4243568055] -- mgr_command(tid 0: {"prefix": "cephadm generate-key", "target": ["mon-mgr", ""]}) v1 -- 0x7f19bc18f420 con 0x7f19a40386c0
2023-07-20T18:23:23.082 INFO:teuthology.orchestra.run.smithi017.stdout:/usr/bin/ceph: stderr
2023-07-20T18:23:22.756+0000 7f19ab7fe700 1 -- 172.21.15.17:0/1957737330 <== mgr.14120 v2:172.21.15.17:6800/4243568055 1 ==== mgr_command_reply(tid 0: 0 ) v1 ==== 8+0+0 (secure 0 0 0) 0x7f19bc18f420 con 0x7f19a40386c0
2023-07-20T18:23:23.083 INFO:teuthology.orchestra.run.smithi017.stdout:/usr/bin/ceph: stderr
2023-07-20T18:23:22.758+0000 7f19c0e1a700 1 -- 172.21.15.17:0/1957737330 >> [v2:172.21.15.17:6800/4243568055,v1:172.21.15.17:6801/4243568055] conn(0x7f19a40386c0 msgr2=0x7f19a403ab80 secure :-1 s=STATE_CONNECTION_ESTABLISHED l=1).mark_down
2023-07-20T18:23:23.083 INFO:teuthology.orchestra.run.smithi017.stdout:/usr/bin/ceph: stderr
2023-07-20T18:23:22.758+0000 7f19c0e1a700 1 --2- 172.21.15.17:0/1957737330 >> [v2:172.21.15.17:6800/4243568055,v1:172.21.15.17:6801/4243568055] conn(0x7f19a40386c0 0x7f19a403ab80 secure :-1 s=READY pgs=9 cs=0 l=1 rev1=1 crypto rx=0x7f19b0006fd0 tx=0x7f19b0006e40 comp rx=0 tx=0).stop
2023-07-20T18:23:23.083 INFO:teuthology.orchestra.run.smithi017.stdout:/usr/bin/ceph: stderr
2023-07-20T18:23:22.758+0000 7f19c0e1a700 1 -- 172.21.15.17:0/1957737330 >> [v2:172.21.15.17:3300/0,v1:172.21.15.17:6789/0] conn(0x7f19bc106440 msgr2=0x7f19bc18ffe0 secure :-1 s=STATE_CONNECTION_ESTABLISHED l=1).mark_down
2023-07-20T18:23:23.083 INFO:teuthology.orchestra.run.smithi017.stdout:/usr/bin/ceph: stderr
2023-07-20T18:23:22.758+0000 7f19c0e1a700 1 --2- 172.21.15.17:0/1957737330 >> [v2:172.21.15.17:3300/0,v1:172.21.15.17:6789/0] conn(0x7f19bc106440 0x7f19bc18ffe0 secure :-1 s=READY pgs=42 cs=0 l=1 rev1=1 crypto rx=0x7f19ac006af0 tx=0x7f19ac011a30 comp rx=0 tx=0).stop
2023-07-20T18:23:23.083 INFO:teuthology.orchestra.run.smithi017.stdout:/usr/bin/ceph: stderr
2023-07-20T18:23:22.758+0000 7f19c0e1a700 1 -- 172.21.15.17:0/1957737330 shutdown_connections
2023-07-20T18:23:23.083 INFO:teuthology.orchestra.run.smithi017.stdout:/usr/bin/ceph: stderr
2023-07-20T18:23:22.758+0000 7f19c0e1a700 1 --2- 172.21.15.17:0/1957737330 >> [v2:172.21.15.17:6800/4243568055,v1:172.21.15.17:6801/4243568055] conn(0x7f19a40386c0 0x7f19a403ab80 unknown :-1 s=CLOSED pgs=9 cs=0 l=1 rev1=1 crypto rx=0 tx=0 comp rx=0 tx=0).stop
2023-07-20T18:23:23.083 INFO:teuthology.orchestra.run.smithi017.stdout:/usr/bin/ceph: stderr
2023-07-20T18:23:22.758+0000 7f19c0e1a700 1 --2- 172.21.15.17:0/1957737330 >> [v2:172.21.15.17:3300/0,v1:172.21.15.17:6789/0] conn(0x7f19bc106440 0x7f19bc18ffe0 unknown :-1 s=CLOSED pgs=42 cs=0 l=1 rev1=1 crypto rx=0 tx=0 comp rx=0 tx=0).stop
2023-07-20T18:23:23.084 INFO:teuthology.orchestra.run.smithi017.stdout:/usr/bin/ceph: stderr
2023-07-20T18:23:22.758+0000 7f19c0e1a700 1 -- 172.21.15.17:0/1957737330 >> 172.21.15.17:0/1957737330 conn(0x7f19bc0ffbc0 msgr2=0x7f19bc104930 unknown :-1 s=STATE_NONE l=0).mark_down
2023-07-20T18:23:23.084 INFO:teuthology.orchestra.run.smithi017.stdout:/usr/bin/ceph: stderr
2023-07-20T18:23:22.758+0000 7f19c0e1a700 1 -- 172.21.15.17:0/1957737330 shutdown_connections
2023-07-20T18:23:23.084 INFO:teuthology.orchestra.run.smithi017.stdout:/usr/bin/ceph: stderr
2023-07-20T18:23:22.758+0000 7f19c0e1a700 1 -- 172.21.15.17:0/1957737330 wait complete.
2023-07-20T18:23:23.102 INFO:journalctl@ceph.mgr.x.smithi017.stdout:Jul 20 18:23:22 smithi017 ceph-50ecbcc4-272a-11ee-9b34-001a4aab830c-mgr-x[96733]: Generating public/private rsa key pair.
2023-07-20T18:23:23.102 INFO:journalctl@ceph.mgr.x.smithi017.stdout:Jul 20 18:23:22 smithi017 ceph-50ecbcc4-272a-11ee-9b34-001a4aab830c-mgr-x[96733]: Your identification has been saved in /tmp/tmpbhf1i53y/key.
2023-07-20T18:23:23.102 INFO:journalctl@ceph.mgr.x.smithi017.stdout:Jul 20 18:23:22 smithi017 ceph-50ecbcc4-272a-11ee-9b34-001a4aab830c-mgr-x[96733]: Your public key has been saved in /tmp/tmpbhf1i53y/key.pub.
2023-07-20T18:23:23.103 INFO:journalctl@ceph.mgr.x.smithi017.stdout:Jul 20 18:23:22 smithi017 ceph-50ecbcc4-272a-11ee-9b34-001a4aab830c-mgr-x[96733]: The key fingerprint is:
2023-07-20T18:23:23.103 INFO:journalctl@ceph.mgr.x.smithi017.stdout:Jul 20 18:23:22 smithi017 ceph-50ecbcc4-272a-11ee-9b34-001a4aab830c-mgr-x[96733]: SHA256:1Nyoj01FdkUckRr6930bumeJne90O6MsPGqncAwbk8k ceph-50ecbcc4-272a-11ee-9b34-001a4aab830c
2023-07-20T18:23:23.103 INFO:journalctl@ceph.mgr.x.smithi017.stdout:Jul 20 18:23:22 smithi017 ceph-50ecbcc4-272a-11ee-9b34-001a4aab830c-mgr-x[96733]: The key's randomart image is:
2023-07-20T18:23:23.103 INFO:journalctl@ceph.mgr.x.smithi017.stdout:Jul 20 18:23:22 smithi017 ceph-50ecbcc4-272a-11ee-9b34-001a4aab830c-mgr-x[96733]: +---[RSA 3072]----+
2023-07-20T18:23:23.103 INFO:journalctl@ceph.mgr.x.smithi017.stdout:Jul 20 18:23:22 smithi017 ceph-50ecbcc4-272a-11ee-9b34-001a4aab830c-mgr-x[96733]: | o .**|
2023-07-20T18:23:23.103 INFO:journalctl@ceph.mgr.x.smithi017.stdout:Jul 20 18:23:22 smithi017 ceph-50ecbcc4-272a-11ee-9b34-001a4aab830c-mgr-x[96733]: | o = o ..|
2023-07-20T18:23:23.103 INFO:journalctl@ceph.mgr.x.smithi017.stdout:Jul 20 18:23:22 smithi017 ceph-50ecbcc4-272a-11ee-9b34-001a4aab830c-mgr-x[96733]: | . + + o |
2023-07-20T18:23:23.103 INFO:journalctl@ceph.mgr.x.smithi017.stdout:Jul 20 18:23:22 smithi017 ceph-50ecbcc4-272a-11ee-9b34-001a4aab830c-mgr-x[96733]: | ..o. o . |
2023-07-20T18:23:23.104 INFO:journalctl@ceph.mgr.x.smithi017.stdout:Jul 20 18:23:22 smithi017 ceph-50ecbcc4-272a-11ee-9b34-001a4aab830c-mgr-x[96733]: | ES . . |
2023-07-20T18:23:23.104 INFO:journalctl@ceph.mgr.x.smithi017.stdout:Jul 20 18:23:22 smithi017 ceph-50ecbcc4-272a-11ee-9b34-001a4aab830c-mgr-x[96733]: | *= . . |
