2023-07-20T18:40:19.739 INFO:journalctl@ceph.mgr.x.smithi062.stdout:Jul 20 18:40:19 smithi062 ceph-a2e4c218-272c-11ee-9b34-001a4aab830c-mgr-x[127679]:
2023-07-20T18:40:19.668+0000 7f540f910200 -1 mgr[py] Module devicehealth has missing NOTIFY_TYPES member
2023-07-20T18:40:19.910 INFO:teuthology.orchestra.run.smithi062.stdout:/usr/bin/ceph: stderr
2023-07-20T18:40:18.314+0000 7f2173502700 1 Processor -- start
2023-07-20T18:40:19.910 INFO:teuthology.orchestra.run.smithi062.stdout:/usr/bin/ceph: stderr
2023-07-20T18:40:18.314+0000 7f2173502700 1 -- start start
2023-07-20T18:40:19.910 INFO:teuthology.orchestra.run.smithi062.stdout:/usr/bin/ceph: stderr
2023-07-20T18:40:18.315+0000 7f2173502700 1 --2- >> [v2:172.21.15.62:3300/0,v1:172.21.15.62:6789/0] conn(0x7f216c104df0 0x7f216c105210 unknown :-1 s=NONE pgs=0 cs=0 l=0 rev1=0 crypto rx=0 tx=0 comp rx=0 tx=0).connect
2023-07-20T18:40:19.910 INFO:teuthology.orchestra.run.smithi062.stdout:/usr/bin/ceph: stderr
2023-07-20T18:40:18.315+0000 7f2173502700 1 -- --> [v2:172.21.15.62:3300/0,v1:172.21.15.62:6789/0] -- mon_getmap magic: 0 v1 -- 0x7f216c1057e0 con 0x7f216c104df0
2023-07-20T18:40:19.910 INFO:teuthology.orchestra.run.smithi062.stdout:/usr/bin/ceph: stderr
2023-07-20T18:40:18.315+0000 7f217129e700 1 --2- >> [v2:172.21.15.62:3300/0,v1:172.21.15.62:6789/0] conn(0x7f216c104df0 0x7f216c105210 unknown :-1 s=BANNER_CONNECTING pgs=0 cs=0 l=0 rev1=0 crypto rx=0 tx=0 comp rx=0 tx=0)._handle_peer_banner_payload supported=3 required=0
2023-07-20T18:40:19.911 INFO:teuthology.orchestra.run.smithi062.stdout:/usr/bin/ceph: stderr
2023-07-20T18:40:18.315+0000 7f217129e700 1 --2- >> [v2:172.21.15.62:3300/0,v1:172.21.15.62:6789/0] conn(0x7f216c104df0 0x7f216c105210 unknown :-1 s=HELLO_CONNECTING pgs=0 cs=0 l=0 rev1=1 crypto rx=0 tx=0 comp rx=0 tx=0).handle_hello peer v2:172.21.15.62:3300/0 says I am v2:172.21.15.62:44966/0 (socket says 172.21.15.62:44966)
2023-07-20T18:40:19.911 INFO:teuthology.orchestra.run.smithi062.stdout:/usr/bin/ceph: stderr
2023-07-20T18:40:18.315+0000 7f217129e700 1 -- 172.21.15.62:0/1484483948 learned_addr learned my addr 172.21.15.62:0/1484483948 (peer_addr_for_me v2:172.21.15.62:0/0)
2023-07-20T18:40:19.911 INFO:teuthology.orchestra.run.smithi062.stdout:/usr/bin/ceph: stderr
2023-07-20T18:40:18.315+0000 7f217129e700 1 -- 172.21.15.62:0/1484483948 --> [v2:172.21.15.62:3300/0,v1:172.21.15.62:6789/0] -- mon_subscribe({config=0+,monmap=0+}) v3 -- 0x7f216c105ff0 con 0x7f216c104df0
2023-07-20T18:40:19.911 INFO:teuthology.orchestra.run.smithi062.stdout:/usr/bin/ceph: stderr
2023-07-20T18:40:18.315+0000 7f217129e700 1 --2- 172.21.15.62:0/1484483948 >> [v2:172.21.15.62:3300/0,v1:172.21.15.62:6789/0] conn(0x7f216c104df0 0x7f216c105210 secure :-1 s=READY pgs=55 cs=0 l=1 rev1=1 crypto rx=0x7f215c009e80 tx=0x7f215c00b330 comp rx=0 tx=0).ready entity=mon.0 client_cookie=334a410352bc4d6c server_cookie=0 in_seq=0 out_seq=0
2023-07-20T18:40:19.911 INFO:teuthology.orchestra.run.smithi062.stdout:/usr/bin/ceph: stderr
2023-07-20T18:40:18.315+0000 7f216bfff700 1 -- 172.21.15.62:0/1484483948 <== mon.0 v2:172.21.15.62:3300/0 1 ==== mon_map magic: 0 v1 ==== 205+0+0 (secure 0 0 0) 0x7f215c00e070 con 0x7f216c104df0
2023-07-20T18:40:19.911 INFO:teuthology.orchestra.run.smithi062.stdout:/usr/bin/ceph: stderr
2023-07-20T18:40:18.315+0000 7f216bfff700 1 -- 172.21.15.62:0/1484483948 <== mon.0 v2:172.21.15.62:3300/0 2 ==== config(25 keys) v1 ==== 1067+0+0 (secure 0 0 0) 0x7f215c00b8c0 con 0x7f216c104df0
2023-07-20T18:40:19.911 INFO:teuthology.orchestra.run.smithi062.stdout:/usr/bin/ceph: stderr
2023-07-20T18:40:18.315+0000 7f216bfff700 1 -- 172.21.15.62:0/1484483948 <== mon.0 v2:172.21.15.62:3300/0 3 ==== mon_map magic: 0 v1 ==== 205+0+0 (secure 0 0 0) 0x7f215c004360 con 0x7f216c104df0
2023-07-20T18:40:19.911 INFO:teuthology.orchestra.run.smithi062.stdout:/usr/bin/ceph: stderr
2023-07-20T18:40:18.316+0000 7f2173502700 1 -- 172.21.15.62:0/1484483948 >> [v2:172.21.15.62:3300/0,v1:172.21.15.62:6789/0] conn(0x7f216c104df0 msgr2=0x7f216c105210 secure :-1 s=STATE_CONNECTION_ESTABLISHED l=1).mark_down
2023-07-20T18:40:19.912 INFO:teuthology.orchestra.run.smithi062.stdout:/usr/bin/ceph: stderr
2023-07-20T18:40:18.316+0000 7f2173502700 1 --2- 172.21.15.62:0/1484483948 >> [v2:172.21.15.62:3300/0,v1:172.21.15.62:6789/0] conn(0x7f216c104df0 0x7f216c105210 secure :-1 s=READY pgs=55 cs=0 l=1 rev1=1 crypto rx=0x7f215c009e80 tx=0x7f215c00b330 comp rx=0 tx=0).stop
2023-07-20T18:40:19.912 INFO:teuthology.orchestra.run.smithi062.stdout:/usr/bin/ceph: stderr
2023-07-20T18:40:18.316+0000 7f2173502700 1 -- 172.21.15.62:0/1484483948 shutdown_connections
2023-07-20T18:40:19.912 INFO:teuthology.orchestra.run.smithi062.stdout:/usr/bin/ceph: stderr
2023-07-20T18:40:18.316+0000 7f2173502700 1 --2- 172.21.15.62:0/1484483948 >> [v2:172.21.15.62:3300/0,v1:172.21.15.62:6789/0] conn(0x7f216c104df0 0x7f216c105210 unknown :-1 s=CLOSED pgs=55 cs=0 l=1 rev1=1 crypto rx=0 tx=0 comp rx=0 tx=0).stop
2023-07-20T18:40:19.912 INFO:teuthology.orchestra.run.smithi062.stdout:/usr/bin/ceph: stderr
2023-07-20T18:40:18.316+0000 7f2173502700 1 -- 172.21.15.62:0/1484483948 >> 172.21.15.62:0/1484483948 conn(0x7f216c1003d0 msgr2=0x7f216c1027f0 unknown :-1 s=STATE_NONE l=0).mark_down
2023-07-20T18:40:19.912 INFO:teuthology.orchestra.run.smithi062.stdout:/usr/bin/ceph: stderr
2023-07-20T18:40:18.316+0000 7f2173502700 1 -- 172.21.15.62:0/1484483948 shutdown_connections
2023-07-20T18:40:19.912 INFO:teuthology.orchestra.run.smithi062.stdout:/usr/bin/ceph: stderr
2023-07-20T18:40:18.316+0000 7f2173502700 1 -- 172.21.15.62:0/1484483948 wait complete.
2023-07-20T18:40:19.913 INFO:teuthology.orchestra.run.smithi062.stdout:/usr/bin/ceph: stderr
2023-07-20T18:40:18.317+0000 7f2173502700 1 Processor -- start
2023-07-20T18:40:19.913 INFO:teuthology.orchestra.run.smithi062.stdout:/usr/bin/ceph: stderr
2023-07-20T18:40:18.317+0000 7f2173502700 1 -- start start
2023-07-20T18:40:19.913 INFO:teuthology.orchestra.run.smithi062.stdout:/usr/bin/ceph: stderr
2023-07-20T18:40:18.317+0000 7f2173502700 1 --2- >> [v2:172.21.15.62:3300/0,v1:172.21.15.62:6789/0] conn(0x7f216c104df0 0x7f216c1a0160 unknown :-1 s=NONE pgs=0 cs=0 l=1 rev1=0 crypto rx=0 tx=0 comp rx=0 tx=0).connect
2023-07-20T18:40:19.913 INFO:teuthology.orchestra.run.smithi062.stdout:/usr/bin/ceph: stderr
2023-07-20T18:40:18.317+0000 7f2173502700 1 -- --> [v2:172.21.15.62:3300/0,v1:172.21.15.62:6789/0] -- mon_getmap magic: 0 v1 -- 0x7f216c1a06a0 con 0x7f216c104df0
2023-07-20T18:40:19.913 INFO:teuthology.orchestra.run.smithi062.stdout:/usr/bin/ceph: stderr
2023-07-20T18:40:18.317+0000 7f217129e700 1 --2- >> [v2:172.21.15.62:3300/0,v1:172.21.15.62:6789/0] conn(0x7f216c104df0 0x7f216c1a0160 unknown :-1 s=BANNER_CONNECTING pgs=0 cs=0 l=1 rev1=0 crypto rx=0 tx=0 comp rx=0 tx=0)._handle_peer_banner_payload supported=3 required=0
2023-07-20T18:40:19.913 INFO:teuthology.orchestra.run.smithi062.stdout:/usr/bin/ceph: stderr
2023-07-20T18:40:18.317+0000 7f217129e700 1 --2- >> [v2:172.21.15.62:3300/0,v1:172.21.15.62:6789/0] conn(0x7f216c104df0 0x7f216c1a0160 unknown :-1 s=HELLO_CONNECTING pgs=0 cs=0 l=1 rev1=1 crypto rx=0 tx=0 comp rx=0 tx=0).handle_hello peer v2:172.21.15.62:3300/0 says I am v2:172.21.15.62:44968/0 (socket says 172.21.15.62:44968)
2023-07-20T18:40:19.913 INFO:teuthology.orchestra.run.smithi062.stdout:/usr/bin/ceph: stderr
2023-07-20T18:40:18.317+0000 7f217129e700 1 -- 172.21.15.62:0/1192023048 learned_addr learned my addr 172.21.15.62:0/1192023048 (peer_addr_for_me v2:172.21.15.62:0/0)
2023-07-20T18:40:19.914 INFO:teuthology.orchestra.run.smithi062.stdout:/usr/bin/ceph: stderr
2023-07-20T18:40:18.317+0000 7f217129e700 1 -- 172.21.15.62:0/1192023048 --> [v2:172.21.15.62:3300/0,v1:172.21.15.62:6789/0] -- mon_subscribe({config=0+,monmap=0+}) v3 -- 0x7f215c009b30 con 0x7f216c104df0
2023-07-20T18:40:19.914 INFO:teuthology.orchestra.run.smithi062.stdout:/usr/bin/ceph: stderr
2023-07-20T18:40:18.317+0000 7f217129e700 1 --2- 172.21.15.62:0/1192023048 >> [v2:172.21.15.62:3300/0,v1:172.21.15.62:6789/0] conn(0x7f216c104df0 0x7f216c1a0160 secure :-1 s=READY pgs=56 cs=0 l=1 rev1=1 crypto rx=0x7f215c004000 tx=0x7f215c003d00 comp rx=0 tx=0).ready entity=mon.0 client_cookie=0 server_cookie=0 in_seq=0 out_seq=0
2023-07-20T18:40:19.914 INFO:teuthology.orchestra.run.smithi062.stdout:/usr/bin/ceph: stderr
2023-07-20T18:40:18.318+0000 7f216a7fc700 1 -- 172.21.15.62:0/1192023048 <== mon.0 v2:172.21.15.62:3300/0 1 ==== mon_map magic: 0 v1 ==== 205+0+0 (secure 0 0 0) 0x7f215c00e040 con 0x7f216c104df0
2023-07-20T18:40:19.914 INFO:teuthology.orchestra.run.smithi062.stdout:/usr/bin/ceph: stderr
2023-07-20T18:40:18.318+0000 7f216a7fc700 1 -- 172.21.15.62:0/1192023048 <== mon.0 v2:172.21.15.62:3300/0 2 ==== config(25 keys) v1 ==== 1067+0+0 (secure 0 0 0) 0x7f215c00bd70 con 0x7f216c104df0
2023-07-20T18:40:19.914 INFO:teuthology.orchestra.run.smithi062.stdout:/usr/bin/ceph: stderr
2023-07-20T18:40:18.318+0000 7f2173502700 1 -- 172.21.15.62:0/1192023048 --> [v2:172.21.15.62:3300/0,v1:172.21.15.62:6789/0] -- mon_subscribe({mgrmap=0+}) v3 -- 0x7f216c1a08a0 con 0x7f216c104df0
2023-07-20T18:40:19.914 INFO:teuthology.orchestra.run.smithi062.stdout:/usr/bin/ceph: stderr
2023-07-20T18:40:18.318+0000 7f216a7fc700 1 -- 172.21.15.62:0/1192023048 <== mon.0 v2:172.21.15.62:3300/0 3 ==== mon_map magic: 0 v1 ==== 205+0+0 (secure 0 0 0) 0x7f215c01c590 con 0x7f216c104df0
2023-07-20T18:40:19.914 INFO:teuthology.orchestra.run.smithi062.stdout:/usr/bin/ceph: stderr
2023-07-20T18:40:18.318+0000 7f2173502700 1 -- 172.21.15.62:0/1192023048 --> [v2:172.21.15.62:3300/0,v1:172.21.15.62:6789/0] -- mon_subscribe({osdmap=0}) v3 -- 0x7f216c1a0d20 con 0x7f216c104df0
2023-07-20T18:40:19.914 INFO:teuthology.orchestra.run.smithi062.stdout:/usr/bin/ceph: stderr
2023-07-20T18:40:18.319+0000 7f216a7fc700 1 -- 172.21.15.62:0/1192023048 <== mon.0 v2:172.21.15.62:3300/0 4 ==== mgrmap(e 8) v1 ==== 45483+0+0 (secure 0 0 0) 0x7f215c01c790 con 0x7f216c104df0
2023-07-20T18:40:19.915 INFO:teuthology.orchestra.run.smithi062.stdout:/usr/bin/ceph: stderr
2023-07-20T18:40:18.319+0000 7f216a7fc700 1 --2- 172.21.15.62:0/1192023048 >> [v2:172.21.15.62:6800/573997866,v1:172.21.15.62:6801/573997866] conn(0x7f21540386f0 0x7f215403abb0 unknown :-1 s=NONE pgs=0 cs=0 l=1 rev1=0 crypto rx=0 tx=0 comp rx=0 tx=0).connect
2023-07-20T18:40:19.915 INFO:teuthology.orchestra.run.smithi062.stdout:/usr/bin/ceph: stderr
2023-07-20T18:40:18.319+0000 7f2173502700 1 -- 172.21.15.62:0/1192023048 --> [v2:172.21.15.62:3300/0,v1:172.21.15.62:6789/0] -- mon_command({"prefix": "get_command_descriptions"} v 0) v1 -- 0x7f216c061da0 con 0x7f216c104df0
2023-07-20T18:40:19.915 INFO:teuthology.orchestra.run.smithi062.stdout:/usr/bin/ceph: stderr
2023-07-20T18:40:18.319+0000 7f216a7fc700 1 -- 172.21.15.62:0/1192023048 <== mon.0 v2:172.21.15.62:3300/0 5 ==== osd_map(2..2 src has 1..2) v4 ==== 940+0+0 (secure 0 0 0) 0x7f215c04c7f0 con 0x7f216c104df0
2023-07-20T18:40:19.915 INFO:teuthology.orchestra.run.smithi062.stdout:/usr/bin/ceph: stderr
2023-07-20T18:40:18.319+0000 7f2170a9d700 1 --2- 172.21.15.62:0/1192023048 >> [v2:172.21.15.62:6800/573997866,v1:172.21.15.62:6801/573997866] conn(0x7f21540386f0 0x7f215403abb0 unknown :-1 s=BANNER_CONNECTING pgs=0 cs=0 l=1 rev1=0 crypto rx=0 tx=0 comp rx=0 tx=0)._handle_peer_banner_payload supported=3 required=0
2023-07-20T18:40:19.915 INFO:teuthology.orchestra.run.smithi062.stdout:/usr/bin/ceph: stderr
2023-07-20T18:40:18.319+0000 7f2170a9d700 1 --2- 172.21.15.62:0/1192023048 >> [v2:172.21.15.62:6800/573997866,v1:172.21.15.62:6801/573997866] conn(0x7f21540386f0 0x7f215403abb0 secure :-1 s=READY pgs=16 cs=0 l=1 rev1=1 crypto rx=0x7f2160006fd0 tx=0x7f2160006e40 comp rx=0 tx=0).ready entity=mgr.14120 client_cookie=0 server_cookie=0 in_seq=0 out_seq=0
2023-07-20T18:40:19.915 INFO:teuthology.orchestra.run.smithi062.stdout:/usr/bin/ceph: stderr
2023-07-20T18:40:18.324+0000 7f216a7fc700 1 -- 172.21.15.62:0/1192023048 <== mon.0 v2:172.21.15.62:3300/0 6 ==== mon_command_ack([{"prefix": "get_command_descriptions"}]=0 v0) v1 ==== 72+0+178025 (secure 0 0 0) 0x7f215c017020 con 0x7f216c104df0
2023-07-20T18:40:19.915 INFO:teuthology.orchestra.run.smithi062.stdout:/usr/bin/ceph: stderr
2023-07-20T18:40:18.806+0000 7f2173502700 1 -- 172.21.15.62:0/1192023048 --> [v2:172.21.15.62:3300/0,v1:172.21.15.62:6789/0] -- mon_command({"prefix": "mgr module enable", "module": "dashboard"} v 0) v1 -- 0x7f216c109220 con 0x7f216c104df0
2023-07-20T18:40:19.916 INFO:teuthology.orchestra.run.smithi062.stdout:/usr/bin/ceph: stderr
2023-07-20T18:40:19.459+0000 7f216a7fc700 1 -- 172.21.15.62:0/1192023048 <== mon.0 v2:172.21.15.62:3300/0 7 ==== mgrmap(e 9) v1 ==== 45496+0+0 (secure 0 0 0) 0x7f215c01ca90 con 0x7f216c104df0
2023-07-20T18:40:19.916 INFO:teuthology.orchestra.run.smithi062.stdout:/usr/bin/ceph: stderr
2023-07-20T18:40:19.460+0000 7f216a7fc700 1 -- 172.21.15.62:0/1192023048 <== mon.0 v2:172.21.15.62:3300/0 8 ==== mon_command_ack([{"prefix": "mgr module enable", "module": "dashboard"}]=0 v9) v1 ==== 88+0+0 (secure 0 0 0) 0x7f215c024770 con 0x7f216c104df0
2023-07-20T18:40:19.916 INFO:teuthology.orchestra.run.smithi062.stdout:/usr/bin/ceph: stderr
2023-07-20T18:40:19.463+0000 7f2173502700 1 -- 172.21.15.62:0/1192023048 >> [v2:172.21.15.62:6800/573997866,v1:172.21.15.62:6801/573997866] conn(0x7f21540386f0 msgr2=0x7f215403abb0 secure :-1 s=STATE_CONNECTION_ESTABLISHED l=1).mark_down
2023-07-20T18:40:19.916 INFO:teuthology.orchestra.run.smithi062.stdout:/usr/bin/ceph: stderr
2023-07-20T18:40:19.463+0000 7f2173502700 1 --2- 172.21.15.62:0/1192023048 >> [v2:172.21.15.62:6800/573997866,v1:172.21.15.62:6801/573997866] conn(0x7f21540386f0 0x7f215403abb0 secure :-1 s=READY pgs=16 cs=0 l=1 rev1=1 crypto rx=0x7f2160006fd0 tx=0x7f2160006e40 comp rx=0 tx=0).stop
2023-07-20T18:40:19.916 INFO:teuthology.orchestra.run.smithi062.stdout:/usr/bin/ceph: stderr
2023-07-20T18:40:19.463+0000 7f2173502700 1 -- 172.21.15.62:0/1192023048 >> [v2:172.21.15.62:3300/0,v1:172.21.15.62:6789/0] conn(0x7f216c104df0 msgr2=0x7f216c1a0160 secure :-1 s=STATE_CONNECTION_ESTABLISHED l=1).mark_down
2023-07-20T18:40:19.916 INFO:teuthology.orchestra.run.smithi062.stdout:/usr/bin/ceph: stderr
2023-07-20T18:40:19.463+0000 7f2173502700 1 --2- 172.21.15.62:0/1192023048 >> [v2:172.21.15.62:3300/0,v1:172.21.15.62:6789/0] conn(0x7f216c104df0 0x7f216c1a0160 secure :-1 s=READY pgs=56 cs=0 l=1 rev1=1 crypto rx=0x7f215c004000 tx=0x7f215c003d00 comp rx=0 tx=0).stop
2023-07-20T18:40:19.916 INFO:teuthology.orchestra.run.smithi062.stdout:/usr/bin/ceph: stderr
2023-07-20T18:40:19.464+0000 7f2173502700 1 -- 172.21.15.62:0/1192023048 shutdown_connections
2023-07-20T18:40:19.917 INFO:teuthology.orchestra.run.smithi062.stdout:/usr/bin/ceph: stderr
2023-07-20T18:40:19.464+0000 7f2173502700 1 --2- 172.21.15.62:0/1192023048 >> [v2:172.21.15.62:6800/573997866,v1:172.21.15.62:6801/573997866] conn(0x7f21540386f0 0x7f215403abb0 unknown :-1 s=CLOSED pgs=16 cs=0 l=1 rev1=1 crypto rx=0 tx=0 comp rx=0 tx=0).stop
2023-07-20T18:40:19.917 INFO:teuthology.orchestra.run.smithi062.stdout:/usr/bin/ceph: stderr
2023-07-20T18:40:19.464+0000 7f2173502700 1 --2- 172.21.15.62:0/1192023048 >> [v2:172.21.15.62:3300/0,v1:172.21.15.62:6789/0] conn(0x7f216c104df0 0x7f216c1a0160 unknown :-1 s=CLOSED pgs=56 cs=0 l=1 rev1=1 crypto rx=0 tx=0 comp rx=0 tx=0).stop
2023-07-20T18:40:19.917 INFO:teuthology.orchestra.run.smithi062.stdout:/usr/bin/ceph: stderr
2023-07-20T18:40:19.464+0000 7f2173502700 1 -- 172.21.15.62:0/1192023048 >> 172.21.15.62:0/1192023048 conn(0x7f216c1003d0 msgr2=0x7f216c101160 unknown :-1 s=STATE_NONE l=0).mark_down
2023-07-20T18:40:19.917 INFO:teuthology.orchestra.run.smithi062.stdout:/usr/bin/ceph: stderr
2023-07-20T18:40:19.464+0000 7f2173502700 1 -- 172.21.15.62:0/1192023048 shutdown_connections
2023-07-20T18:40:19.917 INFO:teuthology.orchestra.run.smithi062.stdout:/usr/bin/ceph: stderr
2023-07-20T18:40:19.464+0000 7f2173502700 1 -- 172.21.15.62:0/1192023048 wait complete.
2023-07-20T18:40:20.110 INFO:journalctl@ceph.mgr.x.smithi062.stdout:Jul 20 18:40:19 smithi062 ceph-a2e4c218-272c-11ee-9b34-001a4aab830c-mgr-x[127679]:
2023-07-20T18:40:19.765+0000 7f540f910200 -1 mgr[py] Module osd_support has missing NOTIFY_TYPES member
2023-07-20T18:40:20.110 INFO:journalctl@ceph.mgr.x.smithi062.stdout:Jul 20 18:40:19 smithi062 ceph-a2e4c218-272c-11ee-9b34-001a4aab830c-mgr-x[127679]:
2023-07-20T18:40:19.875+0000 7f540f910200 -1 mgr[py] Module snap_schedule has missing NOTIFY_TYPES member
2023-07-20T18:40:20.110 INFO:journalctl@ceph.mgr.x.smithi062.stdout:Jul 20 18:40:19 smithi062 ceph-a2e4c218-272c-11ee-9b34-001a4aab830c-mgr-x[127679]:
2023-07-20T18:40:19.991+0000 7f540f910200 -1 mgr[py] Module zabbix has missing NOTIFY_TYPES member
2023-07-20T18:40:20.455 INFO:journalctl@ceph.mgr.x.smithi062.stdout:Jul 20 18:40:20 smithi062 ceph-a2e4c218-272c-11ee-9b34-001a4aab830c-mgr-x[127679]:
2023-07-20T18:40:20.204+0000 7f540f910200 -1 mgr[py] Module crash has missing NOTIFY_TYPES member
2023-07-20T18:40:20.714 INFO:journalctl@ceph.mon.a.smithi062.stdout:Jul 20 18:40:20 smithi062 ceph-mon[127431]: from='client.? 172.21.15.62:0/1192023048' entity='client.admin' cmd='[{"prefix": "mgr module enable", "module": "dashboard"}]': finished
2023-07-20T18:40:20.714 INFO:journalctl@ceph.mon.a.smithi062.stdout:Jul 20 18:40:20 smithi062 ceph-mon[127431]: mgrmap e9: x(active, since 17s)
2023-07-20T18:40:20.714 INFO:journalctl@ceph.mgr.x.smithi062.stdout:Jul 20 18:40:20 smithi062 ceph-a2e4c218-272c-11ee-9b34-001a4aab830c-mgr-x[127679]:
2023-07-20T18:40:20.608+0000 7f540f910200 -1 mgr[py] Module prometheus has missing NOTIFY_TYPES member
2023-07-20T18:40:20.986 INFO:journalctl@ceph.mgr.x.smithi062.stdout:Jul 20 18:40:20 smithi062 ceph-a2e4c218-272c-11ee-9b34-001a4aab830c-mgr-x[127679]:
2023-07-20T18:40:20.716+0000 7f540f910200 -1 mgr[py] Module status has missing NOTIFY_TYPES member
2023-07-20T18:40:20.987 INFO:journalctl@ceph.mgr.x.smithi062.stdout:Jul 20 18:40:20 smithi062 ceph-a2e4c218-272c-11ee-9b34-001a4aab830c-mgr-x[127679]:
2023-07-20T18:40:20.868+0000 7f540f910200 -1 mgr[py] Module selftest has missing NOTIFY_TYPES member
2023-07-20T18:40:21.238 INFO:journalctl@ceph.mgr.x.smithi062.stdout:Jul 20 18:40:20 smithi062 ceph-a2e4c218-272c-11ee-9b34-001a4aab830c-mgr-x[127679]:
2023-07-20T18:40:20.992+0000 7f540f910200 -1 mgr[py] Module alerts has missing NOTIFY_TYPES member
2023-07-20T18:40:21.252 INFO:teuthology.orchestra.run.smithi062.stdout:/usr/bin/ceph: stdout {
2023-07-20T18:40:21.256 INFO:teuthology.orchestra.run.smithi062.stdout:/usr/bin/ceph: stdout "epoch": 9,
2023-07-20T18:40:21.257 INFO:teuthology.orchestra.run.smithi062.stdout:/usr/bin/ceph: stdout "available": true,
2023-07-20T18:40:21.257 INFO:teuthology.orchestra.run.smithi062.stdout:/usr/bin/ceph: stdout "active_name": "x",
2023-07-20T18:40:21.257 INFO:teuthology.orchestra.run.smithi062.stdout:/usr/bin/ceph: stdout "num_standby": 0
2023-07-20T18:40:21.257 INFO:teuthology.orchestra.run.smithi062.stdout:/usr/bin/ceph: stdout }
2023-07-20T18:40:21.257 INFO:teuthology.orchestra.run.smithi062.stdout:/usr/bin/ceph: stderr
2023-07-20T18:40:20.383+0000 7fcbcb6e5700 1 Processor -- start
2023-07-20T18:40:21.258 INFO:teuthology.orchestra.run.smithi062.stdout:/usr/bin/ceph: stderr
2023-07-20T18:40:20.384+0000 7fcbcb6e5700 1 -- start start
2023-07-20T18:40:21.258 INFO:teuthology.orchestra.run.smithi062.stdout:/usr/bin/ceph: stderr
2023-07-20T18:40:20.384+0000 7fcbcb6e5700 1 --2- >> [v2:172.21.15.62:3300/0,v1:172.21.15.62:6789/0] conn(0x7fcbc41069a0 0x7fcbc4108d90 unknown :-1 s=NONE pgs=0 cs=0 l=0 rev1=0 crypto rx=0 tx=0 comp rx=0 tx=0).connect
2023-07-20T18:40:21.258 INFO:teuthology.orchestra.run.smithi062.stdout:/usr/bin/ceph: stderr
2023-07-20T18:40:20.384+0000 7fcbcb6e5700 1 -- --> [v2:172.21.15.62:3300/0,v1:172.21.15.62:6789/0] -- mon_getmap magic: 0 v1 -- 0x7fcbc4061a90 con 0x7fcbc41069a0
2023-07-20T18:40:21.258 INFO:teuthology.orchestra.run.smithi062.stdout:/usr/bin/ceph: stderr
2023-07-20T18:40:20.384+0000 7fcbc9481700 1 --2- >> [v2:172.21.15.62:3300/0,v1:172.21.15.62:6789/0] conn(0x7fcbc41069a0 0x7fcbc4108d90 unknown :-1 s=BANNER_CONNECTING pgs=0 cs=0 l=0 rev1=0 crypto rx=0 tx=0 comp rx=0 tx=0)._handle_peer_banner_payload supported=3 required=0
2023-07-20T18:40:21.258 INFO:teuthology.orchestra.run.smithi062.stdout:/usr/bin/ceph: stderr
2023-07-20T18:40:20.384+0000 7fcbc9481700 1 --2- >> [v2:172.21.15.62:3300/0,v1:172.21.15.62:6789/0] conn(0x7fcbc41069a0 0x7fcbc4108d90 unknown :-1 s=HELLO_CONNECTING pgs=0 cs=0 l=0 rev1=1 crypto rx=0 tx=0 comp rx=0 tx=0).handle_hello peer v2:172.21.15.62:3300/0 says I am v2:172.21.15.62:44982/0 (socket says 172.21.15.62:44982)
2023-07-20T18:40:21.258 INFO:teuthology.orchestra.run.smithi062.stdout:/usr/bin/ceph: stderr
2023-07-20T18:40:20.384+0000 7fcbc9481700 1 -- 172.21.15.62:0/3014972724 learned_addr learned my addr 172.21.15.62:0/3014972724 (peer_addr_for_me v2:172.21.15.62:0/0)
2023-07-20T18:40:21.258 INFO:teuthology.orchestra.run.smithi062.stdout:/usr/bin/ceph: stderr
2023-07-20T18:40:20.384+0000 7fcbc9481700 1 -- 172.21.15.62:0/3014972724 --> [v2:172.21.15.62:3300/0,v1:172.21.15.62:6789/0] -- mon_subscribe({config=0+,monmap=0+}) v3 -- 0x7fcbc41092d0 con 0x7fcbc41069a0
2023-07-20T18:40:21.258 INFO:teuthology.orchestra.run.smithi062.stdout:/usr/bin/ceph: stderr
2023-07-20T18:40:20.385+0000 7fcbc9481700 1 --2- 172.21.15.62:0/3014972724 >> [v2:172.21.15.62:3300/0,v1:172.21.15.62:6789/0] conn(0x7fcbc41069a0 0x7fcbc4108d90 secure :-1 s=READY pgs=59 cs=0 l=1 rev1=1 crypto rx=0x7fcbc00098a0 tx=0x7fcbc0009bb0 comp rx=0 tx=0).ready entity=mon.0 client_cookie=ac9a9d0f83131338 server_cookie=0 in_seq=0 out_seq=0
2023-07-20T18:40:21.259 INFO:teuthology.orchestra.run.smithi062.stdout:/usr/bin/ceph: stderr
2023-07-20T18:40:20.385+0000 7fcbbbfff700 1 -- 172.21.15.62:0/3014972724 <== mon.0 v2:172.21.15.62:3300/0 1 ==== mon_map magic: 0 v1 ==== 205+0+0 (secure 0 0 0) 0x7fcbc0004160 con 0x7fcbc41069a0
2023-07-20T18:40:21.259 INFO:teuthology.orchestra.run.smithi062.stdout:/usr/bin/ceph: stderr
2023-07-20T18:40:20.385+0000 7fcbbbfff700 1 -- 172.21.15.62:0/3014972724 <== mon.0 v2:172.21.15.62:3300/0 2 ==== config(25 keys) v1 ==== 1067+0+0 (secure 0 0 0) 0x7fcbc00042c0 con 0x7fcbc41069a0
2023-07-20T18:40:21.259 INFO:teuthology.orchestra.run.smithi062.stdout:/usr/bin/ceph: stderr
2023-07-20T18:40:20.385+0000 7fcbbbfff700 1 -- 172.21.15.62:0/3014972724 <== mon.0 v2:172.21.15.62:3300/0 3 ==== mon_map magic: 0 v1 ==== 205+0+0 (secure 0 0 0) 0x7fcbc00118e0 con 0x7fcbc41069a0
2023-07-20T18:40:21.259 INFO:teuthology.orchestra.run.smithi062.stdout:/usr/bin/ceph: stderr
2023-07-20T18:40:20.386+0000 7fcbcb6e5700 1 -- 172.21.15.62:0/3014972724 >> [v2:172.21.15.62:3300/0,v1:172.21.15.62:6789/0] conn(0x7fcbc41069a0 msgr2=0x7fcbc4108d90 secure :-1 s=STATE_CONNECTION_ESTABLISHED l=1).mark_down
2023-07-20T18:40:21.259 INFO:teuthology.orchestra.run.smithi062.stdout:/usr/bin/ceph: stderr
2023-07-20T18:40:20.386+0000 7fcbcb6e5700 1 --2- 172.21.15.62:0/3014972724 >> [v2:172.21.15.62:3300/0,v1:172.21.15.62:6789/0] conn(0x7fcbc41069a0 0x7fcbc4108d90 secure :-1 s=READY pgs=59 cs=0 l=1 rev1=1 crypto rx=0x7fcbc00098a0 tx=0x7fcbc0009bb0 comp rx=0 tx=0).stop
2023-07-20T18:40:21.259 INFO:teuthology.orchestra.run.smithi062.stdout:/usr/bin/ceph: stderr
2023-07-20T18:40:20.386+0000 7fcbcb6e5700 1 -- 172.21.15.62:0/3014972724 shutdown_connections
2023-07-20T18:40:21.259 INFO:teuthology.orchestra.run.smithi062.stdout:/usr/bin/ceph: stderr
2023-07-20T18:40:20.386+0000 7fcbcb6e5700 1 --2- 172.21.15.62:0/3014972724 >> [v2:172.21.15.62:3300/0,v1:172.21.15.62:6789/0] conn(0x7fcbc41069a0 0x7fcbc4108d90 unknown :-1 s=CLOSED pgs=59 cs=0 l=1 rev1=1 crypto rx=0 tx=0 comp rx=0 tx=0).stop
2023-07-20T18:40:21.259 INFO:teuthology.orchestra.run.smithi062.stdout:/usr/bin/ceph: stderr
2023-07-20T18:40:20.386+0000 7fcbcb6e5700 1 -- 172.21.15.62:0/3014972724 >> 172.21.15.62:0/3014972724 conn(0x7fcbc41003d0 msgr2=0x7fcbc4102810 unknown :-1 s=STATE_NONE l=0).mark_down
2023-07-20T18:40:21.260 INFO:teuthology.orchestra.run.smithi062.stdout:/usr/bin/ceph: stderr
2023-07-20T18:40:20.386+0000 7fcbcb6e5700 1 -- 172.21.15.62:0/3014972724 shutdown_connections
2023-07-20T18:40:21.260 INFO:teuthology.orchestra.run.smithi062.stdout:/usr/bin/ceph: stderr
2023-07-20T18:40:20.386+0000 7fcbcb6e5700 1 -- 172.21.15.62:0/3014972724 wait complete.
2023-07-20T18:40:21.260 INFO:teuthology.orchestra.run.smithi062.stdout:/usr/bin/ceph: stderr
2023-07-20T18:40:20.387+0000 7fcbcb6e5700 1 Processor -- start
2023-07-20T18:40:21.260 INFO:teuthology.orchestra.run.smithi062.stdout:/usr/bin/ceph: stderr
2023-07-20T18:40:20.387+0000 7fcbcb6e5700 1 -- start start
2023-07-20T18:40:21.260 INFO:teuthology.orchestra.run.smithi062.stdout:/usr/bin/ceph: stderr
2023-07-20T18:40:20.387+0000 7fcbcb6e5700 1 --2- >> [v2:172.21.15.62:3300/0,v1:172.21.15.62:6789/0] conn(0x7fcbc41069a0 0x7fcbc41979c0 unknown :-1 s=NONE pgs=0 cs=0 l=1 rev1=0 crypto rx=0 tx=0 comp rx=0 tx=0).connect
2023-07-20T18:40:21.260 INFO:teuthology.orchestra.run.smithi062.stdout:/usr/bin/ceph: stderr
2023-07-20T18:40:20.387+0000 7fcbcb6e5700 1 -- --> [v2:172.21.15.62:3300/0,v1:172.21.15.62:6789/0] -- mon_getmap magic: 0 v1 -- 0x7fcbc4197f00 con 0x7fcbc41069a0
2023-07-20T18:40:21.260 INFO:teuthology.orchestra.run.smithi062.stdout:/usr/bin/ceph: stderr
2023-07-20T18:40:20.387+0000 7fcbc9481700 1 --2- >> [v2:172.21.15.62:3300/0,v1:172.21.15.62:6789/0] conn(0x7fcbc41069a0 0x7fcbc41979c0 unknown :-1 s=BANNER_CONNECTING pgs=0 cs=0 l=1 rev1=0 crypto rx=0 tx=0 comp rx=0 tx=0)._handle_peer_banner_payload supported=3 required=0
2023-07-20T18:40:21.261 INFO:teuthology.orchestra.run.smithi062.stdout:/usr/bin/ceph: stderr
2023-07-20T18:40:20.387+0000 7fcbc9481700 1 --2- >> [v2:172.21.15.62:3300/0,v1:172.21.15.62:6789/0] conn(0x7fcbc41069a0 0x7fcbc41979c0 unknown :-1 s=HELLO_CONNECTING pgs=0 cs=0 l=1 rev1=1 crypto rx=0 tx=0 comp rx=0 tx=0).handle_hello peer v2:172.21.15.62:3300/0 says I am v2:172.21.15.62:44984/0 (socket says 172.21.15.62:44984)
2023-07-20T18:40:21.261 INFO:teuthology.orchestra.run.smithi062.stdout:/usr/bin/ceph: stderr
2023-07-20T18:40:20.387+0000 7fcbc9481700 1 -- 172.21.15.62:0/1808007559 learned_addr learned my addr 172.21.15.62:0/1808007559 (peer_addr_for_me v2:172.21.15.62:0/0)
2023-07-20T18:40:21.261 INFO:teuthology.orchestra.run.smithi062.stdout:/usr/bin/ceph: stderr
2023-07-20T18:40:20.387+0000 7fcbc9481700 1 -- 172.21.15.62:0/1808007559 --> [v2:172.21.15.62:3300/0,v1:172.21.15.62:6789/0] -- mon_subscribe({config=0+,monmap=0+}) v3 -- 0x7fcbc0009550 con 0x7fcbc41069a0
2023-07-20T18:40:21.261 INFO:teuthology.orchestra.run.smithi062.stdout:/usr/bin/ceph: stderr
2023-07-20T18:40:20.387+0000 7fcbc9481700 1 --2- 172.21.15.62:0/1808007559 >> [v2:172.21.15.62:3300/0,v1:172.21.15.62:6789/0] conn(0x7fcbc41069a0 0x7fcbc41979c0 secure :-1 s=READY pgs=60 cs=0 l=1 rev1=1 crypto rx=0x7fcbc0006af0 tx=0x7fcbc0011ed0 comp rx=0 tx=0).ready entity=mon.0 client_cookie=0 server_cookie=0 in_seq=0 out_seq=0
2023-07-20T18:40:21.261 INFO:teuthology.orchestra.run.smithi062.stdout:/usr/bin/ceph: stderr
2023-07-20T18:40:20.388+0000 7fcbba7fc700 1 -- 172.21.15.62:0/1808007559 <== mon.0 v2:172.21.15.62:3300/0 1 ==== mon_map magic: 0 v1 ==== 205+0+0 (secure 0 0 0) 0x7fcbc00037d0 con 0x7fcbc41069a0
2023-07-20T18:40:21.261 INFO:teuthology.orchestra.run.smithi062.stdout:/usr/bin/ceph: stderr
2023-07-20T18:40:20.388+0000 7fcbcb6e5700 1 -- 172.21.15.62:0/1808007559 --> [v2:172.21.15.62:3300/0,v1:172.21.15.62:6789/0] -- mon_subscribe({mgrmap=0+}) v3 -- 0x7fcbc4198100 con 0x7fcbc41069a0
2023-07-20T18:40:21.261 INFO:teuthology.orchestra.run.smithi062.stdout:/usr/bin/ceph: stderr
2023-07-20T18:40:20.388+0000 7fcbba7fc700 1 -- 172.21.15.62:0/1808007559 <== mon.0 v2:172.21.15.62:3300/0 2 ==== config(25 keys) v1 ==== 1067+0+0 (secure 0 0 0) 0x7fcbc001b440 con 0x7fcbc41069a0
2023-07-20T18:40:21.262 INFO:teuthology.orchestra.run.smithi062.stdout:/usr/bin/ceph: stderr
2023-07-20T18:40:20.388+0000 7fcbcb6e5700 1 -- 172.21.15.62:0/1808007559 --> [v2:172.21.15.62:3300/0,v1:172.21.15.62:6789/0] -- mon_subscribe({osdmap=0}) v3 -- 0x7fcbc4198520 con 0x7fcbc41069a0
2023-07-20T18:40:21.262 INFO:teuthology.orchestra.run.smithi062.stdout:/usr/bin/ceph: stderr
2023-07-20T18:40:20.388+0000 7fcbba7fc700 1 -- 172.21.15.62:0/1808007559 <== mon.0 v2:172.21.15.62:3300/0 3 ==== mon_map magic: 0 v1 ==== 205+0+0 (secure 0 0 0) 0x7fcbc0023530 con 0x7fcbc41069a0
2023-07-20T18:40:21.262 INFO:teuthology.orchestra.run.smithi062.stdout:/usr/bin/ceph: stderr
2023-07-20T18:40:20.389+0000 7fcbba7fc700 1 -- 172.21.15.62:0/1808007559 <== mon.0 v2:172.21.15.62:3300/0 4 ==== mgrmap(e 9) v1 ==== 45496+0+0 (secure 0 0 0) 0x7fcbc0023690 con 0x7fcbc41069a0
2023-07-20T18:40:21.262 INFO:teuthology.orchestra.run.smithi062.stdout:/usr/bin/ceph: stderr
2023-07-20T18:40:20.389+0000 7fcbcb6e5700 1 -- 172.21.15.62:0/1808007559 --> [v2:172.21.15.62:3300/0,v1:172.21.15.62:6789/0] -- mon_command({"prefix": "get_command_descriptions"} v 0) v1 -- 0x7fcbc4191c20 con 0x7fcbc41069a0
2023-07-20T18:40:21.262 INFO:teuthology.orchestra.run.smithi062.stdout:/usr/bin/ceph: stderr
2023-07-20T18:40:20.389+0000 7fcbba7fc700 1 --2- 172.21.15.62:0/1808007559 >> [v2:172.21.15.62:6800/573997866,v1:172.21.15.62:6801/573997866] conn(0x7fcbb003cb10 0x7fcbb003efd0 unknown :-1 s=NONE pgs=0 cs=0 l=1 rev1=0 crypto rx=0 tx=0 comp rx=0 tx=0).connect
2023-07-20T18:40:21.262 INFO:teuthology.orchestra.run.smithi062.stdout:/usr/bin/ceph: stderr
2023-07-20T18:40:20.389+0000 7fcbc8c80700 1 -- 172.21.15.62:0/1808007559 >> [v2:172.21.15.62:6800/573997866,v1:172.21.15.62:6801/573997866] conn(0x7fcbb003cb10 msgr2=0x7fcbb003efd0 unknown :-1 s=STATE_CONNECTING_RE l=1).process reconnect failed to v2:172.21.15.62:6800/573997866
2023-07-20T18:40:21.262 INFO:teuthology.orchestra.run.smithi062.stdout:/usr/bin/ceph: stderr
2023-07-20T18:40:20.389+0000 7fcbba7fc700 1 -- 172.21.15.62:0/1808007559 <== mon.0 v2:172.21.15.62:3300/0 5 ==== osd_map(2..2 src has 1..2) v4 ==== 940+0+0 (secure 0 0 0) 0x7fcbc004c9e0 con 0x7fcbc41069a0
2023-07-20T18:40:21.262 INFO:teuthology.orchestra.run.smithi062.stdout:/usr/bin/ceph: stderr
2023-07-20T18:40:20.389+0000 7fcbc8c80700 1 --2- 172.21.15.62:0/1808007559 >> [v2:172.21.15.62:6800/573997866,v1:172.21.15.62:6801/573997866] conn(0x7fcbb003cb10 0x7fcbb003efd0 unknown :-1 s=START_CONNECT pgs=0 cs=0 l=1 rev1=0 crypto rx=0 tx=0 comp rx=0 tx=0)._fault waiting 0.200000
2023-07-20T18:40:21.263 INFO:teuthology.orchestra.run.smithi062.stdout:/usr/bin/ceph: stderr
2023-07-20T18:40:20.398+0000 7fcbba7fc700 1 -- 172.21.15.62:0/1808007559 <== mon.0 v2:172.21.15.62:3300/0 6 ==== mon_command_ack([{"prefix": "get_command_descriptions"}]=0 v0) v1 ==== 72+0+178025 (secure 0 0 0) 0x7fcbc002bd20 con 0x7fcbc41069a0
2023-07-20T18:40:21.263 INFO:teuthology.orchestra.run.smithi062.stdout:/usr/bin/ceph: stderr
2023-07-20T18:40:20.590+0000 7fcbc8c80700 1 -- 172.21.15.62:0/1808007559 >> [v2:172.21.15.62:6800/573997866,v1:172.21.15.62:6801/573997866] conn(0x7fcbb003cb10 msgr2=0x7fcbb003efd0 unknown :-1 s=STATE_CONNECTING_RE l=1).process reconnect failed to v2:172.21.15.62:6800/573997866
2023-07-20T18:40:21.263 INFO:teuthology.orchestra.run.smithi062.stdout:/usr/bin/ceph: stderr
2023-07-20T18:40:20.590+0000 7fcbc8c80700 1 --2- 172.21.15.62:0/1808007559 >> [v2:172.21.15.62:6800/573997866,v1:172.21.15.62:6801/573997866] conn(0x7fcbb003cb10 0x7fcbb003efd0 unknown :-1 s=START_CONNECT pgs=0 cs=0 l=1 rev1=0 crypto rx=0 tx=0 comp rx=0 tx=0)._fault waiting 0.400000
2023-07-20T18:40:21.263 INFO:teuthology.orchestra.run.smithi062.stdout:/usr/bin/ceph: stderr
2023-07-20T18:40:20.863+0000 7fcbcb6e5700 1 -- 172.21.15.62:0/1808007559 --> [v2:172.21.15.62:3300/0,v1:172.21.15.62:6789/0] -- mon_command({"prefix": "mgr stat"} v 0) v1 -- 0x7fcbc4061da0 con 0x7fcbc41069a0
2023-07-20T18:40:21.263 INFO:teuthology.orchestra.run.smithi062.stdout:/usr/bin/ceph: stderr
2023-07-20T18:40:20.864+0000 7fcbba7fc700 1 -- 172.21.15.62:0/1808007559 <== mon.0 v2:172.21.15.62:3300/0 7 ==== mon_command_ack([{"prefix": "mgr stat"}]=0 v9) v1 ==== 56+0+88 (secure 0 0 0) 0x7fcbc002bb40 con 0x7fcbc41069a0
2023-07-20T18:40:21.263 INFO:teuthology.orchestra.run.smithi062.stdout:/usr/bin/ceph: stderr
2023-07-20T18:40:20.866+0000 7fcbcb6e5700 1 -- 172.21.15.62:0/1808007559 >> [v2:172.21.15.62:6800/573997866,v1:172.21.15.62:6801/573997866] conn(0x7fcbb003cb10 msgr2=0x7fcbb003efd0 unknown :-1 s=STATE_CONNECTING l=1).mark_down
2023-07-20T18:40:21.263 INFO:teuthology.orchestra.run.smithi062.stdout:/usr/bin/ceph: stderr
2023-07-20T18:40:20.866+0000 7fcbcb6e5700 1 --2- 172.21.15.62:0/1808007559 >> [v2:172.21.15.62:6800/573997866,v1:172.21.15.62:6801/573997866] conn(0x7fcbb003cb10 0x7fcbb003efd0 unknown :-1 s=START_CONNECT pgs=0 cs=0 l=1 rev1=0 crypto rx=0 tx=0 comp rx=0 tx=0).stop
2023-07-20T18:40:21.263 INFO:teuthology.orchestra.run.smithi062.stdout:/usr/bin/ceph: stderr
2023-07-20T18:40:20.866+0000 7fcbcb6e5700 1 -- 172.21.15.62:0/1808007559 >> [v2:172.21.15.62:3300/0,v1:172.21.15.62:6789/0] conn(0x7fcbc41069a0 msgr2=0x7fcbc41979c0 secure :-1 s=STATE_CONNECTION_ESTABLISHED l=1).mark_down
2023-07-20T18:40:21.264 INFO:teuthology.orchestra.run.smithi062.stdout:/usr/bin/ceph: stderr
2023-07-20T18:40:20.866+0000 7fcbcb6e5700 1 --2- 172.21.15.62:0/1808007559 >> [v2:172.21.15.62:3300/0,v1:172.21.15.62:6789/0] conn(0x7fcbc41069a0 0x7fcbc41979c0 secure :-1 s=READY pgs=60 cs=0 l=1 rev1=1 crypto rx=0x7fcbc0006af0 tx=0x7fcbc0011ed0 comp rx=0 tx=0).stop
2023-07-20T18:40:21.264 INFO:teuthology.orchestra.run.smithi062.stdout:/usr/bin/ceph: stderr
2023-07-20T18:40:20.866+0000 7fcbcb6e5700 1 -- 172.21.15.62:0/1808007559 shutdown_connections
2023-07-20T18:40:21.264 INFO:teuthology.orchestra.run.smithi062.stdout:/usr/bin/ceph: stderr
2023-07-20T18:40:20.866+0000 7fcbcb6e5700 1 --2- 172.21.15.62:0/1808007559 >> [v2:172.21.15.62:6800/573997866,v1:172.21.15.62:6801/573997866] conn(0x7fcbb003cb10 0x7fcbb003efd0 unknown :-1 s=CLOSED pgs=0 cs=0 l=1 rev1=0 crypto rx=0 tx=0 comp rx=0 tx=0).stop
2023-07-20T18:40:21.264 INFO:teuthology.orchestra.run.smithi062.stdout:/usr/bin/ceph: stderr
2023-07-20T18:40:20.866+0000 7fcbcb6e5700 1 --2- 172.21.15.62:0/1808007559 >> [v2:172.21.15.62:3300/0,v1:172.21.15.62:6789/0] conn(0x7fcbc41069a0 0x7fcbc41979c0 unknown :-1 s=CLOSED pgs=60 cs=0 l=1 rev1=1 crypto rx=0 tx=0 comp rx=0 tx=0).stop
2023-07-20T18:40:21.264 INFO:teuthology.orchestra.run.smithi062.stdout:/usr/bin/ceph: stderr
2023-07-20T18:40:20.866+0000 7fcbcb6e5700 1 -- 172.21.15.62:0/1808007559 >> 172.21.15.62:0/1808007559 conn(0x7fcbc41003d0 msgr2=0x7fcbc4101090 unknown :-1 s=STATE_NONE l=0).mark_down
2023-07-20T18:40:21.264 INFO:teuthology.orchestra.run.smithi062.stdout:/usr/bin/ceph: stderr
2023-07-20T18:40:20.866+0000 7fcbcb6e5700 1 -- 172.21.15.62:0/1808007559 shutdown_connections
2023-07-20T18:40:21.264 INFO:teuthology.orchestra.run.smithi062.stdout:/usr/bin/ceph: stderr
2023-07-20T18:40:20.866+0000 7fcbcb6e5700 1 -- 172.21.15.62:0/1808007559 wait complete.
2023-07-20T18:40:21.265 INFO:teuthology.orchestra.run.smithi062.stdout:Waiting for the mgr to restart...
2023-07-20T18:40:21.265 INFO:teuthology.orchestra.run.smithi062.stdout:Waiting for mgr epoch 9...
2023-07-20T18:40:21.509 INFO:journalctl@ceph.mon.a.smithi062.stdout:Jul 20 18:40:21 smithi062 ceph-mon[127431]: from='client.? 172.21.15.62:0/1808007559' entity='client.admin' cmd=[{"prefix": "mgr stat"}]: dispatch
2023-07-20T18:40:21.988 INFO:journalctl@ceph.mgr.x.smithi062.stdout:Jul 20 18:40:21 smithi062 ceph-a2e4c218-272c-11ee-9b34-001a4aab830c-mgr-x[127679]:
2023-07-20T18:40:21.520+0000 7f540f910200 -1 mgr[py] Module progress has missing NOTIFY_TYPES member
2023-07-20T18:40:22.488 INFO:journalctl@ceph.mgr.x.smithi062.stdout:Jul 20 18:40:22 smithi062 ceph-a2e4c218-272c-11ee-9b34-001a4aab830c-mgr-x[127679]:
2023-07-20T18:40:22.214+0000 7f540f910200 -1 mgr[py] Module rook has missing NOTIFY_TYPES member
2023-07-20T18:40:22.489 INFO:journalctl@ceph.mgr.x.smithi062.stdout:Jul 20 18:40:22 smithi062 ceph-a2e4c218-272c-11ee-9b34-001a4aab830c-mgr-x[127679]:
2023-07-20T18:40:22.406+0000 7f540f910200 -1 mgr[py] Module iostat has missing NOTIFY_TYPES member
2023-07-20T18:40:23.700 INFO:journalctl@ceph.mgr.x.smithi062.stdout:Jul 20 18:40:23 smithi062 ceph-a2e4c218-272c-11ee-9b34-001a4aab830c-mgr-x[127679]:
2023-07-20T18:40:23.371+0000 7f540f910200 -1 mgr[py] Module test_orchestrator has missing NOTIFY_TYPES member
2023-07-20T18:40:23.700 INFO:journalctl@ceph.mgr.x.smithi062.stdout:Jul 20 18:40:23 smithi062 ceph-a2e4c218-272c-11ee-9b34-001a4aab830c-mgr-x[127679]:
2023-07-20T18:40:23.482+0000 7f540f910200 -1 mgr[py] Module osd_perf_query has missing NOTIFY_TYPES member
2023-07-20T18:40:23.988 INFO:journalctl@ceph.mgr.x.smithi062.stdout:Jul 20 18:40:23 smithi062 ceph-a2e4c218-272c-11ee-9b34-001a4aab830c-mgr-x[127679]:
2023-07-20T18:40:23.702+0000 7f540f910200 -1 mgr[py] Module orchestrator has missing NOTIFY_TYPES member
2023-07-20T18:40:24.310 INFO:journalctl@ceph.mgr.x.smithi062.stdout:Jul 20 18:40:24 smithi062 ceph-a2e4c218-272c-11ee-9b34-001a4aab830c-mgr-x[127679]:
2023-07-20T18:40:24.051+0000 7f540f910200 -1 mgr[py] Module rgw has missing NOTIFY_TYPES member
2023-07-20T18:40:24.738 INFO:journalctl@ceph.mgr.x.smithi062.stdout:Jul 20 18:40:24 smithi062 ceph-a2e4c218-272c-11ee-9b34-001a4aab830c-mgr-x[127679]:
2023-07-20T18:40:24.312+0000 7f540f910200 -1 mgr[py] Module influx has missing NOTIFY_TYPES member
2023-07-20T18:40:24.738 INFO:journalctl@ceph.mgr.x.smithi062.stdout:Jul 20 18:40:24 smithi062 ceph-a2e4c218-272c-11ee-9b34-001a4aab830c-mgr-x[127679]:
2023-07-20T18:40:24.494+0000 7f540f910200 -1 mgr[py] Module telemetry has missing NOTIFY_TYPES member
2023-07-20T18:40:25.238 INFO:journalctl@ceph.mgr.x.smithi062.stdout:Jul 20 18:40:24 smithi062 ceph-a2e4c218-272c-11ee-9b34-001a4aab830c-mgr-x[127679]:
2023-07-20T18:40:24.824+0000 7f540f910200 -1 mgr[py] Module telegraf has missing NOTIFY_TYPES member
2023-07-20T18:40:25.988 INFO:journalctl@ceph.mgr.x.smithi062.stdout:Jul 20 18:40:25 smithi062 ceph-a2e4c218-272c-11ee-9b34-001a4aab830c-mgr-x[127679]:
2023-07-20T18:40:25.647+0000 7f540f910200 -1 mgr[py] Module balancer has missing NOTIFY_TYPES member
2023-07-20T18:40:25.988 INFO:journalctl@ceph.mgr.x.smithi062.stdout:Jul 20 18:40:25 smithi062 ceph-a2e4c218-272c-11ee-9b34-001a4aab830c-mgr-x[127679]:
2023-07-20T18:40:25.806+0000 7f540f910200 -1 mgr[py] Module diskprediction_local has missing NOTIFY_TYPES member
2023-07-20T18:40:26.462 INFO:journalctl@ceph.mgr.x.smithi062.stdout:Jul 20 18:40:26 smithi062 ceph-a2e4c218-272c-11ee-9b34-001a4aab830c-mgr-x[127679]:
2023-07-20T18:40:26.051+0000 7f540f910200 -1 mgr[py] Module nfs has missing NOTIFY_TYPES member
2023-07-20T18:40:26.462 INFO:journalctl@ceph.mgr.x.smithi062.stdout:Jul 20 18:40:26 smithi062 ceph-a2e4c218-272c-11ee-9b34-001a4aab830c-mgr-x[127679]:
2023-07-20T18:40:26.188+0000 7f540f910200 -1 mgr[py] Module rbd_support has missing NOTIFY_TYPES member
2023-07-20T18:40:27.988 INFO:journalctl@ceph.mgr.x.smithi062.stdout:Jul 20 18:40:26 smithi062 ceph-a2e4c218-272c-11ee-9b34-001a4aab830c-mgr-x[127679]:
2023-07-20T18:40:26.463+0000 7f540f910200 -1 mgr[py] Module volumes has missing NOTIFY_TYPES member
2023-07-20T18:40:27.989 INFO:journalctl@ceph.mgr.x.smithi062.stdout:Jul 20 18:40:27 smithi062 ceph-a2e4c218-272c-11ee-9b34-001a4aab830c-mgr-x[127679]:
2023-07-20T18:40:27.505+0000 7f540f910200 -1 mgr[py] Module pg_autoscaler has missing NOTIFY_TYPES member
2023-07-20T18:40:27.989 INFO:journalctl@ceph.mon.a.smithi062.stdout:Jul 20 18:40:27 smithi062 ceph-mon[127431]: Active manager daemon x restarted
2023-07-20T18:40:27.989 INFO:journalctl@ceph.mon.a.smithi062.stdout:Jul 20 18:40:27 smithi062 ceph-mon[127431]: Activating manager daemon x
2023-07-20T18:40:27.989 INFO:journalctl@ceph.mon.a.smithi062.stdout:Jul 20 18:40:27 smithi062 ceph-mon[127431]: osdmap e3: 0 total, 0 up, 0 in
2023-07-20T18:40:27.990 INFO:journalctl@ceph.mon.a.smithi062.stdout:Jul 20 18:40:27 smithi062 ceph-mon[127431]: mgrmap e10: x(active, starting, since 0.00351557s)
2023-07-20T18:40:27.990 INFO:journalctl@ceph.mon.a.smithi062.stdout:Jul 20 18:40:27 smithi062 ceph-mon[127431]: from='mgr.14152 172.21.15.62:0/232053048' entity='mgr.x' cmd=[{"prefix": "mon metadata", "id": "a"}]: dispatch
2023-07-20T18:40:27.990 INFO:journalctl@ceph.mon.a.smithi062.stdout:Jul 20 18:40:27 smithi062 ceph-mon[127431]: from='mgr.14152 172.21.15.62:0/232053048' entity='mgr.x' cmd=[{"prefix": "mgr metadata", "who": "x", "id": "x"}]: dispatch
2023-07-20T18:40:27.990 INFO:journalctl@ceph.mon.a.smithi062.stdout:Jul 20 18:40:27 smithi062 ceph-mon[127431]: from='mgr.14152 172.21.15.62:0/232053048' entity='mgr.x' cmd=[{"prefix": "mds metadata"}]: dispatch
2023-07-20T18:40:27.990 INFO:journalctl@ceph.mon.a.smithi062.stdout:Jul 20 18:40:27 smithi062 ceph-mon[127431]: from='mgr.14152 172.21.15.62:0/232053048' entity='mgr.x' cmd=[{"prefix": "osd metadata"}]: dispatch
2023-07-20T18:40:27.990 INFO:journalctl@ceph.mon.a.smithi062.stdout:Jul 20 18:40:27 smithi062 ceph-mon[127431]: from='mgr.14152 172.21.15.62:0/232053048' entity='mgr.x' cmd=[{"prefix": "mon metadata"}]: dispatch
2023-07-20T18:40:27.990 INFO:journalctl@ceph.mon.a.smithi062.stdout:Jul 20 18:40:27 smithi062 ceph-mon[127431]: Manager daemon x is now available
2023-07-20T18:40:27.991 INFO:journalctl@ceph.mon.a.smithi062.stdout:Jul 20 18:40:27 smithi062 ceph-mon[127431]: from='mgr.14152 172.21.15.62:0/232053048' entity='mgr.x' cmd=[{"prefix": "config dump", "format": "json"}]: dispatch
2023-07-20T18:40:27.991 INFO:journalctl@ceph.mon.a.smithi062.stdout:Jul 20 18:40:27 smithi062 ceph-mon[127431]: from='mgr.14152 172.21.15.62:0/232053048' entity='mgr.x' cmd=[{"prefix": "config dump", "format": "json"}]: dispatch
2023-07-20T18:40:28.980 INFO:journalctl@ceph.mon.a.smithi062.stdout:Jul 20 18:40:28 smithi062 ceph-mon[127431]: from='mgr.14152 172.21.15.62:0/232053048' entity='mgr.x' cmd=[{"prefix":"config rm","who":"mgr","name":"mgr/rbd_support/x/mirror_snapshot_schedule"}]: dispatch
2023-07-20T18:40:28.980 INFO:journalctl@ceph.mon.a.smithi062.stdout:Jul 20 18:40:28 smithi062 ceph-mon[127431]: from='mgr.14152 172.21.15.62:0/232053048' entity='mgr.x' cmd=[{"prefix":"config rm","who":"mgr","name":"mgr/rbd_support/x/trash_purge_schedule"}]: dispatch
2023-07-20T18:40:28.980 INFO:journalctl@ceph.mon.a.smithi062.stdout:Jul 20 18:40:28 smithi062 ceph-mon[127431]: [20/Jul/2023:18:40:28] ENGINE Bus STARTING
2023-07-20T18:40:28.980 INFO:journalctl@ceph.mon.a.smithi062.stdout:Jul 20 18:40:28 smithi062 ceph-mon[127431]: [20/Jul/2023:18:40:28] ENGINE Serving on http://172.21.15.62:8765
2023-07-20T18:40:28.980 INFO:journalctl@ceph.mon.a.smithi062.stdout:Jul 20 18:40:28 smithi062 ceph-mon[127431]: [20/Jul/2023:18:40:28] ENGINE Serving on https://172.21.15.62:7150
2023-07-20T18:40:28.981 INFO:journalctl@ceph.mon.a.smithi062.stdout:Jul 20 18:40:28 smithi062 ceph-mon[127431]: [20/Jul/2023:18:40:28] ENGINE Bus STARTED
2023-07-20T18:40:28.981 INFO:journalctl@ceph.mon.a.smithi062.stdout:Jul 20 18:40:28 smithi062 ceph-mon[127431]: from='client.14156 -' entity='client.admin' cmd=[{"prefix": "get_command_descriptions"}]: dispatch
2023-07-20T18:40:28.981 INFO:journalctl@ceph.mon.a.smithi062.stdout:Jul 20 18:40:28 smithi062 ceph-mon[127431]: mgrmap e11: x(active, since 1.00636s)
2023-07-20T18:40:29.025 INFO:teuthology.orchestra.run.smithi062.stdout:/usr/bin/ceph: stdout {
2023-07-20T18:40:29.031 INFO:teuthology.orchestra.run.smithi062.stdout:/usr/bin/ceph: stdout "mgrmap_epoch": 11,
2023-07-20T18:40:29.032 INFO:teuthology.orchestra.run.smithi062.stdout:/usr/bin/ceph: stdout "initialized": true
2023-07-20T18:40:29.032 INFO:teuthology.orchestra.run.smithi062.stdout:/usr/bin/ceph: stdout }
2023-07-20T18:40:29.032 INFO:teuthology.orchestra.run.smithi062.stdout:/usr/bin/ceph: stderr
2023-07-20T18:40:21.791+0000 7f4700ba0700 1 Processor -- start
2023-07-20T18:40:29.032 INFO:teuthology.orchestra.run.smithi062.stdout:/usr/bin/ceph: stderr
2023-07-20T18:40:21.791+0000 7f4700ba0700 1 -- start start
2023-07-20T18:40:29.032 INFO:teuthology.orchestra.run.smithi062.stdout:/usr/bin/ceph: stderr
2023-07-20T18:40:21.791+0000 7f4700ba0700 1 --2- >> [v2:172.21.15.62:3300/0,v1:172.21.15.62:6789/0] conn(0x7f46fc105f10 0x7f46fc106330 unknown :-1 s=NONE pgs=0 cs=0 l=0 rev1=0 crypto rx=0 tx=0 comp rx=0 tx=0).connect
2023-07-20T18:40:29.033 INFO:teuthology.orchestra.run.smithi062.stdout:/usr/bin/ceph: stderr
2023-07-20T18:40:21.791+0000 7f4700ba0700 1 -- --> [v2:172.21.15.62:3300/0,v1:172.21.15.62:6789/0] -- mon_getmap magic: 0 v1 -- 0x7f46fc106870 con 0x7f46fc105f10
2023-07-20T18:40:29.033 INFO:teuthology.orchestra.run.smithi062.stdout:/usr/bin/ceph: stderr
2023-07-20T18:40:21.791+0000 7f46fa59c700 1 --2- >> [v2:172.21.15.62:3300/0,v1:172.21.15.62:6789/0] conn(0x7f46fc105f10 0x7f46fc106330 unknown :-1 s=BANNER_CONNECTING pgs=0 cs=0 l=0 rev1=0 crypto rx=0 tx=0 comp rx=0 tx=0)._handle_peer_banner_payload supported=3 required=0
2023-07-20T18:40:29.033 INFO:teuthology.orchestra.run.smithi062.stdout:/usr/bin/ceph: stderr
2023-07-20T18:40:21.792+0000 7f46fa59c700 1 --2- >> [v2:172.21.15.62:3300/0,v1:172.21.15.62:6789/0] conn(0x7f46fc105f10 0x7f46fc106330 unknown :-1 s=HELLO_CONNECTING pgs=0 cs=0 l=0 rev1=1 crypto rx=0 tx=0 comp rx=0 tx=0).handle_hello peer v2:172.21.15.62:3300/0 says I am v2:172.21.15.62:44992/0 (socket says 172.21.15.62:44992)
2023-07-20T18:40:29.033 INFO:teuthology.orchestra.run.smithi062.stdout:/usr/bin/ceph: stderr
2023-07-20T18:40:21.792+0000 7f46fa59c700 1 -- 172.21.15.62:0/3087111895 learned_addr learned my addr 172.21.15.62:0/3087111895 (peer_addr_for_me v2:172.21.15.62:0/0)
2023-07-20T18:40:29.033 INFO:teuthology.orchestra.run.smithi062.stdout:/usr/bin/ceph: stderr
2023-07-20T18:40:21.792+0000 7f46fa59c700 1 -- 172.21.15.62:0/3087111895 --> [v2:172.21.15.62:3300/0,v1:172.21.15.62:6789/0] -- mon_subscribe({config=0+,monmap=0+}) v3 -- 0x7f46fc1069b0 con 0x7f46fc105f10
2023-07-20T18:40:29.033 INFO:teuthology.orchestra.run.smithi062.stdout:/usr/bin/ceph: stderr
2023-07-20T18:40:21.792+0000 7f46fa59c700 1 --2- 172.21.15.62:0/3087111895 >> [v2:172.21.15.62:3300/0,v1:172.21.15.62:6789/0] conn(0x7f46fc105f10 0x7f46fc106330 secure :-1 s=READY pgs=61 cs=0 l=1 rev1=1 crypto rx=0x7f46ec0098a0 tx=0x7f46ec009bb0 comp rx=0 tx=0).ready entity=mon.0 client_cookie=ec8f64aac1fa1d92 server_cookie=0 in_seq=0 out_seq=0
2023-07-20T18:40:29.034 INFO:teuthology.orchestra.run.smithi062.stdout:/usr/bin/ceph: stderr
2023-07-20T18:40:21.792+0000 7f46f959a700 1 -- 172.21.15.62:0/3087111895 <== mon.0 v2:172.21.15.62:3300/0 1 ==== mon_map magic: 0 v1 ==== 205+0+0 (secure 0 0 0) 0x7f46ec004160 con 0x7f46fc105f10
2023-07-20T18:40:29.034 INFO:teuthology.orchestra.run.smithi062.stdout:/usr/bin/ceph: stderr
2023-07-20T18:40:21.792+0000 7f46f959a700 1 -- 172.21.15.62:0/3087111895 <== mon.0 v2:172.21.15.62:3300/0 2 ==== config(25 keys) v1 ==== 1067+0+0 (secure 0 0 0) 0x7f46ec0042c0 con 0x7f46fc105f10
2023-07-20T18:40:29.034 INFO:teuthology.orchestra.run.smithi062.stdout:/usr/bin/ceph: stderr
2023-07-20T18:40:21.792+0000 7f46f959a700 1 -- 172.21.15.62:0/3087111895 <== mon.0 v2:172.21.15.62:3300/0 3 ==== mon_map magic: 0 v1 ==== 205+0+0 (secure 0 0 0) 0x7f46ec0118e0 con 0x7f46fc105f10
2023-07-20T18:40:29.034 INFO:teuthology.orchestra.run.smithi062.stdout:/usr/bin/ceph: stderr
2023-07-20T18:40:21.793+0000 7f4700ba0700 1 -- 172.21.15.62:0/3087111895 >> [v2:172.21.15.62:3300/0,v1:172.21.15.62:6789/0] conn(0x7f46fc105f10 msgr2=0x7f46fc106330 secure :-1 s=STATE_CONNECTION_ESTABLISHED l=1).mark_down
2023-07-20T18:40:29.034 INFO:teuthology.orchestra.run.smithi062.stdout:/usr/bin/ceph: stderr
2023-07-20T18:40:21.793+0000 7f4700ba0700 1 --2- 172.21.15.62:0/3087111895 >> [v2:172.21.15.62:3300/0,v1:172.21.15.62:6789/0] conn(0x7f46fc105f10 0x7f46fc106330 secure :-1 s=READY pgs=61 cs=0 l=1 rev1=1 crypto rx=0x7f46ec0098a0 tx=0x7f46ec009bb0 comp rx=0 tx=0).stop
2023-07-20T18:40:29.034 INFO:teuthology.orchestra.run.smithi062.stdout:/usr/bin/ceph: stderr
2023-07-20T18:40:21.793+0000 7f4700ba0700 1 -- 172.21.15.62:0/3087111895 shutdown_connections
2023-07-20T18:40:29.034 INFO:teuthology.orchestra.run.smithi062.stdout:/usr/bin/ceph: stderr
2023-07-20T18:40:21.793+0000 7f4700ba0700 1 --2- 172.21.15.62:0/3087111895 >> [v2:172.21.15.62:3300/0,v1:172.21.15.62:6789/0] conn(0x7f46fc105f10 0x7f46fc106330 unknown :-1 s=CLOSED pgs=61 cs=0 l=1 rev1=1 crypto rx=0 tx=0 comp rx=0 tx=0).stop
2023-07-20T18:40:29.034 INFO:teuthology.orchestra.run.smithi062.stdout:/usr/bin/ceph: stderr
2023-07-20T18:40:21.793+0000 7f4700ba0700 1 -- 172.21.15.62:0/3087111895 >> 172.21.15.62:0/3087111895 conn(0x7f46fc1014b0 msgr2=0x7f46fc1038f0 unknown :-1 s=STATE_NONE l=0).mark_down
2023-07-20T18:40:29.035 INFO:teuthology.orchestra.run.smithi062.stdout:/usr/bin/ceph: stderr
2023-07-20T18:40:21.793+0000 7f4700ba0700 1 -- 172.21.15.62:0/3087111895 shutdown_connections
2023-07-20T18:40:29.035 INFO:teuthology.orchestra.run.smithi062.stdout:/usr/bin/ceph: stderr
2023-07-20T18:40:21.793+0000 7f4700ba0700 1 -- 172.21.15.62:0/3087111895 wait complete.
2023-07-20T18:40:29.035 INFO:teuthology.orchestra.run.smithi062.stdout:/usr/bin/ceph: stderr
2023-07-20T18:40:21.794+0000 7f4700ba0700 1 Processor -- start
2023-07-20T18:40:29.035 INFO:teuthology.orchestra.run.smithi062.stdout:/usr/bin/ceph: stderr
2023-07-20T18:40:21.794+0000 7f4700ba0700 1 -- start start
2023-07-20T18:40:29.035 INFO:teuthology.orchestra.run.smithi062.stdout:/usr/bin/ceph: stderr
2023-07-20T18:40:21.794+0000 7f4700ba0700 1 --2- >> [v2:172.21.15.62:3300/0,v1:172.21.15.62:6789/0] conn(0x7f46fc105f10 0x7f46fc07aaf0 unknown :-1 s=NONE pgs=0 cs=0 l=1 rev1=0 crypto rx=0 tx=0 comp rx=0 tx=0).connect
2023-07-20T18:40:29.035 INFO:teuthology.orchestra.run.smithi062.stdout:/usr/bin/ceph: stderr
