2023-07-20T18:40:13.611 INFO:teuthology.orchestra.run.smithi062.stdout:/usr/bin/ceph: stderr
2023-07-20T18:40:13.211+0000 7ff123de5700 1 -- 172.21.15.62:0/4008322192 shutdown_connections
2023-07-20T18:40:13.611 INFO:teuthology.orchestra.run.smithi062.stdout:/usr/bin/ceph: stderr
2023-07-20T18:40:13.211+0000 7ff123de5700 1 -- 172.21.15.62:0/4008322192 wait complete.
2023-07-20T18:40:13.611 INFO:teuthology.orchestra.run.smithi062.stdout:Deploying unmanaged mgr service...
2023-07-20T18:40:14.488 INFO:journalctl@ceph.mon.a.smithi062.stdout:Jul 20 18:40:14 smithi062 ceph-mon[127431]: from='client.14142 -' entity='client.admin' cmd=[{"prefix": "orch apply", "service_type": "mon", "unmanaged": true, "target": ["mon-mgr", ""]}]: dispatch
2023-07-20T18:40:14.489 INFO:journalctl@ceph.mon.a.smithi062.stdout:Jul 20 18:40:14 smithi062 ceph-mon[127431]: Saving service mon spec with placement count:5
2023-07-20T18:40:14.489 INFO:journalctl@ceph.mon.a.smithi062.stdout:Jul 20 18:40:14 smithi062 ceph-mon[127431]: from='mgr.14120 172.21.15.62:0/300604510' entity='mgr.x'
2023-07-20T18:40:15.264 INFO:teuthology.orchestra.run.smithi062.stdout:/usr/bin/ceph: stdout Scheduled mgr update...
2023-07-20T18:40:15.265 INFO:teuthology.orchestra.run.smithi062.stdout:/usr/bin/ceph: stderr
2023-07-20T18:40:14.407+0000 7f0e2395d700 1 Processor -- start
2023-07-20T18:40:15.265 INFO:teuthology.orchestra.run.smithi062.stdout:/usr/bin/ceph: stderr
2023-07-20T18:40:14.408+0000 7f0e2395d700 1 -- start start
2023-07-20T18:40:15.265 INFO:teuthology.orchestra.run.smithi062.stdout:/usr/bin/ceph: stderr
2023-07-20T18:40:14.408+0000 7f0e2395d700 1 --2- >> [v2:172.21.15.62:3300/0,v1:172.21.15.62:6789/0] conn(0x7f0e1c106960 0x7f0e1c108d50 unknown :-1 s=NONE pgs=0 cs=0 l=0 rev1=0 crypto rx=0 tx=0 comp rx=0 tx=0).connect
2023-07-20T18:40:15.265 INFO:teuthology.orchestra.run.smithi062.stdout:/usr/bin/ceph: stderr
2023-07-20T18:40:14.408+0000 7f0e2395d700 1 -- --> [v2:172.21.15.62:3300/0,v1:172.21.15.62:6789/0] -- mon_getmap magic: 0 v1 -- 0x7f0e1c061a90 con 0x7f0e1c106960
2023-07-20T18:40:15.265 INFO:teuthology.orchestra.run.smithi062.stdout:/usr/bin/ceph: stderr
2023-07-20T18:40:14.408+0000 7f0e216f9700 1 --2- >> [v2:172.21.15.62:3300/0,v1:172.21.15.62:6789/0] conn(0x7f0e1c106960 0x7f0e1c108d50 unknown :-1 s=BANNER_CONNECTING pgs=0 cs=0 l=0 rev1=0 crypto rx=0 tx=0 comp rx=0 tx=0)._handle_peer_banner_payload supported=3 required=0
2023-07-20T18:40:15.265 INFO:teuthology.orchestra.run.smithi062.stdout:/usr/bin/ceph: stderr
2023-07-20T18:40:14.408+0000 7f0e216f9700 1 --2- >> [v2:172.21.15.62:3300/0,v1:172.21.15.62:6789/0] conn(0x7f0e1c106960 0x7f0e1c108d50 unknown :-1 s=HELLO_CONNECTING pgs=0 cs=0 l=0 rev1=1 crypto rx=0 tx=0 comp rx=0 tx=0).handle_hello peer v2:172.21.15.62:3300/0 says I am v2:172.21.15.62:44948/0 (socket says 172.21.15.62:44948)
2023-07-20T18:40:15.265 INFO:teuthology.orchestra.run.smithi062.stdout:/usr/bin/ceph: stderr
2023-07-20T18:40:14.408+0000 7f0e216f9700 1 -- 172.21.15.62:0/1462734906 learned_addr learned my addr 172.21.15.62:0/1462734906 (peer_addr_for_me v2:172.21.15.62:0/0)
2023-07-20T18:40:15.266 INFO:teuthology.orchestra.run.smithi062.stdout:/usr/bin/ceph: stderr
2023-07-20T18:40:14.408+0000 7f0e216f9700 1 -- 172.21.15.62:0/1462734906 --> [v2:172.21.15.62:3300/0,v1:172.21.15.62:6789/0] -- mon_subscribe({config=0+,monmap=0+}) v3 -- 0x7f0e1c109290 con 0x7f0e1c106960
2023-07-20T18:40:15.266 INFO:teuthology.orchestra.run.smithi062.stdout:/usr/bin/ceph: stderr
2023-07-20T18:40:14.408+0000 7f0e216f9700 1 --2- 172.21.15.62:0/1462734906 >> [v2:172.21.15.62:3300/0,v1:172.21.15.62:6789/0] conn(0x7f0e1c106960 0x7f0e1c108d50 secure :-1 s=READY pgs=49 cs=0 l=1 rev1=1 crypto rx=0x7f0e180098a0 tx=0x7f0e18009bb0 comp rx=0 tx=0).ready entity=mon.0 client_cookie=4728674fbe8cdb11 server_cookie=0 in_seq=0 out_seq=0
2023-07-20T18:40:15.266 INFO:teuthology.orchestra.run.smithi062.stdout:/usr/bin/ceph: stderr
2023-07-20T18:40:14.409+0000 7f0e13fff700 1 -- 172.21.15.62:0/1462734906 <== mon.0 v2:172.21.15.62:3300/0 1 ==== mon_map magic: 0 v1 ==== 205+0+0 (secure 0 0 0) 0x7f0e18004160 con 0x7f0e1c106960
2023-07-20T18:40:15.266 INFO:teuthology.orchestra.run.smithi062.stdout:/usr/bin/ceph: stderr
2023-07-20T18:40:14.409+0000 7f0e13fff700 1 -- 172.21.15.62:0/1462734906 <== mon.0 v2:172.21.15.62:3300/0 2 ==== config(25 keys) v1 ==== 1067+0+0 (secure 0 0 0) 0x7f0e180042c0 con 0x7f0e1c106960
2023-07-20T18:40:15.266 INFO:teuthology.orchestra.run.smithi062.stdout:/usr/bin/ceph: stderr
2023-07-20T18:40:14.409+0000 7f0e13fff700 1 -- 172.21.15.62:0/1462734906 <== mon.0 v2:172.21.15.62:3300/0 3 ==== mon_map magic: 0 v1 ==== 205+0+0 (secure 0 0 0) 0x7f0e180118e0 con 0x7f0e1c106960
2023-07-20T18:40:15.266 INFO:teuthology.orchestra.run.smithi062.stdout:/usr/bin/ceph: stderr
2023-07-20T18:40:14.410+0000 7f0e2395d700 1 -- 172.21.15.62:0/1462734906 >> [v2:172.21.15.62:3300/0,v1:172.21.15.62:6789/0] conn(0x7f0e1c106960 msgr2=0x7f0e1c108d50 secure :-1 s=STATE_CONNECTION_ESTABLISHED l=1).mark_down
2023-07-20T18:40:15.266 INFO:teuthology.orchestra.run.smithi062.stdout:/usr/bin/ceph: stderr
2023-07-20T18:40:14.410+0000 7f0e2395d700 1 --2- 172.21.15.62:0/1462734906 >> [v2:172.21.15.62:3300/0,v1:172.21.15.62:6789/0] conn(0x7f0e1c106960 0x7f0e1c108d50 secure :-1 s=READY pgs=49 cs=0 l=1 rev1=1 crypto rx=0x7f0e180098a0 tx=0x7f0e18009bb0 comp rx=0 tx=0).stop
2023-07-20T18:40:15.267 INFO:teuthology.orchestra.run.smithi062.stdout:/usr/bin/ceph: stderr
2023-07-20T18:40:14.410+0000 7f0e2395d700 1 -- 172.21.15.62:0/1462734906 shutdown_connections
2023-07-20T18:40:15.267 INFO:teuthology.orchestra.run.smithi062.stdout:/usr/bin/ceph: stderr
2023-07-20T18:40:14.410+0000 7f0e2395d700 1 --2- 172.21.15.62:0/1462734906 >> [v2:172.21.15.62:3300/0,v1:172.21.15.62:6789/0] conn(0x7f0e1c106960 0x7f0e1c108d50 unknown :-1 s=CLOSED pgs=49 cs=0 l=1 rev1=1 crypto rx=0 tx=0 comp rx=0 tx=0).stop
2023-07-20T18:40:15.267 INFO:teuthology.orchestra.run.smithi062.stdout:/usr/bin/ceph: stderr
2023-07-20T18:40:14.410+0000 7f0e2395d700 1 -- 172.21.15.62:0/1462734906 >> 172.21.15.62:0/1462734906 conn(0x7f0e1c1003d0 msgr2=0x7f0e1c1027f0 unknown :-1 s=STATE_NONE l=0).mark_down
2023-07-20T18:40:15.267 INFO:teuthology.orchestra.run.smithi062.stdout:/usr/bin/ceph: stderr
2023-07-20T18:40:14.410+0000 7f0e2395d700 1 -- 172.21.15.62:0/1462734906 shutdown_connections
2023-07-20T18:40:15.267 INFO:teuthology.orchestra.run.smithi062.stdout:/usr/bin/ceph: stderr
2023-07-20T18:40:14.410+0000 7f0e2395d700 1 -- 172.21.15.62:0/1462734906 wait complete.
2023-07-20T18:40:15.267 INFO:teuthology.orchestra.run.smithi062.stdout:/usr/bin/ceph: stderr
2023-07-20T18:40:14.410+0000 7f0e2395d700 1 Processor -- start
2023-07-20T18:40:15.267 INFO:teuthology.orchestra.run.smithi062.stdout:/usr/bin/ceph: stderr
2023-07-20T18:40:14.411+0000 7f0e2395d700 1 -- start start
2023-07-20T18:40:15.267 INFO:teuthology.orchestra.run.smithi062.stdout:/usr/bin/ceph: stderr
2023-07-20T18:40:14.411+0000 7f0e2395d700 1 --2- >> [v2:172.21.15.62:3300/0,v1:172.21.15.62:6789/0] conn(0x7f0e1c106960 0x7f0e1c1062c0 unknown :-1 s=NONE pgs=0 cs=0 l=1 rev1=0 crypto rx=0 tx=0 comp rx=0 tx=0).connect
2023-07-20T18:40:15.268 INFO:teuthology.orchestra.run.smithi062.stdout:/usr/bin/ceph: stderr
2023-07-20T18:40:14.411+0000 7f0e2395d700 1 -- --> [v2:172.21.15.62:3300/0,v1:172.21.15.62:6789/0] -- mon_getmap magic: 0 v1 -- 0x7f0e1c106800 con 0x7f0e1c106960
2023-07-20T18:40:15.268 INFO:teuthology.orchestra.run.smithi062.stdout:/usr/bin/ceph: stderr
2023-07-20T18:40:14.411+0000 7f0e216f9700 1 --2- >> [v2:172.21.15.62:3300/0,v1:172.21.15.62:6789/0] conn(0x7f0e1c106960 0x7f0e1c1062c0 unknown :-1 s=BANNER_CONNECTING pgs=0 cs=0 l=1 rev1=0 crypto rx=0 tx=0 comp rx=0 tx=0)._handle_peer_banner_payload supported=3 required=0
2023-07-20T18:40:15.268 INFO:teuthology.orchestra.run.smithi062.stdout:/usr/bin/ceph: stderr
2023-07-20T18:40:14.411+0000 7f0e216f9700 1 --2- >> [v2:172.21.15.62:3300/0,v1:172.21.15.62:6789/0] conn(0x7f0e1c106960 0x7f0e1c1062c0 unknown :-1 s=HELLO_CONNECTING pgs=0 cs=0 l=1 rev1=1 crypto rx=0 tx=0 comp rx=0 tx=0).handle_hello peer v2:172.21.15.62:3300/0 says I am v2:172.21.15.62:44950/0 (socket says 172.21.15.62:44950)
2023-07-20T18:40:15.268 INFO:teuthology.orchestra.run.smithi062.stdout:/usr/bin/ceph: stderr
2023-07-20T18:40:14.411+0000 7f0e216f9700 1 -- 172.21.15.62:0/286911856 learned_addr learned my addr 172.21.15.62:0/286911856 (peer_addr_for_me v2:172.21.15.62:0/0)
2023-07-20T18:40:15.268 INFO:teuthology.orchestra.run.smithi062.stdout:/usr/bin/ceph: stderr
2023-07-20T18:40:14.411+0000 7f0e216f9700 1 -- 172.21.15.62:0/286911856 --> [v2:172.21.15.62:3300/0,v1:172.21.15.62:6789/0] -- mon_subscribe({config=0+,monmap=0+}) v3 -- 0x7f0e18009550 con 0x7f0e1c106960
2023-07-20T18:40:15.268 INFO:teuthology.orchestra.run.smithi062.stdout:/usr/bin/ceph: stderr
2023-07-20T18:40:14.411+0000 7f0e216f9700 1 --2- 172.21.15.62:0/286911856 >> [v2:172.21.15.62:3300/0,v1:172.21.15.62:6789/0] conn(0x7f0e1c106960 0x7f0e1c1062c0 secure :-1 s=READY pgs=50 cs=0 l=1 rev1=1 crypto rx=0x7f0e18003e30 tx=0x7f0e180119a0 comp rx=0 tx=0).ready entity=mon.0 client_cookie=0 server_cookie=0 in_seq=0 out_seq=0
2023-07-20T18:40:15.268 INFO:teuthology.orchestra.run.smithi062.stdout:/usr/bin/ceph: stderr
2023-07-20T18:40:14.412+0000 7f0e127fc700 1 -- 172.21.15.62:0/286911856 <== mon.0 v2:172.21.15.62:3300/0 1 ==== mon_map magic: 0 v1 ==== 205+0+0 (secure 0 0 0) 0x7f0e180036a0 con 0x7f0e1c106960
2023-07-20T18:40:15.268 INFO:teuthology.orchestra.run.smithi062.stdout:/usr/bin/ceph: stderr
2023-07-20T18:40:14.412+0000 7f0e127fc700 1 -- 172.21.15.62:0/286911856 <== mon.0 v2:172.21.15.62:3300/0 2 ==== config(25 keys) v1 ==== 1067+0+0 (secure 0 0 0) 0x7f0e1801b440 con 0x7f0e1c106960
2023-07-20T18:40:15.269 INFO:teuthology.orchestra.run.smithi062.stdout:/usr/bin/ceph: stderr
2023-07-20T18:40:14.412+0000 7f0e2395d700 1 -- 172.21.15.62:0/286911856 --> [v2:172.21.15.62:3300/0,v1:172.21.15.62:6789/0] -- mon_subscribe({mgrmap=0+}) v3 -- 0x7f0e1c104910 con 0x7f0e1c106960
2023-07-20T18:40:15.269 INFO:teuthology.orchestra.run.smithi062.stdout:/usr/bin/ceph: stderr
2023-07-20T18:40:14.412+0000 7f0e127fc700 1 -- 172.21.15.62:0/286911856 <== mon.0 v2:172.21.15.62:3300/0 3 ==== mon_map magic: 0 v1 ==== 205+0+0 (secure 0 0 0) 0x7f0e18023400 con 0x7f0e1c106960
2023-07-20T18:40:15.269 INFO:teuthology.orchestra.run.smithi062.stdout:/usr/bin/ceph: stderr
2023-07-20T18:40:14.412+0000 7f0e2395d700 1 -- 172.21.15.62:0/286911856 --> [v2:172.21.15.62:3300/0,v1:172.21.15.62:6789/0] -- mon_subscribe({osdmap=0}) v3 -- 0x7f0e1c104d30 con 0x7f0e1c106960
2023-07-20T18:40:15.269 INFO:teuthology.orchestra.run.smithi062.stdout:/usr/bin/ceph: stderr
2023-07-20T18:40:14.413+0000 7f0e127fc700 1 -- 172.21.15.62:0/286911856 <== mon.0 v2:172.21.15.62:3300/0 4 ==== mgrmap(e 8) v1 ==== 45483+0+0 (secure 0 0 0) 0x7f0e18003800 con 0x7f0e1c106960
2023-07-20T18:40:15.269 INFO:teuthology.orchestra.run.smithi062.stdout:/usr/bin/ceph: stderr
2023-07-20T18:40:14.413+0000 7f0e2395d700 1 -- 172.21.15.62:0/286911856 --> [v2:172.21.15.62:3300/0,v1:172.21.15.62:6789/0] -- mon_command({"prefix": "get_command_descriptions"} v 0) v1 -- 0x7f0e1c10a070 con 0x7f0e1c106960
2023-07-20T18:40:15.269 INFO:teuthology.orchestra.run.smithi062.stdout:/usr/bin/ceph: stderr
2023-07-20T18:40:14.413+0000 7f0e127fc700 1 --2- 172.21.15.62:0/286911856 >> [v2:172.21.15.62:6800/573997866,v1:172.21.15.62:6801/573997866] conn(0x7f0e08038710 0x7f0e0803abd0 unknown :-1 s=NONE pgs=0 cs=0 l=1 rev1=0 crypto rx=0 tx=0 comp rx=0 tx=0).connect
2023-07-20T18:40:15.269 INFO:teuthology.orchestra.run.smithi062.stdout:/usr/bin/ceph: stderr
2023-07-20T18:40:14.413+0000 7f0e127fc700 1 -- 172.21.15.62:0/286911856 <== mon.0 v2:172.21.15.62:3300/0 5 ==== osd_map(2..2 src has 1..2) v4 ==== 940+0+0 (secure 0 0 0) 0x7f0e1804c690 con 0x7f0e1c106960
2023-07-20T18:40:15.270 INFO:teuthology.orchestra.run.smithi062.stdout:/usr/bin/ceph: stderr
2023-07-20T18:40:14.413+0000 7f0e20ef8700 1 --2- 172.21.15.62:0/286911856 >> [v2:172.21.15.62:6800/573997866,v1:172.21.15.62:6801/573997866] conn(0x7f0e08038710 0x7f0e0803abd0 unknown :-1 s=BANNER_CONNECTING pgs=0 cs=0 l=1 rev1=0 crypto rx=0 tx=0 comp rx=0 tx=0)._handle_peer_banner_payload supported=3 required=0
2023-07-20T18:40:15.270 INFO:teuthology.orchestra.run.smithi062.stdout:/usr/bin/ceph: stderr
2023-07-20T18:40:14.414+0000 7f0e20ef8700 1 --2- 172.21.15.62:0/286911856 >> [v2:172.21.15.62:6800/573997866,v1:172.21.15.62:6801/573997866] conn(0x7f0e08038710 0x7f0e0803abd0 secure :-1 s=READY pgs=13 cs=0 l=1 rev1=1 crypto rx=0x7f0e0c006fd0 tx=0x7f0e0c006e40 comp rx=0 tx=0).ready entity=mgr.14120 client_cookie=0 server_cookie=0 in_seq=0 out_seq=0
2023-07-20T18:40:15.270 INFO:teuthology.orchestra.run.smithi062.stdout:/usr/bin/ceph: stderr
2023-07-20T18:40:14.418+0000 7f0e127fc700 1 -- 172.21.15.62:0/286911856 <== mon.0 v2:172.21.15.62:3300/0 6 ==== mon_command_ack([{"prefix": "get_command_descriptions"}]=0 v0) v1 ==== 72+0+178025 (secure 0 0 0) 0x7f0e18019bc0 con 0x7f0e1c106960
2023-07-20T18:40:15.270 INFO:teuthology.orchestra.run.smithi062.stdout:/usr/bin/ceph: stderr
2023-07-20T18:40:14.797+0000 7f0e2395d700 1 -- 172.21.15.62:0/286911856 --> [v2:172.21.15.62:6800/573997866,v1:172.21.15.62:6801/573997866] -- mgr_command(tid 0: {"prefix": "orch apply", "service_type": "mgr", "unmanaged": true, "target": ["mon-mgr", ""]}) v1 -- 0x7f0e1c1026b0 con 0x7f0e08038710
2023-07-20T18:40:15.270 INFO:teuthology.orchestra.run.smithi062.stdout:/usr/bin/ceph: stderr
2023-07-20T18:40:14.806+0000 7f0e127fc700 1 -- 172.21.15.62:0/286911856 <== mgr.14120 v2:172.21.15.62:6800/573997866 1 ==== mgr_command_reply(tid 0: 0 ) v1 ==== 8+0+24 (secure 0 0 0) 0x7f0e1c1026b0 con 0x7f0e08038710
2023-07-20T18:40:15.270 INFO:teuthology.orchestra.run.smithi062.stdout:/usr/bin/ceph: stderr
2023-07-20T18:40:14.808+0000 7f0e2395d700 1 -- 172.21.15.62:0/286911856 >> [v2:172.21.15.62:6800/573997866,v1:172.21.15.62:6801/573997866] conn(0x7f0e08038710 msgr2=0x7f0e0803abd0 secure :-1 s=STATE_CONNECTION_ESTABLISHED l=1).mark_down
2023-07-20T18:40:15.270 INFO:teuthology.orchestra.run.smithi062.stdout:/usr/bin/ceph: stderr
2023-07-20T18:40:14.808+0000 7f0e2395d700 1 --2- 172.21.15.62:0/286911856 >> [v2:172.21.15.62:6800/573997866,v1:172.21.15.62:6801/573997866] conn(0x7f0e08038710 0x7f0e0803abd0 secure :-1 s=READY pgs=13 cs=0 l=1 rev1=1 crypto rx=0x7f0e0c006fd0 tx=0x7f0e0c006e40 comp rx=0 tx=0).stop
2023-07-20T18:40:15.270 INFO:teuthology.orchestra.run.smithi062.stdout:/usr/bin/ceph: stderr
2023-07-20T18:40:14.808+0000 7f0e2395d700 1 -- 172.21.15.62:0/286911856 >> [v2:172.21.15.62:3300/0,v1:172.21.15.62:6789/0] conn(0x7f0e1c106960 msgr2=0x7f0e1c1062c0 secure :-1 s=STATE_CONNECTION_ESTABLISHED l=1).mark_down
2023-07-20T18:40:15.271 INFO:teuthology.orchestra.run.smithi062.stdout:/usr/bin/ceph: stderr
2023-07-20T18:40:14.808+0000 7f0e2395d700 1 --2- 172.21.15.62:0/286911856 >> [v2:172.21.15.62:3300/0,v1:172.21.15.62:6789/0] conn(0x7f0e1c106960 0x7f0e1c1062c0 secure :-1 s=READY pgs=50 cs=0 l=1 rev1=1 crypto rx=0x7f0e18003e30 tx=0x7f0e180119a0 comp rx=0 tx=0).stop
2023-07-20T18:40:15.271 INFO:teuthology.orchestra.run.smithi062.stdout:/usr/bin/ceph: stderr
2023-07-20T18:40:14.808+0000 7f0e2395d700 1 -- 172.21.15.62:0/286911856 shutdown_connections
2023-07-20T18:40:15.271 INFO:teuthology.orchestra.run.smithi062.stdout:/usr/bin/ceph: stderr
2023-07-20T18:40:14.808+0000 7f0e2395d700 1 --2- 172.21.15.62:0/286911856 >> [v2:172.21.15.62:6800/573997866,v1:172.21.15.62:6801/573997866] conn(0x7f0e08038710 0x7f0e0803abd0 unknown :-1 s=CLOSED pgs=13 cs=0 l=1 rev1=1 crypto rx=0 tx=0 comp rx=0 tx=0).stop
2023-07-20T18:40:15.271 INFO:teuthology.orchestra.run.smithi062.stdout:/usr/bin/ceph: stderr
2023-07-20T18:40:14.808+0000 7f0e2395d700 1 --2- 172.21.15.62:0/286911856 >> [v2:172.21.15.62:3300/0,v1:172.21.15.62:6789/0] conn(0x7f0e1c106960 0x7f0e1c1062c0 unknown :-1 s=CLOSED pgs=50 cs=0 l=1 rev1=1 crypto rx=0 tx=0 comp rx=0 tx=0).stop
2023-07-20T18:40:15.271 INFO:teuthology.orchestra.run.smithi062.stdout:/usr/bin/ceph: stderr
2023-07-20T18:40:14.808+0000 7f0e2395d700 1 -- 172.21.15.62:0/286911856 >> 172.21.15.62:0/286911856 conn(0x7f0e1c1003d0 msgr2=0x7f0e1c101a90 unknown :-1 s=STATE_NONE l=0).mark_down
2023-07-20T18:40:15.271 INFO:teuthology.orchestra.run.smithi062.stdout:/usr/bin/ceph: stderr
2023-07-20T18:40:14.808+0000 7f0e2395d700 1 -- 172.21.15.62:0/286911856 shutdown_connections
2023-07-20T18:40:15.271 INFO:teuthology.orchestra.run.smithi062.stdout:/usr/bin/ceph: stderr
2023-07-20T18:40:14.808+0000 7f0e2395d700 1 -- 172.21.15.62:0/286911856 wait complete.
2023-07-20T18:40:15.509 INFO:journalctl@ceph.mon.a.smithi062.stdout:Jul 20 18:40:15 smithi062 ceph-mon[127431]: from='mgr.14120 172.21.15.62:0/300604510' entity='mgr.x'
2023-07-20T18:40:15.509 INFO:journalctl@ceph.mon.a.smithi062.stdout:Jul 20 18:40:15 smithi062 ceph-mon[127431]: from='mgr.14120 172.21.15.62:0/300604510' entity='mgr.x'
2023-07-20T18:40:15.509 INFO:journalctl@ceph.mon.a.smithi062.stdout:Jul 20 18:40:15 smithi062 ceph-mon[127431]: from='mgr.14120 172.21.15.62:0/300604510' entity='mgr.x'
2023-07-20T18:40:16.488 INFO:journalctl@ceph.mon.a.smithi062.stdout:Jul 20 18:40:16 smithi062 ceph-mon[127431]: from='client.14144 -' entity='client.admin' cmd=[{"prefix": "orch apply", "service_type": "mgr", "unmanaged": true, "target": ["mon-mgr", ""]}]: dispatch
2023-07-20T18:40:16.488 INFO:journalctl@ceph.mon.a.smithi062.stdout:Jul 20 18:40:16 smithi062 ceph-mon[127431]: Saving service mgr spec with placement count:2
2023-07-20T18:40:16.489 INFO:journalctl@ceph.mon.a.smithi062.stdout:Jul 20 18:40:16 smithi062 ceph-mon[127431]: from='client.? 172.21.15.62:0/1732871543' entity='client.admin'
2023-07-20T18:40:16.510 INFO:teuthology.orchestra.run.smithi062.stdout:/usr/bin/ceph: stderr
2023-07-20T18:40:15.814+0000 7f4be42fd700 1 Processor -- start
2023-07-20T18:40:16.510 INFO:teuthology.orchestra.run.smithi062.stdout:/usr/bin/ceph: stderr
2023-07-20T18:40:15.814+0000 7f4be42fd700 1 -- start start
2023-07-20T18:40:16.511 INFO:teuthology.orchestra.run.smithi062.stdout:/usr/bin/ceph: stderr
2023-07-20T18:40:15.815+0000 7f4be42fd700 1 --2- >> [v2:172.21.15.62:3300/0,v1:172.21.15.62:6789/0] conn(0x7f4bdc107550 0x7f4bdc107970 unknown :-1 s=NONE pgs=0 cs=0 l=0 rev1=0 crypto rx=0 tx=0 comp rx=0 tx=0).connect
2023-07-20T18:40:16.511 INFO:teuthology.orchestra.run.smithi062.stdout:/usr/bin/ceph: stderr
2023-07-20T18:40:15.815+0000 7f4be42fd700 1 -- --> [v2:172.21.15.62:3300/0,v1:172.21.15.62:6789/0] -- mon_getmap magic: 0 v1 -- 0x7f4bdc107f40 con 0x7f4bdc107550
2023-07-20T18:40:16.511 INFO:teuthology.orchestra.run.smithi062.stdout:/usr/bin/ceph: stderr
2023-07-20T18:40:15.815+0000 7f4be2099700 1 --2- >> [v2:172.21.15.62:3300/0,v1:172.21.15.62:6789/0] conn(0x7f4bdc107550 0x7f4bdc107970 unknown :-1 s=BANNER_CONNECTING pgs=0 cs=0 l=0 rev1=0 crypto rx=0 tx=0 comp rx=0 tx=0)._handle_peer_banner_payload supported=3 required=0
2023-07-20T18:40:16.511 INFO:teuthology.orchestra.run.smithi062.stdout:/usr/bin/ceph: stderr
2023-07-20T18:40:15.815+0000 7f4be2099700 1 --2- >> [v2:172.21.15.62:3300/0,v1:172.21.15.62:6789/0] conn(0x7f4bdc107550 0x7f4bdc107970 unknown :-1 s=HELLO_CONNECTING pgs=0 cs=0 l=0 rev1=1 crypto rx=0 tx=0 comp rx=0 tx=0).handle_hello peer v2:172.21.15.62:3300/0 says I am v2:172.21.15.62:44954/0 (socket says 172.21.15.62:44954)
2023-07-20T18:40:16.511 INFO:teuthology.orchestra.run.smithi062.stdout:/usr/bin/ceph: stderr
2023-07-20T18:40:15.815+0000 7f4be2099700 1 -- 172.21.15.62:0/2966163418 learned_addr learned my addr 172.21.15.62:0/2966163418 (peer_addr_for_me v2:172.21.15.62:0/0)
2023-07-20T18:40:16.511 INFO:teuthology.orchestra.run.smithi062.stdout:/usr/bin/ceph: stderr
2023-07-20T18:40:15.815+0000 7f4be2099700 1 -- 172.21.15.62:0/2966163418 --> [v2:172.21.15.62:3300/0,v1:172.21.15.62:6789/0] -- mon_subscribe({config=0+,monmap=0+}) v3 -- 0x7f4bdc108080 con 0x7f4bdc107550
2023-07-20T18:40:16.511 INFO:teuthology.orchestra.run.smithi062.stdout:/usr/bin/ceph: stderr
2023-07-20T18:40:15.815+0000 7f4be2099700 1 --2- 172.21.15.62:0/2966163418 >> [v2:172.21.15.62:3300/0,v1:172.21.15.62:6789/0] conn(0x7f4bdc107550 0x7f4bdc107970 secure :-1 s=READY pgs=51 cs=0 l=1 rev1=1 crypto rx=0x7f4bd80098a0 tx=0x7f4bd8009bb0 comp rx=0 tx=0).ready entity=mon.0 client_cookie=b32499b90340df6c server_cookie=0 in_seq=0 out_seq=0
2023-07-20T18:40:16.512 INFO:teuthology.orchestra.run.smithi062.stdout:/usr/bin/ceph: stderr
2023-07-20T18:40:15.815+0000 7f4be1097700 1 -- 172.21.15.62:0/2966163418 <== mon.0 v2:172.21.15.62:3300/0 1 ==== mon_map magic: 0 v1 ==== 205+0+0 (secure 0 0 0) 0x7f4bd8004160 con 0x7f4bdc107550
2023-07-20T18:40:16.512 INFO:teuthology.orchestra.run.smithi062.stdout:/usr/bin/ceph: stderr
2023-07-20T18:40:15.815+0000 7f4be1097700 1 -- 172.21.15.62:0/2966163418 <== mon.0 v2:172.21.15.62:3300/0 2 ==== config(25 keys) v1 ==== 1067+0+0 (secure 0 0 0) 0x7f4bd80042c0 con 0x7f4bdc107550
2023-07-20T18:40:16.512 INFO:teuthology.orchestra.run.smithi062.stdout:/usr/bin/ceph: stderr
2023-07-20T18:40:15.815+0000 7f4be1097700 1 -- 172.21.15.62:0/2966163418 <== mon.0 v2:172.21.15.62:3300/0 3 ==== mon_map magic: 0 v1 ==== 205+0+0 (secure 0 0 0) 0x7f4bd80118e0 con 0x7f4bdc107550
2023-07-20T18:40:16.512 INFO:teuthology.orchestra.run.smithi062.stdout:/usr/bin/ceph: stderr
2023-07-20T18:40:15.816+0000 7f4be42fd700 1 -- 172.21.15.62:0/2966163418 >> [v2:172.21.15.62:3300/0,v1:172.21.15.62:6789/0] conn(0x7f4bdc107550 msgr2=0x7f4bdc107970 secure :-1 s=STATE_CONNECTION_ESTABLISHED l=1).mark_down
2023-07-20T18:40:16.512 INFO:teuthology.orchestra.run.smithi062.stdout:/usr/bin/ceph: stderr
2023-07-20T18:40:15.816+0000 7f4be42fd700 1 --2- 172.21.15.62:0/2966163418 >> [v2:172.21.15.62:3300/0,v1:172.21.15.62:6789/0] conn(0x7f4bdc107550 0x7f4bdc107970 secure :-1 s=READY pgs=51 cs=0 l=1 rev1=1 crypto rx=0x7f4bd80098a0 tx=0x7f4bd8009bb0 comp rx=0 tx=0).stop
2023-07-20T18:40:16.512 INFO:teuthology.orchestra.run.smithi062.stdout:/usr/bin/ceph: stderr
2023-07-20T18:40:15.816+0000 7f4be42fd700 1 -- 172.21.15.62:0/2966163418 shutdown_connections
2023-07-20T18:40:16.512 INFO:teuthology.orchestra.run.smithi062.stdout:/usr/bin/ceph: stderr
2023-07-20T18:40:15.816+0000 7f4be42fd700 1 --2- 172.21.15.62:0/2966163418 >> [v2:172.21.15.62:3300/0,v1:172.21.15.62:6789/0] conn(0x7f4bdc107550 0x7f4bdc107970 unknown :-1 s=CLOSED pgs=51 cs=0 l=1 rev1=1 crypto rx=0 tx=0 comp rx=0 tx=0).stop
2023-07-20T18:40:16.513 INFO:teuthology.orchestra.run.smithi062.stdout:/usr/bin/ceph: stderr
2023-07-20T18:40:15.816+0000 7f4be42fd700 1 -- 172.21.15.62:0/2966163418 >> 172.21.15.62:0/2966163418 conn(0x7f4bdc0ffb90 msgr2=0x7f4bdc101fb0 unknown :-1 s=STATE_NONE l=0).mark_down
2023-07-20T18:40:16.513 INFO:teuthology.orchestra.run.smithi062.stdout:/usr/bin/ceph: stderr
2023-07-20T18:40:15.816+0000 7f4be42fd700 1 -- 172.21.15.62:0/2966163418 shutdown_connections
2023-07-20T18:40:16.513 INFO:teuthology.orchestra.run.smithi062.stdout:/usr/bin/ceph: stderr
2023-07-20T18:40:15.816+0000 7f4be42fd700 1 -- 172.21.15.62:0/2966163418 wait complete.
2023-07-20T18:40:16.513 INFO:teuthology.orchestra.run.smithi062.stdout:/usr/bin/ceph: stderr
2023-07-20T18:40:15.817+0000 7f4be42fd700 1 Processor -- start
2023-07-20T18:40:16.513 INFO:teuthology.orchestra.run.smithi062.stdout:/usr/bin/ceph: stderr
2023-07-20T18:40:15.817+0000 7f4be42fd700 1 -- start start
2023-07-20T18:40:16.513 INFO:teuthology.orchestra.run.smithi062.stdout:/usr/bin/ceph: stderr
2023-07-20T18:40:15.817+0000 7f4be42fd700 1 --2- >> [v2:172.21.15.62:3300/0,v1:172.21.15.62:6789/0] conn(0x7f4bdc107550 0x7f4bdc199c80 unknown :-1 s=NONE pgs=0 cs=0 l=1 rev1=0 crypto rx=0 tx=0 comp rx=0 tx=0).connect
2023-07-20T18:40:16.514 INFO:teuthology.orchestra.run.smithi062.stdout:/usr/bin/ceph: stderr
2023-07-20T18:40:15.817+0000 7f4be42fd700 1 -- --> [v2:172.21.15.62:3300/0,v1:172.21.15.62:6789/0] -- mon_getmap magic: 0 v1 -- 0x7f4bdc19a1c0 con 0x7f4bdc107550
2023-07-20T18:40:16.514 INFO:teuthology.orchestra.run.smithi062.stdout:/usr/bin/ceph: stderr
2023-07-20T18:40:15.817+0000 7f4be2099700 1 --2- >> [v2:172.21.15.62:3300/0,v1:172.21.15.62:6789/0] conn(0x7f4bdc107550 0x7f4bdc199c80 unknown :-1 s=BANNER_CONNECTING pgs=0 cs=0 l=1 rev1=0 crypto rx=0 tx=0 comp rx=0 tx=0)._handle_peer_banner_payload supported=3 required=0
2023-07-20T18:40:16.514 INFO:teuthology.orchestra.run.smithi062.stdout:/usr/bin/ceph: stderr
2023-07-20T18:40:15.817+0000 7f4be2099700 1 --2- >> [v2:172.21.15.62:3300/0,v1:172.21.15.62:6789/0] conn(0x7f4bdc107550 0x7f4bdc199c80 unknown :-1 s=HELLO_CONNECTING pgs=0 cs=0 l=1 rev1=1 crypto rx=0 tx=0 comp rx=0 tx=0).handle_hello peer v2:172.21.15.62:3300/0 says I am v2:172.21.15.62:44956/0 (socket says 172.21.15.62:44956)
2023-07-20T18:40:16.514 INFO:teuthology.orchestra.run.smithi062.stdout:/usr/bin/ceph: stderr
2023-07-20T18:40:15.817+0000 7f4be2099700 1 -- 172.21.15.62:0/1732871543 learned_addr learned my addr 172.21.15.62:0/1732871543 (peer_addr_for_me v2:172.21.15.62:0/0)
2023-07-20T18:40:16.514 INFO:teuthology.orchestra.run.smithi062.stdout:/usr/bin/ceph: stderr
2023-07-20T18:40:15.817+0000 7f4be2099700 1 -- 172.21.15.62:0/1732871543 --> [v2:172.21.15.62:3300/0,v1:172.21.15.62:6789/0] -- mon_subscribe({config=0+,monmap=0+}) v3 -- 0x7f4bd8009550 con 0x7f4bdc107550
2023-07-20T18:40:16.514 INFO:teuthology.orchestra.run.smithi062.stdout:/usr/bin/ceph: stderr
2023-07-20T18:40:15.817+0000 7f4be2099700 1 --2- 172.21.15.62:0/1732871543 >> [v2:172.21.15.62:3300/0,v1:172.21.15.62:6789/0] conn(0x7f4bdc107550 0x7f4bdc199c80 secure :-1 s=READY pgs=52 cs=0 l=1 rev1=1 crypto rx=0x7f4bd8006af0 tx=0x7f4bd8011ed0 comp rx=0 tx=0).ready entity=mon.0 client_cookie=0 server_cookie=0 in_seq=0 out_seq=0
2023-07-20T18:40:16.514 INFO:teuthology.orchestra.run.smithi062.stdout:/usr/bin/ceph: stderr
2023-07-20T18:40:15.818+0000 7f4bcf7fe700 1 -- 172.21.15.62:0/1732871543 <== mon.0 v2:172.21.15.62:3300/0 1 ==== mon_map magic: 0 v1 ==== 205+0+0 (secure 0 0 0) 0x7f4bd80037d0 con 0x7f4bdc107550
2023-07-20T18:40:16.514 INFO:teuthology.orchestra.run.smithi062.stdout:/usr/bin/ceph: stderr
2023-07-20T18:40:15.818+0000 7f4bcf7fe700 1 -- 172.21.15.62:0/1732871543 <== mon.0 v2:172.21.15.62:3300/0 2 ==== config(25 keys) v1 ==== 1067+0+0 (secure 0 0 0) 0x7f4bd801b440 con 0x7f4bdc107550
2023-07-20T18:40:16.515 INFO:teuthology.orchestra.run.smithi062.stdout:/usr/bin/ceph: stderr
2023-07-20T18:40:15.818+0000 7f4bcf7fe700 1 -- 172.21.15.62:0/1732871543 <== mon.0 v2:172.21.15.62:3300/0 3 ==== mon_map magic: 0 v1 ==== 205+0+0 (secure 0 0 0) 0x7f4bd8023400 con 0x7f4bdc107550
2023-07-20T18:40:16.515 INFO:teuthology.orchestra.run.smithi062.stdout:/usr/bin/ceph: stderr
2023-07-20T18:40:15.818+0000 7f4be42fd700 1 -- 172.21.15.62:0/1732871543 --> [v2:172.21.15.62:3300/0,v1:172.21.15.62:6789/0] -- mon_subscribe({mgrmap=0+}) v3 -- 0x7f4bdc19a3c0 con 0x7f4bdc107550
2023-07-20T18:40:16.515 INFO:teuthology.orchestra.run.smithi062.stdout:/usr/bin/ceph: stderr
2023-07-20T18:40:15.818+0000 7f4be42fd700 1 -- 172.21.15.62:0/1732871543 --> [v2:172.21.15.62:3300/0,v1:172.21.15.62:6789/0] -- mon_subscribe({osdmap=0}) v3 -- 0x7f4bdc19a7e0 con 0x7f4bdc107550
2023-07-20T18:40:16.515 INFO:teuthology.orchestra.run.smithi062.stdout:/usr/bin/ceph: stderr
2023-07-20T18:40:15.818+0000 7f4bcf7fe700 1 -- 172.21.15.62:0/1732871543 <== mon.0 v2:172.21.15.62:3300/0 4 ==== mgrmap(e 8) v1 ==== 45483+0+0 (secure 0 0 0) 0x7f4bd801b5b0 con 0x7f4bdc107550
2023-07-20T18:40:16.515 INFO:teuthology.orchestra.run.smithi062.stdout:/usr/bin/ceph: stderr
2023-07-20T18:40:15.819+0000 7f4bcf7fe700 1 --2- 172.21.15.62:0/1732871543 >> [v2:172.21.15.62:6800/573997866,v1:172.21.15.62:6801/573997866] conn(0x7f4bc80386c0 0x7f4bc803ab80 unknown :-1 s=NONE pgs=0 cs=0 l=1 rev1=0 crypto rx=0 tx=0 comp rx=0 tx=0).connect
2023-07-20T18:40:16.515 INFO:teuthology.orchestra.run.smithi062.stdout:/usr/bin/ceph: stderr
2023-07-20T18:40:15.819+0000 7f4bcf7fe700 1 -- 172.21.15.62:0/1732871543 <== mon.0 v2:172.21.15.62:3300/0 5 ==== osd_map(2..2 src has 1..2) v4 ==== 940+0+0 (secure 0 0 0) 0x7f4bd804c7b0 con 0x7f4bdc107550
2023-07-20T18:40:16.515 INFO:teuthology.orchestra.run.smithi062.stdout:/usr/bin/ceph: stderr
2023-07-20T18:40:15.819+0000 7f4be42fd700 1 -- 172.21.15.62:0/1732871543 --> [v2:172.21.15.62:3300/0,v1:172.21.15.62:6789/0] -- mon_command({"prefix": "get_command_descriptions"} v 0) v1 -- 0x7f4bdc061da0 con 0x7f4bdc107550
2023-07-20T18:40:16.516 INFO:teuthology.orchestra.run.smithi062.stdout:/usr/bin/ceph: stderr
2023-07-20T18:40:15.819+0000 7f4be1898700 1 --2- 172.21.15.62:0/1732871543 >> [v2:172.21.15.62:6800/573997866,v1:172.21.15.62:6801/573997866] conn(0x7f4bc80386c0 0x7f4bc803ab80 unknown :-1 s=BANNER_CONNECTING pgs=0 cs=0 l=1 rev1=0 crypto rx=0 tx=0 comp rx=0 tx=0)._handle_peer_banner_payload supported=3 required=0
2023-07-20T18:40:16.516 INFO:teuthology.orchestra.run.smithi062.stdout:/usr/bin/ceph: stderr
2023-07-20T18:40:15.819+0000 7f4be1898700 1 --2- 172.21.15.62:0/1732871543 >> [v2:172.21.15.62:6800/573997866,v1:172.21.15.62:6801/573997866] conn(0x7f4bc80386c0 0x7f4bc803ab80 secure :-1 s=READY pgs=14 cs=0 l=1 rev1=1 crypto rx=0x7f4bd0006fd0 tx=0x7f4bd0006e40 comp rx=0 tx=0).ready entity=mgr.14120 client_cookie=0 server_cookie=0 in_seq=0 out_seq=0
2023-07-20T18:40:16.516 INFO:teuthology.orchestra.run.smithi062.stdout:/usr/bin/ceph: stderr
2023-07-20T18:40:15.824+0000 7f4bcf7fe700 1 -- 172.21.15.62:0/1732871543 <== mon.0 v2:172.21.15.62:3300/0 6 ==== mon_command_ack([{"prefix": "get_command_descriptions"}]=0 v0) v1 ==== 72+0+178025 (secure 0 0 0) 0x7f4bd801bab0 con 0x7f4bdc107550
2023-07-20T18:40:16.516 INFO:teuthology.orchestra.run.smithi062.stdout:/usr/bin/ceph: stderr
2023-07-20T18:40:16.181+0000 7f4be42fd700 1 -- 172.21.15.62:0/1732871543 --> [v2:172.21.15.62:3300/0,v1:172.21.15.62:6789/0] -- mon_command([{prefix=config set, name=mgr/cephadm/container_init}] v 0) v1 -- 0x7f4bdc19d730 con 0x7f4bdc107550
2023-07-20T18:40:16.516 INFO:teuthology.orchestra.run.smithi062.stdout:/usr/bin/ceph: stderr
2023-07-20T18:40:16.185+0000 7f4bcf7fe700 1 -- 172.21.15.62:0/1732871543 <== mon.0 v2:172.21.15.62:3300/0 7 ==== mon_command_ack([{prefix=config set, name=mgr/cephadm/container_init}]=0 v7)=0 v7) v1 ==== 142+0+0 (secure 0 0 0) 0x7f4bd800b3e0 con 0x7f4bdc107550
2023-07-20T18:40:16.516 INFO:teuthology.orchestra.run.smithi062.stdout:/usr/bin/ceph: stderr
2023-07-20T18:40:16.187+0000 7f4be42fd700 1 -- 172.21.15.62:0/1732871543 >> [v2:172.21.15.62:6800/573997866,v1:172.21.15.62:6801/573997866] conn(0x7f4bc80386c0 msgr2=0x7f4bc803ab80 secure :-1 s=STATE_CONNECTION_ESTABLISHED l=1).mark_down
2023-07-20T18:40:16.516 INFO:teuthology.orchestra.run.smithi062.stdout:/usr/bin/ceph: stderr
2023-07-20T18:40:16.187+0000 7f4be42fd700 1 --2- 172.21.15.62:0/1732871543 >> [v2:172.21.15.62:6800/573997866,v1:172.21.15.62:6801/573997866] conn(0x7f4bc80386c0 0x7f4bc803ab80 secure :-1 s=READY pgs=14 cs=0 l=1 rev1=1 crypto rx=0x7f4bd0006fd0 tx=0x7f4bd0006e40 comp rx=0 tx=0).stop
2023-07-20T18:40:16.517 INFO:teuthology.orchestra.run.smithi062.stdout:/usr/bin/ceph: stderr
2023-07-20T18:40:16.187+0000 7f4be42fd700 1 -- 172.21.15.62:0/1732871543 >> [v2:172.21.15.62:3300/0,v1:172.21.15.62:6789/0] conn(0x7f4bdc107550 msgr2=0x7f4bdc199c80 secure :-1 s=STATE_CONNECTION_ESTABLISHED l=1).mark_down
2023-07-20T18:40:16.517 INFO:teuthology.orchestra.run.smithi062.stdout:/usr/bin/ceph: stderr
2023-07-20T18:40:16.187+0000 7f4be42fd700 1 --2- 172.21.15.62:0/1732871543 >> [v2:172.21.15.62:3300/0,v1:172.21.15.62:6789/0] conn(0x7f4bdc107550 0x7f4bdc199c80 secure :-1 s=READY pgs=52 cs=0 l=1 rev1=1 crypto rx=0x7f4bd8006af0 tx=0x7f4bd8011ed0 comp rx=0 tx=0).stop
2023-07-20T18:40:16.517 INFO:teuthology.orchestra.run.smithi062.stdout:/usr/bin/ceph: stderr
2023-07-20T18:40:16.187+0000 7f4be42fd700 1 -- 172.21.15.62:0/1732871543 shutdown_connections
2023-07-20T18:40:16.517 INFO:teuthology.orchestra.run.smithi062.stdout:/usr/bin/ceph: stderr
2023-07-20T18:40:16.187+0000 7f4be42fd700 1 --2- 172.21.15.62:0/1732871543 >> [v2:172.21.15.62:6800/573997866,v1:172.21.15.62:6801/573997866] conn(0x7f4bc80386c0 0x7f4bc803ab80 unknown :-1 s=CLOSED pgs=14 cs=0 l=1 rev1=1 crypto rx=0 tx=0 comp rx=0 tx=0).stop
2023-07-20T18:40:16.517 INFO:teuthology.orchestra.run.smithi062.stdout:/usr/bin/ceph: stderr
2023-07-20T18:40:16.187+0000 7f4be42fd700 1 --2- 172.21.15.62:0/1732871543 >> [v2:172.21.15.62:3300/0,v1:172.21.15.62:6789/0] conn(0x7f4bdc107550 0x7f4bdc199c80 unknown :-1 s=CLOSED pgs=52 cs=0 l=1 rev1=1 crypto rx=0 tx=0 comp rx=0 tx=0).stop
2023-07-20T18:40:16.517 INFO:teuthology.orchestra.run.smithi062.stdout:/usr/bin/ceph: stderr
2023-07-20T18:40:16.187+0000 7f4be42fd700 1 -- 172.21.15.62:0/1732871543 >> 172.21.15.62:0/1732871543 conn(0x7f4bdc0ffb90 msgr2=0x7f4bdc101250 unknown :-1 s=STATE_NONE l=0).mark_down
2023-07-20T18:40:16.517 INFO:teuthology.orchestra.run.smithi062.stdout:/usr/bin/ceph: stderr
2023-07-20T18:40:16.187+0000 7f4be42fd700 1 -- 172.21.15.62:0/1732871543 shutdown_connections
2023-07-20T18:40:16.518 INFO:teuthology.orchestra.run.smithi062.stdout:/usr/bin/ceph: stderr
2023-07-20T18:40:16.187+0000 7f4be42fd700 1 -- 172.21.15.62:0/1732871543 wait complete.
2023-07-20T18:40:17.738 INFO:journalctl@ceph.mon.a.smithi062.stdout:Jul 20 18:40:17 smithi062 ceph-mon[127431]: from='mgr.14120 172.21.15.62:0/300604510' entity='mgr.x'
2023-07-20T18:40:17.738 INFO:journalctl@ceph.mon.a.smithi062.stdout:Jul 20 18:40:17 smithi062 ceph-mon[127431]: from='mgr.14120 172.21.15.62:0/300604510' entity='mgr.x'
2023-07-20T18:40:17.859 INFO:teuthology.orchestra.run.smithi062.stdout:/usr/bin/ceph: stderr
2023-07-20T18:40:17.072+0000 7f5152676700 1 Processor -- start
2023-07-20T18:40:17.859 INFO:teuthology.orchestra.run.smithi062.stdout:/usr/bin/ceph: stderr
2023-07-20T18:40:17.072+0000 7f5152676700 1 -- start start
2023-07-20T18:40:17.860 INFO:teuthology.orchestra.run.smithi062.stdout:/usr/bin/ceph: stderr
2023-07-20T18:40:17.072+0000 7f5152676700 1 --2- >> [v2:172.21.15.62:3300/0,v1:172.21.15.62:6789/0] conn(0x7f514c106960 0x7f514c108d50 unknown :-1 s=NONE pgs=0 cs=0 l=0 rev1=0 crypto rx=0 tx=0 comp rx=0 tx=0).connect
2023-07-20T18:40:17.860 INFO:teuthology.orchestra.run.smithi062.stdout:/usr/bin/ceph: stderr
2023-07-20T18:40:17.072+0000 7f5152676700 1 -- --> [v2:172.21.15.62:3300/0,v1:172.21.15.62:6789/0] -- mon_getmap magic: 0 v1 -- 0x7f514c061a90 con 0x7f514c106960
2023-07-20T18:40:17.860 INFO:teuthology.orchestra.run.smithi062.stdout:/usr/bin/ceph: stderr
2023-07-20T18:40:17.073+0000 7f514bfff700 1 --2- >> [v2:172.21.15.62:3300/0,v1:172.21.15.62:6789/0] conn(0x7f514c106960 0x7f514c108d50 unknown :-1 s=BANNER_CONNECTING pgs=0 cs=0 l=0 rev1=0 crypto rx=0 tx=0 comp rx=0 tx=0)._handle_peer_banner_payload supported=3 required=0
2023-07-20T18:40:17.860 INFO:teuthology.orchestra.run.smithi062.stdout:/usr/bin/ceph: stderr
2023-07-20T18:40:17.073+0000 7f514bfff700 1 --2- >> [v2:172.21.15.62:3300/0,v1:172.21.15.62:6789/0] conn(0x7f514c106960 0x7f514c108d50 unknown :-1 s=HELLO_CONNECTING pgs=0 cs=0 l=0 rev1=1 crypto rx=0 tx=0 comp rx=0 tx=0).handle_hello peer v2:172.21.15.62:3300/0 says I am v2:172.21.15.62:44960/0 (socket says 172.21.15.62:44960)
2023-07-20T18:40:17.860 INFO:teuthology.orchestra.run.smithi062.stdout:/usr/bin/ceph: stderr
2023-07-20T18:40:17.073+0000 7f514bfff700 1 -- 172.21.15.62:0/1584622766 learned_addr learned my addr 172.21.15.62:0/1584622766 (peer_addr_for_me v2:172.21.15.62:0/0)
2023-07-20T18:40:17.860 INFO:teuthology.orchestra.run.smithi062.stdout:/usr/bin/ceph: stderr
2023-07-20T18:40:17.073+0000 7f514bfff700 1 -- 172.21.15.62:0/1584622766 --> [v2:172.21.15.62:3300/0,v1:172.21.15.62:6789/0] -- mon_subscribe({config=0+,monmap=0+}) v3 -- 0x7f514c109290 con 0x7f514c106960
2023-07-20T18:40:17.860 INFO:teuthology.orchestra.run.smithi062.stdout:/usr/bin/ceph: stderr
2023-07-20T18:40:17.073+0000 7f514bfff700 1 --2- 172.21.15.62:0/1584622766 >> [v2:172.21.15.62:3300/0,v1:172.21.15.62:6789/0] conn(0x7f514c106960 0x7f514c108d50 secure :-1 s=READY pgs=53 cs=0 l=1 rev1=1 crypto rx=0x7f513c0098a0 tx=0x7f513c009bb0 comp rx=0 tx=0).ready entity=mon.0 client_cookie=2d457f4426374764 server_cookie=0 in_seq=0 out_seq=0
2023-07-20T18:40:17.861 INFO:teuthology.orchestra.run.smithi062.stdout:/usr/bin/ceph: stderr
2023-07-20T18:40:17.073+0000 7f514affd700 1 -- 172.21.15.62:0/1584622766 <== mon.0 v2:172.21.15.62:3300/0 1 ==== mon_map magic: 0 v1 ==== 205+0+0 (secure 0 0 0) 0x7f513c004160 con 0x7f514c106960
2023-07-20T18:40:17.861 INFO:teuthology.orchestra.run.smithi062.stdout:/usr/bin/ceph: stderr
2023-07-20T18:40:17.073+0000 7f514affd700 1 -- 172.21.15.62:0/1584622766 <== mon.0 v2:172.21.15.62:3300/0 2 ==== config(25 keys) v1 ==== 1067+0+0 (secure 0 0 0) 0x7f513c0042c0 con 0x7f514c106960
2023-07-20T18:40:17.861 INFO:teuthology.orchestra.run.smithi062.stdout:/usr/bin/ceph: stderr
2023-07-20T18:40:17.073+0000 7f514affd700 1 -- 172.21.15.62:0/1584622766 <== mon.0 v2:172.21.15.62:3300/0 3 ==== mon_map magic: 0 v1 ==== 205+0+0 (secure 0 0 0) 0x7f513c0118e0 con 0x7f514c106960
2023-07-20T18:40:17.861 INFO:teuthology.orchestra.run.smithi062.stdout:/usr/bin/ceph: stderr
2023-07-20T18:40:17.074+0000 7f5152676700 1 -- 172.21.15.62:0/1584622766 >> [v2:172.21.15.62:3300/0,v1:172.21.15.62:6789/0] conn(0x7f514c106960 msgr2=0x7f514c108d50 secure :-1 s=STATE_CONNECTION_ESTABLISHED l=1).mark_down
2023-07-20T18:40:17.861 INFO:teuthology.orchestra.run.smithi062.stdout:/usr/bin/ceph: stderr
2023-07-20T18:40:17.074+0000 7f5152676700 1 --2- 172.21.15.62:0/1584622766 >> [v2:172.21.15.62:3300/0,v1:172.21.15.62:6789/0] conn(0x7f514c106960 0x7f514c108d50 secure :-1 s=READY pgs=53 cs=0 l=1 rev1=1 crypto rx=0x7f513c0098a0 tx=0x7f513c009bb0 comp rx=0 tx=0).stop
2023-07-20T18:40:17.861 INFO:teuthology.orchestra.run.smithi062.stdout:/usr/bin/ceph: stderr
2023-07-20T18:40:17.074+0000 7f5152676700 1 -- 172.21.15.62:0/1584622766 shutdown_connections
2023-07-20T18:40:17.861 INFO:teuthology.orchestra.run.smithi062.stdout:/usr/bin/ceph: stderr
2023-07-20T18:40:17.074+0000 7f5152676700 1 --2- 172.21.15.62:0/1584622766 >> [v2:172.21.15.62:3300/0,v1:172.21.15.62:6789/0] conn(0x7f514c106960 0x7f514c108d50 unknown :-1 s=CLOSED pgs=53 cs=0 l=1 rev1=1 crypto rx=0 tx=0 comp rx=0 tx=0).stop
2023-07-20T18:40:17.861 INFO:teuthology.orchestra.run.smithi062.stdout:/usr/bin/ceph: stderr
2023-07-20T18:40:17.074+0000 7f5152676700 1 -- 172.21.15.62:0/1584622766 >> 172.21.15.62:0/1584622766 conn(0x7f514c1003d0 msgr2=0x7f514c1027f0 unknown :-1 s=STATE_NONE l=0).mark_down
2023-07-20T18:40:17.862 INFO:teuthology.orchestra.run.smithi062.stdout:/usr/bin/ceph: stderr
2023-07-20T18:40:17.074+0000 7f5152676700 1 -- 172.21.15.62:0/1584622766 shutdown_connections
2023-07-20T18:40:17.862 INFO:teuthology.orchestra.run.smithi062.stdout:/usr/bin/ceph: stderr
2023-07-20T18:40:17.074+0000 7f5152676700 1 -- 172.21.15.62:0/1584622766 wait complete.
2023-07-20T18:40:17.862 INFO:teuthology.orchestra.run.smithi062.stdout:/usr/bin/ceph: stderr
2023-07-20T18:40:17.075+0000 7f5152676700 1 Processor -- start
2023-07-20T18:40:17.862 INFO:teuthology.orchestra.run.smithi062.stdout:/usr/bin/ceph: stderr
2023-07-20T18:40:17.075+0000 7f5152676700 1 -- start start
2023-07-20T18:40:17.862 INFO:teuthology.orchestra.run.smithi062.stdout:/usr/bin/ceph: stderr
2023-07-20T18:40:17.075+0000 7f5152676700 1 --2- >> [v2:172.21.15.62:3300/0,v1:172.21.15.62:6789/0] conn(0x7f514c106960 0x7f514c1062c0 unknown :-1 s=NONE pgs=0 cs=0 l=1 rev1=0 crypto rx=0 tx=0 comp rx=0 tx=0).connect
2023-07-20T18:40:17.862 INFO:teuthology.orchestra.run.smithi062.stdout:/usr/bin/ceph: stderr
2023-07-20T18:40:17.075+0000 7f5152676700 1 -- --> [v2:172.21.15.62:3300/0,v1:172.21.15.62:6789/0] -- mon_getmap magic: 0 v1 -- 0x7f514c106800 con 0x7f514c106960
2023-07-20T18:40:17.862 INFO:teuthology.orchestra.run.smithi062.stdout:/usr/bin/ceph: stderr
2023-07-20T18:40:17.075+0000 7f514bfff700 1 --2- >> [v2:172.21.15.62:3300/0,v1:172.21.15.62:6789/0] conn(0x7f514c106960 0x7f514c1062c0 unknown :-1 s=BANNER_CONNECTING pgs=0 cs=0 l=1 rev1=0 crypto rx=0 tx=0 comp rx=0 tx=0)._handle_peer_banner_payload supported=3 required=0
2023-07-20T18:40:17.863 INFO:teuthology.orchestra.run.smithi062.stdout:/usr/bin/ceph: stderr
2023-07-20T18:40:17.075+0000 7f514bfff700 1 --2- >> [v2:172.21.15.62:3300/0,v1:172.21.15.62:6789/0] conn(0x7f514c106960 0x7f514c1062c0 unknown :-1 s=HELLO_CONNECTING pgs=0 cs=0 l=1 rev1=1 crypto rx=0 tx=0 comp rx=0 tx=0).handle_hello peer v2:172.21.15.62:3300/0 says I am v2:172.21.15.62:44962/0 (socket says 172.21.15.62:44962)
2023-07-20T18:40:17.863 INFO:teuthology.orchestra.run.smithi062.stdout:/usr/bin/ceph: stderr
2023-07-20T18:40:17.075+0000 7f514bfff700 1 -- 172.21.15.62:0/321701864 learned_addr learned my addr 172.21.15.62:0/321701864 (peer_addr_for_me v2:172.21.15.62:0/0)
2023-07-20T18:40:17.863 INFO:teuthology.orchestra.run.smithi062.stdout:/usr/bin/ceph: stderr
2023-07-20T18:40:17.076+0000 7f514bfff700 1 -- 172.21.15.62:0/321701864 --> [v2:172.21.15.62:3300/0,v1:172.21.15.62:6789/0] -- mon_subscribe({config=0+,monmap=0+}) v3 -- 0x7f513c009550 con 0x7f514c106960
2023-07-20T18:40:17.863 INFO:teuthology.orchestra.run.smithi062.stdout:/usr/bin/ceph: stderr
2023-07-20T18:40:17.076+0000 7f514bfff700 1 --2- 172.21.15.62:0/321701864 >> [v2:172.21.15.62:3300/0,v1:172.21.15.62:6789/0] conn(0x7f514c106960 0x7f514c1062c0 secure :-1 s=READY pgs=54 cs=0 l=1 rev1=1 crypto rx=0x7f513c003e30 tx=0x7f513c0119a0 comp rx=0 tx=0).ready entity=mon.0 client_cookie=0 server_cookie=0 in_seq=0 out_seq=0
2023-07-20T18:40:17.863 INFO:teuthology.orchestra.run.smithi062.stdout:/usr/bin/ceph: stderr
2023-07-20T18:40:17.076+0000 7f51497fa700 1 -- 172.21.15.62:0/321701864 <== mon.0 v2:172.21.15.62:3300/0 1 ==== mon_map magic: 0 v1 ==== 205+0+0 (secure 0 0 0) 0x7f513c0036a0 con 0x7f514c106960
2023-07-20T18:40:17.863 INFO:teuthology.orchestra.run.smithi062.stdout:/usr/bin/ceph: stderr
2023-07-20T18:40:17.076+0000 7f51497fa700 1 -- 172.21.15.62:0/321701864 <== mon.0 v2:172.21.15.62:3300/0 2 ==== config(25 keys) v1 ==== 1067+0+0 (secure 0 0 0) 0x7f513c01b440 con 0x7f514c106960
2023-07-20T18:40:17.863 INFO:teuthology.orchestra.run.smithi062.stdout:/usr/bin/ceph: stderr
2023-07-20T18:40:17.076+0000 7f5152676700 1 -- 172.21.15.62:0/321701864 --> [v2:172.21.15.62:3300/0,v1:172.21.15.62:6789/0] -- mon_subscribe({mgrmap=0+}) v3 -- 0x7f514c104910 con 0x7f514c106960
2023-07-20T18:40:17.863 INFO:teuthology.orchestra.run.smithi062.stdout:/usr/bin/ceph: stderr
2023-07-20T18:40:17.076+0000 7f51497fa700 1 -- 172.21.15.62:0/321701864 <== mon.0 v2:172.21.15.62:3300/0 3 ==== mon_map magic: 0 v1 ==== 205+0+0 (secure 0 0 0) 0x7f513c023400 con 0x7f514c106960
2023-07-20T18:40:17.864 INFO:teuthology.orchestra.run.smithi062.stdout:/usr/bin/ceph: stderr
2023-07-20T18:40:17.076+0000 7f5152676700 1 -- 172.21.15.62:0/321701864 --> [v2:172.21.15.62:3300/0,v1:172.21.15.62:6789/0] -- mon_subscribe({osdmap=0}) v3 -- 0x7f514c104d30 con 0x7f514c106960
2023-07-20T18:40:17.864 INFO:teuthology.orchestra.run.smithi062.stdout:/usr/bin/ceph: stderr
2023-07-20T18:40:17.077+0000 7f51497fa700 1 -- 172.21.15.62:0/321701864 <== mon.0 v2:172.21.15.62:3300/0 4 ==== mgrmap(e 8) v1 ==== 45483+0+0 (secure 0 0 0) 0x7f513c023680 con 0x7f514c106960
2023-07-20T18:40:17.864 INFO:teuthology.orchestra.run.smithi062.stdout:/usr/bin/ceph: stderr
2023-07-20T18:40:17.077+0000 7f51497fa700 1 --2- 172.21.15.62:0/321701864 >> [v2:172.21.15.62:6800/573997866,v1:172.21.15.62:6801/573997866] conn(0x7f5134038710 0x7f513403abd0 unknown :-1 s=NONE pgs=0 cs=0 l=1 rev1=0 crypto rx=0 tx=0 comp rx=0 tx=0).connect
2023-07-20T18:40:17.864 INFO:teuthology.orchestra.run.smithi062.stdout:/usr/bin/ceph: stderr
2023-07-20T18:40:17.077+0000 7f51497fa700 1 -- 172.21.15.62:0/321701864 <== mon.0 v2:172.21.15.62:3300/0 5 ==== osd_map(2..2 src has 1..2) v4 ==== 940+0+0 (secure 0 0 0) 0x7f513c04c750 con 0x7f514c106960
2023-07-20T18:40:17.864 INFO:teuthology.orchestra.run.smithi062.stdout:/usr/bin/ceph: stderr
2023-07-20T18:40:17.077+0000 7f5132ffd700 1 -- 172.21.15.62:0/321701864 --> [v2:172.21.15.62:3300/0,v1:172.21.15.62:6789/0] -- mon_command({"prefix": "get_command_descriptions"} v 0) v1 -- 0x7f514c105740 con 0x7f514c106960
2023-07-20T18:40:17.864 INFO:teuthology.orchestra.run.smithi062.stdout:/usr/bin/ceph: stderr
2023-07-20T18:40:17.077+0000 7f514b7fe700 1 --2- 172.21.15.62:0/321701864 >> [v2:172.21.15.62:6800/573997866,v1:172.21.15.62:6801/573997866] conn(0x7f5134038710 0x7f513403abd0 unknown :-1 s=BANNER_CONNECTING pgs=0 cs=0 l=1 rev1=0 crypto rx=0 tx=0 comp rx=0 tx=0)._handle_peer_banner_payload supported=3 required=0
2023-07-20T18:40:17.865 INFO:teuthology.orchestra.run.smithi062.stdout:/usr/bin/ceph: stderr
2023-07-20T18:40:17.078+0000 7f514b7fe700 1 --2- 172.21.15.62:0/321701864 >> [v2:172.21.15.62:6800/573997866,v1:172.21.15.62:6801/573997866] conn(0x7f5134038710 0x7f513403abd0 secure :-1 s=READY pgs=15 cs=0 l=1 rev1=1 crypto rx=0x7f5140006fd0 tx=0x7f5140006e40 comp rx=0 tx=0).ready entity=mgr.14120 client_cookie=0 server_cookie=0 in_seq=0 out_seq=0
2023-07-20T18:40:17.865 INFO:teuthology.orchestra.run.smithi062.stdout:/usr/bin/ceph: stderr
2023-07-20T18:40:17.082+0000 7f51497fa700 1 -- 172.21.15.62:0/321701864 <== mon.0 v2:172.21.15.62:3300/0 6 ==== mon_command_ack([{"prefix": "get_command_descriptions"}]=0 v0) v1 ==== 72+0+178025 (secure 0 0 0) 0x7f513c02c3f0 con 0x7f514c106960
2023-07-20T18:40:17.865 INFO:teuthology.orchestra.run.smithi062.stdout:/usr/bin/ceph: stderr
2023-07-20T18:40:17.448+0000 7f5132ffd700 1 -- 172.21.15.62:0/321701864 --> [v2:172.21.15.62:3300/0,v1:172.21.15.62:6789/0] -- mon_command([{prefix=config set, name=mgr/dashboard/ssl_server_port}] v 0) v1 -- 0x7f514c1a1380 con 0x7f514c106960
2023-07-20T18:40:17.865 INFO:teuthology.orchestra.run.smithi062.stdout:/usr/bin/ceph: stderr
2023-07-20T18:40:17.454+0000 7f51497fa700 1 -- 172.21.15.62:0/321701864 <== mon.0 v2:172.21.15.62:3300/0 7 ==== mon_command_ack([{prefix=config set, name=mgr/dashboard/ssl_server_port}]=0 v8)=0 v8) v1 ==== 130+0+0 (secure 0 0 0) 0x7f513c02b7c0 con 0x7f514c106960
2023-07-20T18:40:17.865 INFO:teuthology.orchestra.run.smithi062.stdout:/usr/bin/ceph: stderr
2023-07-20T18:40:17.456+0000 7f5132ffd700 1 -- 172.21.15.62:0/321701864 >> [v2:172.21.15.62:6800/573997866,v1:172.21.15.62:6801/573997866] conn(0x7f5134038710 msgr2=0x7f513403abd0 secure :-1 s=STATE_CONNECTION_ESTABLISHED l=1).mark_down
2023-07-20T18:40:17.865 INFO:teuthology.orchestra.run.smithi062.stdout:/usr/bin/ceph: stderr
2023-07-20T18:40:17.456+0000 7f5132ffd700 1 --2- 172.21.15.62:0/321701864 >> [v2:172.21.15.62:6800/573997866,v1:172.21.15.62:6801/573997866] conn(0x7f5134038710 0x7f513403abd0 secure :-1 s=READY pgs=15 cs=0 l=1 rev1=1 crypto rx=0x7f5140006fd0 tx=0x7f5140006e40 comp rx=0 tx=0).stop
2023-07-20T18:40:17.865 INFO:teuthology.orchestra.run.smithi062.stdout:/usr/bin/ceph: stderr
2023-07-20T18:40:17.456+0000 7f5132ffd700 1 -- 172.21.15.62:0/321701864 >> [v2:172.21.15.62:3300/0,v1:172.21.15.62:6789/0] conn(0x7f514c106960 msgr2=0x7f514c1062c0 secure :-1 s=STATE_CONNECTION_ESTABLISHED l=1).mark_down
2023-07-20T18:40:17.865 INFO:teuthology.orchestra.run.smithi062.stdout:/usr/bin/ceph: stderr
2023-07-20T18:40:17.456+0000 7f5132ffd700 1 --2- 172.21.15.62:0/321701864 >> [v2:172.21.15.62:3300/0,v1:172.21.15.62:6789/0] conn(0x7f514c106960 0x7f514c1062c0 secure :-1 s=READY pgs=54 cs=0 l=1 rev1=1 crypto rx=0x7f513c003e30 tx=0x7f513c0119a0 comp rx=0 tx=0).stop
2023-07-20T18:40:17.866 INFO:teuthology.orchestra.run.smithi062.stdout:/usr/bin/ceph: stderr
2023-07-20T18:40:17.457+0000 7f5132ffd700 1 -- 172.21.15.62:0/321701864 shutdown_connections
2023-07-20T18:40:17.866 INFO:teuthology.orchestra.run.smithi062.stdout:/usr/bin/ceph: stderr
2023-07-20T18:40:17.457+0000 7f5132ffd700 1 --2- 172.21.15.62:0/321701864 >> [v2:172.21.15.62:6800/573997866,v1:172.21.15.62:6801/573997866] conn(0x7f5134038710 0x7f513403abd0 unknown :-1 s=CLOSED pgs=15 cs=0 l=1 rev1=1 crypto rx=0 tx=0 comp rx=0 tx=0).stop
2023-07-20T18:40:17.866 INFO:teuthology.orchestra.run.smithi062.stdout:/usr/bin/ceph: stderr
2023-07-20T18:40:17.457+0000 7f5132ffd700 1 --2- 172.21.15.62:0/321701864 >> [v2:172.21.15.62:3300/0,v1:172.21.15.62:6789/0] conn(0x7f514c106960 0x7f514c1062c0 unknown :-1 s=CLOSED pgs=54 cs=0 l=1 rev1=1 crypto rx=0 tx=0 comp rx=0 tx=0).stop
2023-07-20T18:40:17.866 INFO:teuthology.orchestra.run.smithi062.stdout:/usr/bin/ceph: stderr
2023-07-20T18:40:17.457+0000 7f5132ffd700 1 -- 172.21.15.62:0/321701864 >> 172.21.15.62:0/321701864 conn(0x7f514c1003d0 msgr2=0x7f514c101a90 unknown :-1 s=STATE_NONE l=0).mark_down
2023-07-20T18:40:17.866 INFO:teuthology.orchestra.run.smithi062.stdout:/usr/bin/ceph: stderr
2023-07-20T18:40:17.457+0000 7f5132ffd700 1 -- 172.21.15.62:0/321701864 shutdown_connections
2023-07-20T18:40:17.866 INFO:teuthology.orchestra.run.smithi062.stdout:/usr/bin/ceph: stderr
2023-07-20T18:40:17.457+0000 7f5132ffd700 1 -- 172.21.15.62:0/321701864 wait complete.
2023-07-20T18:40:17.866 INFO:teuthology.orchestra.run.smithi062.stdout:Enabling the dashboard module...
2023-07-20T18:40:18.645 INFO:journalctl@ceph.mon.a.smithi062.stdout:Jul 20 18:40:18 smithi062 ceph-mon[127431]: from='client.? 172.21.15.62:0/321701864' entity='client.admin'
2023-07-20T18:40:19.738 INFO:journalctl@ceph.mon.a.smithi062.stdout:Jul 20 18:40:19 smithi062 ceph-mon[127431]: from='client.? 172.21.15.62:0/1192023048' entity='client.admin' cmd=[{"prefix": "mgr module enable", "module": "dashboard"}]: dispatch
2023-07-20T18:40:19.739 INFO:journalctl@ceph.mgr.x.smithi062.stdout:Jul 20 18:40:19 smithi062 ceph-a2e4c218-272c-11ee-9b34-001a4aab830c-mgr-x[127679]: ignoring --setuser ceph since I am not root
2023-07-20T18:40:19.739 INFO:journalctl@ceph.mgr.x.smithi062.stdout:Jul 20 18:40:19 smithi062 ceph-a2e4c218-272c-11ee-9b34-001a4aab830c-mgr-x[127679]: ignoring --setgroup ceph since I am not root
