2023-07-20T18:51:39.253+0000 7fdd4d1f8700 1 --2- 172.21.15.57:0/4169841456 >> [v2:172.21.15.57:3300/0,v1:172.21.15.57:6789/0] conn(0x7fdd4807bec0 0x7fdd4807a320 unknown :-1 s=CLOSED pgs=39 cs=0 l=1 rev1=1 crypto rx=0 tx=0 comp rx=0 tx=0).stop
2023-07-20T18:51:40.325 INFO:teuthology.orchestra.run.smithi057.stdout:/usr/bin/ceph: stderr
2023-07-20T18:51:39.253+0000 7fdd4d1f8700 1 -- 172.21.15.57:0/4169841456 >> 172.21.15.57:0/4169841456 conn(0x7fdd48101610 msgr2=0x7fdd48103a50 unknown :-1 s=STATE_NONE l=0).mark_down
2023-07-20T18:51:40.325 INFO:teuthology.orchestra.run.smithi057.stdout:/usr/bin/ceph: stderr
2023-07-20T18:51:39.253+0000 7fdd4d1f8700 1 -- 172.21.15.57:0/4169841456 shutdown_connections
2023-07-20T18:51:40.325 INFO:teuthology.orchestra.run.smithi057.stdout:/usr/bin/ceph: stderr
2023-07-20T18:51:39.253+0000 7fdd4d1f8700 1 -- 172.21.15.57:0/4169841456 wait complete.
2023-07-20T18:51:40.325 INFO:teuthology.orchestra.run.smithi057.stdout:/usr/bin/ceph: stderr
2023-07-20T18:51:39.254+0000 7fdd4d1f8700 1 Processor -- start
2023-07-20T18:51:40.326 INFO:teuthology.orchestra.run.smithi057.stdout:/usr/bin/ceph: stderr
2023-07-20T18:51:39.254+0000 7fdd4d1f8700 1 -- start start
2023-07-20T18:51:40.326 INFO:teuthology.orchestra.run.smithi057.stdout:/usr/bin/ceph: stderr
2023-07-20T18:51:39.254+0000 7fdd4d1f8700 1 --2- >> [v2:172.21.15.57:3300/0,v1:172.21.15.57:6789/0] conn(0x7fdd4807bec0 0x7fdd4819bf00 unknown :-1 s=NONE pgs=0 cs=0 l=1 rev1=0 crypto rx=0 tx=0 comp rx=0 tx=0).connect
2023-07-20T18:51:40.326 INFO:teuthology.orchestra.run.smithi057.stdout:/usr/bin/ceph: stderr
2023-07-20T18:51:39.254+0000 7fdd4d1f8700 1 -- --> [v2:172.21.15.57:3300/0,v1:172.21.15.57:6789/0] -- mon_getmap magic: 0 v1 -- 0x7fdd4819c440 con 0x7fdd4807bec0
2023-07-20T18:51:40.326 INFO:teuthology.orchestra.run.smithi057.stdout:/usr/bin/ceph: stderr
2023-07-20T18:51:39.255+0000 7fdd46d9d700 1 --2- >> [v2:172.21.15.57:3300/0,v1:172.21.15.57:6789/0] conn(0x7fdd4807bec0 0x7fdd4819bf00 unknown :-1 s=BANNER_CONNECTING pgs=0 cs=0 l=1 rev1=0 crypto rx=0 tx=0 comp rx=0 tx=0)._handle_peer_banner_payload supported=3 required=0
2023-07-20T18:51:40.326 INFO:teuthology.orchestra.run.smithi057.stdout:/usr/bin/ceph: stderr
2023-07-20T18:51:39.255+0000 7fdd46d9d700 1 --2- >> [v2:172.21.15.57:3300/0,v1:172.21.15.57:6789/0] conn(0x7fdd4807bec0 0x7fdd4819bf00 unknown :-1 s=HELLO_CONNECTING pgs=0 cs=0 l=1 rev1=1 crypto rx=0 tx=0 comp rx=0 tx=0).handle_hello peer v2:172.21.15.57:3300/0 says I am v2:172.21.15.57:60458/0 (socket says 172.21.15.57:60458)
2023-07-20T18:51:40.327 INFO:teuthology.orchestra.run.smithi057.stdout:/usr/bin/ceph: stderr
2023-07-20T18:51:39.255+0000 7fdd46d9d700 1 -- 172.21.15.57:0/1216872743 learned_addr learned my addr 172.21.15.57:0/1216872743 (peer_addr_for_me v2:172.21.15.57:0/0)
2023-07-20T18:51:40.327 INFO:teuthology.orchestra.run.smithi057.stdout:/usr/bin/ceph: stderr
2023-07-20T18:51:39.255+0000 7fdd46d9d700 1 -- 172.21.15.57:0/1216872743 --> [v2:172.21.15.57:3300/0,v1:172.21.15.57:6789/0] -- mon_subscribe({config=0+,monmap=0+}) v3 -- 0x7fdd38009550 con 0x7fdd4807bec0
2023-07-20T18:51:40.327 INFO:teuthology.orchestra.run.smithi057.stdout:/usr/bin/ceph: stderr
2023-07-20T18:51:39.255+0000 7fdd46d9d700 1 --2- 172.21.15.57:0/1216872743 >> [v2:172.21.15.57:3300/0,v1:172.21.15.57:6789/0] conn(0x7fdd4807bec0 0x7fdd4819bf00 secure :-1 s=READY pgs=40 cs=0 l=1 rev1=1 crypto rx=0x7fdd38000c00 tx=0x7fdd38011b40 comp rx=0 tx=0).ready entity=mon.0 client_cookie=0 server_cookie=0 in_seq=0 out_seq=0
2023-07-20T18:51:40.327 INFO:teuthology.orchestra.run.smithi057.stdout:/usr/bin/ceph: stderr
2023-07-20T18:51:39.255+0000 7fdd2ffff700 1 -- 172.21.15.57:0/1216872743 <== mon.0 v2:172.21.15.57:3300/0 1 ==== mon_map magic: 0 v1 ==== 205+0+0 (secure 0 0 0) 0x7fdd38003aa0 con 0x7fdd4807bec0
2023-07-20T18:51:40.327 INFO:teuthology.orchestra.run.smithi057.stdout:/usr/bin/ceph: stderr
2023-07-20T18:51:39.256+0000 7fdd2ffff700 1 -- 172.21.15.57:0/1216872743 <== mon.0 v2:172.21.15.57:3300/0 2 ==== config(27 keys) v1 ==== 1108+0+0 (secure 0 0 0) 0x7fdd38003c00 con 0x7fdd4807bec0
2023-07-20T18:51:40.328 INFO:teuthology.orchestra.run.smithi057.stdout:/usr/bin/ceph: stderr
2023-07-20T18:51:39.256+0000 7fdd4d1f8700 1 -- 172.21.15.57:0/1216872743 --> [v2:172.21.15.57:3300/0,v1:172.21.15.57:6789/0] -- mon_subscribe({mgrmap=0+}) v3 -- 0x7fdd4819c640 con 0x7fdd4807bec0
2023-07-20T18:51:40.328 INFO:teuthology.orchestra.run.smithi057.stdout:/usr/bin/ceph: stderr
2023-07-20T18:51:39.256+0000 7fdd2ffff700 1 -- 172.21.15.57:0/1216872743 <== mon.0 v2:172.21.15.57:3300/0 3 ==== mon_map magic: 0 v1 ==== 205+0+0 (secure 0 0 0) 0x7fdd380248a0 con 0x7fdd4807bec0
2023-07-20T18:51:40.328 INFO:teuthology.orchestra.run.smithi057.stdout:/usr/bin/ceph: stderr
2023-07-20T18:51:39.256+0000 7fdd4d1f8700 1 -- 172.21.15.57:0/1216872743 --> [v2:172.21.15.57:3300/0,v1:172.21.15.57:6789/0] -- mon_subscribe({osdmap=0}) v3 -- 0x7fdd4819ca60 con 0x7fdd4807bec0
2023-07-20T18:51:40.329 INFO:teuthology.orchestra.run.smithi057.stdout:/usr/bin/ceph: stderr
2023-07-20T18:51:39.257+0000 7fdd4d1f8700 1 -- 172.21.15.57:0/1216872743 --> [v2:172.21.15.57:3300/0,v1:172.21.15.57:6789/0] -- mon_command({"prefix": "get_command_descriptions"} v 0) v1 -- 0x7fdd48061da0 con 0x7fdd4807bec0
2023-07-20T18:51:40.329 INFO:teuthology.orchestra.run.smithi057.stdout:/usr/bin/ceph: stderr
2023-07-20T18:51:39.257+0000 7fdd2ffff700 1 -- 172.21.15.57:0/1216872743 <== mon.0 v2:172.21.15.57:3300/0 4 ==== mgrmap(e 8) v1 ==== 45483+0+0 (secure 0 0 0) 0x7fdd3801a430 con 0x7fdd4807bec0
2023-07-20T18:51:40.329 INFO:teuthology.orchestra.run.smithi057.stdout:/usr/bin/ceph: stderr
2023-07-20T18:51:39.257+0000 7fdd2ffff700 1 --2- 172.21.15.57:0/1216872743 >> [v2:172.21.15.57:6800/2188156324,v1:172.21.15.57:6801/2188156324] conn(0x7fdd30038820 0x7fdd3003ace0 unknown :-1 s=NONE pgs=0 cs=0 l=1 rev1=0 crypto rx=0 tx=0 comp rx=0 tx=0).connect
2023-07-20T18:51:40.329 INFO:teuthology.orchestra.run.smithi057.stdout:/usr/bin/ceph: stderr
2023-07-20T18:51:39.257+0000 7fdd2ffff700 1 -- 172.21.15.57:0/1216872743 <== mon.0 v2:172.21.15.57:3300/0 5 ==== osd_map(2..2 src has 1..2) v4 ==== 940+0+0 (secure 0 0 0) 0x7fdd3804c800 con 0x7fdd4807bec0
2023-07-20T18:51:40.330 INFO:teuthology.orchestra.run.smithi057.stdout:/usr/bin/ceph: stderr
2023-07-20T18:51:39.258+0000 7fdd4659c700 1 --2- 172.21.15.57:0/1216872743 >> [v2:172.21.15.57:6800/2188156324,v1:172.21.15.57:6801/2188156324] conn(0x7fdd30038820 0x7fdd3003ace0 unknown :-1 s=BANNER_CONNECTING pgs=0 cs=0 l=1 rev1=0 crypto rx=0 tx=0 comp rx=0 tx=0)._handle_peer_banner_payload supported=3 required=0
2023-07-20T18:51:40.330 INFO:teuthology.orchestra.run.smithi057.stdout:/usr/bin/ceph: stderr
2023-07-20T18:51:39.258+0000 7fdd4659c700 1 --2- 172.21.15.57:0/1216872743 >> [v2:172.21.15.57:6800/2188156324,v1:172.21.15.57:6801/2188156324] conn(0x7fdd30038820 0x7fdd3003ace0 secure :-1 s=READY pgs=9 cs=0 l=1 rev1=1 crypto rx=0x7fdd3c006fd0 tx=0x7fdd3c006e40 comp rx=0 tx=0).ready entity=mgr.14118 client_cookie=0 server_cookie=0 in_seq=0 out_seq=0
2023-07-20T18:51:40.330 INFO:teuthology.orchestra.run.smithi057.stdout:/usr/bin/ceph: stderr
2023-07-20T18:51:39.262+0000 7fdd2ffff700 1 -- 172.21.15.57:0/1216872743 <== mon.0 v2:172.21.15.57:3300/0 6 ==== mon_command_ack([{"prefix": "get_command_descriptions"}]=0 v0) v1 ==== 72+0+178025 (secure 0 0 0) 0x7fdd38018530 con 0x7fdd4807bec0
2023-07-20T18:51:40.331 INFO:teuthology.orchestra.run.smithi057.stdout:/usr/bin/ceph: stderr
2023-07-20T18:51:39.469+0000 7fdd4d1f8700 1 -- 172.21.15.57:0/1216872743 --> [v2:172.21.15.57:6800/2188156324,v1:172.21.15.57:6801/2188156324] -- mgr_command(tid 0: {"prefix": "cephadm generate-key", "target": ["mon-mgr", ""]}) v1 -- 0x7fdd48102af0 con 0x7fdd30038820
2023-07-20T18:51:40.331 INFO:teuthology.orchestra.run.smithi057.stdout:/usr/bin/ceph: stderr
2023-07-20T18:51:39.808+0000 7fdd2ffff700 1 -- 172.21.15.57:0/1216872743 <== mgr.14118 v2:172.21.15.57:6800/2188156324 1 ==== mgr_command_reply(tid 0: 0 ) v1 ==== 8+0+0 (secure 0 0 0) 0x7fdd48102af0 con 0x7fdd30038820
2023-07-20T18:51:40.331 INFO:teuthology.orchestra.run.smithi057.stdout:/usr/bin/ceph: stderr
2023-07-20T18:51:39.810+0000 7fdd4d1f8700 1 -- 172.21.15.57:0/1216872743 >> [v2:172.21.15.57:6800/2188156324,v1:172.21.15.57:6801/2188156324] conn(0x7fdd30038820 msgr2=0x7fdd3003ace0 secure :-1 s=STATE_CONNECTION_ESTABLISHED l=1).mark_down
2023-07-20T18:51:40.331 INFO:teuthology.orchestra.run.smithi057.stdout:/usr/bin/ceph: stderr
2023-07-20T18:51:39.810+0000 7fdd4d1f8700 1 --2- 172.21.15.57:0/1216872743 >> [v2:172.21.15.57:6800/2188156324,v1:172.21.15.57:6801/2188156324] conn(0x7fdd30038820 0x7fdd3003ace0 secure :-1 s=READY pgs=9 cs=0 l=1 rev1=1 crypto rx=0x7fdd3c006fd0 tx=0x7fdd3c006e40 comp rx=0 tx=0).stop
2023-07-20T18:51:40.332 INFO:teuthology.orchestra.run.smithi057.stdout:/usr/bin/ceph: stderr
2023-07-20T18:51:39.810+0000 7fdd4d1f8700 1 -- 172.21.15.57:0/1216872743 >> [v2:172.21.15.57:3300/0,v1:172.21.15.57:6789/0] conn(0x7fdd4807bec0 msgr2=0x7fdd4819bf00 secure :-1 s=STATE_CONNECTION_ESTABLISHED l=1).mark_down
2023-07-20T18:51:40.332 INFO:teuthology.orchestra.run.smithi057.stdout:/usr/bin/ceph: stderr
2023-07-20T18:51:39.810+0000 7fdd4d1f8700 1 --2- 172.21.15.57:0/1216872743 >> [v2:172.21.15.57:3300/0,v1:172.21.15.57:6789/0] conn(0x7fdd4807bec0 0x7fdd4819bf00 secure :-1 s=READY pgs=40 cs=0 l=1 rev1=1 crypto rx=0x7fdd38000c00 tx=0x7fdd38011b40 comp rx=0 tx=0).stop
2023-07-20T18:51:40.332 INFO:teuthology.orchestra.run.smithi057.stdout:/usr/bin/ceph: stderr
2023-07-20T18:51:39.810+0000 7fdd4d1f8700 1 -- 172.21.15.57:0/1216872743 shutdown_connections
2023-07-20T18:51:40.332 INFO:teuthology.orchestra.run.smithi057.stdout:/usr/bin/ceph: stderr
2023-07-20T18:51:39.810+0000 7fdd4d1f8700 1 --2- 172.21.15.57:0/1216872743 >> [v2:172.21.15.57:6800/2188156324,v1:172.21.15.57:6801/2188156324] conn(0x7fdd30038820 0x7fdd3003ace0 unknown :-1 s=CLOSED pgs=9 cs=0 l=1 rev1=1 crypto rx=0 tx=0 comp rx=0 tx=0).stop
2023-07-20T18:51:40.333 INFO:teuthology.orchestra.run.smithi057.stdout:/usr/bin/ceph: stderr
2023-07-20T18:51:39.810+0000 7fdd4d1f8700 1 --2- 172.21.15.57:0/1216872743 >> [v2:172.21.15.57:3300/0,v1:172.21.15.57:6789/0] conn(0x7fdd4807bec0 0x7fdd4819bf00 unknown :-1 s=CLOSED pgs=40 cs=0 l=1 rev1=1 crypto rx=0 tx=0 comp rx=0 tx=0).stop
2023-07-20T18:51:40.333 INFO:teuthology.orchestra.run.smithi057.stdout:/usr/bin/ceph: stderr
2023-07-20T18:51:39.810+0000 7fdd4d1f8700 1 -- 172.21.15.57:0/1216872743 >> 172.21.15.57:0/1216872743 conn(0x7fdd48101610 msgr2=0x7fdd481023e0 unknown :-1 s=STATE_NONE l=0).mark_down
2023-07-20T18:51:40.333 INFO:teuthology.orchestra.run.smithi057.stdout:/usr/bin/ceph: stderr
2023-07-20T18:51:39.810+0000 7fdd4d1f8700 1 -- 172.21.15.57:0/1216872743 shutdown_connections
2023-07-20T18:51:40.333 INFO:teuthology.orchestra.run.smithi057.stdout:/usr/bin/ceph: stderr
2023-07-20T18:51:39.810+0000 7fdd4d1f8700 1 -- 172.21.15.57:0/1216872743 wait complete.
2023-07-20T18:51:40.972 INFO:journalctl@ceph.mon.a.smithi057.stdout:Jul 20 18:51:40 smithi057 ceph-mon[126340]: from='client.14134 -' entity='client.admin' cmd=[{"prefix": "cephadm generate-key", "target": ["mon-mgr", ""]}]: dispatch
2023-07-20T18:51:40.973 INFO:journalctl@ceph.mon.a.smithi057.stdout:Jul 20 18:51:40 smithi057 ceph-mon[126340]: Generating ssh key...
2023-07-20T18:51:40.973 INFO:journalctl@ceph.mon.a.smithi057.stdout:Jul 20 18:51:40 smithi057 ceph-mon[126340]: from='mgr.14118 172.21.15.57:0/2998338399' entity='mgr.x'
2023-07-20T18:51:40.973 INFO:journalctl@ceph.mon.a.smithi057.stdout:Jul 20 18:51:40 smithi057 ceph-mon[126340]: from='mgr.14118 172.21.15.57:0/2998338399' entity='mgr.x'
2023-07-20T18:51:41.603 INFO:teuthology.orchestra.run.smithi057.stdout:/usr/bin/ceph: stdout ssh-rsa AAAAB3NzaC1yc2EAAAADAQABAAABgQC6TRNby6luT5sHlY1YKnUvVFG2ORB3FJ1J14fQejW9LpsMw4qjVkPA0pJjKEWfjqDUTI8jZb6M9/M59LcuelRsPOAhogtK5JGkXiVFsI2EgxIh59CCX5UwHVXjs6F2yrogEJv5paJr8iCAvv/XINlv2vKnfw5Jpvlhd+MFJ7FC+tiZfrRK2M1EBv2MKdqsA8fZNoR2R6mrAqlksdz2DCTwCCUAL8WKsAIcUcZO9Dvmm5oJn7+W9aT5avy/btj+y2fEX/+wcnqbAUJ3kZJfkQIOWKxDMxVjH1QxZrDhiY7Vk5Frq61ADKWc9uEDtQkq96YlQr9Yr0CZcv3FDwLz80GXnn0e7ZVm87dD25Pzrd825YBh3Vptfmv0GaIBwrBsSTvG0SjOwTlDsVWht9NdtkSDA+lj698a2BKKR8Y0xVVsoYNh7Y8S2tTjuiNN3RCaMmmg9T965hcRcAZARpY5N9JLfVprRh1bVkM4gwQBHbIcnJ+0YRQXljsN/zIxVHC5d+U= ceph-38a58c3c-272e-11ee-9b34-001a4aab830c
2023-07-20T18:51:41.604 INFO:teuthology.orchestra.run.smithi057.stdout:/usr/bin/ceph: stderr
2023-07-20T18:51:40.836+0000 7f820300b700 1 Processor -- start
2023-07-20T18:51:41.604 INFO:teuthology.orchestra.run.smithi057.stdout:/usr/bin/ceph: stderr
2023-07-20T18:51:40.836+0000 7f820300b700 1 -- start start
2023-07-20T18:51:41.604 INFO:teuthology.orchestra.run.smithi057.stdout:/usr/bin/ceph: stderr
2023-07-20T18:51:40.836+0000 7f820300b700 1 --2- >> [v2:172.21.15.57:3300/0,v1:172.21.15.57:6789/0] conn(0x7f81fc07bea0 0x7f81fc07a300 unknown :-1 s=NONE pgs=0 cs=0 l=0 rev1=0 crypto rx=0 tx=0 comp rx=0 tx=0).connect
2023-07-20T18:51:41.604 INFO:teuthology.orchestra.run.smithi057.stdout:/usr/bin/ceph: stderr
2023-07-20T18:51:40.836+0000 7f820300b700 1 -- --> [v2:172.21.15.57:3300/0,v1:172.21.15.57:6789/0] -- mon_getmap magic: 0 v1 -- 0x7f81fc07a8d0 con 0x7f81fc07bea0
2023-07-20T18:51:41.604 INFO:teuthology.orchestra.run.smithi057.stdout:/usr/bin/ceph: stderr
2023-07-20T18:51:40.836+0000 7f8200da7700 1 --2- >> [v2:172.21.15.57:3300/0,v1:172.21.15.57:6789/0] conn(0x7f81fc07bea0 0x7f81fc07a300 unknown :-1 s=BANNER_CONNECTING pgs=0 cs=0 l=0 rev1=0 crypto rx=0 tx=0 comp rx=0 tx=0)._handle_peer_banner_payload supported=3 required=0
2023-07-20T18:51:41.605 INFO:teuthology.orchestra.run.smithi057.stdout:/usr/bin/ceph: stderr
2023-07-20T18:51:40.837+0000 7f8200da7700 1 --2- >> [v2:172.21.15.57:3300/0,v1:172.21.15.57:6789/0] conn(0x7f81fc07bea0 0x7f81fc07a300 unknown :-1 s=HELLO_CONNECTING pgs=0 cs=0 l=0 rev1=1 crypto rx=0 tx=0 comp rx=0 tx=0).handle_hello peer v2:172.21.15.57:3300/0 says I am v2:172.21.15.57:60460/0 (socket says 172.21.15.57:60460)
2023-07-20T18:51:41.605 INFO:teuthology.orchestra.run.smithi057.stdout:/usr/bin/ceph: stderr
2023-07-20T18:51:40.837+0000 7f8200da7700 1 -- 172.21.15.57:0/3441191330 learned_addr learned my addr 172.21.15.57:0/3441191330 (peer_addr_for_me v2:172.21.15.57:0/0)
2023-07-20T18:51:41.605 INFO:teuthology.orchestra.run.smithi057.stdout:/usr/bin/ceph: stderr
2023-07-20T18:51:40.837+0000 7f8200da7700 1 -- 172.21.15.57:0/3441191330 --> [v2:172.21.15.57:3300/0,v1:172.21.15.57:6789/0] -- mon_subscribe({config=0+,monmap=0+}) v3 -- 0x7f81fc07aa10 con 0x7f81fc07bea0
2023-07-20T18:51:41.605 INFO:teuthology.orchestra.run.smithi057.stdout:/usr/bin/ceph: stderr
2023-07-20T18:51:40.837+0000 7f8200da7700 1 --2- 172.21.15.57:0/3441191330 >> [v2:172.21.15.57:3300/0,v1:172.21.15.57:6789/0] conn(0x7f81fc07bea0 0x7f81fc07a300 secure :-1 s=READY pgs=41 cs=0 l=1 rev1=1 crypto rx=0x7f81f00098a0 tx=0x7f81f0009bb0 comp rx=0 tx=0).ready entity=mon.0 client_cookie=359fed6a56b8da97 server_cookie=0 in_seq=0 out_seq=0
2023-07-20T18:51:41.606 INFO:teuthology.orchestra.run.smithi057.stdout:/usr/bin/ceph: stderr
2023-07-20T18:51:40.837+0000 7f81fb7fe700 1 -- 172.21.15.57:0/3441191330 <== mon.0 v2:172.21.15.57:3300/0 1 ==== mon_map magic: 0 v1 ==== 205+0+0 (secure 0 0 0) 0x7f81f0004160 con 0x7f81fc07bea0
2023-07-20T18:51:41.606 INFO:teuthology.orchestra.run.smithi057.stdout:/usr/bin/ceph: stderr
2023-07-20T18:51:40.837+0000 7f81fb7fe700 1 -- 172.21.15.57:0/3441191330 <== mon.0 v2:172.21.15.57:3300/0 2 ==== config(27 keys) v1 ==== 1108+0+0 (secure 0 0 0) 0x7f81f00042c0 con 0x7f81fc07bea0
2023-07-20T18:51:41.606 INFO:teuthology.orchestra.run.smithi057.stdout:/usr/bin/ceph: stderr
2023-07-20T18:51:40.837+0000 7f81fb7fe700 1 -- 172.21.15.57:0/3441191330 <== mon.0 v2:172.21.15.57:3300/0 3 ==== mon_map magic: 0 v1 ==== 205+0+0 (secure 0 0 0) 0x7f81f0011ac0 con 0x7f81fc07bea0
2023-07-20T18:51:41.606 INFO:teuthology.orchestra.run.smithi057.stdout:/usr/bin/ceph: stderr
2023-07-20T18:51:40.838+0000 7f820300b700 1 -- 172.21.15.57:0/3441191330 >> [v2:172.21.15.57:3300/0,v1:172.21.15.57:6789/0] conn(0x7f81fc07bea0 msgr2=0x7f81fc07a300 secure :-1 s=STATE_CONNECTION_ESTABLISHED l=1).mark_down
2023-07-20T18:51:41.606 INFO:teuthology.orchestra.run.smithi057.stdout:/usr/bin/ceph: stderr
2023-07-20T18:51:40.838+0000 7f820300b700 1 --2- 172.21.15.57:0/3441191330 >> [v2:172.21.15.57:3300/0,v1:172.21.15.57:6789/0] conn(0x7f81fc07bea0 0x7f81fc07a300 secure :-1 s=READY pgs=41 cs=0 l=1 rev1=1 crypto rx=0x7f81f00098a0 tx=0x7f81f0009bb0 comp rx=0 tx=0).stop
2023-07-20T18:51:41.606 INFO:teuthology.orchestra.run.smithi057.stdout:/usr/bin/ceph: stderr
2023-07-20T18:51:40.838+0000 7f820300b700 1 -- 172.21.15.57:0/3441191330 shutdown_connections
2023-07-20T18:51:41.607 INFO:teuthology.orchestra.run.smithi057.stdout:/usr/bin/ceph: stderr
2023-07-20T18:51:40.838+0000 7f820300b700 1 --2- 172.21.15.57:0/3441191330 >> [v2:172.21.15.57:3300/0,v1:172.21.15.57:6789/0] conn(0x7f81fc07bea0 0x7f81fc07a300 unknown :-1 s=CLOSED pgs=41 cs=0 l=1 rev1=1 crypto rx=0 tx=0 comp rx=0 tx=0).stop
2023-07-20T18:51:41.607 INFO:teuthology.orchestra.run.smithi057.stdout:/usr/bin/ceph: stderr
2023-07-20T18:51:40.838+0000 7f820300b700 1 -- 172.21.15.57:0/3441191330 >> 172.21.15.57:0/3441191330 conn(0x7f81fc101610 msgr2=0x7f81fc103a50 unknown :-1 s=STATE_NONE l=0).mark_down
2023-07-20T18:51:41.607 INFO:teuthology.orchestra.run.smithi057.stdout:/usr/bin/ceph: stderr
2023-07-20T18:51:40.838+0000 7f820300b700 1 -- 172.21.15.57:0/3441191330 shutdown_connections
2023-07-20T18:51:41.607 INFO:teuthology.orchestra.run.smithi057.stdout:/usr/bin/ceph: stderr
2023-07-20T18:51:40.838+0000 7f820300b700 1 -- 172.21.15.57:0/3441191330 wait complete.
2023-07-20T18:51:41.607 INFO:teuthology.orchestra.run.smithi057.stdout:/usr/bin/ceph: stderr
2023-07-20T18:51:40.839+0000 7f820300b700 1 Processor -- start
2023-07-20T18:51:41.607 INFO:teuthology.orchestra.run.smithi057.stdout:/usr/bin/ceph: stderr
2023-07-20T18:51:40.839+0000 7f820300b700 1 -- start start
2023-07-20T18:51:41.607 INFO:teuthology.orchestra.run.smithi057.stdout:/usr/bin/ceph: stderr
2023-07-20T18:51:40.840+0000 7f820300b700 1 --2- >> [v2:172.21.15.57:3300/0,v1:172.21.15.57:6789/0] conn(0x7f81fc07bea0 0x7f81fc19bf30 unknown :-1 s=NONE pgs=0 cs=0 l=1 rev1=0 crypto rx=0 tx=0 comp rx=0 tx=0).connect
2023-07-20T18:51:41.608 INFO:teuthology.orchestra.run.smithi057.stdout:/usr/bin/ceph: stderr
2023-07-20T18:51:40.840+0000 7f820300b700 1 -- --> [v2:172.21.15.57:3300/0,v1:172.21.15.57:6789/0] -- mon_getmap magic: 0 v1 -- 0x7f81fc19c470 con 0x7f81fc07bea0
2023-07-20T18:51:41.608 INFO:teuthology.orchestra.run.smithi057.stdout:/usr/bin/ceph: stderr
2023-07-20T18:51:40.840+0000 7f8200da7700 1 --2- >> [v2:172.21.15.57:3300/0,v1:172.21.15.57:6789/0] conn(0x7f81fc07bea0 0x7f81fc19bf30 unknown :-1 s=BANNER_CONNECTING pgs=0 cs=0 l=1 rev1=0 crypto rx=0 tx=0 comp rx=0 tx=0)._handle_peer_banner_payload supported=3 required=0
2023-07-20T18:51:41.608 INFO:teuthology.orchestra.run.smithi057.stdout:/usr/bin/ceph: stderr
2023-07-20T18:51:40.840+0000 7f8200da7700 1 --2- >> [v2:172.21.15.57:3300/0,v1:172.21.15.57:6789/0] conn(0x7f81fc07bea0 0x7f81fc19bf30 unknown :-1 s=HELLO_CONNECTING pgs=0 cs=0 l=1 rev1=1 crypto rx=0 tx=0 comp rx=0 tx=0).handle_hello peer v2:172.21.15.57:3300/0 says I am v2:172.21.15.57:60470/0 (socket says 172.21.15.57:60470)
2023-07-20T18:51:41.608 INFO:teuthology.orchestra.run.smithi057.stdout:/usr/bin/ceph: stderr
2023-07-20T18:51:40.840+0000 7f8200da7700 1 -- 172.21.15.57:0/2947612315 learned_addr learned my addr 172.21.15.57:0/2947612315 (peer_addr_for_me v2:172.21.15.57:0/0)
2023-07-20T18:51:41.608 INFO:teuthology.orchestra.run.smithi057.stdout:/usr/bin/ceph: stderr
2023-07-20T18:51:40.840+0000 7f8200da7700 1 -- 172.21.15.57:0/2947612315 --> [v2:172.21.15.57:3300/0,v1:172.21.15.57:6789/0] -- mon_subscribe({config=0+,monmap=0+}) v3 -- 0x7f81f0009550 con 0x7f81fc07bea0
2023-07-20T18:51:41.608 INFO:teuthology.orchestra.run.smithi057.stdout:/usr/bin/ceph: stderr
2023-07-20T18:51:40.840+0000 7f8200da7700 1 --2- 172.21.15.57:0/2947612315 >> [v2:172.21.15.57:3300/0,v1:172.21.15.57:6789/0] conn(0x7f81fc07bea0 0x7f81fc19bf30 secure :-1 s=READY pgs=42 cs=0 l=1 rev1=1 crypto rx=0x7f81f0000c00 tx=0x7f81f0011b40 comp rx=0 tx=0).ready entity=mon.0 client_cookie=0 server_cookie=0 in_seq=0 out_seq=0
2023-07-20T18:51:41.608 INFO:teuthology.orchestra.run.smithi057.stdout:/usr/bin/ceph: stderr
2023-07-20T18:51:40.841+0000 7f81f9ffb700 1 -- 172.21.15.57:0/2947612315 <== mon.0 v2:172.21.15.57:3300/0 1 ==== mon_map magic: 0 v1 ==== 205+0+0 (secure 0 0 0) 0x7f81f0003aa0 con 0x7f81fc07bea0
2023-07-20T18:51:41.609 INFO:teuthology.orchestra.run.smithi057.stdout:/usr/bin/ceph: stderr
2023-07-20T18:51:40.841+0000 7f81f9ffb700 1 -- 172.21.15.57:0/2947612315 <== mon.0 v2:172.21.15.57:3300/0 2 ==== config(27 keys) v1 ==== 1108+0+0 (secure 0 0 0) 0x7f81f0003c00 con 0x7f81fc07bea0
2023-07-20T18:51:41.609 INFO:teuthology.orchestra.run.smithi057.stdout:/usr/bin/ceph: stderr
2023-07-20T18:51:40.841+0000 7f820300b700 1 -- 172.21.15.57:0/2947612315 --> [v2:172.21.15.57:3300/0,v1:172.21.15.57:6789/0] -- mon_subscribe({mgrmap=0+}) v3 -- 0x7f81fc19c670 con 0x7f81fc07bea0
2023-07-20T18:51:41.609 INFO:teuthology.orchestra.run.smithi057.stdout:/usr/bin/ceph: stderr
2023-07-20T18:51:40.841+0000 7f81f9ffb700 1 -- 172.21.15.57:0/2947612315 <== mon.0 v2:172.21.15.57:3300/0 3 ==== mon_map magic: 0 v1 ==== 205+0+0 (secure 0 0 0) 0x7f81f00248a0 con 0x7f81fc07bea0
2023-07-20T18:51:41.609 INFO:teuthology.orchestra.run.smithi057.stdout:/usr/bin/ceph: stderr
2023-07-20T18:51:40.841+0000 7f820300b700 1 -- 172.21.15.57:0/2947612315 --> [v2:172.21.15.57:3300/0,v1:172.21.15.57:6789/0] -- mon_subscribe({osdmap=0}) v3 -- 0x7f81fc19ca90 con 0x7f81fc07bea0
2023-07-20T18:51:41.609 INFO:teuthology.orchestra.run.smithi057.stdout:/usr/bin/ceph: stderr
2023-07-20T18:51:40.842+0000 7f81f9ffb700 1 -- 172.21.15.57:0/2947612315 <== mon.0 v2:172.21.15.57:3300/0 4 ==== mgrmap(e 8) v1 ==== 45483+0+0 (secure 0 0 0) 0x7f81f001ac60 con 0x7f81fc07bea0
2023-07-20T18:51:41.609 INFO:teuthology.orchestra.run.smithi057.stdout:/usr/bin/ceph: stderr
2023-07-20T18:51:40.842+0000 7f820300b700 1 -- 172.21.15.57:0/2947612315 --> [v2:172.21.15.57:3300/0,v1:172.21.15.57:6789/0] -- mon_command({"prefix": "get_command_descriptions"} v 0) v1 -- 0x7f81fc061da0 con 0x7f81fc07bea0
2023-07-20T18:51:41.609 INFO:teuthology.orchestra.run.smithi057.stdout:/usr/bin/ceph: stderr
2023-07-20T18:51:40.842+0000 7f81f9ffb700 1 --2- 172.21.15.57:0/2947612315 >> [v2:172.21.15.57:6800/2188156324,v1:172.21.15.57:6801/2188156324] conn(0x7f81ec038870 0x7f81ec03ad30 unknown :-1 s=NONE pgs=0 cs=0 l=1 rev1=0 crypto rx=0 tx=0 comp rx=0 tx=0).connect
2023-07-20T18:51:41.610 INFO:teuthology.orchestra.run.smithi057.stdout:/usr/bin/ceph: stderr
2023-07-20T18:51:40.843+0000 7f81f9ffb700 1 -- 172.21.15.57:0/2947612315 <== mon.0 v2:172.21.15.57:3300/0 5 ==== osd_map(2..2 src has 1..2) v4 ==== 940+0+0 (secure 0 0 0) 0x7f81f004c790 con 0x7f81fc07bea0
2023-07-20T18:51:41.610 INFO:teuthology.orchestra.run.smithi057.stdout:/usr/bin/ceph: stderr
2023-07-20T18:51:40.843+0000 7f81fbfff700 1 --2- 172.21.15.57:0/2947612315 >> [v2:172.21.15.57:6800/2188156324,v1:172.21.15.57:6801/2188156324] conn(0x7f81ec038870 0x7f81ec03ad30 unknown :-1 s=BANNER_CONNECTING pgs=0 cs=0 l=1 rev1=0 crypto rx=0 tx=0 comp rx=0 tx=0)._handle_peer_banner_payload supported=3 required=0
2023-07-20T18:51:41.610 INFO:teuthology.orchestra.run.smithi057.stdout:/usr/bin/ceph: stderr
2023-07-20T18:51:40.843+0000 7f81fbfff700 1 --2- 172.21.15.57:0/2947612315 >> [v2:172.21.15.57:6800/2188156324,v1:172.21.15.57:6801/2188156324] conn(0x7f81ec038870 0x7f81ec03ad30 secure :-1 s=READY pgs=10 cs=0 l=1 rev1=1 crypto rx=0x7f81e8006fd0 tx=0x7f81e8006e40 comp rx=0 tx=0).ready entity=mgr.14118 client_cookie=0 server_cookie=0 in_seq=0 out_seq=0
2023-07-20T18:51:41.610 INFO:teuthology.orchestra.run.smithi057.stdout:/usr/bin/ceph: stderr
2023-07-20T18:51:40.847+0000 7f81f9ffb700 1 -- 172.21.15.57:0/2947612315 <== mon.0 v2:172.21.15.57:3300/0 6 ==== mon_command_ack([{"prefix": "get_command_descriptions"}]=0 v0) v1 ==== 72+0+178025 (secure 0 0 0) 0x7f81f001a430 con 0x7f81fc07bea0
2023-07-20T18:51:41.610 INFO:teuthology.orchestra.run.smithi057.stdout:/usr/bin/ceph: stderr
2023-07-20T18:51:41.056+0000 7f820300b700 1 -- 172.21.15.57:0/2947612315 --> [v2:172.21.15.57:6800/2188156324,v1:172.21.15.57:6801/2188156324] -- mgr_command(tid 0: {"prefix": "cephadm get-pub-key", "target": ["mon-mgr", ""]}) v1 -- 0x7f81fc102b10 con 0x7f81ec038870
2023-07-20T18:51:41.610 INFO:teuthology.orchestra.run.smithi057.stdout:/usr/bin/ceph: stderr
2023-07-20T18:51:41.057+0000 7f81f9ffb700 1 -- 172.21.15.57:0/2947612315 <== mgr.14118 v2:172.21.15.57:6800/2188156324 1 ==== mgr_command_reply(tid 0: 0 ) v1 ==== 8+0+595 (secure 0 0 0) 0x7f81fc102b10 con 0x7f81ec038870
2023-07-20T18:51:41.610 INFO:teuthology.orchestra.run.smithi057.stdout:/usr/bin/ceph: stderr
2023-07-20T18:51:41.059+0000 7f820300b700 1 -- 172.21.15.57:0/2947612315 >> [v2:172.21.15.57:6800/2188156324,v1:172.21.15.57:6801/2188156324] conn(0x7f81ec038870 msgr2=0x7f81ec03ad30 secure :-1 s=STATE_CONNECTION_ESTABLISHED l=1).mark_down
2023-07-20T18:51:41.611 INFO:teuthology.orchestra.run.smithi057.stdout:/usr/bin/ceph: stderr
2023-07-20T18:51:41.059+0000 7f820300b700 1 --2- 172.21.15.57:0/2947612315 >> [v2:172.21.15.57:6800/2188156324,v1:172.21.15.57:6801/2188156324] conn(0x7f81ec038870 0x7f81ec03ad30 secure :-1 s=READY pgs=10 cs=0 l=1 rev1=1 crypto rx=0x7f81e8006fd0 tx=0x7f81e8006e40 comp rx=0 tx=0).stop
2023-07-20T18:51:41.611 INFO:teuthology.orchestra.run.smithi057.stdout:/usr/bin/ceph: stderr
2023-07-20T18:51:41.059+0000 7f820300b700 1 -- 172.21.15.57:0/2947612315 >> [v2:172.21.15.57:3300/0,v1:172.21.15.57:6789/0] conn(0x7f81fc07bea0 msgr2=0x7f81fc19bf30 secure :-1 s=STATE_CONNECTION_ESTABLISHED l=1).mark_down
2023-07-20T18:51:41.611 INFO:teuthology.orchestra.run.smithi057.stdout:/usr/bin/ceph: stderr
2023-07-20T18:51:41.059+0000 7f820300b700 1 --2- 172.21.15.57:0/2947612315 >> [v2:172.21.15.57:3300/0,v1:172.21.15.57:6789/0] conn(0x7f81fc07bea0 0x7f81fc19bf30 secure :-1 s=READY pgs=42 cs=0 l=1 rev1=1 crypto rx=0x7f81f0000c00 tx=0x7f81f0011b40 comp rx=0 tx=0).stop
2023-07-20T18:51:41.612 INFO:teuthology.orchestra.run.smithi057.stdout:/usr/bin/ceph: stderr
2023-07-20T18:51:41.059+0000 7f820300b700 1 -- 172.21.15.57:0/2947612315 shutdown_connections
2023-07-20T18:51:41.612 INFO:teuthology.orchestra.run.smithi057.stdout:/usr/bin/ceph: stderr
2023-07-20T18:51:41.059+0000 7f820300b700 1 --2- 172.21.15.57:0/2947612315 >> [v2:172.21.15.57:6800/2188156324,v1:172.21.15.57:6801/2188156324] conn(0x7f81ec038870 0x7f81ec03ad30 unknown :-1 s=CLOSED pgs=10 cs=0 l=1 rev1=1 crypto rx=0 tx=0 comp rx=0 tx=0).stop
2023-07-20T18:51:41.612 INFO:teuthology.orchestra.run.smithi057.stdout:/usr/bin/ceph: stderr
2023-07-20T18:51:41.059+0000 7f820300b700 1 --2- 172.21.15.57:0/2947612315 >> [v2:172.21.15.57:3300/0,v1:172.21.15.57:6789/0] conn(0x7f81fc07bea0 0x7f81fc19bf30 unknown :-1 s=CLOSED pgs=42 cs=0 l=1 rev1=1 crypto rx=0 tx=0 comp rx=0 tx=0).stop
2023-07-20T18:51:41.612 INFO:teuthology.orchestra.run.smithi057.stdout:/usr/bin/ceph: stderr
2023-07-20T18:51:41.059+0000 7f820300b700 1 -- 172.21.15.57:0/2947612315 >> 172.21.15.57:0/2947612315 conn(0x7f81fc101610 msgr2=0x7f81fc102400 unknown :-1 s=STATE_NONE l=0).mark_down
2023-07-20T18:51:41.612 INFO:teuthology.orchestra.run.smithi057.stdout:/usr/bin/ceph: stderr
2023-07-20T18:51:41.059+0000 7f820300b700 1 -- 172.21.15.57:0/2947612315 shutdown_connections
2023-07-20T18:51:41.612 INFO:teuthology.orchestra.run.smithi057.stdout:/usr/bin/ceph: stderr
2023-07-20T18:51:41.059+0000 7f820300b700 1 -- 172.21.15.57:0/2947612315 wait complete.
2023-07-20T18:51:41.612 INFO:teuthology.orchestra.run.smithi057.stdout:Wrote public SSH key to /home/ubuntu/cephtest/ceph.pub
2023-07-20T18:51:41.613 INFO:teuthology.orchestra.run.smithi057.stdout:Adding key to root@localhost authorized_keys...
2023-07-20T18:51:41.613 INFO:teuthology.orchestra.run.smithi057.stdout:Adding host smithi057...
2023-07-20T18:51:42.222 INFO:journalctl@ceph.mon.a.smithi057.stdout:Jul 20 18:51:42 smithi057 ceph-mon[126340]: from='client.14136 -' entity='client.admin' cmd=[{"prefix": "cephadm get-pub-key", "target": ["mon-mgr", ""]}]: dispatch
2023-07-20T18:51:43.966 INFO:journalctl@ceph.mon.a.smithi057.stdout:Jul 20 18:51:43 smithi057 ceph-mon[126340]: from='client.14138 -' entity='client.admin' cmd=[{"prefix": "orch host add", "hostname": "smithi057", "addr": "172.21.15.57", "target": ["mon-mgr", ""]}]: dispatch
2023-07-20T18:51:45.064 INFO:journalctl@ceph.mon.a.smithi057.stdout:Jul 20 18:51:44 smithi057 ceph-mon[126340]: Deploying cephadm binary to smithi057
2023-07-20T18:51:46.091 INFO:teuthology.orchestra.run.smithi057.stdout:/usr/bin/ceph: stdout Added host 'smithi057' with addr '172.21.15.57'
2023-07-20T18:51:46.092 INFO:teuthology.orchestra.run.smithi057.stdout:/usr/bin/ceph: stderr
2023-07-20T18:51:42.129+0000 7fa1768bd700 1 Processor -- start
2023-07-20T18:51:46.092 INFO:teuthology.orchestra.run.smithi057.stdout:/usr/bin/ceph: stderr
2023-07-20T18:51:42.129+0000 7fa1768bd700 1 -- start start
2023-07-20T18:51:46.092 INFO:teuthology.orchestra.run.smithi057.stdout:/usr/bin/ceph: stderr
2023-07-20T18:51:42.129+0000 7fa1768bd700 1 --2- >> [v2:172.21.15.57:3300/0,v1:172.21.15.57:6789/0] conn(0x7fa170106070 0x7fa170106490 unknown :-1 s=NONE pgs=0 cs=0 l=0 rev1=0 crypto rx=0 tx=0 comp rx=0 tx=0).connect
2023-07-20T18:51:46.092 INFO:teuthology.orchestra.run.smithi057.stdout:/usr/bin/ceph: stderr
2023-07-20T18:51:42.129+0000 7fa1768bd700 1 -- --> [v2:172.21.15.57:3300/0,v1:172.21.15.57:6789/0] -- mon_getmap magic: 0 v1 -- 0x7fa170106a60 con 0x7fa170106070
2023-07-20T18:51:46.092 INFO:teuthology.orchestra.run.smithi057.stdout:/usr/bin/ceph: stderr
2023-07-20T18:51:42.130+0000 7fa16ffff700 1 --2- >> [v2:172.21.15.57:3300/0,v1:172.21.15.57:6789/0] conn(0x7fa170106070 0x7fa170106490 unknown :-1 s=BANNER_CONNECTING pgs=0 cs=0 l=0 rev1=0 crypto rx=0 tx=0 comp rx=0 tx=0)._handle_peer_banner_payload supported=3 required=0
2023-07-20T18:51:46.092 INFO:teuthology.orchestra.run.smithi057.stdout:/usr/bin/ceph: stderr
2023-07-20T18:51:42.130+0000 7fa16ffff700 1 --2- >> [v2:172.21.15.57:3300/0,v1:172.21.15.57:6789/0] conn(0x7fa170106070 0x7fa170106490 unknown :-1 s=HELLO_CONNECTING pgs=0 cs=0 l=0 rev1=1 crypto rx=0 tx=0 comp rx=0 tx=0).handle_hello peer v2:172.21.15.57:3300/0 says I am v2:172.21.15.57:60478/0 (socket says 172.21.15.57:60478)
2023-07-20T18:51:46.092 INFO:teuthology.orchestra.run.smithi057.stdout:/usr/bin/ceph: stderr
2023-07-20T18:51:42.130+0000 7fa16ffff700 1 -- 172.21.15.57:0/2407511976 learned_addr learned my addr 172.21.15.57:0/2407511976 (peer_addr_for_me v2:172.21.15.57:0/0)
2023-07-20T18:51:46.093 INFO:teuthology.orchestra.run.smithi057.stdout:/usr/bin/ceph: stderr
2023-07-20T18:51:42.130+0000 7fa16ffff700 1 -- 172.21.15.57:0/2407511976 --> [v2:172.21.15.57:3300/0,v1:172.21.15.57:6789/0] -- mon_subscribe({config=0+,monmap=0+}) v3 -- 0x7fa170107270 con 0x7fa170106070
2023-07-20T18:51:46.093 INFO:teuthology.orchestra.run.smithi057.stdout:/usr/bin/ceph: stderr
2023-07-20T18:51:42.130+0000 7fa16ffff700 1 --2- 172.21.15.57:0/2407511976 >> [v2:172.21.15.57:3300/0,v1:172.21.15.57:6789/0] conn(0x7fa170106070 0x7fa170106490 secure :-1 s=READY pgs=43 cs=0 l=1 rev1=1 crypto rx=0x7fa1600098a0 tx=0x7fa160009bb0 comp rx=0 tx=0).ready entity=mon.0 client_cookie=88856b813c966dde server_cookie=0 in_seq=0 out_seq=0
2023-07-20T18:51:46.093 INFO:teuthology.orchestra.run.smithi057.stdout:/usr/bin/ceph: stderr
2023-07-20T18:51:42.130+0000 7fa16effd700 1 -- 172.21.15.57:0/2407511976 <== mon.0 v2:172.21.15.57:3300/0 1 ==== mon_map magic: 0 v1 ==== 205+0+0 (secure 0 0 0) 0x7fa160004160 con 0x7fa170106070
2023-07-20T18:51:46.093 INFO:teuthology.orchestra.run.smithi057.stdout:/usr/bin/ceph: stderr
2023-07-20T18:51:42.131+0000 7fa16effd700 1 -- 172.21.15.57:0/2407511976 <== mon.0 v2:172.21.15.57:3300/0 2 ==== config(27 keys) v1 ==== 1108+0+0 (secure 0 0 0) 0x7fa1600042c0 con 0x7fa170106070
2023-07-20T18:51:46.093 INFO:teuthology.orchestra.run.smithi057.stdout:/usr/bin/ceph: stderr
2023-07-20T18:51:42.131+0000 7fa16effd700 1 -- 172.21.15.57:0/2407511976 <== mon.0 v2:172.21.15.57:3300/0 3 ==== mon_map magic: 0 v1 ==== 205+0+0 (secure 0 0 0) 0x7fa160011ac0 con 0x7fa170106070
2023-07-20T18:51:46.093 INFO:teuthology.orchestra.run.smithi057.stdout:/usr/bin/ceph: stderr
2023-07-20T18:51:42.131+0000 7fa1768bd700 1 -- 172.21.15.57:0/2407511976 >> [v2:172.21.15.57:3300/0,v1:172.21.15.57:6789/0] conn(0x7fa170106070 msgr2=0x7fa170106490 secure :-1 s=STATE_CONNECTION_ESTABLISHED l=1).mark_down
2023-07-20T18:51:46.093 INFO:teuthology.orchestra.run.smithi057.stdout:/usr/bin/ceph: stderr
2023-07-20T18:51:42.131+0000 7fa1768bd700 1 --2- 172.21.15.57:0/2407511976 >> [v2:172.21.15.57:3300/0,v1:172.21.15.57:6789/0] conn(0x7fa170106070 0x7fa170106490 secure :-1 s=READY pgs=43 cs=0 l=1 rev1=1 crypto rx=0x7fa1600098a0 tx=0x7fa160009bb0 comp rx=0 tx=0).stop
2023-07-20T18:51:46.094 INFO:teuthology.orchestra.run.smithi057.stdout:/usr/bin/ceph: stderr
2023-07-20T18:51:42.131+0000 7fa1768bd700 1 -- 172.21.15.57:0/2407511976 shutdown_connections
2023-07-20T18:51:46.094 INFO:teuthology.orchestra.run.smithi057.stdout:/usr/bin/ceph: stderr
2023-07-20T18:51:42.131+0000 7fa1768bd700 1 --2- 172.21.15.57:0/2407511976 >> [v2:172.21.15.57:3300/0,v1:172.21.15.57:6789/0] conn(0x7fa170106070 0x7fa170106490 unknown :-1 s=CLOSED pgs=43 cs=0 l=1 rev1=1 crypto rx=0 tx=0 comp rx=0 tx=0).stop
2023-07-20T18:51:46.094 INFO:teuthology.orchestra.run.smithi057.stdout:/usr/bin/ceph: stderr
2023-07-20T18:51:42.131+0000 7fa1768bd700 1 -- 172.21.15.57:0/2407511976 >> 172.21.15.57:0/2407511976 conn(0x7fa170101610 msgr2=0x7fa170103a50 unknown :-1 s=STATE_NONE l=0).mark_down
2023-07-20T18:51:46.094 INFO:teuthology.orchestra.run.smithi057.stdout:/usr/bin/ceph: stderr
2023-07-20T18:51:42.131+0000 7fa1768bd700 1 -- 172.21.15.57:0/2407511976 shutdown_connections
2023-07-20T18:51:46.094 INFO:teuthology.orchestra.run.smithi057.stdout:/usr/bin/ceph: stderr
2023-07-20T18:51:42.131+0000 7fa1768bd700 1 -- 172.21.15.57:0/2407511976 wait complete.
2023-07-20T18:51:46.094 INFO:teuthology.orchestra.run.smithi057.stdout:/usr/bin/ceph: stderr
2023-07-20T18:51:42.132+0000 7fa1768bd700 1 Processor -- start
2023-07-20T18:51:46.094 INFO:teuthology.orchestra.run.smithi057.stdout:/usr/bin/ceph: stderr
2023-07-20T18:51:42.132+0000 7fa1768bd700 1 -- start start
2023-07-20T18:51:46.095 INFO:teuthology.orchestra.run.smithi057.stdout:/usr/bin/ceph: stderr
2023-07-20T18:51:42.133+0000 7fa1768bd700 1 --2- >> [v2:172.21.15.57:3300/0,v1:172.21.15.57:6789/0] conn(0x7fa170106070 0x7fa17019bf10 unknown :-1 s=NONE pgs=0 cs=0 l=1 rev1=0 crypto rx=0 tx=0 comp rx=0 tx=0).connect
2023-07-20T18:51:46.095 INFO:teuthology.orchestra.run.smithi057.stdout:/usr/bin/ceph: stderr
2023-07-20T18:51:42.133+0000 7fa1768bd700 1 -- --> [v2:172.21.15.57:3300/0,v1:172.21.15.57:6789/0] -- mon_getmap magic: 0 v1 -- 0x7fa17019c450 con 0x7fa170106070
2023-07-20T18:51:46.095 INFO:teuthology.orchestra.run.smithi057.stdout:/usr/bin/ceph: stderr
2023-07-20T18:51:42.133+0000 7fa16ffff700 1 --2- >> [v2:172.21.15.57:3300/0,v1:172.21.15.57:6789/0] conn(0x7fa170106070 0x7fa17019bf10 unknown :-1 s=BANNER_CONNECTING pgs=0 cs=0 l=1 rev1=0 crypto rx=0 tx=0 comp rx=0 tx=0)._handle_peer_banner_payload supported=3 required=0
2023-07-20T18:51:46.095 INFO:teuthology.orchestra.run.smithi057.stdout:/usr/bin/ceph: stderr
2023-07-20T18:51:42.133+0000 7fa16ffff700 1 --2- >> [v2:172.21.15.57:3300/0,v1:172.21.15.57:6789/0] conn(0x7fa170106070 0x7fa17019bf10 unknown :-1 s=HELLO_CONNECTING pgs=0 cs=0 l=1 rev1=1 crypto rx=0 tx=0 comp rx=0 tx=0).handle_hello peer v2:172.21.15.57:3300/0 says I am v2:172.21.15.57:60484/0 (socket says 172.21.15.57:60484)
2023-07-20T18:51:46.095 INFO:teuthology.orchestra.run.smithi057.stdout:/usr/bin/ceph: stderr
2023-07-20T18:51:42.133+0000 7fa16ffff700 1 -- 172.21.15.57:0/2773388836 learned_addr learned my addr 172.21.15.57:0/2773388836 (peer_addr_for_me v2:172.21.15.57:0/0)
2023-07-20T18:51:46.095 INFO:teuthology.orchestra.run.smithi057.stdout:/usr/bin/ceph: stderr
2023-07-20T18:51:42.133+0000 7fa16ffff700 1 -- 172.21.15.57:0/2773388836 --> [v2:172.21.15.57:3300/0,v1:172.21.15.57:6789/0] -- mon_subscribe({config=0+,monmap=0+}) v3 -- 0x7fa160009550 con 0x7fa170106070
2023-07-20T18:51:46.095 INFO:teuthology.orchestra.run.smithi057.stdout:/usr/bin/ceph: stderr
2023-07-20T18:51:42.134+0000 7fa16ffff700 1 --2- 172.21.15.57:0/2773388836 >> [v2:172.21.15.57:3300/0,v1:172.21.15.57:6789/0] conn(0x7fa170106070 0x7fa17019bf10 secure :-1 s=READY pgs=44 cs=0 l=1 rev1=1 crypto rx=0x7fa160000c00 tx=0x7fa160011b40 comp rx=0 tx=0).ready entity=mon.0 client_cookie=0 server_cookie=0 in_seq=0 out_seq=0
2023-07-20T18:51:46.096 INFO:teuthology.orchestra.run.smithi057.stdout:/usr/bin/ceph: stderr
2023-07-20T18:51:42.134+0000 7fa16d7fa700 1 -- 172.21.15.57:0/2773388836 <== mon.0 v2:172.21.15.57:3300/0 1 ==== mon_map magic: 0 v1 ==== 205+0+0 (secure 0 0 0) 0x7fa160003aa0 con 0x7fa170106070
2023-07-20T18:51:46.096 INFO:teuthology.orchestra.run.smithi057.stdout:/usr/bin/ceph: stderr
2023-07-20T18:51:42.134+0000 7fa16d7fa700 1 -- 172.21.15.57:0/2773388836 <== mon.0 v2:172.21.15.57:3300/0 2 ==== config(27 keys) v1 ==== 1108+0+0 (secure 0 0 0) 0x7fa160003c00 con 0x7fa170106070
2023-07-20T18:51:46.096 INFO:teuthology.orchestra.run.smithi057.stdout:/usr/bin/ceph: stderr
2023-07-20T18:51:42.134+0000 7fa16d7fa700 1 -- 172.21.15.57:0/2773388836 <== mon.0 v2:172.21.15.57:3300/0 3 ==== mon_map magic: 0 v1 ==== 205+0+0 (secure 0 0 0) 0x7fa1600248a0 con 0x7fa170106070
2023-07-20T18:51:46.096 INFO:teuthology.orchestra.run.smithi057.stdout:/usr/bin/ceph: stderr
2023-07-20T18:51:42.134+0000 7fa1768bd700 1 -- 172.21.15.57:0/2773388836 --> [v2:172.21.15.57:3300/0,v1:172.21.15.57:6789/0] -- mon_subscribe({mgrmap=0+}) v3 -- 0x7fa17019c650 con 0x7fa170106070
2023-07-20T18:51:46.096 INFO:teuthology.orchestra.run.smithi057.stdout:/usr/bin/ceph: stderr
2023-07-20T18:51:42.134+0000 7fa1768bd700 1 -- 172.21.15.57:0/2773388836 --> [v2:172.21.15.57:3300/0,v1:172.21.15.57:6789/0] -- mon_subscribe({osdmap=0}) v3 -- 0x7fa17019ca70 con 0x7fa170106070
2023-07-20T18:51:46.096 INFO:teuthology.orchestra.run.smithi057.stdout:/usr/bin/ceph: stderr
2023-07-20T18:51:42.135+0000 7fa1768bd700 1 -- 172.21.15.57:0/2773388836 --> [v2:172.21.15.57:3300/0,v1:172.21.15.57:6789/0] -- mon_command({"prefix": "get_command_descriptions"} v 0) v1 -- 0x7fa170061da0 con 0x7fa170106070
2023-07-20T18:51:46.096 INFO:teuthology.orchestra.run.smithi057.stdout:/usr/bin/ceph: stderr
2023-07-20T18:51:42.135+0000 7fa16d7fa700 1 -- 172.21.15.57:0/2773388836 <== mon.0 v2:172.21.15.57:3300/0 4 ==== mgrmap(e 8) v1 ==== 45483+0+0 (secure 0 0 0) 0x7fa16001ac60 con 0x7fa170106070
2023-07-20T18:51:46.096 INFO:teuthology.orchestra.run.smithi057.stdout:/usr/bin/ceph: stderr
2023-07-20T18:51:42.136+0000 7fa16d7fa700 1 --2- 172.21.15.57:0/2773388836 >> [v2:172.21.15.57:6800/2188156324,v1:172.21.15.57:6801/2188156324] conn(0x7fa158038820 0x7fa15803ace0 unknown :-1 s=NONE pgs=0 cs=0 l=1 rev1=0 crypto rx=0 tx=0 comp rx=0 tx=0).connect
2023-07-20T18:51:46.097 INFO:teuthology.orchestra.run.smithi057.stdout:/usr/bin/ceph: stderr
2023-07-20T18:51:42.136+0000 7fa16d7fa700 1 -- 172.21.15.57:0/2773388836 <== mon.0 v2:172.21.15.57:3300/0 5 ==== osd_map(2..2 src has 1..2) v4 ==== 940+0+0 (secure 0 0 0) 0x7fa16004c740 con 0x7fa170106070
2023-07-20T18:51:46.097 INFO:teuthology.orchestra.run.smithi057.stdout:/usr/bin/ceph: stderr
2023-07-20T18:51:42.136+0000 7fa16f7fe700 1 --2- 172.21.15.57:0/2773388836 >> [v2:172.21.15.57:6800/2188156324,v1:172.21.15.57:6801/2188156324] conn(0x7fa158038820 0x7fa15803ace0 unknown :-1 s=BANNER_CONNECTING pgs=0 cs=0 l=1 rev1=0 crypto rx=0 tx=0 comp rx=0 tx=0)._handle_peer_banner_payload supported=3 required=0
2023-07-20T18:51:46.097 INFO:teuthology.orchestra.run.smithi057.stdout:/usr/bin/ceph: stderr
2023-07-20T18:51:42.136+0000 7fa16f7fe700 1 --2- 172.21.15.57:0/2773388836 >> [v2:172.21.15.57:6800/2188156324,v1:172.21.15.57:6801/2188156324] conn(0x7fa158038820 0x7fa15803ace0 secure :-1 s=READY pgs=11 cs=0 l=1 rev1=1 crypto rx=0x7fa164006fd0 tx=0x7fa164006e40 comp rx=0 tx=0).ready entity=mgr.14118 client_cookie=0 server_cookie=0 in_seq=0 out_seq=0
2023-07-20T18:51:46.097 INFO:teuthology.orchestra.run.smithi057.stdout:/usr/bin/ceph: stderr
2023-07-20T18:51:42.140+0000 7fa16d7fa700 1 -- 172.21.15.57:0/2773388836 <== mon.0 v2:172.21.15.57:3300/0 6 ==== mon_command_ack([{"prefix": "get_command_descriptions"}]=0 v0) v1 ==== 72+0+178025 (secure 0 0 0) 0x7fa160018530 con 0x7fa170106070
2023-07-20T18:51:46.097 INFO:teuthology.orchestra.run.smithi057.stdout:/usr/bin/ceph: stderr
2023-07-20T18:51:42.351+0000 7fa1768bd700 1 -- 172.21.15.57:0/2773388836 --> [v2:172.21.15.57:6800/2188156324,v1:172.21.15.57:6801/2188156324] -- mgr_command(tid 0: {"prefix": "orch host add", "hostname": "smithi057", "addr": "172.21.15.57", "target": ["mon-mgr", ""]}) v1 -- 0x7fa170102a50 con 0x7fa158038820
2023-07-20T18:51:46.097 INFO:teuthology.orchestra.run.smithi057.stdout:/usr/bin/ceph: stderr
2023-07-20T18:51:45.567+0000 7fa16d7fa700 1 -- 172.21.15.57:0/2773388836 <== mgr.14118 v2:172.21.15.57:6800/2188156324 1 ==== mgr_command_reply(tid 0: 0 ) v1 ==== 8+0+48 (secure 0 0 0) 0x7fa170102a50 con 0x7fa158038820
2023-07-20T18:51:46.097 INFO:teuthology.orchestra.run.smithi057.stdout:/usr/bin/ceph: stderr
2023-07-20T18:51:45.569+0000 7fa1768bd700 1 -- 172.21.15.57:0/2773388836 >> [v2:172.21.15.57:6800/2188156324,v1:172.21.15.57:6801/2188156324] conn(0x7fa158038820 msgr2=0x7fa15803ace0 secure :-1 s=STATE_CONNECTION_ESTABLISHED l=1).mark_down
2023-07-20T18:51:46.098 INFO:teuthology.orchestra.run.smithi057.stdout:/usr/bin/ceph: stderr
2023-07-20T18:51:45.569+0000 7fa1768bd700 1 --2- 172.21.15.57:0/2773388836 >> [v2:172.21.15.57:6800/2188156324,v1:172.21.15.57:6801/2188156324] conn(0x7fa158038820 0x7fa15803ace0 secure :-1 s=READY pgs=11 cs=0 l=1 rev1=1 crypto rx=0x7fa164006fd0 tx=0x7fa164006e40 comp rx=0 tx=0).stop
2023-07-20T18:51:46.098 INFO:teuthology.orchestra.run.smithi057.stdout:/usr/bin/ceph: stderr
2023-07-20T18:51:45.569+0000 7fa1768bd700 1 -- 172.21.15.57:0/2773388836 >> [v2:172.21.15.57:3300/0,v1:172.21.15.57:6789/0] conn(0x7fa170106070 msgr2=0x7fa17019bf10 secure :-1 s=STATE_CONNECTION_ESTABLISHED l=1).mark_down
2023-07-20T18:51:46.098 INFO:teuthology.orchestra.run.smithi057.stdout:/usr/bin/ceph: stderr
2023-07-20T18:51:45.569+0000 7fa1768bd700 1 --2- 172.21.15.57:0/2773388836 >> [v2:172.21.15.57:3300/0,v1:172.21.15.57:6789/0] conn(0x7fa170106070 0x7fa17019bf10 secure :-1 s=READY pgs=44 cs=0 l=1 rev1=1 crypto rx=0x7fa160000c00 tx=0x7fa160011b40 comp rx=0 tx=0).stop
2023-07-20T18:51:46.098 INFO:teuthology.orchestra.run.smithi057.stdout:/usr/bin/ceph: stderr
2023-07-20T18:51:45.569+0000 7fa1768bd700 1 -- 172.21.15.57:0/2773388836 shutdown_connections
2023-07-20T18:51:46.098 INFO:teuthology.orchestra.run.smithi057.stdout:/usr/bin/ceph: stderr
2023-07-20T18:51:45.569+0000 7fa1768bd700 1 --2- 172.21.15.57:0/2773388836 >> [v2:172.21.15.57:6800/2188156324,v1:172.21.15.57:6801/2188156324] conn(0x7fa158038820 0x7fa15803ace0 unknown :-1 s=CLOSED pgs=11 cs=0 l=1 rev1=1 crypto rx=0 tx=0 comp rx=0 tx=0).stop
2023-07-20T18:51:46.098 INFO:teuthology.orchestra.run.smithi057.stdout:/usr/bin/ceph: stderr
2023-07-20T18:51:45.569+0000 7fa1768bd700 1 --2- 172.21.15.57:0/2773388836 >> [v2:172.21.15.57:3300/0,v1:172.21.15.57:6789/0] conn(0x7fa170106070 0x7fa17019bf10 unknown :-1 s=CLOSED pgs=44 cs=0 l=1 rev1=1 crypto rx=0 tx=0 comp rx=0 tx=0).stop
2023-07-20T18:51:46.098 INFO:teuthology.orchestra.run.smithi057.stdout:/usr/bin/ceph: stderr
2023-07-20T18:51:45.569+0000 7fa1768bd700 1 -- 172.21.15.57:0/2773388836 >> 172.21.15.57:0/2773388836 conn(0x7fa170101610 msgr2=0x7fa170102340 unknown :-1 s=STATE_NONE l=0).mark_down
2023-07-20T18:51:46.099 INFO:teuthology.orchestra.run.smithi057.stdout:/usr/bin/ceph: stderr
2023-07-20T18:51:45.570+0000 7fa1768bd700 1 -- 172.21.15.57:0/2773388836 shutdown_connections
2023-07-20T18:51:46.099 INFO:teuthology.orchestra.run.smithi057.stdout:/usr/bin/ceph: stderr
2023-07-20T18:51:45.570+0000 7fa1768bd700 1 -- 172.21.15.57:0/2773388836 wait complete.
2023-07-20T18:51:46.099 INFO:teuthology.orchestra.run.smithi057.stdout:Deploying unmanaged mon service...
2023-07-20T18:51:46.722 INFO:journalctl@ceph.mon.a.smithi057.stdout:Jul 20 18:51:46 smithi057 ceph-mon[126340]: from='mgr.14118 172.21.15.57:0/2998338399' entity='mgr.x'
2023-07-20T18:51:46.723 INFO:journalctl@ceph.mon.a.smithi057.stdout:Jul 20 18:51:46 smithi057 ceph-mon[126340]: Added host smithi057
2023-07-20T18:51:46.723 INFO:journalctl@ceph.mon.a.smithi057.stdout:Jul 20 18:51:46 smithi057 ceph-mon[126340]: from='mgr.14118 172.21.15.57:0/2998338399' entity='mgr.x' cmd=[{"prefix": "config dump", "format": "json"}]: dispatch
2023-07-20T18:51:47.502 INFO:teuthology.orchestra.run.smithi057.stdout:/usr/bin/ceph: stdout Scheduled mon update...
2023-07-20T18:51:47.502 INFO:teuthology.orchestra.run.smithi057.stdout:/usr/bin/ceph: stderr
2023-07-20T18:51:46.666+0000 7f65c68d8700 1 Processor -- start
2023-07-20T18:51:47.503 INFO:teuthology.orchestra.run.smithi057.stdout:/usr/bin/ceph: stderr
2023-07-20T18:51:46.666+0000 7f65c68d8700 1 -- start start
2023-07-20T18:51:47.503 INFO:teuthology.orchestra.run.smithi057.stdout:/usr/bin/ceph: stderr
2023-07-20T18:51:46.666+0000 7f65c68d8700 1 --2- >> [v2:172.21.15.57:3300/0,v1:172.21.15.57:6789/0] conn(0x7f65c007bec0 0x7f65c007a320 unknown :-1 s=NONE pgs=0 cs=0 l=0 rev1=0 crypto rx=0 tx=0 comp rx=0 tx=0).connect
2023-07-20T18:51:47.503 INFO:teuthology.orchestra.run.smithi057.stdout:/usr/bin/ceph: stderr
2023-07-20T18:51:46.666+0000 7f65c68d8700 1 -- --> [v2:172.21.15.57:3300/0,v1:172.21.15.57:6789/0] -- mon_getmap magic: 0 v1 -- 0x7f65c007a8f0 con 0x7f65c007bec0
2023-07-20T18:51:47.503 INFO:teuthology.orchestra.run.smithi057.stdout:/usr/bin/ceph: stderr
2023-07-20T18:51:46.667+0000 7f65bffff700 1 --2- >> [v2:172.21.15.57:3300/0,v1:172.21.15.57:6789/0] conn(0x7f65c007bec0 0x7f65c007a320 unknown :-1 s=BANNER_CONNECTING pgs=0 cs=0 l=0 rev1=0 crypto rx=0 tx=0 comp rx=0 tx=0)._handle_peer_banner_payload supported=3 required=0
2023-07-20T18:51:47.503 INFO:teuthology.orchestra.run.smithi057.stdout:/usr/bin/ceph: stderr
2023-07-20T18:51:46.667+0000 7f65bffff700 1 --2- >> [v2:172.21.15.57:3300/0,v1:172.21.15.57:6789/0] conn(0x7f65c007bec0 0x7f65c007a320 unknown :-1 s=HELLO_CONNECTING pgs=0 cs=0 l=0 rev1=1 crypto rx=0 tx=0 comp rx=0 tx=0).handle_hello peer v2:172.21.15.57:3300/0 says I am v2:172.21.15.57:48306/0 (socket says 172.21.15.57:48306)
2023-07-20T18:51:47.503 INFO:teuthology.orchestra.run.smithi057.stdout:/usr/bin/ceph: stderr
2023-07-20T18:51:46.667+0000 7f65bffff700 1 -- 172.21.15.57:0/2429903047 learned_addr learned my addr 172.21.15.57:0/2429903047 (peer_addr_for_me v2:172.21.15.57:0/0)
2023-07-20T18:51:47.503 INFO:teuthology.orchestra.run.smithi057.stdout:/usr/bin/ceph: stderr
2023-07-20T18:51:46.667+0000 7f65bffff700 1 -- 172.21.15.57:0/2429903047 --> [v2:172.21.15.57:3300/0,v1:172.21.15.57:6789/0] -- mon_subscribe({config=0+,monmap=0+}) v3 -- 0x7f65c007aa30 con 0x7f65c007bec0
2023-07-20T18:51:47.504 INFO:teuthology.orchestra.run.smithi057.stdout:/usr/bin/ceph: stderr
2023-07-20T18:51:46.667+0000 7f65bffff700 1 --2- 172.21.15.57:0/2429903047 >> [v2:172.21.15.57:3300/0,v1:172.21.15.57:6789/0] conn(0x7f65c007bec0 0x7f65c007a320 secure :-1 s=READY pgs=45 cs=0 l=1 rev1=1 crypto rx=0x7f65b00098a0 tx=0x7f65b0009bb0 comp rx=0 tx=0).ready entity=mon.0 client_cookie=befb992cf41f1f19 server_cookie=0 in_seq=0 out_seq=0
2023-07-20T18:51:47.504 INFO:teuthology.orchestra.run.smithi057.stdout:/usr/bin/ceph: stderr
2023-07-20T18:51:46.667+0000 7f65beffd700 1 -- 172.21.15.57:0/2429903047 <== mon.0 v2:172.21.15.57:3300/0 1 ==== mon_map magic: 0 v1 ==== 205+0+0 (secure 0 0 0) 0x7f65b0004160 con 0x7f65c007bec0
2023-07-20T18:51:47.504 INFO:teuthology.orchestra.run.smithi057.stdout:/usr/bin/ceph: stderr
2023-07-20T18:51:46.668+0000 7f65beffd700 1 -- 172.21.15.57:0/2429903047 <== mon.0 v2:172.21.15.57:3300/0 2 ==== config(27 keys) v1 ==== 1108+0+0 (secure 0 0 0) 0x7f65b00042c0 con 0x7f65c007bec0
2023-07-20T18:51:47.504 INFO:teuthology.orchestra.run.smithi057.stdout:/usr/bin/ceph: stderr
2023-07-20T18:51:46.668+0000 7f65beffd700 1 -- 172.21.15.57:0/2429903047 <== mon.0 v2:172.21.15.57:3300/0 3 ==== mon_map magic: 0 v1 ==== 205+0+0 (secure 0 0 0) 0x7f65b0011ac0 con 0x7f65c007bec0
2023-07-20T18:51:47.504 INFO:teuthology.orchestra.run.smithi057.stdout:/usr/bin/ceph: stderr
2023-07-20T18:51:46.668+0000 7f65c68d8700 1 -- 172.21.15.57:0/2429903047 >> [v2:172.21.15.57:3300/0,v1:172.21.15.57:6789/0] conn(0x7f65c007bec0 msgr2=0x7f65c007a320 secure :-1 s=STATE_CONNECTION_ESTABLISHED l=1).mark_down
2023-07-20T18:51:47.504 INFO:teuthology.orchestra.run.smithi057.stdout:/usr/bin/ceph: stderr
2023-07-20T18:51:46.668+0000 7f65c68d8700 1 --2- 172.21.15.57:0/2429903047 >> [v2:172.21.15.57:3300/0,v1:172.21.15.57:6789/0] conn(0x7f65c007bec0 0x7f65c007a320 secure :-1 s=READY pgs=45 cs=0 l=1 rev1=1 crypto rx=0x7f65b00098a0 tx=0x7f65b0009bb0 comp rx=0 tx=0).stop
2023-07-20T18:51:47.505 INFO:teuthology.orchestra.run.smithi057.stdout:/usr/bin/ceph: stderr
2023-07-20T18:51:46.668+0000 7f65c68d8700 1 -- 172.21.15.57:0/2429903047 shutdown_connections
2023-07-20T18:51:47.505 INFO:teuthology.orchestra.run.smithi057.stdout:/usr/bin/ceph: stderr
