2023-07-20T18:51:51.235+0000 7f9588265700 1 --2- >> [v2:172.21.15.57:3300/0,v1:172.21.15.57:6789/0] conn(0x7f958007be60 0x7f958019be60 unknown :-1 s=NONE pgs=0 cs=0 l=1 rev1=0 crypto rx=0 tx=0 comp rx=0 tx=0).connect
2023-07-20T18:51:51.920 INFO:teuthology.orchestra.run.smithi057.stdout:/usr/bin/ceph: stderr
2023-07-20T18:51:51.235+0000 7f9588265700 1 -- --> [v2:172.21.15.57:3300/0,v1:172.21.15.57:6789/0] -- mon_getmap magic: 0 v1 -- 0x7f958019c3a0 con 0x7f958007be60
2023-07-20T18:51:51.920 INFO:teuthology.orchestra.run.smithi057.stdout:/usr/bin/ceph: stderr
2023-07-20T18:51:51.236+0000 7f9586001700 1 --2- >> [v2:172.21.15.57:3300/0,v1:172.21.15.57:6789/0] conn(0x7f958007be60 0x7f958019be60 unknown :-1 s=BANNER_CONNECTING pgs=0 cs=0 l=1 rev1=0 crypto rx=0 tx=0 comp rx=0 tx=0)._handle_peer_banner_payload supported=3 required=0
2023-07-20T18:51:51.920 INFO:teuthology.orchestra.run.smithi057.stdout:/usr/bin/ceph: stderr
2023-07-20T18:51:51.236+0000 7f9586001700 1 --2- >> [v2:172.21.15.57:3300/0,v1:172.21.15.57:6789/0] conn(0x7f958007be60 0x7f958019be60 unknown :-1 s=HELLO_CONNECTING pgs=0 cs=0 l=1 rev1=1 crypto rx=0 tx=0 comp rx=0 tx=0).handle_hello peer v2:172.21.15.57:3300/0 says I am v2:172.21.15.57:48380/0 (socket says 172.21.15.57:48380)
2023-07-20T18:51:51.920 INFO:teuthology.orchestra.run.smithi057.stdout:/usr/bin/ceph: stderr
2023-07-20T18:51:51.236+0000 7f9586001700 1 -- 172.21.15.57:0/733303393 learned_addr learned my addr 172.21.15.57:0/733303393 (peer_addr_for_me v2:172.21.15.57:0/0)
2023-07-20T18:51:51.920 INFO:teuthology.orchestra.run.smithi057.stdout:/usr/bin/ceph: stderr
2023-07-20T18:51:51.236+0000 7f9586001700 1 -- 172.21.15.57:0/733303393 --> [v2:172.21.15.57:3300/0,v1:172.21.15.57:6789/0] -- mon_subscribe({config=0+,monmap=0+}) v3 -- 0x7f957c009550 con 0x7f958007be60
2023-07-20T18:51:51.920 INFO:teuthology.orchestra.run.smithi057.stdout:/usr/bin/ceph: stderr
2023-07-20T18:51:51.236+0000 7f9586001700 1 --2- 172.21.15.57:0/733303393 >> [v2:172.21.15.57:3300/0,v1:172.21.15.57:6789/0] conn(0x7f958007be60 0x7f958019be60 secure :-1 s=READY pgs=52 cs=0 l=1 rev1=1 crypto rx=0x7f957c003f20 tx=0x7f957c011b00 comp rx=0 tx=0).ready entity=mon.0 client_cookie=0 server_cookie=0 in_seq=0 out_seq=0
2023-07-20T18:51:51.921 INFO:teuthology.orchestra.run.smithi057.stdout:/usr/bin/ceph: stderr
2023-07-20T18:51:51.236+0000 7f9576ffd700 1 -- 172.21.15.57:0/733303393 <== mon.0 v2:172.21.15.57:3300/0 1 ==== mon_map magic: 0 v1 ==== 205+0+0 (secure 0 0 0) 0x7f957c003b20 con 0x7f958007be60
2023-07-20T18:51:51.921 INFO:teuthology.orchestra.run.smithi057.stdout:/usr/bin/ceph: stderr
2023-07-20T18:51:51.237+0000 7f9576ffd700 1 -- 172.21.15.57:0/733303393 <== mon.0 v2:172.21.15.57:3300/0 2 ==== config(27 keys) v1 ==== 1139+0+0 (secure 0 0 0) 0x7f957c01a910 con 0x7f958007be60
2023-07-20T18:51:51.921 INFO:teuthology.orchestra.run.smithi057.stdout:/usr/bin/ceph: stderr
2023-07-20T18:51:51.237+0000 7f9588265700 1 -- 172.21.15.57:0/733303393 --> [v2:172.21.15.57:3300/0,v1:172.21.15.57:6789/0] -- mon_subscribe({mgrmap=0+}) v3 -- 0x7f958019c5a0 con 0x7f958007be60
2023-07-20T18:51:51.921 INFO:teuthology.orchestra.run.smithi057.stdout:/usr/bin/ceph: stderr
2023-07-20T18:51:51.237+0000 7f9576ffd700 1 -- 172.21.15.57:0/733303393 <== mon.0 v2:172.21.15.57:3300/0 3 ==== mon_map magic: 0 v1 ==== 205+0+0 (secure 0 0 0) 0x7f957c0248c0 con 0x7f958007be60
2023-07-20T18:51:51.921 INFO:teuthology.orchestra.run.smithi057.stdout:/usr/bin/ceph: stderr
2023-07-20T18:51:51.237+0000 7f9588265700 1 -- 172.21.15.57:0/733303393 --> [v2:172.21.15.57:3300/0,v1:172.21.15.57:6789/0] -- mon_subscribe({osdmap=0}) v3 -- 0x7f958019c9c0 con 0x7f958007be60
2023-07-20T18:51:51.921 INFO:teuthology.orchestra.run.smithi057.stdout:/usr/bin/ceph: stderr
2023-07-20T18:51:51.238+0000 7f9576ffd700 1 -- 172.21.15.57:0/733303393 <== mon.0 v2:172.21.15.57:3300/0 4 ==== mgrmap(e 8) v1 ==== 45483+0+0 (secure 0 0 0) 0x7f957c01aa80 con 0x7f958007be60
2023-07-20T18:51:51.921 INFO:teuthology.orchestra.run.smithi057.stdout:/usr/bin/ceph: stderr
2023-07-20T18:51:51.238+0000 7f9588265700 1 -- 172.21.15.57:0/733303393 --> [v2:172.21.15.57:3300/0,v1:172.21.15.57:6789/0] -- mon_command({"prefix": "get_command_descriptions"} v 0) v1 -- 0x7f9580061da0 con 0x7f958007be60
2023-07-20T18:51:51.922 INFO:teuthology.orchestra.run.smithi057.stdout:/usr/bin/ceph: stderr
2023-07-20T18:51:51.238+0000 7f9576ffd700 1 --2- 172.21.15.57:0/733303393 >> [v2:172.21.15.57:6800/2188156324,v1:172.21.15.57:6801/2188156324] conn(0x7f956c038820 0x7f956c03ace0 unknown :-1 s=NONE pgs=0 cs=0 l=1 rev1=0 crypto rx=0 tx=0 comp rx=0 tx=0).connect
2023-07-20T18:51:51.922 INFO:teuthology.orchestra.run.smithi057.stdout:/usr/bin/ceph: stderr
2023-07-20T18:51:51.238+0000 7f9576ffd700 1 -- 172.21.15.57:0/733303393 <== mon.0 v2:172.21.15.57:3300/0 5 ==== osd_map(2..2 src has 1..2) v4 ==== 940+0+0 (secure 0 0 0) 0x7f957c04ca40 con 0x7f958007be60
2023-07-20T18:51:51.922 INFO:teuthology.orchestra.run.smithi057.stdout:/usr/bin/ceph: stderr
2023-07-20T18:51:51.238+0000 7f9585800700 1 --2- 172.21.15.57:0/733303393 >> [v2:172.21.15.57:6800/2188156324,v1:172.21.15.57:6801/2188156324] conn(0x7f956c038820 0x7f956c03ace0 unknown :-1 s=BANNER_CONNECTING pgs=0 cs=0 l=1 rev1=0 crypto rx=0 tx=0 comp rx=0 tx=0)._handle_peer_banner_payload supported=3 required=0
2023-07-20T18:51:51.922 INFO:teuthology.orchestra.run.smithi057.stdout:/usr/bin/ceph: stderr
2023-07-20T18:51:51.239+0000 7f9585800700 1 --2- 172.21.15.57:0/733303393 >> [v2:172.21.15.57:6800/2188156324,v1:172.21.15.57:6801/2188156324] conn(0x7f956c038820 0x7f956c03ace0 secure :-1 s=READY pgs=15 cs=0 l=1 rev1=1 crypto rx=0x7f9570006fd0 tx=0x7f9570006e40 comp rx=0 tx=0).ready entity=mgr.14118 client_cookie=0 server_cookie=0 in_seq=0 out_seq=0
2023-07-20T18:51:51.922 INFO:teuthology.orchestra.run.smithi057.stdout:/usr/bin/ceph: stderr
2023-07-20T18:51:51.243+0000 7f9576ffd700 1 -- 172.21.15.57:0/733303393 <== mon.0 v2:172.21.15.57:3300/0 6 ==== mon_command_ack([{"prefix": "get_command_descriptions"}]=0 v0) v1 ==== 72+0+178025 (secure 0 0 0) 0x7f957c01adf0 con 0x7f958007be60
2023-07-20T18:51:51.922 INFO:teuthology.orchestra.run.smithi057.stdout:/usr/bin/ceph: stderr
2023-07-20T18:51:51.455+0000 7f9588265700 1 -- 172.21.15.57:0/733303393 --> [v2:172.21.15.57:3300/0,v1:172.21.15.57:6789/0] -- mon_command([{prefix=config set, name=mgr/dashboard/ssl_server_port}] v 0) v1 -- 0x7f958019f820 con 0x7f958007be60
2023-07-20T18:51:51.922 INFO:teuthology.orchestra.run.smithi057.stdout:/usr/bin/ceph: stderr
2023-07-20T18:51:51.463+0000 7f9576ffd700 1 -- 172.21.15.57:0/733303393 <== mon.0 v2:172.21.15.57:3300/0 7 ==== mon_command_ack([{prefix=config set, name=mgr/dashboard/ssl_server_port}]=0 v8)=0 v8) v1 ==== 130+0+0 (secure 0 0 0) 0x7f957c018b40 con 0x7f958007be60
2023-07-20T18:51:51.923 INFO:teuthology.orchestra.run.smithi057.stdout:/usr/bin/ceph: stderr
2023-07-20T18:51:51.466+0000 7f9588265700 1 -- 172.21.15.57:0/733303393 >> [v2:172.21.15.57:6800/2188156324,v1:172.21.15.57:6801/2188156324] conn(0x7f956c038820 msgr2=0x7f956c03ace0 secure :-1 s=STATE_CONNECTION_ESTABLISHED l=1).mark_down
2023-07-20T18:51:51.923 INFO:teuthology.orchestra.run.smithi057.stdout:/usr/bin/ceph: stderr
2023-07-20T18:51:51.466+0000 7f9588265700 1 --2- 172.21.15.57:0/733303393 >> [v2:172.21.15.57:6800/2188156324,v1:172.21.15.57:6801/2188156324] conn(0x7f956c038820 0x7f956c03ace0 secure :-1 s=READY pgs=15 cs=0 l=1 rev1=1 crypto rx=0x7f9570006fd0 tx=0x7f9570006e40 comp rx=0 tx=0).stop
2023-07-20T18:51:51.923 INFO:teuthology.orchestra.run.smithi057.stdout:/usr/bin/ceph: stderr
2023-07-20T18:51:51.466+0000 7f9588265700 1 -- 172.21.15.57:0/733303393 >> [v2:172.21.15.57:3300/0,v1:172.21.15.57:6789/0] conn(0x7f958007be60 msgr2=0x7f958019be60 secure :-1 s=STATE_CONNECTION_ESTABLISHED l=1).mark_down
2023-07-20T18:51:51.923 INFO:teuthology.orchestra.run.smithi057.stdout:/usr/bin/ceph: stderr
2023-07-20T18:51:51.466+0000 7f9588265700 1 --2- 172.21.15.57:0/733303393 >> [v2:172.21.15.57:3300/0,v1:172.21.15.57:6789/0] conn(0x7f958007be60 0x7f958019be60 secure :-1 s=READY pgs=52 cs=0 l=1 rev1=1 crypto rx=0x7f957c003f20 tx=0x7f957c011b00 comp rx=0 tx=0).stop
2023-07-20T18:51:51.923 INFO:teuthology.orchestra.run.smithi057.stdout:/usr/bin/ceph: stderr
2023-07-20T18:51:51.466+0000 7f9588265700 1 -- 172.21.15.57:0/733303393 shutdown_connections
2023-07-20T18:51:51.923 INFO:teuthology.orchestra.run.smithi057.stdout:/usr/bin/ceph: stderr
2023-07-20T18:51:51.466+0000 7f9588265700 1 --2- 172.21.15.57:0/733303393 >> [v2:172.21.15.57:6800/2188156324,v1:172.21.15.57:6801/2188156324] conn(0x7f956c038820 0x7f956c03ace0 unknown :-1 s=CLOSED pgs=15 cs=0 l=1 rev1=1 crypto rx=0 tx=0 comp rx=0 tx=0).stop
2023-07-20T18:51:51.923 INFO:teuthology.orchestra.run.smithi057.stdout:/usr/bin/ceph: stderr
2023-07-20T18:51:51.466+0000 7f9588265700 1 --2- 172.21.15.57:0/733303393 >> [v2:172.21.15.57:3300/0,v1:172.21.15.57:6789/0] conn(0x7f958007be60 0x7f958019be60 unknown :-1 s=CLOSED pgs=52 cs=0 l=1 rev1=1 crypto rx=0 tx=0 comp rx=0 tx=0).stop
2023-07-20T18:51:51.924 INFO:teuthology.orchestra.run.smithi057.stdout:/usr/bin/ceph: stderr
2023-07-20T18:51:51.466+0000 7f9588265700 1 -- 172.21.15.57:0/733303393 >> 172.21.15.57:0/733303393 conn(0x7f9580101610 msgr2=0x7f9580102310 unknown :-1 s=STATE_NONE l=0).mark_down
2023-07-20T18:51:51.924 INFO:teuthology.orchestra.run.smithi057.stdout:/usr/bin/ceph: stderr
2023-07-20T18:51:51.466+0000 7f9588265700 1 -- 172.21.15.57:0/733303393 shutdown_connections
2023-07-20T18:51:51.924 INFO:teuthology.orchestra.run.smithi057.stdout:/usr/bin/ceph: stderr
2023-07-20T18:51:51.466+0000 7f9588265700 1 -- 172.21.15.57:0/733303393 wait complete.
2023-07-20T18:51:51.924 INFO:teuthology.orchestra.run.smithi057.stdout:Enabling the dashboard module...
2023-07-20T18:51:52.723 INFO:journalctl@ceph.mon.a.smithi057.stdout:Jul 20 18:51:52 smithi057 ceph-mon[126340]: from='mgr.14118 172.21.15.57:0/2998338399' entity='mgr.x'
2023-07-20T18:51:52.723 INFO:journalctl@ceph.mon.a.smithi057.stdout:Jul 20 18:51:52 smithi057 ceph-mon[126340]: from='client.? 172.21.15.57:0/733303393' entity='client.admin'
2023-07-20T18:51:54.116 INFO:journalctl@ceph.mon.a.smithi057.stdout:Jul 20 18:51:53 smithi057 ceph-mon[126340]: from='client.? 172.21.15.57:0/511544864' entity='client.admin' cmd=[{"prefix": "mgr module enable", "module": "dashboard"}]: dispatch
2023-07-20T18:51:54.116 INFO:journalctl@ceph.mon.a.smithi057.stdout:Jul 20 18:51:53 smithi057 ceph-mon[126340]: from='mgr.14118 172.21.15.57:0/2998338399' entity='mgr.x'
2023-07-20T18:51:54.116 INFO:journalctl@ceph.mgr.x.smithi057.stdout:Jul 20 18:51:53 smithi057 ceph-38a58c3c-272e-11ee-9b34-001a4aab830c-mgr-x[126584]: ignoring --setuser ceph since I am not root
2023-07-20T18:51:54.116 INFO:journalctl@ceph.mgr.x.smithi057.stdout:Jul 20 18:51:53 smithi057 ceph-38a58c3c-272e-11ee-9b34-001a4aab830c-mgr-x[126584]: ignoring --setgroup ceph since I am not root
2023-07-20T18:51:54.116 INFO:journalctl@ceph.mgr.x.smithi057.stdout:Jul 20 18:51:54 smithi057 ceph-38a58c3c-272e-11ee-9b34-001a4aab830c-mgr-x[126584]:
2023-07-20T18:51:54.078+0000 7f042cfd7200 -1 mgr[py] Module devicehealth has missing NOTIFY_TYPES member
2023-07-20T18:51:54.392 INFO:journalctl@ceph.mgr.x.smithi057.stdout:Jul 20 18:51:54 smithi057 ceph-38a58c3c-272e-11ee-9b34-001a4aab830c-mgr-x[126584]:
2023-07-20T18:51:54.185+0000 7f042cfd7200 -1 mgr[py] Module osd_support has missing NOTIFY_TYPES member
2023-07-20T18:51:54.393 INFO:journalctl@ceph.mgr.x.smithi057.stdout:Jul 20 18:51:54 smithi057 ceph-38a58c3c-272e-11ee-9b34-001a4aab830c-mgr-x[126584]:
2023-07-20T18:51:54.304+0000 7f042cfd7200 -1 mgr[py] Module snap_schedule has missing NOTIFY_TYPES member
2023-07-20T18:51:54.399 INFO:teuthology.orchestra.run.smithi057.stdout:/usr/bin/ceph: stderr
2023-07-20T18:51:52.476+0000 7ff3d412e700 1 Processor -- start
2023-07-20T18:51:54.399 INFO:teuthology.orchestra.run.smithi057.stdout:/usr/bin/ceph: stderr
2023-07-20T18:51:52.476+0000 7ff3d412e700 1 -- start start
2023-07-20T18:51:54.399 INFO:teuthology.orchestra.run.smithi057.stdout:/usr/bin/ceph: stderr
2023-07-20T18:51:52.476+0000 7ff3d412e700 1 --2- >> [v2:172.21.15.57:3300/0,v1:172.21.15.57:6789/0] conn(0x7ff3cc106b60 0x7ff3cc108f50 unknown :-1 s=NONE pgs=0 cs=0 l=0 rev1=0 crypto rx=0 tx=0 comp rx=0 tx=0).connect
2023-07-20T18:51:54.399 INFO:teuthology.orchestra.run.smithi057.stdout:/usr/bin/ceph: stderr
2023-07-20T18:51:52.476+0000 7ff3d412e700 1 -- --> [v2:172.21.15.57:3300/0,v1:172.21.15.57:6789/0] -- mon_getmap magic: 0 v1 -- 0x7ff3cc079e30 con 0x7ff3cc106b60
2023-07-20T18:51:54.400 INFO:teuthology.orchestra.run.smithi057.stdout:/usr/bin/ceph: stderr
2023-07-20T18:51:52.476+0000 7ff3d1eca700 1 --2- >> [v2:172.21.15.57:3300/0,v1:172.21.15.57:6789/0] conn(0x7ff3cc106b60 0x7ff3cc108f50 unknown :-1 s=BANNER_CONNECTING pgs=0 cs=0 l=0 rev1=0 crypto rx=0 tx=0 comp rx=0 tx=0)._handle_peer_banner_payload supported=3 required=0
2023-07-20T18:51:54.400 INFO:teuthology.orchestra.run.smithi057.stdout:/usr/bin/ceph: stderr
2023-07-20T18:51:52.476+0000 7ff3d1eca700 1 --2- >> [v2:172.21.15.57:3300/0,v1:172.21.15.57:6789/0] conn(0x7ff3cc106b60 0x7ff3cc108f50 unknown :-1 s=HELLO_CONNECTING pgs=0 cs=0 l=0 rev1=1 crypto rx=0 tx=0 comp rx=0 tx=0).handle_hello peer v2:172.21.15.57:3300/0 says I am v2:172.21.15.57:48394/0 (socket says 172.21.15.57:48394)
2023-07-20T18:51:54.400 INFO:teuthology.orchestra.run.smithi057.stdout:/usr/bin/ceph: stderr
2023-07-20T18:51:52.476+0000 7ff3d1eca700 1 -- 172.21.15.57:0/617799724 learned_addr learned my addr 172.21.15.57:0/617799724 (peer_addr_for_me v2:172.21.15.57:0/0)
2023-07-20T18:51:54.400 INFO:teuthology.orchestra.run.smithi057.stdout:/usr/bin/ceph: stderr
2023-07-20T18:51:52.477+0000 7ff3d1eca700 1 -- 172.21.15.57:0/617799724 --> [v2:172.21.15.57:3300/0,v1:172.21.15.57:6789/0] -- mon_subscribe({config=0+,monmap=0+}) v3 -- 0x7ff3cc109490 con 0x7ff3cc106b60
2023-07-20T18:51:54.400 INFO:teuthology.orchestra.run.smithi057.stdout:/usr/bin/ceph: stderr
2023-07-20T18:51:52.477+0000 7ff3d1eca700 1 --2- 172.21.15.57:0/617799724 >> [v2:172.21.15.57:3300/0,v1:172.21.15.57:6789/0] conn(0x7ff3cc106b60 0x7ff3cc108f50 secure :-1 s=READY pgs=53 cs=0 l=1 rev1=1 crypto rx=0x7ff3c80098a0 tx=0x7ff3c8009bb0 comp rx=0 tx=0).ready entity=mon.0 client_cookie=7c4c9ba0a1ca2749 server_cookie=0 in_seq=0 out_seq=0
2023-07-20T18:51:54.400 INFO:teuthology.orchestra.run.smithi057.stdout:/usr/bin/ceph: stderr
2023-07-20T18:51:52.477+0000 7ff3d0ec8700 1 -- 172.21.15.57:0/617799724 <== mon.0 v2:172.21.15.57:3300/0 1 ==== mon_map magic: 0 v1 ==== 205+0+0 (secure 0 0 0) 0x7ff3c8004160 con 0x7ff3cc106b60
2023-07-20T18:51:54.400 INFO:teuthology.orchestra.run.smithi057.stdout:/usr/bin/ceph: stderr
2023-07-20T18:51:52.477+0000 7ff3d0ec8700 1 -- 172.21.15.57:0/617799724 <== mon.0 v2:172.21.15.57:3300/0 2 ==== config(27 keys) v1 ==== 1139+0+0 (secure 0 0 0) 0x7ff3c80042c0 con 0x7ff3cc106b60
2023-07-20T18:51:54.401 INFO:teuthology.orchestra.run.smithi057.stdout:/usr/bin/ceph: stderr
2023-07-20T18:51:52.477+0000 7ff3d0ec8700 1 -- 172.21.15.57:0/617799724 <== mon.0 v2:172.21.15.57:3300/0 3 ==== mon_map magic: 0 v1 ==== 205+0+0 (secure 0 0 0) 0x7ff3c8011a80 con 0x7ff3cc106b60
2023-07-20T18:51:54.401 INFO:teuthology.orchestra.run.smithi057.stdout:/usr/bin/ceph: stderr
2023-07-20T18:51:52.478+0000 7ff3d412e700 1 -- 172.21.15.57:0/617799724 >> [v2:172.21.15.57:3300/0,v1:172.21.15.57:6789/0] conn(0x7ff3cc106b60 msgr2=0x7ff3cc108f50 secure :-1 s=STATE_CONNECTION_ESTABLISHED l=1).mark_down
2023-07-20T18:51:54.401 INFO:teuthology.orchestra.run.smithi057.stdout:/usr/bin/ceph: stderr
2023-07-20T18:51:52.478+0000 7ff3d412e700 1 --2- 172.21.15.57:0/617799724 >> [v2:172.21.15.57:3300/0,v1:172.21.15.57:6789/0] conn(0x7ff3cc106b60 0x7ff3cc108f50 secure :-1 s=READY pgs=53 cs=0 l=1 rev1=1 crypto rx=0x7ff3c80098a0 tx=0x7ff3c8009bb0 comp rx=0 tx=0).stop
2023-07-20T18:51:54.401 INFO:teuthology.orchestra.run.smithi057.stdout:/usr/bin/ceph: stderr
2023-07-20T18:51:52.478+0000 7ff3d412e700 1 -- 172.21.15.57:0/617799724 shutdown_connections
2023-07-20T18:51:54.401 INFO:teuthology.orchestra.run.smithi057.stdout:/usr/bin/ceph: stderr
2023-07-20T18:51:52.478+0000 7ff3d412e700 1 --2- 172.21.15.57:0/617799724 >> [v2:172.21.15.57:3300/0,v1:172.21.15.57:6789/0] conn(0x7ff3cc106b60 0x7ff3cc108f50 unknown :-1 s=CLOSED pgs=53 cs=0 l=1 rev1=1 crypto rx=0 tx=0 comp rx=0 tx=0).stop
2023-07-20T18:51:54.401 INFO:teuthology.orchestra.run.smithi057.stdout:/usr/bin/ceph: stderr
2023-07-20T18:51:52.478+0000 7ff3d412e700 1 -- 172.21.15.57:0/617799724 >> 172.21.15.57:0/617799724 conn(0x7ff3cc100510 msgr2=0x7ff3cc102950 unknown :-1 s=STATE_NONE l=0).mark_down
2023-07-20T18:51:54.402 INFO:teuthology.orchestra.run.smithi057.stdout:/usr/bin/ceph: stderr
2023-07-20T18:51:52.478+0000 7ff3d412e700 1 -- 172.21.15.57:0/617799724 shutdown_connections
2023-07-20T18:51:54.402 INFO:teuthology.orchestra.run.smithi057.stdout:/usr/bin/ceph: stderr
2023-07-20T18:51:52.478+0000 7ff3d412e700 1 -- 172.21.15.57:0/617799724 wait complete.
2023-07-20T18:51:54.402 INFO:teuthology.orchestra.run.smithi057.stdout:/usr/bin/ceph: stderr
2023-07-20T18:51:52.479+0000 7ff3d412e700 1 Processor -- start
2023-07-20T18:51:54.402 INFO:teuthology.orchestra.run.smithi057.stdout:/usr/bin/ceph: stderr
2023-07-20T18:51:52.479+0000 7ff3d412e700 1 -- start start
2023-07-20T18:51:54.402 INFO:teuthology.orchestra.run.smithi057.stdout:/usr/bin/ceph: stderr
2023-07-20T18:51:52.480+0000 7ff3d412e700 1 --2- >> [v2:172.21.15.57:3300/0,v1:172.21.15.57:6789/0] conn(0x7ff3cc106b60 0x7ff3cc1064c0 unknown :-1 s=NONE pgs=0 cs=0 l=1 rev1=0 crypto rx=0 tx=0 comp rx=0 tx=0).connect
2023-07-20T18:51:54.402 INFO:teuthology.orchestra.run.smithi057.stdout:/usr/bin/ceph: stderr
2023-07-20T18:51:52.480+0000 7ff3d412e700 1 -- --> [v2:172.21.15.57:3300/0,v1:172.21.15.57:6789/0] -- mon_getmap magic: 0 v1 -- 0x7ff3cc106a00 con 0x7ff3cc106b60
2023-07-20T18:51:54.402 INFO:teuthology.orchestra.run.smithi057.stdout:/usr/bin/ceph: stderr
2023-07-20T18:51:52.480+0000 7ff3d1eca700 1 --2- >> [v2:172.21.15.57:3300/0,v1:172.21.15.57:6789/0] conn(0x7ff3cc106b60 0x7ff3cc1064c0 unknown :-1 s=BANNER_CONNECTING pgs=0 cs=0 l=1 rev1=0 crypto rx=0 tx=0 comp rx=0 tx=0)._handle_peer_banner_payload supported=3 required=0
2023-07-20T18:51:54.403 INFO:teuthology.orchestra.run.smithi057.stdout:/usr/bin/ceph: stderr
2023-07-20T18:51:52.480+0000 7ff3d1eca700 1 --2- >> [v2:172.21.15.57:3300/0,v1:172.21.15.57:6789/0] conn(0x7ff3cc106b60 0x7ff3cc1064c0 unknown :-1 s=HELLO_CONNECTING pgs=0 cs=0 l=1 rev1=1 crypto rx=0 tx=0 comp rx=0 tx=0).handle_hello peer v2:172.21.15.57:3300/0 says I am v2:172.21.15.57:48406/0 (socket says 172.21.15.57:48406)
2023-07-20T18:51:54.403 INFO:teuthology.orchestra.run.smithi057.stdout:/usr/bin/ceph: stderr
2023-07-20T18:51:52.480+0000 7ff3d1eca700 1 -- 172.21.15.57:0/511544864 learned_addr learned my addr 172.21.15.57:0/511544864 (peer_addr_for_me v2:172.21.15.57:0/0)
2023-07-20T18:51:54.403 INFO:teuthology.orchestra.run.smithi057.stdout:/usr/bin/ceph: stderr
2023-07-20T18:51:52.480+0000 7ff3d1eca700 1 -- 172.21.15.57:0/511544864 --> [v2:172.21.15.57:3300/0,v1:172.21.15.57:6789/0] -- mon_subscribe({config=0+,monmap=0+}) v3 -- 0x7ff3c8009550 con 0x7ff3cc106b60
2023-07-20T18:51:54.405 INFO:teuthology.orchestra.run.smithi057.stdout:/usr/bin/ceph: stderr
2023-07-20T18:51:52.481+0000 7ff3d1eca700 1 --2- 172.21.15.57:0/511544864 >> [v2:172.21.15.57:3300/0,v1:172.21.15.57:6789/0] conn(0x7ff3cc106b60 0x7ff3cc1064c0 secure :-1 s=READY pgs=54 cs=0 l=1 rev1=1 crypto rx=0x7ff3c8003f20 tx=0x7ff3c8011b00 comp rx=0 tx=0).ready entity=mon.0 client_cookie=0 server_cookie=0 in_seq=0 out_seq=0
2023-07-20T18:51:54.406 INFO:teuthology.orchestra.run.smithi057.stdout:/usr/bin/ceph: stderr
2023-07-20T18:51:52.481+0000 7ff3c2ffd700 1 -- 172.21.15.57:0/511544864 <== mon.0 v2:172.21.15.57:3300/0 1 ==== mon_map magic: 0 v1 ==== 205+0+0 (secure 0 0 0) 0x7ff3c8003b20 con 0x7ff3cc106b60
2023-07-20T18:51:54.406 INFO:teuthology.orchestra.run.smithi057.stdout:/usr/bin/ceph: stderr
2023-07-20T18:51:52.481+0000 7ff3c2ffd700 1 -- 172.21.15.57:0/511544864 <== mon.0 v2:172.21.15.57:3300/0 2 ==== config(27 keys) v1 ==== 1139+0+0 (secure 0 0 0) 0x7ff3c801a910 con 0x7ff3cc106b60
2023-07-20T18:51:54.406 INFO:teuthology.orchestra.run.smithi057.stdout:/usr/bin/ceph: stderr
2023-07-20T18:51:52.481+0000 7ff3d412e700 1 -- 172.21.15.57:0/511544864 --> [v2:172.21.15.57:3300/0,v1:172.21.15.57:6789/0] -- mon_subscribe({mgrmap=0+}) v3 -- 0x7ff3cc104b10 con 0x7ff3cc106b60
2023-07-20T18:51:54.406 INFO:teuthology.orchestra.run.smithi057.stdout:/usr/bin/ceph: stderr
2023-07-20T18:51:52.481+0000 7ff3c2ffd700 1 -- 172.21.15.57:0/511544864 <== mon.0 v2:172.21.15.57:3300/0 3 ==== mon_map magic: 0 v1 ==== 205+0+0 (secure 0 0 0) 0x7ff3c80248c0 con 0x7ff3cc106b60
2023-07-20T18:51:54.406 INFO:teuthology.orchestra.run.smithi057.stdout:/usr/bin/ceph: stderr
2023-07-20T18:51:52.481+0000 7ff3d412e700 1 -- 172.21.15.57:0/511544864 --> [v2:172.21.15.57:3300/0,v1:172.21.15.57:6789/0] -- mon_subscribe({osdmap=0}) v3 -- 0x7ff3cc104f30 con 0x7ff3cc106b60
2023-07-20T18:51:54.406 INFO:teuthology.orchestra.run.smithi057.stdout:/usr/bin/ceph: stderr
2023-07-20T18:51:52.482+0000 7ff3c2ffd700 1 -- 172.21.15.57:0/511544864 <== mon.0 v2:172.21.15.57:3300/0 4 ==== mgrmap(e 8) v1 ==== 45483+0+0 (secure 0 0 0) 0x7ff3c801a430 con 0x7ff3cc106b60
2023-07-20T18:51:54.407 INFO:teuthology.orchestra.run.smithi057.stdout:/usr/bin/ceph: stderr
2023-07-20T18:51:52.483+0000 7ff3d412e700 1 -- 172.21.15.57:0/511544864 --> [v2:172.21.15.57:3300/0,v1:172.21.15.57:6789/0] -- mon_command({"prefix": "get_command_descriptions"} v 0) v1 -- 0x7ff3cc10a280 con 0x7ff3cc106b60
2023-07-20T18:51:54.407 INFO:teuthology.orchestra.run.smithi057.stdout:/usr/bin/ceph: stderr
2023-07-20T18:51:52.483+0000 7ff3c2ffd700 1 --2- 172.21.15.57:0/511544864 >> [v2:172.21.15.57:6800/2188156324,v1:172.21.15.57:6801/2188156324] conn(0x7ff3b80387d0 0x7ff3b803ac90 unknown :-1 s=NONE pgs=0 cs=0 l=1 rev1=0 crypto rx=0 tx=0 comp rx=0 tx=0).connect
2023-07-20T18:51:54.407 INFO:teuthology.orchestra.run.smithi057.stdout:/usr/bin/ceph: stderr
2023-07-20T18:51:52.483+0000 7ff3c2ffd700 1 -- 172.21.15.57:0/511544864 <== mon.0 v2:172.21.15.57:3300/0 5 ==== osd_map(2..2 src has 1..2) v4 ==== 940+0+0 (secure 0 0 0) 0x7ff3c804cb50 con 0x7ff3cc106b60
2023-07-20T18:51:54.407 INFO:teuthology.orchestra.run.smithi057.stdout:/usr/bin/ceph: stderr
2023-07-20T18:51:52.483+0000 7ff3d16c9700 1 --2- 172.21.15.57:0/511544864 >> [v2:172.21.15.57:6800/2188156324,v1:172.21.15.57:6801/2188156324] conn(0x7ff3b80387d0 0x7ff3b803ac90 unknown :-1 s=BANNER_CONNECTING pgs=0 cs=0 l=1 rev1=0 crypto rx=0 tx=0 comp rx=0 tx=0)._handle_peer_banner_payload supported=3 required=0
2023-07-20T18:51:54.407 INFO:teuthology.orchestra.run.smithi057.stdout:/usr/bin/ceph: stderr
2023-07-20T18:51:52.484+0000 7ff3d16c9700 1 --2- 172.21.15.57:0/511544864 >> [v2:172.21.15.57:6800/2188156324,v1:172.21.15.57:6801/2188156324] conn(0x7ff3b80387d0 0x7ff3b803ac90 secure :-1 s=READY pgs=16 cs=0 l=1 rev1=1 crypto rx=0x7ff3bc006fd0 tx=0x7ff3bc006e40 comp rx=0 tx=0).ready entity=mgr.14118 client_cookie=0 server_cookie=0 in_seq=0 out_seq=0
2023-07-20T18:51:54.407 INFO:teuthology.orchestra.run.smithi057.stdout:/usr/bin/ceph: stderr
2023-07-20T18:51:52.488+0000 7ff3c2ffd700 1 -- 172.21.15.57:0/511544864 <== mon.0 v2:172.21.15.57:3300/0 6 ==== mon_command_ack([{"prefix": "get_command_descriptions"}]=0 v0) v1 ==== 72+0+178025 (secure 0 0 0) 0x7ff3c801adf0 con 0x7ff3cc106b60
2023-07-20T18:51:54.408 INFO:teuthology.orchestra.run.smithi057.stdout:/usr/bin/ceph: stderr
2023-07-20T18:51:52.774+0000 7ff3d412e700 1 -- 172.21.15.57:0/511544864 --> [v2:172.21.15.57:3300/0,v1:172.21.15.57:6789/0] -- mon_command({"prefix": "mgr module enable", "module": "dashboard"} v 0) v1 -- 0x7ff3cc10a4a0 con 0x7ff3cc106b60
2023-07-20T18:51:54.408 INFO:teuthology.orchestra.run.smithi057.stdout:/usr/bin/ceph: stderr
2023-07-20T18:51:53.769+0000 7ff3c2ffd700 1 -- 172.21.15.57:0/511544864 <== mon.0 v2:172.21.15.57:3300/0 7 ==== mgrmap(e 9) v1 ==== 45496+0+0 (secure 0 0 0) 0x7ff3c802d770 con 0x7ff3cc106b60
2023-07-20T18:51:54.408 INFO:teuthology.orchestra.run.smithi057.stdout:/usr/bin/ceph: stderr
2023-07-20T18:51:53.771+0000 7ff3c2ffd700 1 -- 172.21.15.57:0/511544864 <== mon.0 v2:172.21.15.57:3300/0 8 ==== mon_command_ack([{"prefix": "mgr module enable", "module": "dashboard"}]=0 v9) v1 ==== 88+0+0 (secure 0 0 0) 0x7ff3c802a2a0 con 0x7ff3cc106b60
2023-07-20T18:51:54.408 INFO:teuthology.orchestra.run.smithi057.stdout:/usr/bin/ceph: stderr
2023-07-20T18:51:53.774+0000 7ff3d412e700 1 -- 172.21.15.57:0/511544864 >> [v2:172.21.15.57:6800/2188156324,v1:172.21.15.57:6801/2188156324] conn(0x7ff3b80387d0 msgr2=0x7ff3b803ac90 secure :-1 s=STATE_CONNECTION_ESTABLISHED l=1).mark_down
2023-07-20T18:51:54.408 INFO:teuthology.orchestra.run.smithi057.stdout:/usr/bin/ceph: stderr
2023-07-20T18:51:53.774+0000 7ff3d412e700 1 --2- 172.21.15.57:0/511544864 >> [v2:172.21.15.57:6800/2188156324,v1:172.21.15.57:6801/2188156324] conn(0x7ff3b80387d0 0x7ff3b803ac90 secure :-1 s=READY pgs=16 cs=0 l=1 rev1=1 crypto rx=0x7ff3bc006fd0 tx=0x7ff3bc006e40 comp rx=0 tx=0).stop
2023-07-20T18:51:54.408 INFO:teuthology.orchestra.run.smithi057.stdout:/usr/bin/ceph: stderr
2023-07-20T18:51:53.774+0000 7ff3d412e700 1 -- 172.21.15.57:0/511544864 >> [v2:172.21.15.57:3300/0,v1:172.21.15.57:6789/0] conn(0x7ff3cc106b60 msgr2=0x7ff3cc1064c0 secure :-1 s=STATE_CONNECTION_ESTABLISHED l=1).mark_down
2023-07-20T18:51:54.409 INFO:teuthology.orchestra.run.smithi057.stdout:/usr/bin/ceph: stderr
2023-07-20T18:51:53.774+0000 7ff3d412e700 1 --2- 172.21.15.57:0/511544864 >> [v2:172.21.15.57:3300/0,v1:172.21.15.57:6789/0] conn(0x7ff3cc106b60 0x7ff3cc1064c0 secure :-1 s=READY pgs=54 cs=0 l=1 rev1=1 crypto rx=0x7ff3c8003f20 tx=0x7ff3c8011b00 comp rx=0 tx=0).stop
2023-07-20T18:51:54.409 INFO:teuthology.orchestra.run.smithi057.stdout:/usr/bin/ceph: stderr
2023-07-20T18:51:53.774+0000 7ff3d412e700 1 -- 172.21.15.57:0/511544864 shutdown_connections
2023-07-20T18:51:54.409 INFO:teuthology.orchestra.run.smithi057.stdout:/usr/bin/ceph: stderr
2023-07-20T18:51:53.774+0000 7ff3d412e700 1 --2- 172.21.15.57:0/511544864 >> [v2:172.21.15.57:6800/2188156324,v1:172.21.15.57:6801/2188156324] conn(0x7ff3b80387d0 0x7ff3b803ac90 unknown :-1 s=CLOSED pgs=16 cs=0 l=1 rev1=1 crypto rx=0 tx=0 comp rx=0 tx=0).stop
2023-07-20T18:51:54.409 INFO:teuthology.orchestra.run.smithi057.stdout:/usr/bin/ceph: stderr
2023-07-20T18:51:53.774+0000 7ff3d412e700 1 --2- 172.21.15.57:0/511544864 >> [v2:172.21.15.57:3300/0,v1:172.21.15.57:6789/0] conn(0x7ff3cc106b60 0x7ff3cc1064c0 unknown :-1 s=CLOSED pgs=54 cs=0 l=1 rev1=1 crypto rx=0 tx=0 comp rx=0 tx=0).stop
2023-07-20T18:51:54.409 INFO:teuthology.orchestra.run.smithi057.stdout:/usr/bin/ceph: stderr
2023-07-20T18:51:53.774+0000 7ff3d412e700 1 -- 172.21.15.57:0/511544864 >> 172.21.15.57:0/511544864 conn(0x7ff3cc100510 msgr2=0x7ff3cc101230 unknown :-1 s=STATE_NONE l=0).mark_down
2023-07-20T18:51:54.409 INFO:teuthology.orchestra.run.smithi057.stdout:/usr/bin/ceph: stderr
2023-07-20T18:51:53.775+0000 7ff3d412e700 1 -- 172.21.15.57:0/511544864 shutdown_connections
2023-07-20T18:51:54.409 INFO:teuthology.orchestra.run.smithi057.stdout:/usr/bin/ceph: stderr
2023-07-20T18:51:53.775+0000 7ff3d412e700 1 -- 172.21.15.57:0/511544864 wait complete.
2023-07-20T18:51:54.720 INFO:journalctl@ceph.mgr.x.smithi057.stdout:Jul 20 18:51:54 smithi057 ceph-38a58c3c-272e-11ee-9b34-001a4aab830c-mgr-x[126584]:
2023-07-20T18:51:54.441+0000 7f042cfd7200 -1 mgr[py] Module zabbix has missing NOTIFY_TYPES member
2023-07-20T18:51:54.720 INFO:journalctl@ceph.mgr.x.smithi057.stdout:Jul 20 18:51:54 smithi057 ceph-38a58c3c-272e-11ee-9b34-001a4aab830c-mgr-x[126584]:
2023-07-20T18:51:54.682+0000 7f042cfd7200 -1 mgr[py] Module crash has missing NOTIFY_TYPES member
2023-07-20T18:51:54.973 INFO:journalctl@ceph.mon.a.smithi057.stdout:Jul 20 18:51:54 smithi057 ceph-mon[126340]: from='client.? 172.21.15.57:0/511544864' entity='client.admin' cmd='[{"prefix": "mgr module enable", "module": "dashboard"}]': finished
2023-07-20T18:51:54.973 INFO:journalctl@ceph.mon.a.smithi057.stdout:Jul 20 18:51:54 smithi057 ceph-mon[126340]: mgrmap e9: x(active, since 19s)
2023-07-20T18:51:55.445 INFO:journalctl@ceph.mgr.x.smithi057.stdout:Jul 20 18:51:55 smithi057 ceph-38a58c3c-272e-11ee-9b34-001a4aab830c-mgr-x[126584]:
2023-07-20T18:51:55.097+0000 7f042cfd7200 -1 mgr[py] Module prometheus has missing NOTIFY_TYPES member
2023-07-20T18:51:55.445 INFO:journalctl@ceph.mgr.x.smithi057.stdout:Jul 20 18:51:55 smithi057 ceph-38a58c3c-272e-11ee-9b34-001a4aab830c-mgr-x[126584]:
2023-07-20T18:51:55.228+0000 7f042cfd7200 -1 mgr[py] Module status has missing NOTIFY_TYPES member
2023-07-20T18:51:55.714 INFO:journalctl@ceph.mgr.x.smithi057.stdout:Jul 20 18:51:55 smithi057 ceph-38a58c3c-272e-11ee-9b34-001a4aab830c-mgr-x[126584]:
2023-07-20T18:51:55.407+0000 7f042cfd7200 -1 mgr[py] Module selftest has missing NOTIFY_TYPES member
2023-07-20T18:51:55.714 INFO:journalctl@ceph.mgr.x.smithi057.stdout:Jul 20 18:51:55 smithi057 ceph-38a58c3c-272e-11ee-9b34-001a4aab830c-mgr-x[126584]:
2023-07-20T18:51:55.535+0000 7f042cfd7200 -1 mgr[py] Module alerts has missing NOTIFY_TYPES member
2023-07-20T18:51:55.973 INFO:journalctl@ceph.mon.a.smithi057.stdout:Jul 20 18:51:55 smithi057 ceph-mon[126340]: from='client.? 172.21.15.57:0/1590438538' entity='client.admin' cmd=[{"prefix": "mgr stat"}]: dispatch
2023-07-20T18:51:56.115 INFO:teuthology.orchestra.run.smithi057.stdout:/usr/bin/ceph: stdout {
2023-07-20T18:51:56.115 INFO:teuthology.orchestra.run.smithi057.stdout:/usr/bin/ceph: stdout "epoch": 9,
2023-07-20T18:51:56.115 INFO:teuthology.orchestra.run.smithi057.stdout:/usr/bin/ceph: stdout "available": true,
2023-07-20T18:51:56.115 INFO:teuthology.orchestra.run.smithi057.stdout:/usr/bin/ceph: stdout "active_name": "x",
2023-07-20T18:51:56.116 INFO:teuthology.orchestra.run.smithi057.stdout:/usr/bin/ceph: stdout "num_standby": 0
2023-07-20T18:51:56.116 INFO:teuthology.orchestra.run.smithi057.stdout:/usr/bin/ceph: stdout }
2023-07-20T18:51:56.116 INFO:teuthology.orchestra.run.smithi057.stdout:/usr/bin/ceph: stderr
2023-07-20T18:51:55.374+0000 7f08c1c60700 1 Processor -- start
2023-07-20T18:51:56.116 INFO:teuthology.orchestra.run.smithi057.stdout:/usr/bin/ceph: stderr
2023-07-20T18:51:55.374+0000 7f08c1c60700 1 -- start start
2023-07-20T18:51:56.116 INFO:teuthology.orchestra.run.smithi057.stdout:/usr/bin/ceph: stderr
2023-07-20T18:51:55.375+0000 7f08c1c60700 1 --2- >> [v2:172.21.15.57:3300/0,v1:172.21.15.57:6789/0] conn(0x7f08bc07be60 0x7f08bc07a2c0 unknown :-1 s=NONE pgs=0 cs=0 l=0 rev1=0 crypto rx=0 tx=0 comp rx=0 tx=0).connect
2023-07-20T18:51:56.116 INFO:teuthology.orchestra.run.smithi057.stdout:/usr/bin/ceph: stderr
2023-07-20T18:51:55.375+0000 7f08c1c60700 1 -- --> [v2:172.21.15.57:3300/0,v1:172.21.15.57:6789/0] -- mon_getmap magic: 0 v1 -- 0x7f08bc07a890 con 0x7f08bc07be60
2023-07-20T18:51:56.116 INFO:teuthology.orchestra.run.smithi057.stdout:/usr/bin/ceph: stderr
2023-07-20T18:51:55.375+0000 7f08bb7fe700 1 --2- >> [v2:172.21.15.57:3300/0,v1:172.21.15.57:6789/0] conn(0x7f08bc07be60 0x7f08bc07a2c0 unknown :-1 s=BANNER_CONNECTING pgs=0 cs=0 l=0 rev1=0 crypto rx=0 tx=0 comp rx=0 tx=0)._handle_peer_banner_payload supported=3 required=0
2023-07-20T18:51:56.117 INFO:teuthology.orchestra.run.smithi057.stdout:/usr/bin/ceph: stderr
2023-07-20T18:51:55.375+0000 7f08bb7fe700 1 --2- >> [v2:172.21.15.57:3300/0,v1:172.21.15.57:6789/0] conn(0x7f08bc07be60 0x7f08bc07a2c0 unknown :-1 s=HELLO_CONNECTING pgs=0 cs=0 l=0 rev1=1 crypto rx=0 tx=0 comp rx=0 tx=0).handle_hello peer v2:172.21.15.57:3300/0 says I am v2:172.21.15.57:33020/0 (socket says 172.21.15.57:33020)
2023-07-20T18:51:56.117 INFO:teuthology.orchestra.run.smithi057.stdout:/usr/bin/ceph: stderr
2023-07-20T18:51:55.375+0000 7f08bb7fe700 1 -- 172.21.15.57:0/1909192091 learned_addr learned my addr 172.21.15.57:0/1909192091 (peer_addr_for_me v2:172.21.15.57:0/0)
2023-07-20T18:51:56.117 INFO:teuthology.orchestra.run.smithi057.stdout:/usr/bin/ceph: stderr
2023-07-20T18:51:55.376+0000 7f08bb7fe700 1 -- 172.21.15.57:0/1909192091 --> [v2:172.21.15.57:3300/0,v1:172.21.15.57:6789/0] -- mon_subscribe({config=0+,monmap=0+}) v3 -- 0x7f08bc07a9d0 con 0x7f08bc07be60
2023-07-20T18:51:56.117 INFO:teuthology.orchestra.run.smithi057.stdout:/usr/bin/ceph: stderr
2023-07-20T18:51:55.376+0000 7f08bb7fe700 1 --2- 172.21.15.57:0/1909192091 >> [v2:172.21.15.57:3300/0,v1:172.21.15.57:6789/0] conn(0x7f08bc07be60 0x7f08bc07a2c0 secure :-1 s=READY pgs=57 cs=0 l=1 rev1=1 crypto rx=0x7f08ac0098a0 tx=0x7f08ac009bb0 comp rx=0 tx=0).ready entity=mon.0 client_cookie=8f4bc5f232346c7b server_cookie=0 in_seq=0 out_seq=0
2023-07-20T18:51:56.117 INFO:teuthology.orchestra.run.smithi057.stdout:/usr/bin/ceph: stderr
2023-07-20T18:51:55.376+0000 7f08ba7fc700 1 -- 172.21.15.57:0/1909192091 <== mon.0 v2:172.21.15.57:3300/0 1 ==== mon_map magic: 0 v1 ==== 205+0+0 (secure 0 0 0) 0x7f08ac004160 con 0x7f08bc07be60
2023-07-20T18:51:56.117 INFO:teuthology.orchestra.run.smithi057.stdout:/usr/bin/ceph: stderr
2023-07-20T18:51:55.376+0000 7f08ba7fc700 1 -- 172.21.15.57:0/1909192091 <== mon.0 v2:172.21.15.57:3300/0 2 ==== config(27 keys) v1 ==== 1139+0+0 (secure 0 0 0) 0x7f08ac0042c0 con 0x7f08bc07be60
2023-07-20T18:51:56.117 INFO:teuthology.orchestra.run.smithi057.stdout:/usr/bin/ceph: stderr
2023-07-20T18:51:55.376+0000 7f08ba7fc700 1 -- 172.21.15.57:0/1909192091 <== mon.0 v2:172.21.15.57:3300/0 3 ==== mon_map magic: 0 v1 ==== 205+0+0 (secure 0 0 0) 0x7f08ac011a80 con 0x7f08bc07be60
2023-07-20T18:51:56.118 INFO:teuthology.orchestra.run.smithi057.stdout:/usr/bin/ceph: stderr
2023-07-20T18:51:55.377+0000 7f08c1c60700 1 -- 172.21.15.57:0/1909192091 >> [v2:172.21.15.57:3300/0,v1:172.21.15.57:6789/0] conn(0x7f08bc07be60 msgr2=0x7f08bc07a2c0 secure :-1 s=STATE_CONNECTION_ESTABLISHED l=1).mark_down
2023-07-20T18:51:56.118 INFO:teuthology.orchestra.run.smithi057.stdout:/usr/bin/ceph: stderr
2023-07-20T18:51:55.377+0000 7f08c1c60700 1 --2- 172.21.15.57:0/1909192091 >> [v2:172.21.15.57:3300/0,v1:172.21.15.57:6789/0] conn(0x7f08bc07be60 0x7f08bc07a2c0 secure :-1 s=READY pgs=57 cs=0 l=1 rev1=1 crypto rx=0x7f08ac0098a0 tx=0x7f08ac009bb0 comp rx=0 tx=0).stop
2023-07-20T18:51:56.118 INFO:teuthology.orchestra.run.smithi057.stdout:/usr/bin/ceph: stderr
2023-07-20T18:51:55.377+0000 7f08c1c60700 1 -- 172.21.15.57:0/1909192091 shutdown_connections
2023-07-20T18:51:56.118 INFO:teuthology.orchestra.run.smithi057.stdout:/usr/bin/ceph: stderr
2023-07-20T18:51:55.377+0000 7f08c1c60700 1 --2- 172.21.15.57:0/1909192091 >> [v2:172.21.15.57:3300/0,v1:172.21.15.57:6789/0] conn(0x7f08bc07be60 0x7f08bc07a2c0 unknown :-1 s=CLOSED pgs=57 cs=0 l=1 rev1=1 crypto rx=0 tx=0 comp rx=0 tx=0).stop
2023-07-20T18:51:56.118 INFO:teuthology.orchestra.run.smithi057.stdout:/usr/bin/ceph: stderr
2023-07-20T18:51:55.377+0000 7f08c1c60700 1 -- 172.21.15.57:0/1909192091 >> 172.21.15.57:0/1909192091 conn(0x7f08bc101610 msgr2=0x7f08bc103a50 unknown :-1 s=STATE_NONE l=0).mark_down
2023-07-20T18:51:56.118 INFO:teuthology.orchestra.run.smithi057.stdout:/usr/bin/ceph: stderr
2023-07-20T18:51:55.377+0000 7f08c1c60700 1 -- 172.21.15.57:0/1909192091 shutdown_connections
2023-07-20T18:51:56.118 INFO:teuthology.orchestra.run.smithi057.stdout:/usr/bin/ceph: stderr
2023-07-20T18:51:55.377+0000 7f08c1c60700 1 -- 172.21.15.57:0/1909192091 wait complete.
2023-07-20T18:51:56.118 INFO:teuthology.orchestra.run.smithi057.stdout:/usr/bin/ceph: stderr
2023-07-20T18:51:55.379+0000 7f08c1c60700 1 Processor -- start
2023-07-20T18:51:56.119 INFO:teuthology.orchestra.run.smithi057.stdout:/usr/bin/ceph: stderr
2023-07-20T18:51:55.379+0000 7f08c1c60700 1 -- start start
2023-07-20T18:51:56.119 INFO:teuthology.orchestra.run.smithi057.stdout:/usr/bin/ceph: stderr
2023-07-20T18:51:55.380+0000 7f08c1c60700 1 --2- >> [v2:172.21.15.57:3300/0,v1:172.21.15.57:6789/0] conn(0x7f08bc07be60 0x7f08bc19be60 unknown :-1 s=NONE pgs=0 cs=0 l=1 rev1=0 crypto rx=0 tx=0 comp rx=0 tx=0).connect
2023-07-20T18:51:56.119 INFO:teuthology.orchestra.run.smithi057.stdout:/usr/bin/ceph: stderr
2023-07-20T18:51:55.380+0000 7f08c1c60700 1 -- --> [v2:172.21.15.57:3300/0,v1:172.21.15.57:6789/0] -- mon_getmap magic: 0 v1 -- 0x7f08bc19c3a0 con 0x7f08bc07be60
2023-07-20T18:51:56.119 INFO:teuthology.orchestra.run.smithi057.stdout:/usr/bin/ceph: stderr
2023-07-20T18:51:55.380+0000 7f08bb7fe700 1 --2- >> [v2:172.21.15.57:3300/0,v1:172.21.15.57:6789/0] conn(0x7f08bc07be60 0x7f08bc19be60 unknown :-1 s=BANNER_CONNECTING pgs=0 cs=0 l=1 rev1=0 crypto rx=0 tx=0 comp rx=0 tx=0)._handle_peer_banner_payload supported=3 required=0
2023-07-20T18:51:56.119 INFO:teuthology.orchestra.run.smithi057.stdout:/usr/bin/ceph: stderr
2023-07-20T18:51:55.380+0000 7f08bb7fe700 1 --2- >> [v2:172.21.15.57:3300/0,v1:172.21.15.57:6789/0] conn(0x7f08bc07be60 0x7f08bc19be60 unknown :-1 s=HELLO_CONNECTING pgs=0 cs=0 l=1 rev1=1 crypto rx=0 tx=0 comp rx=0 tx=0).handle_hello peer v2:172.21.15.57:3300/0 says I am v2:172.21.15.57:33030/0 (socket says 172.21.15.57:33030)
2023-07-20T18:51:56.119 INFO:teuthology.orchestra.run.smithi057.stdout:/usr/bin/ceph: stderr
2023-07-20T18:51:55.380+0000 7f08bb7fe700 1 -- 172.21.15.57:0/1590438538 learned_addr learned my addr 172.21.15.57:0/1590438538 (peer_addr_for_me v2:172.21.15.57:0/0)
2023-07-20T18:51:56.119 INFO:teuthology.orchestra.run.smithi057.stdout:/usr/bin/ceph: stderr
2023-07-20T18:51:55.380+0000 7f08bb7fe700 1 -- 172.21.15.57:0/1590438538 --> [v2:172.21.15.57:3300/0,v1:172.21.15.57:6789/0] -- mon_subscribe({config=0+,monmap=0+}) v3 -- 0x7f08ac009550 con 0x7f08bc07be60
2023-07-20T18:51:56.120 INFO:teuthology.orchestra.run.smithi057.stdout:/usr/bin/ceph: stderr
2023-07-20T18:51:55.380+0000 7f08bb7fe700 1 --2- 172.21.15.57:0/1590438538 >> [v2:172.21.15.57:3300/0,v1:172.21.15.57:6789/0] conn(0x7f08bc07be60 0x7f08bc19be60 secure :-1 s=READY pgs=58 cs=0 l=1 rev1=1 crypto rx=0x7f08ac003f20 tx=0x7f08ac011a50 comp rx=0 tx=0).ready entity=mon.0 client_cookie=0 server_cookie=0 in_seq=0 out_seq=0
2023-07-20T18:51:56.120 INFO:teuthology.orchestra.run.smithi057.stdout:/usr/bin/ceph: stderr
2023-07-20T18:51:55.381+0000 7f08b8ff9700 1 -- 172.21.15.57:0/1590438538 <== mon.0 v2:172.21.15.57:3300/0 1 ==== mon_map magic: 0 v1 ==== 205+0+0 (secure 0 0 0) 0x7f08ac003b20 con 0x7f08bc07be60
2023-07-20T18:51:56.120 INFO:teuthology.orchestra.run.smithi057.stdout:/usr/bin/ceph: stderr
2023-07-20T18:51:55.381+0000 7f08c1c60700 1 -- 172.21.15.57:0/1590438538 --> [v2:172.21.15.57:3300/0,v1:172.21.15.57:6789/0] -- mon_subscribe({mgrmap=0+}) v3 -- 0x7f08bc19c5a0 con 0x7f08bc07be60
2023-07-20T18:51:56.120 INFO:teuthology.orchestra.run.smithi057.stdout:/usr/bin/ceph: stderr
2023-07-20T18:51:55.381+0000 7f08b8ff9700 1 -- 172.21.15.57:0/1590438538 <== mon.0 v2:172.21.15.57:3300/0 2 ==== config(27 keys) v1 ==== 1139+0+0 (secure 0 0 0) 0x7f08ac01a910 con 0x7f08bc07be60
2023-07-20T18:51:56.120 INFO:teuthology.orchestra.run.smithi057.stdout:/usr/bin/ceph: stderr
2023-07-20T18:51:55.381+0000 7f08b8ff9700 1 -- 172.21.15.57:0/1590438538 <== mon.0 v2:172.21.15.57:3300/0 3 ==== mon_map magic: 0 v1 ==== 205+0+0 (secure 0 0 0) 0x7f08ac024900 con 0x7f08bc07be60
2023-07-20T18:51:56.120 INFO:teuthology.orchestra.run.smithi057.stdout:/usr/bin/ceph: stderr
2023-07-20T18:51:55.381+0000 7f08c1c60700 1 -- 172.21.15.57:0/1590438538 --> [v2:172.21.15.57:3300/0,v1:172.21.15.57:6789/0] -- mon_subscribe({osdmap=0}) v3 -- 0x7f08bc19c9c0 con 0x7f08bc07be60
2023-07-20T18:51:56.120 INFO:teuthology.orchestra.run.smithi057.stdout:/usr/bin/ceph: stderr
2023-07-20T18:51:55.382+0000 7f08c1c60700 1 -- 172.21.15.57:0/1590438538 --> [v2:172.21.15.57:3300/0,v1:172.21.15.57:6789/0] -- mon_command({"prefix": "get_command_descriptions"} v 0) v1 -- 0x7f08bc10c4d0 con 0x7f08bc07be60
2023-07-20T18:51:56.121 INFO:teuthology.orchestra.run.smithi057.stdout:/usr/bin/ceph: stderr
2023-07-20T18:51:55.382+0000 7f08b8ff9700 1 -- 172.21.15.57:0/1590438538 <== mon.0 v2:172.21.15.57:3300/0 4 ==== mgrmap(e 9) v1 ==== 45496+0+0 (secure 0 0 0) 0x7f08ac024b70 con 0x7f08bc07be60
2023-07-20T18:51:56.121 INFO:teuthology.orchestra.run.smithi057.stdout:/usr/bin/ceph: stderr
2023-07-20T18:51:55.383+0000 7f08b8ff9700 1 --2- 172.21.15.57:0/1590438538 >> [v2:172.21.15.57:6800/2188156324,v1:172.21.15.57:6801/2188156324] conn(0x7f08a4038820 0x7f08a403ace0 unknown :-1 s=NONE pgs=0 cs=0 l=1 rev1=0 crypto rx=0 tx=0 comp rx=0 tx=0).connect
2023-07-20T18:51:56.121 INFO:teuthology.orchestra.run.smithi057.stdout:/usr/bin/ceph: stderr
2023-07-20T18:51:55.383+0000 7f08b8ff9700 1 -- 172.21.15.57:0/1590438538 <== mon.0 v2:172.21.15.57:3300/0 5 ==== osd_map(2..2 src has 1..2) v4 ==== 940+0+0 (secure 0 0 0) 0x7f08ac04ca00 con 0x7f08bc07be60
2023-07-20T18:51:56.121 INFO:teuthology.orchestra.run.smithi057.stdout:/usr/bin/ceph: stderr
2023-07-20T18:51:55.383+0000 7f08baffd700 1 -- 172.21.15.57:0/1590438538 >> [v2:172.21.15.57:6800/2188156324,v1:172.21.15.57:6801/2188156324] conn(0x7f08a4038820 msgr2=0x7f08a403ace0 unknown :-1 s=STATE_CONNECTING_RE l=1).process reconnect failed to v2:172.21.15.57:6800/2188156324
2023-07-20T18:51:56.121 INFO:teuthology.orchestra.run.smithi057.stdout:/usr/bin/ceph: stderr
2023-07-20T18:51:55.383+0000 7f08baffd700 1 --2- 172.21.15.57:0/1590438538 >> [v2:172.21.15.57:6800/2188156324,v1:172.21.15.57:6801/2188156324] conn(0x7f08a4038820 0x7f08a403ace0 unknown :-1 s=START_CONNECT pgs=0 cs=0 l=1 rev1=0 crypto rx=0 tx=0 comp rx=0 tx=0)._fault waiting 0.200000
2023-07-20T18:51:56.121 INFO:teuthology.orchestra.run.smithi057.stdout:/usr/bin/ceph: stderr
2023-07-20T18:51:55.393+0000 7f08b8ff9700 1 -- 172.21.15.57:0/1590438538 <== mon.0 v2:172.21.15.57:3300/0 6 ==== mon_command_ack([{"prefix": "get_command_descriptions"}]=0 v0) v1 ==== 72+0+178025 (secure 0 0 0) 0x7f08ac018530 con 0x7f08bc07be60
2023-07-20T18:51:56.122 INFO:teuthology.orchestra.run.smithi057.stdout:/usr/bin/ceph: stderr
2023-07-20T18:51:55.584+0000 7f08baffd700 1 -- 172.21.15.57:0/1590438538 >> [v2:172.21.15.57:6800/2188156324,v1:172.21.15.57:6801/2188156324] conn(0x7f08a4038820 msgr2=0x7f08a403ace0 unknown :-1 s=STATE_CONNECTING_RE l=1).process reconnect failed to v2:172.21.15.57:6800/2188156324
2023-07-20T18:51:56.122 INFO:teuthology.orchestra.run.smithi057.stdout:/usr/bin/ceph: stderr
2023-07-20T18:51:55.584+0000 7f08baffd700 1 --2- 172.21.15.57:0/1590438538 >> [v2:172.21.15.57:6800/2188156324,v1:172.21.15.57:6801/2188156324] conn(0x7f08a4038820 0x7f08a403ace0 unknown :-1 s=START_CONNECT pgs=0 cs=0 l=1 rev1=0 crypto rx=0 tx=0 comp rx=0 tx=0)._fault waiting 0.400000
2023-07-20T18:51:56.122 INFO:teuthology.orchestra.run.smithi057.stdout:/usr/bin/ceph: stderr
2023-07-20T18:51:55.652+0000 7f08c1c60700 1 -- 172.21.15.57:0/1590438538 --> [v2:172.21.15.57:3300/0,v1:172.21.15.57:6789/0] -- mon_command({"prefix": "mgr stat"} v 0) v1 -- 0x7f08bc10c6c0 con 0x7f08bc07be60
2023-07-20T18:51:56.122 INFO:teuthology.orchestra.run.smithi057.stdout:/usr/bin/ceph: stderr
2023-07-20T18:51:55.652+0000 7f08b8ff9700 1 -- 172.21.15.57:0/1590438538 <== mon.0 v2:172.21.15.57:3300/0 7 ==== mon_command_ack([{"prefix": "mgr stat"}]=0 v9) v1 ==== 56+0+88 (secure 0 0 0) 0x7f08ac018350 con 0x7f08bc07be60
2023-07-20T18:51:56.122 INFO:teuthology.orchestra.run.smithi057.stdout:/usr/bin/ceph: stderr
2023-07-20T18:51:55.655+0000 7f08c1c60700 1 -- 172.21.15.57:0/1590438538 >> [v2:172.21.15.57:6800/2188156324,v1:172.21.15.57:6801/2188156324] conn(0x7f08a4038820 msgr2=0x7f08a403ace0 unknown :-1 s=STATE_CONNECTING l=1).mark_down
2023-07-20T18:51:56.123 INFO:teuthology.orchestra.run.smithi057.stdout:/usr/bin/ceph: stderr
2023-07-20T18:51:55.655+0000 7f08c1c60700 1 --2- 172.21.15.57:0/1590438538 >> [v2:172.21.15.57:6800/2188156324,v1:172.21.15.57:6801/2188156324] conn(0x7f08a4038820 0x7f08a403ace0 unknown :-1 s=START_CONNECT pgs=0 cs=0 l=1 rev1=0 crypto rx=0 tx=0 comp rx=0 tx=0).stop
2023-07-20T18:51:56.123 INFO:teuthology.orchestra.run.smithi057.stdout:/usr/bin/ceph: stderr
2023-07-20T18:51:55.655+0000 7f08c1c60700 1 -- 172.21.15.57:0/1590438538 >> [v2:172.21.15.57:3300/0,v1:172.21.15.57:6789/0] conn(0x7f08bc07be60 msgr2=0x7f08bc19be60 secure :-1 s=STATE_CONNECTION_ESTABLISHED l=1).mark_down
2023-07-20T18:51:56.123 INFO:teuthology.orchestra.run.smithi057.stdout:/usr/bin/ceph: stderr
2023-07-20T18:51:55.655+0000 7f08c1c60700 1 --2- 172.21.15.57:0/1590438538 >> [v2:172.21.15.57:3300/0,v1:172.21.15.57:6789/0] conn(0x7f08bc07be60 0x7f08bc19be60 secure :-1 s=READY pgs=58 cs=0 l=1 rev1=1 crypto rx=0x7f08ac003f20 tx=0x7f08ac011a50 comp rx=0 tx=0).stop
2023-07-20T18:51:56.123 INFO:teuthology.orchestra.run.smithi057.stdout:/usr/bin/ceph: stderr
2023-07-20T18:51:55.655+0000 7f08c1c60700 1 -- 172.21.15.57:0/1590438538 shutdown_connections
2023-07-20T18:51:56.123 INFO:teuthology.orchestra.run.smithi057.stdout:/usr/bin/ceph: stderr
2023-07-20T18:51:55.655+0000 7f08c1c60700 1 --2- 172.21.15.57:0/1590438538 >> [v2:172.21.15.57:6800/2188156324,v1:172.21.15.57:6801/2188156324] conn(0x7f08a4038820 0x7f08a403ace0 unknown :-1 s=CLOSED pgs=0 cs=0 l=1 rev1=0 crypto rx=0 tx=0 comp rx=0 tx=0).stop
2023-07-20T18:51:56.124 INFO:teuthology.orchestra.run.smithi057.stdout:/usr/bin/ceph: stderr
2023-07-20T18:51:55.655+0000 7f08c1c60700 1 --2- 172.21.15.57:0/1590438538 >> [v2:172.21.15.57:3300/0,v1:172.21.15.57:6789/0] conn(0x7f08bc07be60 0x7f08bc19be60 unknown :-1 s=CLOSED pgs=58 cs=0 l=1 rev1=1 crypto rx=0 tx=0 comp rx=0 tx=0).stop
2023-07-20T18:51:56.124 INFO:teuthology.orchestra.run.smithi057.stdout:/usr/bin/ceph: stderr
2023-07-20T18:51:55.655+0000 7f08c1c60700 1 -- 172.21.15.57:0/1590438538 >> 172.21.15.57:0/1590438538 conn(0x7f08bc101610 msgr2=0x7f08bc102310 unknown :-1 s=STATE_NONE l=0).mark_down
2023-07-20T18:51:56.124 INFO:teuthology.orchestra.run.smithi057.stdout:/usr/bin/ceph: stderr
2023-07-20T18:51:55.655+0000 7f08c1c60700 1 -- 172.21.15.57:0/1590438538 shutdown_connections
2023-07-20T18:51:56.124 INFO:teuthology.orchestra.run.smithi057.stdout:/usr/bin/ceph: stderr
2023-07-20T18:51:55.655+0000 7f08c1c60700 1 -- 172.21.15.57:0/1590438538 wait complete.
2023-07-20T18:51:56.124 INFO:teuthology.orchestra.run.smithi057.stdout:Waiting for the mgr to restart...
2023-07-20T18:51:56.125 INFO:teuthology.orchestra.run.smithi057.stdout:Waiting for mgr epoch 9...
2023-07-20T18:51:56.400 INFO:journalctl@ceph.mgr.x.smithi057.stdout:Jul 20 18:51:56 smithi057 ceph-38a58c3c-272e-11ee-9b34-001a4aab830c-mgr-x[126584]:
2023-07-20T18:51:56.107+0000 7f042cfd7200 -1 mgr[py] Module progress has missing NOTIFY_TYPES member
2023-07-20T18:51:57.223 INFO:journalctl@ceph.mgr.x.smithi057.stdout:Jul 20 18:51:56 smithi057 ceph-38a58c3c-272e-11ee-9b34-001a4aab830c-mgr-x[126584]:
2023-07-20T18:51:56.911+0000 7f042cfd7200 -1 mgr[py] Module rook has missing NOTIFY_TYPES member
2023-07-20T18:51:57.223 INFO:journalctl@ceph.mgr.x.smithi057.stdout:Jul 20 18:51:57 smithi057 ceph-38a58c3c-272e-11ee-9b34-001a4aab830c-mgr-x[126584]:
2023-07-20T18:51:57.123+0000 7f042cfd7200 -1 mgr[py] Module iostat has missing NOTIFY_TYPES member
2023-07-20T18:51:58.473 INFO:journalctl@ceph.mgr.x.smithi057.stdout:Jul 20 18:51:58 smithi057 ceph-38a58c3c-272e-11ee-9b34-001a4aab830c-mgr-x[126584]:
2023-07-20T18:51:58.107+0000 7f042cfd7200 -1 mgr[py] Module test_orchestrator has missing NOTIFY_TYPES member
2023-07-20T18:51:58.473 INFO:journalctl@ceph.mgr.x.smithi057.stdout:Jul 20 18:51:58 smithi057 ceph-38a58c3c-272e-11ee-9b34-001a4aab830c-mgr-x[126584]:
2023-07-20T18:51:58.231+0000 7f042cfd7200 -1 mgr[py] Module osd_perf_query has missing NOTIFY_TYPES member
2023-07-20T18:51:58.873 INFO:journalctl@ceph.mgr.x.smithi057.stdout:Jul 20 18:51:58 smithi057 ceph-38a58c3c-272e-11ee-9b34-001a4aab830c-mgr-x[126584]:
2023-07-20T18:51:58.460+0000 7f042cfd7200 -1 mgr[py] Module orchestrator has missing NOTIFY_TYPES member
2023-07-20T18:51:59.158 INFO:journalctl@ceph.mgr.x.smithi057.stdout:Jul 20 18:51:58 smithi057 ceph-38a58c3c-272e-11ee-9b34-001a4aab830c-mgr-x[126584]:
2023-07-20T18:51:58.835+0000 7f042cfd7200 -1 mgr[py] Module rgw has missing NOTIFY_TYPES member
2023-07-20T18:51:59.473 INFO:journalctl@ceph.mgr.x.smithi057.stdout:Jul 20 18:51:59 smithi057 ceph-38a58c3c-272e-11ee-9b34-001a4aab830c-mgr-x[126584]:
2023-07-20T18:51:59.120+0000 7f042cfd7200 -1 mgr[py] Module influx has missing NOTIFY_TYPES member
2023-07-20T18:51:59.473 INFO:journalctl@ceph.mgr.x.smithi057.stdout:Jul 20 18:51:59 smithi057 ceph-38a58c3c-272e-11ee-9b34-001a4aab830c-mgr-x[126584]:
2023-07-20T18:51:59.319+0000 7f042cfd7200 -1 mgr[py] Module telemetry has missing NOTIFY_TYPES member
2023-07-20T18:51:59.973 INFO:journalctl@ceph.mgr.x.smithi057.stdout:Jul 20 18:51:59 smithi057 ceph-38a58c3c-272e-11ee-9b34-001a4aab830c-mgr-x[126584]:
2023-07-20T18:51:59.671+0000 7f042cfd7200 -1 mgr[py] Module telegraf has missing NOTIFY_TYPES member
2023-07-20T18:52:00.973 INFO:journalctl@ceph.mgr.x.smithi057.stdout:Jul 20 18:52:00 smithi057 ceph-38a58c3c-272e-11ee-9b34-001a4aab830c-mgr-x[126584]:
2023-07-20T18:52:00.631+0000 7f042cfd7200 -1 mgr[py] Module balancer has missing NOTIFY_TYPES member
2023-07-20T18:52:00.973 INFO:journalctl@ceph.mgr.x.smithi057.stdout:Jul 20 18:52:00 smithi057 ceph-38a58c3c-272e-11ee-9b34-001a4aab830c-mgr-x[126584]:
2023-07-20T18:52:00.809+0000 7f042cfd7200 -1 mgr[py] Module diskprediction_local has missing NOTIFY_TYPES member
2023-07-20T18:52:01.473 INFO:journalctl@ceph.mgr.x.smithi057.stdout:Jul 20 18:52:01 smithi057 ceph-38a58c3c-272e-11ee-9b34-001a4aab830c-mgr-x[126584]:
2023-07-20T18:52:01.064+0000 7f042cfd7200 -1 mgr[py] Module nfs has missing NOTIFY_TYPES member
2023-07-20T18:52:01.473 INFO:journalctl@ceph.mgr.x.smithi057.stdout:Jul 20 18:52:01 smithi057 ceph-38a58c3c-272e-11ee-9b34-001a4aab830c-mgr-x[126584]:
2023-07-20T18:52:01.216+0000 7f042cfd7200 -1 mgr[py] Module rbd_support has missing NOTIFY_TYPES member
