2023-07-20T18:42:11.367+0000 7fd2e41c0700 1 -- start start
2023-07-20T18:42:12.119 INFO:teuthology.orchestra.run.smithi064.stdout:/usr/bin/ceph: stderr
2023-07-20T18:42:11.367+0000 7fd2e41c0700 1 --2- >> [v2:172.21.15.64:3300/0,v1:172.21.15.64:6789/0] conn(0x7fd2dc105ff0 0x7fd2dc07bbf0 unknown :-1 s=NONE pgs=0 cs=0 l=1 rev1=0 crypto rx=0 tx=0 comp rx=0 tx=0).connect
2023-07-20T18:42:12.119 INFO:teuthology.orchestra.run.smithi064.stdout:/usr/bin/ceph: stderr
2023-07-20T18:42:11.367+0000 7fd2e41c0700 1 -- --> [v2:172.21.15.64:3300/0,v1:172.21.15.64:6789/0] -- mon_getmap magic: 0 v1 -- 0x7fd2dc07c130 con 0x7fd2dc105ff0
2023-07-20T18:42:12.119 INFO:teuthology.orchestra.run.smithi064.stdout:/usr/bin/ceph: stderr
2023-07-20T18:42:11.367+0000 7fd2e1f5c700 1 --2- >> [v2:172.21.15.64:3300/0,v1:172.21.15.64:6789/0] conn(0x7fd2dc105ff0 0x7fd2dc07bbf0 unknown :-1 s=BANNER_CONNECTING pgs=0 cs=0 l=1 rev1=0 crypto rx=0 tx=0 comp rx=0 tx=0)._handle_peer_banner_payload supported=3 required=0
2023-07-20T18:42:12.119 INFO:teuthology.orchestra.run.smithi064.stdout:/usr/bin/ceph: stderr
2023-07-20T18:42:11.367+0000 7fd2e1f5c700 1 --2- >> [v2:172.21.15.64:3300/0,v1:172.21.15.64:6789/0] conn(0x7fd2dc105ff0 0x7fd2dc07bbf0 unknown :-1 s=HELLO_CONNECTING pgs=0 cs=0 l=1 rev1=1 crypto rx=0 tx=0 comp rx=0 tx=0).handle_hello peer v2:172.21.15.64:3300/0 says I am v2:172.21.15.64:38586/0 (socket says 172.21.15.64:38586)
2023-07-20T18:42:12.119 INFO:teuthology.orchestra.run.smithi064.stdout:/usr/bin/ceph: stderr
2023-07-20T18:42:11.367+0000 7fd2e1f5c700 1 -- 172.21.15.64:0/2618258054 learned_addr learned my addr 172.21.15.64:0/2618258054 (peer_addr_for_me v2:172.21.15.64:0/0)
2023-07-20T18:42:12.119 INFO:teuthology.orchestra.run.smithi064.stdout:/usr/bin/ceph: stderr
2023-07-20T18:42:11.368+0000 7fd2e1f5c700 1 -- 172.21.15.64:0/2618258054 --> [v2:172.21.15.64:3300/0,v1:172.21.15.64:6789/0] -- mon_subscribe({config=0+,monmap=0+}) v3 -- 0x7fd2d8009550 con 0x7fd2dc105ff0
2023-07-20T18:42:12.119 INFO:teuthology.orchestra.run.smithi064.stdout:/usr/bin/ceph: stderr
2023-07-20T18:42:11.368+0000 7fd2e1f5c700 1 --2- 172.21.15.64:0/2618258054 >> [v2:172.21.15.64:3300/0,v1:172.21.15.64:6789/0] conn(0x7fd2dc105ff0 0x7fd2dc07bbf0 secure :-1 s=READY pgs=50 cs=0 l=1 rev1=1 crypto rx=0x7fd2d8003e60 tx=0x7fd2d8011aa0 comp rx=0 tx=0).ready entity=mon.0 client_cookie=0 server_cookie=0 in_seq=0 out_seq=0
2023-07-20T18:42:12.120 INFO:teuthology.orchestra.run.smithi064.stdout:/usr/bin/ceph: stderr
2023-07-20T18:42:11.368+0000 7fd2d2ffd700 1 -- 172.21.15.64:0/2618258054 <== mon.0 v2:172.21.15.64:3300/0 1 ==== mon_map magic: 0 v1 ==== 205+0+0 (secure 0 0 0) 0x7fd2d8003970 con 0x7fd2dc105ff0
2023-07-20T18:42:12.120 INFO:teuthology.orchestra.run.smithi064.stdout:/usr/bin/ceph: stderr
2023-07-20T18:42:11.368+0000 7fd2d2ffd700 1 -- 172.21.15.64:0/2618258054 <== mon.0 v2:172.21.15.64:3300/0 2 ==== config(26 keys) v1 ==== 1105+0+0 (secure 0 0 0) 0x7fd2d8003ad0 con 0x7fd2dc105ff0
2023-07-20T18:42:12.120 INFO:teuthology.orchestra.run.smithi064.stdout:/usr/bin/ceph: stderr
2023-07-20T18:42:11.368+0000 7fd2e41c0700 1 -- 172.21.15.64:0/2618258054 --> [v2:172.21.15.64:3300/0,v1:172.21.15.64:6789/0] -- mon_subscribe({mgrmap=0+}) v3 -- 0x7fd2dc07a240 con 0x7fd2dc105ff0
2023-07-20T18:42:12.120 INFO:teuthology.orchestra.run.smithi064.stdout:/usr/bin/ceph: stderr
2023-07-20T18:42:11.368+0000 7fd2d2ffd700 1 -- 172.21.15.64:0/2618258054 <== mon.0 v2:172.21.15.64:3300/0 3 ==== mon_map magic: 0 v1 ==== 205+0+0 (secure 0 0 0) 0x7fd2d80195e0 con 0x7fd2dc105ff0
2023-07-20T18:42:12.120 INFO:teuthology.orchestra.run.smithi064.stdout:/usr/bin/ceph: stderr
2023-07-20T18:42:11.368+0000 7fd2e41c0700 1 -- 172.21.15.64:0/2618258054 --> [v2:172.21.15.64:3300/0,v1:172.21.15.64:6789/0] -- mon_subscribe({osdmap=0}) v3 -- 0x7fd2dc07a660 con 0x7fd2dc105ff0
2023-07-20T18:42:12.120 INFO:teuthology.orchestra.run.smithi064.stdout:/usr/bin/ceph: stderr
2023-07-20T18:42:11.369+0000 7fd2d2ffd700 1 -- 172.21.15.64:0/2618258054 <== mon.0 v2:172.21.15.64:3300/0 4 ==== mgrmap(e 8) v1 ==== 45483+0+0 (secure 0 0 0) 0x7fd2d801a430 con 0x7fd2dc105ff0
2023-07-20T18:42:12.120 INFO:teuthology.orchestra.run.smithi064.stdout:/usr/bin/ceph: stderr
2023-07-20T18:42:11.369+0000 7fd2e41c0700 1 -- 172.21.15.64:0/2618258054 --> [v2:172.21.15.64:3300/0,v1:172.21.15.64:6789/0] -- mon_command({"prefix": "get_command_descriptions"} v 0) v1 -- 0x7fd2dc10a420 con 0x7fd2dc105ff0
2023-07-20T18:42:12.120 INFO:teuthology.orchestra.run.smithi064.stdout:/usr/bin/ceph: stderr
2023-07-20T18:42:11.369+0000 7fd2d2ffd700 1 --2- 172.21.15.64:0/2618258054 >> [v2:172.21.15.64:6800/4106527582,v1:172.21.15.64:6801/4106527582] conn(0x7fd2c8038710 0x7fd2c803abd0 unknown :-1 s=NONE pgs=0 cs=0 l=1 rev1=0 crypto rx=0 tx=0 comp rx=0 tx=0).connect
2023-07-20T18:42:12.121 INFO:teuthology.orchestra.run.smithi064.stdout:/usr/bin/ceph: stderr
2023-07-20T18:42:11.369+0000 7fd2d2ffd700 1 -- 172.21.15.64:0/2618258054 <== mon.0 v2:172.21.15.64:3300/0 5 ==== osd_map(2..2 src has 1..2) v4 ==== 940+0+0 (secure 0 0 0) 0x7fd2d804c8b0 con 0x7fd2dc105ff0
2023-07-20T18:42:12.121 INFO:teuthology.orchestra.run.smithi064.stdout:/usr/bin/ceph: stderr
2023-07-20T18:42:11.370+0000 7fd2e175b700 1 --2- 172.21.15.64:0/2618258054 >> [v2:172.21.15.64:6800/4106527582,v1:172.21.15.64:6801/4106527582] conn(0x7fd2c8038710 0x7fd2c803abd0 unknown :-1 s=BANNER_CONNECTING pgs=0 cs=0 l=1 rev1=0 crypto rx=0 tx=0 comp rx=0 tx=0)._handle_peer_banner_payload supported=3 required=0
2023-07-20T18:42:12.121 INFO:teuthology.orchestra.run.smithi064.stdout:/usr/bin/ceph: stderr
2023-07-20T18:42:11.370+0000 7fd2e175b700 1 --2- 172.21.15.64:0/2618258054 >> [v2:172.21.15.64:6800/4106527582,v1:172.21.15.64:6801/4106527582] conn(0x7fd2c8038710 0x7fd2c803abd0 secure :-1 s=READY pgs=13 cs=0 l=1 rev1=1 crypto rx=0x7fd2cc006fd0 tx=0x7fd2cc006e40 comp rx=0 tx=0).ready entity=mgr.14120 client_cookie=0 server_cookie=0 in_seq=0 out_seq=0
2023-07-20T18:42:12.121 INFO:teuthology.orchestra.run.smithi064.stdout:/usr/bin/ceph: stderr
2023-07-20T18:42:11.375+0000 7fd2d2ffd700 1 -- 172.21.15.64:0/2618258054 <== mon.0 v2:172.21.15.64:3300/0 6 ==== mon_command_ack([{"prefix": "get_command_descriptions"}]=0 v0) v1 ==== 72+0+178025 (secure 0 0 0) 0x7fd2d8019c10 con 0x7fd2dc105ff0
2023-07-20T18:42:12.121 INFO:teuthology.orchestra.run.smithi064.stdout:/usr/bin/ceph: stderr
2023-07-20T18:42:11.755+0000 7fd2e41c0700 1 -- 172.21.15.64:0/2618258054 --> [v2:172.21.15.64:6800/4106527582,v1:172.21.15.64:6801/4106527582] -- mgr_command(tid 0: {"prefix": "orch apply", "service_type": "mgr", "unmanaged": true, "target": ["mon-mgr", ""]}) v1 -- 0x7fd2dc103890 con 0x7fd2c8038710
2023-07-20T18:42:12.121 INFO:teuthology.orchestra.run.smithi064.stdout:/usr/bin/ceph: stderr
2023-07-20T18:42:11.762+0000 7fd2d2ffd700 1 -- 172.21.15.64:0/2618258054 <== mgr.14120 v2:172.21.15.64:6800/4106527582 1 ==== mgr_command_reply(tid 0: 0 ) v1 ==== 8+0+24 (secure 0 0 0) 0x7fd2dc103890 con 0x7fd2c8038710
2023-07-20T18:42:12.121 INFO:teuthology.orchestra.run.smithi064.stdout:/usr/bin/ceph: stderr
2023-07-20T18:42:11.765+0000 7fd2e41c0700 1 -- 172.21.15.64:0/2618258054 >> [v2:172.21.15.64:6800/4106527582,v1:172.21.15.64:6801/4106527582] conn(0x7fd2c8038710 msgr2=0x7fd2c803abd0 secure :-1 s=STATE_CONNECTION_ESTABLISHED l=1).mark_down
2023-07-20T18:42:12.122 INFO:teuthology.orchestra.run.smithi064.stdout:/usr/bin/ceph: stderr
2023-07-20T18:42:11.765+0000 7fd2e41c0700 1 --2- 172.21.15.64:0/2618258054 >> [v2:172.21.15.64:6800/4106527582,v1:172.21.15.64:6801/4106527582] conn(0x7fd2c8038710 0x7fd2c803abd0 secure :-1 s=READY pgs=13 cs=0 l=1 rev1=1 crypto rx=0x7fd2cc006fd0 tx=0x7fd2cc006e40 comp rx=0 tx=0).stop
2023-07-20T18:42:12.122 INFO:teuthology.orchestra.run.smithi064.stdout:/usr/bin/ceph: stderr
2023-07-20T18:42:11.765+0000 7fd2e41c0700 1 -- 172.21.15.64:0/2618258054 >> [v2:172.21.15.64:3300/0,v1:172.21.15.64:6789/0] conn(0x7fd2dc105ff0 msgr2=0x7fd2dc07bbf0 secure :-1 s=STATE_CONNECTION_ESTABLISHED l=1).mark_down
2023-07-20T18:42:12.122 INFO:teuthology.orchestra.run.smithi064.stdout:/usr/bin/ceph: stderr
2023-07-20T18:42:11.765+0000 7fd2e41c0700 1 --2- 172.21.15.64:0/2618258054 >> [v2:172.21.15.64:3300/0,v1:172.21.15.64:6789/0] conn(0x7fd2dc105ff0 0x7fd2dc07bbf0 secure :-1 s=READY pgs=50 cs=0 l=1 rev1=1 crypto rx=0x7fd2d8003e60 tx=0x7fd2d8011aa0 comp rx=0 tx=0).stop
2023-07-20T18:42:12.122 INFO:teuthology.orchestra.run.smithi064.stdout:/usr/bin/ceph: stderr
2023-07-20T18:42:11.765+0000 7fd2e41c0700 1 -- 172.21.15.64:0/2618258054 shutdown_connections
2023-07-20T18:42:12.122 INFO:teuthology.orchestra.run.smithi064.stdout:/usr/bin/ceph: stderr
2023-07-20T18:42:11.765+0000 7fd2e41c0700 1 --2- 172.21.15.64:0/2618258054 >> [v2:172.21.15.64:6800/4106527582,v1:172.21.15.64:6801/4106527582] conn(0x7fd2c8038710 0x7fd2c803abd0 unknown :-1 s=CLOSED pgs=13 cs=0 l=1 rev1=1 crypto rx=0 tx=0 comp rx=0 tx=0).stop
2023-07-20T18:42:12.122 INFO:teuthology.orchestra.run.smithi064.stdout:/usr/bin/ceph: stderr
2023-07-20T18:42:11.765+0000 7fd2e41c0700 1 --2- 172.21.15.64:0/2618258054 >> [v2:172.21.15.64:3300/0,v1:172.21.15.64:6789/0] conn(0x7fd2dc105ff0 0x7fd2dc07bbf0 unknown :-1 s=CLOSED pgs=50 cs=0 l=1 rev1=1 crypto rx=0 tx=0 comp rx=0 tx=0).stop
2023-07-20T18:42:12.122 INFO:teuthology.orchestra.run.smithi064.stdout:/usr/bin/ceph: stderr
2023-07-20T18:42:11.765+0000 7fd2e41c0700 1 -- 172.21.15.64:0/2618258054 >> 172.21.15.64:0/2618258054 conn(0x7fd2dc1015b0 msgr2=0x7fd2dc102c70 unknown :-1 s=STATE_NONE l=0).mark_down
2023-07-20T18:42:12.122 INFO:teuthology.orchestra.run.smithi064.stdout:/usr/bin/ceph: stderr
2023-07-20T18:42:11.765+0000 7fd2e41c0700 1 -- 172.21.15.64:0/2618258054 shutdown_connections
2023-07-20T18:42:12.123 INFO:teuthology.orchestra.run.smithi064.stdout:/usr/bin/ceph: stderr
2023-07-20T18:42:11.765+0000 7fd2e41c0700 1 -- 172.21.15.64:0/2618258054 wait complete.
2023-07-20T18:42:12.568 INFO:journalctl@ceph.mon.a.smithi064.stdout:Jul 20 18:42:12 smithi064 ceph-mon[96480]: from='mgr.14120 172.21.15.64:0/2900085769' entity='mgr.x'
2023-07-20T18:42:12.569 INFO:journalctl@ceph.mon.a.smithi064.stdout:Jul 20 18:42:12 smithi064 ceph-mon[96480]: from='client.14144 -' entity='client.admin' cmd=[{"prefix": "orch apply", "service_type": "mgr", "unmanaged": true, "target": ["mon-mgr", ""]}]: dispatch
2023-07-20T18:42:12.569 INFO:journalctl@ceph.mon.a.smithi064.stdout:Jul 20 18:42:12 smithi064 ceph-mon[96480]: Saving service mgr spec with placement count:2
2023-07-20T18:42:12.569 INFO:journalctl@ceph.mon.a.smithi064.stdout:Jul 20 18:42:12 smithi064 ceph-mon[96480]: from='mgr.14120 172.21.15.64:0/2900085769' entity='mgr.x'
2023-07-20T18:42:13.761 INFO:teuthology.orchestra.run.smithi064.stdout:/usr/bin/ceph: stderr
2023-07-20T18:42:12.762+0000 7f3f3f7a2700 1 Processor -- start
2023-07-20T18:42:13.812 INFO:teuthology.orchestra.run.smithi064.stdout:/usr/bin/ceph: stderr
2023-07-20T18:42:12.762+0000 7f3f3f7a2700 1 -- start start
2023-07-20T18:42:13.812 INFO:teuthology.orchestra.run.smithi064.stdout:/usr/bin/ceph: stderr
2023-07-20T18:42:12.762+0000 7f3f3f7a2700 1 --2- >> [v2:172.21.15.64:3300/0,v1:172.21.15.64:6789/0] conn(0x7f3f38106a60 0x7f3f38108e50 unknown :-1 s=NONE pgs=0 cs=0 l=0 rev1=0 crypto rx=0 tx=0 comp rx=0 tx=0).connect
2023-07-20T18:42:13.813 INFO:teuthology.orchestra.run.smithi064.stdout:/usr/bin/ceph: stderr
2023-07-20T18:42:12.762+0000 7f3f3f7a2700 1 -- --> [v2:172.21.15.64:3300/0,v1:172.21.15.64:6789/0] -- mon_getmap magic: 0 v1 -- 0x7f3f38079e50 con 0x7f3f38106a60
2023-07-20T18:42:13.813 INFO:teuthology.orchestra.run.smithi064.stdout:/usr/bin/ceph: stderr
2023-07-20T18:42:12.762+0000 7f3f3d53e700 1 --2- >> [v2:172.21.15.64:3300/0,v1:172.21.15.64:6789/0] conn(0x7f3f38106a60 0x7f3f38108e50 unknown :-1 s=BANNER_CONNECTING pgs=0 cs=0 l=0 rev1=0 crypto rx=0 tx=0 comp rx=0 tx=0)._handle_peer_banner_payload supported=3 required=0
2023-07-20T18:42:13.813 INFO:teuthology.orchestra.run.smithi064.stdout:/usr/bin/ceph: stderr
2023-07-20T18:42:12.762+0000 7f3f3d53e700 1 --2- >> [v2:172.21.15.64:3300/0,v1:172.21.15.64:6789/0] conn(0x7f3f38106a60 0x7f3f38108e50 unknown :-1 s=HELLO_CONNECTING pgs=0 cs=0 l=0 rev1=1 crypto rx=0 tx=0 comp rx=0 tx=0).handle_hello peer v2:172.21.15.64:3300/0 says I am v2:172.21.15.64:38590/0 (socket says 172.21.15.64:38590)
2023-07-20T18:42:13.813 INFO:teuthology.orchestra.run.smithi064.stdout:/usr/bin/ceph: stderr
2023-07-20T18:42:12.762+0000 7f3f3d53e700 1 -- 172.21.15.64:0/1986531060 learned_addr learned my addr 172.21.15.64:0/1986531060 (peer_addr_for_me v2:172.21.15.64:0/0)
2023-07-20T18:42:13.814 INFO:teuthology.orchestra.run.smithi064.stdout:/usr/bin/ceph: stderr
2023-07-20T18:42:12.763+0000 7f3f3d53e700 1 -- 172.21.15.64:0/1986531060 --> [v2:172.21.15.64:3300/0,v1:172.21.15.64:6789/0] -- mon_subscribe({config=0+,monmap=0+}) v3 -- 0x7f3f38109390 con 0x7f3f38106a60
2023-07-20T18:42:13.814 INFO:teuthology.orchestra.run.smithi064.stdout:/usr/bin/ceph: stderr
2023-07-20T18:42:12.763+0000 7f3f3d53e700 1 --2- 172.21.15.64:0/1986531060 >> [v2:172.21.15.64:3300/0,v1:172.21.15.64:6789/0] conn(0x7f3f38106a60 0x7f3f38108e50 secure :-1 s=READY pgs=51 cs=0 l=1 rev1=1 crypto rx=0x7f3f340098a0 tx=0x7f3f34009bb0 comp rx=0 tx=0).ready entity=mon.0 client_cookie=a7eeeb404d7479f2 server_cookie=0 in_seq=0 out_seq=0
2023-07-20T18:42:13.814 INFO:teuthology.orchestra.run.smithi064.stdout:/usr/bin/ceph: stderr
2023-07-20T18:42:12.763+0000 7f3f2ffff700 1 -- 172.21.15.64:0/1986531060 <== mon.0 v2:172.21.15.64:3300/0 1 ==== mon_map magic: 0 v1 ==== 205+0+0 (secure 0 0 0) 0x7f3f34004160 con 0x7f3f38106a60
2023-07-20T18:42:13.814 INFO:teuthology.orchestra.run.smithi064.stdout:/usr/bin/ceph: stderr
2023-07-20T18:42:12.763+0000 7f3f2ffff700 1 -- 172.21.15.64:0/1986531060 <== mon.0 v2:172.21.15.64:3300/0 2 ==== config(26 keys) v1 ==== 1105+0+0 (secure 0 0 0) 0x7f3f340042c0 con 0x7f3f38106a60
2023-07-20T18:42:13.815 INFO:teuthology.orchestra.run.smithi064.stdout:/usr/bin/ceph: stderr
2023-07-20T18:42:12.763+0000 7f3f2ffff700 1 -- 172.21.15.64:0/1986531060 <== mon.0 v2:172.21.15.64:3300/0 3 ==== mon_map magic: 0 v1 ==== 205+0+0 (secure 0 0 0) 0x7f3f340119b0 con 0x7f3f38106a60
2023-07-20T18:42:13.815 INFO:teuthology.orchestra.run.smithi064.stdout:/usr/bin/ceph: stderr
2023-07-20T18:42:12.764+0000 7f3f3f7a2700 1 -- 172.21.15.64:0/1986531060 >> [v2:172.21.15.64:3300/0,v1:172.21.15.64:6789/0] conn(0x7f3f38106a60 msgr2=0x7f3f38108e50 secure :-1 s=STATE_CONNECTION_ESTABLISHED l=1).mark_down
2023-07-20T18:42:13.815 INFO:teuthology.orchestra.run.smithi064.stdout:/usr/bin/ceph: stderr
2023-07-20T18:42:12.764+0000 7f3f3f7a2700 1 --2- 172.21.15.64:0/1986531060 >> [v2:172.21.15.64:3300/0,v1:172.21.15.64:6789/0] conn(0x7f3f38106a60 0x7f3f38108e50 secure :-1 s=READY pgs=51 cs=0 l=1 rev1=1 crypto rx=0x7f3f340098a0 tx=0x7f3f34009bb0 comp rx=0 tx=0).stop
2023-07-20T18:42:13.815 INFO:teuthology.orchestra.run.smithi064.stdout:/usr/bin/ceph: stderr
2023-07-20T18:42:12.764+0000 7f3f3f7a2700 1 -- 172.21.15.64:0/1986531060 shutdown_connections
2023-07-20T18:42:13.815 INFO:teuthology.orchestra.run.smithi064.stdout:/usr/bin/ceph: stderr
2023-07-20T18:42:12.764+0000 7f3f3f7a2700 1 --2- 172.21.15.64:0/1986531060 >> [v2:172.21.15.64:3300/0,v1:172.21.15.64:6789/0] conn(0x7f3f38106a60 0x7f3f38108e50 unknown :-1 s=CLOSED pgs=51 cs=0 l=1 rev1=1 crypto rx=0 tx=0 comp rx=0 tx=0).stop
2023-07-20T18:42:13.816 INFO:teuthology.orchestra.run.smithi064.stdout:/usr/bin/ceph: stderr
2023-07-20T18:42:12.764+0000 7f3f3f7a2700 1 -- 172.21.15.64:0/1986531060 >> 172.21.15.64:0/1986531060 conn(0x7f3f381004b0 msgr2=0x7f3f381028d0 unknown :-1 s=STATE_NONE l=0).mark_down
2023-07-20T18:42:13.816 INFO:teuthology.orchestra.run.smithi064.stdout:/usr/bin/ceph: stderr
2023-07-20T18:42:12.764+0000 7f3f3f7a2700 1 -- 172.21.15.64:0/1986531060 shutdown_connections
2023-07-20T18:42:13.816 INFO:teuthology.orchestra.run.smithi064.stdout:/usr/bin/ceph: stderr
2023-07-20T18:42:12.764+0000 7f3f3f7a2700 1 -- 172.21.15.64:0/1986531060 wait complete.
2023-07-20T18:42:13.816 INFO:teuthology.orchestra.run.smithi064.stdout:/usr/bin/ceph: stderr
2023-07-20T18:42:12.764+0000 7f3f3f7a2700 1 Processor -- start
2023-07-20T18:42:13.816 INFO:teuthology.orchestra.run.smithi064.stdout:/usr/bin/ceph: stderr
2023-07-20T18:42:12.764+0000 7f3f3f7a2700 1 -- start start
2023-07-20T18:42:13.816 INFO:teuthology.orchestra.run.smithi064.stdout:/usr/bin/ceph: stderr
2023-07-20T18:42:12.765+0000 7f3f3f7a2700 1 --2- >> [v2:172.21.15.64:3300/0,v1:172.21.15.64:6789/0] conn(0x7f3f38106a60 0x7f3f381063c0 unknown :-1 s=NONE pgs=0 cs=0 l=1 rev1=0 crypto rx=0 tx=0 comp rx=0 tx=0).connect
2023-07-20T18:42:13.816 INFO:teuthology.orchestra.run.smithi064.stdout:/usr/bin/ceph: stderr
2023-07-20T18:42:12.765+0000 7f3f3f7a2700 1 -- --> [v2:172.21.15.64:3300/0,v1:172.21.15.64:6789/0] -- mon_getmap magic: 0 v1 -- 0x7f3f38106900 con 0x7f3f38106a60
2023-07-20T18:42:13.817 INFO:teuthology.orchestra.run.smithi064.stdout:/usr/bin/ceph: stderr
2023-07-20T18:42:12.765+0000 7f3f3d53e700 1 --2- >> [v2:172.21.15.64:3300/0,v1:172.21.15.64:6789/0] conn(0x7f3f38106a60 0x7f3f381063c0 unknown :-1 s=BANNER_CONNECTING pgs=0 cs=0 l=1 rev1=0 crypto rx=0 tx=0 comp rx=0 tx=0)._handle_peer_banner_payload supported=3 required=0
2023-07-20T18:42:13.817 INFO:teuthology.orchestra.run.smithi064.stdout:/usr/bin/ceph: stderr
2023-07-20T18:42:12.765+0000 7f3f3d53e700 1 --2- >> [v2:172.21.15.64:3300/0,v1:172.21.15.64:6789/0] conn(0x7f3f38106a60 0x7f3f381063c0 unknown :-1 s=HELLO_CONNECTING pgs=0 cs=0 l=1 rev1=1 crypto rx=0 tx=0 comp rx=0 tx=0).handle_hello peer v2:172.21.15.64:3300/0 says I am v2:172.21.15.64:38592/0 (socket says 172.21.15.64:38592)
2023-07-20T18:42:13.817 INFO:teuthology.orchestra.run.smithi064.stdout:/usr/bin/ceph: stderr
2023-07-20T18:42:12.765+0000 7f3f3d53e700 1 -- 172.21.15.64:0/2427795207 learned_addr learned my addr 172.21.15.64:0/2427795207 (peer_addr_for_me v2:172.21.15.64:0/0)
2023-07-20T18:42:13.817 INFO:teuthology.orchestra.run.smithi064.stdout:/usr/bin/ceph: stderr
2023-07-20T18:42:12.765+0000 7f3f3d53e700 1 -- 172.21.15.64:0/2427795207 --> [v2:172.21.15.64:3300/0,v1:172.21.15.64:6789/0] -- mon_subscribe({config=0+,monmap=0+}) v3 -- 0x7f3f34009550 con 0x7f3f38106a60
2023-07-20T18:42:13.817 INFO:teuthology.orchestra.run.smithi064.stdout:/usr/bin/ceph: stderr
2023-07-20T18:42:12.765+0000 7f3f3d53e700 1 --2- 172.21.15.64:0/2427795207 >> [v2:172.21.15.64:3300/0,v1:172.21.15.64:6789/0] conn(0x7f3f38106a60 0x7f3f381063c0 secure :-1 s=READY pgs=52 cs=0 l=1 rev1=1 crypto rx=0x7f3f34011980 tx=0x7f3f34011a60 comp rx=0 tx=0).ready entity=mon.0 client_cookie=0 server_cookie=0 in_seq=0 out_seq=0
2023-07-20T18:42:13.817 INFO:teuthology.orchestra.run.smithi064.stdout:/usr/bin/ceph: stderr
2023-07-20T18:42:12.765+0000 7f3f2e7fc700 1 -- 172.21.15.64:0/2427795207 <== mon.0 v2:172.21.15.64:3300/0 1 ==== mon_map magic: 0 v1 ==== 205+0+0 (secure 0 0 0) 0x7f3f34003a60 con 0x7f3f38106a60
2023-07-20T18:42:13.817 INFO:teuthology.orchestra.run.smithi064.stdout:/usr/bin/ceph: stderr
2023-07-20T18:42:12.765+0000 7f3f2e7fc700 1 -- 172.21.15.64:0/2427795207 <== mon.0 v2:172.21.15.64:3300/0 2 ==== config(26 keys) v1 ==== 1105+0+0 (secure 0 0 0) 0x7f3f34003bc0 con 0x7f3f38106a60
2023-07-20T18:42:13.818 INFO:teuthology.orchestra.run.smithi064.stdout:/usr/bin/ceph: stderr
2023-07-20T18:42:12.765+0000 7f3f3f7a2700 1 -- 172.21.15.64:0/2427795207 --> [v2:172.21.15.64:3300/0,v1:172.21.15.64:6789/0] -- mon_subscribe({mgrmap=0+}) v3 -- 0x7f3f38104a10 con 0x7f3f38106a60
2023-07-20T18:42:13.818 INFO:teuthology.orchestra.run.smithi064.stdout:/usr/bin/ceph: stderr
2023-07-20T18:42:12.765+0000 7f3f2e7fc700 1 -- 172.21.15.64:0/2427795207 <== mon.0 v2:172.21.15.64:3300/0 3 ==== mon_map magic: 0 v1 ==== 205+0+0 (secure 0 0 0) 0x7f3f3401a670 con 0x7f3f38106a60
2023-07-20T18:42:13.818 INFO:teuthology.orchestra.run.smithi064.stdout:/usr/bin/ceph: stderr
2023-07-20T18:42:12.765+0000 7f3f3f7a2700 1 -- 172.21.15.64:0/2427795207 --> [v2:172.21.15.64:3300/0,v1:172.21.15.64:6789/0] -- mon_subscribe({osdmap=0}) v3 -- 0x7f3f38104e30 con 0x7f3f38106a60
2023-07-20T18:42:13.818 INFO:teuthology.orchestra.run.smithi064.stdout:/usr/bin/ceph: stderr
2023-07-20T18:42:12.766+0000 7f3f2e7fc700 1 -- 172.21.15.64:0/2427795207 <== mon.0 v2:172.21.15.64:3300/0 4 ==== mgrmap(e 8) v1 ==== 45483+0+0 (secure 0 0 0) 0x7f3f3401a8e0 con 0x7f3f38106a60
2023-07-20T18:42:13.818 INFO:teuthology.orchestra.run.smithi064.stdout:/usr/bin/ceph: stderr
2023-07-20T18:42:12.766+0000 7f3f2e7fc700 1 --2- 172.21.15.64:0/2427795207 >> [v2:172.21.15.64:6800/4106527582,v1:172.21.15.64:6801/4106527582] conn(0x7f3f24038760 0x7f3f2403ac20 unknown :-1 s=NONE pgs=0 cs=0 l=1 rev1=0 crypto rx=0 tx=0 comp rx=0 tx=0).connect
2023-07-20T18:42:13.818 INFO:teuthology.orchestra.run.smithi064.stdout:/usr/bin/ceph: stderr
2023-07-20T18:42:12.766+0000 7f3f2e7fc700 1 -- 172.21.15.64:0/2427795207 <== mon.0 v2:172.21.15.64:3300/0 5 ==== osd_map(2..2 src has 1..2) v4 ==== 940+0+0 (secure 0 0 0) 0x7f3f3404c930 con 0x7f3f38106a60
2023-07-20T18:42:13.818 INFO:teuthology.orchestra.run.smithi064.stdout:/usr/bin/ceph: stderr
2023-07-20T18:42:12.766+0000 7f3f3f7a2700 1 -- 172.21.15.64:0/2427795207 --> [v2:172.21.15.64:3300/0,v1:172.21.15.64:6789/0] -- mon_command({"prefix": "get_command_descriptions"} v 0) v1 -- 0x7f3f3810a1d0 con 0x7f3f38106a60
2023-07-20T18:42:13.819 INFO:teuthology.orchestra.run.smithi064.stdout:/usr/bin/ceph: stderr
2023-07-20T18:42:12.767+0000 7f3f3cd3d700 1 --2- 172.21.15.64:0/2427795207 >> [v2:172.21.15.64:6800/4106527582,v1:172.21.15.64:6801/4106527582] conn(0x7f3f24038760 0x7f3f2403ac20 unknown :-1 s=BANNER_CONNECTING pgs=0 cs=0 l=1 rev1=0 crypto rx=0 tx=0 comp rx=0 tx=0)._handle_peer_banner_payload supported=3 required=0
2023-07-20T18:42:13.819 INFO:teuthology.orchestra.run.smithi064.stdout:/usr/bin/ceph: stderr
2023-07-20T18:42:12.767+0000 7f3f3cd3d700 1 --2- 172.21.15.64:0/2427795207 >> [v2:172.21.15.64:6800/4106527582,v1:172.21.15.64:6801/4106527582] conn(0x7f3f24038760 0x7f3f2403ac20 secure :-1 s=READY pgs=14 cs=0 l=1 rev1=1 crypto rx=0x7f3f28006fd0 tx=0x7f3f28006e40 comp rx=0 tx=0).ready entity=mgr.14120 client_cookie=0 server_cookie=0 in_seq=0 out_seq=0
2023-07-20T18:42:13.819 INFO:teuthology.orchestra.run.smithi064.stdout:/usr/bin/ceph: stderr
2023-07-20T18:42:12.771+0000 7f3f2e7fc700 1 -- 172.21.15.64:0/2427795207 <== mon.0 v2:172.21.15.64:3300/0 6 ==== mon_command_ack([{"prefix": "get_command_descriptions"}]=0 v0) v1 ==== 72+0+178025 (secure 0 0 0) 0x7f3f3401ab90 con 0x7f3f38106a60
2023-07-20T18:42:13.820 INFO:teuthology.orchestra.run.smithi064.stdout:/usr/bin/ceph: stderr
2023-07-20T18:42:13.149+0000 7f3f3f7a2700 1 -- 172.21.15.64:0/2427795207 --> [v2:172.21.15.64:3300/0,v1:172.21.15.64:6789/0] -- mon_command([{prefix=config set, name=mgr/cephadm/container_init}] v 0) v1 -- 0x7f3f3810a3f0 con 0x7f3f38106a60
2023-07-20T18:42:13.820 INFO:teuthology.orchestra.run.smithi064.stdout:/usr/bin/ceph: stderr
2023-07-20T18:42:13.156+0000 7f3f2e7fc700 1 -- 172.21.15.64:0/2427795207 <== mon.0 v2:172.21.15.64:3300/0 7 ==== mon_command_ack([{prefix=config set, name=mgr/cephadm/container_init}]=0 v7)=0 v7) v1 ==== 142+0+0 (secure 0 0 0) 0x7f3f34018350 con 0x7f3f38106a60
2023-07-20T18:42:13.820 INFO:teuthology.orchestra.run.smithi064.stdout:/usr/bin/ceph: stderr
2023-07-20T18:42:13.158+0000 7f3f3f7a2700 1 -- 172.21.15.64:0/2427795207 >> [v2:172.21.15.64:6800/4106527582,v1:172.21.15.64:6801/4106527582] conn(0x7f3f24038760 msgr2=0x7f3f2403ac20 secure :-1 s=STATE_CONNECTION_ESTABLISHED l=1).mark_down
2023-07-20T18:42:13.820 INFO:teuthology.orchestra.run.smithi064.stdout:/usr/bin/ceph: stderr
2023-07-20T18:42:13.158+0000 7f3f3f7a2700 1 --2- 172.21.15.64:0/2427795207 >> [v2:172.21.15.64:6800/4106527582,v1:172.21.15.64:6801/4106527582] conn(0x7f3f24038760 0x7f3f2403ac20 secure :-1 s=READY pgs=14 cs=0 l=1 rev1=1 crypto rx=0x7f3f28006fd0 tx=0x7f3f28006e40 comp rx=0 tx=0).stop
2023-07-20T18:42:13.820 INFO:teuthology.orchestra.run.smithi064.stdout:/usr/bin/ceph: stderr
2023-07-20T18:42:13.159+0000 7f3f3f7a2700 1 -- 172.21.15.64:0/2427795207 >> [v2:172.21.15.64:3300/0,v1:172.21.15.64:6789/0] conn(0x7f3f38106a60 msgr2=0x7f3f381063c0 secure :-1 s=STATE_CONNECTION_ESTABLISHED l=1).mark_down
2023-07-20T18:42:13.820 INFO:teuthology.orchestra.run.smithi064.stdout:/usr/bin/ceph: stderr
2023-07-20T18:42:13.159+0000 7f3f3f7a2700 1 --2- 172.21.15.64:0/2427795207 >> [v2:172.21.15.64:3300/0,v1:172.21.15.64:6789/0] conn(0x7f3f38106a60 0x7f3f381063c0 secure :-1 s=READY pgs=52 cs=0 l=1 rev1=1 crypto rx=0x7f3f34011980 tx=0x7f3f34011a60 comp rx=0 tx=0).stop
2023-07-20T18:42:13.821 INFO:teuthology.orchestra.run.smithi064.stdout:/usr/bin/ceph: stderr
2023-07-20T18:42:13.159+0000 7f3f3f7a2700 1 -- 172.21.15.64:0/2427795207 shutdown_connections
2023-07-20T18:42:13.821 INFO:teuthology.orchestra.run.smithi064.stdout:/usr/bin/ceph: stderr
2023-07-20T18:42:13.159+0000 7f3f3f7a2700 1 --2- 172.21.15.64:0/2427795207 >> [v2:172.21.15.64:6800/4106527582,v1:172.21.15.64:6801/4106527582] conn(0x7f3f24038760 0x7f3f2403ac20 unknown :-1 s=CLOSED pgs=14 cs=0 l=1 rev1=1 crypto rx=0 tx=0 comp rx=0 tx=0).stop
2023-07-20T18:42:13.821 INFO:teuthology.orchestra.run.smithi064.stdout:/usr/bin/ceph: stderr
2023-07-20T18:42:13.159+0000 7f3f3f7a2700 1 --2- 172.21.15.64:0/2427795207 >> [v2:172.21.15.64:3300/0,v1:172.21.15.64:6789/0] conn(0x7f3f38106a60 0x7f3f381063c0 unknown :-1 s=CLOSED pgs=52 cs=0 l=1 rev1=1 crypto rx=0 tx=0 comp rx=0 tx=0).stop
2023-07-20T18:42:13.821 INFO:teuthology.orchestra.run.smithi064.stdout:/usr/bin/ceph: stderr
2023-07-20T18:42:13.159+0000 7f3f3f7a2700 1 -- 172.21.15.64:0/2427795207 >> 172.21.15.64:0/2427795207 conn(0x7f3f381004b0 msgr2=0x7f3f38101210 unknown :-1 s=STATE_NONE l=0).mark_down
2023-07-20T18:42:13.821 INFO:teuthology.orchestra.run.smithi064.stdout:/usr/bin/ceph: stderr
2023-07-20T18:42:13.159+0000 7f3f3f7a2700 1 -- 172.21.15.64:0/2427795207 shutdown_connections
2023-07-20T18:42:13.821 INFO:teuthology.orchestra.run.smithi064.stdout:/usr/bin/ceph: stderr
2023-07-20T18:42:13.159+0000 7f3f3f7a2700 1 -- 172.21.15.64:0/2427795207 wait complete.
2023-07-20T18:42:14.019 INFO:journalctl@ceph.mon.a.smithi064.stdout:Jul 20 18:42:13 smithi064 ceph-mon[96480]: from='mgr.14120 172.21.15.64:0/2900085769' entity='mgr.x'
2023-07-20T18:42:14.019 INFO:journalctl@ceph.mon.a.smithi064.stdout:Jul 20 18:42:13 smithi064 ceph-mon[96480]: from='client.? 172.21.15.64:0/2427795207' entity='client.admin'
2023-07-20T18:42:14.019 INFO:journalctl@ceph.mon.a.smithi064.stdout:Jul 20 18:42:13 smithi064 ceph-mon[96480]: from='mgr.14120 172.21.15.64:0/2900085769' entity='mgr.x'
2023-07-20T18:42:15.214 INFO:teuthology.orchestra.run.smithi064.stdout:/usr/bin/ceph: stderr
2023-07-20T18:42:14.256+0000 7fc68fb6c700 1 Processor -- start
2023-07-20T18:42:15.214 INFO:teuthology.orchestra.run.smithi064.stdout:/usr/bin/ceph: stderr
2023-07-20T18:42:14.256+0000 7fc68fb6c700 1 -- start start
2023-07-20T18:42:15.215 INFO:teuthology.orchestra.run.smithi064.stdout:/usr/bin/ceph: stderr
2023-07-20T18:42:14.256+0000 7fc68fb6c700 1 --2- >> [v2:172.21.15.64:3300/0,v1:172.21.15.64:6789/0] conn(0x7fc6881053f0 0x7fc688105810 unknown :-1 s=NONE pgs=0 cs=0 l=0 rev1=0 crypto rx=0 tx=0 comp rx=0 tx=0).connect
2023-07-20T18:42:15.215 INFO:teuthology.orchestra.run.smithi064.stdout:/usr/bin/ceph: stderr
2023-07-20T18:42:14.256+0000 7fc68fb6c700 1 -- --> [v2:172.21.15.64:3300/0,v1:172.21.15.64:6789/0] -- mon_getmap magic: 0 v1 -- 0x7fc688105de0 con 0x7fc6881053f0
2023-07-20T18:42:15.215 INFO:teuthology.orchestra.run.smithi064.stdout:/usr/bin/ceph: stderr
2023-07-20T18:42:14.257+0000 7fc68d908700 1 --2- >> [v2:172.21.15.64:3300/0,v1:172.21.15.64:6789/0] conn(0x7fc6881053f0 0x7fc688105810 unknown :-1 s=BANNER_CONNECTING pgs=0 cs=0 l=0 rev1=0 crypto rx=0 tx=0 comp rx=0 tx=0)._handle_peer_banner_payload supported=3 required=0
2023-07-20T18:42:15.215 INFO:teuthology.orchestra.run.smithi064.stdout:/usr/bin/ceph: stderr
2023-07-20T18:42:14.257+0000 7fc68d908700 1 --2- >> [v2:172.21.15.64:3300/0,v1:172.21.15.64:6789/0] conn(0x7fc6881053f0 0x7fc688105810 unknown :-1 s=HELLO_CONNECTING pgs=0 cs=0 l=0 rev1=1 crypto rx=0 tx=0 comp rx=0 tx=0).handle_hello peer v2:172.21.15.64:3300/0 says I am v2:172.21.15.64:38596/0 (socket says 172.21.15.64:38596)
2023-07-20T18:42:15.215 INFO:teuthology.orchestra.run.smithi064.stdout:/usr/bin/ceph: stderr
2023-07-20T18:42:14.257+0000 7fc68d908700 1 -- 172.21.15.64:0/731463849 learned_addr learned my addr 172.21.15.64:0/731463849 (peer_addr_for_me v2:172.21.15.64:0/0)
2023-07-20T18:42:15.215 INFO:teuthology.orchestra.run.smithi064.stdout:/usr/bin/ceph: stderr
2023-07-20T18:42:14.257+0000 7fc68d908700 1 -- 172.21.15.64:0/731463849 --> [v2:172.21.15.64:3300/0,v1:172.21.15.64:6789/0] -- mon_subscribe({config=0+,monmap=0+}) v3 -- 0x7fc688106110 con 0x7fc6881053f0
2023-07-20T18:42:15.215 INFO:teuthology.orchestra.run.smithi064.stdout:/usr/bin/ceph: stderr
2023-07-20T18:42:14.257+0000 7fc68d908700 1 --2- 172.21.15.64:0/731463849 >> [v2:172.21.15.64:3300/0,v1:172.21.15.64:6789/0] conn(0x7fc6881053f0 0x7fc688105810 secure :-1 s=READY pgs=53 cs=0 l=1 rev1=1 crypto rx=0x7fc68400bb40 tx=0x7fc68400be50 comp rx=0 tx=0).ready entity=mon.0 client_cookie=95ba947041e6df26 server_cookie=0 in_seq=0 out_seq=0
2023-07-20T18:42:15.215 INFO:teuthology.orchestra.run.smithi064.stdout:/usr/bin/ceph: stderr
2023-07-20T18:42:14.257+0000 7fc68c906700 1 -- 172.21.15.64:0/731463849 <== mon.0 v2:172.21.15.64:3300/0 1 ==== mon_map magic: 0 v1 ==== 205+0+0 (secure 0 0 0) 0x7fc68400dbe0 con 0x7fc6881053f0
2023-07-20T18:42:15.216 INFO:teuthology.orchestra.run.smithi064.stdout:/usr/bin/ceph: stderr
2023-07-20T18:42:14.257+0000 7fc68c906700 1 -- 172.21.15.64:0/731463849 <== mon.0 v2:172.21.15.64:3300/0 2 ==== config(26 keys) v1 ==== 1105+0+0 (secure 0 0 0) 0x7fc6840044f0 con 0x7fc6881053f0
2023-07-20T18:42:15.220 INFO:teuthology.orchestra.run.smithi064.stdout:/usr/bin/ceph: stderr
2023-07-20T18:42:14.257+0000 7fc68c906700 1 -- 172.21.15.64:0/731463849 <== mon.0 v2:172.21.15.64:3300/0 3 ==== mon_map magic: 0 v1 ==== 205+0+0 (secure 0 0 0) 0x7fc684003e60 con 0x7fc6881053f0
2023-07-20T18:42:15.220 INFO:teuthology.orchestra.run.smithi064.stdout:/usr/bin/ceph: stderr
2023-07-20T18:42:14.258+0000 7fc68fb6c700 1 -- 172.21.15.64:0/731463849 >> [v2:172.21.15.64:3300/0,v1:172.21.15.64:6789/0] conn(0x7fc6881053f0 msgr2=0x7fc688105810 secure :-1 s=STATE_CONNECTION_ESTABLISHED l=1).mark_down
2023-07-20T18:42:15.220 INFO:teuthology.orchestra.run.smithi064.stdout:/usr/bin/ceph: stderr
2023-07-20T18:42:14.258+0000 7fc68fb6c700 1 --2- 172.21.15.64:0/731463849 >> [v2:172.21.15.64:3300/0,v1:172.21.15.64:6789/0] conn(0x7fc6881053f0 0x7fc688105810 secure :-1 s=READY pgs=53 cs=0 l=1 rev1=1 crypto rx=0x7fc68400bb40 tx=0x7fc68400be50 comp rx=0 tx=0).stop
2023-07-20T18:42:15.221 INFO:teuthology.orchestra.run.smithi064.stdout:/usr/bin/ceph: stderr
2023-07-20T18:42:14.258+0000 7fc68fb6c700 1 -- 172.21.15.64:0/731463849 shutdown_connections
2023-07-20T18:42:15.221 INFO:teuthology.orchestra.run.smithi064.stdout:/usr/bin/ceph: stderr
2023-07-20T18:42:14.258+0000 7fc68fb6c700 1 --2- 172.21.15.64:0/731463849 >> [v2:172.21.15.64:3300/0,v1:172.21.15.64:6789/0] conn(0x7fc6881053f0 0x7fc688105810 unknown :-1 s=CLOSED pgs=53 cs=0 l=1 rev1=1 crypto rx=0 tx=0 comp rx=0 tx=0).stop
2023-07-20T18:42:15.221 INFO:teuthology.orchestra.run.smithi064.stdout:/usr/bin/ceph: stderr
2023-07-20T18:42:14.258+0000 7fc68fb6c700 1 -- 172.21.15.64:0/731463849 >> 172.21.15.64:0/731463849 conn(0x7fc6880ffc30 msgr2=0x7fc688102050 unknown :-1 s=STATE_NONE l=0).mark_down
2023-07-20T18:42:15.221 INFO:teuthology.orchestra.run.smithi064.stdout:/usr/bin/ceph: stderr
2023-07-20T18:42:14.258+0000 7fc68fb6c700 1 -- 172.21.15.64:0/731463849 shutdown_connections
2023-07-20T18:42:15.221 INFO:teuthology.orchestra.run.smithi064.stdout:/usr/bin/ceph: stderr
2023-07-20T18:42:14.258+0000 7fc68fb6c700 1 -- 172.21.15.64:0/731463849 wait complete.
2023-07-20T18:42:15.221 INFO:teuthology.orchestra.run.smithi064.stdout:/usr/bin/ceph: stderr
2023-07-20T18:42:14.259+0000 7fc68fb6c700 1 Processor -- start
2023-07-20T18:42:15.221 INFO:teuthology.orchestra.run.smithi064.stdout:/usr/bin/ceph: stderr
2023-07-20T18:42:14.259+0000 7fc68fb6c700 1 -- start start
2023-07-20T18:42:15.222 INFO:teuthology.orchestra.run.smithi064.stdout:/usr/bin/ceph: stderr
2023-07-20T18:42:14.259+0000 7fc68fb6c700 1 --2- >> [v2:172.21.15.64:3300/0,v1:172.21.15.64:6789/0] conn(0x7fc6881053f0 0x7fc688197ac0 unknown :-1 s=NONE pgs=0 cs=0 l=1 rev1=0 crypto rx=0 tx=0 comp rx=0 tx=0).connect
2023-07-20T18:42:15.222 INFO:teuthology.orchestra.run.smithi064.stdout:/usr/bin/ceph: stderr
2023-07-20T18:42:14.259+0000 7fc68fb6c700 1 -- --> [v2:172.21.15.64:3300/0,v1:172.21.15.64:6789/0] -- mon_getmap magic: 0 v1 -- 0x7fc688198000 con 0x7fc6881053f0
2023-07-20T18:42:15.222 INFO:teuthology.orchestra.run.smithi064.stdout:/usr/bin/ceph: stderr
2023-07-20T18:42:14.259+0000 7fc68d908700 1 --2- >> [v2:172.21.15.64:3300/0,v1:172.21.15.64:6789/0] conn(0x7fc6881053f0 0x7fc688197ac0 unknown :-1 s=BANNER_CONNECTING pgs=0 cs=0 l=1 rev1=0 crypto rx=0 tx=0 comp rx=0 tx=0)._handle_peer_banner_payload supported=3 required=0
2023-07-20T18:42:15.222 INFO:teuthology.orchestra.run.smithi064.stdout:/usr/bin/ceph: stderr
2023-07-20T18:42:14.259+0000 7fc68d908700 1 --2- >> [v2:172.21.15.64:3300/0,v1:172.21.15.64:6789/0] conn(0x7fc6881053f0 0x7fc688197ac0 unknown :-1 s=HELLO_CONNECTING pgs=0 cs=0 l=1 rev1=1 crypto rx=0 tx=0 comp rx=0 tx=0).handle_hello peer v2:172.21.15.64:3300/0 says I am v2:172.21.15.64:38598/0 (socket says 172.21.15.64:38598)
2023-07-20T18:42:15.222 INFO:teuthology.orchestra.run.smithi064.stdout:/usr/bin/ceph: stderr
2023-07-20T18:42:14.259+0000 7fc68d908700 1 -- 172.21.15.64:0/1688896019 learned_addr learned my addr 172.21.15.64:0/1688896019 (peer_addr_for_me v2:172.21.15.64:0/0)
2023-07-20T18:42:15.222 INFO:teuthology.orchestra.run.smithi064.stdout:/usr/bin/ceph: stderr
2023-07-20T18:42:14.259+0000 7fc68d908700 1 -- 172.21.15.64:0/1688896019 --> [v2:172.21.15.64:3300/0,v1:172.21.15.64:6789/0] -- mon_subscribe({config=0+,monmap=0+}) v3 -- 0x7fc68400b7f0 con 0x7fc6881053f0
2023-07-20T18:42:15.222 INFO:teuthology.orchestra.run.smithi064.stdout:/usr/bin/ceph: stderr
2023-07-20T18:42:14.260+0000 7fc68d908700 1 --2- 172.21.15.64:0/1688896019 >> [v2:172.21.15.64:3300/0,v1:172.21.15.64:6789/0] conn(0x7fc6881053f0 0x7fc688197ac0 secure :-1 s=READY pgs=54 cs=0 l=1 rev1=1 crypto rx=0x7fc6840104d0 tx=0x7fc684004020 comp rx=0 tx=0).ready entity=mon.0 client_cookie=0 server_cookie=0 in_seq=0 out_seq=0
2023-07-20T18:42:15.222 INFO:teuthology.orchestra.run.smithi064.stdout:/usr/bin/ceph: stderr
2023-07-20T18:42:14.260+0000 7fc67effd700 1 -- 172.21.15.64:0/1688896019 <== mon.0 v2:172.21.15.64:3300/0 1 ==== mon_map magic: 0 v1 ==== 205+0+0 (secure 0 0 0) 0x7fc68401e070 con 0x7fc6881053f0
2023-07-20T18:42:15.223 INFO:teuthology.orchestra.run.smithi064.stdout:/usr/bin/ceph: stderr
2023-07-20T18:42:14.260+0000 7fc67effd700 1 -- 172.21.15.64:0/1688896019 <== mon.0 v2:172.21.15.64:3300/0 2 ==== config(26 keys) v1 ==== 1105+0+0 (secure 0 0 0) 0x7fc684010b40 con 0x7fc6881053f0
2023-07-20T18:42:15.223 INFO:teuthology.orchestra.run.smithi064.stdout:/usr/bin/ceph: stderr
2023-07-20T18:42:14.260+0000 7fc68fb6c700 1 -- 172.21.15.64:0/1688896019 --> [v2:172.21.15.64:3300/0,v1:172.21.15.64:6789/0] -- mon_subscribe({mgrmap=0+}) v3 -- 0x7fc688198200 con 0x7fc6881053f0
2023-07-20T18:42:15.223 INFO:teuthology.orchestra.run.smithi064.stdout:/usr/bin/ceph: stderr
2023-07-20T18:42:14.260+0000 7fc67effd700 1 -- 172.21.15.64:0/1688896019 <== mon.0 v2:172.21.15.64:3300/0 3 ==== mon_map magic: 0 v1 ==== 205+0+0 (secure 0 0 0) 0x7fc684022b30 con 0x7fc6881053f0
2023-07-20T18:42:15.223 INFO:teuthology.orchestra.run.smithi064.stdout:/usr/bin/ceph: stderr
2023-07-20T18:42:14.260+0000 7fc68fb6c700 1 -- 172.21.15.64:0/1688896019 --> [v2:172.21.15.64:3300/0,v1:172.21.15.64:6789/0] -- mon_subscribe({osdmap=0}) v3 -- 0x7fc688198620 con 0x7fc6881053f0
2023-07-20T18:42:15.223 INFO:teuthology.orchestra.run.smithi064.stdout:/usr/bin/ceph: stderr
2023-07-20T18:42:14.261+0000 7fc67effd700 1 -- 172.21.15.64:0/1688896019 <== mon.0 v2:172.21.15.64:3300/0 4 ==== mgrmap(e 8) v1 ==== 45483+0+0 (secure 0 0 0) 0x7fc68402c440 con 0x7fc6881053f0
2023-07-20T18:42:15.223 INFO:teuthology.orchestra.run.smithi064.stdout:/usr/bin/ceph: stderr
2023-07-20T18:42:14.261+0000 7fc67effd700 1 --2- 172.21.15.64:0/1688896019 >> [v2:172.21.15.64:6800/4106527582,v1:172.21.15.64:6801/4106527582] conn(0x7fc6740386c0 0x7fc67403ab80 unknown :-1 s=NONE pgs=0 cs=0 l=1 rev1=0 crypto rx=0 tx=0 comp rx=0 tx=0).connect
2023-07-20T18:42:15.223 INFO:teuthology.orchestra.run.smithi064.stdout:/usr/bin/ceph: stderr
2023-07-20T18:42:14.261+0000 7fc67effd700 1 -- 172.21.15.64:0/1688896019 <== mon.0 v2:172.21.15.64:3300/0 5 ==== osd_map(2..2 src has 1..2) v4 ==== 940+0+0 (secure 0 0 0) 0x7fc68404ef70 con 0x7fc6881053f0
2023-07-20T18:42:15.223 INFO:teuthology.orchestra.run.smithi064.stdout:/usr/bin/ceph: stderr
2023-07-20T18:42:14.261+0000 7fc68fb6c700 1 -- 172.21.15.64:0/1688896019 --> [v2:172.21.15.64:3300/0,v1:172.21.15.64:6789/0] -- mon_command({"prefix": "get_command_descriptions"} v 0) v1 -- 0x7fc6881917a0 con 0x7fc6881053f0
2023-07-20T18:42:15.224 INFO:teuthology.orchestra.run.smithi064.stdout:/usr/bin/ceph: stderr
2023-07-20T18:42:14.261+0000 7fc68d107700 1 --2- 172.21.15.64:0/1688896019 >> [v2:172.21.15.64:6800/4106527582,v1:172.21.15.64:6801/4106527582] conn(0x7fc6740386c0 0x7fc67403ab80 unknown :-1 s=BANNER_CONNECTING pgs=0 cs=0 l=1 rev1=0 crypto rx=0 tx=0 comp rx=0 tx=0)._handle_peer_banner_payload supported=3 required=0
2023-07-20T18:42:15.224 INFO:teuthology.orchestra.run.smithi064.stdout:/usr/bin/ceph: stderr
2023-07-20T18:42:14.261+0000 7fc68d107700 1 --2- 172.21.15.64:0/1688896019 >> [v2:172.21.15.64:6800/4106527582,v1:172.21.15.64:6801/4106527582] conn(0x7fc6740386c0 0x7fc67403ab80 secure :-1 s=READY pgs=15 cs=0 l=1 rev1=1 crypto rx=0x7fc678006fd0 tx=0x7fc678006e40 comp rx=0 tx=0).ready entity=mgr.14120 client_cookie=0 server_cookie=0 in_seq=0 out_seq=0
2023-07-20T18:42:15.224 INFO:teuthology.orchestra.run.smithi064.stdout:/usr/bin/ceph: stderr
2023-07-20T18:42:14.266+0000 7fc67effd700 1 -- 172.21.15.64:0/1688896019 <== mon.0 v2:172.21.15.64:3300/0 6 ==== mon_command_ack([{"prefix": "get_command_descriptions"}]=0 v0) v1 ==== 72+0+178025 (secure 0 0 0) 0x7fc684027030 con 0x7fc6881053f0
2023-07-20T18:42:15.224 INFO:teuthology.orchestra.run.smithi064.stdout:/usr/bin/ceph: stderr
2023-07-20T18:42:14.639+0000 7fc68fb6c700 1 -- 172.21.15.64:0/1688896019 --> [v2:172.21.15.64:3300/0,v1:172.21.15.64:6789/0] -- mon_command([{prefix=config set, name=mgr/dashboard/ssl_server_port}] v 0) v1 -- 0x7fc688104090 con 0x7fc6881053f0
2023-07-20T18:42:15.224 INFO:teuthology.orchestra.run.smithi064.stdout:/usr/bin/ceph: stderr
2023-07-20T18:42:14.642+0000 7fc67effd700 1 -- 172.21.15.64:0/1688896019 <== mon.0 v2:172.21.15.64:3300/0 7 ==== mon_command_ack([{prefix=config set, name=mgr/dashboard/ssl_server_port}]=0 v8)=0 v8) v1 ==== 130+0+0 (secure 0 0 0) 0x7fc68404c030 con 0x7fc6881053f0
2023-07-20T18:42:15.224 INFO:teuthology.orchestra.run.smithi064.stdout:/usr/bin/ceph: stderr
2023-07-20T18:42:14.644+0000 7fc68fb6c700 1 -- 172.21.15.64:0/1688896019 >> [v2:172.21.15.64:6800/4106527582,v1:172.21.15.64:6801/4106527582] conn(0x7fc6740386c0 msgr2=0x7fc67403ab80 secure :-1 s=STATE_CONNECTION_ESTABLISHED l=1).mark_down
2023-07-20T18:42:15.224 INFO:teuthology.orchestra.run.smithi064.stdout:/usr/bin/ceph: stderr
2023-07-20T18:42:14.644+0000 7fc68fb6c700 1 --2- 172.21.15.64:0/1688896019 >> [v2:172.21.15.64:6800/4106527582,v1:172.21.15.64:6801/4106527582] conn(0x7fc6740386c0 0x7fc67403ab80 secure :-1 s=READY pgs=15 cs=0 l=1 rev1=1 crypto rx=0x7fc678006fd0 tx=0x7fc678006e40 comp rx=0 tx=0).stop
2023-07-20T18:42:15.225 INFO:teuthology.orchestra.run.smithi064.stdout:/usr/bin/ceph: stderr
2023-07-20T18:42:14.644+0000 7fc68fb6c700 1 -- 172.21.15.64:0/1688896019 >> [v2:172.21.15.64:3300/0,v1:172.21.15.64:6789/0] conn(0x7fc6881053f0 msgr2=0x7fc688197ac0 secure :-1 s=STATE_CONNECTION_ESTABLISHED l=1).mark_down
2023-07-20T18:42:15.225 INFO:teuthology.orchestra.run.smithi064.stdout:/usr/bin/ceph: stderr
2023-07-20T18:42:14.644+0000 7fc68fb6c700 1 --2- 172.21.15.64:0/1688896019 >> [v2:172.21.15.64:3300/0,v1:172.21.15.64:6789/0] conn(0x7fc6881053f0 0x7fc688197ac0 secure :-1 s=READY pgs=54 cs=0 l=1 rev1=1 crypto rx=0x7fc6840104d0 tx=0x7fc684004020 comp rx=0 tx=0).stop
2023-07-20T18:42:15.225 INFO:teuthology.orchestra.run.smithi064.stdout:/usr/bin/ceph: stderr
2023-07-20T18:42:14.644+0000 7fc68fb6c700 1 -- 172.21.15.64:0/1688896019 shutdown_connections
2023-07-20T18:42:15.225 INFO:teuthology.orchestra.run.smithi064.stdout:/usr/bin/ceph: stderr
2023-07-20T18:42:14.644+0000 7fc68fb6c700 1 --2- 172.21.15.64:0/1688896019 >> [v2:172.21.15.64:6800/4106527582,v1:172.21.15.64:6801/4106527582] conn(0x7fc6740386c0 0x7fc67403ab80 unknown :-1 s=CLOSED pgs=15 cs=0 l=1 rev1=1 crypto rx=0 tx=0 comp rx=0 tx=0).stop
2023-07-20T18:42:15.225 INFO:teuthology.orchestra.run.smithi064.stdout:/usr/bin/ceph: stderr
2023-07-20T18:42:14.644+0000 7fc68fb6c700 1 --2- 172.21.15.64:0/1688896019 >> [v2:172.21.15.64:3300/0,v1:172.21.15.64:6789/0] conn(0x7fc6881053f0 0x7fc688197ac0 unknown :-1 s=CLOSED pgs=54 cs=0 l=1 rev1=1 crypto rx=0 tx=0 comp rx=0 tx=0).stop
2023-07-20T18:42:15.225 INFO:teuthology.orchestra.run.smithi064.stdout:/usr/bin/ceph: stderr
2023-07-20T18:42:14.644+0000 7fc68fb6c700 1 -- 172.21.15.64:0/1688896019 >> 172.21.15.64:0/1688896019 conn(0x7fc6880ffc30 msgr2=0x7fc68818e8e0 unknown :-1 s=STATE_NONE l=0).mark_down
2023-07-20T18:42:15.225 INFO:teuthology.orchestra.run.smithi064.stdout:/usr/bin/ceph: stderr
2023-07-20T18:42:14.645+0000 7fc68fb6c700 1 -- 172.21.15.64:0/1688896019 shutdown_connections
2023-07-20T18:42:15.226 INFO:teuthology.orchestra.run.smithi064.stdout:/usr/bin/ceph: stderr
2023-07-20T18:42:14.645+0000 7fc68fb6c700 1 -- 172.21.15.64:0/1688896019 wait complete.
2023-07-20T18:42:15.226 INFO:teuthology.orchestra.run.smithi064.stdout:Enabling the dashboard module...
2023-07-20T18:42:15.818 INFO:journalctl@ceph.mon.a.smithi064.stdout:Jul 20 18:42:15 smithi064 ceph-mon[96480]: from='client.? 172.21.15.64:0/1688896019' entity='client.admin'
2023-07-20T18:42:16.954 INFO:journalctl@ceph.mon.a.smithi064.stdout:Jul 20 18:42:16 smithi064 ceph-mon[96480]: from='client.? 172.21.15.64:0/2126661655' entity='client.admin' cmd=[{"prefix": "mgr module enable", "module": "dashboard"}]: dispatch
2023-07-20T18:42:16.955 INFO:journalctl@ceph.mgr.x.smithi064.stdout:Jul 20 18:42:16 smithi064 ceph-e4aae3a8-272c-11ee-9b34-001a4aab830c-mgr-x[96729]: ignoring --setuser ceph since I am not root
2023-07-20T18:42:16.956 INFO:journalctl@ceph.mgr.x.smithi064.stdout:Jul 20 18:42:16 smithi064 ceph-e4aae3a8-272c-11ee-9b34-001a4aab830c-mgr-x[96729]: ignoring --setgroup ceph since I am not root
2023-07-20T18:42:16.956 INFO:journalctl@ceph.mgr.x.smithi064.stdout:Jul 20 18:42:16 smithi064 ceph-e4aae3a8-272c-11ee-9b34-001a4aab830c-mgr-x[96729]:
2023-07-20T18:42:16.855+0000 7f08a7a32200 -1 mgr[py] Module devicehealth has missing NOTIFY_TYPES member
2023-07-20T18:42:16.956 INFO:journalctl@ceph.mgr.x.smithi064.stdout:Jul 20 18:42:16 smithi064 ceph-e4aae3a8-272c-11ee-9b34-001a4aab830c-mgr-x[96729]:
2023-07-20T18:42:16.953+0000 7f08a7a32200 -1 mgr[py] Module osd_support has missing NOTIFY_TYPES member
2023-07-20T18:42:17.056 INFO:teuthology.orchestra.run.smithi064.stdout:/usr/bin/ceph: stderr
2023-07-20T18:42:15.913+0000 7ff829724700 1 Processor -- start
2023-07-20T18:42:17.056 INFO:teuthology.orchestra.run.smithi064.stdout:/usr/bin/ceph: stderr
2023-07-20T18:42:15.913+0000 7ff829724700 1 -- start start
2023-07-20T18:42:17.057 INFO:teuthology.orchestra.run.smithi064.stdout:/usr/bin/ceph: stderr
2023-07-20T18:42:15.913+0000 7ff829724700 1 --2- >> [v2:172.21.15.64:3300/0,v1:172.21.15.64:6789/0] conn(0x7ff8241053f0 0x7ff824105810 unknown :-1 s=NONE pgs=0 cs=0 l=0 rev1=0 crypto rx=0 tx=0 comp rx=0 tx=0).connect
2023-07-20T18:42:17.057 INFO:teuthology.orchestra.run.smithi064.stdout:/usr/bin/ceph: stderr
2023-07-20T18:42:15.913+0000 7ff829724700 1 -- --> [v2:172.21.15.64:3300/0,v1:172.21.15.64:6789/0] -- mon_getmap magic: 0 v1 -- 0x7ff824105de0 con 0x7ff8241053f0
2023-07-20T18:42:17.057 INFO:teuthology.orchestra.run.smithi064.stdout:/usr/bin/ceph: stderr
2023-07-20T18:42:15.913+0000 7ff822ffd700 1 --2- >> [v2:172.21.15.64:3300/0,v1:172.21.15.64:6789/0] conn(0x7ff8241053f0 0x7ff824105810 unknown :-1 s=BANNER_CONNECTING pgs=0 cs=0 l=0 rev1=0 crypto rx=0 tx=0 comp rx=0 tx=0)._handle_peer_banner_payload supported=3 required=0
2023-07-20T18:42:17.057 INFO:teuthology.orchestra.run.smithi064.stdout:/usr/bin/ceph: stderr
2023-07-20T18:42:15.913+0000 7ff822ffd700 1 --2- >> [v2:172.21.15.64:3300/0,v1:172.21.15.64:6789/0] conn(0x7ff8241053f0 0x7ff824105810 unknown :-1 s=HELLO_CONNECTING pgs=0 cs=0 l=0 rev1=1 crypto rx=0 tx=0 comp rx=0 tx=0).handle_hello peer v2:172.21.15.64:3300/0 says I am v2:172.21.15.64:38602/0 (socket says 172.21.15.64:38602)
2023-07-20T18:42:17.057 INFO:teuthology.orchestra.run.smithi064.stdout:/usr/bin/ceph: stderr
2023-07-20T18:42:15.913+0000 7ff822ffd700 1 -- 172.21.15.64:0/1778917056 learned_addr learned my addr 172.21.15.64:0/1778917056 (peer_addr_for_me v2:172.21.15.64:0/0)
2023-07-20T18:42:17.057 INFO:teuthology.orchestra.run.smithi064.stdout:/usr/bin/ceph: stderr
2023-07-20T18:42:15.914+0000 7ff822ffd700 1 -- 172.21.15.64:0/1778917056 --> [v2:172.21.15.64:3300/0,v1:172.21.15.64:6789/0] -- mon_subscribe({config=0+,monmap=0+}) v3 -- 0x7ff824106110 con 0x7ff8241053f0
2023-07-20T18:42:17.057 INFO:teuthology.orchestra.run.smithi064.stdout:/usr/bin/ceph: stderr
2023-07-20T18:42:15.914+0000 7ff822ffd700 1 --2- 172.21.15.64:0/1778917056 >> [v2:172.21.15.64:3300/0,v1:172.21.15.64:6789/0] conn(0x7ff8241053f0 0x7ff824105810 secure :-1 s=READY pgs=55 cs=0 l=1 rev1=1 crypto rx=0x7ff81400bb40 tx=0x7ff81400be50 comp rx=0 tx=0).ready entity=mon.0 client_cookie=e4cac28264287c65 server_cookie=0 in_seq=0 out_seq=0
2023-07-20T18:42:17.058 INFO:teuthology.orchestra.run.smithi064.stdout:/usr/bin/ceph: stderr
2023-07-20T18:42:15.914+0000 7ff821ffb700 1 -- 172.21.15.64:0/1778917056 <== mon.0 v2:172.21.15.64:3300/0 1 ==== mon_map magic: 0 v1 ==== 205+0+0 (secure 0 0 0) 0x7ff81400dbe0 con 0x7ff8241053f0
2023-07-20T18:42:17.058 INFO:teuthology.orchestra.run.smithi064.stdout:/usr/bin/ceph: stderr
2023-07-20T18:42:15.914+0000 7ff821ffb700 1 -- 172.21.15.64:0/1778917056 <== mon.0 v2:172.21.15.64:3300/0 2 ==== config(26 keys) v1 ==== 1105+0+0 (secure 0 0 0) 0x7ff8140044f0 con 0x7ff8241053f0
2023-07-20T18:42:17.058 INFO:teuthology.orchestra.run.smithi064.stdout:/usr/bin/ceph: stderr
2023-07-20T18:42:15.914+0000 7ff821ffb700 1 -- 172.21.15.64:0/1778917056 <== mon.0 v2:172.21.15.64:3300/0 3 ==== mon_map magic: 0 v1 ==== 205+0+0 (secure 0 0 0) 0x7ff814003e60 con 0x7ff8241053f0
2023-07-20T18:42:17.058 INFO:teuthology.orchestra.run.smithi064.stdout:/usr/bin/ceph: stderr
2023-07-20T18:42:15.914+0000 7ff829724700 1 -- 172.21.15.64:0/1778917056 >> [v2:172.21.15.64:3300/0,v1:172.21.15.64:6789/0] conn(0x7ff8241053f0 msgr2=0x7ff824105810 secure :-1 s=STATE_CONNECTION_ESTABLISHED l=1).mark_down
2023-07-20T18:42:17.058 INFO:teuthology.orchestra.run.smithi064.stdout:/usr/bin/ceph: stderr
2023-07-20T18:42:15.914+0000 7ff829724700 1 --2- 172.21.15.64:0/1778917056 >> [v2:172.21.15.64:3300/0,v1:172.21.15.64:6789/0] conn(0x7ff8241053f0 0x7ff824105810 secure :-1 s=READY pgs=55 cs=0 l=1 rev1=1 crypto rx=0x7ff81400bb40 tx=0x7ff81400be50 comp rx=0 tx=0).stop
2023-07-20T18:42:17.058 INFO:teuthology.orchestra.run.smithi064.stdout:/usr/bin/ceph: stderr
2023-07-20T18:42:15.915+0000 7ff829724700 1 -- 172.21.15.64:0/1778917056 shutdown_connections
2023-07-20T18:42:17.058 INFO:teuthology.orchestra.run.smithi064.stdout:/usr/bin/ceph: stderr
2023-07-20T18:42:15.915+0000 7ff829724700 1 --2- 172.21.15.64:0/1778917056 >> [v2:172.21.15.64:3300/0,v1:172.21.15.64:6789/0] conn(0x7ff8241053f0 0x7ff824105810 unknown :-1 s=CLOSED pgs=55 cs=0 l=1 rev1=1 crypto rx=0 tx=0 comp rx=0 tx=0).stop
2023-07-20T18:42:17.058 INFO:teuthology.orchestra.run.smithi064.stdout:/usr/bin/ceph: stderr
2023-07-20T18:42:15.915+0000 7ff829724700 1 -- 172.21.15.64:0/1778917056 >> 172.21.15.64:0/1778917056 conn(0x7ff8240ffc30 msgr2=0x7ff824102050 unknown :-1 s=STATE_NONE l=0).mark_down
2023-07-20T18:42:17.059 INFO:teuthology.orchestra.run.smithi064.stdout:/usr/bin/ceph: stderr
2023-07-20T18:42:15.915+0000 7ff829724700 1 -- 172.21.15.64:0/1778917056 shutdown_connections
2023-07-20T18:42:17.059 INFO:teuthology.orchestra.run.smithi064.stdout:/usr/bin/ceph: stderr
2023-07-20T18:42:15.915+0000 7ff829724700 1 -- 172.21.15.64:0/1778917056 wait complete.
2023-07-20T18:42:17.059 INFO:teuthology.orchestra.run.smithi064.stdout:/usr/bin/ceph: stderr
2023-07-20T18:42:15.915+0000 7ff829724700 1 Processor -- start
2023-07-20T18:42:17.059 INFO:teuthology.orchestra.run.smithi064.stdout:/usr/bin/ceph: stderr
2023-07-20T18:42:15.915+0000 7ff829724700 1 -- start start
2023-07-20T18:42:17.059 INFO:teuthology.orchestra.run.smithi064.stdout:/usr/bin/ceph: stderr
2023-07-20T18:42:15.916+0000 7ff829724700 1 --2- >> [v2:172.21.15.64:3300/0,v1:172.21.15.64:6789/0] conn(0x7ff8241053f0 0x7ff82419bef0 unknown :-1 s=NONE pgs=0 cs=0 l=1 rev1=0 crypto rx=0 tx=0 comp rx=0 tx=0).connect
2023-07-20T18:42:17.059 INFO:teuthology.orchestra.run.smithi064.stdout:/usr/bin/ceph: stderr
2023-07-20T18:42:15.916+0000 7ff829724700 1 -- --> [v2:172.21.15.64:3300/0,v1:172.21.15.64:6789/0] -- mon_getmap magic: 0 v1 -- 0x7ff82419c430 con 0x7ff8241053f0
2023-07-20T18:42:17.059 INFO:teuthology.orchestra.run.smithi064.stdout:/usr/bin/ceph: stderr
