2023-07-20T18:42:29.724+0000 7f845e098700 1 --2- 172.21.15.64:0/2458261943 >> [v2:172.21.15.64:3300/0,v1:172.21.15.64:6789/0] conn(0x7f8458104f10 0x7f8458079b30 secure :-1 s=READY pgs=75 cs=0 l=1 rev1=1 crypto rx=0x7f8448003f00 tx=0x7f8448011a30 comp rx=0 tx=0).ready entity=mon.0 client_cookie=0 server_cookie=0 in_seq=0 out_seq=0
2023-07-20T18:42:30.463 INFO:teuthology.orchestra.run.smithi064.stdout:/usr/bin/ceph: stderr
2023-07-20T18:42:29.724+0000 7f844f7fe700 1 -- 172.21.15.64:0/2458261943 <== mon.0 v2:172.21.15.64:3300/0 1 ==== mon_map magic: 0 v1 ==== 205+0+0 (secure 0 0 0) 0x7f8448003b20 con 0x7f8458104f10
2023-07-20T18:42:30.463 INFO:teuthology.orchestra.run.smithi064.stdout:/usr/bin/ceph: stderr
2023-07-20T18:42:29.724+0000 7f844f7fe700 1 -- 172.21.15.64:0/2458261943 <== mon.0 v2:172.21.15.64:3300/0 2 ==== config(26 keys) v1 ==== 1105+0+0 (secure 0 0 0) 0x7f8448003c80 con 0x7f8458104f10
2023-07-20T18:42:30.464 INFO:teuthology.orchestra.run.smithi064.stdout:/usr/bin/ceph: stderr
2023-07-20T18:42:29.724+0000 7f84602fc700 1 -- 172.21.15.64:0/2458261943 --> [v2:172.21.15.64:3300/0,v1:172.21.15.64:6789/0] -- mon_subscribe({mgrmap=0+}) v3 -- 0x7f845819cb20 con 0x7f8458104f10
2023-07-20T18:42:30.464 INFO:teuthology.orchestra.run.smithi064.stdout:/usr/bin/ceph: stderr
2023-07-20T18:42:29.724+0000 7f844f7fe700 1 -- 172.21.15.64:0/2458261943 <== mon.0 v2:172.21.15.64:3300/0 3 ==== mon_map magic: 0 v1 ==== 205+0+0 (secure 0 0 0) 0x7f8448019770 con 0x7f8458104f10
2023-07-20T18:42:30.464 INFO:teuthology.orchestra.run.smithi064.stdout:/usr/bin/ceph: stderr
2023-07-20T18:42:29.724+0000 7f84602fc700 1 -- 172.21.15.64:0/2458261943 --> [v2:172.21.15.64:3300/0,v1:172.21.15.64:6789/0] -- mon_subscribe({osdmap=0}) v3 -- 0x7f845819cf40 con 0x7f8458104f10
2023-07-20T18:42:30.464 INFO:teuthology.orchestra.run.smithi064.stdout:/usr/bin/ceph: stderr
2023-07-20T18:42:29.725+0000 7f844f7fe700 1 -- 172.21.15.64:0/2458261943 <== mon.0 v2:172.21.15.64:3300/0 4 ==== mgrmap(e 12) v1 ==== 45496+0+0 (secure 0 0 0) 0x7f84480199e0 con 0x7f8458104f10
2023-07-20T18:42:30.464 INFO:teuthology.orchestra.run.smithi064.stdout:/usr/bin/ceph: stderr
2023-07-20T18:42:29.725+0000 7f844f7fe700 1 --2- 172.21.15.64:0/2458261943 >> [v2:172.21.15.64:6800/3267318594,v1:172.21.15.64:6801/3267318594] conn(0x7f84440387b0 0x7f844403ac70 unknown :-1 s=NONE pgs=0 cs=0 l=1 rev1=0 crypto rx=0 tx=0 comp rx=0 tx=0).connect
2023-07-20T18:42:30.464 INFO:teuthology.orchestra.run.smithi064.stdout:/usr/bin/ceph: stderr
2023-07-20T18:42:29.725+0000 7f844f7fe700 1 -- 172.21.15.64:0/2458261943 <== mon.0 v2:172.21.15.64:3300/0 5 ==== osd_map(3..3 src has 1..3) v4 ==== 1155+0+0 (secure 0 0 0) 0x7f844804ca50 con 0x7f8458104f10
2023-07-20T18:42:30.464 INFO:teuthology.orchestra.run.smithi064.stdout:/usr/bin/ceph: stderr
2023-07-20T18:42:29.725+0000 7f845d897700 1 --2- 172.21.15.64:0/2458261943 >> [v2:172.21.15.64:6800/3267318594,v1:172.21.15.64:6801/3267318594] conn(0x7f84440387b0 0x7f844403ac70 unknown :-1 s=BANNER_CONNECTING pgs=0 cs=0 l=1 rev1=0 crypto rx=0 tx=0 comp rx=0 tx=0)._handle_peer_banner_payload supported=3 required=0
2023-07-20T18:42:30.465 INFO:teuthology.orchestra.run.smithi064.stdout:/usr/bin/ceph: stderr
2023-07-20T18:42:29.725+0000 7f84602fc700 1 -- 172.21.15.64:0/2458261943 --> [v2:172.21.15.64:3300/0,v1:172.21.15.64:6789/0] -- mon_command({"prefix": "get_command_descriptions"} v 0) v1 -- 0x7f8458192c80 con 0x7f8458104f10
2023-07-20T18:42:30.465 INFO:teuthology.orchestra.run.smithi064.stdout:/usr/bin/ceph: stderr
2023-07-20T18:42:29.726+0000 7f845d897700 1 --2- 172.21.15.64:0/2458261943 >> [v2:172.21.15.64:6800/3267318594,v1:172.21.15.64:6801/3267318594] conn(0x7f84440387b0 0x7f844403ac70 secure :-1 s=READY pgs=9 cs=0 l=1 rev1=1 crypto rx=0x7f8454006fd0 tx=0x7f8454006e40 comp rx=0 tx=0).ready entity=mgr.14152 client_cookie=0 server_cookie=0 in_seq=0 out_seq=0
2023-07-20T18:42:30.465 INFO:teuthology.orchestra.run.smithi064.stdout:/usr/bin/ceph: stderr
2023-07-20T18:42:29.730+0000 7f844f7fe700 1 -- 172.21.15.64:0/2458261943 <== mon.0 v2:172.21.15.64:3300/0 6 ==== mon_command_ack([{"prefix": "get_command_descriptions"}]=0 v0) v1 ==== 72+0+178025 (secure 0 0 0) 0x7f8448018b80 con 0x7f8458104f10
2023-07-20T18:42:30.465 INFO:teuthology.orchestra.run.smithi064.stdout:/usr/bin/ceph: stderr
2023-07-20T18:42:30.091+0000 7f84602fc700 1 -- 172.21.15.64:0/2458261943 --> [v2:172.21.15.64:3300/0,v1:172.21.15.64:6789/0] -- mon_command({"prefix": "config get", "who": "mgr", "key": "mgr/dashboard/ssl_server_port"} v 0) v1 -- 0x7f845802cd90 con 0x7f8458104f10
2023-07-20T18:42:30.465 INFO:teuthology.orchestra.run.smithi064.stdout:/usr/bin/ceph: stderr
2023-07-20T18:42:30.091+0000 7f844f7fe700 1 -- 172.21.15.64:0/2458261943 <== mon.0 v2:172.21.15.64:3300/0 7 ==== mon_command_ack([{"prefix": "config get", "who": "mgr", "key": "mgr/dashboard/ssl_server_port"}]=0 v8) v1 ==== 112+0+5 (secure 0 0 0) 0x7f845802cd90 con 0x7f8458104f10
2023-07-20T18:42:30.465 INFO:teuthology.orchestra.run.smithi064.stdout:/usr/bin/ceph: stderr
2023-07-20T18:42:30.093+0000 7f84602fc700 1 -- 172.21.15.64:0/2458261943 >> [v2:172.21.15.64:6800/3267318594,v1:172.21.15.64:6801/3267318594] conn(0x7f84440387b0 msgr2=0x7f844403ac70 secure :-1 s=STATE_CONNECTION_ESTABLISHED l=1).mark_down
2023-07-20T18:42:30.465 INFO:teuthology.orchestra.run.smithi064.stdout:/usr/bin/ceph: stderr
2023-07-20T18:42:30.093+0000 7f84602fc700 1 --2- 172.21.15.64:0/2458261943 >> [v2:172.21.15.64:6800/3267318594,v1:172.21.15.64:6801/3267318594] conn(0x7f84440387b0 0x7f844403ac70 secure :-1 s=READY pgs=9 cs=0 l=1 rev1=1 crypto rx=0x7f8454006fd0 tx=0x7f8454006e40 comp rx=0 tx=0).stop
2023-07-20T18:42:30.465 INFO:teuthology.orchestra.run.smithi064.stdout:/usr/bin/ceph: stderr
2023-07-20T18:42:30.093+0000 7f84602fc700 1 -- 172.21.15.64:0/2458261943 >> [v2:172.21.15.64:3300/0,v1:172.21.15.64:6789/0] conn(0x7f8458104f10 msgr2=0x7f8458079b30 secure :-1 s=STATE_CONNECTION_ESTABLISHED l=1).mark_down
2023-07-20T18:42:30.466 INFO:teuthology.orchestra.run.smithi064.stdout:/usr/bin/ceph: stderr
2023-07-20T18:42:30.093+0000 7f84602fc700 1 --2- 172.21.15.64:0/2458261943 >> [v2:172.21.15.64:3300/0,v1:172.21.15.64:6789/0] conn(0x7f8458104f10 0x7f8458079b30 secure :-1 s=READY pgs=75 cs=0 l=1 rev1=1 crypto rx=0x7f8448003f00 tx=0x7f8448011a30 comp rx=0 tx=0).stop
2023-07-20T18:42:30.466 INFO:teuthology.orchestra.run.smithi064.stdout:/usr/bin/ceph: stderr
2023-07-20T18:42:30.094+0000 7f84602fc700 1 -- 172.21.15.64:0/2458261943 shutdown_connections
2023-07-20T18:42:30.466 INFO:teuthology.orchestra.run.smithi064.stdout:/usr/bin/ceph: stderr
2023-07-20T18:42:30.094+0000 7f84602fc700 1 --2- 172.21.15.64:0/2458261943 >> [v2:172.21.15.64:6800/3267318594,v1:172.21.15.64:6801/3267318594] conn(0x7f84440387b0 0x7f844403ac70 unknown :-1 s=CLOSED pgs=9 cs=0 l=1 rev1=1 crypto rx=0 tx=0 comp rx=0 tx=0).stop
2023-07-20T18:42:30.466 INFO:teuthology.orchestra.run.smithi064.stdout:/usr/bin/ceph: stderr
2023-07-20T18:42:30.094+0000 7f84602fc700 1 --2- 172.21.15.64:0/2458261943 >> [v2:172.21.15.64:3300/0,v1:172.21.15.64:6789/0] conn(0x7f8458104f10 0x7f8458079b30 unknown :-1 s=CLOSED pgs=75 cs=0 l=1 rev1=1 crypto rx=0 tx=0 comp rx=0 tx=0).stop
2023-07-20T18:42:30.466 INFO:teuthology.orchestra.run.smithi064.stdout:/usr/bin/ceph: stderr
2023-07-20T18:42:30.094+0000 7f84602fc700 1 -- 172.21.15.64:0/2458261943 >> 172.21.15.64:0/2458261943 conn(0x7f84581004b0 msgr2=0x7f8458101c40 unknown :-1 s=STATE_NONE l=0).mark_down
2023-07-20T18:42:30.466 INFO:teuthology.orchestra.run.smithi064.stdout:/usr/bin/ceph: stderr
2023-07-20T18:42:30.094+0000 7f84602fc700 1 -- 172.21.15.64:0/2458261943 shutdown_connections
2023-07-20T18:42:30.466 INFO:teuthology.orchestra.run.smithi064.stdout:/usr/bin/ceph: stderr
2023-07-20T18:42:30.094+0000 7f84602fc700 1 -- 172.21.15.64:0/2458261943 wait complete.
2023-07-20T18:42:30.467 INFO:teuthology.orchestra.run.smithi064.stdout:Non-zero exit code 1 from systemctl is-enabled firewalld.service
2023-07-20T18:42:30.468 INFO:teuthology.orchestra.run.smithi064.stdout:systemctl: stdout disabled
2023-07-20T18:42:30.478 INFO:teuthology.orchestra.run.smithi064.stdout:Non-zero exit code 3 from systemctl is-active firewalld.service
2023-07-20T18:42:30.478 INFO:teuthology.orchestra.run.smithi064.stdout:systemctl: stdout inactive
2023-07-20T18:42:30.478 INFO:teuthology.orchestra.run.smithi064.stdout:firewalld.service is not enabled
2023-07-20T18:42:30.478 INFO:teuthology.orchestra.run.smithi064.stdout:Not possible to open ports <[8443]>. firewalld.service is not available
2023-07-20T18:42:30.479 INFO:teuthology.orchestra.run.smithi064.stdout:Ceph Dashboard is now available at:
2023-07-20T18:42:30.479 INFO:teuthology.orchestra.run.smithi064.stdout:
2023-07-20T18:42:30.479 INFO:teuthology.orchestra.run.smithi064.stdout: URL: https://smithi064.front.sepia.ceph.com:8443/
2023-07-20T18:42:30.479 INFO:teuthology.orchestra.run.smithi064.stdout: User: admin
2023-07-20T18:42:30.479 INFO:teuthology.orchestra.run.smithi064.stdout: Password: pzlxy07u31
2023-07-20T18:42:30.479 INFO:teuthology.orchestra.run.smithi064.stdout:
2023-07-20T18:42:30.479 INFO:teuthology.orchestra.run.smithi064.stdout:Saving cluster configuration to /var/lib/ceph/e4aae3a8-272c-11ee-9b34-001a4aab830c/config directory
2023-07-20T18:42:30.479 INFO:teuthology.orchestra.run.smithi064.stdout:Enabling autotune for osd_memory_target
2023-07-20T18:42:31.070 INFO:journalctl@ceph.mon.a.smithi064.stdout:Jul 20 18:42:30 smithi064 ceph-mon[96480]: from='client.? 172.21.15.64:0/2458261943' entity='client.admin' cmd=[{"prefix": "config get", "who": "mgr", "key": "mgr/dashboard/ssl_server_port"}]: dispatch
2023-07-20T18:42:31.824 INFO:teuthology.orchestra.run.smithi064.stdout:/usr/bin/ceph: stderr
2023-07-20T18:42:31.015+0000 7fd04cf53700 1 Processor -- start
2023-07-20T18:42:31.825 INFO:teuthology.orchestra.run.smithi064.stdout:/usr/bin/ceph: stderr
2023-07-20T18:42:31.015+0000 7fd04cf53700 1 -- start start
2023-07-20T18:42:31.825 INFO:teuthology.orchestra.run.smithi064.stdout:/usr/bin/ceph: stderr
2023-07-20T18:42:31.016+0000 7fd04cf53700 1 --2- >> [v2:172.21.15.64:3300/0,v1:172.21.15.64:6789/0] conn(0x7fd0481048d0 0x7fd048104cf0 unknown :-1 s=NONE pgs=0 cs=0 l=0 rev1=0 crypto rx=0 tx=0 comp rx=0 tx=0).connect
2023-07-20T18:42:31.825 INFO:teuthology.orchestra.run.smithi064.stdout:/usr/bin/ceph: stderr
2023-07-20T18:42:31.016+0000 7fd04cf53700 1 -- --> [v2:172.21.15.64:3300/0,v1:172.21.15.64:6789/0] -- mon_getmap magic: 0 v1 -- 0x7fd048079df0 con 0x7fd0481048d0
2023-07-20T18:42:31.825 INFO:teuthology.orchestra.run.smithi064.stdout:/usr/bin/ceph: stderr
2023-07-20T18:42:31.016+0000 7fd04659c700 1 --2- >> [v2:172.21.15.64:3300/0,v1:172.21.15.64:6789/0] conn(0x7fd0481048d0 0x7fd048104cf0 unknown :-1 s=BANNER_CONNECTING pgs=0 cs=0 l=0 rev1=0 crypto rx=0 tx=0 comp rx=0 tx=0)._handle_peer_banner_payload supported=3 required=0
2023-07-20T18:42:31.825 INFO:teuthology.orchestra.run.smithi064.stdout:/usr/bin/ceph: stderr
2023-07-20T18:42:31.016+0000 7fd04659c700 1 --2- >> [v2:172.21.15.64:3300/0,v1:172.21.15.64:6789/0] conn(0x7fd0481048d0 0x7fd048104cf0 unknown :-1 s=HELLO_CONNECTING pgs=0 cs=0 l=0 rev1=1 crypto rx=0 tx=0 comp rx=0 tx=0).handle_hello peer v2:172.21.15.64:3300/0 says I am v2:172.21.15.64:38706/0 (socket says 172.21.15.64:38706)
2023-07-20T18:42:31.825 INFO:teuthology.orchestra.run.smithi064.stdout:/usr/bin/ceph: stderr
2023-07-20T18:42:31.016+0000 7fd04659c700 1 -- 172.21.15.64:0/3214563750 learned_addr learned my addr 172.21.15.64:0/3214563750 (peer_addr_for_me v2:172.21.15.64:0/0)
2023-07-20T18:42:31.826 INFO:teuthology.orchestra.run.smithi064.stdout:/usr/bin/ceph: stderr
2023-07-20T18:42:31.016+0000 7fd04659c700 1 -- 172.21.15.64:0/3214563750 --> [v2:172.21.15.64:3300/0,v1:172.21.15.64:6789/0] -- mon_subscribe({config=0+,monmap=0+}) v3 -- 0x7fd048105230 con 0x7fd0481048d0
2023-07-20T18:42:31.826 INFO:teuthology.orchestra.run.smithi064.stdout:/usr/bin/ceph: stderr
2023-07-20T18:42:31.016+0000 7fd04659c700 1 --2- 172.21.15.64:0/3214563750 >> [v2:172.21.15.64:3300/0,v1:172.21.15.64:6789/0] conn(0x7fd0481048d0 0x7fd048104cf0 secure :-1 s=READY pgs=76 cs=0 l=1 rev1=1 crypto rx=0x7fd03c0098a0 tx=0x7fd03c009bb0 comp rx=0 tx=0).ready entity=mon.0 client_cookie=38adbb0148ea905f server_cookie=0 in_seq=0 out_seq=0
2023-07-20T18:42:31.826 INFO:teuthology.orchestra.run.smithi064.stdout:/usr/bin/ceph: stderr
2023-07-20T18:42:31.017+0000 7fd04559a700 1 -- 172.21.15.64:0/3214563750 <== mon.0 v2:172.21.15.64:3300/0 1 ==== mon_map magic: 0 v1 ==== 205+0+0 (secure 0 0 0) 0x7fd03c004160 con 0x7fd0481048d0
2023-07-20T18:42:31.826 INFO:teuthology.orchestra.run.smithi064.stdout:/usr/bin/ceph: stderr
2023-07-20T18:42:31.017+0000 7fd04559a700 1 -- 172.21.15.64:0/3214563750 <== mon.0 v2:172.21.15.64:3300/0 2 ==== config(26 keys) v1 ==== 1105+0+0 (secure 0 0 0) 0x7fd03c0042c0 con 0x7fd0481048d0
2023-07-20T18:42:31.826 INFO:teuthology.orchestra.run.smithi064.stdout:/usr/bin/ceph: stderr
2023-07-20T18:42:31.017+0000 7fd04559a700 1 -- 172.21.15.64:0/3214563750 <== mon.0 v2:172.21.15.64:3300/0 3 ==== mon_map magic: 0 v1 ==== 205+0+0 (secure 0 0 0) 0x7fd03c0119b0 con 0x7fd0481048d0
2023-07-20T18:42:31.826 INFO:teuthology.orchestra.run.smithi064.stdout:/usr/bin/ceph: stderr
2023-07-20T18:42:31.017+0000 7fd04cf53700 1 -- 172.21.15.64:0/3214563750 >> [v2:172.21.15.64:3300/0,v1:172.21.15.64:6789/0] conn(0x7fd0481048d0 msgr2=0x7fd048104cf0 secure :-1 s=STATE_CONNECTION_ESTABLISHED l=1).mark_down
2023-07-20T18:42:31.826 INFO:teuthology.orchestra.run.smithi064.stdout:/usr/bin/ceph: stderr
2023-07-20T18:42:31.017+0000 7fd04cf53700 1 --2- 172.21.15.64:0/3214563750 >> [v2:172.21.15.64:3300/0,v1:172.21.15.64:6789/0] conn(0x7fd0481048d0 0x7fd048104cf0 secure :-1 s=READY pgs=76 cs=0 l=1 rev1=1 crypto rx=0x7fd03c0098a0 tx=0x7fd03c009bb0 comp rx=0 tx=0).stop
2023-07-20T18:42:31.827 INFO:teuthology.orchestra.run.smithi064.stdout:/usr/bin/ceph: stderr
2023-07-20T18:42:31.017+0000 7fd04cf53700 1 -- 172.21.15.64:0/3214563750 shutdown_connections
2023-07-20T18:42:31.827 INFO:teuthology.orchestra.run.smithi064.stdout:/usr/bin/ceph: stderr
2023-07-20T18:42:31.017+0000 7fd04cf53700 1 --2- 172.21.15.64:0/3214563750 >> [v2:172.21.15.64:3300/0,v1:172.21.15.64:6789/0] conn(0x7fd0481048d0 0x7fd048104cf0 unknown :-1 s=CLOSED pgs=76 cs=0 l=1 rev1=1 crypto rx=0 tx=0 comp rx=0 tx=0).stop
2023-07-20T18:42:31.827 INFO:teuthology.orchestra.run.smithi064.stdout:/usr/bin/ceph: stderr
2023-07-20T18:42:31.017+0000 7fd04cf53700 1 -- 172.21.15.64:0/3214563750 >> 172.21.15.64:0/3214563750 conn(0x7fd0481004b0 msgr2=0x7fd0481028f0 unknown :-1 s=STATE_NONE l=0).mark_down
2023-07-20T18:42:31.827 INFO:teuthology.orchestra.run.smithi064.stdout:/usr/bin/ceph: stderr
2023-07-20T18:42:31.017+0000 7fd04cf53700 1 -- 172.21.15.64:0/3214563750 shutdown_connections
2023-07-20T18:42:31.827 INFO:teuthology.orchestra.run.smithi064.stdout:/usr/bin/ceph: stderr
2023-07-20T18:42:31.018+0000 7fd04cf53700 1 -- 172.21.15.64:0/3214563750 wait complete.
2023-07-20T18:42:31.827 INFO:teuthology.orchestra.run.smithi064.stdout:/usr/bin/ceph: stderr
2023-07-20T18:42:31.018+0000 7fd04cf53700 1 Processor -- start
2023-07-20T18:42:31.827 INFO:teuthology.orchestra.run.smithi064.stdout:/usr/bin/ceph: stderr
2023-07-20T18:42:31.018+0000 7fd04cf53700 1 -- start start
2023-07-20T18:42:31.827 INFO:teuthology.orchestra.run.smithi064.stdout:/usr/bin/ceph: stderr
2023-07-20T18:42:31.019+0000 7fd04cf53700 1 --2- >> [v2:172.21.15.64:3300/0,v1:172.21.15.64:6789/0] conn(0x7fd0481048d0 0x7fd04819bf40 unknown :-1 s=NONE pgs=0 cs=0 l=1 rev1=0 crypto rx=0 tx=0 comp rx=0 tx=0).connect
2023-07-20T18:42:31.828 INFO:teuthology.orchestra.run.smithi064.stdout:/usr/bin/ceph: stderr
2023-07-20T18:42:31.019+0000 7fd04cf53700 1 -- --> [v2:172.21.15.64:3300/0,v1:172.21.15.64:6789/0] -- mon_getmap magic: 0 v1 -- 0x7fd04819c480 con 0x7fd0481048d0
2023-07-20T18:42:31.828 INFO:teuthology.orchestra.run.smithi064.stdout:/usr/bin/ceph: stderr
2023-07-20T18:42:31.019+0000 7fd04659c700 1 --2- >> [v2:172.21.15.64:3300/0,v1:172.21.15.64:6789/0] conn(0x7fd0481048d0 0x7fd04819bf40 unknown :-1 s=BANNER_CONNECTING pgs=0 cs=0 l=1 rev1=0 crypto rx=0 tx=0 comp rx=0 tx=0)._handle_peer_banner_payload supported=3 required=0
2023-07-20T18:42:31.828 INFO:teuthology.orchestra.run.smithi064.stdout:/usr/bin/ceph: stderr
2023-07-20T18:42:31.019+0000 7fd04659c700 1 --2- >> [v2:172.21.15.64:3300/0,v1:172.21.15.64:6789/0] conn(0x7fd0481048d0 0x7fd04819bf40 unknown :-1 s=HELLO_CONNECTING pgs=0 cs=0 l=1 rev1=1 crypto rx=0 tx=0 comp rx=0 tx=0).handle_hello peer v2:172.21.15.64:3300/0 says I am v2:172.21.15.64:38708/0 (socket says 172.21.15.64:38708)
2023-07-20T18:42:31.828 INFO:teuthology.orchestra.run.smithi064.stdout:/usr/bin/ceph: stderr
2023-07-20T18:42:31.019+0000 7fd04659c700 1 -- 172.21.15.64:0/1601994858 learned_addr learned my addr 172.21.15.64:0/1601994858 (peer_addr_for_me v2:172.21.15.64:0/0)
2023-07-20T18:42:31.828 INFO:teuthology.orchestra.run.smithi064.stdout:/usr/bin/ceph: stderr
2023-07-20T18:42:31.019+0000 7fd04659c700 1 -- 172.21.15.64:0/1601994858 --> [v2:172.21.15.64:3300/0,v1:172.21.15.64:6789/0] -- mon_subscribe({config=0+,monmap=0+}) v3 -- 0x7fd03c009550 con 0x7fd0481048d0
2023-07-20T18:42:31.828 INFO:teuthology.orchestra.run.smithi064.stdout:/usr/bin/ceph: stderr
2023-07-20T18:42:31.019+0000 7fd04659c700 1 --2- 172.21.15.64:0/1601994858 >> [v2:172.21.15.64:3300/0,v1:172.21.15.64:6789/0] conn(0x7fd0481048d0 0x7fd04819bf40 secure :-1 s=READY pgs=77 cs=0 l=1 rev1=1 crypto rx=0x7fd03c003f00 tx=0x7fd03c011a30 comp rx=0 tx=0).ready entity=mon.0 client_cookie=0 server_cookie=0 in_seq=0 out_seq=0
2023-07-20T18:42:31.828 INFO:teuthology.orchestra.run.smithi064.stdout:/usr/bin/ceph: stderr
2023-07-20T18:42:31.019+0000 7fd0377fe700 1 -- 172.21.15.64:0/1601994858 <== mon.0 v2:172.21.15.64:3300/0 1 ==== mon_map magic: 0 v1 ==== 205+0+0 (secure 0 0 0) 0x7fd03c003b20 con 0x7fd0481048d0
2023-07-20T18:42:31.829 INFO:teuthology.orchestra.run.smithi064.stdout:/usr/bin/ceph: stderr
2023-07-20T18:42:31.019+0000 7fd0377fe700 1 -- 172.21.15.64:0/1601994858 <== mon.0 v2:172.21.15.64:3300/0 2 ==== config(26 keys) v1 ==== 1105+0+0 (secure 0 0 0) 0x7fd03c003c80 con 0x7fd0481048d0
2023-07-20T18:42:31.829 INFO:teuthology.orchestra.run.smithi064.stdout:/usr/bin/ceph: stderr
2023-07-20T18:42:31.019+0000 7fd0377fe700 1 -- 172.21.15.64:0/1601994858 <== mon.0 v2:172.21.15.64:3300/0 3 ==== mon_map magic: 0 v1 ==== 205+0+0 (secure 0 0 0) 0x7fd03c019770 con 0x7fd0481048d0
2023-07-20T18:42:31.829 INFO:teuthology.orchestra.run.smithi064.stdout:/usr/bin/ceph: stderr
2023-07-20T18:42:31.019+0000 7fd04cf53700 1 -- 172.21.15.64:0/1601994858 --> [v2:172.21.15.64:3300/0,v1:172.21.15.64:6789/0] -- mon_subscribe({mgrmap=0+}) v3 -- 0x7fd04819c680 con 0x7fd0481048d0
2023-07-20T18:42:31.829 INFO:teuthology.orchestra.run.smithi064.stdout:/usr/bin/ceph: stderr
2023-07-20T18:42:31.019+0000 7fd04cf53700 1 -- 172.21.15.64:0/1601994858 --> [v2:172.21.15.64:3300/0,v1:172.21.15.64:6789/0] -- mon_subscribe({osdmap=0}) v3 -- 0x7fd04819caa0 con 0x7fd0481048d0
2023-07-20T18:42:31.829 INFO:teuthology.orchestra.run.smithi064.stdout:/usr/bin/ceph: stderr
2023-07-20T18:42:31.020+0000 7fd0377fe700 1 -- 172.21.15.64:0/1601994858 <== mon.0 v2:172.21.15.64:3300/0 4 ==== mgrmap(e 12) v1 ==== 45496+0+0 (secure 0 0 0) 0x7fd03c0199e0 con 0x7fd0481048d0
2023-07-20T18:42:31.829 INFO:teuthology.orchestra.run.smithi064.stdout:/usr/bin/ceph: stderr
2023-07-20T18:42:31.020+0000 7fd0377fe700 1 --2- 172.21.15.64:0/1601994858 >> [v2:172.21.15.64:6800/3267318594,v1:172.21.15.64:6801/3267318594] conn(0x7fd0300387b0 0x7fd03003ac70 unknown :-1 s=NONE pgs=0 cs=0 l=1 rev1=0 crypto rx=0 tx=0 comp rx=0 tx=0).connect
2023-07-20T18:42:31.829 INFO:teuthology.orchestra.run.smithi064.stdout:/usr/bin/ceph: stderr
2023-07-20T18:42:31.020+0000 7fd0377fe700 1 -- 172.21.15.64:0/1601994858 <== mon.0 v2:172.21.15.64:3300/0 5 ==== osd_map(3..3 src has 1..3) v4 ==== 1155+0+0 (secure 0 0 0) 0x7fd03c04cc70 con 0x7fd0481048d0
2023-07-20T18:42:31.830 INFO:teuthology.orchestra.run.smithi064.stdout:/usr/bin/ceph: stderr
2023-07-20T18:42:31.020+0000 7fd045d9b700 1 --2- 172.21.15.64:0/1601994858 >> [v2:172.21.15.64:6800/3267318594,v1:172.21.15.64:6801/3267318594] conn(0x7fd0300387b0 0x7fd03003ac70 unknown :-1 s=BANNER_CONNECTING pgs=0 cs=0 l=1 rev1=0 crypto rx=0 tx=0 comp rx=0 tx=0)._handle_peer_banner_payload supported=3 required=0
2023-07-20T18:42:31.830 INFO:teuthology.orchestra.run.smithi064.stdout:/usr/bin/ceph: stderr
2023-07-20T18:42:31.021+0000 7fd04cf53700 1 -- 172.21.15.64:0/1601994858 --> [v2:172.21.15.64:3300/0,v1:172.21.15.64:6789/0] -- mon_command({"prefix": "get_command_descriptions"} v 0) v1 -- 0x7fd048195790 con 0x7fd0481048d0
2023-07-20T18:42:31.830 INFO:teuthology.orchestra.run.smithi064.stdout:/usr/bin/ceph: stderr
2023-07-20T18:42:31.021+0000 7fd045d9b700 1 --2- 172.21.15.64:0/1601994858 >> [v2:172.21.15.64:6800/3267318594,v1:172.21.15.64:6801/3267318594] conn(0x7fd0300387b0 0x7fd03003ac70 secure :-1 s=READY pgs=10 cs=0 l=1 rev1=1 crypto rx=0x7fd038006fd0 tx=0x7fd038006e40 comp rx=0 tx=0).ready entity=mgr.14152 client_cookie=0 server_cookie=0 in_seq=0 out_seq=0
2023-07-20T18:42:31.830 INFO:teuthology.orchestra.run.smithi064.stdout:/usr/bin/ceph: stderr
2023-07-20T18:42:31.026+0000 7fd0377fe700 1 -- 172.21.15.64:0/1601994858 <== mon.0 v2:172.21.15.64:3300/0 6 ==== mon_command_ack([{"prefix": "get_command_descriptions"}]=0 v0) v1 ==== 72+0+178025 (secure 0 0 0) 0x7fd03c0189a0 con 0x7fd0481048d0
2023-07-20T18:42:31.830 INFO:teuthology.orchestra.run.smithi064.stdout:/usr/bin/ceph: stderr
2023-07-20T18:42:31.382+0000 7fd04cf53700 1 -- 172.21.15.64:0/1601994858 --> [v2:172.21.15.64:3300/0,v1:172.21.15.64:6789/0] -- mon_command([{prefix=config set, name=osd_memory_target_autotune}] v 0) v1 -- 0x7fd04802cc20 con 0x7fd0481048d0
2023-07-20T18:42:31.830 INFO:teuthology.orchestra.run.smithi064.stdout:/usr/bin/ceph: stderr
2023-07-20T18:42:31.382+0000 7fd0377fe700 1 -- 172.21.15.64:0/1601994858 <== mon.0 v2:172.21.15.64:3300/0 7 ==== mon_command_ack([{prefix=config set, name=osd_memory_target_autotune}]=0 v8)=0 v8) v1 ==== 127+0+0 (secure 0 0 0) 0x7fd03c023e60 con 0x7fd0481048d0
2023-07-20T18:42:31.830 INFO:teuthology.orchestra.run.smithi064.stdout:/usr/bin/ceph: stderr
2023-07-20T18:42:31.384+0000 7fd04cf53700 1 -- 172.21.15.64:0/1601994858 >> [v2:172.21.15.64:6800/3267318594,v1:172.21.15.64:6801/3267318594] conn(0x7fd0300387b0 msgr2=0x7fd03003ac70 secure :-1 s=STATE_CONNECTION_ESTABLISHED l=1).mark_down
2023-07-20T18:42:31.830 INFO:teuthology.orchestra.run.smithi064.stdout:/usr/bin/ceph: stderr
2023-07-20T18:42:31.384+0000 7fd04cf53700 1 --2- 172.21.15.64:0/1601994858 >> [v2:172.21.15.64:6800/3267318594,v1:172.21.15.64:6801/3267318594] conn(0x7fd0300387b0 0x7fd03003ac70 secure :-1 s=READY pgs=10 cs=0 l=1 rev1=1 crypto rx=0x7fd038006fd0 tx=0x7fd038006e40 comp rx=0 tx=0).stop
2023-07-20T18:42:31.831 INFO:teuthology.orchestra.run.smithi064.stdout:/usr/bin/ceph: stderr
2023-07-20T18:42:31.384+0000 7fd04cf53700 1 -- 172.21.15.64:0/1601994858 >> [v2:172.21.15.64:3300/0,v1:172.21.15.64:6789/0] conn(0x7fd0481048d0 msgr2=0x7fd04819bf40 secure :-1 s=STATE_CONNECTION_ESTABLISHED l=1).mark_down
2023-07-20T18:42:31.831 INFO:teuthology.orchestra.run.smithi064.stdout:/usr/bin/ceph: stderr
2023-07-20T18:42:31.384+0000 7fd04cf53700 1 --2- 172.21.15.64:0/1601994858 >> [v2:172.21.15.64:3300/0,v1:172.21.15.64:6789/0] conn(0x7fd0481048d0 0x7fd04819bf40 secure :-1 s=READY pgs=77 cs=0 l=1 rev1=1 crypto rx=0x7fd03c003f00 tx=0x7fd03c011a30 comp rx=0 tx=0).stop
2023-07-20T18:42:31.831 INFO:teuthology.orchestra.run.smithi064.stdout:/usr/bin/ceph: stderr
2023-07-20T18:42:31.384+0000 7fd04cf53700 1 -- 172.21.15.64:0/1601994858 shutdown_connections
2023-07-20T18:42:31.831 INFO:teuthology.orchestra.run.smithi064.stdout:/usr/bin/ceph: stderr
2023-07-20T18:42:31.384+0000 7fd04cf53700 1 --2- 172.21.15.64:0/1601994858 >> [v2:172.21.15.64:6800/3267318594,v1:172.21.15.64:6801/3267318594] conn(0x7fd0300387b0 0x7fd03003ac70 unknown :-1 s=CLOSED pgs=10 cs=0 l=1 rev1=1 crypto rx=0 tx=0 comp rx=0 tx=0).stop
2023-07-20T18:42:31.831 INFO:teuthology.orchestra.run.smithi064.stdout:/usr/bin/ceph: stderr
2023-07-20T18:42:31.384+0000 7fd04cf53700 1 --2- 172.21.15.64:0/1601994858 >> [v2:172.21.15.64:3300/0,v1:172.21.15.64:6789/0] conn(0x7fd0481048d0 0x7fd04819bf40 unknown :-1 s=CLOSED pgs=77 cs=0 l=1 rev1=1 crypto rx=0 tx=0 comp rx=0 tx=0).stop
2023-07-20T18:42:31.831 INFO:teuthology.orchestra.run.smithi064.stdout:/usr/bin/ceph: stderr
2023-07-20T18:42:31.384+0000 7fd04cf53700 1 -- 172.21.15.64:0/1601994858 >> 172.21.15.64:0/1601994858 conn(0x7fd0481004b0 msgr2=0x7fd048190490 unknown :-1 s=STATE_NONE l=0).mark_down
2023-07-20T18:42:31.831 INFO:teuthology.orchestra.run.smithi064.stdout:/usr/bin/ceph: stderr
2023-07-20T18:42:31.385+0000 7fd04cf53700 1 -- 172.21.15.64:0/1601994858 shutdown_connections
2023-07-20T18:42:31.831 INFO:teuthology.orchestra.run.smithi064.stdout:/usr/bin/ceph: stderr
2023-07-20T18:42:31.385+0000 7fd04cf53700 1 -- 172.21.15.64:0/1601994858 wait complete.
2023-07-20T18:42:33.019 INFO:journalctl@ceph.mon.a.smithi064.stdout:Jul 20 18:42:32 smithi064 ceph-mon[96480]: mgrmap e13: x(active, since 7s)
2023-07-20T18:42:33.271 INFO:teuthology.orchestra.run.smithi064.stdout:/usr/bin/ceph: stderr
2023-07-20T18:42:32.302+0000 7f6a309de700 1 Processor -- start
2023-07-20T18:42:33.271 INFO:teuthology.orchestra.run.smithi064.stdout:/usr/bin/ceph: stderr
2023-07-20T18:42:32.302+0000 7f6a309de700 1 -- start start
2023-07-20T18:42:33.271 INFO:teuthology.orchestra.run.smithi064.stdout:/usr/bin/ceph: stderr
2023-07-20T18:42:32.302+0000 7f6a309de700 1 --2- >> [v2:172.21.15.64:3300/0,v1:172.21.15.64:6789/0] conn(0x7f6a2c106a60 0x7f6a2c108e50 unknown :-1 s=NONE pgs=0 cs=0 l=0 rev1=0 crypto rx=0 tx=0 comp rx=0 tx=0).connect
2023-07-20T18:42:33.271 INFO:teuthology.orchestra.run.smithi064.stdout:/usr/bin/ceph: stderr
2023-07-20T18:42:32.302+0000 7f6a309de700 1 -- --> [v2:172.21.15.64:3300/0,v1:172.21.15.64:6789/0] -- mon_getmap magic: 0 v1 -- 0x7f6a2c079e50 con 0x7f6a2c106a60
2023-07-20T18:42:33.272 INFO:teuthology.orchestra.run.smithi064.stdout:/usr/bin/ceph: stderr
2023-07-20T18:42:32.302+0000 7f6a2a59c700 1 --2- >> [v2:172.21.15.64:3300/0,v1:172.21.15.64:6789/0] conn(0x7f6a2c106a60 0x7f6a2c108e50 unknown :-1 s=BANNER_CONNECTING pgs=0 cs=0 l=0 rev1=0 crypto rx=0 tx=0 comp rx=0 tx=0)._handle_peer_banner_payload supported=3 required=0
2023-07-20T18:42:33.272 INFO:teuthology.orchestra.run.smithi064.stdout:/usr/bin/ceph: stderr
2023-07-20T18:42:32.302+0000 7f6a2a59c700 1 --2- >> [v2:172.21.15.64:3300/0,v1:172.21.15.64:6789/0] conn(0x7f6a2c106a60 0x7f6a2c108e50 unknown :-1 s=HELLO_CONNECTING pgs=0 cs=0 l=0 rev1=1 crypto rx=0 tx=0 comp rx=0 tx=0).handle_hello peer v2:172.21.15.64:3300/0 says I am v2:172.21.15.64:38712/0 (socket says 172.21.15.64:38712)
2023-07-20T18:42:33.272 INFO:teuthology.orchestra.run.smithi064.stdout:/usr/bin/ceph: stderr
2023-07-20T18:42:32.302+0000 7f6a2a59c700 1 -- 172.21.15.64:0/3574333760 learned_addr learned my addr 172.21.15.64:0/3574333760 (peer_addr_for_me v2:172.21.15.64:0/0)
2023-07-20T18:42:33.272 INFO:teuthology.orchestra.run.smithi064.stdout:/usr/bin/ceph: stderr
2023-07-20T18:42:32.303+0000 7f6a2a59c700 1 -- 172.21.15.64:0/3574333760 --> [v2:172.21.15.64:3300/0,v1:172.21.15.64:6789/0] -- mon_subscribe({config=0+,monmap=0+}) v3 -- 0x7f6a2c109390 con 0x7f6a2c106a60
2023-07-20T18:42:33.272 INFO:teuthology.orchestra.run.smithi064.stdout:/usr/bin/ceph: stderr
2023-07-20T18:42:32.303+0000 7f6a2a59c700 1 --2- 172.21.15.64:0/3574333760 >> [v2:172.21.15.64:3300/0,v1:172.21.15.64:6789/0] conn(0x7f6a2c106a60 0x7f6a2c108e50 secure :-1 s=READY pgs=78 cs=0 l=1 rev1=1 crypto rx=0x7f6a1c0098a0 tx=0x7f6a1c009bb0 comp rx=0 tx=0).ready entity=mon.0 client_cookie=51d928abc8972046 server_cookie=0 in_seq=0 out_seq=0
2023-07-20T18:42:33.272 INFO:teuthology.orchestra.run.smithi064.stdout:/usr/bin/ceph: stderr
2023-07-20T18:42:32.303+0000 7f6a2959a700 1 -- 172.21.15.64:0/3574333760 <== mon.0 v2:172.21.15.64:3300/0 1 ==== mon_map magic: 0 v1 ==== 205+0+0 (secure 0 0 0) 0x7f6a1c004160 con 0x7f6a2c106a60
2023-07-20T18:42:33.273 INFO:teuthology.orchestra.run.smithi064.stdout:/usr/bin/ceph: stderr
2023-07-20T18:42:32.303+0000 7f6a2959a700 1 -- 172.21.15.64:0/3574333760 <== mon.0 v2:172.21.15.64:3300/0 2 ==== config(26 keys) v1 ==== 1105+0+0 (secure 0 0 0) 0x7f6a1c0042c0 con 0x7f6a2c106a60
2023-07-20T18:42:33.273 INFO:teuthology.orchestra.run.smithi064.stdout:/usr/bin/ceph: stderr
2023-07-20T18:42:32.303+0000 7f6a2959a700 1 -- 172.21.15.64:0/3574333760 <== mon.0 v2:172.21.15.64:3300/0 3 ==== mon_map magic: 0 v1 ==== 205+0+0 (secure 0 0 0) 0x7f6a1c0119b0 con 0x7f6a2c106a60
2023-07-20T18:42:33.273 INFO:teuthology.orchestra.run.smithi064.stdout:/usr/bin/ceph: stderr
2023-07-20T18:42:32.304+0000 7f6a309de700 1 -- 172.21.15.64:0/3574333760 >> [v2:172.21.15.64:3300/0,v1:172.21.15.64:6789/0] conn(0x7f6a2c106a60 msgr2=0x7f6a2c108e50 secure :-1 s=STATE_CONNECTION_ESTABLISHED l=1).mark_down
2023-07-20T18:42:33.273 INFO:teuthology.orchestra.run.smithi064.stdout:/usr/bin/ceph: stderr
2023-07-20T18:42:32.304+0000 7f6a309de700 1 --2- 172.21.15.64:0/3574333760 >> [v2:172.21.15.64:3300/0,v1:172.21.15.64:6789/0] conn(0x7f6a2c106a60 0x7f6a2c108e50 secure :-1 s=READY pgs=78 cs=0 l=1 rev1=1 crypto rx=0x7f6a1c0098a0 tx=0x7f6a1c009bb0 comp rx=0 tx=0).stop
2023-07-20T18:42:33.273 INFO:teuthology.orchestra.run.smithi064.stdout:/usr/bin/ceph: stderr
2023-07-20T18:42:32.304+0000 7f6a309de700 1 -- 172.21.15.64:0/3574333760 shutdown_connections
2023-07-20T18:42:33.273 INFO:teuthology.orchestra.run.smithi064.stdout:/usr/bin/ceph: stderr
2023-07-20T18:42:32.304+0000 7f6a309de700 1 --2- 172.21.15.64:0/3574333760 >> [v2:172.21.15.64:3300/0,v1:172.21.15.64:6789/0] conn(0x7f6a2c106a60 0x7f6a2c108e50 unknown :-1 s=CLOSED pgs=78 cs=0 l=1 rev1=1 crypto rx=0 tx=0 comp rx=0 tx=0).stop
2023-07-20T18:42:33.273 INFO:teuthology.orchestra.run.smithi064.stdout:/usr/bin/ceph: stderr
2023-07-20T18:42:32.304+0000 7f6a309de700 1 -- 172.21.15.64:0/3574333760 >> 172.21.15.64:0/3574333760 conn(0x7f6a2c1004b0 msgr2=0x7f6a2c1028d0 unknown :-1 s=STATE_NONE l=0).mark_down
2023-07-20T18:42:33.273 INFO:teuthology.orchestra.run.smithi064.stdout:/usr/bin/ceph: stderr
2023-07-20T18:42:32.304+0000 7f6a309de700 1 -- 172.21.15.64:0/3574333760 shutdown_connections
2023-07-20T18:42:33.274 INFO:teuthology.orchestra.run.smithi064.stdout:/usr/bin/ceph: stderr
2023-07-20T18:42:32.304+0000 7f6a309de700 1 -- 172.21.15.64:0/3574333760 wait complete.
2023-07-20T18:42:33.274 INFO:teuthology.orchestra.run.smithi064.stdout:/usr/bin/ceph: stderr
2023-07-20T18:42:32.304+0000 7f6a309de700 1 Processor -- start
2023-07-20T18:42:33.274 INFO:teuthology.orchestra.run.smithi064.stdout:/usr/bin/ceph: stderr
2023-07-20T18:42:32.304+0000 7f6a309de700 1 -- start start
2023-07-20T18:42:33.274 INFO:teuthology.orchestra.run.smithi064.stdout:/usr/bin/ceph: stderr
2023-07-20T18:42:32.305+0000 7f6a309de700 1 --2- >> [v2:172.21.15.64:3300/0,v1:172.21.15.64:6789/0] conn(0x7f6a2c106a60 0x7f6a2c1063c0 unknown :-1 s=NONE pgs=0 cs=0 l=1 rev1=0 crypto rx=0 tx=0 comp rx=0 tx=0).connect
2023-07-20T18:42:33.274 INFO:teuthology.orchestra.run.smithi064.stdout:/usr/bin/ceph: stderr
2023-07-20T18:42:32.305+0000 7f6a309de700 1 -- --> [v2:172.21.15.64:3300/0,v1:172.21.15.64:6789/0] -- mon_getmap magic: 0 v1 -- 0x7f6a2c106900 con 0x7f6a2c106a60
2023-07-20T18:42:33.274 INFO:teuthology.orchestra.run.smithi064.stdout:/usr/bin/ceph: stderr
2023-07-20T18:42:32.305+0000 7f6a2a59c700 1 --2- >> [v2:172.21.15.64:3300/0,v1:172.21.15.64:6789/0] conn(0x7f6a2c106a60 0x7f6a2c1063c0 unknown :-1 s=BANNER_CONNECTING pgs=0 cs=0 l=1 rev1=0 crypto rx=0 tx=0 comp rx=0 tx=0)._handle_peer_banner_payload supported=3 required=0
2023-07-20T18:42:33.274 INFO:teuthology.orchestra.run.smithi064.stdout:/usr/bin/ceph: stderr
2023-07-20T18:42:32.305+0000 7f6a2a59c700 1 --2- >> [v2:172.21.15.64:3300/0,v1:172.21.15.64:6789/0] conn(0x7f6a2c106a60 0x7f6a2c1063c0 unknown :-1 s=HELLO_CONNECTING pgs=0 cs=0 l=1 rev1=1 crypto rx=0 tx=0 comp rx=0 tx=0).handle_hello peer v2:172.21.15.64:3300/0 says I am v2:172.21.15.64:38714/0 (socket says 172.21.15.64:38714)
2023-07-20T18:42:33.274 INFO:teuthology.orchestra.run.smithi064.stdout:/usr/bin/ceph: stderr
2023-07-20T18:42:32.305+0000 7f6a2a59c700 1 -- 172.21.15.64:0/719328180 learned_addr learned my addr 172.21.15.64:0/719328180 (peer_addr_for_me v2:172.21.15.64:0/0)
2023-07-20T18:42:33.275 INFO:teuthology.orchestra.run.smithi064.stdout:/usr/bin/ceph: stderr
2023-07-20T18:42:32.305+0000 7f6a2a59c700 1 -- 172.21.15.64:0/719328180 --> [v2:172.21.15.64:3300/0,v1:172.21.15.64:6789/0] -- mon_subscribe({config=0+,monmap=0+}) v3 -- 0x7f6a1c009550 con 0x7f6a2c106a60
2023-07-20T18:42:33.275 INFO:teuthology.orchestra.run.smithi064.stdout:/usr/bin/ceph: stderr
2023-07-20T18:42:32.305+0000 7f6a2a59c700 1 --2- 172.21.15.64:0/719328180 >> [v2:172.21.15.64:3300/0,v1:172.21.15.64:6789/0] conn(0x7f6a2c106a60 0x7f6a2c1063c0 secure :-1 s=READY pgs=79 cs=0 l=1 rev1=1 crypto rx=0x7f6a1c011980 tx=0x7f6a1c011a60 comp rx=0 tx=0).ready entity=mon.0 client_cookie=0 server_cookie=0 in_seq=0 out_seq=0
2023-07-20T18:42:33.275 INFO:teuthology.orchestra.run.smithi064.stdout:/usr/bin/ceph: stderr
2023-07-20T18:42:32.305+0000 7f6a237fe700 1 -- 172.21.15.64:0/719328180 <== mon.0 v2:172.21.15.64:3300/0 1 ==== mon_map magic: 0 v1 ==== 205+0+0 (secure 0 0 0) 0x7f6a1c003a60 con 0x7f6a2c106a60
2023-07-20T18:42:33.275 INFO:teuthology.orchestra.run.smithi064.stdout:/usr/bin/ceph: stderr
2023-07-20T18:42:32.305+0000 7f6a237fe700 1 -- 172.21.15.64:0/719328180 <== mon.0 v2:172.21.15.64:3300/0 2 ==== config(26 keys) v1 ==== 1105+0+0 (secure 0 0 0) 0x7f6a1c003bc0 con 0x7f6a2c106a60
2023-07-20T18:42:33.275 INFO:teuthology.orchestra.run.smithi064.stdout:/usr/bin/ceph: stderr
2023-07-20T18:42:32.305+0000 7f6a237fe700 1 -- 172.21.15.64:0/719328180 <== mon.0 v2:172.21.15.64:3300/0 3 ==== mon_map magic: 0 v1 ==== 205+0+0 (secure 0 0 0) 0x7f6a1c01a670 con 0x7f6a2c106a60
2023-07-20T18:42:33.275 INFO:teuthology.orchestra.run.smithi064.stdout:/usr/bin/ceph: stderr
2023-07-20T18:42:32.305+0000 7f6a309de700 1 -- 172.21.15.64:0/719328180 --> [v2:172.21.15.64:3300/0,v1:172.21.15.64:6789/0] -- mon_subscribe({mgrmap=0+}) v3 -- 0x7f6a2c104a10 con 0x7f6a2c106a60
2023-07-20T18:42:33.275 INFO:teuthology.orchestra.run.smithi064.stdout:/usr/bin/ceph: stderr
2023-07-20T18:42:32.306+0000 7f6a309de700 1 -- 172.21.15.64:0/719328180 --> [v2:172.21.15.64:3300/0,v1:172.21.15.64:6789/0] -- mon_subscribe({osdmap=0}) v3 -- 0x7f6a2c104e30 con 0x7f6a2c106a60
2023-07-20T18:42:33.276 INFO:teuthology.orchestra.run.smithi064.stdout:/usr/bin/ceph: stderr
2023-07-20T18:42:32.306+0000 7f6a237fe700 1 -- 172.21.15.64:0/719328180 <== mon.0 v2:172.21.15.64:3300/0 4 ==== mgrmap(e 13) v1 ==== 45539+0+0 (secure 0 0 0) 0x7f6a1c01a8e0 con 0x7f6a2c106a60
2023-07-20T18:42:33.276 INFO:teuthology.orchestra.run.smithi064.stdout:/usr/bin/ceph: stderr
2023-07-20T18:42:32.306+0000 7f6a237fe700 1 --2- 172.21.15.64:0/719328180 >> [v2:172.21.15.64:6800/3267318594,v1:172.21.15.64:6801/3267318594] conn(0x7f6a18038850 0x7f6a1803ad10 unknown :-1 s=NONE pgs=0 cs=0 l=1 rev1=0 crypto rx=0 tx=0 comp rx=0 tx=0).connect
2023-07-20T18:42:33.276 INFO:teuthology.orchestra.run.smithi064.stdout:/usr/bin/ceph: stderr
2023-07-20T18:42:32.307+0000 7f6a237fe700 1 -- 172.21.15.64:0/719328180 <== mon.0 v2:172.21.15.64:3300/0 5 ==== osd_map(3..3 src has 1..3) v4 ==== 1155+0+0 (secure 0 0 0) 0x7f6a1c04cc70 con 0x7f6a2c106a60
2023-07-20T18:42:33.276 INFO:teuthology.orchestra.run.smithi064.stdout:/usr/bin/ceph: stderr
2023-07-20T18:42:32.307+0000 7f6a29d9b700 1 --2- 172.21.15.64:0/719328180 >> [v2:172.21.15.64:6800/3267318594,v1:172.21.15.64:6801/3267318594] conn(0x7f6a18038850 0x7f6a1803ad10 unknown :-1 s=BANNER_CONNECTING pgs=0 cs=0 l=1 rev1=0 crypto rx=0 tx=0 comp rx=0 tx=0)._handle_peer_banner_payload supported=3 required=0
2023-07-20T18:42:33.276 INFO:teuthology.orchestra.run.smithi064.stdout:/usr/bin/ceph: stderr
2023-07-20T18:42:32.307+0000 7f6a309de700 1 -- 172.21.15.64:0/719328180 --> [v2:172.21.15.64:3300/0,v1:172.21.15.64:6789/0] -- mon_command({"prefix": "get_command_descriptions"} v 0) v1 -- 0x7f6a2c10a1d0 con 0x7f6a2c106a60
2023-07-20T18:42:33.276 INFO:teuthology.orchestra.run.smithi064.stdout:/usr/bin/ceph: stderr
2023-07-20T18:42:32.307+0000 7f6a29d9b700 1 --2- 172.21.15.64:0/719328180 >> [v2:172.21.15.64:6800/3267318594,v1:172.21.15.64:6801/3267318594] conn(0x7f6a18038850 0x7f6a1803ad10 secure :-1 s=READY pgs=11 cs=0 l=1 rev1=1 crypto rx=0x7f6a14006fd0 tx=0x7f6a14006e40 comp rx=0 tx=0).ready entity=mgr.14152 client_cookie=0 server_cookie=0 in_seq=0 out_seq=0
2023-07-20T18:42:33.276 INFO:teuthology.orchestra.run.smithi064.stdout:/usr/bin/ceph: stderr
2023-07-20T18:42:32.311+0000 7f6a237fe700 1 -- 172.21.15.64:0/719328180 <== mon.0 v2:172.21.15.64:3300/0 6 ==== mon_command_ack([{"prefix": "get_command_descriptions"}]=0 v0) v1 ==== 72+0+178025 (secure 0 0 0) 0x7f6a1c01abe0 con 0x7f6a2c106a60
2023-07-20T18:42:33.276 INFO:teuthology.orchestra.run.smithi064.stdout:/usr/bin/ceph: stderr
2023-07-20T18:42:32.884+0000 7f6a309de700 1 -- 172.21.15.64:0/719328180 --> [v2:172.21.15.64:3300/0,v1:172.21.15.64:6789/0] -- mon_command([{prefix=config-key set, key=mgr/dashboard/cluster/status}] v 0) v1 -- 0x7f6a2c105910 con 0x7f6a2c106a60
2023-07-20T18:42:33.277 INFO:teuthology.orchestra.run.smithi064.stdout:/usr/bin/ceph: stderr
2023-07-20T18:42:32.889+0000 7f6a237fe700 1 -- 172.21.15.64:0/719328180 <== mon.0 v2:172.21.15.64:3300/0 7 ==== mon_command_ack([{prefix=config-key set, key=mgr/dashboard/cluster/status}]=0 set mgr/dashboard/cluster/status v28)=0 set mgr/dashboard/cluster/status v28) v1 ==== 153+0+0 (secure 0 0 0) 0x7f6a2c105910 con 0x7f6a2c106a60
2023-07-20T18:42:33.277 INFO:teuthology.orchestra.run.smithi064.stdout:/usr/bin/ceph: stderr
2023-07-20T18:42:32.891+0000 7f6a309de700 1 -- 172.21.15.64:0/719328180 >> [v2:172.21.15.64:6800/3267318594,v1:172.21.15.64:6801/3267318594] conn(0x7f6a18038850 msgr2=0x7f6a1803ad10 secure :-1 s=STATE_CONNECTION_ESTABLISHED l=1).mark_down
2023-07-20T18:42:33.277 INFO:teuthology.orchestra.run.smithi064.stdout:/usr/bin/ceph: stderr
2023-07-20T18:42:32.891+0000 7f6a309de700 1 --2- 172.21.15.64:0/719328180 >> [v2:172.21.15.64:6800/3267318594,v1:172.21.15.64:6801/3267318594] conn(0x7f6a18038850 0x7f6a1803ad10 secure :-1 s=READY pgs=11 cs=0 l=1 rev1=1 crypto rx=0x7f6a14006fd0 tx=0x7f6a14006e40 comp rx=0 tx=0).stop
2023-07-20T18:42:33.277 INFO:teuthology.orchestra.run.smithi064.stdout:/usr/bin/ceph: stderr
2023-07-20T18:42:32.891+0000 7f6a309de700 1 -- 172.21.15.64:0/719328180 >> [v2:172.21.15.64:3300/0,v1:172.21.15.64:6789/0] conn(0x7f6a2c106a60 msgr2=0x7f6a2c1063c0 secure :-1 s=STATE_CONNECTION_ESTABLISHED l=1).mark_down
2023-07-20T18:42:33.277 INFO:teuthology.orchestra.run.smithi064.stdout:/usr/bin/ceph: stderr
2023-07-20T18:42:32.891+0000 7f6a309de700 1 --2- 172.21.15.64:0/719328180 >> [v2:172.21.15.64:3300/0,v1:172.21.15.64:6789/0] conn(0x7f6a2c106a60 0x7f6a2c1063c0 secure :-1 s=READY pgs=79 cs=0 l=1 rev1=1 crypto rx=0x7f6a1c011980 tx=0x7f6a1c011a60 comp rx=0 tx=0).stop
2023-07-20T18:42:33.277 INFO:teuthology.orchestra.run.smithi064.stdout:/usr/bin/ceph: stderr
2023-07-20T18:42:32.891+0000 7f6a309de700 1 -- 172.21.15.64:0/719328180 shutdown_connections
2023-07-20T18:42:33.277 INFO:teuthology.orchestra.run.smithi064.stdout:/usr/bin/ceph: stderr
2023-07-20T18:42:32.891+0000 7f6a309de700 1 --2- 172.21.15.64:0/719328180 >> [v2:172.21.15.64:6800/3267318594,v1:172.21.15.64:6801/3267318594] conn(0x7f6a18038850 0x7f6a1803ad10 unknown :-1 s=CLOSED pgs=11 cs=0 l=1 rev1=1 crypto rx=0 tx=0 comp rx=0 tx=0).stop
2023-07-20T18:42:33.278 INFO:teuthology.orchestra.run.smithi064.stdout:/usr/bin/ceph: stderr
2023-07-20T18:42:32.891+0000 7f6a309de700 1 --2- 172.21.15.64:0/719328180 >> [v2:172.21.15.64:3300/0,v1:172.21.15.64:6789/0] conn(0x7f6a2c106a60 0x7f6a2c1063c0 unknown :-1 s=CLOSED pgs=79 cs=0 l=1 rev1=1 crypto rx=0 tx=0 comp rx=0 tx=0).stop
2023-07-20T18:42:33.278 INFO:teuthology.orchestra.run.smithi064.stdout:/usr/bin/ceph: stderr
2023-07-20T18:42:32.891+0000 7f6a309de700 1 -- 172.21.15.64:0/719328180 >> 172.21.15.64:0/719328180 conn(0x7f6a2c1004b0 msgr2=0x7f6a2c101220 unknown :-1 s=STATE_NONE l=0).mark_down
2023-07-20T18:42:33.278 INFO:teuthology.orchestra.run.smithi064.stdout:/usr/bin/ceph: stderr
2023-07-20T18:42:32.891+0000 7f6a309de700 1 -- 172.21.15.64:0/719328180 shutdown_connections
2023-07-20T18:42:33.278 INFO:teuthology.orchestra.run.smithi064.stdout:/usr/bin/ceph: stderr
2023-07-20T18:42:32.891+0000 7f6a309de700 1 -- 172.21.15.64:0/719328180 wait complete.
2023-07-20T18:42:33.278 INFO:teuthology.orchestra.run.smithi064.stdout:/usr/bin/ceph: stderr set mgr/dashboard/cluster/status
2023-07-20T18:42:33.278 INFO:teuthology.orchestra.run.smithi064.stdout:You can access the Ceph CLI as following in case of multi-cluster or non-default config:
2023-07-20T18:42:33.278 INFO:teuthology.orchestra.run.smithi064.stdout:
2023-07-20T18:42:33.278 INFO:teuthology.orchestra.run.smithi064.stdout: sudo /home/ubuntu/cephtest/cephadm shell --fsid e4aae3a8-272c-11ee-9b34-001a4aab830c -c /etc/ceph/ceph.conf -k /etc/ceph/ceph.client.admin.keyring
2023-07-20T18:42:33.279 INFO:teuthology.orchestra.run.smithi064.stdout:
2023-07-20T18:42:33.279 INFO:teuthology.orchestra.run.smithi064.stdout:Or, if you are only running a single cluster on this host:
2023-07-20T18:42:33.279 INFO:teuthology.orchestra.run.smithi064.stdout:
2023-07-20T18:42:33.279 INFO:teuthology.orchestra.run.smithi064.stdout: sudo /home/ubuntu/cephtest/cephadm shell
2023-07-20T18:42:33.279 INFO:teuthology.orchestra.run.smithi064.stdout:
2023-07-20T18:42:33.279 INFO:teuthology.orchestra.run.smithi064.stdout:Please consider enabling telemetry to help improve Ceph:
2023-07-20T18:42:33.279 INFO:teuthology.orchestra.run.smithi064.stdout:
2023-07-20T18:42:33.279 INFO:teuthology.orchestra.run.smithi064.stdout: ceph telemetry on
2023-07-20T18:42:33.280 INFO:teuthology.orchestra.run.smithi064.stdout:
2023-07-20T18:42:33.280 INFO:teuthology.orchestra.run.smithi064.stdout:For more information see:
2023-07-20T18:42:33.280 INFO:teuthology.orchestra.run.smithi064.stdout:
2023-07-20T18:42:33.280 INFO:teuthology.orchestra.run.smithi064.stdout: https://docs.ceph.com/en/latest/mgr/telemetry/
2023-07-20T18:42:33.280 INFO:teuthology.orchestra.run.smithi064.stdout:
2023-07-20T18:42:33.280 INFO:teuthology.orchestra.run.smithi064.stdout:Bootstrap complete.
2023-07-20T18:42:33.306 INFO:tasks.cephadm:Fetching config...
2023-07-20T18:42:33.307 DEBUG:teuthology.orchestra.run.smithi064:> set -ex
2023-07-20T18:42:33.307 DEBUG:teuthology.orchestra.run.smithi064:> dd if=/etc/ceph/ceph.conf of=/dev/stdout
2023-07-20T18:42:33.325 INFO:tasks.cephadm:Fetching client.admin keyring...
2023-07-20T18:42:33.325 DEBUG:teuthology.orchestra.run.smithi064:> set -ex
2023-07-20T18:42:33.325 DEBUG:teuthology.orchestra.run.smithi064:> dd if=/etc/ceph/ceph.client.admin.keyring of=/dev/stdout
2023-07-20T18:42:33.387 INFO:tasks.cephadm:Fetching mon keyring...
2023-07-20T18:42:33.387 DEBUG:teuthology.orchestra.run.smithi064:> set -ex
2023-07-20T18:42:33.387 DEBUG:teuthology.orchestra.run.smithi064:> sudo dd if=/var/lib/ceph/e4aae3a8-272c-11ee-9b34-001a4aab830c/mon.a/keyring of=/dev/stdout
2023-07-20T18:42:33.454 INFO:tasks.cephadm:Fetching pub ssh key...
2023-07-20T18:42:33.455 DEBUG:teuthology.orchestra.run.smithi064:> set -ex
2023-07-20T18:42:33.455 DEBUG:teuthology.orchestra.run.smithi064:> dd if=/home/ubuntu/cephtest/ceph.pub of=/dev/stdout
2023-07-20T18:42:33.511 INFO:tasks.cephadm:Installing pub ssh key for root users...
2023-07-20T18:42:33.511 DEBUG:teuthology.orchestra.run.smithi064:> sudo install -d -m 0700 /root/.ssh && echo 'ssh-rsa AAAAB3NzaC1yc2EAAAADAQABAAABgQCyktIxkUw6WRhicRLs60emJYledLvVHOAUPii3UFAH4AsADO3vLpbEUD8JN1SvDu4TLGgVCqZGg3qVT5AqxwhOhqoTOXzAqHV4YKwepUcxIpoxKRICYIfjO5yUfbiZOvB5fAYGowkRXfFcqRR4Wgok0xfIRmF1qSczNdVrl4/te7dQCKPb2GiSdiYDeBQzSrbj8qGSG1ni+VDEtt/aNGhFXq7jDTvqr63n5cyjzwQvItncqjE+ohYTivKet8dzMRc/y/LDx0iPB0GJosYC9NeRoLPikSjg/cMz/BzG4nhJWJhgkuYPp9ekD8/XIQxFVTaCCeeFw1IJK34LF2M+5xpqBuYkUe1KY+GHwCrDj31rqFRBJp2yxygrihfeiUHLx14mNMExqpO2HEtO6R0/aNl8s6jL554f1tEKZ+K0Z4nHVvH5lZL6sMATJjQF/vFNVyLTkWLv+7RwM+gzQcLsBI+qhzN4nS6jJA31o1mGB3F1ly9eiz8L51V1is8/QiCLxsk= ceph-e4aae3a8-272c-11ee-9b34-001a4aab830c' | sudo tee -a /root/.ssh/authorized_keys && sudo chmod 0600 /root/.ssh/authorized_keys
2023-07-20T18:42:33.601 INFO:teuthology.orchestra.run.smithi064.stdout:ssh-rsa AAAAB3NzaC1yc2EAAAADAQABAAABgQCyktIxkUw6WRhicRLs60emJYledLvVHOAUPii3UFAH4AsADO3vLpbEUD8JN1SvDu4TLGgVCqZGg3qVT5AqxwhOhqoTOXzAqHV4YKwepUcxIpoxKRICYIfjO5yUfbiZOvB5fAYGowkRXfFcqRR4Wgok0xfIRmF1qSczNdVrl4/te7dQCKPb2GiSdiYDeBQzSrbj8qGSG1ni+VDEtt/aNGhFXq7jDTvqr63n5cyjzwQvItncqjE+ohYTivKet8dzMRc/y/LDx0iPB0GJosYC9NeRoLPikSjg/cMz/BzG4nhJWJhgkuYPp9ekD8/XIQxFVTaCCeeFw1IJK34LF2M+5xpqBuYkUe1KY+GHwCrDj31rqFRBJp2yxygrihfeiUHLx14mNMExqpO2HEtO6R0/aNl8s6jL554f1tEKZ+K0Z4nHVvH5lZL6sMATJjQF/vFNVyLTkWLv+7RwM+gzQcLsBI+qhzN4nS6jJA31o1mGB3F1ly9eiz8L51V1is8/QiCLxsk= ceph-e4aae3a8-272c-11ee-9b34-001a4aab830c
2023-07-20T18:42:33.613 DEBUG:teuthology.orchestra.run.smithi086:> sudo install -d -m 0700 /root/.ssh && echo 'ssh-rsa AAAAB3NzaC1yc2EAAAADAQABAAABgQCyktIxkUw6WRhicRLs60emJYledLvVHOAUPii3UFAH4AsADO3vLpbEUD8JN1SvDu4TLGgVCqZGg3qVT5AqxwhOhqoTOXzAqHV4YKwepUcxIpoxKRICYIfjO5yUfbiZOvB5fAYGowkRXfFcqRR4Wgok0xfIRmF1qSczNdVrl4/te7dQCKPb2GiSdiYDeBQzSrbj8qGSG1ni+VDEtt/aNGhFXq7jDTvqr63n5cyjzwQvItncqjE+ohYTivKet8dzMRc/y/LDx0iPB0GJosYC9NeRoLPikSjg/cMz/BzG4nhJWJhgkuYPp9ekD8/XIQxFVTaCCeeFw1IJK34LF2M+5xpqBuYkUe1KY+GHwCrDj31rqFRBJp2yxygrihfeiUHLx14mNMExqpO2HEtO6R0/aNl8s6jL554f1tEKZ+K0Z4nHVvH5lZL6sMATJjQF/vFNVyLTkWLv+7RwM+gzQcLsBI+qhzN4nS6jJA31o1mGB3F1ly9eiz8L51V1is8/QiCLxsk= ceph-e4aae3a8-272c-11ee-9b34-001a4aab830c' | sudo tee -a /root/.ssh/authorized_keys && sudo chmod 0600 /root/.ssh/authorized_keys
2023-07-20T18:42:33.659 INFO:teuthology.orchestra.run.smithi086.stdout:ssh-rsa AAAAB3NzaC1yc2EAAAADAQABAAABgQCyktIxkUw6WRhicRLs60emJYledLvVHOAUPii3UFAH4AsADO3vLpbEUD8JN1SvDu4TLGgVCqZGg3qVT5AqxwhOhqoTOXzAqHV4YKwepUcxIpoxKRICYIfjO5yUfbiZOvB5fAYGowkRXfFcqRR4Wgok0xfIRmF1qSczNdVrl4/te7dQCKPb2GiSdiYDeBQzSrbj8qGSG1ni+VDEtt/aNGhFXq7jDTvqr63n5cyjzwQvItncqjE+ohYTivKet8dzMRc/y/LDx0iPB0GJosYC9NeRoLPikSjg/cMz/BzG4nhJWJhgkuYPp9ekD8/XIQxFVTaCCeeFw1IJK34LF2M+5xpqBuYkUe1KY+GHwCrDj31rqFRBJp2yxygrihfeiUHLx14mNMExqpO2HEtO6R0/aNl8s6jL554f1tEKZ+K0Z4nHVvH5lZL6sMATJjQF/vFNVyLTkWLv+7RwM+gzQcLsBI+qhzN4nS6jJA31o1mGB3F1ly9eiz8L51V1is8/QiCLxsk= ceph-e4aae3a8-272c-11ee-9b34-001a4aab830c
2023-07-20T18:42:33.672 DEBUG:teuthology.orchestra.run.smithi136:> sudo install -d -m 0700 /root/.ssh && echo 'ssh-rsa AAAAB3NzaC1yc2EAAAADAQABAAABgQCyktIxkUw6WRhicRLs60emJYledLvVHOAUPii3UFAH4AsADO3vLpbEUD8JN1SvDu4TLGgVCqZGg3qVT5AqxwhOhqoTOXzAqHV4YKwepUcxIpoxKRICYIfjO5yUfbiZOvB5fAYGowkRXfFcqRR4Wgok0xfIRmF1qSczNdVrl4/te7dQCKPb2GiSdiYDeBQzSrbj8qGSG1ni+VDEtt/aNGhFXq7jDTvqr63n5cyjzwQvItncqjE+ohYTivKet8dzMRc/y/LDx0iPB0GJosYC9NeRoLPikSjg/cMz/BzG4nhJWJhgkuYPp9ekD8/XIQxFVTaCCeeFw1IJK34LF2M+5xpqBuYkUe1KY+GHwCrDj31rqFRBJp2yxygrihfeiUHLx14mNMExqpO2HEtO6R0/aNl8s6jL554f1tEKZ+K0Z4nHVvH5lZL6sMATJjQF/vFNVyLTkWLv+7RwM+gzQcLsBI+qhzN4nS6jJA31o1mGB3F1ly9eiz8L51V1is8/QiCLxsk= ceph-e4aae3a8-272c-11ee-9b34-001a4aab830c' | sudo tee -a /root/.ssh/authorized_keys && sudo chmod 0600 /root/.ssh/authorized_keys
2023-07-20T18:42:33.715 INFO:teuthology.orchestra.run.smithi136.stdout:ssh-rsa AAAAB3NzaC1yc2EAAAADAQABAAABgQCyktIxkUw6WRhicRLs60emJYledLvVHOAUPii3UFAH4AsADO3vLpbEUD8JN1SvDu4TLGgVCqZGg3qVT5AqxwhOhqoTOXzAqHV4YKwepUcxIpoxKRICYIfjO5yUfbiZOvB5fAYGowkRXfFcqRR4Wgok0xfIRmF1qSczNdVrl4/te7dQCKPb2GiSdiYDeBQzSrbj8qGSG1ni+VDEtt/aNGhFXq7jDTvqr63n5cyjzwQvItncqjE+ohYTivKet8dzMRc/y/LDx0iPB0GJosYC9NeRoLPikSjg/cMz/BzG4nhJWJhgkuYPp9ekD8/XIQxFVTaCCeeFw1IJK34LF2M+5xpqBuYkUe1KY+GHwCrDj31rqFRBJp2yxygrihfeiUHLx14mNMExqpO2HEtO6R0/aNl8s6jL554f1tEKZ+K0Z4nHVvH5lZL6sMATJjQF/vFNVyLTkWLv+7RwM+gzQcLsBI+qhzN4nS6jJA31o1mGB3F1ly9eiz8L51V1is8/QiCLxsk= ceph-e4aae3a8-272c-11ee-9b34-001a4aab830c
2023-07-20T18:42:33.728 DEBUG:teuthology.orchestra.run.smithi064:> sudo /home/ubuntu/cephtest/cephadm --image quay-quay-quay.apps.os.sepia.ceph.com/ceph-ci/ceph:1b0b2eb005a7c51d97a788b9900d511e1394b537 shell -c /etc/ceph/ceph.conf -k /etc/ceph/ceph.client.admin.keyring --fsid e4aae3a8-272c-11ee-9b34-001a4aab830c -- ceph config set mgr mgr/cephadm/allow_ptrace true
2023-07-20T18:42:34.149 INFO:journalctl@ceph.mon.a.smithi064.stdout:Jul 20 18:42:33 smithi064 ceph-mon[96480]: from='client.? 172.21.15.64:0/719328180' entity='client.admin'
2023-07-20T18:42:34.543 INFO:teuthology.orchestra.run.smithi064.stderr:Inferring config /var/lib/ceph/e4aae3a8-272c-11ee-9b34-001a4aab830c/mon.a/config
2023-07-20T18:42:35.862 INFO:teuthology.orchestra.run.smithi064.stderr:2023-07-20T18:42:35.856+0000 7efed4eca700 1 -- 172.21.15.64:0/3322082688 >> [v2:172.21.15.64:3300/0,v1:172.21.15.64:6789/0] conn(0x7efed0100d50 msgr2=0x7efed0103140 secure :-1 s=STATE_CONNECTION_ESTABLISHED l=1).mark_down
2023-07-20T18:42:35.862 INFO:teuthology.orchestra.run.smithi064.stderr:2023-07-20T18:42:35.856+0000 7efed4eca700 1 --2- 172.21.15.64:0/3322082688 >> [v2:172.21.15.64:3300/0,v1:172.21.15.64:6789/0] conn(0x7efed0100d50 0x7efed0103140 secure :-1 s=READY pgs=80 cs=0 l=1 rev1=1 crypto rx=0x7efec0009910 tx=0x7efec0009c20 comp rx=0 tx=0).stop
2023-07-20T18:42:35.862 INFO:teuthology.orchestra.run.smithi064.stderr:2023-07-20T18:42:35.857+0000 7efed4eca700 1 -- 172.21.15.64:0/3322082688 shutdown_connections
