2023-07-20T18:41:59.897+0000 7f425259c700 1 -- 172.21.15.64:0/585908060 --> [v2:172.21.15.64:3300/0,v1:172.21.15.64:6789/0] -- mon_subscribe({config=0+,monmap=0+}) v3 -- 0x7f4244009550 con 0x7f4254106b40
2023-07-20T18:42:00.732 INFO:teuthology.orchestra.run.smithi064.stdout:/usr/bin/ceph: stderr
2023-07-20T18:41:59.897+0000 7f425259c700 1 --2- 172.21.15.64:0/585908060 >> [v2:172.21.15.64:3300/0,v1:172.21.15.64:6789/0] conn(0x7f4254106b40 0x7f42541064a0 secure :-1 s=READY pgs=38 cs=0 l=1 rev1=1 crypto rx=0x7f4244009fb0 tx=0x7f4244011ad0 comp rx=0 tx=0).ready entity=mon.0 client_cookie=0 server_cookie=0 in_seq=0 out_seq=0
2023-07-20T18:42:00.732 INFO:teuthology.orchestra.run.smithi064.stdout:/usr/bin/ceph: stderr
2023-07-20T18:41:59.897+0000 7f424b7fe700 1 -- 172.21.15.64:0/585908060 <== mon.0 v2:172.21.15.64:3300/0 1 ==== mon_map magic: 0 v1 ==== 205+0+0 (secure 0 0 0) 0x7f4244003a40 con 0x7f4254106b40
2023-07-20T18:42:00.732 INFO:teuthology.orchestra.run.smithi064.stdout:/usr/bin/ceph: stderr
2023-07-20T18:41:59.897+0000 7f4258983700 1 -- 172.21.15.64:0/585908060 --> [v2:172.21.15.64:3300/0,v1:172.21.15.64:6789/0] -- mon_subscribe({mgrmap=0+}) v3 -- 0x7f4254104af0 con 0x7f4254106b40
2023-07-20T18:42:00.732 INFO:teuthology.orchestra.run.smithi064.stdout:/usr/bin/ceph: stderr
2023-07-20T18:41:59.897+0000 7f424b7fe700 1 -- 172.21.15.64:0/585908060 <== mon.0 v2:172.21.15.64:3300/0 2 ==== config(26 keys) v1 ==== 1074+0+0 (secure 0 0 0) 0x7f4244003ba0 con 0x7f4254106b40
2023-07-20T18:42:00.733 INFO:teuthology.orchestra.run.smithi064.stdout:/usr/bin/ceph: stderr
2023-07-20T18:41:59.897+0000 7f424b7fe700 1 -- 172.21.15.64:0/585908060 <== mon.0 v2:172.21.15.64:3300/0 3 ==== mon_map magic: 0 v1 ==== 205+0+0 (secure 0 0 0) 0x7f424401a750 con 0x7f4254106b40
2023-07-20T18:42:00.733 INFO:teuthology.orchestra.run.smithi064.stdout:/usr/bin/ceph: stderr
2023-07-20T18:41:59.897+0000 7f4258983700 1 -- 172.21.15.64:0/585908060 --> [v2:172.21.15.64:3300/0,v1:172.21.15.64:6789/0] -- mon_subscribe({osdmap=0}) v3 -- 0x7f4254104f10 con 0x7f4254106b40
2023-07-20T18:42:00.733 INFO:teuthology.orchestra.run.smithi064.stdout:/usr/bin/ceph: stderr
2023-07-20T18:41:59.898+0000 7f424b7fe700 1 -- 172.21.15.64:0/585908060 <== mon.0 v2:172.21.15.64:3300/0 4 ==== mgrmap(e 7) v1 ==== 45377+0+0 (secure 0 0 0) 0x7f424401a9d0 con 0x7f4254106b40
2023-07-20T18:42:00.733 INFO:teuthology.orchestra.run.smithi064.stdout:/usr/bin/ceph: stderr
2023-07-20T18:41:59.898+0000 7f424b7fe700 1 --2- 172.21.15.64:0/585908060 >> [v2:172.21.15.64:6800/4106527582,v1:172.21.15.64:6801/4106527582] conn(0x7f42400385a0 0x7f424003aa60 unknown :-1 s=NONE pgs=0 cs=0 l=1 rev1=0 crypto rx=0 tx=0 comp rx=0 tx=0).connect
2023-07-20T18:42:00.733 INFO:teuthology.orchestra.run.smithi064.stdout:/usr/bin/ceph: stderr
2023-07-20T18:41:59.898+0000 7f424b7fe700 1 -- 172.21.15.64:0/585908060 <== mon.0 v2:172.21.15.64:3300/0 5 ==== osd_map(2..2 src has 1..2) v4 ==== 940+0+0 (secure 0 0 0) 0x7f424404c5f0 con 0x7f4254106b40
2023-07-20T18:42:00.733 INFO:teuthology.orchestra.run.smithi064.stdout:/usr/bin/ceph: stderr
2023-07-20T18:41:59.899+0000 7f4258983700 1 -- 172.21.15.64:0/585908060 --> [v2:172.21.15.64:3300/0,v1:172.21.15.64:6789/0] -- mon_command({"prefix": "get_command_descriptions"} v 0) v1 -- 0x7f425410a1a0 con 0x7f4254106b40
2023-07-20T18:42:00.733 INFO:teuthology.orchestra.run.smithi064.stdout:/usr/bin/ceph: stderr
2023-07-20T18:41:59.899+0000 7f424bfff700 1 --2- 172.21.15.64:0/585908060 >> [v2:172.21.15.64:6800/4106527582,v1:172.21.15.64:6801/4106527582] conn(0x7f42400385a0 0x7f424003aa60 unknown :-1 s=BANNER_CONNECTING pgs=0 cs=0 l=1 rev1=0 crypto rx=0 tx=0 comp rx=0 tx=0)._handle_peer_banner_payload supported=3 required=0
2023-07-20T18:42:00.734 INFO:teuthology.orchestra.run.smithi064.stdout:/usr/bin/ceph: stderr
2023-07-20T18:41:59.899+0000 7f424bfff700 1 --2- 172.21.15.64:0/585908060 >> [v2:172.21.15.64:6800/4106527582,v1:172.21.15.64:6801/4106527582] conn(0x7f42400385a0 0x7f424003aa60 secure :-1 s=READY pgs=7 cs=0 l=1 rev1=1 crypto rx=0x7f423c006fd0 tx=0x7f423c006e40 comp rx=0 tx=0).ready entity=mgr.14120 client_cookie=0 server_cookie=0 in_seq=0 out_seq=0
2023-07-20T18:42:00.734 INFO:teuthology.orchestra.run.smithi064.stdout:/usr/bin/ceph: stderr
2023-07-20T18:41:59.904+0000 7f424b7fe700 1 -- 172.21.15.64:0/585908060 <== mon.0 v2:172.21.15.64:3300/0 6 ==== mon_command_ack([{"prefix": "get_command_descriptions"}]=0 v0) v1 ==== 72+0+178025 (secure 0 0 0) 0x7f4244018db0 con 0x7f4254106b40
2023-07-20T18:42:00.734 INFO:teuthology.orchestra.run.smithi064.stdout:/usr/bin/ceph: stderr
2023-07-20T18:41:59.923+0000 7f424b7fe700 1 -- 172.21.15.64:0/585908060 <== mon.0 v2:172.21.15.64:3300/0 7 ==== mgrmap(e 8) v1 ==== 45483+0+0 (secure 0 0 0) 0x7f424402d960 con 0x7f4254106b40
2023-07-20T18:42:00.734 INFO:teuthology.orchestra.run.smithi064.stdout:/usr/bin/ceph: stderr
2023-07-20T18:42:00.289+0000 7f4258983700 1 -- 172.21.15.64:0/585908060 --> [v2:172.21.15.64:6800/4106527582,v1:172.21.15.64:6801/4106527582] -- mgr_command(tid 0: {"prefix": "orch set backend", "module_name": "cephadm", "target": ["mon-mgr", ""]}) v1 -- 0x7f4254102780 con 0x7f42400385a0
2023-07-20T18:42:00.734 INFO:teuthology.orchestra.run.smithi064.stdout:/usr/bin/ceph: stderr
2023-07-20T18:42:00.295+0000 7f424b7fe700 1 -- 172.21.15.64:0/585908060 <== mgr.14120 v2:172.21.15.64:6800/4106527582 1 ==== mgr_command_reply(tid 0: 0 ) v1 ==== 8+0+0 (secure 0 0 0) 0x7f4254102780 con 0x7f42400385a0
2023-07-20T18:42:00.734 INFO:teuthology.orchestra.run.smithi064.stdout:/usr/bin/ceph: stderr
2023-07-20T18:42:00.297+0000 7f4258983700 1 -- 172.21.15.64:0/585908060 >> [v2:172.21.15.64:6800/4106527582,v1:172.21.15.64:6801/4106527582] conn(0x7f42400385a0 msgr2=0x7f424003aa60 secure :-1 s=STATE_CONNECTION_ESTABLISHED l=1).mark_down
2023-07-20T18:42:00.734 INFO:teuthology.orchestra.run.smithi064.stdout:/usr/bin/ceph: stderr
2023-07-20T18:42:00.297+0000 7f4258983700 1 --2- 172.21.15.64:0/585908060 >> [v2:172.21.15.64:6800/4106527582,v1:172.21.15.64:6801/4106527582] conn(0x7f42400385a0 0x7f424003aa60 secure :-1 s=READY pgs=7 cs=0 l=1 rev1=1 crypto rx=0x7f423c006fd0 tx=0x7f423c006e40 comp rx=0 tx=0).stop
2023-07-20T18:42:00.734 INFO:teuthology.orchestra.run.smithi064.stdout:/usr/bin/ceph: stderr
2023-07-20T18:42:00.297+0000 7f4258983700 1 -- 172.21.15.64:0/585908060 >> [v2:172.21.15.64:3300/0,v1:172.21.15.64:6789/0] conn(0x7f4254106b40 msgr2=0x7f42541064a0 secure :-1 s=STATE_CONNECTION_ESTABLISHED l=1).mark_down
2023-07-20T18:42:00.735 INFO:teuthology.orchestra.run.smithi064.stdout:/usr/bin/ceph: stderr
2023-07-20T18:42:00.297+0000 7f4258983700 1 --2- 172.21.15.64:0/585908060 >> [v2:172.21.15.64:3300/0,v1:172.21.15.64:6789/0] conn(0x7f4254106b40 0x7f42541064a0 secure :-1 s=READY pgs=38 cs=0 l=1 rev1=1 crypto rx=0x7f4244009fb0 tx=0x7f4244011ad0 comp rx=0 tx=0).stop
2023-07-20T18:42:00.735 INFO:teuthology.orchestra.run.smithi064.stdout:/usr/bin/ceph: stderr
2023-07-20T18:42:00.298+0000 7f4258983700 1 -- 172.21.15.64:0/585908060 shutdown_connections
2023-07-20T18:42:00.735 INFO:teuthology.orchestra.run.smithi064.stdout:/usr/bin/ceph: stderr
2023-07-20T18:42:00.298+0000 7f4258983700 1 --2- 172.21.15.64:0/585908060 >> [v2:172.21.15.64:6800/4106527582,v1:172.21.15.64:6801/4106527582] conn(0x7f42400385a0 0x7f424003aa60 unknown :-1 s=CLOSED pgs=7 cs=0 l=1 rev1=1 crypto rx=0 tx=0 comp rx=0 tx=0).stop
2023-07-20T18:42:00.735 INFO:teuthology.orchestra.run.smithi064.stdout:/usr/bin/ceph: stderr
2023-07-20T18:42:00.298+0000 7f4258983700 1 --2- 172.21.15.64:0/585908060 >> [v2:172.21.15.64:3300/0,v1:172.21.15.64:6789/0] conn(0x7f4254106b40 0x7f42541064a0 unknown :-1 s=CLOSED pgs=38 cs=0 l=1 rev1=1 crypto rx=0 tx=0 comp rx=0 tx=0).stop
2023-07-20T18:42:00.735 INFO:teuthology.orchestra.run.smithi064.stdout:/usr/bin/ceph: stderr
2023-07-20T18:42:00.298+0000 7f4258983700 1 -- 172.21.15.64:0/585908060 >> 172.21.15.64:0/585908060 conn(0x7f42541004b0 msgr2=0x7f4254101b20 unknown :-1 s=STATE_NONE l=0).mark_down
2023-07-20T18:42:00.735 INFO:teuthology.orchestra.run.smithi064.stdout:/usr/bin/ceph: stderr
2023-07-20T18:42:00.298+0000 7f4258983700 1 -- 172.21.15.64:0/585908060 shutdown_connections
2023-07-20T18:42:00.735 INFO:teuthology.orchestra.run.smithi064.stdout:/usr/bin/ceph: stderr
2023-07-20T18:42:00.298+0000 7f4258983700 1 -- 172.21.15.64:0/585908060 wait complete.
2023-07-20T18:42:00.944 INFO:journalctl@ceph.mon.a.smithi064.stdout:Jul 20 18:42:00 smithi064 ceph-mon[96480]: mgrmap e8: x(active, since 2s)
2023-07-20T18:42:00.944 INFO:journalctl@ceph.mon.a.smithi064.stdout:Jul 20 18:42:00 smithi064 ceph-mon[96480]: from='client.14132 -' entity='client.admin' cmd=[{"prefix": "orch set backend", "module_name": "cephadm", "target": ["mon-mgr", ""]}]: dispatch
2023-07-20T18:42:00.944 INFO:journalctl@ceph.mon.a.smithi064.stdout:Jul 20 18:42:00 smithi064 ceph-mon[96480]: from='mgr.14120 172.21.15.64:0/2900085769' entity='mgr.x'
2023-07-20T18:42:00.945 INFO:journalctl@ceph.mon.a.smithi064.stdout:Jul 20 18:42:00 smithi064 ceph-mon[96480]: from='mgr.14120 172.21.15.64:0/2900085769' entity='mgr.x' cmd=[{"prefix": "config dump", "format": "json"}]: dispatch
2023-07-20T18:42:02.067 INFO:journalctl@ceph.mon.a.smithi064.stdout:Jul 20 18:42:01 smithi064 ceph-mon[96480]: from='client.14134 -' entity='client.admin' cmd=[{"prefix": "cephadm set-user", "user": "root", "target": ["mon-mgr", ""]}]: dispatch
2023-07-20T18:42:02.072 INFO:teuthology.orchestra.run.smithi064.stdout:/usr/bin/ceph: stdout value unchanged
2023-07-20T18:42:02.072 INFO:teuthology.orchestra.run.smithi064.stdout:/usr/bin/ceph: stderr
2023-07-20T18:42:01.375+0000 7f2b45d1a700 1 Processor -- start
2023-07-20T18:42:02.072 INFO:teuthology.orchestra.run.smithi064.stdout:/usr/bin/ceph: stderr
2023-07-20T18:42:01.376+0000 7f2b45d1a700 1 -- start start
2023-07-20T18:42:02.072 INFO:teuthology.orchestra.run.smithi064.stdout:/usr/bin/ceph: stderr
2023-07-20T18:42:01.376+0000 7f2b45d1a700 1 --2- >> [v2:172.21.15.64:3300/0,v1:172.21.15.64:6789/0] conn(0x7f2b40104f10 0x7f2b40105330 unknown :-1 s=NONE pgs=0 cs=0 l=0 rev1=0 crypto rx=0 tx=0 comp rx=0 tx=0).connect
2023-07-20T18:42:02.073 INFO:teuthology.orchestra.run.smithi064.stdout:/usr/bin/ceph: stderr
2023-07-20T18:42:01.376+0000 7f2b45d1a700 1 -- --> [v2:172.21.15.64:3300/0,v1:172.21.15.64:6789/0] -- mon_getmap magic: 0 v1 -- 0x7f2b40105870 con 0x7f2b40104f10
2023-07-20T18:42:02.073 INFO:teuthology.orchestra.run.smithi064.stdout:/usr/bin/ceph: stderr
2023-07-20T18:42:01.376+0000 7f2b3f7fe700 1 --2- >> [v2:172.21.15.64:3300/0,v1:172.21.15.64:6789/0] conn(0x7f2b40104f10 0x7f2b40105330 unknown :-1 s=BANNER_CONNECTING pgs=0 cs=0 l=0 rev1=0 crypto rx=0 tx=0 comp rx=0 tx=0)._handle_peer_banner_payload supported=3 required=0
2023-07-20T18:42:02.073 INFO:teuthology.orchestra.run.smithi064.stdout:/usr/bin/ceph: stderr
2023-07-20T18:42:01.376+0000 7f2b3f7fe700 1 --2- >> [v2:172.21.15.64:3300/0,v1:172.21.15.64:6789/0] conn(0x7f2b40104f10 0x7f2b40105330 unknown :-1 s=HELLO_CONNECTING pgs=0 cs=0 l=0 rev1=1 crypto rx=0 tx=0 comp rx=0 tx=0).handle_hello peer v2:172.21.15.64:3300/0 says I am v2:172.21.15.64:38524/0 (socket says 172.21.15.64:38524)
2023-07-20T18:42:02.073 INFO:teuthology.orchestra.run.smithi064.stdout:/usr/bin/ceph: stderr
2023-07-20T18:42:01.376+0000 7f2b3f7fe700 1 -- 172.21.15.64:0/2820899707 learned_addr learned my addr 172.21.15.64:0/2820899707 (peer_addr_for_me v2:172.21.15.64:0/0)
2023-07-20T18:42:02.073 INFO:teuthology.orchestra.run.smithi064.stdout:/usr/bin/ceph: stderr
2023-07-20T18:42:01.376+0000 7f2b3f7fe700 1 -- 172.21.15.64:0/2820899707 --> [v2:172.21.15.64:3300/0,v1:172.21.15.64:6789/0] -- mon_subscribe({config=0+,monmap=0+}) v3 -- 0x7f2b401059b0 con 0x7f2b40104f10
2023-07-20T18:42:02.073 INFO:teuthology.orchestra.run.smithi064.stdout:/usr/bin/ceph: stderr
2023-07-20T18:42:01.376+0000 7f2b3f7fe700 1 --2- 172.21.15.64:0/2820899707 >> [v2:172.21.15.64:3300/0,v1:172.21.15.64:6789/0] conn(0x7f2b40104f10 0x7f2b40105330 secure :-1 s=READY pgs=39 cs=0 l=1 rev1=1 crypto rx=0x7f2b3000bb40 tx=0x7f2b3000be50 comp rx=0 tx=0).ready entity=mon.0 client_cookie=a372943560f8ab2a server_cookie=0 in_seq=0 out_seq=0
2023-07-20T18:42:02.073 INFO:teuthology.orchestra.run.smithi064.stdout:/usr/bin/ceph: stderr
2023-07-20T18:42:01.377+0000 7f2b3e7fc700 1 -- 172.21.15.64:0/2820899707 <== mon.0 v2:172.21.15.64:3300/0 1 ==== mon_map magic: 0 v1 ==== 205+0+0 (secure 0 0 0) 0x7f2b3000dbe0 con 0x7f2b40104f10
2023-07-20T18:42:02.074 INFO:teuthology.orchestra.run.smithi064.stdout:/usr/bin/ceph: stderr
2023-07-20T18:42:01.377+0000 7f2b3e7fc700 1 -- 172.21.15.64:0/2820899707 <== mon.0 v2:172.21.15.64:3300/0 2 ==== config(26 keys) v1 ==== 1074+0+0 (secure 0 0 0) 0x7f2b300044d0 con 0x7f2b40104f10
2023-07-20T18:42:02.074 INFO:teuthology.orchestra.run.smithi064.stdout:/usr/bin/ceph: stderr
2023-07-20T18:42:01.377+0000 7f2b3e7fc700 1 -- 172.21.15.64:0/2820899707 <== mon.0 v2:172.21.15.64:3300/0 3 ==== mon_map magic: 0 v1 ==== 205+0+0 (secure 0 0 0) 0x7f2b30010470 con 0x7f2b40104f10
2023-07-20T18:42:02.074 INFO:teuthology.orchestra.run.smithi064.stdout:/usr/bin/ceph: stderr
2023-07-20T18:42:01.377+0000 7f2b45d1a700 1 -- 172.21.15.64:0/2820899707 >> [v2:172.21.15.64:3300/0,v1:172.21.15.64:6789/0] conn(0x7f2b40104f10 msgr2=0x7f2b40105330 secure :-1 s=STATE_CONNECTION_ESTABLISHED l=1).mark_down
2023-07-20T18:42:02.074 INFO:teuthology.orchestra.run.smithi064.stdout:/usr/bin/ceph: stderr
2023-07-20T18:42:01.377+0000 7f2b45d1a700 1 --2- 172.21.15.64:0/2820899707 >> [v2:172.21.15.64:3300/0,v1:172.21.15.64:6789/0] conn(0x7f2b40104f10 0x7f2b40105330 secure :-1 s=READY pgs=39 cs=0 l=1 rev1=1 crypto rx=0x7f2b3000bb40 tx=0x7f2b3000be50 comp rx=0 tx=0).stop
2023-07-20T18:42:02.074 INFO:teuthology.orchestra.run.smithi064.stdout:/usr/bin/ceph: stderr
2023-07-20T18:42:01.377+0000 7f2b45d1a700 1 -- 172.21.15.64:0/2820899707 shutdown_connections
2023-07-20T18:42:02.075 INFO:teuthology.orchestra.run.smithi064.stdout:/usr/bin/ceph: stderr
2023-07-20T18:42:01.377+0000 7f2b45d1a700 1 --2- 172.21.15.64:0/2820899707 >> [v2:172.21.15.64:3300/0,v1:172.21.15.64:6789/0] conn(0x7f2b40104f10 0x7f2b40105330 unknown :-1 s=CLOSED pgs=39 cs=0 l=1 rev1=1 crypto rx=0 tx=0 comp rx=0 tx=0).stop
2023-07-20T18:42:02.075 INFO:teuthology.orchestra.run.smithi064.stdout:/usr/bin/ceph: stderr
2023-07-20T18:42:01.377+0000 7f2b45d1a700 1 -- 172.21.15.64:0/2820899707 >> 172.21.15.64:0/2820899707 conn(0x7f2b401004b0 msgr2=0x7f2b401028f0 unknown :-1 s=STATE_NONE l=0).mark_down
2023-07-20T18:42:02.075 INFO:teuthology.orchestra.run.smithi064.stdout:/usr/bin/ceph: stderr
2023-07-20T18:42:01.377+0000 7f2b45d1a700 1 -- 172.21.15.64:0/2820899707 shutdown_connections
2023-07-20T18:42:02.075 INFO:teuthology.orchestra.run.smithi064.stdout:/usr/bin/ceph: stderr
2023-07-20T18:42:01.377+0000 7f2b45d1a700 1 -- 172.21.15.64:0/2820899707 wait complete.
2023-07-20T18:42:02.076 INFO:teuthology.orchestra.run.smithi064.stdout:/usr/bin/ceph: stderr
2023-07-20T18:42:01.378+0000 7f2b45d1a700 1 Processor -- start
2023-07-20T18:42:02.076 INFO:teuthology.orchestra.run.smithi064.stdout:/usr/bin/ceph: stderr
2023-07-20T18:42:01.378+0000 7f2b45d1a700 1 -- start start
2023-07-20T18:42:02.076 INFO:teuthology.orchestra.run.smithi064.stdout:/usr/bin/ceph: stderr
2023-07-20T18:42:01.379+0000 7f2b45d1a700 1 --2- >> [v2:172.21.15.64:3300/0,v1:172.21.15.64:6789/0] conn(0x7f2b40104f10 0x7f2b40197a80 unknown :-1 s=NONE pgs=0 cs=0 l=1 rev1=0 crypto rx=0 tx=0 comp rx=0 tx=0).connect
2023-07-20T18:42:02.077 INFO:teuthology.orchestra.run.smithi064.stdout:/usr/bin/ceph: stderr
2023-07-20T18:42:01.379+0000 7f2b45d1a700 1 -- --> [v2:172.21.15.64:3300/0,v1:172.21.15.64:6789/0] -- mon_getmap magic: 0 v1 -- 0x7f2b40197fc0 con 0x7f2b40104f10
2023-07-20T18:42:02.077 INFO:teuthology.orchestra.run.smithi064.stdout:/usr/bin/ceph: stderr
2023-07-20T18:42:01.379+0000 7f2b3f7fe700 1 --2- >> [v2:172.21.15.64:3300/0,v1:172.21.15.64:6789/0] conn(0x7f2b40104f10 0x7f2b40197a80 unknown :-1 s=BANNER_CONNECTING pgs=0 cs=0 l=1 rev1=0 crypto rx=0 tx=0 comp rx=0 tx=0)._handle_peer_banner_payload supported=3 required=0
2023-07-20T18:42:02.077 INFO:teuthology.orchestra.run.smithi064.stdout:/usr/bin/ceph: stderr
2023-07-20T18:42:01.379+0000 7f2b3f7fe700 1 --2- >> [v2:172.21.15.64:3300/0,v1:172.21.15.64:6789/0] conn(0x7f2b40104f10 0x7f2b40197a80 unknown :-1 s=HELLO_CONNECTING pgs=0 cs=0 l=1 rev1=1 crypto rx=0 tx=0 comp rx=0 tx=0).handle_hello peer v2:172.21.15.64:3300/0 says I am v2:172.21.15.64:38526/0 (socket says 172.21.15.64:38526)
2023-07-20T18:42:02.077 INFO:teuthology.orchestra.run.smithi064.stdout:/usr/bin/ceph: stderr
2023-07-20T18:42:01.379+0000 7f2b3f7fe700 1 -- 172.21.15.64:0/2265054047 learned_addr learned my addr 172.21.15.64:0/2265054047 (peer_addr_for_me v2:172.21.15.64:0/0)
2023-07-20T18:42:02.078 INFO:teuthology.orchestra.run.smithi064.stdout:/usr/bin/ceph: stderr
2023-07-20T18:42:01.379+0000 7f2b3f7fe700 1 -- 172.21.15.64:0/2265054047 --> [v2:172.21.15.64:3300/0,v1:172.21.15.64:6789/0] -- mon_subscribe({config=0+,monmap=0+}) v3 -- 0x7f2b3000b7f0 con 0x7f2b40104f10
2023-07-20T18:42:02.078 INFO:teuthology.orchestra.run.smithi064.stdout:/usr/bin/ceph: stderr
2023-07-20T18:42:01.379+0000 7f2b3f7fe700 1 --2- 172.21.15.64:0/2265054047 >> [v2:172.21.15.64:3300/0,v1:172.21.15.64:6789/0] conn(0x7f2b40104f10 0x7f2b40197a80 secure :-1 s=READY pgs=40 cs=0 l=1 rev1=1 crypto rx=0x7f2b30003b20 tx=0x7f2b30003980 comp rx=0 tx=0).ready entity=mon.0 client_cookie=0 server_cookie=0 in_seq=0 out_seq=0
2023-07-20T18:42:02.078 INFO:teuthology.orchestra.run.smithi064.stdout:/usr/bin/ceph: stderr
2023-07-20T18:42:01.379+0000 7f2b3cff9700 1 -- 172.21.15.64:0/2265054047 <== mon.0 v2:172.21.15.64:3300/0 1 ==== mon_map magic: 0 v1 ==== 205+0+0 (secure 0 0 0) 0x7f2b3001e070 con 0x7f2b40104f10
2023-07-20T18:42:02.078 INFO:teuthology.orchestra.run.smithi064.stdout:/usr/bin/ceph: stderr
2023-07-20T18:42:01.379+0000 7f2b3cff9700 1 -- 172.21.15.64:0/2265054047 <== mon.0 v2:172.21.15.64:3300/0 2 ==== config(26 keys) v1 ==== 1074+0+0 (secure 0 0 0) 0x7f2b30004300 con 0x7f2b40104f10
2023-07-20T18:42:02.079 INFO:teuthology.orchestra.run.smithi064.stdout:/usr/bin/ceph: stderr
2023-07-20T18:42:01.379+0000 7f2b45d1a700 1 -- 172.21.15.64:0/2265054047 --> [v2:172.21.15.64:3300/0,v1:172.21.15.64:6789/0] -- mon_subscribe({mgrmap=0+}) v3 -- 0x7f2b401981c0 con 0x7f2b40104f10
2023-07-20T18:42:02.079 INFO:teuthology.orchestra.run.smithi064.stdout:/usr/bin/ceph: stderr
2023-07-20T18:42:01.379+0000 7f2b3cff9700 1 -- 172.21.15.64:0/2265054047 <== mon.0 v2:172.21.15.64:3300/0 3 ==== mon_map magic: 0 v1 ==== 205+0+0 (secure 0 0 0) 0x7f2b30022a50 con 0x7f2b40104f10
2023-07-20T18:42:02.079 INFO:teuthology.orchestra.run.smithi064.stdout:/usr/bin/ceph: stderr
2023-07-20T18:42:01.379+0000 7f2b45d1a700 1 -- 172.21.15.64:0/2265054047 --> [v2:172.21.15.64:3300/0,v1:172.21.15.64:6789/0] -- mon_subscribe({osdmap=0}) v3 -- 0x7f2b401985e0 con 0x7f2b40104f10
2023-07-20T18:42:02.079 INFO:teuthology.orchestra.run.smithi064.stdout:/usr/bin/ceph: stderr
2023-07-20T18:42:01.380+0000 7f2b3cff9700 1 -- 172.21.15.64:0/2265054047 <== mon.0 v2:172.21.15.64:3300/0 4 ==== mgrmap(e 8) v1 ==== 45483+0+0 (secure 0 0 0) 0x7f2b3002c440 con 0x7f2b40104f10
2023-07-20T18:42:02.080 INFO:teuthology.orchestra.run.smithi064.stdout:/usr/bin/ceph: stderr
2023-07-20T18:42:01.380+0000 7f2b3cff9700 1 --2- 172.21.15.64:0/2265054047 >> [v2:172.21.15.64:6800/4106527582,v1:172.21.15.64:6801/4106527582] conn(0x7f2b28038760 0x7f2b2803ac20 unknown :-1 s=NONE pgs=0 cs=0 l=1 rev1=0 crypto rx=0 tx=0 comp rx=0 tx=0).connect
2023-07-20T18:42:02.080 INFO:teuthology.orchestra.run.smithi064.stdout:/usr/bin/ceph: stderr
2023-07-20T18:42:01.380+0000 7f2b3cff9700 1 -- 172.21.15.64:0/2265054047 <== mon.0 v2:172.21.15.64:3300/0 5 ==== osd_map(2..2 src has 1..2) v4 ==== 940+0+0 (secure 0 0 0) 0x7f2b3004eec0 con 0x7f2b40104f10
2023-07-20T18:42:02.080 INFO:teuthology.orchestra.run.smithi064.stdout:/usr/bin/ceph: stderr
2023-07-20T18:42:01.380+0000 7f2b3effd700 1 --2- 172.21.15.64:0/2265054047 >> [v2:172.21.15.64:6800/4106527582,v1:172.21.15.64:6801/4106527582] conn(0x7f2b28038760 0x7f2b2803ac20 unknown :-1 s=BANNER_CONNECTING pgs=0 cs=0 l=1 rev1=0 crypto rx=0 tx=0 comp rx=0 tx=0)._handle_peer_banner_payload supported=3 required=0
2023-07-20T18:42:02.080 INFO:teuthology.orchestra.run.smithi064.stdout:/usr/bin/ceph: stderr
2023-07-20T18:42:01.381+0000 7f2b45d1a700 1 -- 172.21.15.64:0/2265054047 --> [v2:172.21.15.64:3300/0,v1:172.21.15.64:6789/0] -- mon_command({"prefix": "get_command_descriptions"} v 0) v1 -- 0x7f2b40191790 con 0x7f2b40104f10
2023-07-20T18:42:02.081 INFO:teuthology.orchestra.run.smithi064.stdout:/usr/bin/ceph: stderr
2023-07-20T18:42:01.381+0000 7f2b3effd700 1 --2- 172.21.15.64:0/2265054047 >> [v2:172.21.15.64:6800/4106527582,v1:172.21.15.64:6801/4106527582] conn(0x7f2b28038760 0x7f2b2803ac20 secure :-1 s=READY pgs=8 cs=0 l=1 rev1=1 crypto rx=0x7f2b34006fd0 tx=0x7f2b34006e40 comp rx=0 tx=0).ready entity=mgr.14120 client_cookie=0 server_cookie=0 in_seq=0 out_seq=0
2023-07-20T18:42:02.081 INFO:teuthology.orchestra.run.smithi064.stdout:/usr/bin/ceph: stderr
2023-07-20T18:42:01.386+0000 7f2b3cff9700 1 -- 172.21.15.64:0/2265054047 <== mon.0 v2:172.21.15.64:3300/0 6 ==== mon_command_ack([{"prefix": "get_command_descriptions"}]=0 v0) v1 ==== 72+0+178025 (secure 0 0 0) 0x7f2b30027030 con 0x7f2b40104f10
2023-07-20T18:42:02.081 INFO:teuthology.orchestra.run.smithi064.stdout:/usr/bin/ceph: stderr
2023-07-20T18:42:01.748+0000 7f2b45d1a700 1 -- 172.21.15.64:0/2265054047 --> [v2:172.21.15.64:6800/4106527582,v1:172.21.15.64:6801/4106527582] -- mgr_command(tid 0: {"prefix": "cephadm set-user", "user": "root", "target": ["mon-mgr", ""]}) v1 -- 0x7f2b40106e80 con 0x7f2b28038760
2023-07-20T18:42:02.081 INFO:teuthology.orchestra.run.smithi064.stdout:/usr/bin/ceph: stderr
2023-07-20T18:42:01.749+0000 7f2b3cff9700 1 -- 172.21.15.64:0/2265054047 <== mgr.14120 v2:172.21.15.64:6800/4106527582 1 ==== mgr_command_reply(tid 0: 0 ) v1 ==== 8+0+16 (secure 0 0 0) 0x7f2b40106e80 con 0x7f2b28038760
2023-07-20T18:42:02.081 INFO:teuthology.orchestra.run.smithi064.stdout:/usr/bin/ceph: stderr
2023-07-20T18:42:01.751+0000 7f2b45d1a700 1 -- 172.21.15.64:0/2265054047 >> [v2:172.21.15.64:6800/4106527582,v1:172.21.15.64:6801/4106527582] conn(0x7f2b28038760 msgr2=0x7f2b2803ac20 secure :-1 s=STATE_CONNECTION_ESTABLISHED l=1).mark_down
2023-07-20T18:42:02.081 INFO:teuthology.orchestra.run.smithi064.stdout:/usr/bin/ceph: stderr
2023-07-20T18:42:01.751+0000 7f2b45d1a700 1 --2- 172.21.15.64:0/2265054047 >> [v2:172.21.15.64:6800/4106527582,v1:172.21.15.64:6801/4106527582] conn(0x7f2b28038760 0x7f2b2803ac20 secure :-1 s=READY pgs=8 cs=0 l=1 rev1=1 crypto rx=0x7f2b34006fd0 tx=0x7f2b34006e40 comp rx=0 tx=0).stop
2023-07-20T18:42:02.082 INFO:teuthology.orchestra.run.smithi064.stdout:/usr/bin/ceph: stderr
2023-07-20T18:42:01.751+0000 7f2b45d1a700 1 -- 172.21.15.64:0/2265054047 >> [v2:172.21.15.64:3300/0,v1:172.21.15.64:6789/0] conn(0x7f2b40104f10 msgr2=0x7f2b40197a80 secure :-1 s=STATE_CONNECTION_ESTABLISHED l=1).mark_down
2023-07-20T18:42:02.082 INFO:teuthology.orchestra.run.smithi064.stdout:/usr/bin/ceph: stderr
2023-07-20T18:42:01.751+0000 7f2b45d1a700 1 --2- 172.21.15.64:0/2265054047 >> [v2:172.21.15.64:3300/0,v1:172.21.15.64:6789/0] conn(0x7f2b40104f10 0x7f2b40197a80 secure :-1 s=READY pgs=40 cs=0 l=1 rev1=1 crypto rx=0x7f2b30003b20 tx=0x7f2b30003980 comp rx=0 tx=0).stop
2023-07-20T18:42:02.082 INFO:teuthology.orchestra.run.smithi064.stdout:/usr/bin/ceph: stderr
2023-07-20T18:42:01.751+0000 7f2b45d1a700 1 -- 172.21.15.64:0/2265054047 shutdown_connections
2023-07-20T18:42:02.082 INFO:teuthology.orchestra.run.smithi064.stdout:/usr/bin/ceph: stderr
2023-07-20T18:42:01.751+0000 7f2b45d1a700 1 --2- 172.21.15.64:0/2265054047 >> [v2:172.21.15.64:6800/4106527582,v1:172.21.15.64:6801/4106527582] conn(0x7f2b28038760 0x7f2b2803ac20 unknown :-1 s=CLOSED pgs=8 cs=0 l=1 rev1=1 crypto rx=0 tx=0 comp rx=0 tx=0).stop
2023-07-20T18:42:02.082 INFO:teuthology.orchestra.run.smithi064.stdout:/usr/bin/ceph: stderr
2023-07-20T18:42:01.751+0000 7f2b45d1a700 1 --2- 172.21.15.64:0/2265054047 >> [v2:172.21.15.64:3300/0,v1:172.21.15.64:6789/0] conn(0x7f2b40104f10 0x7f2b40197a80 unknown :-1 s=CLOSED pgs=40 cs=0 l=1 rev1=1 crypto rx=0 tx=0 comp rx=0 tx=0).stop
2023-07-20T18:42:02.082 INFO:teuthology.orchestra.run.smithi064.stdout:/usr/bin/ceph: stderr
2023-07-20T18:42:01.751+0000 7f2b45d1a700 1 -- 172.21.15.64:0/2265054047 >> 172.21.15.64:0/2265054047 conn(0x7f2b401004b0 msgr2=0x7f2b4018e8d0 unknown :-1 s=STATE_NONE l=0).mark_down
2023-07-20T18:42:02.082 INFO:teuthology.orchestra.run.smithi064.stdout:/usr/bin/ceph: stderr
2023-07-20T18:42:01.751+0000 7f2b45d1a700 1 -- 172.21.15.64:0/2265054047 shutdown_connections
2023-07-20T18:42:02.083 INFO:teuthology.orchestra.run.smithi064.stdout:/usr/bin/ceph: stderr
2023-07-20T18:42:01.751+0000 7f2b45d1a700 1 -- 172.21.15.64:0/2265054047 wait complete.
2023-07-20T18:42:02.083 INFO:teuthology.orchestra.run.smithi064.stdout:Generating ssh key...
2023-07-20T18:42:03.805 INFO:journalctl@ceph.mgr.x.smithi064.stdout:Jul 20 18:42:03 smithi064 ceph-e4aae3a8-272c-11ee-9b34-001a4aab830c-mgr-x[96729]: Generating public/private rsa key pair.
2023-07-20T18:42:03.805 INFO:journalctl@ceph.mgr.x.smithi064.stdout:Jul 20 18:42:03 smithi064 ceph-e4aae3a8-272c-11ee-9b34-001a4aab830c-mgr-x[96729]: Your identification has been saved in /tmp/tmpmelq85b6/key.
2023-07-20T18:42:03.805 INFO:journalctl@ceph.mgr.x.smithi064.stdout:Jul 20 18:42:03 smithi064 ceph-e4aae3a8-272c-11ee-9b34-001a4aab830c-mgr-x[96729]: Your public key has been saved in /tmp/tmpmelq85b6/key.pub.
2023-07-20T18:42:03.806 INFO:journalctl@ceph.mgr.x.smithi064.stdout:Jul 20 18:42:03 smithi064 ceph-e4aae3a8-272c-11ee-9b34-001a4aab830c-mgr-x[96729]: The key fingerprint is:
2023-07-20T18:42:03.806 INFO:journalctl@ceph.mgr.x.smithi064.stdout:Jul 20 18:42:03 smithi064 ceph-e4aae3a8-272c-11ee-9b34-001a4aab830c-mgr-x[96729]: SHA256:3wKZGKlOIbfjoD8gu5jnNIRkqqoFILMg26pjI2+3RkQ ceph-e4aae3a8-272c-11ee-9b34-001a4aab830c
2023-07-20T18:42:03.806 INFO:journalctl@ceph.mgr.x.smithi064.stdout:Jul 20 18:42:03 smithi064 ceph-e4aae3a8-272c-11ee-9b34-001a4aab830c-mgr-x[96729]: The key's randomart image is:
2023-07-20T18:42:03.806 INFO:journalctl@ceph.mgr.x.smithi064.stdout:Jul 20 18:42:03 smithi064 ceph-e4aae3a8-272c-11ee-9b34-001a4aab830c-mgr-x[96729]: +---[RSA 3072]----+
2023-07-20T18:42:03.806 INFO:journalctl@ceph.mgr.x.smithi064.stdout:Jul 20 18:42:03 smithi064 ceph-e4aae3a8-272c-11ee-9b34-001a4aab830c-mgr-x[96729]: | |
2023-07-20T18:42:03.806 INFO:journalctl@ceph.mgr.x.smithi064.stdout:Jul 20 18:42:03 smithi064 ceph-e4aae3a8-272c-11ee-9b34-001a4aab830c-mgr-x[96729]: | E . |
2023-07-20T18:42:03.807 INFO:journalctl@ceph.mgr.x.smithi064.stdout:Jul 20 18:42:03 smithi064 ceph-e4aae3a8-272c-11ee-9b34-001a4aab830c-mgr-x[96729]: |*o..o o |
2023-07-20T18:42:03.807 INFO:journalctl@ceph.mgr.x.smithi064.stdout:Jul 20 18:42:03 smithi064 ceph-e4aae3a8-272c-11ee-9b34-001a4aab830c-mgr-x[96729]: |O* o.+ o o |
2023-07-20T18:42:03.807 INFO:journalctl@ceph.mgr.x.smithi064.stdout:Jul 20 18:42:03 smithi064 ceph-e4aae3a8-272c-11ee-9b34-001a4aab830c-mgr-x[96729]: |* +.= . S |
2023-07-20T18:42:03.807 INFO:journalctl@ceph.mgr.x.smithi064.stdout:Jul 20 18:42:03 smithi064 ceph-e4aae3a8-272c-11ee-9b34-001a4aab830c-mgr-x[96729]: |+= =.. o . |
2023-07-20T18:42:03.807 INFO:journalctl@ceph.mgr.x.smithi064.stdout:Jul 20 18:42:03 smithi064 ceph-e4aae3a8-272c-11ee-9b34-001a4aab830c-mgr-x[96729]: |=o+.o o . |
2023-07-20T18:42:03.807 INFO:journalctl@ceph.mgr.x.smithi064.stdout:Jul 20 18:42:03 smithi064 ceph-e4aae3a8-272c-11ee-9b34-001a4aab830c-mgr-x[96729]: |BB+.o . |
2023-07-20T18:42:03.807 INFO:journalctl@ceph.mgr.x.smithi064.stdout:Jul 20 18:42:03 smithi064 ceph-e4aae3a8-272c-11ee-9b34-001a4aab830c-mgr-x[96729]: |@B=+.. |
2023-07-20T18:42:03.807 INFO:journalctl@ceph.mgr.x.smithi064.stdout:Jul 20 18:42:03 smithi064 ceph-e4aae3a8-272c-11ee-9b34-001a4aab830c-mgr-x[96729]: +----[SHA256]-----+
2023-07-20T18:42:03.819 INFO:teuthology.orchestra.run.smithi064.stdout:/usr/bin/ceph: stderr
2023-07-20T18:42:02.549+0000 7fba59a65700 1 Processor -- start
2023-07-20T18:42:03.819 INFO:teuthology.orchestra.run.smithi064.stdout:/usr/bin/ceph: stderr
2023-07-20T18:42:02.549+0000 7fba59a65700 1 -- start start
2023-07-20T18:42:03.819 INFO:teuthology.orchestra.run.smithi064.stdout:/usr/bin/ceph: stderr
2023-07-20T18:42:02.549+0000 7fba59a65700 1 --2- >> [v2:172.21.15.64:3300/0,v1:172.21.15.64:6789/0] conn(0x7fba541048b0 0x7fba54104cd0 unknown :-1 s=NONE pgs=0 cs=0 l=0 rev1=0 crypto rx=0 tx=0 comp rx=0 tx=0).connect
2023-07-20T18:42:03.819 INFO:teuthology.orchestra.run.smithi064.stdout:/usr/bin/ceph: stderr
2023-07-20T18:42:02.549+0000 7fba59a65700 1 -- --> [v2:172.21.15.64:3300/0,v1:172.21.15.64:6789/0] -- mon_getmap magic: 0 v1 -- 0x7fba54079df0 con 0x7fba541048b0
2023-07-20T18:42:03.819 INFO:teuthology.orchestra.run.smithi064.stdout:/usr/bin/ceph: stderr
2023-07-20T18:42:02.549+0000 7fba537fe700 1 --2- >> [v2:172.21.15.64:3300/0,v1:172.21.15.64:6789/0] conn(0x7fba541048b0 0x7fba54104cd0 unknown :-1 s=BANNER_CONNECTING pgs=0 cs=0 l=0 rev1=0 crypto rx=0 tx=0 comp rx=0 tx=0)._handle_peer_banner_payload supported=3 required=0
2023-07-20T18:42:03.820 INFO:teuthology.orchestra.run.smithi064.stdout:/usr/bin/ceph: stderr
2023-07-20T18:42:02.549+0000 7fba537fe700 1 --2- >> [v2:172.21.15.64:3300/0,v1:172.21.15.64:6789/0] conn(0x7fba541048b0 0x7fba54104cd0 unknown :-1 s=HELLO_CONNECTING pgs=0 cs=0 l=0 rev1=1 crypto rx=0 tx=0 comp rx=0 tx=0).handle_hello peer v2:172.21.15.64:3300/0 says I am v2:172.21.15.64:38530/0 (socket says 172.21.15.64:38530)
2023-07-20T18:42:03.820 INFO:teuthology.orchestra.run.smithi064.stdout:/usr/bin/ceph: stderr
2023-07-20T18:42:02.549+0000 7fba537fe700 1 -- 172.21.15.64:0/3053840410 learned_addr learned my addr 172.21.15.64:0/3053840410 (peer_addr_for_me v2:172.21.15.64:0/0)
2023-07-20T18:42:03.820 INFO:teuthology.orchestra.run.smithi064.stdout:/usr/bin/ceph: stderr
2023-07-20T18:42:02.550+0000 7fba537fe700 1 -- 172.21.15.64:0/3053840410 --> [v2:172.21.15.64:3300/0,v1:172.21.15.64:6789/0] -- mon_subscribe({config=0+,monmap=0+}) v3 -- 0x7fba54105210 con 0x7fba541048b0
2023-07-20T18:42:03.820 INFO:teuthology.orchestra.run.smithi064.stdout:/usr/bin/ceph: stderr
2023-07-20T18:42:02.550+0000 7fba537fe700 1 --2- 172.21.15.64:0/3053840410 >> [v2:172.21.15.64:3300/0,v1:172.21.15.64:6789/0] conn(0x7fba541048b0 0x7fba54104cd0 secure :-1 s=READY pgs=41 cs=0 l=1 rev1=1 crypto rx=0x7fba3c0098a0 tx=0x7fba3c009bb0 comp rx=0 tx=0).ready entity=mon.0 client_cookie=a0fd8c72482ba147 server_cookie=0 in_seq=0 out_seq=0
2023-07-20T18:42:03.820 INFO:teuthology.orchestra.run.smithi064.stdout:/usr/bin/ceph: stderr
2023-07-20T18:42:02.550+0000 7fba527fc700 1 -- 172.21.15.64:0/3053840410 <== mon.0 v2:172.21.15.64:3300/0 1 ==== mon_map magic: 0 v1 ==== 205+0+0 (secure 0 0 0) 0x7fba3c004160 con 0x7fba541048b0
2023-07-20T18:42:03.820 INFO:teuthology.orchestra.run.smithi064.stdout:/usr/bin/ceph: stderr
2023-07-20T18:42:02.550+0000 7fba527fc700 1 -- 172.21.15.64:0/3053840410 <== mon.0 v2:172.21.15.64:3300/0 2 ==== config(26 keys) v1 ==== 1074+0+0 (secure 0 0 0) 0x7fba3c0042c0 con 0x7fba541048b0
2023-07-20T18:42:03.820 INFO:teuthology.orchestra.run.smithi064.stdout:/usr/bin/ceph: stderr
2023-07-20T18:42:02.550+0000 7fba527fc700 1 -- 172.21.15.64:0/3053840410 <== mon.0 v2:172.21.15.64:3300/0 3 ==== mon_map magic: 0 v1 ==== 205+0+0 (secure 0 0 0) 0x7fba3c011a00 con 0x7fba541048b0
2023-07-20T18:42:03.821 INFO:teuthology.orchestra.run.smithi064.stdout:/usr/bin/ceph: stderr
2023-07-20T18:42:02.551+0000 7fba59a65700 1 -- 172.21.15.64:0/3053840410 >> [v2:172.21.15.64:3300/0,v1:172.21.15.64:6789/0] conn(0x7fba541048b0 msgr2=0x7fba54104cd0 secure :-1 s=STATE_CONNECTION_ESTABLISHED l=1).mark_down
2023-07-20T18:42:03.821 INFO:teuthology.orchestra.run.smithi064.stdout:/usr/bin/ceph: stderr
2023-07-20T18:42:02.551+0000 7fba59a65700 1 --2- 172.21.15.64:0/3053840410 >> [v2:172.21.15.64:3300/0,v1:172.21.15.64:6789/0] conn(0x7fba541048b0 0x7fba54104cd0 secure :-1 s=READY pgs=41 cs=0 l=1 rev1=1 crypto rx=0x7fba3c0098a0 tx=0x7fba3c009bb0 comp rx=0 tx=0).stop
2023-07-20T18:42:03.821 INFO:teuthology.orchestra.run.smithi064.stdout:/usr/bin/ceph: stderr
2023-07-20T18:42:02.551+0000 7fba59a65700 1 -- 172.21.15.64:0/3053840410 shutdown_connections
2023-07-20T18:42:03.821 INFO:teuthology.orchestra.run.smithi064.stdout:/usr/bin/ceph: stderr
2023-07-20T18:42:02.551+0000 7fba59a65700 1 --2- 172.21.15.64:0/3053840410 >> [v2:172.21.15.64:3300/0,v1:172.21.15.64:6789/0] conn(0x7fba541048b0 0x7fba54104cd0 unknown :-1 s=CLOSED pgs=41 cs=0 l=1 rev1=1 crypto rx=0 tx=0 comp rx=0 tx=0).stop
2023-07-20T18:42:03.821 INFO:teuthology.orchestra.run.smithi064.stdout:/usr/bin/ceph: stderr
2023-07-20T18:42:02.551+0000 7fba59a65700 1 -- 172.21.15.64:0/3053840410 >> 172.21.15.64:0/3053840410 conn(0x7fba541004b0 msgr2=0x7fba541028d0 unknown :-1 s=STATE_NONE l=0).mark_down
2023-07-20T18:42:03.821 INFO:teuthology.orchestra.run.smithi064.stdout:/usr/bin/ceph: stderr
2023-07-20T18:42:02.551+0000 7fba59a65700 1 -- 172.21.15.64:0/3053840410 shutdown_connections
2023-07-20T18:42:03.821 INFO:teuthology.orchestra.run.smithi064.stdout:/usr/bin/ceph: stderr
2023-07-20T18:42:02.551+0000 7fba59a65700 1 -- 172.21.15.64:0/3053840410 wait complete.
2023-07-20T18:42:03.822 INFO:teuthology.orchestra.run.smithi064.stdout:/usr/bin/ceph: stderr
2023-07-20T18:42:02.551+0000 7fba59a65700 1 Processor -- start
2023-07-20T18:42:03.822 INFO:teuthology.orchestra.run.smithi064.stdout:/usr/bin/ceph: stderr
2023-07-20T18:42:02.552+0000 7fba59a65700 1 -- start start
2023-07-20T18:42:03.822 INFO:teuthology.orchestra.run.smithi064.stdout:/usr/bin/ceph: stderr
2023-07-20T18:42:02.552+0000 7fba59a65700 1 --2- >> [v2:172.21.15.64:3300/0,v1:172.21.15.64:6789/0] conn(0x7fba541048b0 0x7fba5419be30 unknown :-1 s=NONE pgs=0 cs=0 l=1 rev1=0 crypto rx=0 tx=0 comp rx=0 tx=0).connect
2023-07-20T18:42:03.822 INFO:teuthology.orchestra.run.smithi064.stdout:/usr/bin/ceph: stderr
2023-07-20T18:42:02.552+0000 7fba59a65700 1 -- --> [v2:172.21.15.64:3300/0,v1:172.21.15.64:6789/0] -- mon_getmap magic: 0 v1 -- 0x7fba5419c370 con 0x7fba541048b0
2023-07-20T18:42:03.822 INFO:teuthology.orchestra.run.smithi064.stdout:/usr/bin/ceph: stderr
2023-07-20T18:42:02.552+0000 7fba537fe700 1 --2- >> [v2:172.21.15.64:3300/0,v1:172.21.15.64:6789/0] conn(0x7fba541048b0 0x7fba5419be30 unknown :-1 s=BANNER_CONNECTING pgs=0 cs=0 l=1 rev1=0 crypto rx=0 tx=0 comp rx=0 tx=0)._handle_peer_banner_payload supported=3 required=0
2023-07-20T18:42:03.822 INFO:teuthology.orchestra.run.smithi064.stdout:/usr/bin/ceph: stderr
2023-07-20T18:42:02.552+0000 7fba537fe700 1 --2- >> [v2:172.21.15.64:3300/0,v1:172.21.15.64:6789/0] conn(0x7fba541048b0 0x7fba5419be30 unknown :-1 s=HELLO_CONNECTING pgs=0 cs=0 l=1 rev1=1 crypto rx=0 tx=0 comp rx=0 tx=0).handle_hello peer v2:172.21.15.64:3300/0 says I am v2:172.21.15.64:38532/0 (socket says 172.21.15.64:38532)
2023-07-20T18:42:03.822 INFO:teuthology.orchestra.run.smithi064.stdout:/usr/bin/ceph: stderr
2023-07-20T18:42:02.552+0000 7fba537fe700 1 -- 172.21.15.64:0/1280292252 learned_addr learned my addr 172.21.15.64:0/1280292252 (peer_addr_for_me v2:172.21.15.64:0/0)
2023-07-20T18:42:03.823 INFO:teuthology.orchestra.run.smithi064.stdout:/usr/bin/ceph: stderr
2023-07-20T18:42:02.552+0000 7fba537fe700 1 -- 172.21.15.64:0/1280292252 --> [v2:172.21.15.64:3300/0,v1:172.21.15.64:6789/0] -- mon_subscribe({config=0+,monmap=0+}) v3 -- 0x7fba3c009550 con 0x7fba541048b0
2023-07-20T18:42:03.823 INFO:teuthology.orchestra.run.smithi064.stdout:/usr/bin/ceph: stderr
2023-07-20T18:42:02.552+0000 7fba537fe700 1 --2- 172.21.15.64:0/1280292252 >> [v2:172.21.15.64:3300/0,v1:172.21.15.64:6789/0] conn(0x7fba541048b0 0x7fba5419be30 secure :-1 s=READY pgs=42 cs=0 l=1 rev1=1 crypto rx=0x7fba3c009fb0 tx=0x7fba3c011ad0 comp rx=0 tx=0).ready entity=mon.0 client_cookie=0 server_cookie=0 in_seq=0 out_seq=0
2023-07-20T18:42:03.823 INFO:teuthology.orchestra.run.smithi064.stdout:/usr/bin/ceph: stderr
2023-07-20T18:42:02.552+0000 7fba50ff9700 1 -- 172.21.15.64:0/1280292252 <== mon.0 v2:172.21.15.64:3300/0 1 ==== mon_map magic: 0 v1 ==== 205+0+0 (secure 0 0 0) 0x7fba3c003930 con 0x7fba541048b0
2023-07-20T18:42:03.823 INFO:teuthology.orchestra.run.smithi064.stdout:/usr/bin/ceph: stderr
2023-07-20T18:42:02.552+0000 7fba50ff9700 1 -- 172.21.15.64:0/1280292252 <== mon.0 v2:172.21.15.64:3300/0 2 ==== config(26 keys) v1 ==== 1074+0+0 (secure 0 0 0) 0x7fba3c003a90 con 0x7fba541048b0
2023-07-20T18:42:03.823 INFO:teuthology.orchestra.run.smithi064.stdout:/usr/bin/ceph: stderr
2023-07-20T18:42:02.552+0000 7fba50ff9700 1 -- 172.21.15.64:0/1280292252 <== mon.0 v2:172.21.15.64:3300/0 3 ==== mon_map magic: 0 v1 ==== 205+0+0 (secure 0 0 0) 0x7fba3c019610 con 0x7fba541048b0
2023-07-20T18:42:03.823 INFO:teuthology.orchestra.run.smithi064.stdout:/usr/bin/ceph: stderr
2023-07-20T18:42:02.552+0000 7fba59a65700 1 -- 172.21.15.64:0/1280292252 --> [v2:172.21.15.64:3300/0,v1:172.21.15.64:6789/0] -- mon_subscribe({mgrmap=0+}) v3 -- 0x7fba5419c570 con 0x7fba541048b0
2023-07-20T18:42:03.823 INFO:teuthology.orchestra.run.smithi064.stdout:/usr/bin/ceph: stderr
2023-07-20T18:42:02.552+0000 7fba59a65700 1 -- 172.21.15.64:0/1280292252 --> [v2:172.21.15.64:3300/0,v1:172.21.15.64:6789/0] -- mon_subscribe({osdmap=0}) v3 -- 0x7fba5419c990 con 0x7fba541048b0
2023-07-20T18:42:03.824 INFO:teuthology.orchestra.run.smithi064.stdout:/usr/bin/ceph: stderr
2023-07-20T18:42:02.553+0000 7fba50ff9700 1 -- 172.21.15.64:0/1280292252 <== mon.0 v2:172.21.15.64:3300/0 4 ==== mgrmap(e 8) v1 ==== 45483+0+0 (secure 0 0 0) 0x7fba3c019880 con 0x7fba541048b0
2023-07-20T18:42:03.824 INFO:teuthology.orchestra.run.smithi064.stdout:/usr/bin/ceph: stderr
2023-07-20T18:42:02.554+0000 7fba50ff9700 1 --2- 172.21.15.64:0/1280292252 >> [v2:172.21.15.64:6800/4106527582,v1:172.21.15.64:6801/4106527582] conn(0x7fba40038710 0x7fba4003abd0 unknown :-1 s=NONE pgs=0 cs=0 l=1 rev1=0 crypto rx=0 tx=0 comp rx=0 tx=0).connect
2023-07-20T18:42:03.824 INFO:teuthology.orchestra.run.smithi064.stdout:/usr/bin/ceph: stderr
2023-07-20T18:42:02.554+0000 7fba59a65700 1 -- 172.21.15.64:0/1280292252 --> [v2:172.21.15.64:3300/0,v1:172.21.15.64:6789/0] -- mon_command({"prefix": "get_command_descriptions"} v 0) v1 -- 0x7fba541956a0 con 0x7fba541048b0
2023-07-20T18:42:03.824 INFO:teuthology.orchestra.run.smithi064.stdout:/usr/bin/ceph: stderr
2023-07-20T18:42:02.554+0000 7fba50ff9700 1 -- 172.21.15.64:0/1280292252 <== mon.0 v2:172.21.15.64:3300/0 5 ==== osd_map(2..2 src has 1..2) v4 ==== 940+0+0 (secure 0 0 0) 0x7fba3c04cb30 con 0x7fba541048b0
2023-07-20T18:42:03.824 INFO:teuthology.orchestra.run.smithi064.stdout:/usr/bin/ceph: stderr
2023-07-20T18:42:02.554+0000 7fba52ffd700 1 --2- 172.21.15.64:0/1280292252 >> [v2:172.21.15.64:6800/4106527582,v1:172.21.15.64:6801/4106527582] conn(0x7fba40038710 0x7fba4003abd0 unknown :-1 s=BANNER_CONNECTING pgs=0 cs=0 l=1 rev1=0 crypto rx=0 tx=0 comp rx=0 tx=0)._handle_peer_banner_payload supported=3 required=0
2023-07-20T18:42:03.824 INFO:teuthology.orchestra.run.smithi064.stdout:/usr/bin/ceph: stderr
2023-07-20T18:42:02.554+0000 7fba52ffd700 1 --2- 172.21.15.64:0/1280292252 >> [v2:172.21.15.64:6800/4106527582,v1:172.21.15.64:6801/4106527582] conn(0x7fba40038710 0x7fba4003abd0 secure :-1 s=READY pgs=9 cs=0 l=1 rev1=1 crypto rx=0x7fba44006fd0 tx=0x7fba44006e40 comp rx=0 tx=0).ready entity=mgr.14120 client_cookie=0 server_cookie=0 in_seq=0 out_seq=0
2023-07-20T18:42:03.824 INFO:teuthology.orchestra.run.smithi064.stdout:/usr/bin/ceph: stderr
2023-07-20T18:42:02.559+0000 7fba50ff9700 1 -- 172.21.15.64:0/1280292252 <== mon.0 v2:172.21.15.64:3300/0 6 ==== mon_command_ack([{"prefix": "get_command_descriptions"}]=0 v0) v1 ==== 72+0+178025 (secure 0 0 0) 0x7fba3c019b80 con 0x7fba541048b0
2023-07-20T18:42:03.824 INFO:teuthology.orchestra.run.smithi064.stdout:/usr/bin/ceph: stderr
2023-07-20T18:42:02.915+0000 7fba59a65700 1 -- 172.21.15.64:0/1280292252 --> [v2:172.21.15.64:6800/4106527582,v1:172.21.15.64:6801/4106527582] -- mgr_command(tid 0: {"prefix": "cephadm generate-key", "target": ["mon-mgr", ""]}) v1 -- 0x7fba54060bb0 con 0x7fba40038710
2023-07-20T18:42:03.825 INFO:teuthology.orchestra.run.smithi064.stdout:/usr/bin/ceph: stderr
2023-07-20T18:42:03.456+0000 7fba50ff9700 1 -- 172.21.15.64:0/1280292252 <== mgr.14120 v2:172.21.15.64:6800/4106527582 1 ==== mgr_command_reply(tid 0: 0 ) v1 ==== 8+0+0 (secure 0 0 0) 0x7fba54060bb0 con 0x7fba40038710
2023-07-20T18:42:03.825 INFO:teuthology.orchestra.run.smithi064.stdout:/usr/bin/ceph: stderr
2023-07-20T18:42:03.458+0000 7fba59a65700 1 -- 172.21.15.64:0/1280292252 >> [v2:172.21.15.64:6800/4106527582,v1:172.21.15.64:6801/4106527582] conn(0x7fba40038710 msgr2=0x7fba4003abd0 secure :-1 s=STATE_CONNECTION_ESTABLISHED l=1).mark_down
2023-07-20T18:42:03.825 INFO:teuthology.orchestra.run.smithi064.stdout:/usr/bin/ceph: stderr
2023-07-20T18:42:03.458+0000 7fba59a65700 1 --2- 172.21.15.64:0/1280292252 >> [v2:172.21.15.64:6800/4106527582,v1:172.21.15.64:6801/4106527582] conn(0x7fba40038710 0x7fba4003abd0 secure :-1 s=READY pgs=9 cs=0 l=1 rev1=1 crypto rx=0x7fba44006fd0 tx=0x7fba44006e40 comp rx=0 tx=0).stop
2023-07-20T18:42:03.825 INFO:teuthology.orchestra.run.smithi064.stdout:/usr/bin/ceph: stderr
2023-07-20T18:42:03.458+0000 7fba59a65700 1 -- 172.21.15.64:0/1280292252 >> [v2:172.21.15.64:3300/0,v1:172.21.15.64:6789/0] conn(0x7fba541048b0 msgr2=0x7fba5419be30 secure :-1 s=STATE_CONNECTION_ESTABLISHED l=1).mark_down
2023-07-20T18:42:03.825 INFO:teuthology.orchestra.run.smithi064.stdout:/usr/bin/ceph: stderr
2023-07-20T18:42:03.458+0000 7fba59a65700 1 --2- 172.21.15.64:0/1280292252 >> [v2:172.21.15.64:3300/0,v1:172.21.15.64:6789/0] conn(0x7fba541048b0 0x7fba5419be30 secure :-1 s=READY pgs=42 cs=0 l=1 rev1=1 crypto rx=0x7fba3c009fb0 tx=0x7fba3c011ad0 comp rx=0 tx=0).stop
2023-07-20T18:42:03.825 INFO:teuthology.orchestra.run.smithi064.stdout:/usr/bin/ceph: stderr
2023-07-20T18:42:03.458+0000 7fba59a65700 1 -- 172.21.15.64:0/1280292252 shutdown_connections
2023-07-20T18:42:03.826 INFO:teuthology.orchestra.run.smithi064.stdout:/usr/bin/ceph: stderr
2023-07-20T18:42:03.458+0000 7fba59a65700 1 --2- 172.21.15.64:0/1280292252 >> [v2:172.21.15.64:6800/4106527582,v1:172.21.15.64:6801/4106527582] conn(0x7fba40038710 0x7fba4003abd0 unknown :-1 s=CLOSED pgs=9 cs=0 l=1 rev1=1 crypto rx=0 tx=0 comp rx=0 tx=0).stop
2023-07-20T18:42:03.826 INFO:teuthology.orchestra.run.smithi064.stdout:/usr/bin/ceph: stderr
2023-07-20T18:42:03.458+0000 7fba59a65700 1 --2- 172.21.15.64:0/1280292252 >> [v2:172.21.15.64:3300/0,v1:172.21.15.64:6789/0] conn(0x7fba541048b0 0x7fba5419be30 unknown :-1 s=CLOSED pgs=42 cs=0 l=1 rev1=1 crypto rx=0 tx=0 comp rx=0 tx=0).stop
2023-07-20T18:42:03.826 INFO:teuthology.orchestra.run.smithi064.stdout:/usr/bin/ceph: stderr
2023-07-20T18:42:03.458+0000 7fba59a65700 1 -- 172.21.15.64:0/1280292252 >> 172.21.15.64:0/1280292252 conn(0x7fba541004b0 msgr2=0x7fba54190470 unknown :-1 s=STATE_NONE l=0).mark_down
2023-07-20T18:42:03.826 INFO:teuthology.orchestra.run.smithi064.stdout:/usr/bin/ceph: stderr
2023-07-20T18:42:03.458+0000 7fba59a65700 1 -- 172.21.15.64:0/1280292252 shutdown_connections
2023-07-20T18:42:03.827 INFO:teuthology.orchestra.run.smithi064.stdout:/usr/bin/ceph: stderr
2023-07-20T18:42:03.458+0000 7fba59a65700 1 -- 172.21.15.64:0/1280292252 wait complete.
2023-07-20T18:42:04.779 INFO:journalctl@ceph.mon.a.smithi064.stdout:Jul 20 18:42:04 smithi064 ceph-mon[96480]: from='client.14136 -' entity='client.admin' cmd=[{"prefix": "cephadm generate-key", "target": ["mon-mgr", ""]}]: dispatch
2023-07-20T18:42:04.779 INFO:journalctl@ceph.mon.a.smithi064.stdout:Jul 20 18:42:04 smithi064 ceph-mon[96480]: Generating ssh key...
2023-07-20T18:42:04.779 INFO:journalctl@ceph.mon.a.smithi064.stdout:Jul 20 18:42:04 smithi064 ceph-mon[96480]: from='mgr.14120 172.21.15.64:0/2900085769' entity='mgr.x'
2023-07-20T18:42:04.779 INFO:journalctl@ceph.mon.a.smithi064.stdout:Jul 20 18:42:04 smithi064 ceph-mon[96480]: from='mgr.14120 172.21.15.64:0/2900085769' entity='mgr.x'
2023-07-20T18:42:05.063 INFO:teuthology.orchestra.run.smithi064.stdout:/usr/bin/ceph: stdout ssh-rsa AAAAB3NzaC1yc2EAAAADAQABAAABgQCyktIxkUw6WRhicRLs60emJYledLvVHOAUPii3UFAH4AsADO3vLpbEUD8JN1SvDu4TLGgVCqZGg3qVT5AqxwhOhqoTOXzAqHV4YKwepUcxIpoxKRICYIfjO5yUfbiZOvB5fAYGowkRXfFcqRR4Wgok0xfIRmF1qSczNdVrl4/te7dQCKPb2GiSdiYDeBQzSrbj8qGSG1ni+VDEtt/aNGhFXq7jDTvqr63n5cyjzwQvItncqjE+ohYTivKet8dzMRc/y/LDx0iPB0GJosYC9NeRoLPikSjg/cMz/BzG4nhJWJhgkuYPp9ekD8/XIQxFVTaCCeeFw1IJK34LF2M+5xpqBuYkUe1KY+GHwCrDj31rqFRBJp2yxygrihfeiUHLx14mNMExqpO2HEtO6R0/aNl8s6jL554f1tEKZ+K0Z4nHVvH5lZL6sMATJjQF/vFNVyLTkWLv+7RwM+gzQcLsBI+qhzN4nS6jJA31o1mGB3F1ly9eiz8L51V1is8/QiCLxsk= ceph-e4aae3a8-272c-11ee-9b34-001a4aab830c
2023-07-20T18:42:05.063 INFO:teuthology.orchestra.run.smithi064.stdout:/usr/bin/ceph: stderr
2023-07-20T18:42:04.274+0000 7fdd0b96c700 1 Processor -- start
2023-07-20T18:42:05.063 INFO:teuthology.orchestra.run.smithi064.stdout:/usr/bin/ceph: stderr
2023-07-20T18:42:04.274+0000 7fdd0b96c700 1 -- start start
2023-07-20T18:42:05.064 INFO:teuthology.orchestra.run.smithi064.stdout:/usr/bin/ceph: stderr
2023-07-20T18:42:04.274+0000 7fdd0b96c700 1 --2- >> [v2:172.21.15.64:3300/0,v1:172.21.15.64:6789/0] conn(0x7fdd04104f10 0x7fdd04105330 unknown :-1 s=NONE pgs=0 cs=0 l=0 rev1=0 crypto rx=0 tx=0 comp rx=0 tx=0).connect
2023-07-20T18:42:05.064 INFO:teuthology.orchestra.run.smithi064.stdout:/usr/bin/ceph: stderr
2023-07-20T18:42:04.274+0000 7fdd0b96c700 1 -- --> [v2:172.21.15.64:3300/0,v1:172.21.15.64:6789/0] -- mon_getmap magic: 0 v1 -- 0x7fdd04105870 con 0x7fdd04104f10
2023-07-20T18:42:05.064 INFO:teuthology.orchestra.run.smithi064.stdout:/usr/bin/ceph: stderr
2023-07-20T18:42:04.275+0000 7fdd09708700 1 --2- >> [v2:172.21.15.64:3300/0,v1:172.21.15.64:6789/0] conn(0x7fdd04104f10 0x7fdd04105330 unknown :-1 s=BANNER_CONNECTING pgs=0 cs=0 l=0 rev1=0 crypto rx=0 tx=0 comp rx=0 tx=0)._handle_peer_banner_payload supported=3 required=0
2023-07-20T18:42:05.064 INFO:teuthology.orchestra.run.smithi064.stdout:/usr/bin/ceph: stderr
2023-07-20T18:42:04.275+0000 7fdd09708700 1 --2- >> [v2:172.21.15.64:3300/0,v1:172.21.15.64:6789/0] conn(0x7fdd04104f10 0x7fdd04105330 unknown :-1 s=HELLO_CONNECTING pgs=0 cs=0 l=0 rev1=1 crypto rx=0 tx=0 comp rx=0 tx=0).handle_hello peer v2:172.21.15.64:3300/0 says I am v2:172.21.15.64:38536/0 (socket says 172.21.15.64:38536)
2023-07-20T18:42:05.064 INFO:teuthology.orchestra.run.smithi064.stdout:/usr/bin/ceph: stderr
2023-07-20T18:42:04.275+0000 7fdd09708700 1 -- 172.21.15.64:0/1770644754 learned_addr learned my addr 172.21.15.64:0/1770644754 (peer_addr_for_me v2:172.21.15.64:0/0)
2023-07-20T18:42:05.064 INFO:teuthology.orchestra.run.smithi064.stdout:/usr/bin/ceph: stderr
2023-07-20T18:42:04.275+0000 7fdd09708700 1 -- 172.21.15.64:0/1770644754 --> [v2:172.21.15.64:3300/0,v1:172.21.15.64:6789/0] -- mon_subscribe({config=0+,monmap=0+}) v3 -- 0x7fdd041059b0 con 0x7fdd04104f10
2023-07-20T18:42:05.064 INFO:teuthology.orchestra.run.smithi064.stdout:/usr/bin/ceph: stderr
2023-07-20T18:42:04.275+0000 7fdd09708700 1 --2- 172.21.15.64:0/1770644754 >> [v2:172.21.15.64:3300/0,v1:172.21.15.64:6789/0] conn(0x7fdd04104f10 0x7fdd04105330 secure :-1 s=READY pgs=43 cs=0 l=1 rev1=1 crypto rx=0x7fdcf40098a0 tx=0x7fdcf4009bb0 comp rx=0 tx=0).ready entity=mon.0 client_cookie=cf61a162e7d1b4d4 server_cookie=0 in_seq=0 out_seq=0
2023-07-20T18:42:05.065 INFO:teuthology.orchestra.run.smithi064.stdout:/usr/bin/ceph: stderr
2023-07-20T18:42:04.275+0000 7fdcfbfff700 1 -- 172.21.15.64:0/1770644754 <== mon.0 v2:172.21.15.64:3300/0 1 ==== mon_map magic: 0 v1 ==== 205+0+0 (secure 0 0 0) 0x7fdcf4004160 con 0x7fdd04104f10
2023-07-20T18:42:05.065 INFO:teuthology.orchestra.run.smithi064.stdout:/usr/bin/ceph: stderr
2023-07-20T18:42:04.275+0000 7fdcfbfff700 1 -- 172.21.15.64:0/1770644754 <== mon.0 v2:172.21.15.64:3300/0 2 ==== config(26 keys) v1 ==== 1074+0+0 (secure 0 0 0) 0x7fdcf40042c0 con 0x7fdd04104f10
2023-07-20T18:42:05.065 INFO:teuthology.orchestra.run.smithi064.stdout:/usr/bin/ceph: stderr
2023-07-20T18:42:04.275+0000 7fdcfbfff700 1 -- 172.21.15.64:0/1770644754 <== mon.0 v2:172.21.15.64:3300/0 3 ==== mon_map magic: 0 v1 ==== 205+0+0 (secure 0 0 0) 0x7fdcf4011a00 con 0x7fdd04104f10
2023-07-20T18:42:05.065 INFO:teuthology.orchestra.run.smithi064.stdout:/usr/bin/ceph: stderr
2023-07-20T18:42:04.276+0000 7fdd0b96c700 1 -- 172.21.15.64:0/1770644754 >> [v2:172.21.15.64:3300/0,v1:172.21.15.64:6789/0] conn(0x7fdd04104f10 msgr2=0x7fdd04105330 secure :-1 s=STATE_CONNECTION_ESTABLISHED l=1).mark_down
2023-07-20T18:42:05.065 INFO:teuthology.orchestra.run.smithi064.stdout:/usr/bin/ceph: stderr
2023-07-20T18:42:04.276+0000 7fdd0b96c700 1 --2- 172.21.15.64:0/1770644754 >> [v2:172.21.15.64:3300/0,v1:172.21.15.64:6789/0] conn(0x7fdd04104f10 0x7fdd04105330 secure :-1 s=READY pgs=43 cs=0 l=1 rev1=1 crypto rx=0x7fdcf40098a0 tx=0x7fdcf4009bb0 comp rx=0 tx=0).stop
2023-07-20T18:42:05.065 INFO:teuthology.orchestra.run.smithi064.stdout:/usr/bin/ceph: stderr
2023-07-20T18:42:04.276+0000 7fdd0b96c700 1 -- 172.21.15.64:0/1770644754 shutdown_connections
2023-07-20T18:42:05.065 INFO:teuthology.orchestra.run.smithi064.stdout:/usr/bin/ceph: stderr
2023-07-20T18:42:04.276+0000 7fdd0b96c700 1 --2- 172.21.15.64:0/1770644754 >> [v2:172.21.15.64:3300/0,v1:172.21.15.64:6789/0] conn(0x7fdd04104f10 0x7fdd04105330 unknown :-1 s=CLOSED pgs=43 cs=0 l=1 rev1=1 crypto rx=0 tx=0 comp rx=0 tx=0).stop
2023-07-20T18:42:05.065 INFO:teuthology.orchestra.run.smithi064.stdout:/usr/bin/ceph: stderr
2023-07-20T18:42:04.276+0000 7fdd0b96c700 1 -- 172.21.15.64:0/1770644754 >> 172.21.15.64:0/1770644754 conn(0x7fdd041004d0 msgr2=0x7fdd041028f0 unknown :-1 s=STATE_NONE l=0).mark_down
