2023-07-20T18:59:22.387+0000 7f0abe195700 1 --2- 172.21.15.45:0/2541886346 >> [v2:172.21.15.45:3300/0,v1:172.21.15.45:6789/0] conn(0x7f0ab807acf0 0x7f0ab8079150 secure :-1 s=READY pgs=20 cs=0 l=1 rev1=1 crypto rx=0x7f0ab40098a0 tx=0x7f0ab4009bb0 comp rx=0 tx=0).ready entity=mon.0 client_cookie=2359a42b96ec5ea2 server_cookie=0 in_seq=0 out_seq=0
2023-07-20T18:59:23.232 INFO:teuthology.orchestra.run.smithi045.stdout:/usr/bin/ceph: stderr
2023-07-20T18:59:22.387+0000 7f0abd193700 1 -- 172.21.15.45:0/2541886346 <== mon.0 v2:172.21.15.45:3300/0 1 ==== mon_map magic: 0 v1 ==== 205+0+0 (secure 0 0 0) 0x7f0ab4004160 con 0x7f0ab807acf0
2023-07-20T18:59:23.232 INFO:teuthology.orchestra.run.smithi045.stdout:/usr/bin/ceph: stderr
2023-07-20T18:59:22.387+0000 7f0abd193700 1 -- 172.21.15.45:0/2541886346 <== mon.0 v2:172.21.15.45:3300/0 2 ==== config(26 keys) v1 ==== 1074+0+0 (secure 0 0 0) 0x7f0ab40042c0 con 0x7f0ab807acf0
2023-07-20T18:59:23.232 INFO:teuthology.orchestra.run.smithi045.stdout:/usr/bin/ceph: stderr
2023-07-20T18:59:22.387+0000 7f0abd193700 1 -- 172.21.15.45:0/2541886346 <== mon.0 v2:172.21.15.45:3300/0 3 ==== mon_map magic: 0 v1 ==== 205+0+0 (secure 0 0 0) 0x7f0ab4011a00 con 0x7f0ab807acf0
2023-07-20T18:59:23.232 INFO:teuthology.orchestra.run.smithi045.stdout:/usr/bin/ceph: stderr
2023-07-20T18:59:22.387+0000 7f0ac03f9700 1 -- 172.21.15.45:0/2541886346 >> [v2:172.21.15.45:3300/0,v1:172.21.15.45:6789/0] conn(0x7f0ab807acf0 msgr2=0x7f0ab8079150 secure :-1 s=STATE_CONNECTION_ESTABLISHED l=1).mark_down
2023-07-20T18:59:23.233 INFO:teuthology.orchestra.run.smithi045.stdout:/usr/bin/ceph: stderr
2023-07-20T18:59:22.387+0000 7f0ac03f9700 1 --2- 172.21.15.45:0/2541886346 >> [v2:172.21.15.45:3300/0,v1:172.21.15.45:6789/0] conn(0x7f0ab807acf0 0x7f0ab8079150 secure :-1 s=READY pgs=20 cs=0 l=1 rev1=1 crypto rx=0x7f0ab40098a0 tx=0x7f0ab4009bb0 comp rx=0 tx=0).stop
2023-07-20T18:59:23.233 INFO:teuthology.orchestra.run.smithi045.stdout:/usr/bin/ceph: stderr
2023-07-20T18:59:22.388+0000 7f0ac03f9700 1 -- 172.21.15.45:0/2541886346 shutdown_connections
2023-07-20T18:59:23.233 INFO:teuthology.orchestra.run.smithi045.stdout:/usr/bin/ceph: stderr
2023-07-20T18:59:22.388+0000 7f0ac03f9700 1 --2- 172.21.15.45:0/2541886346 >> [v2:172.21.15.45:3300/0,v1:172.21.15.45:6789/0] conn(0x7f0ab807acf0 0x7f0ab8079150 unknown :-1 s=CLOSED pgs=20 cs=0 l=1 rev1=1 crypto rx=0 tx=0 comp rx=0 tx=0).stop
2023-07-20T18:59:23.233 INFO:teuthology.orchestra.run.smithi045.stdout:/usr/bin/ceph: stderr
2023-07-20T18:59:22.388+0000 7f0ac03f9700 1 -- 172.21.15.45:0/2541886346 >> 172.21.15.45:0/2541886346 conn(0x7f0ab8101550 msgr2=0x7f0ab81039d0 unknown :-1 s=STATE_NONE l=0).mark_down
2023-07-20T18:59:23.233 INFO:teuthology.orchestra.run.smithi045.stdout:/usr/bin/ceph: stderr
2023-07-20T18:59:22.388+0000 7f0ac03f9700 1 -- 172.21.15.45:0/2541886346 shutdown_connections
2023-07-20T18:59:23.233 INFO:teuthology.orchestra.run.smithi045.stdout:/usr/bin/ceph: stderr
2023-07-20T18:59:22.388+0000 7f0ac03f9700 1 -- 172.21.15.45:0/2541886346 wait complete.
2023-07-20T18:59:23.233 INFO:teuthology.orchestra.run.smithi045.stdout:/usr/bin/ceph: stderr
2023-07-20T18:59:22.389+0000 7f0ac03f9700 1 Processor -- start
2023-07-20T18:59:23.234 INFO:teuthology.orchestra.run.smithi045.stdout:/usr/bin/ceph: stderr
2023-07-20T18:59:22.389+0000 7f0ac03f9700 1 -- start start
2023-07-20T18:59:23.234 INFO:teuthology.orchestra.run.smithi045.stdout:/usr/bin/ceph: stderr
2023-07-20T18:59:22.389+0000 7f0ac03f9700 1 --2- >> [v2:172.21.15.45:3300/0,v1:172.21.15.45:6789/0] conn(0x7f0ab807acf0 0x7f0ab819be60 unknown :-1 s=NONE pgs=0 cs=0 l=1 rev1=0 crypto rx=0 tx=0 comp rx=0 tx=0).connect
2023-07-20T18:59:23.234 INFO:teuthology.orchestra.run.smithi045.stdout:/usr/bin/ceph: stderr
2023-07-20T18:59:22.389+0000 7f0ac03f9700 1 -- --> [v2:172.21.15.45:3300/0,v1:172.21.15.45:6789/0] -- mon_getmap magic: 0 v1 -- 0x7f0ab819c3a0 con 0x7f0ab807acf0
2023-07-20T18:59:23.234 INFO:teuthology.orchestra.run.smithi045.stdout:/usr/bin/ceph: stderr
2023-07-20T18:59:22.389+0000 7f0abe195700 1 --2- >> [v2:172.21.15.45:3300/0,v1:172.21.15.45:6789/0] conn(0x7f0ab807acf0 0x7f0ab819be60 unknown :-1 s=BANNER_CONNECTING pgs=0 cs=0 l=1 rev1=0 crypto rx=0 tx=0 comp rx=0 tx=0)._handle_peer_banner_payload supported=3 required=0
2023-07-20T18:59:23.234 INFO:teuthology.orchestra.run.smithi045.stdout:/usr/bin/ceph: stderr
2023-07-20T18:59:22.389+0000 7f0abe195700 1 --2- >> [v2:172.21.15.45:3300/0,v1:172.21.15.45:6789/0] conn(0x7f0ab807acf0 0x7f0ab819be60 unknown :-1 s=HELLO_CONNECTING pgs=0 cs=0 l=1 rev1=1 crypto rx=0 tx=0 comp rx=0 tx=0).handle_hello peer v2:172.21.15.45:3300/0 says I am v2:172.21.15.45:38892/0 (socket says 172.21.15.45:38892)
2023-07-20T18:59:23.234 INFO:teuthology.orchestra.run.smithi045.stdout:/usr/bin/ceph: stderr
2023-07-20T18:59:22.389+0000 7f0abe195700 1 -- 172.21.15.45:0/4168856462 learned_addr learned my addr 172.21.15.45:0/4168856462 (peer_addr_for_me v2:172.21.15.45:0/0)
2023-07-20T18:59:23.234 INFO:teuthology.orchestra.run.smithi045.stdout:/usr/bin/ceph: stderr
2023-07-20T18:59:22.390+0000 7f0abe195700 1 -- 172.21.15.45:0/4168856462 --> [v2:172.21.15.45:3300/0,v1:172.21.15.45:6789/0] -- mon_subscribe({config=0+,monmap=0+}) v3 -- 0x7f0ab4009550 con 0x7f0ab807acf0
2023-07-20T18:59:23.234 INFO:teuthology.orchestra.run.smithi045.stdout:/usr/bin/ceph: stderr
2023-07-20T18:59:22.390+0000 7f0abe195700 1 --2- 172.21.15.45:0/4168856462 >> [v2:172.21.15.45:3300/0,v1:172.21.15.45:6789/0] conn(0x7f0ab807acf0 0x7f0ab819be60 secure :-1 s=READY pgs=21 cs=0 l=1 rev1=1 crypto rx=0x7f0ab4006af0 tx=0x7f0ab4011ad0 comp rx=0 tx=0).ready entity=mon.0 client_cookie=0 server_cookie=0 in_seq=0 out_seq=0
2023-07-20T18:59:23.235 INFO:teuthology.orchestra.run.smithi045.stdout:/usr/bin/ceph: stderr
2023-07-20T18:59:22.390+0000 7f0aaf7fe700 1 -- 172.21.15.45:0/4168856462 <== mon.0 v2:172.21.15.45:3300/0 1 ==== mon_map magic: 0 v1 ==== 205+0+0 (secure 0 0 0) 0x7f0ab4003a40 con 0x7f0ab807acf0
2023-07-20T18:59:23.235 INFO:teuthology.orchestra.run.smithi045.stdout:/usr/bin/ceph: stderr
2023-07-20T18:59:22.390+0000 7f0ac03f9700 1 -- 172.21.15.45:0/4168856462 --> [v2:172.21.15.45:3300/0,v1:172.21.15.45:6789/0] -- mon_subscribe({mgrmap=0+}) v3 -- 0x7f0ab819c5a0 con 0x7f0ab807acf0
2023-07-20T18:59:23.235 INFO:teuthology.orchestra.run.smithi045.stdout:/usr/bin/ceph: stderr
2023-07-20T18:59:22.390+0000 7f0aaf7fe700 1 -- 172.21.15.45:0/4168856462 <== mon.0 v2:172.21.15.45:3300/0 2 ==== config(26 keys) v1 ==== 1074+0+0 (secure 0 0 0) 0x7f0ab4003ba0 con 0x7f0ab807acf0
2023-07-20T18:59:23.235 INFO:teuthology.orchestra.run.smithi045.stdout:/usr/bin/ceph: stderr
2023-07-20T18:59:22.390+0000 7f0aaf7fe700 1 -- 172.21.15.45:0/4168856462 <== mon.0 v2:172.21.15.45:3300/0 3 ==== mon_map magic: 0 v1 ==== 205+0+0 (secure 0 0 0) 0x7f0ab401a6e0 con 0x7f0ab807acf0
2023-07-20T18:59:23.235 INFO:teuthology.orchestra.run.smithi045.stdout:/usr/bin/ceph: stderr
2023-07-20T18:59:22.390+0000 7f0ac03f9700 1 -- 172.21.15.45:0/4168856462 --> [v2:172.21.15.45:3300/0,v1:172.21.15.45:6789/0] -- mon_subscribe({osdmap=0}) v3 -- 0x7f0ab819c9c0 con 0x7f0ab807acf0
2023-07-20T18:59:23.235 INFO:teuthology.orchestra.run.smithi045.stdout:/usr/bin/ceph: stderr
2023-07-20T18:59:22.391+0000 7f0aaf7fe700 1 -- 172.21.15.45:0/4168856462 <== mon.0 v2:172.21.15.45:3300/0 4 ==== mgrmap(e 4) v1 ==== 45472+0+0 (secure 0 0 0) 0x7f0ab4024a60 con 0x7f0ab807acf0
2023-07-20T18:59:23.235 INFO:teuthology.orchestra.run.smithi045.stdout:/usr/bin/ceph: stderr
2023-07-20T18:59:22.391+0000 7f0ac03f9700 1 -- 172.21.15.45:0/4168856462 --> [v2:172.21.15.45:3300/0,v1:172.21.15.45:6789/0] -- mon_command({"prefix": "get_command_descriptions"} v 0) v1 -- 0x7f0ab8061da0 con 0x7f0ab807acf0
2023-07-20T18:59:23.236 INFO:teuthology.orchestra.run.smithi045.stdout:/usr/bin/ceph: stderr
2023-07-20T18:59:22.392+0000 7f0aaf7fe700 1 --2- 172.21.15.45:0/4168856462 >> [v2:172.21.15.45:6800/3613717579,v1:172.21.15.45:6801/3613717579] conn(0x7f0aa40386c0 0x7f0aa403ab80 unknown :-1 s=NONE pgs=0 cs=0 l=1 rev1=0 crypto rx=0 tx=0 comp rx=0 tx=0).connect
2023-07-20T18:59:23.236 INFO:teuthology.orchestra.run.smithi045.stdout:/usr/bin/ceph: stderr
2023-07-20T18:59:22.392+0000 7f0aaf7fe700 1 -- 172.21.15.45:0/4168856462 <== mon.0 v2:172.21.15.45:3300/0 5 ==== osd_map(1..1 src has 1..1) v4 ==== 725+0+0 (secure 0 0 0) 0x7f0ab404c6d0 con 0x7f0ab807acf0
2023-07-20T18:59:23.236 INFO:teuthology.orchestra.run.smithi045.stdout:/usr/bin/ceph: stderr
2023-07-20T18:59:22.392+0000 7f0abd994700 1 --2- 172.21.15.45:0/4168856462 >> [v2:172.21.15.45:6800/3613717579,v1:172.21.15.45:6801/3613717579] conn(0x7f0aa40386c0 0x7f0aa403ab80 unknown :-1 s=BANNER_CONNECTING pgs=0 cs=0 l=1 rev1=0 crypto rx=0 tx=0 comp rx=0 tx=0)._handle_peer_banner_payload supported=3 required=0
2023-07-20T18:59:23.236 INFO:teuthology.orchestra.run.smithi045.stdout:/usr/bin/ceph: stderr
2023-07-20T18:59:22.393+0000 7f0abd994700 1 --2- 172.21.15.45:0/4168856462 >> [v2:172.21.15.45:6800/3613717579,v1:172.21.15.45:6801/3613717579] conn(0x7f0aa40386c0 0x7f0aa403ab80 secure :-1 s=READY pgs=7 cs=0 l=1 rev1=1 crypto rx=0x7f0aa8006fd0 tx=0x7f0aa8006e40 comp rx=0 tx=0).ready entity=mgr.14100 client_cookie=0 server_cookie=0 in_seq=0 out_seq=0
2023-07-20T18:59:23.236 INFO:teuthology.orchestra.run.smithi045.stdout:/usr/bin/ceph: stderr
2023-07-20T18:59:22.397+0000 7f0aaf7fe700 1 -- 172.21.15.45:0/4168856462 <== mon.0 v2:172.21.15.45:3300/0 6 ==== mon_command_ack([{"prefix": "get_command_descriptions"}]=0 v0) v1 ==== 72+0+178025 (secure 0 0 0) 0x7f0ab4024430 con 0x7f0ab807acf0
2023-07-20T18:59:23.236 INFO:teuthology.orchestra.run.smithi045.stdout:/usr/bin/ceph: stderr
2023-07-20T18:59:22.599+0000 7f0ac03f9700 1 -- 172.21.15.45:0/4168856462 --> [v2:172.21.15.45:3300/0,v1:172.21.15.45:6789/0] -- mon_command({"prefix": "config assimilate-conf"} v 0) v1 -- 0x7f0ab819f8b0 con 0x7f0ab807acf0
2023-07-20T18:59:23.236 INFO:teuthology.orchestra.run.smithi045.stdout:/usr/bin/ceph: stderr
2023-07-20T18:59:22.600+0000 7f0aaf7fe700 1 -- 172.21.15.45:0/4168856462 <== mon.0 v2:172.21.15.45:3300/0 7 ==== mon_command_ack([{"prefix": "config assimilate-conf"}]=0 v3) v1 ==== 70+0+398 (secure 0 0 0) 0x7f0ab4018350 con 0x7f0ab807acf0
2023-07-20T18:59:23.237 INFO:teuthology.orchestra.run.smithi045.stdout:/usr/bin/ceph: stderr
2023-07-20T18:59:22.602+0000 7f0ac03f9700 1 -- 172.21.15.45:0/4168856462 >> [v2:172.21.15.45:6800/3613717579,v1:172.21.15.45:6801/3613717579] conn(0x7f0aa40386c0 msgr2=0x7f0aa403ab80 secure :-1 s=STATE_CONNECTION_ESTABLISHED l=1).mark_down
2023-07-20T18:59:23.237 INFO:teuthology.orchestra.run.smithi045.stdout:/usr/bin/ceph: stderr
2023-07-20T18:59:22.602+0000 7f0ac03f9700 1 --2- 172.21.15.45:0/4168856462 >> [v2:172.21.15.45:6800/3613717579,v1:172.21.15.45:6801/3613717579] conn(0x7f0aa40386c0 0x7f0aa403ab80 secure :-1 s=READY pgs=7 cs=0 l=1 rev1=1 crypto rx=0x7f0aa8006fd0 tx=0x7f0aa8006e40 comp rx=0 tx=0).stop
2023-07-20T18:59:23.237 INFO:teuthology.orchestra.run.smithi045.stdout:/usr/bin/ceph: stderr
2023-07-20T18:59:22.602+0000 7f0ac03f9700 1 -- 172.21.15.45:0/4168856462 >> [v2:172.21.15.45:3300/0,v1:172.21.15.45:6789/0] conn(0x7f0ab807acf0 msgr2=0x7f0ab819be60 secure :-1 s=STATE_CONNECTION_ESTABLISHED l=1).mark_down
2023-07-20T18:59:23.237 INFO:teuthology.orchestra.run.smithi045.stdout:/usr/bin/ceph: stderr
2023-07-20T18:59:22.602+0000 7f0ac03f9700 1 --2- 172.21.15.45:0/4168856462 >> [v2:172.21.15.45:3300/0,v1:172.21.15.45:6789/0] conn(0x7f0ab807acf0 0x7f0ab819be60 secure :-1 s=READY pgs=21 cs=0 l=1 rev1=1 crypto rx=0x7f0ab4006af0 tx=0x7f0ab4011ad0 comp rx=0 tx=0).stop
2023-07-20T18:59:23.237 INFO:teuthology.orchestra.run.smithi045.stdout:/usr/bin/ceph: stderr
2023-07-20T18:59:22.602+0000 7f0ac03f9700 1 -- 172.21.15.45:0/4168856462 shutdown_connections
2023-07-20T18:59:23.237 INFO:teuthology.orchestra.run.smithi045.stdout:/usr/bin/ceph: stderr
2023-07-20T18:59:22.602+0000 7f0ac03f9700 1 --2- 172.21.15.45:0/4168856462 >> [v2:172.21.15.45:6800/3613717579,v1:172.21.15.45:6801/3613717579] conn(0x7f0aa40386c0 0x7f0aa403ab80 unknown :-1 s=CLOSED pgs=7 cs=0 l=1 rev1=1 crypto rx=0 tx=0 comp rx=0 tx=0).stop
2023-07-20T18:59:23.237 INFO:teuthology.orchestra.run.smithi045.stdout:/usr/bin/ceph: stderr
2023-07-20T18:59:22.602+0000 7f0ac03f9700 1 --2- 172.21.15.45:0/4168856462 >> [v2:172.21.15.45:3300/0,v1:172.21.15.45:6789/0] conn(0x7f0ab807acf0 0x7f0ab819be60 unknown :-1 s=CLOSED pgs=21 cs=0 l=1 rev1=1 crypto rx=0 tx=0 comp rx=0 tx=0).stop
2023-07-20T18:59:23.237 INFO:teuthology.orchestra.run.smithi045.stdout:/usr/bin/ceph: stderr
2023-07-20T18:59:22.602+0000 7f0ac03f9700 1 -- 172.21.15.45:0/4168856462 >> 172.21.15.45:0/4168856462 conn(0x7f0ab8101550 msgr2=0x7f0ab8102c60 unknown :-1 s=STATE_NONE l=0).mark_down
2023-07-20T18:59:23.238 INFO:teuthology.orchestra.run.smithi045.stdout:/usr/bin/ceph: stderr
2023-07-20T18:59:22.602+0000 7f0ac03f9700 1 -- 172.21.15.45:0/4168856462 shutdown_connections
2023-07-20T18:59:23.238 INFO:teuthology.orchestra.run.smithi045.stdout:/usr/bin/ceph: stderr
2023-07-20T18:59:22.602+0000 7f0ac03f9700 1 -- 172.21.15.45:0/4168856462 wait complete.
2023-07-20T18:59:23.238 INFO:teuthology.orchestra.run.smithi045.stdout:Enabling cephadm module...
2023-07-20T18:59:23.490 INFO:journalctl@ceph.mon.a.smithi045.stdout:Jul 20 18:59:23 smithi045 ceph-mon[126340]: from='client.? 172.21.15.45:0/4168856462' entity='client.admin' cmd=[{"prefix": "config assimilate-conf"}]: dispatch
2023-07-20T18:59:24.457 INFO:journalctl@ceph.mon.a.smithi045.stdout:Jul 20 18:59:24 smithi045 ceph-mon[126340]: from='client.? 172.21.15.45:0/3304942804' entity='client.admin' cmd=[{"prefix": "mgr module enable", "module": "cephadm"}]: dispatch
2023-07-20T18:59:24.458 INFO:journalctl@ceph.mgr.x.smithi045.stdout:Jul 20 18:59:24 smithi045 ceph-4dbefe90-272f-11ee-9b34-001a4aab830c-mgr-x[126587]: ignoring --setuser ceph since I am not root
2023-07-20T18:59:24.458 INFO:journalctl@ceph.mgr.x.smithi045.stdout:Jul 20 18:59:24 smithi045 ceph-4dbefe90-272f-11ee-9b34-001a4aab830c-mgr-x[126587]: ignoring --setgroup ceph since I am not root
2023-07-20T18:59:24.458 INFO:journalctl@ceph.mgr.x.smithi045.stdout:Jul 20 18:59:24 smithi045 ceph-4dbefe90-272f-11ee-9b34-001a4aab830c-mgr-x[126587]:
2023-07-20T18:59:24.406+0000 7f969c683200 -1 mgr[py] Module devicehealth has missing NOTIFY_TYPES member
2023-07-20T18:59:24.705 INFO:teuthology.orchestra.run.smithi045.stdout:/usr/bin/ceph: stderr
2023-07-20T18:59:23.787+0000 7fd495382700 1 Processor -- start
2023-07-20T18:59:24.705 INFO:teuthology.orchestra.run.smithi045.stdout:/usr/bin/ceph: stderr
2023-07-20T18:59:23.788+0000 7fd495382700 1 -- start start
2023-07-20T18:59:24.705 INFO:teuthology.orchestra.run.smithi045.stdout:/usr/bin/ceph: stderr
2023-07-20T18:59:23.788+0000 7fd495382700 1 --2- >> [v2:172.21.15.45:3300/0,v1:172.21.15.45:6789/0] conn(0x7fd49007acd0 0x7fd490079130 unknown :-1 s=NONE pgs=0 cs=0 l=0 rev1=0 crypto rx=0 tx=0 comp rx=0 tx=0).connect
2023-07-20T18:59:24.706 INFO:teuthology.orchestra.run.smithi045.stdout:/usr/bin/ceph: stderr
2023-07-20T18:59:23.788+0000 7fd495382700 1 -- --> [v2:172.21.15.45:3300/0,v1:172.21.15.45:6789/0] -- mon_getmap magic: 0 v1 -- 0x7fd490079700 con 0x7fd49007acd0
2023-07-20T18:59:24.706 INFO:teuthology.orchestra.run.smithi045.stdout:/usr/bin/ceph: stderr
2023-07-20T18:59:23.788+0000 7fd48ffff700 1 --2- >> [v2:172.21.15.45:3300/0,v1:172.21.15.45:6789/0] conn(0x7fd49007acd0 0x7fd490079130 unknown :-1 s=BANNER_CONNECTING pgs=0 cs=0 l=0 rev1=0 crypto rx=0 tx=0 comp rx=0 tx=0)._handle_peer_banner_payload supported=3 required=0
2023-07-20T18:59:24.706 INFO:teuthology.orchestra.run.smithi045.stdout:/usr/bin/ceph: stderr
2023-07-20T18:59:23.788+0000 7fd48ffff700 1 --2- >> [v2:172.21.15.45:3300/0,v1:172.21.15.45:6789/0] conn(0x7fd49007acd0 0x7fd490079130 unknown :-1 s=HELLO_CONNECTING pgs=0 cs=0 l=0 rev1=1 crypto rx=0 tx=0 comp rx=0 tx=0).handle_hello peer v2:172.21.15.45:3300/0 says I am v2:172.21.15.45:38908/0 (socket says 172.21.15.45:38908)
2023-07-20T18:59:24.706 INFO:teuthology.orchestra.run.smithi045.stdout:/usr/bin/ceph: stderr
2023-07-20T18:59:23.788+0000 7fd48ffff700 1 -- 172.21.15.45:0/1767260797 learned_addr learned my addr 172.21.15.45:0/1767260797 (peer_addr_for_me v2:172.21.15.45:0/0)
2023-07-20T18:59:24.706 INFO:teuthology.orchestra.run.smithi045.stdout:/usr/bin/ceph: stderr
2023-07-20T18:59:23.789+0000 7fd48ffff700 1 -- 172.21.15.45:0/1767260797 --> [v2:172.21.15.45:3300/0,v1:172.21.15.45:6789/0] -- mon_subscribe({config=0+,monmap=0+}) v3 -- 0x7fd490079840 con 0x7fd49007acd0
2023-07-20T18:59:24.706 INFO:teuthology.orchestra.run.smithi045.stdout:/usr/bin/ceph: stderr
2023-07-20T18:59:23.789+0000 7fd48ffff700 1 --2- 172.21.15.45:0/1767260797 >> [v2:172.21.15.45:3300/0,v1:172.21.15.45:6789/0] conn(0x7fd49007acd0 0x7fd490079130 secure :-1 s=READY pgs=22 cs=0 l=1 rev1=1 crypto rx=0x7fd4800098a0 tx=0x7fd480009bb0 comp rx=0 tx=0).ready entity=mon.0 client_cookie=a31607696a2b93d3 server_cookie=0 in_seq=0 out_seq=0
2023-07-20T18:59:24.709 INFO:teuthology.orchestra.run.smithi045.stdout:/usr/bin/ceph: stderr
2023-07-20T18:59:23.789+0000 7fd48effd700 1 -- 172.21.15.45:0/1767260797 <== mon.0 v2:172.21.15.45:3300/0 1 ==== mon_map magic: 0 v1 ==== 205+0+0 (secure 0 0 0) 0x7fd480004160 con 0x7fd49007acd0
2023-07-20T18:59:24.709 INFO:teuthology.orchestra.run.smithi045.stdout:/usr/bin/ceph: stderr
2023-07-20T18:59:23.789+0000 7fd48effd700 1 -- 172.21.15.45:0/1767260797 <== mon.0 v2:172.21.15.45:3300/0 2 ==== config(26 keys) v1 ==== 1074+0+0 (secure 0 0 0) 0x7fd4800042c0 con 0x7fd49007acd0
2023-07-20T18:59:24.709 INFO:teuthology.orchestra.run.smithi045.stdout:/usr/bin/ceph: stderr
2023-07-20T18:59:23.789+0000 7fd48effd700 1 -- 172.21.15.45:0/1767260797 <== mon.0 v2:172.21.15.45:3300/0 3 ==== mon_map magic: 0 v1 ==== 205+0+0 (secure 0 0 0) 0x7fd480011a00 con 0x7fd49007acd0
2023-07-20T18:59:24.710 INFO:teuthology.orchestra.run.smithi045.stdout:/usr/bin/ceph: stderr
2023-07-20T18:59:23.790+0000 7fd495382700 1 -- 172.21.15.45:0/1767260797 >> [v2:172.21.15.45:3300/0,v1:172.21.15.45:6789/0] conn(0x7fd49007acd0 msgr2=0x7fd490079130 secure :-1 s=STATE_CONNECTION_ESTABLISHED l=1).mark_down
2023-07-20T18:59:24.710 INFO:teuthology.orchestra.run.smithi045.stdout:/usr/bin/ceph: stderr
2023-07-20T18:59:23.790+0000 7fd495382700 1 --2- 172.21.15.45:0/1767260797 >> [v2:172.21.15.45:3300/0,v1:172.21.15.45:6789/0] conn(0x7fd49007acd0 0x7fd490079130 secure :-1 s=READY pgs=22 cs=0 l=1 rev1=1 crypto rx=0x7fd4800098a0 tx=0x7fd480009bb0 comp rx=0 tx=0).stop
2023-07-20T18:59:24.710 INFO:teuthology.orchestra.run.smithi045.stdout:/usr/bin/ceph: stderr
2023-07-20T18:59:23.790+0000 7fd495382700 1 -- 172.21.15.45:0/1767260797 shutdown_connections
2023-07-20T18:59:24.710 INFO:teuthology.orchestra.run.smithi045.stdout:/usr/bin/ceph: stderr
2023-07-20T18:59:23.790+0000 7fd495382700 1 --2- 172.21.15.45:0/1767260797 >> [v2:172.21.15.45:3300/0,v1:172.21.15.45:6789/0] conn(0x7fd49007acd0 0x7fd490079130 unknown :-1 s=CLOSED pgs=22 cs=0 l=1 rev1=1 crypto rx=0 tx=0 comp rx=0 tx=0).stop
2023-07-20T18:59:24.710 INFO:teuthology.orchestra.run.smithi045.stdout:/usr/bin/ceph: stderr
2023-07-20T18:59:23.790+0000 7fd495382700 1 -- 172.21.15.45:0/1767260797 >> 172.21.15.45:0/1767260797 conn(0x7fd4901013b0 msgr2=0x7fd490103810 unknown :-1 s=STATE_NONE l=0).mark_down
2023-07-20T18:59:24.710 INFO:teuthology.orchestra.run.smithi045.stdout:/usr/bin/ceph: stderr
2023-07-20T18:59:23.790+0000 7fd495382700 1 -- 172.21.15.45:0/1767260797 shutdown_connections
2023-07-20T18:59:24.710 INFO:teuthology.orchestra.run.smithi045.stdout:/usr/bin/ceph: stderr
2023-07-20T18:59:23.790+0000 7fd495382700 1 -- 172.21.15.45:0/1767260797 wait complete.
2023-07-20T18:59:24.710 INFO:teuthology.orchestra.run.smithi045.stdout:/usr/bin/ceph: stderr
2023-07-20T18:59:23.791+0000 7fd495382700 1 Processor -- start
2023-07-20T18:59:24.711 INFO:teuthology.orchestra.run.smithi045.stdout:/usr/bin/ceph: stderr
2023-07-20T18:59:23.791+0000 7fd495382700 1 -- start start
2023-07-20T18:59:24.711 INFO:teuthology.orchestra.run.smithi045.stdout:/usr/bin/ceph: stderr
2023-07-20T18:59:23.791+0000 7fd495382700 1 --2- >> [v2:172.21.15.45:3300/0,v1:172.21.15.45:6789/0] conn(0x7fd49007acd0 0x7fd49019bd20 unknown :-1 s=NONE pgs=0 cs=0 l=1 rev1=0 crypto rx=0 tx=0 comp rx=0 tx=0).connect
2023-07-20T18:59:24.711 INFO:teuthology.orchestra.run.smithi045.stdout:/usr/bin/ceph: stderr
2023-07-20T18:59:23.791+0000 7fd495382700 1 -- --> [v2:172.21.15.45:3300/0,v1:172.21.15.45:6789/0] -- mon_getmap magic: 0 v1 -- 0x7fd49019c260 con 0x7fd49007acd0
2023-07-20T18:59:24.712 INFO:teuthology.orchestra.run.smithi045.stdout:/usr/bin/ceph: stderr
2023-07-20T18:59:23.792+0000 7fd48ffff700 1 --2- >> [v2:172.21.15.45:3300/0,v1:172.21.15.45:6789/0] conn(0x7fd49007acd0 0x7fd49019bd20 unknown :-1 s=BANNER_CONNECTING pgs=0 cs=0 l=1 rev1=0 crypto rx=0 tx=0 comp rx=0 tx=0)._handle_peer_banner_payload supported=3 required=0
2023-07-20T18:59:24.712 INFO:teuthology.orchestra.run.smithi045.stdout:/usr/bin/ceph: stderr
2023-07-20T18:59:23.792+0000 7fd48ffff700 1 --2- >> [v2:172.21.15.45:3300/0,v1:172.21.15.45:6789/0] conn(0x7fd49007acd0 0x7fd49019bd20 unknown :-1 s=HELLO_CONNECTING pgs=0 cs=0 l=1 rev1=1 crypto rx=0 tx=0 comp rx=0 tx=0).handle_hello peer v2:172.21.15.45:3300/0 says I am v2:172.21.15.45:38920/0 (socket says 172.21.15.45:38920)
2023-07-20T18:59:24.712 INFO:teuthology.orchestra.run.smithi045.stdout:/usr/bin/ceph: stderr
2023-07-20T18:59:23.792+0000 7fd48ffff700 1 -- 172.21.15.45:0/3304942804 learned_addr learned my addr 172.21.15.45:0/3304942804 (peer_addr_for_me v2:172.21.15.45:0/0)
2023-07-20T18:59:24.712 INFO:teuthology.orchestra.run.smithi045.stdout:/usr/bin/ceph: stderr
2023-07-20T18:59:23.792+0000 7fd48ffff700 1 -- 172.21.15.45:0/3304942804 --> [v2:172.21.15.45:3300/0,v1:172.21.15.45:6789/0] -- mon_subscribe({config=0+,monmap=0+}) v3 -- 0x7fd480009550 con 0x7fd49007acd0
2023-07-20T18:59:24.712 INFO:teuthology.orchestra.run.smithi045.stdout:/usr/bin/ceph: stderr
2023-07-20T18:59:23.792+0000 7fd48ffff700 1 --2- 172.21.15.45:0/3304942804 >> [v2:172.21.15.45:3300/0,v1:172.21.15.45:6789/0] conn(0x7fd49007acd0 0x7fd49019bd20 secure :-1 s=READY pgs=23 cs=0 l=1 rev1=1 crypto rx=0x7fd480009fb0 tx=0x7fd480011ad0 comp rx=0 tx=0).ready entity=mon.0 client_cookie=0 server_cookie=0 in_seq=0 out_seq=0
2023-07-20T18:59:24.712 INFO:teuthology.orchestra.run.smithi045.stdout:/usr/bin/ceph: stderr
2023-07-20T18:59:23.793+0000 7fd48d7fa700 1 -- 172.21.15.45:0/3304942804 <== mon.0 v2:172.21.15.45:3300/0 1 ==== mon_map magic: 0 v1 ==== 205+0+0 (secure 0 0 0) 0x7fd480003a40 con 0x7fd49007acd0
2023-07-20T18:59:24.712 INFO:teuthology.orchestra.run.smithi045.stdout:/usr/bin/ceph: stderr
2023-07-20T18:59:23.793+0000 7fd48d7fa700 1 -- 172.21.15.45:0/3304942804 <== mon.0 v2:172.21.15.45:3300/0 2 ==== config(26 keys) v1 ==== 1074+0+0 (secure 0 0 0) 0x7fd480003ba0 con 0x7fd49007acd0
2023-07-20T18:59:24.713 INFO:teuthology.orchestra.run.smithi045.stdout:/usr/bin/ceph: stderr
2023-07-20T18:59:23.793+0000 7fd48d7fa700 1 -- 172.21.15.45:0/3304942804 <== mon.0 v2:172.21.15.45:3300/0 3 ==== mon_map magic: 0 v1 ==== 205+0+0 (secure 0 0 0) 0x7fd48001a750 con 0x7fd49007acd0
2023-07-20T18:59:24.713 INFO:teuthology.orchestra.run.smithi045.stdout:/usr/bin/ceph: stderr
2023-07-20T18:59:23.793+0000 7fd495382700 1 -- 172.21.15.45:0/3304942804 --> [v2:172.21.15.45:3300/0,v1:172.21.15.45:6789/0] -- mon_subscribe({mgrmap=0+}) v3 -- 0x7fd49019c460 con 0x7fd49007acd0
2023-07-20T18:59:24.713 INFO:teuthology.orchestra.run.smithi045.stdout:/usr/bin/ceph: stderr
2023-07-20T18:59:23.793+0000 7fd495382700 1 -- 172.21.15.45:0/3304942804 --> [v2:172.21.15.45:3300/0,v1:172.21.15.45:6789/0] -- mon_subscribe({osdmap=0}) v3 -- 0x7fd49019c880 con 0x7fd49007acd0
2023-07-20T18:59:24.713 INFO:teuthology.orchestra.run.smithi045.stdout:/usr/bin/ceph: stderr
2023-07-20T18:59:23.794+0000 7fd48d7fa700 1 -- 172.21.15.45:0/3304942804 <== mon.0 v2:172.21.15.45:3300/0 4 ==== mgrmap(e 4) v1 ==== 45472+0+0 (secure 0 0 0) 0x7fd480024b60 con 0x7fd49007acd0
2023-07-20T18:59:24.713 INFO:teuthology.orchestra.run.smithi045.stdout:/usr/bin/ceph: stderr
2023-07-20T18:59:23.794+0000 7fd495382700 1 -- 172.21.15.45:0/3304942804 --> [v2:172.21.15.45:3300/0,v1:172.21.15.45:6789/0] -- mon_command({"prefix": "get_command_descriptions"} v 0) v1 -- 0x7fd490061da0 con 0x7fd49007acd0
2023-07-20T18:59:24.713 INFO:teuthology.orchestra.run.smithi045.stdout:/usr/bin/ceph: stderr
2023-07-20T18:59:23.794+0000 7fd48d7fa700 1 --2- 172.21.15.45:0/3304942804 >> [v2:172.21.15.45:6800/3613717579,v1:172.21.15.45:6801/3613717579] conn(0x7fd4780386c0 0x7fd47803ab80 unknown :-1 s=NONE pgs=0 cs=0 l=1 rev1=0 crypto rx=0 tx=0 comp rx=0 tx=0).connect
2023-07-20T18:59:24.713 INFO:teuthology.orchestra.run.smithi045.stdout:/usr/bin/ceph: stderr
2023-07-20T18:59:23.794+0000 7fd48d7fa700 1 -- 172.21.15.45:0/3304942804 <== mon.0 v2:172.21.15.45:3300/0 5 ==== osd_map(1..1 src has 1..1) v4 ==== 725+0+0 (secure 0 0 0) 0x7fd48004c330 con 0x7fd49007acd0
2023-07-20T18:59:24.714 INFO:teuthology.orchestra.run.smithi045.stdout:/usr/bin/ceph: stderr
2023-07-20T18:59:23.795+0000 7fd48f7fe700 1 --2- 172.21.15.45:0/3304942804 >> [v2:172.21.15.45:6800/3613717579,v1:172.21.15.45:6801/3613717579] conn(0x7fd4780386c0 0x7fd47803ab80 unknown :-1 s=BANNER_CONNECTING pgs=0 cs=0 l=1 rev1=0 crypto rx=0 tx=0 comp rx=0 tx=0)._handle_peer_banner_payload supported=3 required=0
2023-07-20T18:59:24.714 INFO:teuthology.orchestra.run.smithi045.stdout:/usr/bin/ceph: stderr
2023-07-20T18:59:23.795+0000 7fd48f7fe700 1 --2- 172.21.15.45:0/3304942804 >> [v2:172.21.15.45:6800/3613717579,v1:172.21.15.45:6801/3613717579] conn(0x7fd4780386c0 0x7fd47803ab80 secure :-1 s=READY pgs=8 cs=0 l=1 rev1=1 crypto rx=0x7fd484006fd0 tx=0x7fd484006e40 comp rx=0 tx=0).ready entity=mgr.14100 client_cookie=0 server_cookie=0 in_seq=0 out_seq=0
2023-07-20T18:59:24.714 INFO:teuthology.orchestra.run.smithi045.stdout:/usr/bin/ceph: stderr
2023-07-20T18:59:23.799+0000 7fd48d7fa700 1 -- 172.21.15.45:0/3304942804 <== mon.0 v2:172.21.15.45:3300/0 6 ==== mon_command_ack([{"prefix": "get_command_descriptions"}]=0 v0) v1 ==== 72+0+178025 (secure 0 0 0) 0x7fd480024430 con 0x7fd49007acd0
2023-07-20T18:59:24.714 INFO:teuthology.orchestra.run.smithi045.stdout:/usr/bin/ceph: stderr
2023-07-20T18:59:24.060+0000 7fd495382700 1 -- 172.21.15.45:0/3304942804 --> [v2:172.21.15.45:3300/0,v1:172.21.15.45:6789/0] -- mon_command({"prefix": "mgr module enable", "module": "cephadm"} v 0) v1 -- 0x7fd49019fa00 con 0x7fd49007acd0
2023-07-20T18:59:24.714 INFO:teuthology.orchestra.run.smithi045.stdout:/usr/bin/ceph: stderr
2023-07-20T18:59:24.114+0000 7fd48d7fa700 1 -- 172.21.15.45:0/3304942804 <== mon.0 v2:172.21.15.45:3300/0 7 ==== mgrmap(e 5) v1 ==== 45483+0+0 (secure 0 0 0) 0x7fd48002d770 con 0x7fd49007acd0
2023-07-20T18:59:24.714 INFO:teuthology.orchestra.run.smithi045.stdout:/usr/bin/ceph: stderr
2023-07-20T18:59:24.116+0000 7fd48d7fa700 1 -- 172.21.15.45:0/3304942804 <== mon.0 v2:172.21.15.45:3300/0 8 ==== mon_command_ack([{"prefix": "mgr module enable", "module": "cephadm"}]=0 v5) v1 ==== 86+0+0 (secure 0 0 0) 0x7fd48004e710 con 0x7fd49007acd0
2023-07-20T18:59:24.714 INFO:teuthology.orchestra.run.smithi045.stdout:/usr/bin/ceph: stderr
2023-07-20T18:59:24.118+0000 7fd495382700 1 -- 172.21.15.45:0/3304942804 >> [v2:172.21.15.45:6800/3613717579,v1:172.21.15.45:6801/3613717579] conn(0x7fd4780386c0 msgr2=0x7fd47803ab80 secure :-1 s=STATE_CONNECTION_ESTABLISHED l=1).mark_down
2023-07-20T18:59:24.715 INFO:teuthology.orchestra.run.smithi045.stdout:/usr/bin/ceph: stderr
2023-07-20T18:59:24.118+0000 7fd495382700 1 --2- 172.21.15.45:0/3304942804 >> [v2:172.21.15.45:6800/3613717579,v1:172.21.15.45:6801/3613717579] conn(0x7fd4780386c0 0x7fd47803ab80 secure :-1 s=READY pgs=8 cs=0 l=1 rev1=1 crypto rx=0x7fd484006fd0 tx=0x7fd484006e40 comp rx=0 tx=0).stop
2023-07-20T18:59:24.715 INFO:teuthology.orchestra.run.smithi045.stdout:/usr/bin/ceph: stderr
2023-07-20T18:59:24.118+0000 7fd495382700 1 -- 172.21.15.45:0/3304942804 >> [v2:172.21.15.45:3300/0,v1:172.21.15.45:6789/0] conn(0x7fd49007acd0 msgr2=0x7fd49019bd20 secure :-1 s=STATE_CONNECTION_ESTABLISHED l=1).mark_down
2023-07-20T18:59:24.716 INFO:teuthology.orchestra.run.smithi045.stdout:/usr/bin/ceph: stderr
2023-07-20T18:59:24.118+0000 7fd495382700 1 --2- 172.21.15.45:0/3304942804 >> [v2:172.21.15.45:3300/0,v1:172.21.15.45:6789/0] conn(0x7fd49007acd0 0x7fd49019bd20 secure :-1 s=READY pgs=23 cs=0 l=1 rev1=1 crypto rx=0x7fd480009fb0 tx=0x7fd480011ad0 comp rx=0 tx=0).stop
2023-07-20T18:59:24.716 INFO:teuthology.orchestra.run.smithi045.stdout:/usr/bin/ceph: stderr
2023-07-20T18:59:24.118+0000 7fd495382700 1 -- 172.21.15.45:0/3304942804 shutdown_connections
2023-07-20T18:59:24.716 INFO:teuthology.orchestra.run.smithi045.stdout:/usr/bin/ceph: stderr
2023-07-20T18:59:24.118+0000 7fd495382700 1 --2- 172.21.15.45:0/3304942804 >> [v2:172.21.15.45:6800/3613717579,v1:172.21.15.45:6801/3613717579] conn(0x7fd4780386c0 0x7fd47803ab80 unknown :-1 s=CLOSED pgs=8 cs=0 l=1 rev1=1 crypto rx=0 tx=0 comp rx=0 tx=0).stop
2023-07-20T18:59:24.716 INFO:teuthology.orchestra.run.smithi045.stdout:/usr/bin/ceph: stderr
2023-07-20T18:59:24.118+0000 7fd495382700 1 --2- 172.21.15.45:0/3304942804 >> [v2:172.21.15.45:3300/0,v1:172.21.15.45:6789/0] conn(0x7fd49007acd0 0x7fd49019bd20 unknown :-1 s=CLOSED pgs=23 cs=0 l=1 rev1=1 crypto rx=0 tx=0 comp rx=0 tx=0).stop
2023-07-20T18:59:24.716 INFO:teuthology.orchestra.run.smithi045.stdout:/usr/bin/ceph: stderr
2023-07-20T18:59:24.118+0000 7fd495382700 1 -- 172.21.15.45:0/3304942804 >> 172.21.15.45:0/3304942804 conn(0x7fd4901013b0 msgr2=0x7fd490102b00 unknown :-1 s=STATE_NONE l=0).mark_down
2023-07-20T18:59:24.716 INFO:teuthology.orchestra.run.smithi045.stdout:/usr/bin/ceph: stderr
2023-07-20T18:59:24.119+0000 7fd495382700 1 -- 172.21.15.45:0/3304942804 shutdown_connections
2023-07-20T18:59:24.716 INFO:teuthology.orchestra.run.smithi045.stdout:/usr/bin/ceph: stderr
2023-07-20T18:59:24.119+0000 7fd495382700 1 -- 172.21.15.45:0/3304942804 wait complete.
2023-07-20T18:59:24.740 INFO:journalctl@ceph.mgr.x.smithi045.stdout:Jul 20 18:59:24 smithi045 ceph-4dbefe90-272f-11ee-9b34-001a4aab830c-mgr-x[126587]:
2023-07-20T18:59:24.514+0000 7f969c683200 -1 mgr[py] Module osd_support has missing NOTIFY_TYPES member
2023-07-20T18:59:24.741 INFO:journalctl@ceph.mgr.x.smithi045.stdout:Jul 20 18:59:24 smithi045 ceph-4dbefe90-272f-11ee-9b34-001a4aab830c-mgr-x[126587]:
2023-07-20T18:59:24.633+0000 7f969c683200 -1 mgr[py] Module snap_schedule has missing NOTIFY_TYPES member
2023-07-20T18:59:25.090 INFO:journalctl@ceph.mgr.x.smithi045.stdout:Jul 20 18:59:24 smithi045 ceph-4dbefe90-272f-11ee-9b34-001a4aab830c-mgr-x[126587]:
2023-07-20T18:59:24.770+0000 7f969c683200 -1 mgr[py] Module zabbix has missing NOTIFY_TYPES member
2023-07-20T18:59:25.091 INFO:journalctl@ceph.mgr.x.smithi045.stdout:Jul 20 18:59:25 smithi045 ceph-4dbefe90-272f-11ee-9b34-001a4aab830c-mgr-x[126587]:
2023-07-20T18:59:25.015+0000 7f969c683200 -1 mgr[py] Module crash has missing NOTIFY_TYPES member
2023-07-20T18:59:25.480 INFO:journalctl@ceph.mon.a.smithi045.stdout:Jul 20 18:59:25 smithi045 ceph-mon[126340]: from='client.? 172.21.15.45:0/3304942804' entity='client.admin' cmd='[{"prefix": "mgr module enable", "module": "cephadm"}]': finished
2023-07-20T18:59:25.480 INFO:journalctl@ceph.mon.a.smithi045.stdout:Jul 20 18:59:25 smithi045 ceph-mon[126340]: mgrmap e5: x(active, since 5s)
2023-07-20T18:59:25.741 INFO:journalctl@ceph.mgr.x.smithi045.stdout:Jul 20 18:59:25 smithi045 ceph-4dbefe90-272f-11ee-9b34-001a4aab830c-mgr-x[126587]:
2023-07-20T18:59:25.428+0000 7f969c683200 -1 mgr[py] Module prometheus has missing NOTIFY_TYPES member
2023-07-20T18:59:25.741 INFO:journalctl@ceph.mgr.x.smithi045.stdout:Jul 20 18:59:25 smithi045 ceph-4dbefe90-272f-11ee-9b34-001a4aab830c-mgr-x[126587]:
2023-07-20T18:59:25.549+0000 7f969c683200 -1 mgr[py] Module status has missing NOTIFY_TYPES member
2023-07-20T18:59:26.088 INFO:journalctl@ceph.mgr.x.smithi045.stdout:Jul 20 18:59:25 smithi045 ceph-4dbefe90-272f-11ee-9b34-001a4aab830c-mgr-x[126587]:
2023-07-20T18:59:25.746+0000 7f969c683200 -1 mgr[py] Module selftest has missing NOTIFY_TYPES member
2023-07-20T18:59:26.088 INFO:journalctl@ceph.mgr.x.smithi045.stdout:Jul 20 18:59:25 smithi045 ceph-4dbefe90-272f-11ee-9b34-001a4aab830c-mgr-x[126587]:
2023-07-20T18:59:25.874+0000 7f969c683200 -1 mgr[py] Module alerts has missing NOTIFY_TYPES member
2023-07-20T18:59:26.092 INFO:teuthology.orchestra.run.smithi045.stdout:/usr/bin/ceph: stdout {
2023-07-20T18:59:26.093 INFO:teuthology.orchestra.run.smithi045.stdout:/usr/bin/ceph: stdout "epoch": 5,
2023-07-20T18:59:26.093 INFO:teuthology.orchestra.run.smithi045.stdout:/usr/bin/ceph: stdout "available": true,
2023-07-20T18:59:26.093 INFO:teuthology.orchestra.run.smithi045.stdout:/usr/bin/ceph: stdout "active_name": "x",
2023-07-20T18:59:26.093 INFO:teuthology.orchestra.run.smithi045.stdout:/usr/bin/ceph: stdout "num_standby": 0
2023-07-20T18:59:26.098 INFO:teuthology.orchestra.run.smithi045.stdout:/usr/bin/ceph: stdout }
2023-07-20T18:59:26.098 INFO:teuthology.orchestra.run.smithi045.stdout:/usr/bin/ceph: stderr
2023-07-20T18:59:25.260+0000 7f452f614700 1 Processor -- start
2023-07-20T18:59:26.098 INFO:teuthology.orchestra.run.smithi045.stdout:/usr/bin/ceph: stderr
2023-07-20T18:59:25.260+0000 7f452f614700 1 -- start start
2023-07-20T18:59:26.098 INFO:teuthology.orchestra.run.smithi045.stdout:/usr/bin/ceph: stderr
2023-07-20T18:59:25.261+0000 7f452f614700 1 --2- >> [v2:172.21.15.45:3300/0,v1:172.21.15.45:6789/0] conn(0x7f452807ad10 0x7f4528079170 unknown :-1 s=NONE pgs=0 cs=0 l=0 rev1=0 crypto rx=0 tx=0 comp rx=0 tx=0).connect
2023-07-20T18:59:26.099 INFO:teuthology.orchestra.run.smithi045.stdout:/usr/bin/ceph: stderr
2023-07-20T18:59:25.261+0000 7f452f614700 1 -- --> [v2:172.21.15.45:3300/0,v1:172.21.15.45:6789/0] -- mon_getmap magic: 0 v1 -- 0x7f4528079740 con 0x7f452807ad10
2023-07-20T18:59:26.099 INFO:teuthology.orchestra.run.smithi045.stdout:/usr/bin/ceph: stderr
2023-07-20T18:59:25.261+0000 7f452d3b0700 1 --2- >> [v2:172.21.15.45:3300/0,v1:172.21.15.45:6789/0] conn(0x7f452807ad10 0x7f4528079170 unknown :-1 s=BANNER_CONNECTING pgs=0 cs=0 l=0 rev1=0 crypto rx=0 tx=0 comp rx=0 tx=0)._handle_peer_banner_payload supported=3 required=0
2023-07-20T18:59:26.099 INFO:teuthology.orchestra.run.smithi045.stdout:/usr/bin/ceph: stderr
2023-07-20T18:59:25.261+0000 7f452d3b0700 1 --2- >> [v2:172.21.15.45:3300/0,v1:172.21.15.45:6789/0] conn(0x7f452807ad10 0x7f4528079170 unknown :-1 s=HELLO_CONNECTING pgs=0 cs=0 l=0 rev1=1 crypto rx=0 tx=0 comp rx=0 tx=0).handle_hello peer v2:172.21.15.45:3300/0 says I am v2:172.21.15.45:38952/0 (socket says 172.21.15.45:38952)
2023-07-20T18:59:26.099 INFO:teuthology.orchestra.run.smithi045.stdout:/usr/bin/ceph: stderr
2023-07-20T18:59:25.261+0000 7f452d3b0700 1 -- 172.21.15.45:0/47733107 learned_addr learned my addr 172.21.15.45:0/47733107 (peer_addr_for_me v2:172.21.15.45:0/0)
2023-07-20T18:59:26.099 INFO:teuthology.orchestra.run.smithi045.stdout:/usr/bin/ceph: stderr
2023-07-20T18:59:25.262+0000 7f452d3b0700 1 -- 172.21.15.45:0/47733107 --> [v2:172.21.15.45:3300/0,v1:172.21.15.45:6789/0] -- mon_subscribe({config=0+,monmap=0+}) v3 -- 0x7f4528079880 con 0x7f452807ad10
2023-07-20T18:59:26.099 INFO:teuthology.orchestra.run.smithi045.stdout:/usr/bin/ceph: stderr
2023-07-20T18:59:25.262+0000 7f452d3b0700 1 --2- 172.21.15.45:0/47733107 >> [v2:172.21.15.45:3300/0,v1:172.21.15.45:6789/0] conn(0x7f452807ad10 0x7f4528079170 secure :-1 s=READY pgs=26 cs=0 l=1 rev1=1 crypto rx=0x7f45240098a0 tx=0x7f4524009bb0 comp rx=0 tx=0).ready entity=mon.0 client_cookie=cb55046247d4cb62 server_cookie=0 in_seq=0 out_seq=0
2023-07-20T18:59:26.099 INFO:teuthology.orchestra.run.smithi045.stdout:/usr/bin/ceph: stderr
2023-07-20T18:59:25.262+0000 7f451ffff700 1 -- 172.21.15.45:0/47733107 <== mon.0 v2:172.21.15.45:3300/0 1 ==== mon_map magic: 0 v1 ==== 205+0+0 (secure 0 0 0) 0x7f4524004160 con 0x7f452807ad10
2023-07-20T18:59:26.099 INFO:teuthology.orchestra.run.smithi045.stdout:/usr/bin/ceph: stderr
2023-07-20T18:59:25.262+0000 7f451ffff700 1 -- 172.21.15.45:0/47733107 <== mon.0 v2:172.21.15.45:3300/0 2 ==== config(26 keys) v1 ==== 1074+0+0 (secure 0 0 0) 0x7f45240042c0 con 0x7f452807ad10
2023-07-20T18:59:26.100 INFO:teuthology.orchestra.run.smithi045.stdout:/usr/bin/ceph: stderr
2023-07-20T18:59:25.262+0000 7f451ffff700 1 -- 172.21.15.45:0/47733107 <== mon.0 v2:172.21.15.45:3300/0 3 ==== mon_map magic: 0 v1 ==== 205+0+0 (secure 0 0 0) 0x7f4524011a00 con 0x7f452807ad10
2023-07-20T18:59:26.100 INFO:teuthology.orchestra.run.smithi045.stdout:/usr/bin/ceph: stderr
2023-07-20T18:59:25.263+0000 7f452f614700 1 -- 172.21.15.45:0/47733107 >> [v2:172.21.15.45:3300/0,v1:172.21.15.45:6789/0] conn(0x7f452807ad10 msgr2=0x7f4528079170 secure :-1 s=STATE_CONNECTION_ESTABLISHED l=1).mark_down
2023-07-20T18:59:26.100 INFO:teuthology.orchestra.run.smithi045.stdout:/usr/bin/ceph: stderr
2023-07-20T18:59:25.263+0000 7f452f614700 1 --2- 172.21.15.45:0/47733107 >> [v2:172.21.15.45:3300/0,v1:172.21.15.45:6789/0] conn(0x7f452807ad10 0x7f4528079170 secure :-1 s=READY pgs=26 cs=0 l=1 rev1=1 crypto rx=0x7f45240098a0 tx=0x7f4524009bb0 comp rx=0 tx=0).stop
2023-07-20T18:59:26.100 INFO:teuthology.orchestra.run.smithi045.stdout:/usr/bin/ceph: stderr
2023-07-20T18:59:25.263+0000 7f452f614700 1 -- 172.21.15.45:0/47733107 shutdown_connections
2023-07-20T18:59:26.100 INFO:teuthology.orchestra.run.smithi045.stdout:/usr/bin/ceph: stderr
2023-07-20T18:59:25.263+0000 7f452f614700 1 --2- 172.21.15.45:0/47733107 >> [v2:172.21.15.45:3300/0,v1:172.21.15.45:6789/0] conn(0x7f452807ad10 0x7f4528079170 unknown :-1 s=CLOSED pgs=26 cs=0 l=1 rev1=1 crypto rx=0 tx=0 comp rx=0 tx=0).stop
2023-07-20T18:59:26.100 INFO:teuthology.orchestra.run.smithi045.stdout:/usr/bin/ceph: stderr
2023-07-20T18:59:25.263+0000 7f452f614700 1 -- 172.21.15.45:0/47733107 >> 172.21.15.45:0/47733107 conn(0x7f4528101550 msgr2=0x7f45281039d0 unknown :-1 s=STATE_NONE l=0).mark_down
2023-07-20T18:59:26.100 INFO:teuthology.orchestra.run.smithi045.stdout:/usr/bin/ceph: stderr
2023-07-20T18:59:25.263+0000 7f452f614700 1 -- 172.21.15.45:0/47733107 shutdown_connections
2023-07-20T18:59:26.101 INFO:teuthology.orchestra.run.smithi045.stdout:/usr/bin/ceph: stderr
2023-07-20T18:59:25.263+0000 7f452f614700 1 -- 172.21.15.45:0/47733107 wait complete.
2023-07-20T18:59:26.101 INFO:teuthology.orchestra.run.smithi045.stdout:/usr/bin/ceph: stderr
2023-07-20T18:59:25.264+0000 7f452f614700 1 Processor -- start
2023-07-20T18:59:26.101 INFO:teuthology.orchestra.run.smithi045.stdout:/usr/bin/ceph: stderr
2023-07-20T18:59:25.264+0000 7f452f614700 1 -- start start
2023-07-20T18:59:26.101 INFO:teuthology.orchestra.run.smithi045.stdout:/usr/bin/ceph: stderr
2023-07-20T18:59:25.265+0000 7f452f614700 1 --2- >> [v2:172.21.15.45:3300/0,v1:172.21.15.45:6789/0] conn(0x7f452807ad10 0x7f452819bef0 unknown :-1 s=NONE pgs=0 cs=0 l=1 rev1=0 crypto rx=0 tx=0 comp rx=0 tx=0).connect
2023-07-20T18:59:26.101 INFO:teuthology.orchestra.run.smithi045.stdout:/usr/bin/ceph: stderr
2023-07-20T18:59:25.265+0000 7f452f614700 1 -- --> [v2:172.21.15.45:3300/0,v1:172.21.15.45:6789/0] -- mon_getmap magic: 0 v1 -- 0x7f452819c430 con 0x7f452807ad10
2023-07-20T18:59:26.101 INFO:teuthology.orchestra.run.smithi045.stdout:/usr/bin/ceph: stderr
2023-07-20T18:59:25.265+0000 7f452d3b0700 1 --2- >> [v2:172.21.15.45:3300/0,v1:172.21.15.45:6789/0] conn(0x7f452807ad10 0x7f452819bef0 unknown :-1 s=BANNER_CONNECTING pgs=0 cs=0 l=1 rev1=0 crypto rx=0 tx=0 comp rx=0 tx=0)._handle_peer_banner_payload supported=3 required=0
2023-07-20T18:59:26.101 INFO:teuthology.orchestra.run.smithi045.stdout:/usr/bin/ceph: stderr
2023-07-20T18:59:25.265+0000 7f452d3b0700 1 --2- >> [v2:172.21.15.45:3300/0,v1:172.21.15.45:6789/0] conn(0x7f452807ad10 0x7f452819bef0 unknown :-1 s=HELLO_CONNECTING pgs=0 cs=0 l=1 rev1=1 crypto rx=0 tx=0 comp rx=0 tx=0).handle_hello peer v2:172.21.15.45:3300/0 says I am v2:172.21.15.45:38960/0 (socket says 172.21.15.45:38960)
2023-07-20T18:59:26.102 INFO:teuthology.orchestra.run.smithi045.stdout:/usr/bin/ceph: stderr
2023-07-20T18:59:25.265+0000 7f452d3b0700 1 -- 172.21.15.45:0/4018448311 learned_addr learned my addr 172.21.15.45:0/4018448311 (peer_addr_for_me v2:172.21.15.45:0/0)
2023-07-20T18:59:26.102 INFO:teuthology.orchestra.run.smithi045.stdout:/usr/bin/ceph: stderr
2023-07-20T18:59:25.265+0000 7f452d3b0700 1 -- 172.21.15.45:0/4018448311 --> [v2:172.21.15.45:3300/0,v1:172.21.15.45:6789/0] -- mon_subscribe({config=0+,monmap=0+}) v3 -- 0x7f4524009550 con 0x7f452807ad10
2023-07-20T18:59:26.102 INFO:teuthology.orchestra.run.smithi045.stdout:/usr/bin/ceph: stderr
2023-07-20T18:59:25.266+0000 7f452d3b0700 1 --2- 172.21.15.45:0/4018448311 >> [v2:172.21.15.45:3300/0,v1:172.21.15.45:6789/0] conn(0x7f452807ad10 0x7f452819bef0 secure :-1 s=READY pgs=27 cs=0 l=1 rev1=1 crypto rx=0x7f4524009fb0 tx=0x7f4524011ad0 comp rx=0 tx=0).ready entity=mon.0 client_cookie=0 server_cookie=0 in_seq=0 out_seq=0
2023-07-20T18:59:26.102 INFO:teuthology.orchestra.run.smithi045.stdout:/usr/bin/ceph: stderr
2023-07-20T18:59:25.266+0000 7f451e7fc700 1 -- 172.21.15.45:0/4018448311 <== mon.0 v2:172.21.15.45:3300/0 1 ==== mon_map magic: 0 v1 ==== 205+0+0 (secure 0 0 0) 0x7f4524003930 con 0x7f452807ad10
2023-07-20T18:59:26.102 INFO:teuthology.orchestra.run.smithi045.stdout:/usr/bin/ceph: stderr
2023-07-20T18:59:25.266+0000 7f451e7fc700 1 -- 172.21.15.45:0/4018448311 <== mon.0 v2:172.21.15.45:3300/0 2 ==== config(26 keys) v1 ==== 1074+0+0 (secure 0 0 0) 0x7f4524003a90 con 0x7f452807ad10
2023-07-20T18:59:26.102 INFO:teuthology.orchestra.run.smithi045.stdout:/usr/bin/ceph: stderr
2023-07-20T18:59:25.266+0000 7f452f614700 1 -- 172.21.15.45:0/4018448311 --> [v2:172.21.15.45:3300/0,v1:172.21.15.45:6789/0] -- mon_subscribe({mgrmap=0+}) v3 -- 0x7f452819c630 con 0x7f452807ad10
2023-07-20T18:59:26.102 INFO:teuthology.orchestra.run.smithi045.stdout:/usr/bin/ceph: stderr
2023-07-20T18:59:25.266+0000 7f451e7fc700 1 -- 172.21.15.45:0/4018448311 <== mon.0 v2:172.21.15.45:3300/0 3 ==== mon_map magic: 0 v1 ==== 205+0+0 (secure 0 0 0) 0x7f45240195e0 con 0x7f452807ad10
2023-07-20T18:59:26.103 INFO:teuthology.orchestra.run.smithi045.stdout:/usr/bin/ceph: stderr
2023-07-20T18:59:25.266+0000 7f452f614700 1 -- 172.21.15.45:0/4018448311 --> [v2:172.21.15.45:3300/0,v1:172.21.15.45:6789/0] -- mon_subscribe({osdmap=0}) v3 -- 0x7f452819ca50 con 0x7f452807ad10
2023-07-20T18:59:26.103 INFO:teuthology.orchestra.run.smithi045.stdout:/usr/bin/ceph: stderr
2023-07-20T18:59:25.267+0000 7f451e7fc700 1 -- 172.21.15.45:0/4018448311 <== mon.0 v2:172.21.15.45:3300/0 4 ==== mgrmap(e 5) v1 ==== 45483+0+0 (secure 0 0 0) 0x7f452401a9d0 con 0x7f452807ad10
2023-07-20T18:59:26.103 INFO:teuthology.orchestra.run.smithi045.stdout:/usr/bin/ceph: stderr
2023-07-20T18:59:25.267+0000 7f452f614700 1 -- 172.21.15.45:0/4018448311 --> [v2:172.21.15.45:3300/0,v1:172.21.15.45:6789/0] -- mon_command({"prefix": "get_command_descriptions"} v 0) v1 -- 0x7f4528061da0 con 0x7f452807ad10
2023-07-20T18:59:26.103 INFO:teuthology.orchestra.run.smithi045.stdout:/usr/bin/ceph: stderr
2023-07-20T18:59:25.268+0000 7f451e7fc700 1 --2- 172.21.15.45:0/4018448311 >> [v2:172.21.15.45:6800/3613717579,v1:172.21.15.45:6801/3613717579] conn(0x7f4514038710 0x7f451403abd0 unknown :-1 s=NONE pgs=0 cs=0 l=1 rev1=0 crypto rx=0 tx=0 comp rx=0 tx=0).connect
2023-07-20T18:59:26.103 INFO:teuthology.orchestra.run.smithi045.stdout:/usr/bin/ceph: stderr
2023-07-20T18:59:25.268+0000 7f451e7fc700 1 -- 172.21.15.45:0/4018448311 <== mon.0 v2:172.21.15.45:3300/0 5 ==== osd_map(1..1 src has 1..1) v4 ==== 725+0+0 (secure 0 0 0) 0x7f452404c440 con 0x7f452807ad10
2023-07-20T18:59:26.103 INFO:teuthology.orchestra.run.smithi045.stdout:/usr/bin/ceph: stderr
2023-07-20T18:59:25.268+0000 7f452cbaf700 1 -- 172.21.15.45:0/4018448311 >> [v2:172.21.15.45:6800/3613717579,v1:172.21.15.45:6801/3613717579] conn(0x7f4514038710 msgr2=0x7f451403abd0 unknown :-1 s=STATE_CONNECTING_RE l=1).process reconnect failed to v2:172.21.15.45:6800/3613717579
2023-07-20T18:59:26.103 INFO:teuthology.orchestra.run.smithi045.stdout:/usr/bin/ceph: stderr
2023-07-20T18:59:25.268+0000 7f452cbaf700 1 --2- 172.21.15.45:0/4018448311 >> [v2:172.21.15.45:6800/3613717579,v1:172.21.15.45:6801/3613717579] conn(0x7f4514038710 0x7f451403abd0 unknown :-1 s=START_CONNECT pgs=0 cs=0 l=1 rev1=0 crypto rx=0 tx=0 comp rx=0 tx=0)._fault waiting 0.200000
2023-07-20T18:59:26.103 INFO:teuthology.orchestra.run.smithi045.stdout:/usr/bin/ceph: stderr
2023-07-20T18:59:25.276+0000 7f451e7fc700 1 -- 172.21.15.45:0/4018448311 <== mon.0 v2:172.21.15.45:3300/0 6 ==== mon_command_ack([{"prefix": "get_command_descriptions"}]=0 v0) v1 ==== 72+0+178025 (secure 0 0 0) 0x7f4524003c00 con 0x7f452807ad10
2023-07-20T18:59:26.104 INFO:teuthology.orchestra.run.smithi045.stdout:/usr/bin/ceph: stderr
2023-07-20T18:59:25.469+0000 7f452cbaf700 1 -- 172.21.15.45:0/4018448311 >> [v2:172.21.15.45:6800/3613717579,v1:172.21.15.45:6801/3613717579] conn(0x7f4514038710 msgr2=0x7f451403abd0 unknown :-1 s=STATE_CONNECTING_RE l=1).process reconnect failed to v2:172.21.15.45:6800/3613717579
2023-07-20T18:59:26.104 INFO:teuthology.orchestra.run.smithi045.stdout:/usr/bin/ceph: stderr
2023-07-20T18:59:25.469+0000 7f452cbaf700 1 --2- 172.21.15.45:0/4018448311 >> [v2:172.21.15.45:6800/3613717579,v1:172.21.15.45:6801/3613717579] conn(0x7f4514038710 0x7f451403abd0 unknown :-1 s=START_CONNECT pgs=0 cs=0 l=1 rev1=0 crypto rx=0 tx=0 comp rx=0 tx=0)._fault waiting 0.400000
2023-07-20T18:59:26.104 INFO:teuthology.orchestra.run.smithi045.stdout:/usr/bin/ceph: stderr
2023-07-20T18:59:25.536+0000 7f452f614700 1 -- 172.21.15.45:0/4018448311 --> [v2:172.21.15.45:3300/0,v1:172.21.15.45:6789/0] -- mon_command({"prefix": "mgr stat"} v 0) v1 -- 0x7f452819fbd0 con 0x7f452807ad10
2023-07-20T18:59:26.104 INFO:teuthology.orchestra.run.smithi045.stdout:/usr/bin/ceph: stderr
2023-07-20T18:59:25.537+0000 7f451e7fc700 1 -- 172.21.15.45:0/4018448311 <== mon.0 v2:172.21.15.45:3300/0 7 ==== mon_command_ack([{"prefix": "mgr stat"}]=0 v5) v1 ==== 56+0+88 (secure 0 0 0) 0x7f4524023b40 con 0x7f452807ad10
2023-07-20T18:59:26.104 INFO:teuthology.orchestra.run.smithi045.stdout:/usr/bin/ceph: stderr
2023-07-20T18:59:25.539+0000 7f452f614700 1 -- 172.21.15.45:0/4018448311 >> [v2:172.21.15.45:6800/3613717579,v1:172.21.15.45:6801/3613717579] conn(0x7f4514038710 msgr2=0x7f451403abd0 unknown :-1 s=STATE_CONNECTING l=1).mark_down
2023-07-20T18:59:26.104 INFO:teuthology.orchestra.run.smithi045.stdout:/usr/bin/ceph: stderr
2023-07-20T18:59:25.539+0000 7f452f614700 1 --2- 172.21.15.45:0/4018448311 >> [v2:172.21.15.45:6800/3613717579,v1:172.21.15.45:6801/3613717579] conn(0x7f4514038710 0x7f451403abd0 unknown :-1 s=START_CONNECT pgs=0 cs=0 l=1 rev1=0 crypto rx=0 tx=0 comp rx=0 tx=0).stop
2023-07-20T18:59:26.104 INFO:teuthology.orchestra.run.smithi045.stdout:/usr/bin/ceph: stderr
2023-07-20T18:59:25.539+0000 7f452f614700 1 -- 172.21.15.45:0/4018448311 >> [v2:172.21.15.45:3300/0,v1:172.21.15.45:6789/0] conn(0x7f452807ad10 msgr2=0x7f452819bef0 secure :-1 s=STATE_CONNECTION_ESTABLISHED l=1).mark_down
2023-07-20T18:59:26.105 INFO:teuthology.orchestra.run.smithi045.stdout:/usr/bin/ceph: stderr
2023-07-20T18:59:25.539+0000 7f452f614700 1 --2- 172.21.15.45:0/4018448311 >> [v2:172.21.15.45:3300/0,v1:172.21.15.45:6789/0] conn(0x7f452807ad10 0x7f452819bef0 secure :-1 s=READY pgs=27 cs=0 l=1 rev1=1 crypto rx=0x7f4524009fb0 tx=0x7f4524011ad0 comp rx=0 tx=0).stop
2023-07-20T18:59:26.105 INFO:teuthology.orchestra.run.smithi045.stdout:/usr/bin/ceph: stderr
2023-07-20T18:59:25.539+0000 7f452f614700 1 -- 172.21.15.45:0/4018448311 shutdown_connections
2023-07-20T18:59:26.105 INFO:teuthology.orchestra.run.smithi045.stdout:/usr/bin/ceph: stderr
2023-07-20T18:59:25.539+0000 7f452f614700 1 --2- 172.21.15.45:0/4018448311 >> [v2:172.21.15.45:6800/3613717579,v1:172.21.15.45:6801/3613717579] conn(0x7f4514038710 0x7f451403abd0 unknown :-1 s=CLOSED pgs=0 cs=0 l=1 rev1=0 crypto rx=0 tx=0 comp rx=0 tx=0).stop
2023-07-20T18:59:26.105 INFO:teuthology.orchestra.run.smithi045.stdout:/usr/bin/ceph: stderr
2023-07-20T18:59:25.539+0000 7f452f614700 1 --2- 172.21.15.45:0/4018448311 >> [v2:172.21.15.45:3300/0,v1:172.21.15.45:6789/0] conn(0x7f452807ad10 0x7f452819bef0 unknown :-1 s=CLOSED pgs=27 cs=0 l=1 rev1=1 crypto rx=0 tx=0 comp rx=0 tx=0).stop
2023-07-20T18:59:26.106 INFO:teuthology.orchestra.run.smithi045.stdout:/usr/bin/ceph: stderr
2023-07-20T18:59:25.539+0000 7f452f614700 1 -- 172.21.15.45:0/4018448311 >> 172.21.15.45:0/4018448311 conn(0x7f4528101550 msgr2=0x7f4528102ca0 unknown :-1 s=STATE_NONE l=0).mark_down
2023-07-20T18:59:26.106 INFO:teuthology.orchestra.run.smithi045.stdout:/usr/bin/ceph: stderr
2023-07-20T18:59:25.539+0000 7f452f614700 1 -- 172.21.15.45:0/4018448311 shutdown_connections
2023-07-20T18:59:26.106 INFO:teuthology.orchestra.run.smithi045.stdout:/usr/bin/ceph: stderr
2023-07-20T18:59:25.539+0000 7f452f614700 1 -- 172.21.15.45:0/4018448311 wait complete.
2023-07-20T18:59:26.107 INFO:teuthology.orchestra.run.smithi045.stdout:Waiting for the mgr to restart...
2023-07-20T18:59:26.107 INFO:teuthology.orchestra.run.smithi045.stdout:Waiting for mgr epoch 5...
2023-07-20T18:59:26.441 INFO:journalctl@ceph.mon.a.smithi045.stdout:Jul 20 18:59:26 smithi045 ceph-mon[126340]: from='client.? 172.21.15.45:0/4018448311' entity='client.admin' cmd=[{"prefix": "mgr stat"}]: dispatch
2023-07-20T18:59:26.741 INFO:journalctl@ceph.mgr.x.smithi045.stdout:Jul 20 18:59:26 smithi045 ceph-4dbefe90-272f-11ee-9b34-001a4aab830c-mgr-x[126587]:
2023-07-20T18:59:26.454+0000 7f969c683200 -1 mgr[py] Module progress has missing NOTIFY_TYPES member
2023-07-20T18:59:27.740 INFO:journalctl@ceph.mgr.x.smithi045.stdout:Jul 20 18:59:27 smithi045 ceph-4dbefe90-272f-11ee-9b34-001a4aab830c-mgr-x[126587]:
