2023-07-20T18:59:41.319 INFO:journalctl@ceph.mon.a.smithi045.stdout:Jul 20 18:59:40 smithi045 ceph-mon[126340]: from='client.14138 -' entity='client.admin' cmd=[{"prefix": "cephadm get-pub-key", "target": ["mon-mgr", ""]}]: dispatch
2023-07-20T18:59:42.216 INFO:journalctl@ceph.mon.a.smithi045.stdout:Jul 20 18:59:41 smithi045 ceph-mon[126340]: from='client.14140 -' entity='client.admin' cmd=[{"prefix": "orch host add", "hostname": "smithi045", "addr": "172.21.15.45", "target": ["mon-mgr", ""]}]: dispatch
2023-07-20T18:59:43.491 INFO:journalctl@ceph.mon.a.smithi045.stdout:Jul 20 18:59:42 smithi045 ceph-mon[126340]: Deploying cephadm binary to smithi045
2023-07-20T18:59:44.827 INFO:teuthology.orchestra.run.smithi045.stdout:/usr/bin/ceph: stdout Added host 'smithi045' with addr '172.21.15.45'
2023-07-20T18:59:44.827 INFO:teuthology.orchestra.run.smithi045.stdout:/usr/bin/ceph: stderr
2023-07-20T18:59:40.836+0000 7fbe01b8f700 1 Processor -- start
2023-07-20T18:59:44.827 INFO:teuthology.orchestra.run.smithi045.stdout:/usr/bin/ceph: stderr
2023-07-20T18:59:40.837+0000 7fbe01b8f700 1 -- start start
2023-07-20T18:59:44.828 INFO:teuthology.orchestra.run.smithi045.stdout:/usr/bin/ceph: stderr
2023-07-20T18:59:40.837+0000 7fbe01b8f700 1 --2- >> [v2:172.21.15.45:3300/0,v1:172.21.15.45:6789/0] conn(0x7fbdfc105ff0 0x7fbdfc106410 unknown :-1 s=NONE pgs=0 cs=0 l=0 rev1=0 crypto rx=0 tx=0 comp rx=0 tx=0).connect
2023-07-20T18:59:44.828 INFO:teuthology.orchestra.run.smithi045.stdout:/usr/bin/ceph: stderr
2023-07-20T18:59:40.837+0000 7fbe01b8f700 1 -- --> [v2:172.21.15.45:3300/0,v1:172.21.15.45:6789/0] -- mon_getmap magic: 0 v1 -- 0x7fbdfc1069e0 con 0x7fbdfc105ff0
2023-07-20T18:59:44.828 INFO:teuthology.orchestra.run.smithi045.stdout:/usr/bin/ceph: stderr
2023-07-20T18:59:40.837+0000 7fbdfb7fe700 1 --2- >> [v2:172.21.15.45:3300/0,v1:172.21.15.45:6789/0] conn(0x7fbdfc105ff0 0x7fbdfc106410 unknown :-1 s=BANNER_CONNECTING pgs=0 cs=0 l=0 rev1=0 crypto rx=0 tx=0 comp rx=0 tx=0)._handle_peer_banner_payload supported=3 required=0
2023-07-20T18:59:44.828 INFO:teuthology.orchestra.run.smithi045.stdout:/usr/bin/ceph: stderr
2023-07-20T18:59:40.837+0000 7fbdfb7fe700 1 --2- >> [v2:172.21.15.45:3300/0,v1:172.21.15.45:6789/0] conn(0x7fbdfc105ff0 0x7fbdfc106410 unknown :-1 s=HELLO_CONNECTING pgs=0 cs=0 l=0 rev1=1 crypto rx=0 tx=0 comp rx=0 tx=0).handle_hello peer v2:172.21.15.45:3300/0 says I am v2:172.21.15.45:44004/0 (socket says 172.21.15.45:44004)
2023-07-20T18:59:44.828 INFO:teuthology.orchestra.run.smithi045.stdout:/usr/bin/ceph: stderr
2023-07-20T18:59:40.837+0000 7fbdfb7fe700 1 -- 172.21.15.45:0/2862917552 learned_addr learned my addr 172.21.15.45:0/2862917552 (peer_addr_for_me v2:172.21.15.45:0/0)
2023-07-20T18:59:44.828 INFO:teuthology.orchestra.run.smithi045.stdout:/usr/bin/ceph: stderr
2023-07-20T18:59:40.838+0000 7fbdfb7fe700 1 -- 172.21.15.45:0/2862917552 --> [v2:172.21.15.45:3300/0,v1:172.21.15.45:6789/0] -- mon_subscribe({config=0+,monmap=0+}) v3 -- 0x7fbdfc1071f0 con 0x7fbdfc105ff0
2023-07-20T18:59:44.828 INFO:teuthology.orchestra.run.smithi045.stdout:/usr/bin/ceph: stderr
2023-07-20T18:59:40.838+0000 7fbdfb7fe700 1 --2- 172.21.15.45:0/2862917552 >> [v2:172.21.15.45:3300/0,v1:172.21.15.45:6789/0] conn(0x7fbdfc105ff0 0x7fbdfc106410 secure :-1 s=READY pgs=45 cs=0 l=1 rev1=1 crypto rx=0x7fbdec0098a0 tx=0x7fbdec009bb0 comp rx=0 tx=0).ready entity=mon.0 client_cookie=7fb4cb4dee4d79c9 server_cookie=0 in_seq=0 out_seq=0
2023-07-20T18:59:44.828 INFO:teuthology.orchestra.run.smithi045.stdout:/usr/bin/ceph: stderr
2023-07-20T18:59:40.838+0000 7fbdfa7fc700 1 -- 172.21.15.45:0/2862917552 <== mon.0 v2:172.21.15.45:3300/0 1 ==== mon_map magic: 0 v1 ==== 205+0+0 (secure 0 0 0) 0x7fbdec004160 con 0x7fbdfc105ff0
2023-07-20T18:59:44.829 INFO:teuthology.orchestra.run.smithi045.stdout:/usr/bin/ceph: stderr
2023-07-20T18:59:40.838+0000 7fbdfa7fc700 1 -- 172.21.15.45:0/2862917552 <== mon.0 v2:172.21.15.45:3300/0 2 ==== config(26 keys) v1 ==== 1074+0+0 (secure 0 0 0) 0x7fbdec0042c0 con 0x7fbdfc105ff0
2023-07-20T18:59:44.829 INFO:teuthology.orchestra.run.smithi045.stdout:/usr/bin/ceph: stderr
2023-07-20T18:59:40.838+0000 7fbdfa7fc700 1 -- 172.21.15.45:0/2862917552 <== mon.0 v2:172.21.15.45:3300/0 3 ==== mon_map magic: 0 v1 ==== 205+0+0 (secure 0 0 0) 0x7fbdec011a00 con 0x7fbdfc105ff0
2023-07-20T18:59:44.829 INFO:teuthology.orchestra.run.smithi045.stdout:/usr/bin/ceph: stderr
2023-07-20T18:59:40.839+0000 7fbe01b8f700 1 -- 172.21.15.45:0/2862917552 >> [v2:172.21.15.45:3300/0,v1:172.21.15.45:6789/0] conn(0x7fbdfc105ff0 msgr2=0x7fbdfc106410 secure :-1 s=STATE_CONNECTION_ESTABLISHED l=1).mark_down
2023-07-20T18:59:44.829 INFO:teuthology.orchestra.run.smithi045.stdout:/usr/bin/ceph: stderr
2023-07-20T18:59:40.839+0000 7fbe01b8f700 1 --2- 172.21.15.45:0/2862917552 >> [v2:172.21.15.45:3300/0,v1:172.21.15.45:6789/0] conn(0x7fbdfc105ff0 0x7fbdfc106410 secure :-1 s=READY pgs=45 cs=0 l=1 rev1=1 crypto rx=0x7fbdec0098a0 tx=0x7fbdec009bb0 comp rx=0 tx=0).stop
2023-07-20T18:59:44.829 INFO:teuthology.orchestra.run.smithi045.stdout:/usr/bin/ceph: stderr
2023-07-20T18:59:40.839+0000 7fbe01b8f700 1 -- 172.21.15.45:0/2862917552 shutdown_connections
2023-07-20T18:59:44.829 INFO:teuthology.orchestra.run.smithi045.stdout:/usr/bin/ceph: stderr
2023-07-20T18:59:40.839+0000 7fbe01b8f700 1 --2- 172.21.15.45:0/2862917552 >> [v2:172.21.15.45:3300/0,v1:172.21.15.45:6789/0] conn(0x7fbdfc105ff0 0x7fbdfc106410 unknown :-1 s=CLOSED pgs=45 cs=0 l=1 rev1=1 crypto rx=0 tx=0 comp rx=0 tx=0).stop
2023-07-20T18:59:44.829 INFO:teuthology.orchestra.run.smithi045.stdout:/usr/bin/ceph: stderr
2023-07-20T18:59:40.839+0000 7fbe01b8f700 1 -- 172.21.15.45:0/2862917552 >> 172.21.15.45:0/2862917552 conn(0x7fbdfc101550 msgr2=0x7fbdfc1039d0 unknown :-1 s=STATE_NONE l=0).mark_down
2023-07-20T18:59:44.830 INFO:teuthology.orchestra.run.smithi045.stdout:/usr/bin/ceph: stderr
2023-07-20T18:59:40.839+0000 7fbe01b8f700 1 -- 172.21.15.45:0/2862917552 shutdown_connections
2023-07-20T18:59:44.830 INFO:teuthology.orchestra.run.smithi045.stdout:/usr/bin/ceph: stderr
2023-07-20T18:59:40.839+0000 7fbe01b8f700 1 -- 172.21.15.45:0/2862917552 wait complete.
2023-07-20T18:59:44.830 INFO:teuthology.orchestra.run.smithi045.stdout:/usr/bin/ceph: stderr
2023-07-20T18:59:40.841+0000 7fbe01b8f700 1 Processor -- start
2023-07-20T18:59:44.830 INFO:teuthology.orchestra.run.smithi045.stdout:/usr/bin/ceph: stderr
2023-07-20T18:59:40.841+0000 7fbe01b8f700 1 -- start start
2023-07-20T18:59:44.830 INFO:teuthology.orchestra.run.smithi045.stdout:/usr/bin/ceph: stderr
2023-07-20T18:59:40.841+0000 7fbe01b8f700 1 --2- >> [v2:172.21.15.45:3300/0,v1:172.21.15.45:6789/0] conn(0x7fbdfc105ff0 0x7fbdfc199d10 unknown :-1 s=NONE pgs=0 cs=0 l=1 rev1=0 crypto rx=0 tx=0 comp rx=0 tx=0).connect
2023-07-20T18:59:44.830 INFO:teuthology.orchestra.run.smithi045.stdout:/usr/bin/ceph: stderr
2023-07-20T18:59:40.841+0000 7fbe01b8f700 1 -- --> [v2:172.21.15.45:3300/0,v1:172.21.15.45:6789/0] -- mon_getmap magic: 0 v1 -- 0x7fbdfc19a250 con 0x7fbdfc105ff0
2023-07-20T18:59:44.830 INFO:teuthology.orchestra.run.smithi045.stdout:/usr/bin/ceph: stderr
2023-07-20T18:59:40.842+0000 7fbdfb7fe700 1 --2- >> [v2:172.21.15.45:3300/0,v1:172.21.15.45:6789/0] conn(0x7fbdfc105ff0 0x7fbdfc199d10 unknown :-1 s=BANNER_CONNECTING pgs=0 cs=0 l=1 rev1=0 crypto rx=0 tx=0 comp rx=0 tx=0)._handle_peer_banner_payload supported=3 required=0
2023-07-20T18:59:44.830 INFO:teuthology.orchestra.run.smithi045.stdout:/usr/bin/ceph: stderr
2023-07-20T18:59:40.842+0000 7fbdfb7fe700 1 --2- >> [v2:172.21.15.45:3300/0,v1:172.21.15.45:6789/0] conn(0x7fbdfc105ff0 0x7fbdfc199d10 unknown :-1 s=HELLO_CONNECTING pgs=0 cs=0 l=1 rev1=1 crypto rx=0 tx=0 comp rx=0 tx=0).handle_hello peer v2:172.21.15.45:3300/0 says I am v2:172.21.15.45:44018/0 (socket says 172.21.15.45:44018)
2023-07-20T18:59:44.831 INFO:teuthology.orchestra.run.smithi045.stdout:/usr/bin/ceph: stderr
2023-07-20T18:59:40.842+0000 7fbdfb7fe700 1 -- 172.21.15.45:0/2067373835 learned_addr learned my addr 172.21.15.45:0/2067373835 (peer_addr_for_me v2:172.21.15.45:0/0)
2023-07-20T18:59:44.831 INFO:teuthology.orchestra.run.smithi045.stdout:/usr/bin/ceph: stderr
2023-07-20T18:59:40.842+0000 7fbdfb7fe700 1 -- 172.21.15.45:0/2067373835 --> [v2:172.21.15.45:3300/0,v1:172.21.15.45:6789/0] -- mon_subscribe({config=0+,monmap=0+}) v3 -- 0x7fbdec009550 con 0x7fbdfc105ff0
2023-07-20T18:59:44.831 INFO:teuthology.orchestra.run.smithi045.stdout:/usr/bin/ceph: stderr
2023-07-20T18:59:40.842+0000 7fbdfb7fe700 1 --2- 172.21.15.45:0/2067373835 >> [v2:172.21.15.45:3300/0,v1:172.21.15.45:6789/0] conn(0x7fbdfc105ff0 0x7fbdfc199d10 secure :-1 s=READY pgs=46 cs=0 l=1 rev1=1 crypto rx=0x7fbdec009fb0 tx=0x7fbdec011ad0 comp rx=0 tx=0).ready entity=mon.0 client_cookie=0 server_cookie=0 in_seq=0 out_seq=0
2023-07-20T18:59:44.831 INFO:teuthology.orchestra.run.smithi045.stdout:/usr/bin/ceph: stderr
2023-07-20T18:59:40.842+0000 7fbdf8ff9700 1 -- 172.21.15.45:0/2067373835 <== mon.0 v2:172.21.15.45:3300/0 1 ==== mon_map magic: 0 v1 ==== 205+0+0 (secure 0 0 0) 0x7fbdec003930 con 0x7fbdfc105ff0
2023-07-20T18:59:44.831 INFO:teuthology.orchestra.run.smithi045.stdout:/usr/bin/ceph: stderr
2023-07-20T18:59:40.842+0000 7fbdf8ff9700 1 -- 172.21.15.45:0/2067373835 <== mon.0 v2:172.21.15.45:3300/0 2 ==== config(26 keys) v1 ==== 1074+0+0 (secure 0 0 0) 0x7fbdec003a90 con 0x7fbdfc105ff0
2023-07-20T18:59:44.831 INFO:teuthology.orchestra.run.smithi045.stdout:/usr/bin/ceph: stderr
2023-07-20T18:59:40.842+0000 7fbdf8ff9700 1 -- 172.21.15.45:0/2067373835 <== mon.0 v2:172.21.15.45:3300/0 3 ==== mon_map magic: 0 v1 ==== 205+0+0 (secure 0 0 0) 0x7fbdec0195e0 con 0x7fbdfc105ff0
2023-07-20T18:59:44.831 INFO:teuthology.orchestra.run.smithi045.stdout:/usr/bin/ceph: stderr
2023-07-20T18:59:40.842+0000 7fbe01b8f700 1 -- 172.21.15.45:0/2067373835 --> [v2:172.21.15.45:3300/0,v1:172.21.15.45:6789/0] -- mon_subscribe({mgrmap=0+}) v3 -- 0x7fbdfc19a450 con 0x7fbdfc105ff0
2023-07-20T18:59:44.832 INFO:teuthology.orchestra.run.smithi045.stdout:/usr/bin/ceph: stderr
2023-07-20T18:59:40.843+0000 7fbe01b8f700 1 -- 172.21.15.45:0/2067373835 --> [v2:172.21.15.45:3300/0,v1:172.21.15.45:6789/0] -- mon_subscribe({osdmap=0}) v3 -- 0x7fbdfc19a870 con 0x7fbdfc105ff0
2023-07-20T18:59:44.832 INFO:teuthology.orchestra.run.smithi045.stdout:/usr/bin/ceph: stderr
2023-07-20T18:59:40.844+0000 7fbdf8ff9700 1 -- 172.21.15.45:0/2067373835 <== mon.0 v2:172.21.15.45:3300/0 4 ==== mgrmap(e 8) v1 ==== 45483+0+0 (secure 0 0 0) 0x7fbdec01a9d0 con 0x7fbdfc105ff0
2023-07-20T18:59:44.832 INFO:teuthology.orchestra.run.smithi045.stdout:/usr/bin/ceph: stderr
2023-07-20T18:59:40.844+0000 7fbe01b8f700 1 -- 172.21.15.45:0/2067373835 --> [v2:172.21.15.45:3300/0,v1:172.21.15.45:6789/0] -- mon_command({"prefix": "get_command_descriptions"} v 0) v1 -- 0x7fbdfc061da0 con 0x7fbdfc105ff0
2023-07-20T18:59:44.832 INFO:teuthology.orchestra.run.smithi045.stdout:/usr/bin/ceph: stderr
2023-07-20T18:59:40.844+0000 7fbdf8ff9700 1 --2- 172.21.15.45:0/2067373835 >> [v2:172.21.15.45:6800/3218667172,v1:172.21.15.45:6801/3218667172] conn(0x7fbde4038710 0x7fbde403abd0 unknown :-1 s=NONE pgs=0 cs=0 l=1 rev1=0 crypto rx=0 tx=0 comp rx=0 tx=0).connect
2023-07-20T18:59:44.832 INFO:teuthology.orchestra.run.smithi045.stdout:/usr/bin/ceph: stderr
2023-07-20T18:59:40.844+0000 7fbdf8ff9700 1 -- 172.21.15.45:0/2067373835 <== mon.0 v2:172.21.15.45:3300/0 5 ==== osd_map(2..2 src has 1..2) v4 ==== 940+0+0 (secure 0 0 0) 0x7fbdec04c890 con 0x7fbdfc105ff0
2023-07-20T18:59:44.832 INFO:teuthology.orchestra.run.smithi045.stdout:/usr/bin/ceph: stderr
2023-07-20T18:59:40.844+0000 7fbdfaffd700 1 --2- 172.21.15.45:0/2067373835 >> [v2:172.21.15.45:6800/3218667172,v1:172.21.15.45:6801/3218667172] conn(0x7fbde4038710 0x7fbde403abd0 unknown :-1 s=BANNER_CONNECTING pgs=0 cs=0 l=1 rev1=0 crypto rx=0 tx=0 comp rx=0 tx=0)._handle_peer_banner_payload supported=3 required=0
2023-07-20T18:59:44.832 INFO:teuthology.orchestra.run.smithi045.stdout:/usr/bin/ceph: stderr
2023-07-20T18:59:40.845+0000 7fbdfaffd700 1 --2- 172.21.15.45:0/2067373835 >> [v2:172.21.15.45:6800/3218667172,v1:172.21.15.45:6801/3218667172] conn(0x7fbde4038710 0x7fbde403abd0 secure :-1 s=READY pgs=11 cs=0 l=1 rev1=1 crypto rx=0x7fbdf0006fd0 tx=0x7fbdf0006e40 comp rx=0 tx=0).ready entity=mgr.14120 client_cookie=0 server_cookie=0 in_seq=0 out_seq=0
2023-07-20T18:59:44.832 INFO:teuthology.orchestra.run.smithi045.stdout:/usr/bin/ceph: stderr
2023-07-20T18:59:40.849+0000 7fbdf8ff9700 1 -- 172.21.15.45:0/2067373835 <== mon.0 v2:172.21.15.45:3300/0 6 ==== mon_command_ack([{"prefix": "get_command_descriptions"}]=0 v0) v1 ==== 72+0+178025 (secure 0 0 0) 0x7fbdec023b40 con 0x7fbdfc105ff0
2023-07-20T18:59:44.833 INFO:teuthology.orchestra.run.smithi045.stdout:/usr/bin/ceph: stderr
2023-07-20T18:59:41.064+0000 7fbe01b8f700 1 -- 172.21.15.45:0/2067373835 --> [v2:172.21.15.45:6800/3218667172,v1:172.21.15.45:6801/3218667172] -- mgr_command(tid 0: {"prefix": "orch host add", "hostname": "smithi045", "addr": "172.21.15.45", "target": ["mon-mgr", ""]}) v1 -- 0x7fbdfc1038b0 con 0x7fbde4038710
2023-07-20T18:59:44.833 INFO:teuthology.orchestra.run.smithi045.stdout:/usr/bin/ceph: stderr
2023-07-20T18:59:44.289+0000 7fbdf8ff9700 1 -- 172.21.15.45:0/2067373835 <== mgr.14120 v2:172.21.15.45:6800/3218667172 1 ==== mgr_command_reply(tid 0: 0 ) v1 ==== 8+0+48 (secure 0 0 0) 0x7fbdfc1038b0 con 0x7fbde4038710
2023-07-20T18:59:44.833 INFO:teuthology.orchestra.run.smithi045.stdout:/usr/bin/ceph: stderr
2023-07-20T18:59:44.292+0000 7fbe01b8f700 1 -- 172.21.15.45:0/2067373835 >> [v2:172.21.15.45:6800/3218667172,v1:172.21.15.45:6801/3218667172] conn(0x7fbde4038710 msgr2=0x7fbde403abd0 secure :-1 s=STATE_CONNECTION_ESTABLISHED l=1).mark_down
2023-07-20T18:59:44.833 INFO:teuthology.orchestra.run.smithi045.stdout:/usr/bin/ceph: stderr
2023-07-20T18:59:44.292+0000 7fbe01b8f700 1 --2- 172.21.15.45:0/2067373835 >> [v2:172.21.15.45:6800/3218667172,v1:172.21.15.45:6801/3218667172] conn(0x7fbde4038710 0x7fbde403abd0 secure :-1 s=READY pgs=11 cs=0 l=1 rev1=1 crypto rx=0x7fbdf0006fd0 tx=0x7fbdf0006e40 comp rx=0 tx=0).stop
2023-07-20T18:59:44.833 INFO:teuthology.orchestra.run.smithi045.stdout:/usr/bin/ceph: stderr
2023-07-20T18:59:44.292+0000 7fbe01b8f700 1 -- 172.21.15.45:0/2067373835 >> [v2:172.21.15.45:3300/0,v1:172.21.15.45:6789/0] conn(0x7fbdfc105ff0 msgr2=0x7fbdfc199d10 secure :-1 s=STATE_CONNECTION_ESTABLISHED l=1).mark_down
2023-07-20T18:59:44.833 INFO:teuthology.orchestra.run.smithi045.stdout:/usr/bin/ceph: stderr
2023-07-20T18:59:44.292+0000 7fbe01b8f700 1 --2- 172.21.15.45:0/2067373835 >> [v2:172.21.15.45:3300/0,v1:172.21.15.45:6789/0] conn(0x7fbdfc105ff0 0x7fbdfc199d10 secure :-1 s=READY pgs=46 cs=0 l=1 rev1=1 crypto rx=0x7fbdec009fb0 tx=0x7fbdec011ad0 comp rx=0 tx=0).stop
2023-07-20T18:59:44.833 INFO:teuthology.orchestra.run.smithi045.stdout:/usr/bin/ceph: stderr
2023-07-20T18:59:44.292+0000 7fbe01b8f700 1 -- 172.21.15.45:0/2067373835 shutdown_connections
2023-07-20T18:59:44.834 INFO:teuthology.orchestra.run.smithi045.stdout:/usr/bin/ceph: stderr
2023-07-20T18:59:44.292+0000 7fbe01b8f700 1 --2- 172.21.15.45:0/2067373835 >> [v2:172.21.15.45:6800/3218667172,v1:172.21.15.45:6801/3218667172] conn(0x7fbde4038710 0x7fbde403abd0 unknown :-1 s=CLOSED pgs=11 cs=0 l=1 rev1=1 crypto rx=0 tx=0 comp rx=0 tx=0).stop
2023-07-20T18:59:44.834 INFO:teuthology.orchestra.run.smithi045.stdout:/usr/bin/ceph: stderr
2023-07-20T18:59:44.292+0000 7fbe01b8f700 1 --2- 172.21.15.45:0/2067373835 >> [v2:172.21.15.45:3300/0,v1:172.21.15.45:6789/0] conn(0x7fbdfc105ff0 0x7fbdfc199d10 unknown :-1 s=CLOSED pgs=46 cs=0 l=1 rev1=1 crypto rx=0 tx=0 comp rx=0 tx=0).stop
2023-07-20T18:59:44.834 INFO:teuthology.orchestra.run.smithi045.stdout:/usr/bin/ceph: stderr
2023-07-20T18:59:44.292+0000 7fbe01b8f700 1 -- 172.21.15.45:0/2067373835 >> 172.21.15.45:0/2067373835 conn(0x7fbdfc101550 msgr2=0x7fbdfc102c50 unknown :-1 s=STATE_NONE l=0).mark_down
2023-07-20T18:59:44.834 INFO:teuthology.orchestra.run.smithi045.stdout:/usr/bin/ceph: stderr
2023-07-20T18:59:44.293+0000 7fbe01b8f700 1 -- 172.21.15.45:0/2067373835 shutdown_connections
2023-07-20T18:59:44.834 INFO:teuthology.orchestra.run.smithi045.stdout:/usr/bin/ceph: stderr
2023-07-20T18:59:44.293+0000 7fbe01b8f700 1 -- 172.21.15.45:0/2067373835 wait complete.
2023-07-20T18:59:44.834 INFO:teuthology.orchestra.run.smithi045.stdout:Deploying unmanaged mon service...
2023-07-20T18:59:45.491 INFO:journalctl@ceph.mon.a.smithi045.stdout:Jul 20 18:59:45 smithi045 ceph-mon[126340]: from='mgr.14120 172.21.15.45:0/1460666230' entity='mgr.x'
2023-07-20T18:59:45.491 INFO:journalctl@ceph.mon.a.smithi045.stdout:Jul 20 18:59:45 smithi045 ceph-mon[126340]: Added host smithi045
2023-07-20T18:59:45.491 INFO:journalctl@ceph.mon.a.smithi045.stdout:Jul 20 18:59:45 smithi045 ceph-mon[126340]: from='mgr.14120 172.21.15.45:0/1460666230' entity='mgr.x' cmd=[{"prefix": "config dump", "format": "json"}]: dispatch
2023-07-20T18:59:46.409 INFO:teuthology.orchestra.run.smithi045.stdout:/usr/bin/ceph: stdout Scheduled mon update...
2023-07-20T18:59:46.410 INFO:teuthology.orchestra.run.smithi045.stdout:/usr/bin/ceph: stderr
2023-07-20T18:59:45.409+0000 7f7de82da700 1 Processor -- start
2023-07-20T18:59:46.411 INFO:teuthology.orchestra.run.smithi045.stdout:/usr/bin/ceph: stderr
2023-07-20T18:59:45.409+0000 7f7de82da700 1 -- start start
2023-07-20T18:59:46.411 INFO:teuthology.orchestra.run.smithi045.stdout:/usr/bin/ceph: stderr
2023-07-20T18:59:45.409+0000 7f7de82da700 1 --2- >> [v2:172.21.15.45:3300/0,v1:172.21.15.45:6789/0] conn(0x7f7de007ad50 0x7f7de00791b0 unknown :-1 s=NONE pgs=0 cs=0 l=0 rev1=0 crypto rx=0 tx=0 comp rx=0 tx=0).connect
2023-07-20T18:59:46.411 INFO:teuthology.orchestra.run.smithi045.stdout:/usr/bin/ceph: stderr
2023-07-20T18:59:45.410+0000 7f7de82da700 1 -- --> [v2:172.21.15.45:3300/0,v1:172.21.15.45:6789/0] -- mon_getmap magic: 0 v1 -- 0x7f7de0079780 con 0x7f7de007ad50
2023-07-20T18:59:46.411 INFO:teuthology.orchestra.run.smithi045.stdout:/usr/bin/ceph: stderr
2023-07-20T18:59:45.410+0000 7f7de6076700 1 --2- >> [v2:172.21.15.45:3300/0,v1:172.21.15.45:6789/0] conn(0x7f7de007ad50 0x7f7de00791b0 unknown :-1 s=BANNER_CONNECTING pgs=0 cs=0 l=0 rev1=0 crypto rx=0 tx=0 comp rx=0 tx=0)._handle_peer_banner_payload supported=3 required=0
2023-07-20T18:59:46.411 INFO:teuthology.orchestra.run.smithi045.stdout:/usr/bin/ceph: stderr
2023-07-20T18:59:45.410+0000 7f7de6076700 1 --2- >> [v2:172.21.15.45:3300/0,v1:172.21.15.45:6789/0] conn(0x7f7de007ad50 0x7f7de00791b0 unknown :-1 s=HELLO_CONNECTING pgs=0 cs=0 l=0 rev1=1 crypto rx=0 tx=0 comp rx=0 tx=0).handle_hello peer v2:172.21.15.45:3300/0 says I am v2:172.21.15.45:44034/0 (socket says 172.21.15.45:44034)
2023-07-20T18:59:46.412 INFO:teuthology.orchestra.run.smithi045.stdout:/usr/bin/ceph: stderr
2023-07-20T18:59:45.410+0000 7f7de6076700 1 -- 172.21.15.45:0/179954775 learned_addr learned my addr 172.21.15.45:0/179954775 (peer_addr_for_me v2:172.21.15.45:0/0)
2023-07-20T18:59:46.412 INFO:teuthology.orchestra.run.smithi045.stdout:/usr/bin/ceph: stderr
2023-07-20T18:59:45.410+0000 7f7de6076700 1 -- 172.21.15.45:0/179954775 --> [v2:172.21.15.45:3300/0,v1:172.21.15.45:6789/0] -- mon_subscribe({config=0+,monmap=0+}) v3 -- 0x7f7de00798c0 con 0x7f7de007ad50
2023-07-20T18:59:46.412 INFO:teuthology.orchestra.run.smithi045.stdout:/usr/bin/ceph: stderr
2023-07-20T18:59:45.410+0000 7f7de6076700 1 --2- 172.21.15.45:0/179954775 >> [v2:172.21.15.45:3300/0,v1:172.21.15.45:6789/0] conn(0x7f7de007ad50 0x7f7de00791b0 secure :-1 s=READY pgs=47 cs=0 l=1 rev1=1 crypto rx=0x7f7ddc0098a0 tx=0x7f7ddc009bb0 comp rx=0 tx=0).ready entity=mon.0 client_cookie=98a77e4ed60f57f7 server_cookie=0 in_seq=0 out_seq=0
2023-07-20T18:59:46.412 INFO:teuthology.orchestra.run.smithi045.stdout:/usr/bin/ceph: stderr
2023-07-20T18:59:45.411+0000 7f7de5074700 1 -- 172.21.15.45:0/179954775 <== mon.0 v2:172.21.15.45:3300/0 1 ==== mon_map magic: 0 v1 ==== 205+0+0 (secure 0 0 0) 0x7f7ddc004160 con 0x7f7de007ad50
2023-07-20T18:59:46.412 INFO:teuthology.orchestra.run.smithi045.stdout:/usr/bin/ceph: stderr
2023-07-20T18:59:45.411+0000 7f7de5074700 1 -- 172.21.15.45:0/179954775 <== mon.0 v2:172.21.15.45:3300/0 2 ==== config(26 keys) v1 ==== 1074+0+0 (secure 0 0 0) 0x7f7ddc0042c0 con 0x7f7de007ad50
2023-07-20T18:59:46.412 INFO:teuthology.orchestra.run.smithi045.stdout:/usr/bin/ceph: stderr
2023-07-20T18:59:45.411+0000 7f7de5074700 1 -- 172.21.15.45:0/179954775 <== mon.0 v2:172.21.15.45:3300/0 3 ==== mon_map magic: 0 v1 ==== 205+0+0 (secure 0 0 0) 0x7f7ddc011a00 con 0x7f7de007ad50
2023-07-20T18:59:46.412 INFO:teuthology.orchestra.run.smithi045.stdout:/usr/bin/ceph: stderr
2023-07-20T18:59:45.411+0000 7f7de82da700 1 -- 172.21.15.45:0/179954775 >> [v2:172.21.15.45:3300/0,v1:172.21.15.45:6789/0] conn(0x7f7de007ad50 msgr2=0x7f7de00791b0 secure :-1 s=STATE_CONNECTION_ESTABLISHED l=1).mark_down
2023-07-20T18:59:46.413 INFO:teuthology.orchestra.run.smithi045.stdout:/usr/bin/ceph: stderr
2023-07-20T18:59:45.411+0000 7f7de82da700 1 --2- 172.21.15.45:0/179954775 >> [v2:172.21.15.45:3300/0,v1:172.21.15.45:6789/0] conn(0x7f7de007ad50 0x7f7de00791b0 secure :-1 s=READY pgs=47 cs=0 l=1 rev1=1 crypto rx=0x7f7ddc0098a0 tx=0x7f7ddc009bb0 comp rx=0 tx=0).stop
2023-07-20T18:59:46.413 INFO:teuthology.orchestra.run.smithi045.stdout:/usr/bin/ceph: stderr
2023-07-20T18:59:45.411+0000 7f7de82da700 1 -- 172.21.15.45:0/179954775 shutdown_connections
2023-07-20T18:59:46.415 INFO:teuthology.orchestra.run.smithi045.stdout:/usr/bin/ceph: stderr
2023-07-20T18:59:45.411+0000 7f7de82da700 1 --2- 172.21.15.45:0/179954775 >> [v2:172.21.15.45:3300/0,v1:172.21.15.45:6789/0] conn(0x7f7de007ad50 0x7f7de00791b0 unknown :-1 s=CLOSED pgs=47 cs=0 l=1 rev1=1 crypto rx=0 tx=0 comp rx=0 tx=0).stop
2023-07-20T18:59:46.415 INFO:teuthology.orchestra.run.smithi045.stdout:/usr/bin/ceph: stderr
2023-07-20T18:59:45.411+0000 7f7de82da700 1 -- 172.21.15.45:0/179954775 >> 172.21.15.45:0/179954775 conn(0x7f7de0101590 msgr2=0x7f7de01039d0 unknown :-1 s=STATE_NONE l=0).mark_down
2023-07-20T18:59:46.415 INFO:teuthology.orchestra.run.smithi045.stdout:/usr/bin/ceph: stderr
2023-07-20T18:59:45.411+0000 7f7de82da700 1 -- 172.21.15.45:0/179954775 shutdown_connections
2023-07-20T18:59:46.416 INFO:teuthology.orchestra.run.smithi045.stdout:/usr/bin/ceph: stderr
2023-07-20T18:59:45.412+0000 7f7de82da700 1 -- 172.21.15.45:0/179954775 wait complete.
2023-07-20T18:59:46.416 INFO:teuthology.orchestra.run.smithi045.stdout:/usr/bin/ceph: stderr
2023-07-20T18:59:45.412+0000 7f7de82da700 1 Processor -- start
2023-07-20T18:59:46.416 INFO:teuthology.orchestra.run.smithi045.stdout:/usr/bin/ceph: stderr
2023-07-20T18:59:45.413+0000 7f7de82da700 1 -- start start
2023-07-20T18:59:46.416 INFO:teuthology.orchestra.run.smithi045.stdout:/usr/bin/ceph: stderr
2023-07-20T18:59:45.413+0000 7f7de82da700 1 --2- >> [v2:172.21.15.45:3300/0,v1:172.21.15.45:6789/0] conn(0x7f7de007ad50 0x7f7de019bed0 unknown :-1 s=NONE pgs=0 cs=0 l=1 rev1=0 crypto rx=0 tx=0 comp rx=0 tx=0).connect
2023-07-20T18:59:46.416 INFO:teuthology.orchestra.run.smithi045.stdout:/usr/bin/ceph: stderr
2023-07-20T18:59:45.413+0000 7f7de82da700 1 -- --> [v2:172.21.15.45:3300/0,v1:172.21.15.45:6789/0] -- mon_getmap magic: 0 v1 -- 0x7f7de019c410 con 0x7f7de007ad50
2023-07-20T18:59:46.416 INFO:teuthology.orchestra.run.smithi045.stdout:/usr/bin/ceph: stderr
2023-07-20T18:59:45.413+0000 7f7de6076700 1 --2- >> [v2:172.21.15.45:3300/0,v1:172.21.15.45:6789/0] conn(0x7f7de007ad50 0x7f7de019bed0 unknown :-1 s=BANNER_CONNECTING pgs=0 cs=0 l=1 rev1=0 crypto rx=0 tx=0 comp rx=0 tx=0)._handle_peer_banner_payload supported=3 required=0
2023-07-20T18:59:46.416 INFO:teuthology.orchestra.run.smithi045.stdout:/usr/bin/ceph: stderr
2023-07-20T18:59:45.413+0000 7f7de6076700 1 --2- >> [v2:172.21.15.45:3300/0,v1:172.21.15.45:6789/0] conn(0x7f7de007ad50 0x7f7de019bed0 unknown :-1 s=HELLO_CONNECTING pgs=0 cs=0 l=1 rev1=1 crypto rx=0 tx=0 comp rx=0 tx=0).handle_hello peer v2:172.21.15.45:3300/0 says I am v2:172.21.15.45:44038/0 (socket says 172.21.15.45:44038)
2023-07-20T18:59:46.417 INFO:teuthology.orchestra.run.smithi045.stdout:/usr/bin/ceph: stderr
2023-07-20T18:59:45.413+0000 7f7de6076700 1 -- 172.21.15.45:0/17622514 learned_addr learned my addr 172.21.15.45:0/17622514 (peer_addr_for_me v2:172.21.15.45:0/0)
2023-07-20T18:59:46.417 INFO:teuthology.orchestra.run.smithi045.stdout:/usr/bin/ceph: stderr
2023-07-20T18:59:45.413+0000 7f7de6076700 1 -- 172.21.15.45:0/17622514 --> [v2:172.21.15.45:3300/0,v1:172.21.15.45:6789/0] -- mon_subscribe({config=0+,monmap=0+}) v3 -- 0x7f7ddc009550 con 0x7f7de007ad50
2023-07-20T18:59:46.417 INFO:teuthology.orchestra.run.smithi045.stdout:/usr/bin/ceph: stderr
2023-07-20T18:59:45.414+0000 7f7de6076700 1 --2- 172.21.15.45:0/17622514 >> [v2:172.21.15.45:3300/0,v1:172.21.15.45:6789/0] conn(0x7f7de007ad50 0x7f7de019bed0 secure :-1 s=READY pgs=48 cs=0 l=1 rev1=1 crypto rx=0x7f7ddc006af0 tx=0x7f7ddc011ad0 comp rx=0 tx=0).ready entity=mon.0 client_cookie=0 server_cookie=0 in_seq=0 out_seq=0
2023-07-20T18:59:46.417 INFO:teuthology.orchestra.run.smithi045.stdout:/usr/bin/ceph: stderr
2023-07-20T18:59:45.414+0000 7f7dd77fe700 1 -- 172.21.15.45:0/17622514 <== mon.0 v2:172.21.15.45:3300/0 1 ==== mon_map magic: 0 v1 ==== 205+0+0 (secure 0 0 0) 0x7f7ddc003a40 con 0x7f7de007ad50
2023-07-20T18:59:46.417 INFO:teuthology.orchestra.run.smithi045.stdout:/usr/bin/ceph: stderr
2023-07-20T18:59:45.414+0000 7f7dd77fe700 1 -- 172.21.15.45:0/17622514 <== mon.0 v2:172.21.15.45:3300/0 2 ==== config(26 keys) v1 ==== 1074+0+0 (secure 0 0 0) 0x7f7ddc003ba0 con 0x7f7de007ad50
2023-07-20T18:59:46.417 INFO:teuthology.orchestra.run.smithi045.stdout:/usr/bin/ceph: stderr
2023-07-20T18:59:45.414+0000 7f7dd77fe700 1 -- 172.21.15.45:0/17622514 <== mon.0 v2:172.21.15.45:3300/0 3 ==== mon_map magic: 0 v1 ==== 205+0+0 (secure 0 0 0) 0x7f7ddc01a700 con 0x7f7de007ad50
2023-07-20T18:59:46.417 INFO:teuthology.orchestra.run.smithi045.stdout:/usr/bin/ceph: stderr
2023-07-20T18:59:45.414+0000 7f7de82da700 1 -- 172.21.15.45:0/17622514 --> [v2:172.21.15.45:3300/0,v1:172.21.15.45:6789/0] -- mon_subscribe({mgrmap=0+}) v3 -- 0x7f7de019c610 con 0x7f7de007ad50
2023-07-20T18:59:46.418 INFO:teuthology.orchestra.run.smithi045.stdout:/usr/bin/ceph: stderr
2023-07-20T18:59:45.414+0000 7f7de82da700 1 -- 172.21.15.45:0/17622514 --> [v2:172.21.15.45:3300/0,v1:172.21.15.45:6789/0] -- mon_subscribe({osdmap=0}) v3 -- 0x7f7de019ca30 con 0x7f7de007ad50
2023-07-20T18:59:46.418 INFO:teuthology.orchestra.run.smithi045.stdout:/usr/bin/ceph: stderr
2023-07-20T18:59:45.415+0000 7f7de82da700 1 -- 172.21.15.45:0/17622514 --> [v2:172.21.15.45:3300/0,v1:172.21.15.45:6789/0] -- mon_command({"prefix": "get_command_descriptions"} v 0) v1 -- 0x7f7de010c3d0 con 0x7f7de007ad50
2023-07-20T18:59:46.418 INFO:teuthology.orchestra.run.smithi045.stdout:/usr/bin/ceph: stderr
2023-07-20T18:59:45.415+0000 7f7dd77fe700 1 -- 172.21.15.45:0/17622514 <== mon.0 v2:172.21.15.45:3300/0 4 ==== mgrmap(e 8) v1 ==== 45483+0+0 (secure 0 0 0) 0x7f7ddc024ad0 con 0x7f7de007ad50
2023-07-20T18:59:46.418 INFO:teuthology.orchestra.run.smithi045.stdout:/usr/bin/ceph: stderr
2023-07-20T18:59:45.416+0000 7f7dd77fe700 1 --2- 172.21.15.45:0/17622514 >> [v2:172.21.15.45:6800/3218667172,v1:172.21.15.45:6801/3218667172] conn(0x7f7dcc038760 0x7f7dcc03ac20 unknown :-1 s=NONE pgs=0 cs=0 l=1 rev1=0 crypto rx=0 tx=0 comp rx=0 tx=0).connect
2023-07-20T18:59:46.418 INFO:teuthology.orchestra.run.smithi045.stdout:/usr/bin/ceph: stderr
2023-07-20T18:59:45.416+0000 7f7dd77fe700 1 -- 172.21.15.45:0/17622514 <== mon.0 v2:172.21.15.45:3300/0 5 ==== osd_map(2..2 src has 1..2) v4 ==== 940+0+0 (secure 0 0 0) 0x7f7ddc04c770 con 0x7f7de007ad50
2023-07-20T18:59:46.418 INFO:teuthology.orchestra.run.smithi045.stdout:/usr/bin/ceph: stderr
2023-07-20T18:59:45.416+0000 7f7de5875700 1 --2- 172.21.15.45:0/17622514 >> [v2:172.21.15.45:6800/3218667172,v1:172.21.15.45:6801/3218667172] conn(0x7f7dcc038760 0x7f7dcc03ac20 unknown :-1 s=BANNER_CONNECTING pgs=0 cs=0 l=1 rev1=0 crypto rx=0 tx=0 comp rx=0 tx=0)._handle_peer_banner_payload supported=3 required=0
2023-07-20T18:59:46.418 INFO:teuthology.orchestra.run.smithi045.stdout:/usr/bin/ceph: stderr
2023-07-20T18:59:45.417+0000 7f7de5875700 1 --2- 172.21.15.45:0/17622514 >> [v2:172.21.15.45:6800/3218667172,v1:172.21.15.45:6801/3218667172] conn(0x7f7dcc038760 0x7f7dcc03ac20 secure :-1 s=READY pgs=12 cs=0 l=1 rev1=1 crypto rx=0x7f7dd0006fd0 tx=0x7f7dd0006e40 comp rx=0 tx=0).ready entity=mgr.14120 client_cookie=0 server_cookie=0 in_seq=0 out_seq=0
2023-07-20T18:59:46.418 INFO:teuthology.orchestra.run.smithi045.stdout:/usr/bin/ceph: stderr
2023-07-20T18:59:45.421+0000 7f7dd77fe700 1 -- 172.21.15.45:0/17622514 <== mon.0 v2:172.21.15.45:3300/0 6 ==== mon_command_ack([{"prefix": "get_command_descriptions"}]=0 v0) v1 ==== 72+0+178025 (secure 0 0 0) 0x7f7ddc018b80 con 0x7f7de007ad50
2023-07-20T18:59:46.419 INFO:teuthology.orchestra.run.smithi045.stdout:/usr/bin/ceph: stderr
2023-07-20T18:59:45.662+0000 7f7de82da700 1 -- 172.21.15.45:0/17622514 --> [v2:172.21.15.45:6800/3218667172,v1:172.21.15.45:6801/3218667172] -- mgr_command(tid 0: {"prefix": "orch apply", "service_type": "mon", "unmanaged": true, "target": ["mon-mgr", ""]}) v1 -- 0x7f7de019f890 con 0x7f7dcc038760
2023-07-20T18:59:46.419 INFO:teuthology.orchestra.run.smithi045.stdout:/usr/bin/ceph: stderr
2023-07-20T18:59:45.668+0000 7f7dd77fe700 1 -- 172.21.15.45:0/17622514 <== mgr.14120 v2:172.21.15.45:6800/3218667172 1 ==== mgr_command_reply(tid 0: 0 ) v1 ==== 8+0+24 (secure 0 0 0) 0x7f7de019f890 con 0x7f7dcc038760
2023-07-20T18:59:46.419 INFO:teuthology.orchestra.run.smithi045.stdout:/usr/bin/ceph: stderr
2023-07-20T18:59:45.671+0000 7f7de82da700 1 -- 172.21.15.45:0/17622514 >> [v2:172.21.15.45:6800/3218667172,v1:172.21.15.45:6801/3218667172] conn(0x7f7dcc038760 msgr2=0x7f7dcc03ac20 secure :-1 s=STATE_CONNECTION_ESTABLISHED l=1).mark_down
2023-07-20T18:59:46.419 INFO:teuthology.orchestra.run.smithi045.stdout:/usr/bin/ceph: stderr
2023-07-20T18:59:45.671+0000 7f7de82da700 1 --2- 172.21.15.45:0/17622514 >> [v2:172.21.15.45:6800/3218667172,v1:172.21.15.45:6801/3218667172] conn(0x7f7dcc038760 0x7f7dcc03ac20 secure :-1 s=READY pgs=12 cs=0 l=1 rev1=1 crypto rx=0x7f7dd0006fd0 tx=0x7f7dd0006e40 comp rx=0 tx=0).stop
2023-07-20T18:59:46.419 INFO:teuthology.orchestra.run.smithi045.stdout:/usr/bin/ceph: stderr
2023-07-20T18:59:45.671+0000 7f7de82da700 1 -- 172.21.15.45:0/17622514 >> [v2:172.21.15.45:3300/0,v1:172.21.15.45:6789/0] conn(0x7f7de007ad50 msgr2=0x7f7de019bed0 secure :-1 s=STATE_CONNECTION_ESTABLISHED l=1).mark_down
2023-07-20T18:59:46.419 INFO:teuthology.orchestra.run.smithi045.stdout:/usr/bin/ceph: stderr
2023-07-20T18:59:45.671+0000 7f7de82da700 1 --2- 172.21.15.45:0/17622514 >> [v2:172.21.15.45:3300/0,v1:172.21.15.45:6789/0] conn(0x7f7de007ad50 0x7f7de019bed0 secure :-1 s=READY pgs=48 cs=0 l=1 rev1=1 crypto rx=0x7f7ddc006af0 tx=0x7f7ddc011ad0 comp rx=0 tx=0).stop
2023-07-20T18:59:46.419 INFO:teuthology.orchestra.run.smithi045.stdout:/usr/bin/ceph: stderr
2023-07-20T18:59:45.671+0000 7f7de82da700 1 -- 172.21.15.45:0/17622514 shutdown_connections
2023-07-20T18:59:46.419 INFO:teuthology.orchestra.run.smithi045.stdout:/usr/bin/ceph: stderr
2023-07-20T18:59:45.671+0000 7f7de82da700 1 --2- 172.21.15.45:0/17622514 >> [v2:172.21.15.45:6800/3218667172,v1:172.21.15.45:6801/3218667172] conn(0x7f7dcc038760 0x7f7dcc03ac20 unknown :-1 s=CLOSED pgs=12 cs=0 l=1 rev1=1 crypto rx=0 tx=0 comp rx=0 tx=0).stop
2023-07-20T18:59:46.420 INFO:teuthology.orchestra.run.smithi045.stdout:/usr/bin/ceph: stderr
2023-07-20T18:59:45.671+0000 7f7de82da700 1 --2- 172.21.15.45:0/17622514 >> [v2:172.21.15.45:3300/0,v1:172.21.15.45:6789/0] conn(0x7f7de007ad50 0x7f7de019bed0 unknown :-1 s=CLOSED pgs=48 cs=0 l=1 rev1=1 crypto rx=0 tx=0 comp rx=0 tx=0).stop
2023-07-20T18:59:46.420 INFO:teuthology.orchestra.run.smithi045.stdout:/usr/bin/ceph: stderr
2023-07-20T18:59:45.671+0000 7f7de82da700 1 -- 172.21.15.45:0/17622514 >> 172.21.15.45:0/17622514 conn(0x7f7de0101590 msgr2=0x7f7de0102c30 unknown :-1 s=STATE_NONE l=0).mark_down
2023-07-20T18:59:46.420 INFO:teuthology.orchestra.run.smithi045.stdout:/usr/bin/ceph: stderr
2023-07-20T18:59:45.671+0000 7f7de82da700 1 -- 172.21.15.45:0/17622514 shutdown_connections
2023-07-20T18:59:46.420 INFO:teuthology.orchestra.run.smithi045.stdout:/usr/bin/ceph: stderr
2023-07-20T18:59:45.671+0000 7f7de82da700 1 -- 172.21.15.45:0/17622514 wait complete.
2023-07-20T18:59:46.420 INFO:teuthology.orchestra.run.smithi045.stdout:Deploying unmanaged mgr service...
2023-07-20T18:59:46.966 INFO:journalctl@ceph.mon.a.smithi045.stdout:Jul 20 18:59:46 smithi045 ceph-mon[126340]: from='client.14142 -' entity='client.admin' cmd=[{"prefix": "orch apply", "service_type": "mon", "unmanaged": true, "target": ["mon-mgr", ""]}]: dispatch
2023-07-20T18:59:46.966 INFO:journalctl@ceph.mon.a.smithi045.stdout:Jul 20 18:59:46 smithi045 ceph-mon[126340]: Saving service mon spec with placement count:5
2023-07-20T18:59:46.966 INFO:journalctl@ceph.mon.a.smithi045.stdout:Jul 20 18:59:46 smithi045 ceph-mon[126340]: from='mgr.14120 172.21.15.45:0/1460666230' entity='mgr.x'
2023-07-20T18:59:47.953 INFO:teuthology.orchestra.run.smithi045.stdout:/usr/bin/ceph: stdout Scheduled mgr update...
2023-07-20T18:59:47.954 INFO:teuthology.orchestra.run.smithi045.stdout:/usr/bin/ceph: stderr
2023-07-20T18:59:47.060+0000 7f311e3c7700 1 Processor -- start
2023-07-20T18:59:47.954 INFO:teuthology.orchestra.run.smithi045.stdout:/usr/bin/ceph: stderr
2023-07-20T18:59:47.060+0000 7f311e3c7700 1 -- start start
2023-07-20T18:59:47.954 INFO:teuthology.orchestra.run.smithi045.stdout:/usr/bin/ceph: stderr
2023-07-20T18:59:47.060+0000 7f311e3c7700 1 --2- >> [v2:172.21.15.45:3300/0,v1:172.21.15.45:6789/0] conn(0x7f311807ad10 0x7f3118079170 unknown :-1 s=NONE pgs=0 cs=0 l=0 rev1=0 crypto rx=0 tx=0 comp rx=0 tx=0).connect
2023-07-20T18:59:47.954 INFO:teuthology.orchestra.run.smithi045.stdout:/usr/bin/ceph: stderr
2023-07-20T18:59:47.060+0000 7f311e3c7700 1 -- --> [v2:172.21.15.45:3300/0,v1:172.21.15.45:6789/0] -- mon_getmap magic: 0 v1 -- 0x7f3118079740 con 0x7f311807ad10
2023-07-20T18:59:47.954 INFO:teuthology.orchestra.run.smithi045.stdout:/usr/bin/ceph: stderr
2023-07-20T18:59:47.061+0000 7f3117fff700 1 --2- >> [v2:172.21.15.45:3300/0,v1:172.21.15.45:6789/0] conn(0x7f311807ad10 0x7f3118079170 unknown :-1 s=BANNER_CONNECTING pgs=0 cs=0 l=0 rev1=0 crypto rx=0 tx=0 comp rx=0 tx=0)._handle_peer_banner_payload supported=3 required=0
2023-07-20T18:59:47.954 INFO:teuthology.orchestra.run.smithi045.stdout:/usr/bin/ceph: stderr
2023-07-20T18:59:47.061+0000 7f3117fff700 1 --2- >> [v2:172.21.15.45:3300/0,v1:172.21.15.45:6789/0] conn(0x7f311807ad10 0x7f3118079170 unknown :-1 s=HELLO_CONNECTING pgs=0 cs=0 l=0 rev1=1 crypto rx=0 tx=0 comp rx=0 tx=0).handle_hello peer v2:172.21.15.45:3300/0 says I am v2:172.21.15.45:52320/0 (socket says 172.21.15.45:52320)
2023-07-20T18:59:47.955 INFO:teuthology.orchestra.run.smithi045.stdout:/usr/bin/ceph: stderr
2023-07-20T18:59:47.061+0000 7f3117fff700 1 -- 172.21.15.45:0/2954404238 learned_addr learned my addr 172.21.15.45:0/2954404238 (peer_addr_for_me v2:172.21.15.45:0/0)
2023-07-20T18:59:47.955 INFO:teuthology.orchestra.run.smithi045.stdout:/usr/bin/ceph: stderr
2023-07-20T18:59:47.061+0000 7f3117fff700 1 -- 172.21.15.45:0/2954404238 --> [v2:172.21.15.45:3300/0,v1:172.21.15.45:6789/0] -- mon_subscribe({config=0+,monmap=0+}) v3 -- 0x7f3118079880 con 0x7f311807ad10
2023-07-20T18:59:47.955 INFO:teuthology.orchestra.run.smithi045.stdout:/usr/bin/ceph: stderr
2023-07-20T18:59:47.061+0000 7f3117fff700 1 --2- 172.21.15.45:0/2954404238 >> [v2:172.21.15.45:3300/0,v1:172.21.15.45:6789/0] conn(0x7f311807ad10 0x7f3118079170 secure :-1 s=READY pgs=49 cs=0 l=1 rev1=1 crypto rx=0x7f31080098a0 tx=0x7f3108009bb0 comp rx=0 tx=0).ready entity=mon.0 client_cookie=c77a4beb3e369008 server_cookie=0 in_seq=0 out_seq=0
2023-07-20T18:59:47.955 INFO:teuthology.orchestra.run.smithi045.stdout:/usr/bin/ceph: stderr
2023-07-20T18:59:47.062+0000 7f3116ffd700 1 -- 172.21.15.45:0/2954404238 <== mon.0 v2:172.21.15.45:3300/0 1 ==== mon_map magic: 0 v1 ==== 205+0+0 (secure 0 0 0) 0x7f3108004160 con 0x7f311807ad10
2023-07-20T18:59:47.955 INFO:teuthology.orchestra.run.smithi045.stdout:/usr/bin/ceph: stderr
2023-07-20T18:59:47.062+0000 7f3116ffd700 1 -- 172.21.15.45:0/2954404238 <== mon.0 v2:172.21.15.45:3300/0 2 ==== config(26 keys) v1 ==== 1074+0+0 (secure 0 0 0) 0x7f31080042c0 con 0x7f311807ad10
2023-07-20T18:59:47.955 INFO:teuthology.orchestra.run.smithi045.stdout:/usr/bin/ceph: stderr
2023-07-20T18:59:47.062+0000 7f3116ffd700 1 -- 172.21.15.45:0/2954404238 <== mon.0 v2:172.21.15.45:3300/0 3 ==== mon_map magic: 0 v1 ==== 205+0+0 (secure 0 0 0) 0x7f3108011a00 con 0x7f311807ad10
2023-07-20T18:59:47.955 INFO:teuthology.orchestra.run.smithi045.stdout:/usr/bin/ceph: stderr
2023-07-20T18:59:47.062+0000 7f311e3c7700 1 -- 172.21.15.45:0/2954404238 >> [v2:172.21.15.45:3300/0,v1:172.21.15.45:6789/0] conn(0x7f311807ad10 msgr2=0x7f3118079170 secure :-1 s=STATE_CONNECTION_ESTABLISHED l=1).mark_down
2023-07-20T18:59:47.955 INFO:teuthology.orchestra.run.smithi045.stdout:/usr/bin/ceph: stderr
2023-07-20T18:59:47.062+0000 7f311e3c7700 1 --2- 172.21.15.45:0/2954404238 >> [v2:172.21.15.45:3300/0,v1:172.21.15.45:6789/0] conn(0x7f311807ad10 0x7f3118079170 secure :-1 s=READY pgs=49 cs=0 l=1 rev1=1 crypto rx=0x7f31080098a0 tx=0x7f3108009bb0 comp rx=0 tx=0).stop
2023-07-20T18:59:47.956 INFO:teuthology.orchestra.run.smithi045.stdout:/usr/bin/ceph: stderr
2023-07-20T18:59:47.062+0000 7f311e3c7700 1 -- 172.21.15.45:0/2954404238 shutdown_connections
2023-07-20T18:59:47.956 INFO:teuthology.orchestra.run.smithi045.stdout:/usr/bin/ceph: stderr
2023-07-20T18:59:47.062+0000 7f311e3c7700 1 --2- 172.21.15.45:0/2954404238 >> [v2:172.21.15.45:3300/0,v1:172.21.15.45:6789/0] conn(0x7f311807ad10 0x7f3118079170 unknown :-1 s=CLOSED pgs=49 cs=0 l=1 rev1=1 crypto rx=0 tx=0 comp rx=0 tx=0).stop
2023-07-20T18:59:47.956 INFO:teuthology.orchestra.run.smithi045.stdout:/usr/bin/ceph: stderr
2023-07-20T18:59:47.062+0000 7f311e3c7700 1 -- 172.21.15.45:0/2954404238 >> 172.21.15.45:0/2954404238 conn(0x7f3118101550 msgr2=0x7f31181039d0 unknown :-1 s=STATE_NONE l=0).mark_down
2023-07-20T18:59:47.956 INFO:teuthology.orchestra.run.smithi045.stdout:/usr/bin/ceph: stderr
2023-07-20T18:59:47.062+0000 7f311e3c7700 1 -- 172.21.15.45:0/2954404238 shutdown_connections
2023-07-20T18:59:47.956 INFO:teuthology.orchestra.run.smithi045.stdout:/usr/bin/ceph: stderr
2023-07-20T18:59:47.062+0000 7f311e3c7700 1 -- 172.21.15.45:0/2954404238 wait complete.
2023-07-20T18:59:47.956 INFO:teuthology.orchestra.run.smithi045.stdout:/usr/bin/ceph: stderr
2023-07-20T18:59:47.064+0000 7f311e3c7700 1 Processor -- start
2023-07-20T18:59:47.956 INFO:teuthology.orchestra.run.smithi045.stdout:/usr/bin/ceph: stderr
2023-07-20T18:59:47.064+0000 7f311e3c7700 1 -- start start
2023-07-20T18:59:47.957 INFO:teuthology.orchestra.run.smithi045.stdout:/usr/bin/ceph: stderr
2023-07-20T18:59:47.064+0000 7f311e3c7700 1 --2- >> [v2:172.21.15.45:3300/0,v1:172.21.15.45:6789/0] conn(0x7f311807ad10 0x7f311819bef0 unknown :-1 s=NONE pgs=0 cs=0 l=1 rev1=0 crypto rx=0 tx=0 comp rx=0 tx=0).connect
2023-07-20T18:59:47.957 INFO:teuthology.orchestra.run.smithi045.stdout:/usr/bin/ceph: stderr
2023-07-20T18:59:47.064+0000 7f311e3c7700 1 -- --> [v2:172.21.15.45:3300/0,v1:172.21.15.45:6789/0] -- mon_getmap magic: 0 v1 -- 0x7f311819c430 con 0x7f311807ad10
2023-07-20T18:59:47.957 INFO:teuthology.orchestra.run.smithi045.stdout:/usr/bin/ceph: stderr
2023-07-20T18:59:47.065+0000 7f3117fff700 1 --2- >> [v2:172.21.15.45:3300/0,v1:172.21.15.45:6789/0] conn(0x7f311807ad10 0x7f311819bef0 unknown :-1 s=BANNER_CONNECTING pgs=0 cs=0 l=1 rev1=0 crypto rx=0 tx=0 comp rx=0 tx=0)._handle_peer_banner_payload supported=3 required=0
2023-07-20T18:59:47.957 INFO:teuthology.orchestra.run.smithi045.stdout:/usr/bin/ceph: stderr
2023-07-20T18:59:47.065+0000 7f3117fff700 1 --2- >> [v2:172.21.15.45:3300/0,v1:172.21.15.45:6789/0] conn(0x7f311807ad10 0x7f311819bef0 unknown :-1 s=HELLO_CONNECTING pgs=0 cs=0 l=1 rev1=1 crypto rx=0 tx=0 comp rx=0 tx=0).handle_hello peer v2:172.21.15.45:3300/0 says I am v2:172.21.15.45:52328/0 (socket says 172.21.15.45:52328)
2023-07-20T18:59:47.957 INFO:teuthology.orchestra.run.smithi045.stdout:/usr/bin/ceph: stderr
2023-07-20T18:59:47.065+0000 7f3117fff700 1 -- 172.21.15.45:0/4040588544 learned_addr learned my addr 172.21.15.45:0/4040588544 (peer_addr_for_me v2:172.21.15.45:0/0)
2023-07-20T18:59:47.957 INFO:teuthology.orchestra.run.smithi045.stdout:/usr/bin/ceph: stderr
2023-07-20T18:59:47.065+0000 7f3117fff700 1 -- 172.21.15.45:0/4040588544 --> [v2:172.21.15.45:3300/0,v1:172.21.15.45:6789/0] -- mon_subscribe({config=0+,monmap=0+}) v3 -- 0x7f3108009550 con 0x7f311807ad10
2023-07-20T18:59:47.957 INFO:teuthology.orchestra.run.smithi045.stdout:/usr/bin/ceph: stderr
2023-07-20T18:59:47.065+0000 7f3117fff700 1 --2- 172.21.15.45:0/4040588544 >> [v2:172.21.15.45:3300/0,v1:172.21.15.45:6789/0] conn(0x7f311807ad10 0x7f311819bef0 secure :-1 s=READY pgs=50 cs=0 l=1 rev1=1 crypto rx=0x7f3108006af0 tx=0x7f3108011ad0 comp rx=0 tx=0).ready entity=mon.0 client_cookie=0 server_cookie=0 in_seq=0 out_seq=0
2023-07-20T18:59:47.957 INFO:teuthology.orchestra.run.smithi045.stdout:/usr/bin/ceph: stderr
2023-07-20T18:59:47.066+0000 7f31157fa700 1 -- 172.21.15.45:0/4040588544 <== mon.0 v2:172.21.15.45:3300/0 1 ==== mon_map magic: 0 v1 ==== 205+0+0 (secure 0 0 0) 0x7f3108003a40 con 0x7f311807ad10
2023-07-20T18:59:47.958 INFO:teuthology.orchestra.run.smithi045.stdout:/usr/bin/ceph: stderr
2023-07-20T18:59:47.066+0000 7f311e3c7700 1 -- 172.21.15.45:0/4040588544 --> [v2:172.21.15.45:3300/0,v1:172.21.15.45:6789/0] -- mon_subscribe({mgrmap=0+}) v3 -- 0x7f311819c630 con 0x7f311807ad10
2023-07-20T18:59:47.958 INFO:teuthology.orchestra.run.smithi045.stdout:/usr/bin/ceph: stderr
2023-07-20T18:59:47.066+0000 7f31157fa700 1 -- 172.21.15.45:0/4040588544 <== mon.0 v2:172.21.15.45:3300/0 2 ==== config(26 keys) v1 ==== 1074+0+0 (secure 0 0 0) 0x7f3108003ba0 con 0x7f311807ad10
2023-07-20T18:59:47.958 INFO:teuthology.orchestra.run.smithi045.stdout:/usr/bin/ceph: stderr
2023-07-20T18:59:47.066+0000 7f31157fa700 1 -- 172.21.15.45:0/4040588544 <== mon.0 v2:172.21.15.45:3300/0 3 ==== mon_map magic: 0 v1 ==== 205+0+0 (secure 0 0 0) 0x7f310801a700 con 0x7f311807ad10
2023-07-20T18:59:47.958 INFO:teuthology.orchestra.run.smithi045.stdout:/usr/bin/ceph: stderr
2023-07-20T18:59:47.066+0000 7f311e3c7700 1 -- 172.21.15.45:0/4040588544 --> [v2:172.21.15.45:3300/0,v1:172.21.15.45:6789/0] -- mon_subscribe({osdmap=0}) v3 -- 0x7f311819ca50 con 0x7f311807ad10
2023-07-20T18:59:47.958 INFO:teuthology.orchestra.run.smithi045.stdout:/usr/bin/ceph: stderr
2023-07-20T18:59:47.067+0000 7f31157fa700 1 -- 172.21.15.45:0/4040588544 <== mon.0 v2:172.21.15.45:3300/0 4 ==== mgrmap(e 8) v1 ==== 45483+0+0 (secure 0 0 0) 0x7f3108024ad0 con 0x7f311807ad10
2023-07-20T18:59:47.958 INFO:teuthology.orchestra.run.smithi045.stdout:/usr/bin/ceph: stderr
2023-07-20T18:59:47.067+0000 7f311e3c7700 1 -- 172.21.15.45:0/4040588544 --> [v2:172.21.15.45:3300/0,v1:172.21.15.45:6789/0] -- mon_command({"prefix": "get_command_descriptions"} v 0) v1 -- 0x7f3118061da0 con 0x7f311807ad10
2023-07-20T18:59:47.958 INFO:teuthology.orchestra.run.smithi045.stdout:/usr/bin/ceph: stderr
2023-07-20T18:59:47.067+0000 7f31157fa700 1 --2- 172.21.15.45:0/4040588544 >> [v2:172.21.15.45:6800/3218667172,v1:172.21.15.45:6801/3218667172] conn(0x7f3100038760 0x7f310003ac20 unknown :-1 s=NONE pgs=0 cs=0 l=1 rev1=0 crypto rx=0 tx=0 comp rx=0 tx=0).connect
2023-07-20T18:59:47.958 INFO:teuthology.orchestra.run.smithi045.stdout:/usr/bin/ceph: stderr
2023-07-20T18:59:47.067+0000 7f31157fa700 1 -- 172.21.15.45:0/4040588544 <== mon.0 v2:172.21.15.45:3300/0 5 ==== osd_map(2..2 src has 1..2) v4 ==== 940+0+0 (secure 0 0 0) 0x7f310804c780 con 0x7f311807ad10
2023-07-20T18:59:47.959 INFO:teuthology.orchestra.run.smithi045.stdout:/usr/bin/ceph: stderr
2023-07-20T18:59:47.067+0000 7f31177fe700 1 --2- 172.21.15.45:0/4040588544 >> [v2:172.21.15.45:6800/3218667172,v1:172.21.15.45:6801/3218667172] conn(0x7f3100038760 0x7f310003ac20 unknown :-1 s=BANNER_CONNECTING pgs=0 cs=0 l=1 rev1=0 crypto rx=0 tx=0 comp rx=0 tx=0)._handle_peer_banner_payload supported=3 required=0
2023-07-20T18:59:47.959 INFO:teuthology.orchestra.run.smithi045.stdout:/usr/bin/ceph: stderr
2023-07-20T18:59:47.068+0000 7f31177fe700 1 --2- 172.21.15.45:0/4040588544 >> [v2:172.21.15.45:6800/3218667172,v1:172.21.15.45:6801/3218667172] conn(0x7f3100038760 0x7f310003ac20 secure :-1 s=READY pgs=13 cs=0 l=1 rev1=1 crypto rx=0x7f310c006fd0 tx=0x7f310c006e40 comp rx=0 tx=0).ready entity=mgr.14120 client_cookie=0 server_cookie=0 in_seq=0 out_seq=0
2023-07-20T18:59:47.959 INFO:teuthology.orchestra.run.smithi045.stdout:/usr/bin/ceph: stderr
2023-07-20T18:59:47.072+0000 7f31157fa700 1 -- 172.21.15.45:0/4040588544 <== mon.0 v2:172.21.15.45:3300/0 6 ==== mon_command_ack([{"prefix": "get_command_descriptions"}]=0 v0) v1 ==== 72+0+178025 (secure 0 0 0) 0x7f3108018b80 con 0x7f311807ad10
2023-07-20T18:59:47.959 INFO:teuthology.orchestra.run.smithi045.stdout:/usr/bin/ceph: stderr
2023-07-20T18:59:47.297+0000 7f311e3c7700 1 -- 172.21.15.45:0/4040588544 --> [v2:172.21.15.45:6800/3218667172,v1:172.21.15.45:6801/3218667172] -- mgr_command(tid 0: {"prefix": "orch apply", "service_type": "mgr", "unmanaged": true, "target": ["mon-mgr", ""]}) v1 -- 0x7f31181038c0 con 0x7f3100038760
2023-07-20T18:59:47.959 INFO:teuthology.orchestra.run.smithi045.stdout:/usr/bin/ceph: stderr
2023-07-20T18:59:47.302+0000 7f31157fa700 1 -- 172.21.15.45:0/4040588544 <== mgr.14120 v2:172.21.15.45:6800/3218667172 1 ==== mgr_command_reply(tid 0: 0 ) v1 ==== 8+0+24 (secure 0 0 0) 0x7f31181038c0 con 0x7f3100038760
2023-07-20T18:59:47.959 INFO:teuthology.orchestra.run.smithi045.stdout:/usr/bin/ceph: stderr
2023-07-20T18:59:47.305+0000 7f311e3c7700 1 -- 172.21.15.45:0/4040588544 >> [v2:172.21.15.45:6800/3218667172,v1:172.21.15.45:6801/3218667172] conn(0x7f3100038760 msgr2=0x7f310003ac20 secure :-1 s=STATE_CONNECTION_ESTABLISHED l=1).mark_down
2023-07-20T18:59:47.959 INFO:teuthology.orchestra.run.smithi045.stdout:/usr/bin/ceph: stderr
2023-07-20T18:59:47.305+0000 7f311e3c7700 1 --2- 172.21.15.45:0/4040588544 >> [v2:172.21.15.45:6800/3218667172,v1:172.21.15.45:6801/3218667172] conn(0x7f3100038760 0x7f310003ac20 secure :-1 s=READY pgs=13 cs=0 l=1 rev1=1 crypto rx=0x7f310c006fd0 tx=0x7f310c006e40 comp rx=0 tx=0).stop
2023-07-20T18:59:47.960 INFO:teuthology.orchestra.run.smithi045.stdout:/usr/bin/ceph: stderr
2023-07-20T18:59:47.305+0000 7f311e3c7700 1 -- 172.21.15.45:0/4040588544 >> [v2:172.21.15.45:3300/0,v1:172.21.15.45:6789/0] conn(0x7f311807ad10 msgr2=0x7f311819bef0 secure :-1 s=STATE_CONNECTION_ESTABLISHED l=1).mark_down
2023-07-20T18:59:47.960 INFO:teuthology.orchestra.run.smithi045.stdout:/usr/bin/ceph: stderr
2023-07-20T18:59:47.305+0000 7f311e3c7700 1 --2- 172.21.15.45:0/4040588544 >> [v2:172.21.15.45:3300/0,v1:172.21.15.45:6789/0] conn(0x7f311807ad10 0x7f311819bef0 secure :-1 s=READY pgs=50 cs=0 l=1 rev1=1 crypto rx=0x7f3108006af0 tx=0x7f3108011ad0 comp rx=0 tx=0).stop
2023-07-20T18:59:47.960 INFO:teuthology.orchestra.run.smithi045.stdout:/usr/bin/ceph: stderr
2023-07-20T18:59:47.305+0000 7f311e3c7700 1 -- 172.21.15.45:0/4040588544 shutdown_connections
2023-07-20T18:59:47.960 INFO:teuthology.orchestra.run.smithi045.stdout:/usr/bin/ceph: stderr
2023-07-20T18:59:47.305+0000 7f311e3c7700 1 --2- 172.21.15.45:0/4040588544 >> [v2:172.21.15.45:6800/3218667172,v1:172.21.15.45:6801/3218667172] conn(0x7f3100038760 0x7f310003ac20 secure :-1 s=CLOSED pgs=13 cs=0 l=1 rev1=1 crypto rx=0x7f310c006fd0 tx=0x7f310c006e40 comp rx=0 tx=0).stop
2023-07-20T18:59:47.960 INFO:teuthology.orchestra.run.smithi045.stdout:/usr/bin/ceph: stderr
2023-07-20T18:59:47.305+0000 7f311e3c7700 1 --2- 172.21.15.45:0/4040588544 >> [v2:172.21.15.45:3300/0,v1:172.21.15.45:6789/0] conn(0x7f311807ad10 0x7f311819bef0 unknown :-1 s=CLOSED pgs=50 cs=0 l=1 rev1=1 crypto rx=0 tx=0 comp rx=0 tx=0).stop
2023-07-20T18:59:47.960 INFO:teuthology.orchestra.run.smithi045.stdout:/usr/bin/ceph: stderr
2023-07-20T18:59:47.305+0000 7f311e3c7700 1 -- 172.21.15.45:0/4040588544 >> 172.21.15.45:0/4040588544 conn(0x7f3118101550 msgr2=0x7f3118102ca0 unknown :-1 s=STATE_NONE l=0).mark_down
2023-07-20T18:59:47.960 INFO:teuthology.orchestra.run.smithi045.stdout:/usr/bin/ceph: stderr
2023-07-20T18:59:47.305+0000 7f311e3c7700 1 -- 172.21.15.45:0/4040588544 shutdown_connections
2023-07-20T18:59:47.960 INFO:teuthology.orchestra.run.smithi045.stdout:/usr/bin/ceph: stderr
2023-07-20T18:59:47.305+0000 7f311e3c7700 1 -- 172.21.15.45:0/4040588544 wait complete.
2023-07-20T18:59:48.741 INFO:journalctl@ceph.mon.a.smithi045.stdout:Jul 20 18:59:48 smithi045 ceph-mon[126340]: from='client.14144 -' entity='client.admin' cmd=[{"prefix": "orch apply", "service_type": "mgr", "unmanaged": true, "target": ["mon-mgr", ""]}]: dispatch
2023-07-20T18:59:48.741 INFO:journalctl@ceph.mon.a.smithi045.stdout:Jul 20 18:59:48 smithi045 ceph-mon[126340]: Saving service mgr spec with placement count:2
2023-07-20T18:59:48.742 INFO:journalctl@ceph.mon.a.smithi045.stdout:Jul 20 18:59:48 smithi045 ceph-mon[126340]: from='mgr.14120 172.21.15.45:0/1460666230' entity='mgr.x'
2023-07-20T18:59:48.742 INFO:journalctl@ceph.mon.a.smithi045.stdout:Jul 20 18:59:48 smithi045 ceph-mon[126340]: from='mgr.14120 172.21.15.45:0/1460666230' entity='mgr.x'
2023-07-20T18:59:48.742 INFO:journalctl@ceph.mon.a.smithi045.stdout:Jul 20 18:59:48 smithi045 ceph-mon[126340]: from='mgr.14120 172.21.15.45:0/1460666230' entity='mgr.x'
2023-07-20T18:59:49.441 INFO:teuthology.orchestra.run.smithi045.stdout:/usr/bin/ceph: stderr
2023-07-20T18:59:48.525+0000 7fd4e8ff6700 1 Processor -- start
