2023-07-20T19:00:35.240+0000 7f22d1a18700 1 -- --> [v2:172.21.15.61:3300/0,v1:172.21.15.61:6789/0] -- mon_getmap magic: 0 v1 -- 0x7f22cc1068a0 con 0x7f22cc106a00
2023-07-20T19:00:36.108 INFO:teuthology.orchestra.run.smithi061.stdout:/usr/bin/ceph: stderr
2023-07-20T19:00:35.240+0000 7f22caffd700 1 --2- >> [v2:172.21.15.61:3300/0,v1:172.21.15.61:6789/0] conn(0x7f22cc106a00 0x7f22cc106360 unknown :-1 s=BANNER_CONNECTING pgs=0 cs=0 l=1 rev1=0 crypto rx=0 tx=0 comp rx=0 tx=0)._handle_peer_banner_payload supported=3 required=0
2023-07-20T19:00:36.108 INFO:teuthology.orchestra.run.smithi061.stdout:/usr/bin/ceph: stderr
2023-07-20T19:00:35.240+0000 7f22caffd700 1 --2- >> [v2:172.21.15.61:3300/0,v1:172.21.15.61:6789/0] conn(0x7f22cc106a00 0x7f22cc106360 unknown :-1 s=HELLO_CONNECTING pgs=0 cs=0 l=1 rev1=1 crypto rx=0 tx=0 comp rx=0 tx=0).handle_hello peer v2:172.21.15.61:3300/0 says I am v2:172.21.15.61:57346/0 (socket says 172.21.15.61:57346)
2023-07-20T19:00:36.109 INFO:teuthology.orchestra.run.smithi061.stdout:/usr/bin/ceph: stderr
2023-07-20T19:00:35.240+0000 7f22caffd700 1 -- 172.21.15.61:0/1219649467 learned_addr learned my addr 172.21.15.61:0/1219649467 (peer_addr_for_me v2:172.21.15.61:0/0)
2023-07-20T19:00:36.109 INFO:teuthology.orchestra.run.smithi061.stdout:/usr/bin/ceph: stderr
2023-07-20T19:00:35.240+0000 7f22caffd700 1 -- 172.21.15.61:0/1219649467 --> [v2:172.21.15.61:3300/0,v1:172.21.15.61:6789/0] -- mon_subscribe({config=0+,monmap=0+}) v3 -- 0x7f22c0009550 con 0x7f22cc106a00
2023-07-20T19:00:36.109 INFO:teuthology.orchestra.run.smithi061.stdout:/usr/bin/ceph: stderr
2023-07-20T19:00:35.240+0000 7f22caffd700 1 --2- 172.21.15.61:0/1219649467 >> [v2:172.21.15.61:3300/0,v1:172.21.15.61:6789/0] conn(0x7f22cc106a00 0x7f22cc106360 secure :-1 s=READY pgs=50 cs=0 l=1 rev1=1 crypto rx=0x7f22c0009fb0 tx=0x7f22c0011ad0 comp rx=0 tx=0).ready entity=mon.0 client_cookie=0 server_cookie=0 in_seq=0 out_seq=0
2023-07-20T19:00:36.110 INFO:teuthology.orchestra.run.smithi061.stdout:/usr/bin/ceph: stderr
2023-07-20T19:00:35.240+0000 7f22d0a16700 1 -- 172.21.15.61:0/1219649467 <== mon.0 v2:172.21.15.61:3300/0 1 ==== mon_map magic: 0 v1 ==== 205+0+0 (secure 0 0 0) 0x7f22c0003930 con 0x7f22cc106a00
2023-07-20T19:00:36.110 INFO:teuthology.orchestra.run.smithi061.stdout:/usr/bin/ceph: stderr
2023-07-20T19:00:35.241+0000 7f22d0a16700 1 -- 172.21.15.61:0/1219649467 <== mon.0 v2:172.21.15.61:3300/0 2 ==== config(26 keys) v1 ==== 1074+0+0 (secure 0 0 0) 0x7f22c0003a90 con 0x7f22cc106a00
2023-07-20T19:00:36.110 INFO:teuthology.orchestra.run.smithi061.stdout:/usr/bin/ceph: stderr
2023-07-20T19:00:35.241+0000 7f22d1a18700 1 -- 172.21.15.61:0/1219649467 --> [v2:172.21.15.61:3300/0,v1:172.21.15.61:6789/0] -- mon_subscribe({mgrmap=0+}) v3 -- 0x7f22cc1049b0 con 0x7f22cc106a00
2023-07-20T19:00:36.111 INFO:teuthology.orchestra.run.smithi061.stdout:/usr/bin/ceph: stderr
2023-07-20T19:00:35.241+0000 7f22d0a16700 1 -- 172.21.15.61:0/1219649467 <== mon.0 v2:172.21.15.61:3300/0 3 ==== mon_map magic: 0 v1 ==== 205+0+0 (secure 0 0 0) 0x7f22c0019610 con 0x7f22cc106a00
2023-07-20T19:00:36.111 INFO:teuthology.orchestra.run.smithi061.stdout:/usr/bin/ceph: stderr
2023-07-20T19:00:35.241+0000 7f22d1a18700 1 -- 172.21.15.61:0/1219649467 --> [v2:172.21.15.61:3300/0,v1:172.21.15.61:6789/0] -- mon_subscribe({osdmap=0}) v3 -- 0x7f22cc104dd0 con 0x7f22cc106a00
2023-07-20T19:00:36.111 INFO:teuthology.orchestra.run.smithi061.stdout:/usr/bin/ceph: stderr
2023-07-20T19:00:35.241+0000 7f22d0a16700 1 -- 172.21.15.61:0/1219649467 <== mon.0 v2:172.21.15.61:3300/0 4 ==== mgrmap(e 8) v1 ==== 45483+0+0 (secure 0 0 0) 0x7f22c00198d0 con 0x7f22cc106a00
2023-07-20T19:00:36.111 INFO:teuthology.orchestra.run.smithi061.stdout:/usr/bin/ceph: stderr
2023-07-20T19:00:35.242+0000 7f22d0a16700 1 --2- 172.21.15.61:0/1219649467 >> [v2:172.21.15.61:6800/2098378944,v1:172.21.15.61:6801/2098378944] conn(0x7f22b40386c0 0x7f22b403ab80 unknown :-1 s=NONE pgs=0 cs=0 l=1 rev1=0 crypto rx=0 tx=0 comp rx=0 tx=0).connect
2023-07-20T19:00:36.112 INFO:teuthology.orchestra.run.smithi061.stdout:/usr/bin/ceph: stderr
2023-07-20T19:00:35.242+0000 7f22d0a16700 1 -- 172.21.15.61:0/1219649467 <== mon.0 v2:172.21.15.61:3300/0 5 ==== osd_map(2..2 src has 1..2) v4 ==== 940+0+0 (secure 0 0 0) 0x7f22c004c8f0 con 0x7f22cc106a00
2023-07-20T19:00:36.112 INFO:teuthology.orchestra.run.smithi061.stdout:/usr/bin/ceph: stderr
2023-07-20T19:00:35.242+0000 7f22ca7fc700 1 --2- 172.21.15.61:0/1219649467 >> [v2:172.21.15.61:6800/2098378944,v1:172.21.15.61:6801/2098378944] conn(0x7f22b40386c0 0x7f22b403ab80 unknown :-1 s=BANNER_CONNECTING pgs=0 cs=0 l=1 rev1=0 crypto rx=0 tx=0 comp rx=0 tx=0)._handle_peer_banner_payload supported=3 required=0
2023-07-20T19:00:36.112 INFO:teuthology.orchestra.run.smithi061.stdout:/usr/bin/ceph: stderr
2023-07-20T19:00:35.242+0000 7f22d1a18700 1 -- 172.21.15.61:0/1219649467 --> [v2:172.21.15.61:3300/0,v1:172.21.15.61:6789/0] -- mon_command({"prefix": "get_command_descriptions"} v 0) v1 -- 0x7f22cc10a0d0 con 0x7f22cc106a00
2023-07-20T19:00:36.112 INFO:teuthology.orchestra.run.smithi061.stdout:/usr/bin/ceph: stderr
2023-07-20T19:00:35.242+0000 7f22ca7fc700 1 --2- 172.21.15.61:0/1219649467 >> [v2:172.21.15.61:6800/2098378944,v1:172.21.15.61:6801/2098378944] conn(0x7f22b40386c0 0x7f22b403ab80 secure :-1 s=READY pgs=13 cs=0 l=1 rev1=1 crypto rx=0x7f22bc006fd0 tx=0x7f22bc006e40 comp rx=0 tx=0).ready entity=mgr.14120 client_cookie=0 server_cookie=0 in_seq=0 out_seq=0
2023-07-20T19:00:36.113 INFO:teuthology.orchestra.run.smithi061.stdout:/usr/bin/ceph: stderr
2023-07-20T19:00:35.247+0000 7f22d0a16700 1 -- 172.21.15.61:0/1219649467 <== mon.0 v2:172.21.15.61:3300/0 6 ==== mon_command_ack([{"prefix": "get_command_descriptions"}]=0 v0) v1 ==== 72+0+178025 (secure 0 0 0) 0x7f22c0019bd0 con 0x7f22cc106a00
2023-07-20T19:00:36.113 INFO:teuthology.orchestra.run.smithi061.stdout:/usr/bin/ceph: stderr
2023-07-20T19:00:35.287+0000 7f22d0a16700 1 -- 172.21.15.61:0/1219649467 <== mon.0 v2:172.21.15.61:3300/0 7 ==== config(26 keys) v1 ==== 1105+0+0 (secure 0 0 0) 0x7f22c0020ec0 con 0x7f22cc106a00
2023-07-20T19:00:36.113 INFO:teuthology.orchestra.run.smithi061.stdout:/usr/bin/ceph: stderr
2023-07-20T19:00:35.638+0000 7f22d1a18700 1 -- 172.21.15.61:0/1219649467 --> [v2:172.21.15.61:6800/2098378944,v1:172.21.15.61:6801/2098378944] -- mgr_command(tid 0: {"prefix": "orch apply", "service_type": "mgr", "unmanaged": true, "target": ["mon-mgr", ""]}) v1 -- 0x7f22cc1018b0 con 0x7f22b40386c0
2023-07-20T19:00:36.113 INFO:teuthology.orchestra.run.smithi061.stdout:/usr/bin/ceph: stderr
2023-07-20T19:00:35.647+0000 7f22d0a16700 1 -- 172.21.15.61:0/1219649467 <== mgr.14120 v2:172.21.15.61:6800/2098378944 1 ==== mgr_command_reply(tid 0: 0 ) v1 ==== 8+0+24 (secure 0 0 0) 0x7f22cc1018b0 con 0x7f22b40386c0
2023-07-20T19:00:36.114 INFO:teuthology.orchestra.run.smithi061.stdout:/usr/bin/ceph: stderr
2023-07-20T19:00:35.650+0000 7f22d1a18700 1 -- 172.21.15.61:0/1219649467 >> [v2:172.21.15.61:6800/2098378944,v1:172.21.15.61:6801/2098378944] conn(0x7f22b40386c0 msgr2=0x7f22b403ab80 secure :-1 s=STATE_CONNECTION_ESTABLISHED l=1).mark_down
2023-07-20T19:00:36.114 INFO:teuthology.orchestra.run.smithi061.stdout:/usr/bin/ceph: stderr
2023-07-20T19:00:35.650+0000 7f22d1a18700 1 --2- 172.21.15.61:0/1219649467 >> [v2:172.21.15.61:6800/2098378944,v1:172.21.15.61:6801/2098378944] conn(0x7f22b40386c0 0x7f22b403ab80 secure :-1 s=READY pgs=13 cs=0 l=1 rev1=1 crypto rx=0x7f22bc006fd0 tx=0x7f22bc006e40 comp rx=0 tx=0).stop
2023-07-20T19:00:36.114 INFO:teuthology.orchestra.run.smithi061.stdout:/usr/bin/ceph: stderr
2023-07-20T19:00:35.650+0000 7f22d1a18700 1 -- 172.21.15.61:0/1219649467 >> [v2:172.21.15.61:3300/0,v1:172.21.15.61:6789/0] conn(0x7f22cc106a00 msgr2=0x7f22cc106360 secure :-1 s=STATE_CONNECTION_ESTABLISHED l=1).mark_down
2023-07-20T19:00:36.114 INFO:teuthology.orchestra.run.smithi061.stdout:/usr/bin/ceph: stderr
2023-07-20T19:00:35.650+0000 7f22d1a18700 1 --2- 172.21.15.61:0/1219649467 >> [v2:172.21.15.61:3300/0,v1:172.21.15.61:6789/0] conn(0x7f22cc106a00 0x7f22cc106360 secure :-1 s=READY pgs=50 cs=0 l=1 rev1=1 crypto rx=0x7f22c0009fb0 tx=0x7f22c0011ad0 comp rx=0 tx=0).stop
2023-07-20T19:00:36.115 INFO:teuthology.orchestra.run.smithi061.stdout:/usr/bin/ceph: stderr
2023-07-20T19:00:35.650+0000 7f22d1a18700 1 -- 172.21.15.61:0/1219649467 shutdown_connections
2023-07-20T19:00:36.115 INFO:teuthology.orchestra.run.smithi061.stdout:/usr/bin/ceph: stderr
2023-07-20T19:00:35.650+0000 7f22d1a18700 1 --2- 172.21.15.61:0/1219649467 >> [v2:172.21.15.61:6800/2098378944,v1:172.21.15.61:6801/2098378944] conn(0x7f22b40386c0 0x7f22b403ab80 unknown :-1 s=CLOSED pgs=13 cs=0 l=1 rev1=1 crypto rx=0 tx=0 comp rx=0 tx=0).stop
2023-07-20T19:00:36.115 INFO:teuthology.orchestra.run.smithi061.stdout:/usr/bin/ceph: stderr
2023-07-20T19:00:35.650+0000 7f22d1a18700 1 --2- 172.21.15.61:0/1219649467 >> [v2:172.21.15.61:3300/0,v1:172.21.15.61:6789/0] conn(0x7f22cc106a00 0x7f22cc106360 unknown :-1 s=CLOSED pgs=50 cs=0 l=1 rev1=1 crypto rx=0 tx=0 comp rx=0 tx=0).stop
2023-07-20T19:00:36.115 INFO:teuthology.orchestra.run.smithi061.stdout:/usr/bin/ceph: stderr
2023-07-20T19:00:35.650+0000 7f22d1a18700 1 -- 172.21.15.61:0/1219649467 >> 172.21.15.61:0/1219649467 conn(0x7f22cc100430 msgr2=0x7f22cc1011a0 unknown :-1 s=STATE_NONE l=0).mark_down
2023-07-20T19:00:36.116 INFO:teuthology.orchestra.run.smithi061.stdout:/usr/bin/ceph: stderr
2023-07-20T19:00:35.650+0000 7f22d1a18700 1 -- 172.21.15.61:0/1219649467 shutdown_connections
2023-07-20T19:00:36.116 INFO:teuthology.orchestra.run.smithi061.stdout:/usr/bin/ceph: stderr
2023-07-20T19:00:35.650+0000 7f22d1a18700 1 -- 172.21.15.61:0/1219649467 wait complete.
2023-07-20T19:00:36.339 INFO:journalctl@ceph.mon.a.smithi061.stdout:Jul 20 19:00:36 smithi061 ceph-mon[127454]: from='mgr.14120 172.21.15.61:0/658828746' entity='mgr.x'
2023-07-20T19:00:36.339 INFO:journalctl@ceph.mon.a.smithi061.stdout:Jul 20 19:00:36 smithi061 ceph-mon[127454]: from='mgr.14120 172.21.15.61:0/658828746' entity='mgr.x'
2023-07-20T19:00:36.339 INFO:journalctl@ceph.mon.a.smithi061.stdout:Jul 20 19:00:36 smithi061 ceph-mon[127454]: from='mgr.14120 172.21.15.61:0/658828746' entity='mgr.x'
2023-07-20T19:00:37.446 INFO:teuthology.orchestra.run.smithi061.stdout:/usr/bin/ceph: stderr
2023-07-20T19:00:36.506+0000 7f85ff284700 1 Processor -- start
2023-07-20T19:00:37.447 INFO:teuthology.orchestra.run.smithi061.stdout:/usr/bin/ceph: stderr
2023-07-20T19:00:36.507+0000 7f85ff284700 1 -- start start
2023-07-20T19:00:37.447 INFO:teuthology.orchestra.run.smithi061.stdout:/usr/bin/ceph: stderr
2023-07-20T19:00:36.507+0000 7f85ff284700 1 --2- >> [v2:172.21.15.61:3300/0,v1:172.21.15.61:6789/0] conn(0x7f85f8104840 0x7f85f8104c60 unknown :-1 s=NONE pgs=0 cs=0 l=0 rev1=0 crypto rx=0 tx=0 comp rx=0 tx=0).connect
2023-07-20T19:00:37.447 INFO:teuthology.orchestra.run.smithi061.stdout:/usr/bin/ceph: stderr
2023-07-20T19:00:36.507+0000 7f85ff284700 1 -- --> [v2:172.21.15.61:3300/0,v1:172.21.15.61:6789/0] -- mon_getmap magic: 0 v1 -- 0x7f85f8079e30 con 0x7f85f8104840
2023-07-20T19:00:37.447 INFO:teuthology.orchestra.run.smithi061.stdout:/usr/bin/ceph: stderr
2023-07-20T19:00:36.507+0000 7f85fd020700 1 --2- >> [v2:172.21.15.61:3300/0,v1:172.21.15.61:6789/0] conn(0x7f85f8104840 0x7f85f8104c60 unknown :-1 s=BANNER_CONNECTING pgs=0 cs=0 l=0 rev1=0 crypto rx=0 tx=0 comp rx=0 tx=0)._handle_peer_banner_payload supported=3 required=0
2023-07-20T19:00:37.447 INFO:teuthology.orchestra.run.smithi061.stdout:/usr/bin/ceph: stderr
2023-07-20T19:00:36.507+0000 7f85fd020700 1 --2- >> [v2:172.21.15.61:3300/0,v1:172.21.15.61:6789/0] conn(0x7f85f8104840 0x7f85f8104c60 unknown :-1 s=HELLO_CONNECTING pgs=0 cs=0 l=0 rev1=1 crypto rx=0 tx=0 comp rx=0 tx=0).handle_hello peer v2:172.21.15.61:3300/0 says I am v2:172.21.15.61:57350/0 (socket says 172.21.15.61:57350)
2023-07-20T19:00:37.447 INFO:teuthology.orchestra.run.smithi061.stdout:/usr/bin/ceph: stderr
2023-07-20T19:00:36.507+0000 7f85fd020700 1 -- 172.21.15.61:0/1957899698 learned_addr learned my addr 172.21.15.61:0/1957899698 (peer_addr_for_me v2:172.21.15.61:0/0)
2023-07-20T19:00:37.447 INFO:teuthology.orchestra.run.smithi061.stdout:/usr/bin/ceph: stderr
2023-07-20T19:00:36.507+0000 7f85fd020700 1 -- 172.21.15.61:0/1957899698 --> [v2:172.21.15.61:3300/0,v1:172.21.15.61:6789/0] -- mon_subscribe({config=0+,monmap=0+}) v3 -- 0x7f85f81051a0 con 0x7f85f8104840
2023-07-20T19:00:37.448 INFO:teuthology.orchestra.run.smithi061.stdout:/usr/bin/ceph: stderr
2023-07-20T19:00:36.507+0000 7f85fd020700 1 --2- 172.21.15.61:0/1957899698 >> [v2:172.21.15.61:3300/0,v1:172.21.15.61:6789/0] conn(0x7f85f8104840 0x7f85f8104c60 secure :-1 s=READY pgs=51 cs=0 l=1 rev1=1 crypto rx=0x7f85f40098a0 tx=0x7f85f4009bb0 comp rx=0 tx=0).ready entity=mon.0 client_cookie=260309748ab80377 server_cookie=0 in_seq=0 out_seq=0
2023-07-20T19:00:37.448 INFO:teuthology.orchestra.run.smithi061.stdout:/usr/bin/ceph: stderr
2023-07-20T19:00:36.508+0000 7f85effff700 1 -- 172.21.15.61:0/1957899698 <== mon.0 v2:172.21.15.61:3300/0 1 ==== mon_map magic: 0 v1 ==== 205+0+0 (secure 0 0 0) 0x7f85f4004160 con 0x7f85f8104840
2023-07-20T19:00:37.448 INFO:teuthology.orchestra.run.smithi061.stdout:/usr/bin/ceph: stderr
2023-07-20T19:00:36.508+0000 7f85effff700 1 -- 172.21.15.61:0/1957899698 <== mon.0 v2:172.21.15.61:3300/0 2 ==== config(26 keys) v1 ==== 1105+0+0 (secure 0 0 0) 0x7f85f40042c0 con 0x7f85f8104840
2023-07-20T19:00:37.448 INFO:teuthology.orchestra.run.smithi061.stdout:/usr/bin/ceph: stderr
2023-07-20T19:00:36.508+0000 7f85effff700 1 -- 172.21.15.61:0/1957899698 <== mon.0 v2:172.21.15.61:3300/0 3 ==== mon_map magic: 0 v1 ==== 205+0+0 (secure 0 0 0) 0x7f85f40119b0 con 0x7f85f8104840
2023-07-20T19:00:37.448 INFO:teuthology.orchestra.run.smithi061.stdout:/usr/bin/ceph: stderr
2023-07-20T19:00:36.508+0000 7f85ff284700 1 -- 172.21.15.61:0/1957899698 >> [v2:172.21.15.61:3300/0,v1:172.21.15.61:6789/0] conn(0x7f85f8104840 msgr2=0x7f85f8104c60 secure :-1 s=STATE_CONNECTION_ESTABLISHED l=1).mark_down
2023-07-20T19:00:37.448 INFO:teuthology.orchestra.run.smithi061.stdout:/usr/bin/ceph: stderr
2023-07-20T19:00:36.508+0000 7f85ff284700 1 --2- 172.21.15.61:0/1957899698 >> [v2:172.21.15.61:3300/0,v1:172.21.15.61:6789/0] conn(0x7f85f8104840 0x7f85f8104c60 secure :-1 s=READY pgs=51 cs=0 l=1 rev1=1 crypto rx=0x7f85f40098a0 tx=0x7f85f4009bb0 comp rx=0 tx=0).stop
2023-07-20T19:00:37.448 INFO:teuthology.orchestra.run.smithi061.stdout:/usr/bin/ceph: stderr
2023-07-20T19:00:36.508+0000 7f85ff284700 1 -- 172.21.15.61:0/1957899698 shutdown_connections
2023-07-20T19:00:37.449 INFO:teuthology.orchestra.run.smithi061.stdout:/usr/bin/ceph: stderr
2023-07-20T19:00:36.508+0000 7f85ff284700 1 --2- 172.21.15.61:0/1957899698 >> [v2:172.21.15.61:3300/0,v1:172.21.15.61:6789/0] conn(0x7f85f8104840 0x7f85f8104c60 unknown :-1 s=CLOSED pgs=51 cs=0 l=1 rev1=1 crypto rx=0 tx=0 comp rx=0 tx=0).stop
2023-07-20T19:00:37.449 INFO:teuthology.orchestra.run.smithi061.stdout:/usr/bin/ceph: stderr
2023-07-20T19:00:36.508+0000 7f85ff284700 1 -- 172.21.15.61:0/1957899698 >> 172.21.15.61:0/1957899698 conn(0x7f85f8100400 msgr2=0x7f85f8102840 unknown :-1 s=STATE_NONE l=0).mark_down
2023-07-20T19:00:37.449 INFO:teuthology.orchestra.run.smithi061.stdout:/usr/bin/ceph: stderr
2023-07-20T19:00:36.508+0000 7f85ff284700 1 -- 172.21.15.61:0/1957899698 shutdown_connections
2023-07-20T19:00:37.449 INFO:teuthology.orchestra.run.smithi061.stdout:/usr/bin/ceph: stderr
2023-07-20T19:00:36.508+0000 7f85ff284700 1 -- 172.21.15.61:0/1957899698 wait complete.
2023-07-20T19:00:37.449 INFO:teuthology.orchestra.run.smithi061.stdout:/usr/bin/ceph: stderr
2023-07-20T19:00:36.509+0000 7f85ff284700 1 Processor -- start
2023-07-20T19:00:37.449 INFO:teuthology.orchestra.run.smithi061.stdout:/usr/bin/ceph: stderr
2023-07-20T19:00:36.509+0000 7f85ff284700 1 -- start start
2023-07-20T19:00:37.449 INFO:teuthology.orchestra.run.smithi061.stdout:/usr/bin/ceph: stderr
2023-07-20T19:00:36.509+0000 7f85ff284700 1 --2- >> [v2:172.21.15.61:3300/0,v1:172.21.15.61:6789/0] conn(0x7f85f8104840 0x7f85f819be40 unknown :-1 s=NONE pgs=0 cs=0 l=1 rev1=0 crypto rx=0 tx=0 comp rx=0 tx=0).connect
2023-07-20T19:00:37.450 INFO:teuthology.orchestra.run.smithi061.stdout:/usr/bin/ceph: stderr
2023-07-20T19:00:36.509+0000 7f85ff284700 1 -- --> [v2:172.21.15.61:3300/0,v1:172.21.15.61:6789/0] -- mon_getmap magic: 0 v1 -- 0x7f85f819c380 con 0x7f85f8104840
2023-07-20T19:00:37.450 INFO:teuthology.orchestra.run.smithi061.stdout:/usr/bin/ceph: stderr
2023-07-20T19:00:36.509+0000 7f85fd020700 1 --2- >> [v2:172.21.15.61:3300/0,v1:172.21.15.61:6789/0] conn(0x7f85f8104840 0x7f85f819be40 unknown :-1 s=BANNER_CONNECTING pgs=0 cs=0 l=1 rev1=0 crypto rx=0 tx=0 comp rx=0 tx=0)._handle_peer_banner_payload supported=3 required=0
2023-07-20T19:00:37.451 INFO:teuthology.orchestra.run.smithi061.stdout:/usr/bin/ceph: stderr
2023-07-20T19:00:36.509+0000 7f85fd020700 1 --2- >> [v2:172.21.15.61:3300/0,v1:172.21.15.61:6789/0] conn(0x7f85f8104840 0x7f85f819be40 unknown :-1 s=HELLO_CONNECTING pgs=0 cs=0 l=1 rev1=1 crypto rx=0 tx=0 comp rx=0 tx=0).handle_hello peer v2:172.21.15.61:3300/0 says I am v2:172.21.15.61:57352/0 (socket says 172.21.15.61:57352)
2023-07-20T19:00:37.451 INFO:teuthology.orchestra.run.smithi061.stdout:/usr/bin/ceph: stderr
2023-07-20T19:00:36.509+0000 7f85fd020700 1 -- 172.21.15.61:0/3434290898 learned_addr learned my addr 172.21.15.61:0/3434290898 (peer_addr_for_me v2:172.21.15.61:0/0)
2023-07-20T19:00:37.452 INFO:teuthology.orchestra.run.smithi061.stdout:/usr/bin/ceph: stderr
2023-07-20T19:00:36.510+0000 7f85fd020700 1 -- 172.21.15.61:0/3434290898 --> [v2:172.21.15.61:3300/0,v1:172.21.15.61:6789/0] -- mon_subscribe({config=0+,monmap=0+}) v3 -- 0x7f85f4009550 con 0x7f85f8104840
2023-07-20T19:00:37.452 INFO:teuthology.orchestra.run.smithi061.stdout:/usr/bin/ceph: stderr
2023-07-20T19:00:36.510+0000 7f85fd020700 1 --2- 172.21.15.61:0/3434290898 >> [v2:172.21.15.61:3300/0,v1:172.21.15.61:6789/0] conn(0x7f85f8104840 0x7f85f819be40 secure :-1 s=READY pgs=52 cs=0 l=1 rev1=1 crypto rx=0x7f85f4006af0 tx=0x7f85f4011a10 comp rx=0 tx=0).ready entity=mon.0 client_cookie=0 server_cookie=0 in_seq=0 out_seq=0
2023-07-20T19:00:37.452 INFO:teuthology.orchestra.run.smithi061.stdout:/usr/bin/ceph: stderr
2023-07-20T19:00:36.510+0000 7f85ee7fc700 1 -- 172.21.15.61:0/3434290898 <== mon.0 v2:172.21.15.61:3300/0 1 ==== mon_map magic: 0 v1 ==== 205+0+0 (secure 0 0 0) 0x7f85f4003a40 con 0x7f85f8104840
2023-07-20T19:00:37.453 INFO:teuthology.orchestra.run.smithi061.stdout:/usr/bin/ceph: stderr
2023-07-20T19:00:36.510+0000 7f85ff284700 1 -- 172.21.15.61:0/3434290898 --> [v2:172.21.15.61:3300/0,v1:172.21.15.61:6789/0] -- mon_subscribe({mgrmap=0+}) v3 -- 0x7f85f819c580 con 0x7f85f8104840
2023-07-20T19:00:37.453 INFO:teuthology.orchestra.run.smithi061.stdout:/usr/bin/ceph: stderr
2023-07-20T19:00:36.510+0000 7f85ee7fc700 1 -- 172.21.15.61:0/3434290898 <== mon.0 v2:172.21.15.61:3300/0 2 ==== config(26 keys) v1 ==== 1105+0+0 (secure 0 0 0) 0x7f85f4003ba0 con 0x7f85f8104840
2023-07-20T19:00:37.453 INFO:teuthology.orchestra.run.smithi061.stdout:/usr/bin/ceph: stderr
2023-07-20T19:00:36.510+0000 7f85ee7fc700 1 -- 172.21.15.61:0/3434290898 <== mon.0 v2:172.21.15.61:3300/0 3 ==== mon_map magic: 0 v1 ==== 205+0+0 (secure 0 0 0) 0x7f85f40196c0 con 0x7f85f8104840
2023-07-20T19:00:37.453 INFO:teuthology.orchestra.run.smithi061.stdout:/usr/bin/ceph: stderr
2023-07-20T19:00:36.510+0000 7f85ff284700 1 -- 172.21.15.61:0/3434290898 --> [v2:172.21.15.61:3300/0,v1:172.21.15.61:6789/0] -- mon_subscribe({osdmap=0}) v3 -- 0x7f85f819c9a0 con 0x7f85f8104840
2023-07-20T19:00:37.454 INFO:teuthology.orchestra.run.smithi061.stdout:/usr/bin/ceph: stderr
2023-07-20T19:00:36.511+0000 7f85ee7fc700 1 -- 172.21.15.61:0/3434290898 <== mon.0 v2:172.21.15.61:3300/0 4 ==== mgrmap(e 8) v1 ==== 45483+0+0 (secure 0 0 0) 0x7f85f4019980 con 0x7f85f8104840
2023-07-20T19:00:37.454 INFO:teuthology.orchestra.run.smithi061.stdout:/usr/bin/ceph: stderr
2023-07-20T19:00:36.511+0000 7f85ee7fc700 1 --2- 172.21.15.61:0/3434290898 >> [v2:172.21.15.61:6800/2098378944,v1:172.21.15.61:6801/2098378944] conn(0x7f85e40386c0 0x7f85e403ab80 unknown :-1 s=NONE pgs=0 cs=0 l=1 rev1=0 crypto rx=0 tx=0 comp rx=0 tx=0).connect
2023-07-20T19:00:37.454 INFO:teuthology.orchestra.run.smithi061.stdout:/usr/bin/ceph: stderr
2023-07-20T19:00:36.511+0000 7f85ee7fc700 1 -- 172.21.15.61:0/3434290898 <== mon.0 v2:172.21.15.61:3300/0 5 ==== osd_map(2..2 src has 1..2) v4 ==== 940+0+0 (secure 0 0 0) 0x7f85f404c6b0 con 0x7f85f8104840
2023-07-20T19:00:37.454 INFO:teuthology.orchestra.run.smithi061.stdout:/usr/bin/ceph: stderr
2023-07-20T19:00:36.511+0000 7f85ff284700 1 -- 172.21.15.61:0/3434290898 --> [v2:172.21.15.61:3300/0,v1:172.21.15.61:6789/0] -- mon_command({"prefix": "get_command_descriptions"} v 0) v1 -- 0x7f85f81956c0 con 0x7f85f8104840
2023-07-20T19:00:37.455 INFO:teuthology.orchestra.run.smithi061.stdout:/usr/bin/ceph: stderr
2023-07-20T19:00:36.511+0000 7f85fc81f700 1 --2- 172.21.15.61:0/3434290898 >> [v2:172.21.15.61:6800/2098378944,v1:172.21.15.61:6801/2098378944] conn(0x7f85e40386c0 0x7f85e403ab80 unknown :-1 s=BANNER_CONNECTING pgs=0 cs=0 l=1 rev1=0 crypto rx=0 tx=0 comp rx=0 tx=0)._handle_peer_banner_payload supported=3 required=0
2023-07-20T19:00:37.455 INFO:teuthology.orchestra.run.smithi061.stdout:/usr/bin/ceph: stderr
2023-07-20T19:00:36.512+0000 7f85fc81f700 1 --2- 172.21.15.61:0/3434290898 >> [v2:172.21.15.61:6800/2098378944,v1:172.21.15.61:6801/2098378944] conn(0x7f85e40386c0 0x7f85e403ab80 secure :-1 s=READY pgs=14 cs=0 l=1 rev1=1 crypto rx=0x7f85e8006fd0 tx=0x7f85e8006e40 comp rx=0 tx=0).ready entity=mgr.14120 client_cookie=0 server_cookie=0 in_seq=0 out_seq=0
2023-07-20T19:00:37.456 INFO:teuthology.orchestra.run.smithi061.stdout:/usr/bin/ceph: stderr
2023-07-20T19:00:36.518+0000 7f85ee7fc700 1 -- 172.21.15.61:0/3434290898 <== mon.0 v2:172.21.15.61:3300/0 6 ==== mon_command_ack([{"prefix": "get_command_descriptions"}]=0 v0) v1 ==== 72+0+178025 (secure 0 0 0) 0x7f85f40243f0 con 0x7f85f8104840
2023-07-20T19:00:37.456 INFO:teuthology.orchestra.run.smithi061.stdout:/usr/bin/ceph: stderr
2023-07-20T19:00:36.884+0000 7f85ff284700 1 -- 172.21.15.61:0/3434290898 --> [v2:172.21.15.61:3300/0,v1:172.21.15.61:6789/0] -- mon_command([{prefix=config set, name=mgr/cephadm/container_init}] v 0) v1 -- 0x7f85f8061da0 con 0x7f85f8104840
2023-07-20T19:00:37.456 INFO:teuthology.orchestra.run.smithi061.stdout:/usr/bin/ceph: stderr
2023-07-20T19:00:36.887+0000 7f85ee7fc700 1 -- 172.21.15.61:0/3434290898 <== mon.0 v2:172.21.15.61:3300/0 7 ==== mon_command_ack([{prefix=config set, name=mgr/cephadm/container_init}]=0 v7)=0 v7) v1 ==== 142+0+0 (secure 0 0 0) 0x7f85f404a020 con 0x7f85f8104840
2023-07-20T19:00:37.456 INFO:teuthology.orchestra.run.smithi061.stdout:/usr/bin/ceph: stderr
2023-07-20T19:00:36.890+0000 7f85ff284700 1 -- 172.21.15.61:0/3434290898 >> [v2:172.21.15.61:6800/2098378944,v1:172.21.15.61:6801/2098378944] conn(0x7f85e40386c0 msgr2=0x7f85e403ab80 secure :-1 s=STATE_CONNECTION_ESTABLISHED l=1).mark_down
2023-07-20T19:00:37.457 INFO:teuthology.orchestra.run.smithi061.stdout:/usr/bin/ceph: stderr
2023-07-20T19:00:36.890+0000 7f85ff284700 1 --2- 172.21.15.61:0/3434290898 >> [v2:172.21.15.61:6800/2098378944,v1:172.21.15.61:6801/2098378944] conn(0x7f85e40386c0 0x7f85e403ab80 secure :-1 s=READY pgs=14 cs=0 l=1 rev1=1 crypto rx=0x7f85e8006fd0 tx=0x7f85e8006e40 comp rx=0 tx=0).stop
2023-07-20T19:00:37.457 INFO:teuthology.orchestra.run.smithi061.stdout:/usr/bin/ceph: stderr
2023-07-20T19:00:36.890+0000 7f85ff284700 1 -- 172.21.15.61:0/3434290898 >> [v2:172.21.15.61:3300/0,v1:172.21.15.61:6789/0] conn(0x7f85f8104840 msgr2=0x7f85f819be40 secure :-1 s=STATE_CONNECTION_ESTABLISHED l=1).mark_down
2023-07-20T19:00:37.457 INFO:teuthology.orchestra.run.smithi061.stdout:/usr/bin/ceph: stderr
2023-07-20T19:00:36.890+0000 7f85ff284700 1 --2- 172.21.15.61:0/3434290898 >> [v2:172.21.15.61:3300/0,v1:172.21.15.61:6789/0] conn(0x7f85f8104840 0x7f85f819be40 secure :-1 s=READY pgs=52 cs=0 l=1 rev1=1 crypto rx=0x7f85f4006af0 tx=0x7f85f4011a10 comp rx=0 tx=0).stop
2023-07-20T19:00:37.458 INFO:teuthology.orchestra.run.smithi061.stdout:/usr/bin/ceph: stderr
2023-07-20T19:00:36.890+0000 7f85ff284700 1 -- 172.21.15.61:0/3434290898 shutdown_connections
2023-07-20T19:00:37.458 INFO:teuthology.orchestra.run.smithi061.stdout:/usr/bin/ceph: stderr
2023-07-20T19:00:36.890+0000 7f85ff284700 1 --2- 172.21.15.61:0/3434290898 >> [v2:172.21.15.61:6800/2098378944,v1:172.21.15.61:6801/2098378944] conn(0x7f85e40386c0 0x7f85e403ab80 unknown :-1 s=CLOSED pgs=14 cs=0 l=1 rev1=1 crypto rx=0 tx=0 comp rx=0 tx=0).stop
2023-07-20T19:00:37.458 INFO:teuthology.orchestra.run.smithi061.stdout:/usr/bin/ceph: stderr
2023-07-20T19:00:36.890+0000 7f85ff284700 1 --2- 172.21.15.61:0/3434290898 >> [v2:172.21.15.61:3300/0,v1:172.21.15.61:6789/0] conn(0x7f85f8104840 0x7f85f819be40 unknown :-1 s=CLOSED pgs=52 cs=0 l=1 rev1=1 crypto rx=0 tx=0 comp rx=0 tx=0).stop
2023-07-20T19:00:37.458 INFO:teuthology.orchestra.run.smithi061.stdout:/usr/bin/ceph: stderr
2023-07-20T19:00:36.890+0000 7f85ff284700 1 -- 172.21.15.61:0/3434290898 >> 172.21.15.61:0/3434290898 conn(0x7f85f8100400 msgr2=0x7f85f8190400 unknown :-1 s=STATE_NONE l=0).mark_down
2023-07-20T19:00:37.459 INFO:teuthology.orchestra.run.smithi061.stdout:/usr/bin/ceph: stderr
2023-07-20T19:00:36.890+0000 7f85ff284700 1 -- 172.21.15.61:0/3434290898 shutdown_connections
2023-07-20T19:00:37.459 INFO:teuthology.orchestra.run.smithi061.stdout:/usr/bin/ceph: stderr
2023-07-20T19:00:36.890+0000 7f85ff284700 1 -- 172.21.15.61:0/3434290898 wait complete.
2023-07-20T19:00:37.652 INFO:journalctl@ceph.mon.a.smithi061.stdout:Jul 20 19:00:37 smithi061 ceph-mon[127454]: from='client.14144 -' entity='client.admin' cmd=[{"prefix": "orch apply", "service_type": "mgr", "unmanaged": true, "target": ["mon-mgr", ""]}]: dispatch
2023-07-20T19:00:37.653 INFO:journalctl@ceph.mon.a.smithi061.stdout:Jul 20 19:00:37 smithi061 ceph-mon[127454]: Saving service mgr spec with placement count:2
2023-07-20T19:00:37.653 INFO:journalctl@ceph.mon.a.smithi061.stdout:Jul 20 19:00:37 smithi061 ceph-mon[127454]: from='client.? 172.21.15.61:0/3434290898' entity='client.admin'
2023-07-20T19:00:38.591 INFO:teuthology.orchestra.run.smithi061.stdout:/usr/bin/ceph: stderr
2023-07-20T19:00:37.889+0000 7ff1bef91700 1 Processor -- start
2023-07-20T19:00:38.592 INFO:teuthology.orchestra.run.smithi061.stdout:/usr/bin/ceph: stderr
2023-07-20T19:00:37.889+0000 7ff1bef91700 1 -- start start
2023-07-20T19:00:38.592 INFO:teuthology.orchestra.run.smithi061.stdout:/usr/bin/ceph: stderr
2023-07-20T19:00:37.889+0000 7ff1bef91700 1 --2- >> [v2:172.21.15.61:3300/0,v1:172.21.15.61:6789/0] conn(0x7ff1b8104840 0x7ff1b8104c60 unknown :-1 s=NONE pgs=0 cs=0 l=0 rev1=0 crypto rx=0 tx=0 comp rx=0 tx=0).connect
2023-07-20T19:00:38.592 INFO:teuthology.orchestra.run.smithi061.stdout:/usr/bin/ceph: stderr
2023-07-20T19:00:37.889+0000 7ff1bef91700 1 -- --> [v2:172.21.15.61:3300/0,v1:172.21.15.61:6789/0] -- mon_getmap magic: 0 v1 -- 0x7ff1b8079e30 con 0x7ff1b8104840
2023-07-20T19:00:38.592 INFO:teuthology.orchestra.run.smithi061.stdout:/usr/bin/ceph: stderr
2023-07-20T19:00:37.890+0000 7ff1bcd2d700 1 --2- >> [v2:172.21.15.61:3300/0,v1:172.21.15.61:6789/0] conn(0x7ff1b8104840 0x7ff1b8104c60 unknown :-1 s=BANNER_CONNECTING pgs=0 cs=0 l=0 rev1=0 crypto rx=0 tx=0 comp rx=0 tx=0)._handle_peer_banner_payload supported=3 required=0
2023-07-20T19:00:38.592 INFO:teuthology.orchestra.run.smithi061.stdout:/usr/bin/ceph: stderr
2023-07-20T19:00:37.890+0000 7ff1bcd2d700 1 --2- >> [v2:172.21.15.61:3300/0,v1:172.21.15.61:6789/0] conn(0x7ff1b8104840 0x7ff1b8104c60 unknown :-1 s=HELLO_CONNECTING pgs=0 cs=0 l=0 rev1=1 crypto rx=0 tx=0 comp rx=0 tx=0).handle_hello peer v2:172.21.15.61:3300/0 says I am v2:172.21.15.61:57356/0 (socket says 172.21.15.61:57356)
2023-07-20T19:00:38.593 INFO:teuthology.orchestra.run.smithi061.stdout:/usr/bin/ceph: stderr
2023-07-20T19:00:37.890+0000 7ff1bcd2d700 1 -- 172.21.15.61:0/442476228 learned_addr learned my addr 172.21.15.61:0/442476228 (peer_addr_for_me v2:172.21.15.61:0/0)
2023-07-20T19:00:38.593 INFO:teuthology.orchestra.run.smithi061.stdout:/usr/bin/ceph: stderr
2023-07-20T19:00:37.890+0000 7ff1bcd2d700 1 -- 172.21.15.61:0/442476228 --> [v2:172.21.15.61:3300/0,v1:172.21.15.61:6789/0] -- mon_subscribe({config=0+,monmap=0+}) v3 -- 0x7ff1b81051a0 con 0x7ff1b8104840
2023-07-20T19:00:38.593 INFO:teuthology.orchestra.run.smithi061.stdout:/usr/bin/ceph: stderr
2023-07-20T19:00:37.890+0000 7ff1bcd2d700 1 --2- 172.21.15.61:0/442476228 >> [v2:172.21.15.61:3300/0,v1:172.21.15.61:6789/0] conn(0x7ff1b8104840 0x7ff1b8104c60 secure :-1 s=READY pgs=53 cs=0 l=1 rev1=1 crypto rx=0x7ff1ac0098a0 tx=0x7ff1ac009bb0 comp rx=0 tx=0).ready entity=mon.0 client_cookie=be1078fddeafc392 server_cookie=0 in_seq=0 out_seq=0
2023-07-20T19:00:38.593 INFO:teuthology.orchestra.run.smithi061.stdout:/usr/bin/ceph: stderr
2023-07-20T19:00:37.891+0000 7ff1b77fe700 1 -- 172.21.15.61:0/442476228 <== mon.0 v2:172.21.15.61:3300/0 1 ==== mon_map magic: 0 v1 ==== 205+0+0 (secure 0 0 0) 0x7ff1ac004160 con 0x7ff1b8104840
2023-07-20T19:00:38.593 INFO:teuthology.orchestra.run.smithi061.stdout:/usr/bin/ceph: stderr
2023-07-20T19:00:37.891+0000 7ff1b77fe700 1 -- 172.21.15.61:0/442476228 <== mon.0 v2:172.21.15.61:3300/0 2 ==== config(26 keys) v1 ==== 1105+0+0 (secure 0 0 0) 0x7ff1ac0042c0 con 0x7ff1b8104840
2023-07-20T19:00:38.593 INFO:teuthology.orchestra.run.smithi061.stdout:/usr/bin/ceph: stderr
2023-07-20T19:00:37.891+0000 7ff1b77fe700 1 -- 172.21.15.61:0/442476228 <== mon.0 v2:172.21.15.61:3300/0 3 ==== mon_map magic: 0 v1 ==== 205+0+0 (secure 0 0 0) 0x7ff1ac0119b0 con 0x7ff1b8104840
2023-07-20T19:00:38.593 INFO:teuthology.orchestra.run.smithi061.stdout:/usr/bin/ceph: stderr
2023-07-20T19:00:37.891+0000 7ff1bef91700 1 -- 172.21.15.61:0/442476228 >> [v2:172.21.15.61:3300/0,v1:172.21.15.61:6789/0] conn(0x7ff1b8104840 msgr2=0x7ff1b8104c60 secure :-1 s=STATE_CONNECTION_ESTABLISHED l=1).mark_down
2023-07-20T19:00:38.593 INFO:teuthology.orchestra.run.smithi061.stdout:/usr/bin/ceph: stderr
2023-07-20T19:00:37.891+0000 7ff1bef91700 1 --2- 172.21.15.61:0/442476228 >> [v2:172.21.15.61:3300/0,v1:172.21.15.61:6789/0] conn(0x7ff1b8104840 0x7ff1b8104c60 secure :-1 s=READY pgs=53 cs=0 l=1 rev1=1 crypto rx=0x7ff1ac0098a0 tx=0x7ff1ac009bb0 comp rx=0 tx=0).stop
2023-07-20T19:00:38.594 INFO:teuthology.orchestra.run.smithi061.stdout:/usr/bin/ceph: stderr
2023-07-20T19:00:37.891+0000 7ff1bef91700 1 -- 172.21.15.61:0/442476228 shutdown_connections
2023-07-20T19:00:38.594 INFO:teuthology.orchestra.run.smithi061.stdout:/usr/bin/ceph: stderr
2023-07-20T19:00:37.891+0000 7ff1bef91700 1 --2- 172.21.15.61:0/442476228 >> [v2:172.21.15.61:3300/0,v1:172.21.15.61:6789/0] conn(0x7ff1b8104840 0x7ff1b8104c60 unknown :-1 s=CLOSED pgs=53 cs=0 l=1 rev1=1 crypto rx=0 tx=0 comp rx=0 tx=0).stop
2023-07-20T19:00:38.594 INFO:teuthology.orchestra.run.smithi061.stdout:/usr/bin/ceph: stderr
2023-07-20T19:00:37.891+0000 7ff1bef91700 1 -- 172.21.15.61:0/442476228 >> 172.21.15.61:0/442476228 conn(0x7ff1b8100400 msgr2=0x7ff1b8102840 unknown :-1 s=STATE_NONE l=0).mark_down
2023-07-20T19:00:38.594 INFO:teuthology.orchestra.run.smithi061.stdout:/usr/bin/ceph: stderr
2023-07-20T19:00:37.891+0000 7ff1bef91700 1 -- 172.21.15.61:0/442476228 shutdown_connections
2023-07-20T19:00:38.594 INFO:teuthology.orchestra.run.smithi061.stdout:/usr/bin/ceph: stderr
2023-07-20T19:00:37.891+0000 7ff1bef91700 1 -- 172.21.15.61:0/442476228 wait complete.
2023-07-20T19:00:38.594 INFO:teuthology.orchestra.run.smithi061.stdout:/usr/bin/ceph: stderr
2023-07-20T19:00:37.892+0000 7ff1bef91700 1 Processor -- start
2023-07-20T19:00:38.594 INFO:teuthology.orchestra.run.smithi061.stdout:/usr/bin/ceph: stderr
2023-07-20T19:00:37.892+0000 7ff1bef91700 1 -- start start
2023-07-20T19:00:38.594 INFO:teuthology.orchestra.run.smithi061.stdout:/usr/bin/ceph: stderr
2023-07-20T19:00:37.892+0000 7ff1bef91700 1 --2- >> [v2:172.21.15.61:3300/0,v1:172.21.15.61:6789/0] conn(0x7ff1b8104840 0x7ff1b819be80 unknown :-1 s=NONE pgs=0 cs=0 l=1 rev1=0 crypto rx=0 tx=0 comp rx=0 tx=0).connect
2023-07-20T19:00:38.595 INFO:teuthology.orchestra.run.smithi061.stdout:/usr/bin/ceph: stderr
2023-07-20T19:00:37.892+0000 7ff1bef91700 1 -- --> [v2:172.21.15.61:3300/0,v1:172.21.15.61:6789/0] -- mon_getmap magic: 0 v1 -- 0x7ff1b819c3c0 con 0x7ff1b8104840
2023-07-20T19:00:38.595 INFO:teuthology.orchestra.run.smithi061.stdout:/usr/bin/ceph: stderr
2023-07-20T19:00:37.892+0000 7ff1bcd2d700 1 --2- >> [v2:172.21.15.61:3300/0,v1:172.21.15.61:6789/0] conn(0x7ff1b8104840 0x7ff1b819be80 unknown :-1 s=BANNER_CONNECTING pgs=0 cs=0 l=1 rev1=0 crypto rx=0 tx=0 comp rx=0 tx=0)._handle_peer_banner_payload supported=3 required=0
2023-07-20T19:00:38.595 INFO:teuthology.orchestra.run.smithi061.stdout:/usr/bin/ceph: stderr
2023-07-20T19:00:37.892+0000 7ff1bcd2d700 1 --2- >> [v2:172.21.15.61:3300/0,v1:172.21.15.61:6789/0] conn(0x7ff1b8104840 0x7ff1b819be80 unknown :-1 s=HELLO_CONNECTING pgs=0 cs=0 l=1 rev1=1 crypto rx=0 tx=0 comp rx=0 tx=0).handle_hello peer v2:172.21.15.61:3300/0 says I am v2:172.21.15.61:57358/0 (socket says 172.21.15.61:57358)
2023-07-20T19:00:38.595 INFO:teuthology.orchestra.run.smithi061.stdout:/usr/bin/ceph: stderr
2023-07-20T19:00:37.892+0000 7ff1bcd2d700 1 -- 172.21.15.61:0/1846508022 learned_addr learned my addr 172.21.15.61:0/1846508022 (peer_addr_for_me v2:172.21.15.61:0/0)
2023-07-20T19:00:38.595 INFO:teuthology.orchestra.run.smithi061.stdout:/usr/bin/ceph: stderr
2023-07-20T19:00:37.893+0000 7ff1bcd2d700 1 -- 172.21.15.61:0/1846508022 --> [v2:172.21.15.61:3300/0,v1:172.21.15.61:6789/0] -- mon_subscribe({config=0+,monmap=0+}) v3 -- 0x7ff1ac009550 con 0x7ff1b8104840
2023-07-20T19:00:38.595 INFO:teuthology.orchestra.run.smithi061.stdout:/usr/bin/ceph: stderr
2023-07-20T19:00:37.893+0000 7ff1bcd2d700 1 --2- 172.21.15.61:0/1846508022 >> [v2:172.21.15.61:3300/0,v1:172.21.15.61:6789/0] conn(0x7ff1b8104840 0x7ff1b819be80 secure :-1 s=READY pgs=54 cs=0 l=1 rev1=1 crypto rx=0x7ff1ac006af0 tx=0x7ff1ac011a10 comp rx=0 tx=0).ready entity=mon.0 client_cookie=0 server_cookie=0 in_seq=0 out_seq=0
2023-07-20T19:00:38.595 INFO:teuthology.orchestra.run.smithi061.stdout:/usr/bin/ceph: stderr
2023-07-20T19:00:37.893+0000 7ff1b5ffb700 1 -- 172.21.15.61:0/1846508022 <== mon.0 v2:172.21.15.61:3300/0 1 ==== mon_map magic: 0 v1 ==== 205+0+0 (secure 0 0 0) 0x7ff1ac003a40 con 0x7ff1b8104840
2023-07-20T19:00:38.596 INFO:teuthology.orchestra.run.smithi061.stdout:/usr/bin/ceph: stderr
2023-07-20T19:00:37.893+0000 7ff1b5ffb700 1 -- 172.21.15.61:0/1846508022 <== mon.0 v2:172.21.15.61:3300/0 2 ==== config(26 keys) v1 ==== 1105+0+0 (secure 0 0 0) 0x7ff1ac003ba0 con 0x7ff1b8104840
2023-07-20T19:00:38.596 INFO:teuthology.orchestra.run.smithi061.stdout:/usr/bin/ceph: stderr
2023-07-20T19:00:37.893+0000 7ff1bef91700 1 -- 172.21.15.61:0/1846508022 --> [v2:172.21.15.61:3300/0,v1:172.21.15.61:6789/0] -- mon_subscribe({mgrmap=0+}) v3 -- 0x7ff1b819c5c0 con 0x7ff1b8104840
2023-07-20T19:00:38.596 INFO:teuthology.orchestra.run.smithi061.stdout:/usr/bin/ceph: stderr
2023-07-20T19:00:37.893+0000 7ff1b5ffb700 1 -- 172.21.15.61:0/1846508022 <== mon.0 v2:172.21.15.61:3300/0 3 ==== mon_map magic: 0 v1 ==== 205+0+0 (secure 0 0 0) 0x7ff1ac0196c0 con 0x7ff1b8104840
2023-07-20T19:00:38.596 INFO:teuthology.orchestra.run.smithi061.stdout:/usr/bin/ceph: stderr
2023-07-20T19:00:37.893+0000 7ff1bef91700 1 -- 172.21.15.61:0/1846508022 --> [v2:172.21.15.61:3300/0,v1:172.21.15.61:6789/0] -- mon_subscribe({osdmap=0}) v3 -- 0x7ff1b819c9e0 con 0x7ff1b8104840
2023-07-20T19:00:38.596 INFO:teuthology.orchestra.run.smithi061.stdout:/usr/bin/ceph: stderr
2023-07-20T19:00:37.894+0000 7ff1b5ffb700 1 -- 172.21.15.61:0/1846508022 <== mon.0 v2:172.21.15.61:3300/0 4 ==== mgrmap(e 8) v1 ==== 45483+0+0 (secure 0 0 0) 0x7ff1ac019930 con 0x7ff1b8104840
2023-07-20T19:00:38.596 INFO:teuthology.orchestra.run.smithi061.stdout:/usr/bin/ceph: stderr
2023-07-20T19:00:37.894+0000 7ff1bef91700 1 -- 172.21.15.61:0/1846508022 --> [v2:172.21.15.61:3300/0,v1:172.21.15.61:6789/0] -- mon_command({"prefix": "get_command_descriptions"} v 0) v1 -- 0x7ff1b8195730 con 0x7ff1b8104840
2023-07-20T19:00:38.596 INFO:teuthology.orchestra.run.smithi061.stdout:/usr/bin/ceph: stderr
2023-07-20T19:00:37.895+0000 7ff1b5ffb700 1 --2- 172.21.15.61:0/1846508022 >> [v2:172.21.15.61:6800/2098378944,v1:172.21.15.61:6801/2098378944] conn(0x7ff1a8038710 0x7ff1a803abd0 unknown :-1 s=NONE pgs=0 cs=0 l=1 rev1=0 crypto rx=0 tx=0 comp rx=0 tx=0).connect
2023-07-20T19:00:38.596 INFO:teuthology.orchestra.run.smithi061.stdout:/usr/bin/ceph: stderr
2023-07-20T19:00:37.895+0000 7ff1b5ffb700 1 -- 172.21.15.61:0/1846508022 <== mon.0 v2:172.21.15.61:3300/0 5 ==== osd_map(2..2 src has 1..2) v4 ==== 940+0+0 (secure 0 0 0) 0x7ff1ac04c970 con 0x7ff1b8104840
2023-07-20T19:00:38.597 INFO:teuthology.orchestra.run.smithi061.stdout:/usr/bin/ceph: stderr
2023-07-20T19:00:37.895+0000 7ff1b7fff700 1 --2- 172.21.15.61:0/1846508022 >> [v2:172.21.15.61:6800/2098378944,v1:172.21.15.61:6801/2098378944] conn(0x7ff1a8038710 0x7ff1a803abd0 unknown :-1 s=BANNER_CONNECTING pgs=0 cs=0 l=1 rev1=0 crypto rx=0 tx=0 comp rx=0 tx=0)._handle_peer_banner_payload supported=3 required=0
2023-07-20T19:00:38.597 INFO:teuthology.orchestra.run.smithi061.stdout:/usr/bin/ceph: stderr
2023-07-20T19:00:37.895+0000 7ff1b7fff700 1 --2- 172.21.15.61:0/1846508022 >> [v2:172.21.15.61:6800/2098378944,v1:172.21.15.61:6801/2098378944] conn(0x7ff1a8038710 0x7ff1a803abd0 secure :-1 s=READY pgs=15 cs=0 l=1 rev1=1 crypto rx=0x7ff1a4006fd0 tx=0x7ff1a4006e40 comp rx=0 tx=0).ready entity=mgr.14120 client_cookie=0 server_cookie=0 in_seq=0 out_seq=0
2023-07-20T19:00:38.597 INFO:teuthology.orchestra.run.smithi061.stdout:/usr/bin/ceph: stderr
2023-07-20T19:00:37.900+0000 7ff1b5ffb700 1 -- 172.21.15.61:0/1846508022 <== mon.0 v2:172.21.15.61:3300/0 6 ==== mon_command_ack([{"prefix": "get_command_descriptions"}]=0 v0) v1 ==== 72+0+178025 (secure 0 0 0) 0x7ff1ac01aa80 con 0x7ff1b8104840
2023-07-20T19:00:38.597 INFO:teuthology.orchestra.run.smithi061.stdout:/usr/bin/ceph: stderr
2023-07-20T19:00:38.263+0000 7ff1bef91700 1 -- 172.21.15.61:0/1846508022 --> [v2:172.21.15.61:3300/0,v1:172.21.15.61:6789/0] -- mon_command([{prefix=config set, name=mgr/dashboard/ssl_server_port}] v 0) v1 -- 0x7ff1b802c970 con 0x7ff1b8104840
2023-07-20T19:00:38.597 INFO:teuthology.orchestra.run.smithi061.stdout:/usr/bin/ceph: stderr
2023-07-20T19:00:38.269+0000 7ff1b5ffb700 1 -- 172.21.15.61:0/1846508022 <== mon.0 v2:172.21.15.61:3300/0 7 ==== mon_command_ack([{prefix=config set, name=mgr/dashboard/ssl_server_port}]=0 v8)=0 v8) v1 ==== 130+0+0 (secure 0 0 0) 0x7ff1ac01aa80 con 0x7ff1b8104840
2023-07-20T19:00:38.597 INFO:teuthology.orchestra.run.smithi061.stdout:/usr/bin/ceph: stderr
2023-07-20T19:00:38.271+0000 7ff1bef91700 1 -- 172.21.15.61:0/1846508022 >> [v2:172.21.15.61:6800/2098378944,v1:172.21.15.61:6801/2098378944] conn(0x7ff1a8038710 msgr2=0x7ff1a803abd0 secure :-1 s=STATE_CONNECTION_ESTABLISHED l=1).mark_down
2023-07-20T19:00:38.597 INFO:teuthology.orchestra.run.smithi061.stdout:/usr/bin/ceph: stderr
2023-07-20T19:00:38.271+0000 7ff1bef91700 1 --2- 172.21.15.61:0/1846508022 >> [v2:172.21.15.61:6800/2098378944,v1:172.21.15.61:6801/2098378944] conn(0x7ff1a8038710 0x7ff1a803abd0 secure :-1 s=READY pgs=15 cs=0 l=1 rev1=1 crypto rx=0x7ff1a4006fd0 tx=0x7ff1a4006e40 comp rx=0 tx=0).stop
2023-07-20T19:00:38.598 INFO:teuthology.orchestra.run.smithi061.stdout:/usr/bin/ceph: stderr
2023-07-20T19:00:38.271+0000 7ff1bef91700 1 -- 172.21.15.61:0/1846508022 >> [v2:172.21.15.61:3300/0,v1:172.21.15.61:6789/0] conn(0x7ff1b8104840 msgr2=0x7ff1b819be80 secure :-1 s=STATE_CONNECTION_ESTABLISHED l=1).mark_down
2023-07-20T19:00:38.598 INFO:teuthology.orchestra.run.smithi061.stdout:/usr/bin/ceph: stderr
2023-07-20T19:00:38.271+0000 7ff1bef91700 1 --2- 172.21.15.61:0/1846508022 >> [v2:172.21.15.61:3300/0,v1:172.21.15.61:6789/0] conn(0x7ff1b8104840 0x7ff1b819be80 secure :-1 s=READY pgs=54 cs=0 l=1 rev1=1 crypto rx=0x7ff1ac006af0 tx=0x7ff1ac011a10 comp rx=0 tx=0).stop
2023-07-20T19:00:38.598 INFO:teuthology.orchestra.run.smithi061.stdout:/usr/bin/ceph: stderr
2023-07-20T19:00:38.272+0000 7ff1bef91700 1 -- 172.21.15.61:0/1846508022 shutdown_connections
2023-07-20T19:00:38.598 INFO:teuthology.orchestra.run.smithi061.stdout:/usr/bin/ceph: stderr
2023-07-20T19:00:38.272+0000 7ff1bef91700 1 --2- 172.21.15.61:0/1846508022 >> [v2:172.21.15.61:6800/2098378944,v1:172.21.15.61:6801/2098378944] conn(0x7ff1a8038710 0x7ff1a803abd0 unknown :-1 s=CLOSED pgs=15 cs=0 l=1 rev1=1 crypto rx=0 tx=0 comp rx=0 tx=0).stop
2023-07-20T19:00:38.598 INFO:teuthology.orchestra.run.smithi061.stdout:/usr/bin/ceph: stderr
2023-07-20T19:00:38.272+0000 7ff1bef91700 1 --2- 172.21.15.61:0/1846508022 >> [v2:172.21.15.61:3300/0,v1:172.21.15.61:6789/0] conn(0x7ff1b8104840 0x7ff1b819be80 secure :-1 s=CLOSED pgs=54 cs=0 l=1 rev1=1 crypto rx=0x7ff1ac006af0 tx=0x7ff1ac011a10 comp rx=0 tx=0).stop
2023-07-20T19:00:38.598 INFO:teuthology.orchestra.run.smithi061.stdout:/usr/bin/ceph: stderr
2023-07-20T19:00:38.272+0000 7ff1bef91700 1 -- 172.21.15.61:0/1846508022 >> 172.21.15.61:0/1846508022 conn(0x7ff1b8100400 msgr2=0x7ff1b8190400 unknown :-1 s=STATE_NONE l=0).mark_down
2023-07-20T19:00:38.598 INFO:teuthology.orchestra.run.smithi061.stdout:/usr/bin/ceph: stderr
2023-07-20T19:00:38.272+0000 7ff1bef91700 1 -- 172.21.15.61:0/1846508022 shutdown_connections
2023-07-20T19:00:38.598 INFO:teuthology.orchestra.run.smithi061.stdout:/usr/bin/ceph: stderr
2023-07-20T19:00:38.272+0000 7ff1bef91700 1 -- 172.21.15.61:0/1846508022 wait complete.
2023-07-20T19:00:38.599 INFO:teuthology.orchestra.run.smithi061.stdout:Enabling the dashboard module...
2023-07-20T19:00:38.617 INFO:journalctl@ceph.mon.a.smithi061.stdout:Jul 20 19:00:38 smithi061 ceph-mon[127454]: from='mgr.14120 172.21.15.61:0/658828746' entity='mgr.x'
2023-07-20T19:00:38.618 INFO:journalctl@ceph.mon.a.smithi061.stdout:Jul 20 19:00:38 smithi061 ceph-mon[127454]: from='client.? 172.21.15.61:0/1846508022' entity='client.admin'
2023-07-20T19:00:38.618 INFO:journalctl@ceph.mon.a.smithi061.stdout:Jul 20 19:00:38 smithi061 ceph-mon[127454]: from='mgr.14120 172.21.15.61:0/658828746' entity='mgr.x'
2023-07-20T19:00:39.713 INFO:journalctl@ceph.mon.a.smithi061.stdout:Jul 20 19:00:39 smithi061 ceph-mon[127454]: from='client.? 172.21.15.61:0/409513998' entity='client.admin' cmd=[{"prefix": "mgr module enable", "module": "dashboard"}]: dispatch
2023-07-20T19:00:39.714 INFO:journalctl@ceph.mgr.x.smithi061.stdout:Jul 20 19:00:39 smithi061 ceph-7541eb30-272f-11ee-9b34-001a4aab830c-mgr-x[127704]: ignoring --setuser ceph since I am not root
2023-07-20T19:00:39.714 INFO:journalctl@ceph.mgr.x.smithi061.stdout:Jul 20 19:00:39 smithi061 ceph-7541eb30-272f-11ee-9b34-001a4aab830c-mgr-x[127704]: ignoring --setgroup ceph since I am not root
2023-07-20T19:00:40.014 INFO:journalctl@ceph.mgr.x.smithi061.stdout:Jul 20 19:00:39 smithi061 ceph-7541eb30-272f-11ee-9b34-001a4aab830c-mgr-x[127704]:
2023-07-20T19:00:39.753+0000 7f7f331f1200 -1 mgr[py] Module devicehealth has missing NOTIFY_TYPES member
2023-07-20T19:00:40.014 INFO:journalctl@ceph.mgr.x.smithi061.stdout:Jul 20 19:00:39 smithi061 ceph-7541eb30-272f-11ee-9b34-001a4aab830c-mgr-x[127704]:
2023-07-20T19:00:39.851+0000 7f7f331f1200 -1 mgr[py] Module osd_support has missing NOTIFY_TYPES member
2023-07-20T19:00:40.046 INFO:teuthology.orchestra.run.smithi061.stdout:/usr/bin/ceph: stderr
2023-07-20T19:00:39.009+0000 7fc1f0ac8700 1 Processor -- start
2023-07-20T19:00:40.046 INFO:teuthology.orchestra.run.smithi061.stdout:/usr/bin/ceph: stderr
2023-07-20T19:00:39.009+0000 7fc1f0ac8700 1 -- start start
2023-07-20T19:00:40.046 INFO:teuthology.orchestra.run.smithi061.stdout:/usr/bin/ceph: stderr
2023-07-20T19:00:39.009+0000 7fc1f0ac8700 1 --2- >> [v2:172.21.15.61:3300/0,v1:172.21.15.61:6789/0] conn(0x7fc1ec106440 0x7fc1ec106860 unknown :-1 s=NONE pgs=0 cs=0 l=0 rev1=0 crypto rx=0 tx=0 comp rx=0 tx=0).connect
2023-07-20T19:00:40.046 INFO:teuthology.orchestra.run.smithi061.stdout:/usr/bin/ceph: stderr
2023-07-20T19:00:39.009+0000 7fc1f0ac8700 1 -- --> [v2:172.21.15.61:3300/0,v1:172.21.15.61:6789/0] -- mon_getmap magic: 0 v1 -- 0x7fc1ec106e30 con 0x7fc1ec106440
2023-07-20T19:00:40.046 INFO:teuthology.orchestra.run.smithi061.stdout:/usr/bin/ceph: stderr
2023-07-20T19:00:39.010+0000 7fc1ea59c700 1 --2- >> [v2:172.21.15.61:3300/0,v1:172.21.15.61:6789/0] conn(0x7fc1ec106440 0x7fc1ec106860 unknown :-1 s=BANNER_CONNECTING pgs=0 cs=0 l=0 rev1=0 crypto rx=0 tx=0 comp rx=0 tx=0)._handle_peer_banner_payload supported=3 required=0
2023-07-20T19:00:40.046 INFO:teuthology.orchestra.run.smithi061.stdout:/usr/bin/ceph: stderr
2023-07-20T19:00:39.010+0000 7fc1ea59c700 1 --2- >> [v2:172.21.15.61:3300/0,v1:172.21.15.61:6789/0] conn(0x7fc1ec106440 0x7fc1ec106860 unknown :-1 s=HELLO_CONNECTING pgs=0 cs=0 l=0 rev1=1 crypto rx=0 tx=0 comp rx=0 tx=0).handle_hello peer v2:172.21.15.61:3300/0 says I am v2:172.21.15.61:57362/0 (socket says 172.21.15.61:57362)
2023-07-20T19:00:40.047 INFO:teuthology.orchestra.run.smithi061.stdout:/usr/bin/ceph: stderr
2023-07-20T19:00:39.010+0000 7fc1ea59c700 1 -- 172.21.15.61:0/112318937 learned_addr learned my addr 172.21.15.61:0/112318937 (peer_addr_for_me v2:172.21.15.61:0/0)
2023-07-20T19:00:40.047 INFO:teuthology.orchestra.run.smithi061.stdout:/usr/bin/ceph: stderr
2023-07-20T19:00:39.010+0000 7fc1ea59c700 1 -- 172.21.15.61:0/112318937 --> [v2:172.21.15.61:3300/0,v1:172.21.15.61:6789/0] -- mon_subscribe({config=0+,monmap=0+}) v3 -- 0x7fc1ec106f70 con 0x7fc1ec106440
2023-07-20T19:00:40.047 INFO:teuthology.orchestra.run.smithi061.stdout:/usr/bin/ceph: stderr
2023-07-20T19:00:39.010+0000 7fc1ea59c700 1 --2- 172.21.15.61:0/112318937 >> [v2:172.21.15.61:3300/0,v1:172.21.15.61:6789/0] conn(0x7fc1ec106440 0x7fc1ec106860 secure :-1 s=READY pgs=55 cs=0 l=1 rev1=1 crypto rx=0x7fc1e40098a0 tx=0x7fc1e4009bb0 comp rx=0 tx=0).ready entity=mon.0 client_cookie=aede3a2dc404da36 server_cookie=0 in_seq=0 out_seq=0
2023-07-20T19:00:40.047 INFO:teuthology.orchestra.run.smithi061.stdout:/usr/bin/ceph: stderr
2023-07-20T19:00:39.011+0000 7fc1e959a700 1 -- 172.21.15.61:0/112318937 <== mon.0 v2:172.21.15.61:3300/0 1 ==== mon_map magic: 0 v1 ==== 205+0+0 (secure 0 0 0) 0x7fc1e4004160 con 0x7fc1ec106440
2023-07-20T19:00:40.047 INFO:teuthology.orchestra.run.smithi061.stdout:/usr/bin/ceph: stderr
2023-07-20T19:00:39.011+0000 7fc1e959a700 1 -- 172.21.15.61:0/112318937 <== mon.0 v2:172.21.15.61:3300/0 2 ==== config(26 keys) v1 ==== 1105+0+0 (secure 0 0 0) 0x7fc1e40042c0 con 0x7fc1ec106440
2023-07-20T19:00:40.047 INFO:teuthology.orchestra.run.smithi061.stdout:/usr/bin/ceph: stderr
2023-07-20T19:00:39.011+0000 7fc1e959a700 1 -- 172.21.15.61:0/112318937 <== mon.0 v2:172.21.15.61:3300/0 3 ==== mon_map magic: 0 v1 ==== 205+0+0 (secure 0 0 0) 0x7fc1e40119b0 con 0x7fc1ec106440
2023-07-20T19:00:40.047 INFO:teuthology.orchestra.run.smithi061.stdout:/usr/bin/ceph: stderr
2023-07-20T19:00:39.011+0000 7fc1f0ac8700 1 -- 172.21.15.61:0/112318937 >> [v2:172.21.15.61:3300/0,v1:172.21.15.61:6789/0] conn(0x7fc1ec106440 msgr2=0x7fc1ec106860 secure :-1 s=STATE_CONNECTION_ESTABLISHED l=1).mark_down
2023-07-20T19:00:40.048 INFO:teuthology.orchestra.run.smithi061.stdout:/usr/bin/ceph: stderr
2023-07-20T19:00:39.011+0000 7fc1f0ac8700 1 --2- 172.21.15.61:0/112318937 >> [v2:172.21.15.61:3300/0,v1:172.21.15.61:6789/0] conn(0x7fc1ec106440 0x7fc1ec106860 secure :-1 s=READY pgs=55 cs=0 l=1 rev1=1 crypto rx=0x7fc1e40098a0 tx=0x7fc1e4009bb0 comp rx=0 tx=0).stop
2023-07-20T19:00:40.048 INFO:teuthology.orchestra.run.smithi061.stdout:/usr/bin/ceph: stderr
2023-07-20T19:00:39.012+0000 7fc1f0ac8700 1 -- 172.21.15.61:0/112318937 shutdown_connections
2023-07-20T19:00:40.048 INFO:teuthology.orchestra.run.smithi061.stdout:/usr/bin/ceph: stderr
2023-07-20T19:00:39.012+0000 7fc1f0ac8700 1 --2- 172.21.15.61:0/112318937 >> [v2:172.21.15.61:3300/0,v1:172.21.15.61:6789/0] conn(0x7fc1ec106440 0x7fc1ec106860 unknown :-1 s=CLOSED pgs=55 cs=0 l=1 rev1=1 crypto rx=0 tx=0 comp rx=0 tx=0).stop
2023-07-20T19:00:40.048 INFO:teuthology.orchestra.run.smithi061.stdout:/usr/bin/ceph: stderr
2023-07-20T19:00:39.012+0000 7fc1f0ac8700 1 -- 172.21.15.61:0/112318937 >> 172.21.15.61:0/112318937 conn(0x7fc1ec0ffbc0 msgr2=0x7fc1ec101fe0 unknown :-1 s=STATE_NONE l=0).mark_down
2023-07-20T19:00:40.048 INFO:teuthology.orchestra.run.smithi061.stdout:/usr/bin/ceph: stderr
2023-07-20T19:00:39.012+0000 7fc1f0ac8700 1 -- 172.21.15.61:0/112318937 shutdown_connections
2023-07-20T19:00:40.048 INFO:teuthology.orchestra.run.smithi061.stdout:/usr/bin/ceph: stderr
2023-07-20T19:00:39.012+0000 7fc1f0ac8700 1 -- 172.21.15.61:0/112318937 wait complete.
2023-07-20T19:00:40.048 INFO:teuthology.orchestra.run.smithi061.stdout:/usr/bin/ceph: stderr
2023-07-20T19:00:39.013+0000 7fc1f0ac8700 1 Processor -- start
2023-07-20T19:00:40.049 INFO:teuthology.orchestra.run.smithi061.stdout:/usr/bin/ceph: stderr
2023-07-20T19:00:39.013+0000 7fc1f0ac8700 1 -- start start
2023-07-20T19:00:40.049 INFO:teuthology.orchestra.run.smithi061.stdout:/usr/bin/ceph: stderr
2023-07-20T19:00:39.013+0000 7fc1f0ac8700 1 --2- >> [v2:172.21.15.61:3300/0,v1:172.21.15.61:6789/0] conn(0x7fc1ec106440 0x7fc1ec198b90 unknown :-1 s=NONE pgs=0 cs=0 l=1 rev1=0 crypto rx=0 tx=0 comp rx=0 tx=0).connect
2023-07-20T19:00:40.049 INFO:teuthology.orchestra.run.smithi061.stdout:/usr/bin/ceph: stderr
2023-07-20T19:00:39.013+0000 7fc1f0ac8700 1 -- --> [v2:172.21.15.61:3300/0,v1:172.21.15.61:6789/0] -- mon_getmap magic: 0 v1 -- 0x7fc1ec1990d0 con 0x7fc1ec106440
2023-07-20T19:00:40.049 INFO:teuthology.orchestra.run.smithi061.stdout:/usr/bin/ceph: stderr
