2023-07-20T19:00:26.962+0000 7f025eaee700 1 -- 172.21.15.61:0/2490205244 wait complete.
2023-07-20T19:00:27.762 INFO:teuthology.orchestra.run.smithi061.stdout:/usr/bin/ceph: stderr
2023-07-20T19:00:26.963+0000 7f025eaee700 1 Processor -- start
2023-07-20T19:00:27.763 INFO:teuthology.orchestra.run.smithi061.stdout:/usr/bin/ceph: stderr
2023-07-20T19:00:26.963+0000 7f025eaee700 1 -- start start
2023-07-20T19:00:27.763 INFO:teuthology.orchestra.run.smithi061.stdout:/usr/bin/ceph: stderr
2023-07-20T19:00:26.963+0000 7f025eaee700 1 --2- >> [v2:172.21.15.61:3300/0,v1:172.21.15.61:6789/0] conn(0x7f0258104e50 0x7f025818ff50 unknown :-1 s=NONE pgs=0 cs=0 l=1 rev1=0 crypto rx=0 tx=0 comp rx=0 tx=0).connect
2023-07-20T19:00:27.763 INFO:teuthology.orchestra.run.smithi061.stdout:/usr/bin/ceph: stderr
2023-07-20T19:00:26.963+0000 7f025eaee700 1 -- --> [v2:172.21.15.61:3300/0,v1:172.21.15.61:6789/0] -- mon_getmap magic: 0 v1 -- 0x7f0258190490 con 0x7f0258104e50
2023-07-20T19:00:27.763 INFO:teuthology.orchestra.run.smithi061.stdout:/usr/bin/ceph: stderr
2023-07-20T19:00:26.963+0000 7f025c88a700 1 --2- >> [v2:172.21.15.61:3300/0,v1:172.21.15.61:6789/0] conn(0x7f0258104e50 0x7f025818ff50 unknown :-1 s=BANNER_CONNECTING pgs=0 cs=0 l=1 rev1=0 crypto rx=0 tx=0 comp rx=0 tx=0)._handle_peer_banner_payload supported=3 required=0
2023-07-20T19:00:27.764 INFO:teuthology.orchestra.run.smithi061.stdout:/usr/bin/ceph: stderr
2023-07-20T19:00:26.963+0000 7f025c88a700 1 --2- >> [v2:172.21.15.61:3300/0,v1:172.21.15.61:6789/0] conn(0x7f0258104e50 0x7f025818ff50 unknown :-1 s=HELLO_CONNECTING pgs=0 cs=0 l=1 rev1=1 crypto rx=0 tx=0 comp rx=0 tx=0).handle_hello peer v2:172.21.15.61:3300/0 says I am v2:172.21.15.61:57298/0 (socket says 172.21.15.61:57298)
2023-07-20T19:00:27.764 INFO:teuthology.orchestra.run.smithi061.stdout:/usr/bin/ceph: stderr
2023-07-20T19:00:26.963+0000 7f025c88a700 1 -- 172.21.15.61:0/2557114871 learned_addr learned my addr 172.21.15.61:0/2557114871 (peer_addr_for_me v2:172.21.15.61:0/0)
2023-07-20T19:00:27.764 INFO:teuthology.orchestra.run.smithi061.stdout:/usr/bin/ceph: stderr
2023-07-20T19:00:26.963+0000 7f025c88a700 1 -- 172.21.15.61:0/2557114871 --> [v2:172.21.15.61:3300/0,v1:172.21.15.61:6789/0] -- mon_subscribe({config=0+,monmap=0+}) v3 -- 0x7f024c009550 con 0x7f0258104e50
2023-07-20T19:00:27.765 INFO:teuthology.orchestra.run.smithi061.stdout:/usr/bin/ceph: stderr
2023-07-20T19:00:26.963+0000 7f025c88a700 1 --2- 172.21.15.61:0/2557114871 >> [v2:172.21.15.61:3300/0,v1:172.21.15.61:6789/0] conn(0x7f0258104e50 0x7f025818ff50 secure :-1 s=READY pgs=44 cs=0 l=1 rev1=1 crypto rx=0x7f024c009130 tx=0x7f024c011ad0 comp rx=0 tx=0).ready entity=mon.0 client_cookie=0 server_cookie=0 in_seq=0 out_seq=0
2023-07-20T19:00:27.765 INFO:teuthology.orchestra.run.smithi061.stdout:/usr/bin/ceph: stderr
2023-07-20T19:00:26.963+0000 7f0255ffb700 1 -- 172.21.15.61:0/2557114871 <== mon.0 v2:172.21.15.61:3300/0 1 ==== mon_map magic: 0 v1 ==== 205+0+0 (secure 0 0 0) 0x7f024c003b70 con 0x7f0258104e50
2023-07-20T19:00:27.765 INFO:teuthology.orchestra.run.smithi061.stdout:/usr/bin/ceph: stderr
2023-07-20T19:00:26.964+0000 7f0255ffb700 1 -- 172.21.15.61:0/2557114871 <== mon.0 v2:172.21.15.61:3300/0 2 ==== config(26 keys) v1 ==== 1074+0+0 (secure 0 0 0) 0x7f024c003cd0 con 0x7f0258104e50
2023-07-20T19:00:27.765 INFO:teuthology.orchestra.run.smithi061.stdout:/usr/bin/ceph: stderr
2023-07-20T19:00:26.964+0000 7f0255ffb700 1 -- 172.21.15.61:0/2557114871 <== mon.0 v2:172.21.15.61:3300/0 3 ==== mon_map magic: 0 v1 ==== 205+0+0 (secure 0 0 0) 0x7f024c0197d0 con 0x7f0258104e50
2023-07-20T19:00:27.766 INFO:teuthology.orchestra.run.smithi061.stdout:/usr/bin/ceph: stderr
2023-07-20T19:00:26.964+0000 7f025eaee700 1 -- 172.21.15.61:0/2557114871 --> [v2:172.21.15.61:3300/0,v1:172.21.15.61:6789/0] -- mon_subscribe({mgrmap=0+}) v3 -- 0x7f025818e5a0 con 0x7f0258104e50
2023-07-20T19:00:27.766 INFO:teuthology.orchestra.run.smithi061.stdout:/usr/bin/ceph: stderr
2023-07-20T19:00:26.964+0000 7f025eaee700 1 -- 172.21.15.61:0/2557114871 --> [v2:172.21.15.61:3300/0,v1:172.21.15.61:6789/0] -- mon_subscribe({osdmap=0}) v3 -- 0x7f025818e9c0 con 0x7f0258104e50
2023-07-20T19:00:27.766 INFO:teuthology.orchestra.run.smithi061.stdout:/usr/bin/ceph: stderr
2023-07-20T19:00:26.965+0000 7f0255ffb700 1 -- 172.21.15.61:0/2557114871 <== mon.0 v2:172.21.15.61:3300/0 4 ==== mgrmap(e 8) v1 ==== 45483+0+0 (secure 0 0 0) 0x7f024c01abb0 con 0x7f0258104e50
2023-07-20T19:00:27.766 INFO:teuthology.orchestra.run.smithi061.stdout:/usr/bin/ceph: stderr
2023-07-20T19:00:26.965+0000 7f0255ffb700 1 --2- 172.21.15.61:0/2557114871 >> [v2:172.21.15.61:6800/2098378944,v1:172.21.15.61:6801/2098378944] conn(0x7f0248038710 0x7f024803abd0 unknown :-1 s=NONE pgs=0 cs=0 l=1 rev1=0 crypto rx=0 tx=0 comp rx=0 tx=0).connect
2023-07-20T19:00:27.767 INFO:teuthology.orchestra.run.smithi061.stdout:/usr/bin/ceph: stderr
2023-07-20T19:00:26.965+0000 7f025eaee700 1 -- 172.21.15.61:0/2557114871 --> [v2:172.21.15.61:3300/0,v1:172.21.15.61:6789/0] -- mon_command({"prefix": "get_command_descriptions"} v 0) v1 -- 0x7f0258061da0 con 0x7f0258104e50
2023-07-20T19:00:27.767 INFO:teuthology.orchestra.run.smithi061.stdout:/usr/bin/ceph: stderr
2023-07-20T19:00:26.965+0000 7f0255ffb700 1 -- 172.21.15.61:0/2557114871 <== mon.0 v2:172.21.15.61:3300/0 5 ==== osd_map(2..2 src has 1..2) v4 ==== 940+0+0 (secure 0 0 0) 0x7f024c04c920 con 0x7f0258104e50
2023-07-20T19:00:27.767 INFO:teuthology.orchestra.run.smithi061.stdout:/usr/bin/ceph: stderr
2023-07-20T19:00:26.965+0000 7f0257fff700 1 --2- 172.21.15.61:0/2557114871 >> [v2:172.21.15.61:6800/2098378944,v1:172.21.15.61:6801/2098378944] conn(0x7f0248038710 0x7f024803abd0 unknown :-1 s=BANNER_CONNECTING pgs=0 cs=0 l=1 rev1=0 crypto rx=0 tx=0 comp rx=0 tx=0)._handle_peer_banner_payload supported=3 required=0
2023-07-20T19:00:27.767 INFO:teuthology.orchestra.run.smithi061.stdout:/usr/bin/ceph: stderr
2023-07-20T19:00:26.965+0000 7f0257fff700 1 --2- 172.21.15.61:0/2557114871 >> [v2:172.21.15.61:6800/2098378944,v1:172.21.15.61:6801/2098378944] conn(0x7f0248038710 0x7f024803abd0 secure :-1 s=READY pgs=10 cs=0 l=1 rev1=1 crypto rx=0x7f0244006fd0 tx=0x7f0244006e40 comp rx=0 tx=0).ready entity=mgr.14120 client_cookie=0 server_cookie=0 in_seq=0 out_seq=0
2023-07-20T19:00:27.768 INFO:teuthology.orchestra.run.smithi061.stdout:/usr/bin/ceph: stderr
2023-07-20T19:00:26.970+0000 7f0255ffb700 1 -- 172.21.15.61:0/2557114871 <== mon.0 v2:172.21.15.61:3300/0 6 ==== mon_command_ack([{"prefix": "get_command_descriptions"}]=0 v0) v1 ==== 72+0+178025 (secure 0 0 0) 0x7f024c01a430 con 0x7f0258104e50
2023-07-20T19:00:27.768 INFO:teuthology.orchestra.run.smithi061.stdout:/usr/bin/ceph: stderr
2023-07-20T19:00:27.333+0000 7f025eaee700 1 -- 172.21.15.61:0/2557114871 --> [v2:172.21.15.61:6800/2098378944,v1:172.21.15.61:6801/2098378944] -- mgr_command(tid 0: {"prefix": "cephadm get-pub-key", "target": ["mon-mgr", ""]}) v1 -- 0x7f02581025b0 con 0x7f0248038710
2023-07-20T19:00:27.768 INFO:teuthology.orchestra.run.smithi061.stdout:/usr/bin/ceph: stderr
2023-07-20T19:00:27.334+0000 7f0255ffb700 1 -- 172.21.15.61:0/2557114871 <== mgr.14120 v2:172.21.15.61:6800/2098378944 1 ==== mgr_command_reply(tid 0: 0 ) v1 ==== 8+0+595 (secure 0 0 0) 0x7f02581025b0 con 0x7f0248038710
2023-07-20T19:00:27.768 INFO:teuthology.orchestra.run.smithi061.stdout:/usr/bin/ceph: stderr
2023-07-20T19:00:27.336+0000 7f025eaee700 1 -- 172.21.15.61:0/2557114871 >> [v2:172.21.15.61:6800/2098378944,v1:172.21.15.61:6801/2098378944] conn(0x7f0248038710 msgr2=0x7f024803abd0 secure :-1 s=STATE_CONNECTION_ESTABLISHED l=1).mark_down
2023-07-20T19:00:27.769 INFO:teuthology.orchestra.run.smithi061.stdout:/usr/bin/ceph: stderr
2023-07-20T19:00:27.336+0000 7f025eaee700 1 --2- 172.21.15.61:0/2557114871 >> [v2:172.21.15.61:6800/2098378944,v1:172.21.15.61:6801/2098378944] conn(0x7f0248038710 0x7f024803abd0 secure :-1 s=READY pgs=10 cs=0 l=1 rev1=1 crypto rx=0x7f0244006fd0 tx=0x7f0244006e40 comp rx=0 tx=0).stop
2023-07-20T19:00:27.769 INFO:teuthology.orchestra.run.smithi061.stdout:/usr/bin/ceph: stderr
2023-07-20T19:00:27.336+0000 7f025eaee700 1 -- 172.21.15.61:0/2557114871 >> [v2:172.21.15.61:3300/0,v1:172.21.15.61:6789/0] conn(0x7f0258104e50 msgr2=0x7f025818ff50 secure :-1 s=STATE_CONNECTION_ESTABLISHED l=1).mark_down
2023-07-20T19:00:27.769 INFO:teuthology.orchestra.run.smithi061.stdout:/usr/bin/ceph: stderr
2023-07-20T19:00:27.336+0000 7f025eaee700 1 --2- 172.21.15.61:0/2557114871 >> [v2:172.21.15.61:3300/0,v1:172.21.15.61:6789/0] conn(0x7f0258104e50 0x7f025818ff50 secure :-1 s=READY pgs=44 cs=0 l=1 rev1=1 crypto rx=0x7f024c009130 tx=0x7f024c011ad0 comp rx=0 tx=0).stop
2023-07-20T19:00:27.769 INFO:teuthology.orchestra.run.smithi061.stdout:/usr/bin/ceph: stderr
2023-07-20T19:00:27.337+0000 7f025eaee700 1 -- 172.21.15.61:0/2557114871 shutdown_connections
2023-07-20T19:00:27.770 INFO:teuthology.orchestra.run.smithi061.stdout:/usr/bin/ceph: stderr
2023-07-20T19:00:27.337+0000 7f025eaee700 1 --2- 172.21.15.61:0/2557114871 >> [v2:172.21.15.61:6800/2098378944,v1:172.21.15.61:6801/2098378944] conn(0x7f0248038710 0x7f024803abd0 unknown :-1 s=CLOSED pgs=10 cs=0 l=1 rev1=1 crypto rx=0 tx=0 comp rx=0 tx=0).stop
2023-07-20T19:00:27.770 INFO:teuthology.orchestra.run.smithi061.stdout:/usr/bin/ceph: stderr
2023-07-20T19:00:27.337+0000 7f025eaee700 1 --2- 172.21.15.61:0/2557114871 >> [v2:172.21.15.61:3300/0,v1:172.21.15.61:6789/0] conn(0x7f0258104e50 0x7f025818ff50 unknown :-1 s=CLOSED pgs=44 cs=0 l=1 rev1=1 crypto rx=0 tx=0 comp rx=0 tx=0).stop
2023-07-20T19:00:27.770 INFO:teuthology.orchestra.run.smithi061.stdout:/usr/bin/ceph: stderr
2023-07-20T19:00:27.337+0000 7f025eaee700 1 -- 172.21.15.61:0/2557114871 >> 172.21.15.61:0/2557114871 conn(0x7f02581003f0 msgr2=0x7f0258079920 unknown :-1 s=STATE_NONE l=0).mark_down
2023-07-20T19:00:27.770 INFO:teuthology.orchestra.run.smithi061.stdout:/usr/bin/ceph: stderr
2023-07-20T19:00:27.337+0000 7f025eaee700 1 -- 172.21.15.61:0/2557114871 shutdown_connections
2023-07-20T19:00:27.771 INFO:teuthology.orchestra.run.smithi061.stdout:/usr/bin/ceph: stderr
2023-07-20T19:00:27.337+0000 7f025eaee700 1 -- 172.21.15.61:0/2557114871 wait complete.
2023-07-20T19:00:27.771 INFO:teuthology.orchestra.run.smithi061.stdout:Wrote public SSH key to /home/ubuntu/cephtest/ceph.pub
2023-07-20T19:00:27.771 INFO:teuthology.orchestra.run.smithi061.stdout:Adding key to root@localhost authorized_keys...
2023-07-20T19:00:27.771 INFO:teuthology.orchestra.run.smithi061.stdout:Adding host smithi061...
2023-07-20T19:00:28.873 INFO:journalctl@ceph.mon.a.smithi061.stdout:Jul 20 19:00:28 smithi061 ceph-mon[127454]: from='client.14138 -' entity='client.admin' cmd=[{"prefix": "cephadm get-pub-key", "target": ["mon-mgr", ""]}]: dispatch
2023-07-20T19:00:29.713 INFO:journalctl@ceph.mon.a.smithi061.stdout:Jul 20 19:00:29 smithi061 ceph-mon[127454]: from='client.14140 -' entity='client.admin' cmd=[{"prefix": "orch host add", "hostname": "smithi061", "addr": "172.21.15.61", "target": ["mon-mgr", ""]}]: dispatch
2023-07-20T19:00:29.754 INFO:journalctl@ceph.mon.a.smithi061.stdout:Jul 20 19:00:29 smithi061 ceph-mon[127454]: Deploying cephadm binary to smithi061
2023-07-20T19:00:31.907 INFO:teuthology.orchestra.run.smithi061.stdout:/usr/bin/ceph: stdout Added host 'smithi061' with addr '172.21.15.61'
2023-07-20T19:00:31.907 INFO:teuthology.orchestra.run.smithi061.stdout:/usr/bin/ceph: stderr
2023-07-20T19:00:28.159+0000 7f5fa5a92700 1 Processor -- start
2023-07-20T19:00:31.907 INFO:teuthology.orchestra.run.smithi061.stdout:/usr/bin/ceph: stderr
2023-07-20T19:00:28.159+0000 7f5fa5a92700 1 -- start start
2023-07-20T19:00:31.908 INFO:teuthology.orchestra.run.smithi061.stdout:/usr/bin/ceph: stderr
2023-07-20T19:00:28.160+0000 7f5fa5a92700 1 --2- >> [v2:172.21.15.61:3300/0,v1:172.21.15.61:6789/0] conn(0x7f5fa0106a50 0x7f5fa0108e40 unknown :-1 s=NONE pgs=0 cs=0 l=0 rev1=0 crypto rx=0 tx=0 comp rx=0 tx=0).connect
2023-07-20T19:00:31.908 INFO:teuthology.orchestra.run.smithi061.stdout:/usr/bin/ceph: stderr
2023-07-20T19:00:28.160+0000 7f5fa5a92700 1 -- --> [v2:172.21.15.61:3300/0,v1:172.21.15.61:6789/0] -- mon_getmap magic: 0 v1 -- 0x7f5fa0079e30 con 0x7f5fa0106a50
2023-07-20T19:00:31.908 INFO:teuthology.orchestra.run.smithi061.stdout:/usr/bin/ceph: stderr
2023-07-20T19:00:28.160+0000 7f5f9f7fe700 1 --2- >> [v2:172.21.15.61:3300/0,v1:172.21.15.61:6789/0] conn(0x7f5fa0106a50 0x7f5fa0108e40 unknown :-1 s=BANNER_CONNECTING pgs=0 cs=0 l=0 rev1=0 crypto rx=0 tx=0 comp rx=0 tx=0)._handle_peer_banner_payload supported=3 required=0
2023-07-20T19:00:31.908 INFO:teuthology.orchestra.run.smithi061.stdout:/usr/bin/ceph: stderr
2023-07-20T19:00:28.160+0000 7f5f9f7fe700 1 --2- >> [v2:172.21.15.61:3300/0,v1:172.21.15.61:6789/0] conn(0x7f5fa0106a50 0x7f5fa0108e40 unknown :-1 s=HELLO_CONNECTING pgs=0 cs=0 l=0 rev1=1 crypto rx=0 tx=0 comp rx=0 tx=0).handle_hello peer v2:172.21.15.61:3300/0 says I am v2:172.21.15.61:57302/0 (socket says 172.21.15.61:57302)
2023-07-20T19:00:31.908 INFO:teuthology.orchestra.run.smithi061.stdout:/usr/bin/ceph: stderr
2023-07-20T19:00:28.160+0000 7f5f9f7fe700 1 -- 172.21.15.61:0/1140584688 learned_addr learned my addr 172.21.15.61:0/1140584688 (peer_addr_for_me v2:172.21.15.61:0/0)
2023-07-20T19:00:31.908 INFO:teuthology.orchestra.run.smithi061.stdout:/usr/bin/ceph: stderr
2023-07-20T19:00:28.160+0000 7f5f9f7fe700 1 -- 172.21.15.61:0/1140584688 --> [v2:172.21.15.61:3300/0,v1:172.21.15.61:6789/0] -- mon_subscribe({config=0+,monmap=0+}) v3 -- 0x7f5fa0109380 con 0x7f5fa0106a50
2023-07-20T19:00:31.908 INFO:teuthology.orchestra.run.smithi061.stdout:/usr/bin/ceph: stderr
2023-07-20T19:00:28.160+0000 7f5f9f7fe700 1 --2- 172.21.15.61:0/1140584688 >> [v2:172.21.15.61:3300/0,v1:172.21.15.61:6789/0] conn(0x7f5fa0106a50 0x7f5fa0108e40 secure :-1 s=READY pgs=45 cs=0 l=1 rev1=1 crypto rx=0x7f5f900098a0 tx=0x7f5f90009bb0 comp rx=0 tx=0).ready entity=mon.0 client_cookie=adc9f33f93dc8e4f server_cookie=0 in_seq=0 out_seq=0
2023-07-20T19:00:31.909 INFO:teuthology.orchestra.run.smithi061.stdout:/usr/bin/ceph: stderr
2023-07-20T19:00:28.160+0000 7f5f9e7fc700 1 -- 172.21.15.61:0/1140584688 <== mon.0 v2:172.21.15.61:3300/0 1 ==== mon_map magic: 0 v1 ==== 205+0+0 (secure 0 0 0) 0x7f5f90004160 con 0x7f5fa0106a50
2023-07-20T19:00:31.909 INFO:teuthology.orchestra.run.smithi061.stdout:/usr/bin/ceph: stderr
2023-07-20T19:00:28.161+0000 7f5f9e7fc700 1 -- 172.21.15.61:0/1140584688 <== mon.0 v2:172.21.15.61:3300/0 2 ==== config(26 keys) v1 ==== 1074+0+0 (secure 0 0 0) 0x7f5f900042c0 con 0x7f5fa0106a50
2023-07-20T19:00:31.909 INFO:teuthology.orchestra.run.smithi061.stdout:/usr/bin/ceph: stderr
2023-07-20T19:00:28.161+0000 7f5f9e7fc700 1 -- 172.21.15.61:0/1140584688 <== mon.0 v2:172.21.15.61:3300/0 3 ==== mon_map magic: 0 v1 ==== 205+0+0 (secure 0 0 0) 0x7f5f90011a00 con 0x7f5fa0106a50
2023-07-20T19:00:31.909 INFO:teuthology.orchestra.run.smithi061.stdout:/usr/bin/ceph: stderr
2023-07-20T19:00:28.161+0000 7f5fa5a92700 1 -- 172.21.15.61:0/1140584688 >> [v2:172.21.15.61:3300/0,v1:172.21.15.61:6789/0] conn(0x7f5fa0106a50 msgr2=0x7f5fa0108e40 secure :-1 s=STATE_CONNECTION_ESTABLISHED l=1).mark_down
2023-07-20T19:00:31.909 INFO:teuthology.orchestra.run.smithi061.stdout:/usr/bin/ceph: stderr
2023-07-20T19:00:28.161+0000 7f5fa5a92700 1 --2- 172.21.15.61:0/1140584688 >> [v2:172.21.15.61:3300/0,v1:172.21.15.61:6789/0] conn(0x7f5fa0106a50 0x7f5fa0108e40 secure :-1 s=READY pgs=45 cs=0 l=1 rev1=1 crypto rx=0x7f5f900098a0 tx=0x7f5f90009bb0 comp rx=0 tx=0).stop
2023-07-20T19:00:31.909 INFO:teuthology.orchestra.run.smithi061.stdout:/usr/bin/ceph: stderr
2023-07-20T19:00:28.161+0000 7f5fa5a92700 1 -- 172.21.15.61:0/1140584688 shutdown_connections
2023-07-20T19:00:31.909 INFO:teuthology.orchestra.run.smithi061.stdout:/usr/bin/ceph: stderr
2023-07-20T19:00:28.161+0000 7f5fa5a92700 1 --2- 172.21.15.61:0/1140584688 >> [v2:172.21.15.61:3300/0,v1:172.21.15.61:6789/0] conn(0x7f5fa0106a50 0x7f5fa0108e40 unknown :-1 s=CLOSED pgs=45 cs=0 l=1 rev1=1 crypto rx=0 tx=0 comp rx=0 tx=0).stop
2023-07-20T19:00:31.910 INFO:teuthology.orchestra.run.smithi061.stdout:/usr/bin/ceph: stderr
2023-07-20T19:00:28.161+0000 7f5fa5a92700 1 -- 172.21.15.61:0/1140584688 >> 172.21.15.61:0/1140584688 conn(0x7f5fa0100400 msgr2=0x7f5fa0102840 unknown :-1 s=STATE_NONE l=0).mark_down
2023-07-20T19:00:31.910 INFO:teuthology.orchestra.run.smithi061.stdout:/usr/bin/ceph: stderr
2023-07-20T19:00:28.161+0000 7f5fa5a92700 1 -- 172.21.15.61:0/1140584688 shutdown_connections
2023-07-20T19:00:31.910 INFO:teuthology.orchestra.run.smithi061.stdout:/usr/bin/ceph: stderr
2023-07-20T19:00:28.161+0000 7f5fa5a92700 1 -- 172.21.15.61:0/1140584688 wait complete.
2023-07-20T19:00:31.910 INFO:teuthology.orchestra.run.smithi061.stdout:/usr/bin/ceph: stderr
2023-07-20T19:00:28.162+0000 7f5fa5a92700 1 Processor -- start
2023-07-20T19:00:31.910 INFO:teuthology.orchestra.run.smithi061.stdout:/usr/bin/ceph: stderr
2023-07-20T19:00:28.162+0000 7f5fa5a92700 1 -- start start
2023-07-20T19:00:31.910 INFO:teuthology.orchestra.run.smithi061.stdout:/usr/bin/ceph: stderr
2023-07-20T19:00:28.162+0000 7f5fa5a92700 1 --2- >> [v2:172.21.15.61:3300/0,v1:172.21.15.61:6789/0] conn(0x7f5fa0106a50 0x7f5fa0199c70 unknown :-1 s=NONE pgs=0 cs=0 l=1 rev1=0 crypto rx=0 tx=0 comp rx=0 tx=0).connect
2023-07-20T19:00:31.910 INFO:teuthology.orchestra.run.smithi061.stdout:/usr/bin/ceph: stderr
2023-07-20T19:00:28.162+0000 7f5fa5a92700 1 -- --> [v2:172.21.15.61:3300/0,v1:172.21.15.61:6789/0] -- mon_getmap magic: 0 v1 -- 0x7f5fa019a1b0 con 0x7f5fa0106a50
2023-07-20T19:00:31.911 INFO:teuthology.orchestra.run.smithi061.stdout:/usr/bin/ceph: stderr
2023-07-20T19:00:28.162+0000 7f5f9f7fe700 1 --2- >> [v2:172.21.15.61:3300/0,v1:172.21.15.61:6789/0] conn(0x7f5fa0106a50 0x7f5fa0199c70 unknown :-1 s=BANNER_CONNECTING pgs=0 cs=0 l=1 rev1=0 crypto rx=0 tx=0 comp rx=0 tx=0)._handle_peer_banner_payload supported=3 required=0
2023-07-20T19:00:31.911 INFO:teuthology.orchestra.run.smithi061.stdout:/usr/bin/ceph: stderr
2023-07-20T19:00:28.162+0000 7f5f9f7fe700 1 --2- >> [v2:172.21.15.61:3300/0,v1:172.21.15.61:6789/0] conn(0x7f5fa0106a50 0x7f5fa0199c70 unknown :-1 s=HELLO_CONNECTING pgs=0 cs=0 l=1 rev1=1 crypto rx=0 tx=0 comp rx=0 tx=0).handle_hello peer v2:172.21.15.61:3300/0 says I am v2:172.21.15.61:57304/0 (socket says 172.21.15.61:57304)
2023-07-20T19:00:31.911 INFO:teuthology.orchestra.run.smithi061.stdout:/usr/bin/ceph: stderr
2023-07-20T19:00:28.162+0000 7f5f9f7fe700 1 -- 172.21.15.61:0/4104606040 learned_addr learned my addr 172.21.15.61:0/4104606040 (peer_addr_for_me v2:172.21.15.61:0/0)
2023-07-20T19:00:31.911 INFO:teuthology.orchestra.run.smithi061.stdout:/usr/bin/ceph: stderr
2023-07-20T19:00:28.163+0000 7f5f9f7fe700 1 -- 172.21.15.61:0/4104606040 --> [v2:172.21.15.61:3300/0,v1:172.21.15.61:6789/0] -- mon_subscribe({config=0+,monmap=0+}) v3 -- 0x7f5f90009550 con 0x7f5fa0106a50
2023-07-20T19:00:31.911 INFO:teuthology.orchestra.run.smithi061.stdout:/usr/bin/ceph: stderr
2023-07-20T19:00:28.163+0000 7f5f9f7fe700 1 --2- 172.21.15.61:0/4104606040 >> [v2:172.21.15.61:3300/0,v1:172.21.15.61:6789/0] conn(0x7f5fa0106a50 0x7f5fa0199c70 secure :-1 s=READY pgs=46 cs=0 l=1 rev1=1 crypto rx=0x7f5f90009fb0 tx=0x7f5f90011ad0 comp rx=0 tx=0).ready entity=mon.0 client_cookie=0 server_cookie=0 in_seq=0 out_seq=0
2023-07-20T19:00:31.911 INFO:teuthology.orchestra.run.smithi061.stdout:/usr/bin/ceph: stderr
2023-07-20T19:00:28.163+0000 7f5f9cff9700 1 -- 172.21.15.61:0/4104606040 <== mon.0 v2:172.21.15.61:3300/0 1 ==== mon_map magic: 0 v1 ==== 205+0+0 (secure 0 0 0) 0x7f5f90003a40 con 0x7f5fa0106a50
2023-07-20T19:00:31.911 INFO:teuthology.orchestra.run.smithi061.stdout:/usr/bin/ceph: stderr
2023-07-20T19:00:28.163+0000 7f5f9cff9700 1 -- 172.21.15.61:0/4104606040 <== mon.0 v2:172.21.15.61:3300/0 2 ==== config(26 keys) v1 ==== 1074+0+0 (secure 0 0 0) 0x7f5f90003ba0 con 0x7f5fa0106a50
2023-07-20T19:00:31.912 INFO:teuthology.orchestra.run.smithi061.stdout:/usr/bin/ceph: stderr
2023-07-20T19:00:28.163+0000 7f5fa5a92700 1 -- 172.21.15.61:0/4104606040 --> [v2:172.21.15.61:3300/0,v1:172.21.15.61:6789/0] -- mon_subscribe({mgrmap=0+}) v3 -- 0x7f5fa019a3b0 con 0x7f5fa0106a50
2023-07-20T19:00:31.912 INFO:teuthology.orchestra.run.smithi061.stdout:/usr/bin/ceph: stderr
2023-07-20T19:00:28.163+0000 7f5f9cff9700 1 -- 172.21.15.61:0/4104606040 <== mon.0 v2:172.21.15.61:3300/0 3 ==== mon_map magic: 0 v1 ==== 205+0+0 (secure 0 0 0) 0x7f5f9001a750 con 0x7f5fa0106a50
2023-07-20T19:00:31.912 INFO:teuthology.orchestra.run.smithi061.stdout:/usr/bin/ceph: stderr
2023-07-20T19:00:28.163+0000 7f5fa5a92700 1 -- 172.21.15.61:0/4104606040 --> [v2:172.21.15.61:3300/0,v1:172.21.15.61:6789/0] -- mon_subscribe({osdmap=0}) v3 -- 0x7f5fa019a7d0 con 0x7f5fa0106a50
2023-07-20T19:00:31.912 INFO:teuthology.orchestra.run.smithi061.stdout:/usr/bin/ceph: stderr
2023-07-20T19:00:28.164+0000 7f5fa5a92700 1 -- 172.21.15.61:0/4104606040 --> [v2:172.21.15.61:3300/0,v1:172.21.15.61:6789/0] -- mon_command({"prefix": "get_command_descriptions"} v 0) v1 -- 0x7f5fa010a0d0 con 0x7f5fa0106a50
2023-07-20T19:00:31.912 INFO:teuthology.orchestra.run.smithi061.stdout:/usr/bin/ceph: stderr
2023-07-20T19:00:28.165+0000 7f5f9cff9700 1 -- 172.21.15.61:0/4104606040 <== mon.0 v2:172.21.15.61:3300/0 4 ==== mgrmap(e 8) v1 ==== 45483+0+0 (secure 0 0 0) 0x7f5f90024b60 con 0x7f5fa0106a50
2023-07-20T19:00:31.912 INFO:teuthology.orchestra.run.smithi061.stdout:/usr/bin/ceph: stderr
2023-07-20T19:00:28.165+0000 7f5f9cff9700 1 --2- 172.21.15.61:0/4104606040 >> [v2:172.21.15.61:6800/2098378944,v1:172.21.15.61:6801/2098378944] conn(0x7f5f88038710 0x7f5f8803abd0 unknown :-1 s=NONE pgs=0 cs=0 l=1 rev1=0 crypto rx=0 tx=0 comp rx=0 tx=0).connect
2023-07-20T19:00:31.912 INFO:teuthology.orchestra.run.smithi061.stdout:/usr/bin/ceph: stderr
2023-07-20T19:00:28.165+0000 7f5f9cff9700 1 -- 172.21.15.61:0/4104606040 <== mon.0 v2:172.21.15.61:3300/0 5 ==== osd_map(2..2 src has 1..2) v4 ==== 940+0+0 (secure 0 0 0) 0x7f5f9004cb00 con 0x7f5fa0106a50
2023-07-20T19:00:31.913 INFO:teuthology.orchestra.run.smithi061.stdout:/usr/bin/ceph: stderr
2023-07-20T19:00:28.165+0000 7f5f9effd700 1 --2- 172.21.15.61:0/4104606040 >> [v2:172.21.15.61:6800/2098378944,v1:172.21.15.61:6801/2098378944] conn(0x7f5f88038710 0x7f5f8803abd0 unknown :-1 s=BANNER_CONNECTING pgs=0 cs=0 l=1 rev1=0 crypto rx=0 tx=0 comp rx=0 tx=0)._handle_peer_banner_payload supported=3 required=0
2023-07-20T19:00:31.913 INFO:teuthology.orchestra.run.smithi061.stdout:/usr/bin/ceph: stderr
2023-07-20T19:00:28.165+0000 7f5f9effd700 1 --2- 172.21.15.61:0/4104606040 >> [v2:172.21.15.61:6800/2098378944,v1:172.21.15.61:6801/2098378944] conn(0x7f5f88038710 0x7f5f8803abd0 secure :-1 s=READY pgs=11 cs=0 l=1 rev1=1 crypto rx=0x7f5f94006fd0 tx=0x7f5f94006e40 comp rx=0 tx=0).ready entity=mgr.14120 client_cookie=0 server_cookie=0 in_seq=0 out_seq=0
2023-07-20T19:00:31.913 INFO:teuthology.orchestra.run.smithi061.stdout:/usr/bin/ceph: stderr
2023-07-20T19:00:28.169+0000 7f5f9cff9700 1 -- 172.21.15.61:0/4104606040 <== mon.0 v2:172.21.15.61:3300/0 6 ==== mon_command_ack([{"prefix": "get_command_descriptions"}]=0 v0) v1 ==== 72+0+178025 (secure 0 0 0) 0x7f5f9001a980 con 0x7f5fa0106a50
2023-07-20T19:00:31.913 INFO:teuthology.orchestra.run.smithi061.stdout:/usr/bin/ceph: stderr
2023-07-20T19:00:28.533+0000 7f5fa5a92700 1 -- 172.21.15.61:0/4104606040 --> [v2:172.21.15.61:6800/2098378944,v1:172.21.15.61:6801/2098378944] -- mgr_command(tid 0: {"prefix": "orch host add", "hostname": "smithi061", "addr": "172.21.15.61", "target": ["mon-mgr", ""]}) v1 -- 0x7f5fa0102730 con 0x7f5f88038710
2023-07-20T19:00:31.913 INFO:teuthology.orchestra.run.smithi061.stdout:/usr/bin/ceph: stderr
2023-07-20T19:00:31.346+0000 7f5f9cff9700 1 -- 172.21.15.61:0/4104606040 <== mgr.14120 v2:172.21.15.61:6800/2098378944 1 ==== mgr_command_reply(tid 0: 0 ) v1 ==== 8+0+48 (secure 0 0 0) 0x7f5fa0102730 con 0x7f5f88038710
2023-07-20T19:00:31.913 INFO:teuthology.orchestra.run.smithi061.stdout:/usr/bin/ceph: stderr
2023-07-20T19:00:31.349+0000 7f5fa5a92700 1 -- 172.21.15.61:0/4104606040 >> [v2:172.21.15.61:6800/2098378944,v1:172.21.15.61:6801/2098378944] conn(0x7f5f88038710 msgr2=0x7f5f8803abd0 secure :-1 s=STATE_CONNECTION_ESTABLISHED l=1).mark_down
2023-07-20T19:00:31.914 INFO:teuthology.orchestra.run.smithi061.stdout:/usr/bin/ceph: stderr
2023-07-20T19:00:31.349+0000 7f5fa5a92700 1 --2- 172.21.15.61:0/4104606040 >> [v2:172.21.15.61:6800/2098378944,v1:172.21.15.61:6801/2098378944] conn(0x7f5f88038710 0x7f5f8803abd0 secure :-1 s=READY pgs=11 cs=0 l=1 rev1=1 crypto rx=0x7f5f94006fd0 tx=0x7f5f94006e40 comp rx=0 tx=0).stop
2023-07-20T19:00:31.914 INFO:teuthology.orchestra.run.smithi061.stdout:/usr/bin/ceph: stderr
2023-07-20T19:00:31.349+0000 7f5fa5a92700 1 -- 172.21.15.61:0/4104606040 >> [v2:172.21.15.61:3300/0,v1:172.21.15.61:6789/0] conn(0x7f5fa0106a50 msgr2=0x7f5fa0199c70 secure :-1 s=STATE_CONNECTION_ESTABLISHED l=1).mark_down
2023-07-20T19:00:31.914 INFO:teuthology.orchestra.run.smithi061.stdout:/usr/bin/ceph: stderr
2023-07-20T19:00:31.349+0000 7f5fa5a92700 1 --2- 172.21.15.61:0/4104606040 >> [v2:172.21.15.61:3300/0,v1:172.21.15.61:6789/0] conn(0x7f5fa0106a50 0x7f5fa0199c70 secure :-1 s=READY pgs=46 cs=0 l=1 rev1=1 crypto rx=0x7f5f90009fb0 tx=0x7f5f90011ad0 comp rx=0 tx=0).stop
2023-07-20T19:00:31.914 INFO:teuthology.orchestra.run.smithi061.stdout:/usr/bin/ceph: stderr
2023-07-20T19:00:31.349+0000 7f5fa5a92700 1 -- 172.21.15.61:0/4104606040 shutdown_connections
2023-07-20T19:00:31.914 INFO:teuthology.orchestra.run.smithi061.stdout:/usr/bin/ceph: stderr
2023-07-20T19:00:31.349+0000 7f5fa5a92700 1 --2- 172.21.15.61:0/4104606040 >> [v2:172.21.15.61:6800/2098378944,v1:172.21.15.61:6801/2098378944] conn(0x7f5f88038710 0x7f5f8803abd0 unknown :-1 s=CLOSED pgs=11 cs=0 l=1 rev1=1 crypto rx=0 tx=0 comp rx=0 tx=0).stop
2023-07-20T19:00:31.914 INFO:teuthology.orchestra.run.smithi061.stdout:/usr/bin/ceph: stderr
2023-07-20T19:00:31.349+0000 7f5fa5a92700 1 --2- 172.21.15.61:0/4104606040 >> [v2:172.21.15.61:3300/0,v1:172.21.15.61:6789/0] conn(0x7f5fa0106a50 0x7f5fa0199c70 unknown :-1 s=CLOSED pgs=46 cs=0 l=1 rev1=1 crypto rx=0 tx=0 comp rx=0 tx=0).stop
2023-07-20T19:00:31.914 INFO:teuthology.orchestra.run.smithi061.stdout:/usr/bin/ceph: stderr
2023-07-20T19:00:31.349+0000 7f5fa5a92700 1 -- 172.21.15.61:0/4104606040 >> 172.21.15.61:0/4104606040 conn(0x7f5fa0100400 msgr2=0x7f5fa0101ad0 unknown :-1 s=STATE_NONE l=0).mark_down
2023-07-20T19:00:31.914 INFO:teuthology.orchestra.run.smithi061.stdout:/usr/bin/ceph: stderr
2023-07-20T19:00:31.349+0000 7f5fa5a92700 1 -- 172.21.15.61:0/4104606040 shutdown_connections
2023-07-20T19:00:31.915 INFO:teuthology.orchestra.run.smithi061.stdout:/usr/bin/ceph: stderr
2023-07-20T19:00:31.349+0000 7f5fa5a92700 1 -- 172.21.15.61:0/4104606040 wait complete.
2023-07-20T19:00:31.915 INFO:teuthology.orchestra.run.smithi061.stdout:Deploying unmanaged mon service...
2023-07-20T19:00:32.714 INFO:journalctl@ceph.mon.a.smithi061.stdout:Jul 20 19:00:32 smithi061 ceph-mon[127454]: from='mgr.14120 172.21.15.61:0/658828746' entity='mgr.x'
2023-07-20T19:00:32.715 INFO:journalctl@ceph.mon.a.smithi061.stdout:Jul 20 19:00:32 smithi061 ceph-mon[127454]: Added host smithi061
2023-07-20T19:00:32.715 INFO:journalctl@ceph.mon.a.smithi061.stdout:Jul 20 19:00:32 smithi061 ceph-mon[127454]: from='mgr.14120 172.21.15.61:0/658828746' entity='mgr.x' cmd=[{"prefix": "config dump", "format": "json"}]: dispatch
2023-07-20T19:00:34.758 INFO:teuthology.orchestra.run.smithi061.stdout:/usr/bin/ceph: stdout Scheduled mon update...
2023-07-20T19:00:34.759 INFO:teuthology.orchestra.run.smithi061.stdout:/usr/bin/ceph: stderr
2023-07-20T19:00:33.835+0000 7ff77c4e6700 1 Processor -- start
2023-07-20T19:00:34.759 INFO:teuthology.orchestra.run.smithi061.stdout:/usr/bin/ceph: stderr
2023-07-20T19:00:33.835+0000 7ff77c4e6700 1 -- start start
2023-07-20T19:00:34.759 INFO:teuthology.orchestra.run.smithi061.stdout:/usr/bin/ceph: stderr
2023-07-20T19:00:33.835+0000 7ff77c4e6700 1 --2- >> [v2:172.21.15.61:3300/0,v1:172.21.15.61:6789/0] conn(0x7ff774104250 0x7ff774104670 unknown :-1 s=NONE pgs=0 cs=0 l=0 rev1=0 crypto rx=0 tx=0 comp rx=0 tx=0).connect
2023-07-20T19:00:34.759 INFO:teuthology.orchestra.run.smithi061.stdout:/usr/bin/ceph: stderr
2023-07-20T19:00:33.835+0000 7ff77c4e6700 1 -- --> [v2:172.21.15.61:3300/0,v1:172.21.15.61:6789/0] -- mon_getmap magic: 0 v1 -- 0x7ff774104c40 con 0x7ff774104250
2023-07-20T19:00:34.759 INFO:teuthology.orchestra.run.smithi061.stdout:/usr/bin/ceph: stderr
2023-07-20T19:00:33.835+0000 7ff77a282700 1 --2- >> [v2:172.21.15.61:3300/0,v1:172.21.15.61:6789/0] conn(0x7ff774104250 0x7ff774104670 unknown :-1 s=BANNER_CONNECTING pgs=0 cs=0 l=0 rev1=0 crypto rx=0 tx=0 comp rx=0 tx=0)._handle_peer_banner_payload supported=3 required=0
2023-07-20T19:00:34.759 INFO:teuthology.orchestra.run.smithi061.stdout:/usr/bin/ceph: stderr
2023-07-20T19:00:33.835+0000 7ff77a282700 1 --2- >> [v2:172.21.15.61:3300/0,v1:172.21.15.61:6789/0] conn(0x7ff774104250 0x7ff774104670 unknown :-1 s=HELLO_CONNECTING pgs=0 cs=0 l=0 rev1=1 crypto rx=0 tx=0 comp rx=0 tx=0).handle_hello peer v2:172.21.15.61:3300/0 says I am v2:172.21.15.61:57338/0 (socket says 172.21.15.61:57338)
2023-07-20T19:00:34.760 INFO:teuthology.orchestra.run.smithi061.stdout:/usr/bin/ceph: stderr
2023-07-20T19:00:33.835+0000 7ff77a282700 1 -- 172.21.15.61:0/3788585673 learned_addr learned my addr 172.21.15.61:0/3788585673 (peer_addr_for_me v2:172.21.15.61:0/0)
2023-07-20T19:00:34.760 INFO:teuthology.orchestra.run.smithi061.stdout:/usr/bin/ceph: stderr
2023-07-20T19:00:33.836+0000 7ff77a282700 1 -- 172.21.15.61:0/3788585673 --> [v2:172.21.15.61:3300/0,v1:172.21.15.61:6789/0] -- mon_subscribe({config=0+,monmap=0+}) v3 -- 0x7ff7741071e0 con 0x7ff774104250
2023-07-20T19:00:34.760 INFO:teuthology.orchestra.run.smithi061.stdout:/usr/bin/ceph: stderr
2023-07-20T19:00:33.836+0000 7ff77a282700 1 --2- 172.21.15.61:0/3788585673 >> [v2:172.21.15.61:3300/0,v1:172.21.15.61:6789/0] conn(0x7ff774104250 0x7ff774104670 secure :-1 s=READY pgs=47 cs=0 l=1 rev1=1 crypto rx=0x7ff7700098a0 tx=0x7ff770009bb0 comp rx=0 tx=0).ready entity=mon.0 client_cookie=2b9dbbf052c5150f server_cookie=0 in_seq=0 out_seq=0
2023-07-20T19:00:34.760 INFO:teuthology.orchestra.run.smithi061.stdout:/usr/bin/ceph: stderr
2023-07-20T19:00:33.836+0000 7ff779280700 1 -- 172.21.15.61:0/3788585673 <== mon.0 v2:172.21.15.61:3300/0 1 ==== mon_map magic: 0 v1 ==== 205+0+0 (secure 0 0 0) 0x7ff770004160 con 0x7ff774104250
2023-07-20T19:00:34.760 INFO:teuthology.orchestra.run.smithi061.stdout:/usr/bin/ceph: stderr
2023-07-20T19:00:33.836+0000 7ff779280700 1 -- 172.21.15.61:0/3788585673 <== mon.0 v2:172.21.15.61:3300/0 2 ==== config(26 keys) v1 ==== 1074+0+0 (secure 0 0 0) 0x7ff7700042c0 con 0x7ff774104250
2023-07-20T19:00:34.760 INFO:teuthology.orchestra.run.smithi061.stdout:/usr/bin/ceph: stderr
2023-07-20T19:00:33.836+0000 7ff779280700 1 -- 172.21.15.61:0/3788585673 <== mon.0 v2:172.21.15.61:3300/0 3 ==== mon_map magic: 0 v1 ==== 205+0+0 (secure 0 0 0) 0x7ff770011a00 con 0x7ff774104250
2023-07-20T19:00:34.760 INFO:teuthology.orchestra.run.smithi061.stdout:/usr/bin/ceph: stderr
2023-07-20T19:00:33.836+0000 7ff77c4e6700 1 -- 172.21.15.61:0/3788585673 >> [v2:172.21.15.61:3300/0,v1:172.21.15.61:6789/0] conn(0x7ff774104250 msgr2=0x7ff774104670 secure :-1 s=STATE_CONNECTION_ESTABLISHED l=1).mark_down
2023-07-20T19:00:34.760 INFO:teuthology.orchestra.run.smithi061.stdout:/usr/bin/ceph: stderr
2023-07-20T19:00:33.836+0000 7ff77c4e6700 1 --2- 172.21.15.61:0/3788585673 >> [v2:172.21.15.61:3300/0,v1:172.21.15.61:6789/0] conn(0x7ff774104250 0x7ff774104670 secure :-1 s=READY pgs=47 cs=0 l=1 rev1=1 crypto rx=0x7ff7700098a0 tx=0x7ff770009bb0 comp rx=0 tx=0).stop
2023-07-20T19:00:34.761 INFO:teuthology.orchestra.run.smithi061.stdout:/usr/bin/ceph: stderr
2023-07-20T19:00:33.837+0000 7ff77c4e6700 1 -- 172.21.15.61:0/3788585673 shutdown_connections
2023-07-20T19:00:34.761 INFO:teuthology.orchestra.run.smithi061.stdout:/usr/bin/ceph: stderr
2023-07-20T19:00:33.837+0000 7ff77c4e6700 1 --2- 172.21.15.61:0/3788585673 >> [v2:172.21.15.61:3300/0,v1:172.21.15.61:6789/0] conn(0x7ff774104250 0x7ff774104670 unknown :-1 s=CLOSED pgs=47 cs=0 l=1 rev1=1 crypto rx=0 tx=0 comp rx=0 tx=0).stop
2023-07-20T19:00:34.761 INFO:teuthology.orchestra.run.smithi061.stdout:/usr/bin/ceph: stderr
2023-07-20T19:00:33.837+0000 7ff77c4e6700 1 -- 172.21.15.61:0/3788585673 >> 172.21.15.61:0/3788585673 conn(0x7ff7740ffbc0 msgr2=0x7ff774101fe0 unknown :-1 s=STATE_NONE l=0).mark_down
2023-07-20T19:00:34.761 INFO:teuthology.orchestra.run.smithi061.stdout:/usr/bin/ceph: stderr
2023-07-20T19:00:33.837+0000 7ff77c4e6700 1 -- 172.21.15.61:0/3788585673 shutdown_connections
2023-07-20T19:00:34.761 INFO:teuthology.orchestra.run.smithi061.stdout:/usr/bin/ceph: stderr
2023-07-20T19:00:33.837+0000 7ff77c4e6700 1 -- 172.21.15.61:0/3788585673 wait complete.
2023-07-20T19:00:34.761 INFO:teuthology.orchestra.run.smithi061.stdout:/usr/bin/ceph: stderr
2023-07-20T19:00:33.837+0000 7ff77c4e6700 1 Processor -- start
2023-07-20T19:00:34.761 INFO:teuthology.orchestra.run.smithi061.stdout:/usr/bin/ceph: stderr
2023-07-20T19:00:33.837+0000 7ff77c4e6700 1 -- start start
2023-07-20T19:00:34.762 INFO:teuthology.orchestra.run.smithi061.stdout:/usr/bin/ceph: stderr
2023-07-20T19:00:33.838+0000 7ff77c4e6700 1 --2- >> [v2:172.21.15.61:3300/0,v1:172.21.15.61:6789/0] conn(0x7ff774104250 0x7ff774199c70 unknown :-1 s=NONE pgs=0 cs=0 l=1 rev1=0 crypto rx=0 tx=0 comp rx=0 tx=0).connect
2023-07-20T19:00:34.762 INFO:teuthology.orchestra.run.smithi061.stdout:/usr/bin/ceph: stderr
2023-07-20T19:00:33.838+0000 7ff77c4e6700 1 -- --> [v2:172.21.15.61:3300/0,v1:172.21.15.61:6789/0] -- mon_getmap magic: 0 v1 -- 0x7ff77419a1b0 con 0x7ff774104250
2023-07-20T19:00:34.762 INFO:teuthology.orchestra.run.smithi061.stdout:/usr/bin/ceph: stderr
2023-07-20T19:00:33.838+0000 7ff77a282700 1 --2- >> [v2:172.21.15.61:3300/0,v1:172.21.15.61:6789/0] conn(0x7ff774104250 0x7ff774199c70 unknown :-1 s=BANNER_CONNECTING pgs=0 cs=0 l=1 rev1=0 crypto rx=0 tx=0 comp rx=0 tx=0)._handle_peer_banner_payload supported=3 required=0
2023-07-20T19:00:34.762 INFO:teuthology.orchestra.run.smithi061.stdout:/usr/bin/ceph: stderr
2023-07-20T19:00:33.838+0000 7ff77a282700 1 --2- >> [v2:172.21.15.61:3300/0,v1:172.21.15.61:6789/0] conn(0x7ff774104250 0x7ff774199c70 unknown :-1 s=HELLO_CONNECTING pgs=0 cs=0 l=1 rev1=1 crypto rx=0 tx=0 comp rx=0 tx=0).handle_hello peer v2:172.21.15.61:3300/0 says I am v2:172.21.15.61:57340/0 (socket says 172.21.15.61:57340)
2023-07-20T19:00:34.762 INFO:teuthology.orchestra.run.smithi061.stdout:/usr/bin/ceph: stderr
2023-07-20T19:00:33.838+0000 7ff77a282700 1 -- 172.21.15.61:0/189473578 learned_addr learned my addr 172.21.15.61:0/189473578 (peer_addr_for_me v2:172.21.15.61:0/0)
2023-07-20T19:00:34.762 INFO:teuthology.orchestra.run.smithi061.stdout:/usr/bin/ceph: stderr
2023-07-20T19:00:33.838+0000 7ff77a282700 1 -- 172.21.15.61:0/189473578 --> [v2:172.21.15.61:3300/0,v1:172.21.15.61:6789/0] -- mon_subscribe({config=0+,monmap=0+}) v3 -- 0x7ff770009550 con 0x7ff774104250
2023-07-20T19:00:34.763 INFO:teuthology.orchestra.run.smithi061.stdout:/usr/bin/ceph: stderr
2023-07-20T19:00:33.838+0000 7ff77a282700 1 --2- 172.21.15.61:0/189473578 >> [v2:172.21.15.61:3300/0,v1:172.21.15.61:6789/0] conn(0x7ff774104250 0x7ff774199c70 secure :-1 s=READY pgs=48 cs=0 l=1 rev1=1 crypto rx=0x7ff770009fb0 tx=0x7ff770011ad0 comp rx=0 tx=0).ready entity=mon.0 client_cookie=0 server_cookie=0 in_seq=0 out_seq=0
2023-07-20T19:00:34.763 INFO:teuthology.orchestra.run.smithi061.stdout:/usr/bin/ceph: stderr
2023-07-20T19:00:33.838+0000 7ff76b7fe700 1 -- 172.21.15.61:0/189473578 <== mon.0 v2:172.21.15.61:3300/0 1 ==== mon_map magic: 0 v1 ==== 205+0+0 (secure 0 0 0) 0x7ff770003a40 con 0x7ff774104250
2023-07-20T19:00:34.763 INFO:teuthology.orchestra.run.smithi061.stdout:/usr/bin/ceph: stderr
2023-07-20T19:00:33.838+0000 7ff76b7fe700 1 -- 172.21.15.61:0/189473578 <== mon.0 v2:172.21.15.61:3300/0 2 ==== config(26 keys) v1 ==== 1074+0+0 (secure 0 0 0) 0x7ff770003ba0 con 0x7ff774104250
2023-07-20T19:00:34.763 INFO:teuthology.orchestra.run.smithi061.stdout:/usr/bin/ceph: stderr
2023-07-20T19:00:33.838+0000 7ff77c4e6700 1 -- 172.21.15.61:0/189473578 --> [v2:172.21.15.61:3300/0,v1:172.21.15.61:6789/0] -- mon_subscribe({mgrmap=0+}) v3 -- 0x7ff77419a3b0 con 0x7ff774104250
2023-07-20T19:00:34.763 INFO:teuthology.orchestra.run.smithi061.stdout:/usr/bin/ceph: stderr
2023-07-20T19:00:33.838+0000 7ff76b7fe700 1 -- 172.21.15.61:0/189473578 <== mon.0 v2:172.21.15.61:3300/0 3 ==== mon_map magic: 0 v1 ==== 205+0+0 (secure 0 0 0) 0x7ff77001a750 con 0x7ff774104250
2023-07-20T19:00:34.763 INFO:teuthology.orchestra.run.smithi061.stdout:/usr/bin/ceph: stderr
2023-07-20T19:00:33.838+0000 7ff77c4e6700 1 -- 172.21.15.61:0/189473578 --> [v2:172.21.15.61:3300/0,v1:172.21.15.61:6789/0] -- mon_subscribe({osdmap=0}) v3 -- 0x7ff77419a7d0 con 0x7ff774104250
2023-07-20T19:00:34.763 INFO:teuthology.orchestra.run.smithi061.stdout:/usr/bin/ceph: stderr
2023-07-20T19:00:33.839+0000 7ff76b7fe700 1 -- 172.21.15.61:0/189473578 <== mon.0 v2:172.21.15.61:3300/0 4 ==== mgrmap(e 8) v1 ==== 45483+0+0 (secure 0 0 0) 0x7ff770024430 con 0x7ff774104250
2023-07-20T19:00:34.763 INFO:teuthology.orchestra.run.smithi061.stdout:/usr/bin/ceph: stderr
2023-07-20T19:00:33.839+0000 7ff76b7fe700 1 --2- 172.21.15.61:0/189473578 >> [v2:172.21.15.61:6800/2098378944,v1:172.21.15.61:6801/2098378944] conn(0x7ff760038710 0x7ff76003abd0 unknown :-1 s=NONE pgs=0 cs=0 l=1 rev1=0 crypto rx=0 tx=0 comp rx=0 tx=0).connect
2023-07-20T19:00:34.764 INFO:teuthology.orchestra.run.smithi061.stdout:/usr/bin/ceph: stderr
2023-07-20T19:00:33.840+0000 7ff76b7fe700 1 -- 172.21.15.61:0/189473578 <== mon.0 v2:172.21.15.61:3300/0 5 ==== osd_map(2..2 src has 1..2) v4 ==== 940+0+0 (secure 0 0 0) 0x7ff77004c790 con 0x7ff774104250
2023-07-20T19:00:34.764 INFO:teuthology.orchestra.run.smithi061.stdout:/usr/bin/ceph: stderr
2023-07-20T19:00:33.840+0000 7ff77c4e6700 1 -- 172.21.15.61:0/189473578 --> [v2:172.21.15.61:3300/0,v1:172.21.15.61:6789/0] -- mon_command({"prefix": "get_command_descriptions"} v 0) v1 -- 0x7ff774061da0 con 0x7ff774104250
2023-07-20T19:00:34.764 INFO:teuthology.orchestra.run.smithi061.stdout:/usr/bin/ceph: stderr
2023-07-20T19:00:33.840+0000 7ff779a81700 1 --2- 172.21.15.61:0/189473578 >> [v2:172.21.15.61:6800/2098378944,v1:172.21.15.61:6801/2098378944] conn(0x7ff760038710 0x7ff76003abd0 unknown :-1 s=BANNER_CONNECTING pgs=0 cs=0 l=1 rev1=0 crypto rx=0 tx=0 comp rx=0 tx=0)._handle_peer_banner_payload supported=3 required=0
2023-07-20T19:00:34.764 INFO:teuthology.orchestra.run.smithi061.stdout:/usr/bin/ceph: stderr
2023-07-20T19:00:33.840+0000 7ff779a81700 1 --2- 172.21.15.61:0/189473578 >> [v2:172.21.15.61:6800/2098378944,v1:172.21.15.61:6801/2098378944] conn(0x7ff760038710 0x7ff76003abd0 secure :-1 s=READY pgs=12 cs=0 l=1 rev1=1 crypto rx=0x7ff764006fd0 tx=0x7ff764006e40 comp rx=0 tx=0).ready entity=mgr.14120 client_cookie=0 server_cookie=0 in_seq=0 out_seq=0
2023-07-20T19:00:34.764 INFO:teuthology.orchestra.run.smithi061.stdout:/usr/bin/ceph: stderr
2023-07-20T19:00:33.845+0000 7ff76b7fe700 1 -- 172.21.15.61:0/189473578 <== mon.0 v2:172.21.15.61:3300/0 6 ==== mon_command_ack([{"prefix": "get_command_descriptions"}]=0 v0) v1 ==== 72+0+178025 (secure 0 0 0) 0x7ff7700246e0 con 0x7ff774104250
2023-07-20T19:00:34.764 INFO:teuthology.orchestra.run.smithi061.stdout:/usr/bin/ceph: stderr
2023-07-20T19:00:34.244+0000 7ff77c4e6700 1 -- 172.21.15.61:0/189473578 --> [v2:172.21.15.61:6800/2098378944,v1:172.21.15.61:6801/2098378944] -- mgr_command(tid 0: {"prefix": "orch apply", "service_type": "mon", "unmanaged": true, "target": ["mon-mgr", ""]}) v1 -- 0x7ff774101ea0 con 0x7ff760038710
2023-07-20T19:00:34.764 INFO:teuthology.orchestra.run.smithi061.stdout:/usr/bin/ceph: stderr
2023-07-20T19:00:34.249+0000 7ff76b7fe700 1 -- 172.21.15.61:0/189473578 <== mgr.14120 v2:172.21.15.61:6800/2098378944 1 ==== mgr_command_reply(tid 0: 0 ) v1 ==== 8+0+24 (secure 0 0 0) 0x7ff774101ea0 con 0x7ff760038710
2023-07-20T19:00:34.765 INFO:teuthology.orchestra.run.smithi061.stdout:/usr/bin/ceph: stderr
2023-07-20T19:00:34.251+0000 7ff77c4e6700 1 -- 172.21.15.61:0/189473578 >> [v2:172.21.15.61:6800/2098378944,v1:172.21.15.61:6801/2098378944] conn(0x7ff760038710 msgr2=0x7ff76003abd0 secure :-1 s=STATE_CONNECTION_ESTABLISHED l=1).mark_down
2023-07-20T19:00:34.765 INFO:teuthology.orchestra.run.smithi061.stdout:/usr/bin/ceph: stderr
2023-07-20T19:00:34.251+0000 7ff77c4e6700 1 --2- 172.21.15.61:0/189473578 >> [v2:172.21.15.61:6800/2098378944,v1:172.21.15.61:6801/2098378944] conn(0x7ff760038710 0x7ff76003abd0 secure :-1 s=READY pgs=12 cs=0 l=1 rev1=1 crypto rx=0x7ff764006fd0 tx=0x7ff764006e40 comp rx=0 tx=0).stop
2023-07-20T19:00:34.765 INFO:teuthology.orchestra.run.smithi061.stdout:/usr/bin/ceph: stderr
2023-07-20T19:00:34.251+0000 7ff77c4e6700 1 -- 172.21.15.61:0/189473578 >> [v2:172.21.15.61:3300/0,v1:172.21.15.61:6789/0] conn(0x7ff774104250 msgr2=0x7ff774199c70 secure :-1 s=STATE_CONNECTION_ESTABLISHED l=1).mark_down
2023-07-20T19:00:34.765 INFO:teuthology.orchestra.run.smithi061.stdout:/usr/bin/ceph: stderr
2023-07-20T19:00:34.251+0000 7ff77c4e6700 1 --2- 172.21.15.61:0/189473578 >> [v2:172.21.15.61:3300/0,v1:172.21.15.61:6789/0] conn(0x7ff774104250 0x7ff774199c70 secure :-1 s=READY pgs=48 cs=0 l=1 rev1=1 crypto rx=0x7ff770009fb0 tx=0x7ff770011ad0 comp rx=0 tx=0).stop
2023-07-20T19:00:34.765 INFO:teuthology.orchestra.run.smithi061.stdout:/usr/bin/ceph: stderr
2023-07-20T19:00:34.251+0000 7ff77c4e6700 1 -- 172.21.15.61:0/189473578 shutdown_connections
2023-07-20T19:00:34.766 INFO:teuthology.orchestra.run.smithi061.stdout:/usr/bin/ceph: stderr
2023-07-20T19:00:34.251+0000 7ff77c4e6700 1 --2- 172.21.15.61:0/189473578 >> [v2:172.21.15.61:6800/2098378944,v1:172.21.15.61:6801/2098378944] conn(0x7ff760038710 0x7ff76003abd0 unknown :-1 s=CLOSED pgs=12 cs=0 l=1 rev1=1 crypto rx=0 tx=0 comp rx=0 tx=0).stop
2023-07-20T19:00:34.766 INFO:teuthology.orchestra.run.smithi061.stdout:/usr/bin/ceph: stderr
2023-07-20T19:00:34.251+0000 7ff77c4e6700 1 --2- 172.21.15.61:0/189473578 >> [v2:172.21.15.61:3300/0,v1:172.21.15.61:6789/0] conn(0x7ff774104250 0x7ff774199c70 unknown :-1 s=CLOSED pgs=48 cs=0 l=1 rev1=1 crypto rx=0 tx=0 comp rx=0 tx=0).stop
2023-07-20T19:00:34.766 INFO:teuthology.orchestra.run.smithi061.stdout:/usr/bin/ceph: stderr
2023-07-20T19:00:34.251+0000 7ff77c4e6700 1 -- 172.21.15.61:0/189473578 >> 172.21.15.61:0/189473578 conn(0x7ff7740ffbc0 msgr2=0x7ff774101240 unknown :-1 s=STATE_NONE l=0).mark_down
2023-07-20T19:00:34.766 INFO:teuthology.orchestra.run.smithi061.stdout:/usr/bin/ceph: stderr
2023-07-20T19:00:34.252+0000 7ff77c4e6700 1 -- 172.21.15.61:0/189473578 shutdown_connections
2023-07-20T19:00:34.767 INFO:teuthology.orchestra.run.smithi061.stdout:/usr/bin/ceph: stderr
2023-07-20T19:00:34.252+0000 7ff77c4e6700 1 -- 172.21.15.61:0/189473578 wait complete.
2023-07-20T19:00:34.767 INFO:teuthology.orchestra.run.smithi061.stdout:Deploying unmanaged mgr service...
2023-07-20T19:00:35.713 INFO:journalctl@ceph.mon.a.smithi061.stdout:Jul 20 19:00:35 smithi061 ceph-mon[127454]: from='client.14142 -' entity='client.admin' cmd=[{"prefix": "orch apply", "service_type": "mon", "unmanaged": true, "target": ["mon-mgr", ""]}]: dispatch
2023-07-20T19:00:35.713 INFO:journalctl@ceph.mon.a.smithi061.stdout:Jul 20 19:00:35 smithi061 ceph-mon[127454]: Saving service mon spec with placement count:5
2023-07-20T19:00:35.714 INFO:journalctl@ceph.mon.a.smithi061.stdout:Jul 20 19:00:35 smithi061 ceph-mon[127454]: from='mgr.14120 172.21.15.61:0/658828746' entity='mgr.x'
2023-07-20T19:00:36.102 INFO:teuthology.orchestra.run.smithi061.stdout:/usr/bin/ceph: stdout Scheduled mgr update...
2023-07-20T19:00:36.102 INFO:teuthology.orchestra.run.smithi061.stdout:/usr/bin/ceph: stderr
2023-07-20T19:00:35.237+0000 7f22d1a18700 1 Processor -- start
2023-07-20T19:00:36.102 INFO:teuthology.orchestra.run.smithi061.stdout:/usr/bin/ceph: stderr
2023-07-20T19:00:35.237+0000 7f22d1a18700 1 -- start start
2023-07-20T19:00:36.103 INFO:teuthology.orchestra.run.smithi061.stdout:/usr/bin/ceph: stderr
2023-07-20T19:00:35.237+0000 7f22d1a18700 1 --2- >> [v2:172.21.15.61:3300/0,v1:172.21.15.61:6789/0] conn(0x7f22cc106a00 0x7f22cc108df0 unknown :-1 s=NONE pgs=0 cs=0 l=0 rev1=0 crypto rx=0 tx=0 comp rx=0 tx=0).connect
2023-07-20T19:00:36.103 INFO:teuthology.orchestra.run.smithi061.stdout:/usr/bin/ceph: stderr
2023-07-20T19:00:35.237+0000 7f22d1a18700 1 -- --> [v2:172.21.15.61:3300/0,v1:172.21.15.61:6789/0] -- mon_getmap magic: 0 v1 -- 0x7f22cc079e70 con 0x7f22cc106a00
2023-07-20T19:00:36.103 INFO:teuthology.orchestra.run.smithi061.stdout:/usr/bin/ceph: stderr
2023-07-20T19:00:35.237+0000 7f22caffd700 1 --2- >> [v2:172.21.15.61:3300/0,v1:172.21.15.61:6789/0] conn(0x7f22cc106a00 0x7f22cc108df0 unknown :-1 s=BANNER_CONNECTING pgs=0 cs=0 l=0 rev1=0 crypto rx=0 tx=0 comp rx=0 tx=0)._handle_peer_banner_payload supported=3 required=0
2023-07-20T19:00:36.103 INFO:teuthology.orchestra.run.smithi061.stdout:/usr/bin/ceph: stderr
2023-07-20T19:00:35.237+0000 7f22caffd700 1 --2- >> [v2:172.21.15.61:3300/0,v1:172.21.15.61:6789/0] conn(0x7f22cc106a00 0x7f22cc108df0 unknown :-1 s=HELLO_CONNECTING pgs=0 cs=0 l=0 rev1=1 crypto rx=0 tx=0 comp rx=0 tx=0).handle_hello peer v2:172.21.15.61:3300/0 says I am v2:172.21.15.61:57344/0 (socket says 172.21.15.61:57344)
2023-07-20T19:00:36.103 INFO:teuthology.orchestra.run.smithi061.stdout:/usr/bin/ceph: stderr
2023-07-20T19:00:35.237+0000 7f22caffd700 1 -- 172.21.15.61:0/2769159178 learned_addr learned my addr 172.21.15.61:0/2769159178 (peer_addr_for_me v2:172.21.15.61:0/0)
2023-07-20T19:00:36.104 INFO:teuthology.orchestra.run.smithi061.stdout:/usr/bin/ceph: stderr
2023-07-20T19:00:35.238+0000 7f22caffd700 1 -- 172.21.15.61:0/2769159178 --> [v2:172.21.15.61:3300/0,v1:172.21.15.61:6789/0] -- mon_subscribe({config=0+,monmap=0+}) v3 -- 0x7f22cc109330 con 0x7f22cc106a00
2023-07-20T19:00:36.104 INFO:teuthology.orchestra.run.smithi061.stdout:/usr/bin/ceph: stderr
2023-07-20T19:00:35.238+0000 7f22caffd700 1 --2- 172.21.15.61:0/2769159178 >> [v2:172.21.15.61:3300/0,v1:172.21.15.61:6789/0] conn(0x7f22cc106a00 0x7f22cc108df0 secure :-1 s=READY pgs=49 cs=0 l=1 rev1=1 crypto rx=0x7f22c00098a0 tx=0x7f22c0009bb0 comp rx=0 tx=0).ready entity=mon.0 client_cookie=e82c20803166a549 server_cookie=0 in_seq=0 out_seq=0
2023-07-20T19:00:36.104 INFO:teuthology.orchestra.run.smithi061.stdout:/usr/bin/ceph: stderr
2023-07-20T19:00:35.238+0000 7f22c9ffb700 1 -- 172.21.15.61:0/2769159178 <== mon.0 v2:172.21.15.61:3300/0 1 ==== mon_map magic: 0 v1 ==== 205+0+0 (secure 0 0 0) 0x7f22c0004160 con 0x7f22cc106a00
2023-07-20T19:00:36.105 INFO:teuthology.orchestra.run.smithi061.stdout:/usr/bin/ceph: stderr
2023-07-20T19:00:35.238+0000 7f22c9ffb700 1 -- 172.21.15.61:0/2769159178 <== mon.0 v2:172.21.15.61:3300/0 2 ==== config(26 keys) v1 ==== 1074+0+0 (secure 0 0 0) 0x7f22c00042c0 con 0x7f22cc106a00
2023-07-20T19:00:36.105 INFO:teuthology.orchestra.run.smithi061.stdout:/usr/bin/ceph: stderr
2023-07-20T19:00:35.238+0000 7f22c9ffb700 1 -- 172.21.15.61:0/2769159178 <== mon.0 v2:172.21.15.61:3300/0 3 ==== mon_map magic: 0 v1 ==== 205+0+0 (secure 0 0 0) 0x7f22c0011a00 con 0x7f22cc106a00
2023-07-20T19:00:36.105 INFO:teuthology.orchestra.run.smithi061.stdout:/usr/bin/ceph: stderr
2023-07-20T19:00:35.239+0000 7f22d1a18700 1 -- 172.21.15.61:0/2769159178 >> [v2:172.21.15.61:3300/0,v1:172.21.15.61:6789/0] conn(0x7f22cc106a00 msgr2=0x7f22cc108df0 secure :-1 s=STATE_CONNECTION_ESTABLISHED l=1).mark_down
2023-07-20T19:00:36.105 INFO:teuthology.orchestra.run.smithi061.stdout:/usr/bin/ceph: stderr
2023-07-20T19:00:35.239+0000 7f22d1a18700 1 --2- 172.21.15.61:0/2769159178 >> [v2:172.21.15.61:3300/0,v1:172.21.15.61:6789/0] conn(0x7f22cc106a00 0x7f22cc108df0 secure :-1 s=READY pgs=49 cs=0 l=1 rev1=1 crypto rx=0x7f22c00098a0 tx=0x7f22c0009bb0 comp rx=0 tx=0).stop
2023-07-20T19:00:36.106 INFO:teuthology.orchestra.run.smithi061.stdout:/usr/bin/ceph: stderr
2023-07-20T19:00:35.239+0000 7f22d1a18700 1 -- 172.21.15.61:0/2769159178 shutdown_connections
2023-07-20T19:00:36.106 INFO:teuthology.orchestra.run.smithi061.stdout:/usr/bin/ceph: stderr
2023-07-20T19:00:35.239+0000 7f22d1a18700 1 --2- 172.21.15.61:0/2769159178 >> [v2:172.21.15.61:3300/0,v1:172.21.15.61:6789/0] conn(0x7f22cc106a00 0x7f22cc108df0 unknown :-1 s=CLOSED pgs=49 cs=0 l=1 rev1=1 crypto rx=0 tx=0 comp rx=0 tx=0).stop
2023-07-20T19:00:36.106 INFO:teuthology.orchestra.run.smithi061.stdout:/usr/bin/ceph: stderr
2023-07-20T19:00:35.239+0000 7f22d1a18700 1 -- 172.21.15.61:0/2769159178 >> 172.21.15.61:0/2769159178 conn(0x7f22cc100430 msgr2=0x7f22cc102850 unknown :-1 s=STATE_NONE l=0).mark_down
2023-07-20T19:00:36.107 INFO:teuthology.orchestra.run.smithi061.stdout:/usr/bin/ceph: stderr
2023-07-20T19:00:35.239+0000 7f22d1a18700 1 -- 172.21.15.61:0/2769159178 shutdown_connections
2023-07-20T19:00:36.107 INFO:teuthology.orchestra.run.smithi061.stdout:/usr/bin/ceph: stderr
2023-07-20T19:00:35.239+0000 7f22d1a18700 1 -- 172.21.15.61:0/2769159178 wait complete.
2023-07-20T19:00:36.107 INFO:teuthology.orchestra.run.smithi061.stdout:/usr/bin/ceph: stderr
2023-07-20T19:00:35.239+0000 7f22d1a18700 1 Processor -- start
2023-07-20T19:00:36.107 INFO:teuthology.orchestra.run.smithi061.stdout:/usr/bin/ceph: stderr
2023-07-20T19:00:35.240+0000 7f22d1a18700 1 -- start start
2023-07-20T19:00:36.108 INFO:teuthology.orchestra.run.smithi061.stdout:/usr/bin/ceph: stderr
2023-07-20T19:00:35.240+0000 7f22d1a18700 1 --2- >> [v2:172.21.15.61:3300/0,v1:172.21.15.61:6789/0] conn(0x7f22cc106a00 0x7f22cc106360 unknown :-1 s=NONE pgs=0 cs=0 l=1 rev1=0 crypto rx=0 tx=0 comp rx=0 tx=0).connect
2023-07-20T19:00:36.108 INFO:teuthology.orchestra.run.smithi061.stdout:/usr/bin/ceph: stderr
