2023-07-20T19:00:15.215 INFO:teuthology.orchestra.run.smithi061.stdout:/usr/bin/ceph: stderr
2023-07-20T19:00:14.313+0000 7f15852a6700 1 --2- >> [v2:172.21.15.61:3300/0,v1:172.21.15.61:6789/0] conn(0x7f1580106370 0x7f1580199c70 unknown :-1 s=NONE pgs=0 cs=0 l=1 rev1=0 crypto rx=0 tx=0 comp rx=0 tx=0).connect
2023-07-20T19:00:15.215 INFO:teuthology.orchestra.run.smithi061.stdout:/usr/bin/ceph: stderr
2023-07-20T19:00:14.313+0000 7f15852a6700 1 -- --> [v2:172.21.15.61:3300/0,v1:172.21.15.61:6789/0] -- mon_getmap magic: 0 v1 -- 0x7f158019a1b0 con 0x7f1580106370
2023-07-20T19:00:15.215 INFO:teuthology.orchestra.run.smithi061.stdout:/usr/bin/ceph: stderr
2023-07-20T19:00:14.313+0000 7f157effd700 1 --2- >> [v2:172.21.15.61:3300/0,v1:172.21.15.61:6789/0] conn(0x7f1580106370 0x7f1580199c70 unknown :-1 s=BANNER_CONNECTING pgs=0 cs=0 l=1 rev1=0 crypto rx=0 tx=0 comp rx=0 tx=0)._handle_peer_banner_payload supported=3 required=0
2023-07-20T19:00:15.215 INFO:teuthology.orchestra.run.smithi061.stdout:/usr/bin/ceph: stderr
2023-07-20T19:00:14.313+0000 7f157effd700 1 --2- >> [v2:172.21.15.61:3300/0,v1:172.21.15.61:6789/0] conn(0x7f1580106370 0x7f1580199c70 unknown :-1 s=HELLO_CONNECTING pgs=0 cs=0 l=1 rev1=1 crypto rx=0 tx=0 comp rx=0 tx=0).handle_hello peer v2:172.21.15.61:3300/0 says I am v2:172.21.15.61:57216/0 (socket says 172.21.15.61:57216)
2023-07-20T19:00:15.215 INFO:teuthology.orchestra.run.smithi061.stdout:/usr/bin/ceph: stderr
2023-07-20T19:00:14.313+0000 7f157effd700 1 -- 172.21.15.61:0/3015627432 learned_addr learned my addr 172.21.15.61:0/3015627432 (peer_addr_for_me v2:172.21.15.61:0/0)
2023-07-20T19:00:15.215 INFO:teuthology.orchestra.run.smithi061.stdout:/usr/bin/ceph: stderr
2023-07-20T19:00:14.313+0000 7f157effd700 1 -- 172.21.15.61:0/3015627432 --> [v2:172.21.15.61:3300/0,v1:172.21.15.61:6789/0] -- mon_subscribe({config=0+,monmap=0+}) v3 -- 0x7f1570009550 con 0x7f1580106370
2023-07-20T19:00:15.216 INFO:teuthology.orchestra.run.smithi061.stdout:/usr/bin/ceph: stderr
2023-07-20T19:00:14.313+0000 7f157effd700 1 --2- 172.21.15.61:0/3015627432 >> [v2:172.21.15.61:3300/0,v1:172.21.15.61:6789/0] conn(0x7f1580106370 0x7f1580199c70 secure :-1 s=READY pgs=27 cs=0 l=1 rev1=1 crypto rx=0x7f1570009fb0 tx=0x7f1570011ad0 comp rx=0 tx=0).ready entity=mon.0 client_cookie=0 server_cookie=0 in_seq=0 out_seq=0
2023-07-20T19:00:15.216 INFO:teuthology.orchestra.run.smithi061.stdout:/usr/bin/ceph: stderr
2023-07-20T19:00:14.314+0000 7f1567fff700 1 -- 172.21.15.61:0/3015627432 <== mon.0 v2:172.21.15.61:3300/0 1 ==== mon_map magic: 0 v1 ==== 205+0+0 (secure 0 0 0) 0x7f1570003a40 con 0x7f1580106370
2023-07-20T19:00:15.216 INFO:teuthology.orchestra.run.smithi061.stdout:/usr/bin/ceph: stderr
2023-07-20T19:00:14.314+0000 7f1567fff700 1 -- 172.21.15.61:0/3015627432 <== mon.0 v2:172.21.15.61:3300/0 2 ==== config(26 keys) v1 ==== 1074+0+0 (secure 0 0 0) 0x7f1570003ba0 con 0x7f1580106370
2023-07-20T19:00:15.216 INFO:teuthology.orchestra.run.smithi061.stdout:/usr/bin/ceph: stderr
2023-07-20T19:00:14.314+0000 7f15852a6700 1 -- 172.21.15.61:0/3015627432 --> [v2:172.21.15.61:3300/0,v1:172.21.15.61:6789/0] -- mon_subscribe({mgrmap=0+}) v3 -- 0x7f158019a3b0 con 0x7f1580106370
2023-07-20T19:00:15.216 INFO:teuthology.orchestra.run.smithi061.stdout:/usr/bin/ceph: stderr
2023-07-20T19:00:14.314+0000 7f1567fff700 1 -- 172.21.15.61:0/3015627432 <== mon.0 v2:172.21.15.61:3300/0 3 ==== mon_map magic: 0 v1 ==== 205+0+0 (secure 0 0 0) 0x7f157001a750 con 0x7f1580106370
2023-07-20T19:00:15.216 INFO:teuthology.orchestra.run.smithi061.stdout:/usr/bin/ceph: stderr
2023-07-20T19:00:14.314+0000 7f15852a6700 1 -- 172.21.15.61:0/3015627432 --> [v2:172.21.15.61:3300/0,v1:172.21.15.61:6789/0] -- mon_subscribe({osdmap=0}) v3 -- 0x7f158019a7d0 con 0x7f1580106370
2023-07-20T19:00:15.216 INFO:teuthology.orchestra.run.smithi061.stdout:/usr/bin/ceph: stderr
2023-07-20T19:00:14.315+0000 7f1567fff700 1 -- 172.21.15.61:0/3015627432 <== mon.0 v2:172.21.15.61:3300/0 4 ==== mgrmap(e 5) v1 ==== 45483+0+0 (secure 0 0 0) 0x7f157001a9d0 con 0x7f1580106370
2023-07-20T19:00:15.217 INFO:teuthology.orchestra.run.smithi061.stdout:/usr/bin/ceph: stderr
2023-07-20T19:00:14.315+0000 7f15852a6700 1 -- 172.21.15.61:0/3015627432 --> [v2:172.21.15.61:3300/0,v1:172.21.15.61:6789/0] -- mon_command({"prefix": "get_command_descriptions"} v 0) v1 -- 0x7f1580061da0 con 0x7f1580106370
2023-07-20T19:00:15.217 INFO:teuthology.orchestra.run.smithi061.stdout:/usr/bin/ceph: stderr
2023-07-20T19:00:14.315+0000 7f1567fff700 1 --2- 172.21.15.61:0/3015627432 >> [v2:172.21.15.61:6800/2016235088,v1:172.21.15.61:6801/2016235088] conn(0x7f15680386c0 0x7f156803ab80 unknown :-1 s=NONE pgs=0 cs=0 l=1 rev1=0 crypto rx=0 tx=0 comp rx=0 tx=0).connect
2023-07-20T19:00:15.217 INFO:teuthology.orchestra.run.smithi061.stdout:/usr/bin/ceph: stderr
2023-07-20T19:00:14.315+0000 7f1567fff700 1 -- 172.21.15.61:0/3015627432 <== mon.0 v2:172.21.15.61:3300/0 5 ==== osd_map(1..1 src has 1..1) v4 ==== 725+0+0 (secure 0 0 0) 0x7f157004c390 con 0x7f1580106370
2023-07-20T19:00:15.217 INFO:teuthology.orchestra.run.smithi061.stdout:/usr/bin/ceph: stderr
2023-07-20T19:00:14.315+0000 7f157e7fc700 1 -- 172.21.15.61:0/3015627432 >> [v2:172.21.15.61:6800/2016235088,v1:172.21.15.61:6801/2016235088] conn(0x7f15680386c0 msgr2=0x7f156803ab80 unknown :-1 s=STATE_CONNECTING_RE l=1).process reconnect failed to v2:172.21.15.61:6800/2016235088
2023-07-20T19:00:15.217 INFO:teuthology.orchestra.run.smithi061.stdout:/usr/bin/ceph: stderr
2023-07-20T19:00:14.315+0000 7f157e7fc700 1 --2- 172.21.15.61:0/3015627432 >> [v2:172.21.15.61:6800/2016235088,v1:172.21.15.61:6801/2016235088] conn(0x7f15680386c0 0x7f156803ab80 unknown :-1 s=START_CONNECT pgs=0 cs=0 l=1 rev1=0 crypto rx=0 tx=0 comp rx=0 tx=0)._fault waiting 0.200000
2023-07-20T19:00:15.217 INFO:teuthology.orchestra.run.smithi061.stdout:/usr/bin/ceph: stderr
2023-07-20T19:00:14.320+0000 7f1567fff700 1 -- 172.21.15.61:0/3015627432 <== mon.0 v2:172.21.15.61:3300/0 6 ==== mon_command_ack([{"prefix": "get_command_descriptions"}]=0 v0) v1 ==== 72+0+178025 (secure 0 0 0) 0x7f1570018b80 con 0x7f1580106370
2023-07-20T19:00:15.218 INFO:teuthology.orchestra.run.smithi061.stdout:/usr/bin/ceph: stderr
2023-07-20T19:00:14.516+0000 7f157e7fc700 1 -- 172.21.15.61:0/3015627432 >> [v2:172.21.15.61:6800/2016235088,v1:172.21.15.61:6801/2016235088] conn(0x7f15680386c0 msgr2=0x7f156803ab80 unknown :-1 s=STATE_CONNECTING_RE l=1).process reconnect failed to v2:172.21.15.61:6800/2016235088
2023-07-20T19:00:15.218 INFO:teuthology.orchestra.run.smithi061.stdout:/usr/bin/ceph: stderr
2023-07-20T19:00:14.516+0000 7f157e7fc700 1 --2- 172.21.15.61:0/3015627432 >> [v2:172.21.15.61:6800/2016235088,v1:172.21.15.61:6801/2016235088] conn(0x7f15680386c0 0x7f156803ab80 unknown :-1 s=START_CONNECT pgs=0 cs=0 l=1 rev1=0 crypto rx=0 tx=0 comp rx=0 tx=0)._fault waiting 0.400000
2023-07-20T19:00:15.218 INFO:teuthology.orchestra.run.smithi061.stdout:/usr/bin/ceph: stderr
2023-07-20T19:00:14.783+0000 7f15852a6700 1 -- 172.21.15.61:0/3015627432 --> [v2:172.21.15.61:3300/0,v1:172.21.15.61:6789/0] -- mon_command({"prefix": "mgr stat"} v 0) v1 -- 0x7f158019d960 con 0x7f1580106370
2023-07-20T19:00:15.218 INFO:teuthology.orchestra.run.smithi061.stdout:/usr/bin/ceph: stderr
2023-07-20T19:00:14.784+0000 7f1567fff700 1 -- 172.21.15.61:0/3015627432 <== mon.0 v2:172.21.15.61:3300/0 7 ==== mon_command_ack([{"prefix": "mgr stat"}]=0 v5) v1 ==== 56+0+88 (secure 0 0 0) 0x7f1570018350 con 0x7f1580106370
2023-07-20T19:00:15.218 INFO:teuthology.orchestra.run.smithi061.stdout:/usr/bin/ceph: stderr
2023-07-20T19:00:14.786+0000 7f15852a6700 1 -- 172.21.15.61:0/3015627432 >> [v2:172.21.15.61:6800/2016235088,v1:172.21.15.61:6801/2016235088] conn(0x7f15680386c0 msgr2=0x7f156803ab80 unknown :-1 s=STATE_CONNECTING l=1).mark_down
2023-07-20T19:00:15.218 INFO:teuthology.orchestra.run.smithi061.stdout:/usr/bin/ceph: stderr
2023-07-20T19:00:14.786+0000 7f15852a6700 1 --2- 172.21.15.61:0/3015627432 >> [v2:172.21.15.61:6800/2016235088,v1:172.21.15.61:6801/2016235088] conn(0x7f15680386c0 0x7f156803ab80 unknown :-1 s=START_CONNECT pgs=0 cs=0 l=1 rev1=0 crypto rx=0 tx=0 comp rx=0 tx=0).stop
2023-07-20T19:00:15.218 INFO:teuthology.orchestra.run.smithi061.stdout:/usr/bin/ceph: stderr
2023-07-20T19:00:14.786+0000 7f15852a6700 1 -- 172.21.15.61:0/3015627432 >> [v2:172.21.15.61:3300/0,v1:172.21.15.61:6789/0] conn(0x7f1580106370 msgr2=0x7f1580199c70 secure :-1 s=STATE_CONNECTION_ESTABLISHED l=1).mark_down
2023-07-20T19:00:15.219 INFO:teuthology.orchestra.run.smithi061.stdout:/usr/bin/ceph: stderr
2023-07-20T19:00:14.786+0000 7f15852a6700 1 --2- 172.21.15.61:0/3015627432 >> [v2:172.21.15.61:3300/0,v1:172.21.15.61:6789/0] conn(0x7f1580106370 0x7f1580199c70 secure :-1 s=READY pgs=27 cs=0 l=1 rev1=1 crypto rx=0x7f1570009fb0 tx=0x7f1570011ad0 comp rx=0 tx=0).stop
2023-07-20T19:00:15.219 INFO:teuthology.orchestra.run.smithi061.stdout:/usr/bin/ceph: stderr
2023-07-20T19:00:14.786+0000 7f15852a6700 1 -- 172.21.15.61:0/3015627432 shutdown_connections
2023-07-20T19:00:15.219 INFO:teuthology.orchestra.run.smithi061.stdout:/usr/bin/ceph: stderr
2023-07-20T19:00:14.786+0000 7f15852a6700 1 --2- 172.21.15.61:0/3015627432 >> [v2:172.21.15.61:6800/2016235088,v1:172.21.15.61:6801/2016235088] conn(0x7f15680386c0 0x7f156803ab80 unknown :-1 s=CLOSED pgs=0 cs=0 l=1 rev1=0 crypto rx=0 tx=0 comp rx=0 tx=0).stop
2023-07-20T19:00:15.219 INFO:teuthology.orchestra.run.smithi061.stdout:/usr/bin/ceph: stderr
2023-07-20T19:00:14.786+0000 7f15852a6700 1 --2- 172.21.15.61:0/3015627432 >> [v2:172.21.15.61:3300/0,v1:172.21.15.61:6789/0] conn(0x7f1580106370 0x7f1580199c70 unknown :-1 s=CLOSED pgs=27 cs=0 l=1 rev1=1 crypto rx=0 tx=0 comp rx=0 tx=0).stop
2023-07-20T19:00:15.219 INFO:teuthology.orchestra.run.smithi061.stdout:/usr/bin/ceph: stderr
2023-07-20T19:00:14.786+0000 7f15852a6700 1 -- 172.21.15.61:0/3015627432 >> 172.21.15.61:0/3015627432 conn(0x7f15800ffbc0 msgr2=0x7f15801012a0 unknown :-1 s=STATE_NONE l=0).mark_down
2023-07-20T19:00:15.219 INFO:teuthology.orchestra.run.smithi061.stdout:/usr/bin/ceph: stderr
2023-07-20T19:00:14.787+0000 7f15852a6700 1 -- 172.21.15.61:0/3015627432 shutdown_connections
2023-07-20T19:00:15.219 INFO:teuthology.orchestra.run.smithi061.stdout:/usr/bin/ceph: stderr
2023-07-20T19:00:14.787+0000 7f15852a6700 1 -- 172.21.15.61:0/3015627432 wait complete.
2023-07-20T19:00:15.219 INFO:teuthology.orchestra.run.smithi061.stdout:Waiting for the mgr to restart...
2023-07-20T19:00:15.220 INFO:teuthology.orchestra.run.smithi061.stdout:Waiting for mgr epoch 5...
2023-07-20T19:00:15.713 INFO:journalctl@ceph.mon.a.smithi061.stdout:Jul 20 19:00:15 smithi061 ceph-mon[127454]: from='client.? 172.21.15.61:0/3015627432' entity='client.admin' cmd=[{"prefix": "mgr stat"}]: dispatch
2023-07-20T19:00:15.713 INFO:journalctl@ceph.mgr.x.smithi061.stdout:Jul 20 19:00:15 smithi061 ceph-7541eb30-272f-11ee-9b34-001a4aab830c-mgr-x[127704]:
2023-07-20T19:00:15.493+0000 7f37e6c89200 -1 mgr[py] Module progress has missing NOTIFY_TYPES member
2023-07-20T19:00:16.713 INFO:journalctl@ceph.mgr.x.smithi061.stdout:Jul 20 19:00:16 smithi061 ceph-7541eb30-272f-11ee-9b34-001a4aab830c-mgr-x[127704]:
2023-07-20T19:00:16.180+0000 7f37e6c89200 -1 mgr[py] Module rook has missing NOTIFY_TYPES member
2023-07-20T19:00:16.713 INFO:journalctl@ceph.mgr.x.smithi061.stdout:Jul 20 19:00:16 smithi061 ceph-7541eb30-272f-11ee-9b34-001a4aab830c-mgr-x[127704]:
2023-07-20T19:00:16.372+0000 7f37e6c89200 -1 mgr[py] Module iostat has missing NOTIFY_TYPES member
2023-07-20T19:00:17.713 INFO:journalctl@ceph.mgr.x.smithi061.stdout:Jul 20 19:00:17 smithi061 ceph-7541eb30-272f-11ee-9b34-001a4aab830c-mgr-x[127704]:
2023-07-20T19:00:17.334+0000 7f37e6c89200 -1 mgr[py] Module test_orchestrator has missing NOTIFY_TYPES member
2023-07-20T19:00:17.713 INFO:journalctl@ceph.mgr.x.smithi061.stdout:Jul 20 19:00:17 smithi061 ceph-7541eb30-272f-11ee-9b34-001a4aab830c-mgr-x[127704]:
2023-07-20T19:00:17.445+0000 7f37e6c89200 -1 mgr[py] Module osd_perf_query has missing NOTIFY_TYPES member
2023-07-20T19:00:18.065 INFO:journalctl@ceph.mgr.x.smithi061.stdout:Jul 20 19:00:17 smithi061 ceph-7541eb30-272f-11ee-9b34-001a4aab830c-mgr-x[127704]:
2023-07-20T19:00:17.664+0000 7f37e6c89200 -1 mgr[py] Module orchestrator has missing NOTIFY_TYPES member
2023-07-20T19:00:18.320 INFO:journalctl@ceph.mgr.x.smithi061.stdout:Jul 20 19:00:18 smithi061 ceph-7541eb30-272f-11ee-9b34-001a4aab830c-mgr-x[127704]:
2023-07-20T19:00:18.013+0000 7f37e6c89200 -1 mgr[py] Module rgw has missing NOTIFY_TYPES member
2023-07-20T19:00:18.713 INFO:journalctl@ceph.mgr.x.smithi061.stdout:Jul 20 19:00:18 smithi061 ceph-7541eb30-272f-11ee-9b34-001a4aab830c-mgr-x[127704]:
2023-07-20T19:00:18.268+0000 7f37e6c89200 -1 mgr[py] Module influx has missing NOTIFY_TYPES member
2023-07-20T19:00:18.713 INFO:journalctl@ceph.mgr.x.smithi061.stdout:Jul 20 19:00:18 smithi061 ceph-7541eb30-272f-11ee-9b34-001a4aab830c-mgr-x[127704]:
2023-07-20T19:00:18.448+0000 7f37e6c89200 -1 mgr[py] Module telemetry has missing NOTIFY_TYPES member
2023-07-20T19:00:19.213 INFO:journalctl@ceph.mgr.x.smithi061.stdout:Jul 20 19:00:18 smithi061 ceph-7541eb30-272f-11ee-9b34-001a4aab830c-mgr-x[127704]:
2023-07-20T19:00:18.776+0000 7f37e6c89200 -1 mgr[py] Module telegraf has missing NOTIFY_TYPES member
2023-07-20T19:00:19.963 INFO:journalctl@ceph.mgr.x.smithi061.stdout:Jul 20 19:00:19 smithi061 ceph-7541eb30-272f-11ee-9b34-001a4aab830c-mgr-x[127704]:
2023-07-20T19:00:19.600+0000 7f37e6c89200 -1 mgr[py] Module balancer has missing NOTIFY_TYPES member
2023-07-20T19:00:19.963 INFO:journalctl@ceph.mgr.x.smithi061.stdout:Jul 20 19:00:19 smithi061 ceph-7541eb30-272f-11ee-9b34-001a4aab830c-mgr-x[127704]:
2023-07-20T19:00:19.757+0000 7f37e6c89200 -1 mgr[py] Module diskprediction_local has missing NOTIFY_TYPES member
2023-07-20T19:00:20.459 INFO:journalctl@ceph.mgr.x.smithi061.stdout:Jul 20 19:00:20 smithi061 ceph-7541eb30-272f-11ee-9b34-001a4aab830c-mgr-x[127704]:
2023-07-20T19:00:19.999+0000 7f37e6c89200 -1 mgr[py] Module nfs has missing NOTIFY_TYPES member
2023-07-20T19:00:20.460 INFO:journalctl@ceph.mgr.x.smithi061.stdout:Jul 20 19:00:20 smithi061 ceph-7541eb30-272f-11ee-9b34-001a4aab830c-mgr-x[127704]:
2023-07-20T19:00:20.136+0000 7f37e6c89200 -1 mgr[py] Module rbd_support has missing NOTIFY_TYPES member
2023-07-20T19:00:20.713 INFO:journalctl@ceph.mgr.x.smithi061.stdout:Jul 20 19:00:20 smithi061 ceph-7541eb30-272f-11ee-9b34-001a4aab830c-mgr-x[127704]:
2023-07-20T19:00:20.406+0000 7f37e6c89200 -1 mgr[py] Module volumes has missing NOTIFY_TYPES member
2023-07-20T19:00:21.963 INFO:journalctl@ceph.mgr.x.smithi061.stdout:Jul 20 19:00:21 smithi061 ceph-7541eb30-272f-11ee-9b34-001a4aab830c-mgr-x[127704]:
2023-07-20T19:00:21.447+0000 7f37e6c89200 -1 mgr[py] Module pg_autoscaler has missing NOTIFY_TYPES member
2023-07-20T19:00:21.964 INFO:journalctl@ceph.mon.a.smithi061.stdout:Jul 20 19:00:21 smithi061 ceph-mon[127454]: Active manager daemon x restarted
2023-07-20T19:00:21.964 INFO:journalctl@ceph.mon.a.smithi061.stdout:Jul 20 19:00:21 smithi061 ceph-mon[127454]: Activating manager daemon x
2023-07-20T19:00:21.964 INFO:journalctl@ceph.mon.a.smithi061.stdout:Jul 20 19:00:21 smithi061 ceph-mon[127454]: osdmap e2: 0 total, 0 up, 0 in
2023-07-20T19:00:21.965 INFO:journalctl@ceph.mon.a.smithi061.stdout:Jul 20 19:00:21 smithi061 ceph-mon[127454]: mgrmap e6: x(active, starting, since 0.0035508s)
2023-07-20T19:00:21.965 INFO:journalctl@ceph.mon.a.smithi061.stdout:Jul 20 19:00:21 smithi061 ceph-mon[127454]: from='mgr.14120 172.21.15.61:0/658828746' entity='mgr.x' cmd=[{"prefix": "mon metadata", "id": "a"}]: dispatch
2023-07-20T19:00:21.965 INFO:journalctl@ceph.mon.a.smithi061.stdout:Jul 20 19:00:21 smithi061 ceph-mon[127454]: from='mgr.14120 172.21.15.61:0/658828746' entity='mgr.x' cmd=[{"prefix": "mgr metadata", "who": "x", "id": "x"}]: dispatch
2023-07-20T19:00:21.965 INFO:journalctl@ceph.mon.a.smithi061.stdout:Jul 20 19:00:21 smithi061 ceph-mon[127454]: from='mgr.14120 172.21.15.61:0/658828746' entity='mgr.x' cmd=[{"prefix": "mds metadata"}]: dispatch
2023-07-20T19:00:21.965 INFO:journalctl@ceph.mon.a.smithi061.stdout:Jul 20 19:00:21 smithi061 ceph-mon[127454]: from='mgr.14120 172.21.15.61:0/658828746' entity='mgr.x' cmd=[{"prefix": "osd metadata"}]: dispatch
2023-07-20T19:00:21.965 INFO:journalctl@ceph.mon.a.smithi061.stdout:Jul 20 19:00:21 smithi061 ceph-mon[127454]: from='mgr.14120 172.21.15.61:0/658828746' entity='mgr.x' cmd=[{"prefix": "mon metadata"}]: dispatch
2023-07-20T19:00:21.965 INFO:journalctl@ceph.mon.a.smithi061.stdout:Jul 20 19:00:21 smithi061 ceph-mon[127454]: Manager daemon x is now available
2023-07-20T19:00:21.966 INFO:journalctl@ceph.mon.a.smithi061.stdout:Jul 20 19:00:21 smithi061 ceph-mon[127454]: from='mgr.14120 172.21.15.61:0/658828746' entity='mgr.x'
2023-07-20T19:00:21.966 INFO:journalctl@ceph.mon.a.smithi061.stdout:Jul 20 19:00:21 smithi061 ceph-mon[127454]: from='mgr.14120 172.21.15.61:0/658828746' entity='mgr.x'
2023-07-20T19:00:21.966 INFO:journalctl@ceph.mon.a.smithi061.stdout:Jul 20 19:00:21 smithi061 ceph-mon[127454]: from='mgr.14120 172.21.15.61:0/658828746' entity='mgr.x' cmd=[{"prefix": "config dump", "format": "json"}]: dispatch
2023-07-20T19:00:21.966 INFO:journalctl@ceph.mon.a.smithi061.stdout:Jul 20 19:00:21 smithi061 ceph-mon[127454]: from='mgr.14120 172.21.15.61:0/658828746' entity='mgr.x' cmd=[{"prefix": "config dump", "format": "json"}]: dispatch
2023-07-20T19:00:22.861 INFO:journalctl@ceph.mon.a.smithi061.stdout:Jul 20 19:00:22 smithi061 ceph-mon[127454]: Found migration_current of "None". Setting to last migration.
2023-07-20T19:00:22.861 INFO:journalctl@ceph.mon.a.smithi061.stdout:Jul 20 19:00:22 smithi061 ceph-mon[127454]: from='mgr.14120 172.21.15.61:0/658828746' entity='mgr.x' cmd=[{"prefix": "config dump", "format": "json"}]: dispatch
2023-07-20T19:00:22.861 INFO:journalctl@ceph.mon.a.smithi061.stdout:Jul 20 19:00:22 smithi061 ceph-mon[127454]: from='mgr.14120 172.21.15.61:0/658828746' entity='mgr.x' cmd=[{"prefix":"config rm","who":"mgr","name":"mgr/rbd_support/x/mirror_snapshot_schedule"}]: dispatch
2023-07-20T19:00:22.862 INFO:journalctl@ceph.mon.a.smithi061.stdout:Jul 20 19:00:22 smithi061 ceph-mon[127454]: from='mgr.14120 172.21.15.61:0/658828746' entity='mgr.x' cmd=[{"prefix":"config rm","who":"mgr","name":"mgr/rbd_support/x/trash_purge_schedule"}]: dispatch
2023-07-20T19:00:22.862 INFO:journalctl@ceph.mon.a.smithi061.stdout:Jul 20 19:00:22 smithi061 ceph-mon[127454]: from='mgr.14120 172.21.15.61:0/658828746' entity='mgr.x'
2023-07-20T19:00:22.862 INFO:journalctl@ceph.mon.a.smithi061.stdout:Jul 20 19:00:22 smithi061 ceph-mon[127454]: from='mgr.14120 172.21.15.61:0/658828746' entity='mgr.x'
2023-07-20T19:00:22.862 INFO:journalctl@ceph.mon.a.smithi061.stdout:Jul 20 19:00:22 smithi061 ceph-mon[127454]: from='client.14124 -' entity='client.admin' cmd=[{"prefix": "get_command_descriptions"}]: dispatch
2023-07-20T19:00:22.862 INFO:journalctl@ceph.mon.a.smithi061.stdout:Jul 20 19:00:22 smithi061 ceph-mon[127454]: mgrmap e7: x(active, since 1.00638s)
2023-07-20T19:00:22.862 INFO:journalctl@ceph.mon.a.smithi061.stdout:Jul 20 19:00:22 smithi061 ceph-mon[127454]: from='client.14124 -' entity='client.admin' cmd=[{"prefix": "mgr_status"}]: dispatch
2023-07-20T19:00:22.870 INFO:teuthology.orchestra.run.smithi061.stdout:/usr/bin/ceph: stdout {
2023-07-20T19:00:22.871 INFO:teuthology.orchestra.run.smithi061.stdout:/usr/bin/ceph: stdout "mgrmap_epoch": 7,
2023-07-20T19:00:22.871 INFO:teuthology.orchestra.run.smithi061.stdout:/usr/bin/ceph: stdout "initialized": true
2023-07-20T19:00:22.871 INFO:teuthology.orchestra.run.smithi061.stdout:/usr/bin/ceph: stdout }
2023-07-20T19:00:22.871 INFO:teuthology.orchestra.run.smithi061.stdout:/usr/bin/ceph: stderr
2023-07-20T19:00:15.650+0000 7f5ed77b1700 1 Processor -- start
2023-07-20T19:00:22.871 INFO:teuthology.orchestra.run.smithi061.stdout:/usr/bin/ceph: stderr
2023-07-20T19:00:15.650+0000 7f5ed77b1700 1 -- start start
2023-07-20T19:00:22.872 INFO:teuthology.orchestra.run.smithi061.stdout:/usr/bin/ceph: stderr
2023-07-20T19:00:15.650+0000 7f5ed77b1700 1 --2- >> [v2:172.21.15.61:3300/0,v1:172.21.15.61:6789/0] conn(0x7f5ed0106a20 0x7f5ed0108e10 unknown :-1 s=NONE pgs=0 cs=0 l=0 rev1=0 crypto rx=0 tx=0 comp rx=0 tx=0).connect
2023-07-20T19:00:22.872 INFO:teuthology.orchestra.run.smithi061.stdout:/usr/bin/ceph: stderr
2023-07-20T19:00:15.650+0000 7f5ed77b1700 1 -- --> [v2:172.21.15.61:3300/0,v1:172.21.15.61:6789/0] -- mon_getmap magic: 0 v1 -- 0x7f5ed0079e70 con 0x7f5ed0106a20
2023-07-20T19:00:22.872 INFO:teuthology.orchestra.run.smithi061.stdout:/usr/bin/ceph: stderr
2023-07-20T19:00:15.651+0000 7f5ed554d700 1 --2- >> [v2:172.21.15.61:3300/0,v1:172.21.15.61:6789/0] conn(0x7f5ed0106a20 0x7f5ed0108e10 unknown :-1 s=BANNER_CONNECTING pgs=0 cs=0 l=0 rev1=0 crypto rx=0 tx=0 comp rx=0 tx=0)._handle_peer_banner_payload supported=3 required=0
2023-07-20T19:00:22.872 INFO:teuthology.orchestra.run.smithi061.stdout:/usr/bin/ceph: stderr
2023-07-20T19:00:15.651+0000 7f5ed554d700 1 --2- >> [v2:172.21.15.61:3300/0,v1:172.21.15.61:6789/0] conn(0x7f5ed0106a20 0x7f5ed0108e10 unknown :-1 s=HELLO_CONNECTING pgs=0 cs=0 l=0 rev1=1 crypto rx=0 tx=0 comp rx=0 tx=0).handle_hello peer v2:172.21.15.61:3300/0 says I am v2:172.21.15.61:57224/0 (socket says 172.21.15.61:57224)
2023-07-20T19:00:22.872 INFO:teuthology.orchestra.run.smithi061.stdout:/usr/bin/ceph: stderr
2023-07-20T19:00:15.651+0000 7f5ed554d700 1 -- 172.21.15.61:0/4861584 learned_addr learned my addr 172.21.15.61:0/4861584 (peer_addr_for_me v2:172.21.15.61:0/0)
2023-07-20T19:00:22.872 INFO:teuthology.orchestra.run.smithi061.stdout:/usr/bin/ceph: stderr
2023-07-20T19:00:15.651+0000 7f5ed554d700 1 -- 172.21.15.61:0/4861584 --> [v2:172.21.15.61:3300/0,v1:172.21.15.61:6789/0] -- mon_subscribe({config=0+,monmap=0+}) v3 -- 0x7f5ed0109350 con 0x7f5ed0106a20
2023-07-20T19:00:22.872 INFO:teuthology.orchestra.run.smithi061.stdout:/usr/bin/ceph: stderr
2023-07-20T19:00:15.651+0000 7f5ed554d700 1 --2- 172.21.15.61:0/4861584 >> [v2:172.21.15.61:3300/0,v1:172.21.15.61:6789/0] conn(0x7f5ed0106a20 0x7f5ed0108e10 secure :-1 s=READY pgs=28 cs=0 l=1 rev1=1 crypto rx=0x7f5ecc0098a0 tx=0x7f5ecc009bb0 comp rx=0 tx=0).ready entity=mon.0 client_cookie=6677dd6374f19a9d server_cookie=0 in_seq=0 out_seq=0
2023-07-20T19:00:22.873 INFO:teuthology.orchestra.run.smithi061.stdout:/usr/bin/ceph: stderr
2023-07-20T19:00:15.651+0000 7f5ec7fff700 1 -- 172.21.15.61:0/4861584 <== mon.0 v2:172.21.15.61:3300/0 1 ==== mon_map magic: 0 v1 ==== 205+0+0 (secure 0 0 0) 0x7f5ecc004160 con 0x7f5ed0106a20
2023-07-20T19:00:22.873 INFO:teuthology.orchestra.run.smithi061.stdout:/usr/bin/ceph: stderr
2023-07-20T19:00:15.651+0000 7f5ec7fff700 1 -- 172.21.15.61:0/4861584 <== mon.0 v2:172.21.15.61:3300/0 2 ==== config(26 keys) v1 ==== 1074+0+0 (secure 0 0 0) 0x7f5ecc0042c0 con 0x7f5ed0106a20
2023-07-20T19:00:22.873 INFO:teuthology.orchestra.run.smithi061.stdout:/usr/bin/ceph: stderr
2023-07-20T19:00:15.651+0000 7f5ec7fff700 1 -- 172.21.15.61:0/4861584 <== mon.0 v2:172.21.15.61:3300/0 3 ==== mon_map magic: 0 v1 ==== 205+0+0 (secure 0 0 0) 0x7f5ecc011a00 con 0x7f5ed0106a20
2023-07-20T19:00:22.873 INFO:teuthology.orchestra.run.smithi061.stdout:/usr/bin/ceph: stderr
2023-07-20T19:00:15.652+0000 7f5ed77b1700 1 -- 172.21.15.61:0/4861584 >> [v2:172.21.15.61:3300/0,v1:172.21.15.61:6789/0] conn(0x7f5ed0106a20 msgr2=0x7f5ed0108e10 secure :-1 s=STATE_CONNECTION_ESTABLISHED l=1).mark_down
2023-07-20T19:00:22.873 INFO:teuthology.orchestra.run.smithi061.stdout:/usr/bin/ceph: stderr
2023-07-20T19:00:15.652+0000 7f5ed77b1700 1 --2- 172.21.15.61:0/4861584 >> [v2:172.21.15.61:3300/0,v1:172.21.15.61:6789/0] conn(0x7f5ed0106a20 0x7f5ed0108e10 secure :-1 s=READY pgs=28 cs=0 l=1 rev1=1 crypto rx=0x7f5ecc0098a0 tx=0x7f5ecc009bb0 comp rx=0 tx=0).stop
2023-07-20T19:00:22.873 INFO:teuthology.orchestra.run.smithi061.stdout:/usr/bin/ceph: stderr
2023-07-20T19:00:15.652+0000 7f5ed77b1700 1 -- 172.21.15.61:0/4861584 shutdown_connections
2023-07-20T19:00:22.874 INFO:teuthology.orchestra.run.smithi061.stdout:/usr/bin/ceph: stderr
2023-07-20T19:00:15.652+0000 7f5ed77b1700 1 --2- 172.21.15.61:0/4861584 >> [v2:172.21.15.61:3300/0,v1:172.21.15.61:6789/0] conn(0x7f5ed0106a20 0x7f5ed0108e10 unknown :-1 s=CLOSED pgs=28 cs=0 l=1 rev1=1 crypto rx=0 tx=0 comp rx=0 tx=0).stop
2023-07-20T19:00:22.874 INFO:teuthology.orchestra.run.smithi061.stdout:/usr/bin/ceph: stderr
2023-07-20T19:00:15.652+0000 7f5ed77b1700 1 -- 172.21.15.61:0/4861584 >> 172.21.15.61:0/4861584 conn(0x7f5ed0100430 msgr2=0x7f5ed0102850 unknown :-1 s=STATE_NONE l=0).mark_down
2023-07-20T19:00:22.874 INFO:teuthology.orchestra.run.smithi061.stdout:/usr/bin/ceph: stderr
2023-07-20T19:00:15.652+0000 7f5ed77b1700 1 -- 172.21.15.61:0/4861584 shutdown_connections
2023-07-20T19:00:22.874 INFO:teuthology.orchestra.run.smithi061.stdout:/usr/bin/ceph: stderr
2023-07-20T19:00:15.652+0000 7f5ed77b1700 1 -- 172.21.15.61:0/4861584 wait complete.
2023-07-20T19:00:22.874 INFO:teuthology.orchestra.run.smithi061.stdout:/usr/bin/ceph: stderr
2023-07-20T19:00:15.653+0000 7f5ed77b1700 1 Processor -- start
2023-07-20T19:00:22.874 INFO:teuthology.orchestra.run.smithi061.stdout:/usr/bin/ceph: stderr
2023-07-20T19:00:15.653+0000 7f5ed77b1700 1 -- start start
2023-07-20T19:00:22.874 INFO:teuthology.orchestra.run.smithi061.stdout:/usr/bin/ceph: stderr
2023-07-20T19:00:15.654+0000 7f5ed77b1700 1 --2- >> [v2:172.21.15.61:3300/0,v1:172.21.15.61:6789/0] conn(0x7f5ed0106a20 0x7f5ed0199c50 unknown :-1 s=NONE pgs=0 cs=0 l=1 rev1=0 crypto rx=0 tx=0 comp rx=0 tx=0).connect
2023-07-20T19:00:22.875 INFO:teuthology.orchestra.run.smithi061.stdout:/usr/bin/ceph: stderr
2023-07-20T19:00:15.654+0000 7f5ed77b1700 1 -- --> [v2:172.21.15.61:3300/0,v1:172.21.15.61:6789/0] -- mon_getmap magic: 0 v1 -- 0x7f5ed019a190 con 0x7f5ed0106a20
2023-07-20T19:00:22.875 INFO:teuthology.orchestra.run.smithi061.stdout:/usr/bin/ceph: stderr
2023-07-20T19:00:15.654+0000 7f5ed554d700 1 --2- >> [v2:172.21.15.61:3300/0,v1:172.21.15.61:6789/0] conn(0x7f5ed0106a20 0x7f5ed0199c50 unknown :-1 s=BANNER_CONNECTING pgs=0 cs=0 l=1 rev1=0 crypto rx=0 tx=0 comp rx=0 tx=0)._handle_peer_banner_payload supported=3 required=0
2023-07-20T19:00:22.875 INFO:teuthology.orchestra.run.smithi061.stdout:/usr/bin/ceph: stderr
2023-07-20T19:00:15.654+0000 7f5ed554d700 1 --2- >> [v2:172.21.15.61:3300/0,v1:172.21.15.61:6789/0] conn(0x7f5ed0106a20 0x7f5ed0199c50 unknown :-1 s=HELLO_CONNECTING pgs=0 cs=0 l=1 rev1=1 crypto rx=0 tx=0 comp rx=0 tx=0).handle_hello peer v2:172.21.15.61:3300/0 says I am v2:172.21.15.61:57226/0 (socket says 172.21.15.61:57226)
2023-07-20T19:00:22.875 INFO:teuthology.orchestra.run.smithi061.stdout:/usr/bin/ceph: stderr
2023-07-20T19:00:15.654+0000 7f5ed554d700 1 -- 172.21.15.61:0/4271544474 learned_addr learned my addr 172.21.15.61:0/4271544474 (peer_addr_for_me v2:172.21.15.61:0/0)
2023-07-20T19:00:22.875 INFO:teuthology.orchestra.run.smithi061.stdout:/usr/bin/ceph: stderr
2023-07-20T19:00:15.654+0000 7f5ed554d700 1 -- 172.21.15.61:0/4271544474 --> [v2:172.21.15.61:3300/0,v1:172.21.15.61:6789/0] -- mon_subscribe({config=0+,monmap=0+}) v3 -- 0x7f5ecc009550 con 0x7f5ed0106a20
2023-07-20T19:00:22.875 INFO:teuthology.orchestra.run.smithi061.stdout:/usr/bin/ceph: stderr
2023-07-20T19:00:15.654+0000 7f5ed554d700 1 --2- 172.21.15.61:0/4271544474 >> [v2:172.21.15.61:3300/0,v1:172.21.15.61:6789/0] conn(0x7f5ed0106a20 0x7f5ed0199c50 secure :-1 s=READY pgs=29 cs=0 l=1 rev1=1 crypto rx=0x7f5ecc009fb0 tx=0x7f5ecc011ad0 comp rx=0 tx=0).ready entity=mon.0 client_cookie=0 server_cookie=0 in_seq=0 out_seq=0
2023-07-20T19:00:22.875 INFO:teuthology.orchestra.run.smithi061.stdout:/usr/bin/ceph: stderr
2023-07-20T19:00:15.654+0000 7f5ec67fc700 1 -- 172.21.15.61:0/4271544474 <== mon.0 v2:172.21.15.61:3300/0 1 ==== mon_map magic: 0 v1 ==== 205+0+0 (secure 0 0 0) 0x7f5ecc003a40 con 0x7f5ed0106a20
2023-07-20T19:00:22.876 INFO:teuthology.orchestra.run.smithi061.stdout:/usr/bin/ceph: stderr
2023-07-20T19:00:15.654+0000 7f5ed77b1700 1 -- 172.21.15.61:0/4271544474 --> [v2:172.21.15.61:3300/0,v1:172.21.15.61:6789/0] -- mon_subscribe({mgrmap=0+}) v3 -- 0x7f5ed019a390 con 0x7f5ed0106a20
2023-07-20T19:00:22.876 INFO:teuthology.orchestra.run.smithi061.stdout:/usr/bin/ceph: stderr
2023-07-20T19:00:15.654+0000 7f5ec67fc700 1 -- 172.21.15.61:0/4271544474 <== mon.0 v2:172.21.15.61:3300/0 2 ==== config(26 keys) v1 ==== 1074+0+0 (secure 0 0 0) 0x7f5ecc003ba0 con 0x7f5ed0106a20
2023-07-20T19:00:22.876 INFO:teuthology.orchestra.run.smithi061.stdout:/usr/bin/ceph: stderr
2023-07-20T19:00:15.654+0000 7f5ec67fc700 1 -- 172.21.15.61:0/4271544474 <== mon.0 v2:172.21.15.61:3300/0 3 ==== mon_map magic: 0 v1 ==== 205+0+0 (secure 0 0 0) 0x7f5ecc01a750 con 0x7f5ed0106a20
2023-07-20T19:00:22.876 INFO:teuthology.orchestra.run.smithi061.stdout:/usr/bin/ceph: stderr
2023-07-20T19:00:15.654+0000 7f5ed77b1700 1 -- 172.21.15.61:0/4271544474 --> [v2:172.21.15.61:3300/0,v1:172.21.15.61:6789/0] -- mon_subscribe({osdmap=0}) v3 -- 0x7f5ed019a7b0 con 0x7f5ed0106a20
2023-07-20T19:00:22.876 INFO:teuthology.orchestra.run.smithi061.stdout:/usr/bin/ceph: stderr
2023-07-20T19:00:15.655+0000 7f5ec67fc700 1 -- 172.21.15.61:0/4271544474 <== mon.0 v2:172.21.15.61:3300/0 4 ==== mgrmap(e 5) v1 ==== 45483+0+0 (secure 0 0 0) 0x7f5ecc01a9d0 con 0x7f5ed0106a20
2023-07-20T19:00:22.876 INFO:teuthology.orchestra.run.smithi061.stdout:/usr/bin/ceph: stderr
2023-07-20T19:00:15.656+0000 7f5ec67fc700 1 --2- 172.21.15.61:0/4271544474 >> [v2:172.21.15.61:6800/2016235088,v1:172.21.15.61:6801/2016235088] conn(0x7f5ebc0386c0 0x7f5ebc03ab80 unknown :-1 s=NONE pgs=0 cs=0 l=1 rev1=0 crypto rx=0 tx=0 comp rx=0 tx=0).connect
2023-07-20T19:00:22.877 INFO:teuthology.orchestra.run.smithi061.stdout:/usr/bin/ceph: stderr
2023-07-20T19:00:15.656+0000 7f5ed77b1700 1 -- 172.21.15.61:0/4271544474 --> [v2:172.21.15.61:6800/2016235088,v1:172.21.15.61:6801/2016235088] -- command(tid 0: {"prefix": "get_command_descriptions"}) v1 -- 0x7f5ed0061da0 con 0x7f5ebc0386c0
2023-07-20T19:00:22.877 INFO:teuthology.orchestra.run.smithi061.stdout:/usr/bin/ceph: stderr
2023-07-20T19:00:15.656+0000 7f5ec67fc700 1 -- 172.21.15.61:0/4271544474 <== mon.0 v2:172.21.15.61:3300/0 5 ==== osd_map(1..1 src has 1..1) v4 ==== 725+0+0 (secure 0 0 0) 0x7f5ecc024430 con 0x7f5ed0106a20
2023-07-20T19:00:22.877 INFO:teuthology.orchestra.run.smithi061.stdout:/usr/bin/ceph: stderr
2023-07-20T19:00:15.656+0000 7f5ed4d4c700 1 -- 172.21.15.61:0/4271544474 >> [v2:172.21.15.61:6800/2016235088,v1:172.21.15.61:6801/2016235088] conn(0x7f5ebc0386c0 msgr2=0x7f5ebc03ab80 unknown :-1 s=STATE_CONNECTING_RE l=1).process reconnect failed to v2:172.21.15.61:6800/2016235088
2023-07-20T19:00:22.877 INFO:teuthology.orchestra.run.smithi061.stdout:/usr/bin/ceph: stderr
2023-07-20T19:00:15.656+0000 7f5ed4d4c700 1 --2- 172.21.15.61:0/4271544474 >> [v2:172.21.15.61:6800/2016235088,v1:172.21.15.61:6801/2016235088] conn(0x7f5ebc0386c0 0x7f5ebc03ab80 unknown :-1 s=START_CONNECT pgs=0 cs=0 l=1 rev1=0 crypto rx=0 tx=0 comp rx=0 tx=0)._fault waiting 0.200000
2023-07-20T19:00:22.877 INFO:teuthology.orchestra.run.smithi061.stdout:/usr/bin/ceph: stderr
2023-07-20T19:00:15.857+0000 7f5ed4d4c700 1 -- 172.21.15.61:0/4271544474 >> [v2:172.21.15.61:6800/2016235088,v1:172.21.15.61:6801/2016235088] conn(0x7f5ebc0386c0 msgr2=0x7f5ebc03ab80 unknown :-1 s=STATE_CONNECTING_RE l=1).process reconnect failed to v2:172.21.15.61:6800/2016235088
2023-07-20T19:00:22.878 INFO:teuthology.orchestra.run.smithi061.stdout:/usr/bin/ceph: stderr
2023-07-20T19:00:15.857+0000 7f5ed4d4c700 1 --2- 172.21.15.61:0/4271544474 >> [v2:172.21.15.61:6800/2016235088,v1:172.21.15.61:6801/2016235088] conn(0x7f5ebc0386c0 0x7f5ebc03ab80 unknown :-1 s=START_CONNECT pgs=0 cs=0 l=1 rev1=0 crypto rx=0 tx=0 comp rx=0 tx=0)._fault waiting 0.400000
2023-07-20T19:00:22.878 INFO:teuthology.orchestra.run.smithi061.stdout:/usr/bin/ceph: stderr
2023-07-20T19:00:16.258+0000 7f5ed4d4c700 1 -- 172.21.15.61:0/4271544474 >> [v2:172.21.15.61:6800/2016235088,v1:172.21.15.61:6801/2016235088] conn(0x7f5ebc0386c0 msgr2=0x7f5ebc03ab80 unknown :-1 s=STATE_CONNECTING_RE l=1).process reconnect failed to v2:172.21.15.61:6800/2016235088
2023-07-20T19:00:22.878 INFO:teuthology.orchestra.run.smithi061.stdout:/usr/bin/ceph: stderr
2023-07-20T19:00:16.258+0000 7f5ed4d4c700 1 --2- 172.21.15.61:0/4271544474 >> [v2:172.21.15.61:6800/2016235088,v1:172.21.15.61:6801/2016235088] conn(0x7f5ebc0386c0 0x7f5ebc03ab80 unknown :-1 s=START_CONNECT pgs=0 cs=0 l=1 rev1=0 crypto rx=0 tx=0 comp rx=0 tx=0)._fault waiting 0.800000
2023-07-20T19:00:22.878 INFO:teuthology.orchestra.run.smithi061.stdout:/usr/bin/ceph: stderr
2023-07-20T19:00:17.059+0000 7f5ed4d4c700 1 -- 172.21.15.61:0/4271544474 >> [v2:172.21.15.61:6800/2016235088,v1:172.21.15.61:6801/2016235088] conn(0x7f5ebc0386c0 msgr2=0x7f5ebc03ab80 unknown :-1 s=STATE_CONNECTING_RE l=1).process reconnect failed to v2:172.21.15.61:6800/2016235088
2023-07-20T19:00:22.878 INFO:teuthology.orchestra.run.smithi061.stdout:/usr/bin/ceph: stderr
2023-07-20T19:00:17.059+0000 7f5ed4d4c700 1 --2- 172.21.15.61:0/4271544474 >> [v2:172.21.15.61:6800/2016235088,v1:172.21.15.61:6801/2016235088] conn(0x7f5ebc0386c0 0x7f5ebc03ab80 unknown :-1 s=START_CONNECT pgs=0 cs=0 l=1 rev1=0 crypto rx=0 tx=0 comp rx=0 tx=0)._fault waiting 1.600000
2023-07-20T19:00:22.878 INFO:teuthology.orchestra.run.smithi061.stdout:/usr/bin/ceph: stderr
2023-07-20T19:00:18.659+0000 7f5ed4d4c700 1 -- 172.21.15.61:0/4271544474 >> [v2:172.21.15.61:6800/2016235088,v1:172.21.15.61:6801/2016235088] conn(0x7f5ebc0386c0 msgr2=0x7f5ebc03ab80 unknown :-1 s=STATE_CONNECTING_RE l=1).process reconnect failed to v2:172.21.15.61:6800/2016235088
2023-07-20T19:00:22.878 INFO:teuthology.orchestra.run.smithi061.stdout:/usr/bin/ceph: stderr
2023-07-20T19:00:18.659+0000 7f5ed4d4c700 1 --2- 172.21.15.61:0/4271544474 >> [v2:172.21.15.61:6800/2016235088,v1:172.21.15.61:6801/2016235088] conn(0x7f5ebc0386c0 0x7f5ebc03ab80 unknown :-1 s=START_CONNECT pgs=0 cs=0 l=1 rev1=0 crypto rx=0 tx=0 comp rx=0 tx=0)._fault waiting 3.200000
2023-07-20T19:00:22.879 INFO:teuthology.orchestra.run.smithi061.stdout:/usr/bin/ceph: stderr
2023-07-20T19:00:21.462+0000 7f5ec67fc700 1 -- 172.21.15.61:0/4271544474 <== mon.0 v2:172.21.15.61:3300/0 6 ==== mgrmap(e 6) v1 ==== 45250+0+0 (secure 0 0 0) 0x7f5ecc0246c0 con 0x7f5ed0106a20
2023-07-20T19:00:22.879 INFO:teuthology.orchestra.run.smithi061.stdout:/usr/bin/ceph: stderr
2023-07-20T19:00:21.462+0000 7f5ec67fc700 1 -- 172.21.15.61:0/4271544474 >> [v2:172.21.15.61:6800/2016235088,v1:172.21.15.61:6801/2016235088] conn(0x7f5ebc0386c0 msgr2=0x7f5ebc03ab80 unknown :-1 s=STATE_CONNECTING l=1).mark_down
2023-07-20T19:00:22.879 INFO:teuthology.orchestra.run.smithi061.stdout:/usr/bin/ceph: stderr
2023-07-20T19:00:21.462+0000 7f5ec67fc700 1 --2- 172.21.15.61:0/4271544474 >> [v2:172.21.15.61:6800/2016235088,v1:172.21.15.61:6801/2016235088] conn(0x7f5ebc0386c0 0x7f5ebc03ab80 unknown :-1 s=START_CONNECT pgs=0 cs=0 l=1 rev1=0 crypto rx=0 tx=0 comp rx=0 tx=0).stop
2023-07-20T19:00:22.879 INFO:teuthology.orchestra.run.smithi061.stdout:/usr/bin/ceph: stderr
2023-07-20T19:00:22.464+0000 7f5ec67fc700 1 -- 172.21.15.61:0/4271544474 <== mon.0 v2:172.21.15.61:3300/0 7 ==== mgrmap(e 7) v1 ==== 45377+0+0 (secure 0 0 0) 0x7f5ecc02d960 con 0x7f5ed0106a20
2023-07-20T19:00:22.879 INFO:teuthology.orchestra.run.smithi061.stdout:/usr/bin/ceph: stderr
2023-07-20T19:00:22.464+0000 7f5ec67fc700 1 --2- 172.21.15.61:0/4271544474 >> [v2:172.21.15.61:6800/2098378944,v1:172.21.15.61:6801/2098378944] conn(0x7f5ebc03be40 0x7f5ebc03e230 unknown :-1 s=NONE pgs=0 cs=0 l=1 rev1=0 crypto rx=0 tx=0 comp rx=0 tx=0).connect
2023-07-20T19:00:22.879 INFO:teuthology.orchestra.run.smithi061.stdout:/usr/bin/ceph: stderr
2023-07-20T19:00:22.464+0000 7f5ec67fc700 1 -- 172.21.15.61:0/4271544474 --> [v2:172.21.15.61:6800/2098378944,v1:172.21.15.61:6801/2098378944] -- command(tid 0: {"prefix": "get_command_descriptions"}) v1 -- 0x7f5ed0061da0 con 0x7f5ebc03be40
2023-07-20T19:00:22.879 INFO:teuthology.orchestra.run.smithi061.stdout:/usr/bin/ceph: stderr
2023-07-20T19:00:22.464+0000 7f5ed4d4c700 1 --2- 172.21.15.61:0/4271544474 >> [v2:172.21.15.61:6800/2098378944,v1:172.21.15.61:6801/2098378944] conn(0x7f5ebc03be40 0x7f5ebc03e230 unknown :-1 s=BANNER_CONNECTING pgs=0 cs=0 l=1 rev1=0 crypto rx=0 tx=0 comp rx=0 tx=0)._handle_peer_banner_payload supported=3 required=0
2023-07-20T19:00:22.880 INFO:teuthology.orchestra.run.smithi061.stdout:/usr/bin/ceph: stderr
2023-07-20T19:00:22.465+0000 7f5ed4d4c700 1 --2- 172.21.15.61:0/4271544474 >> [v2:172.21.15.61:6800/2098378944,v1:172.21.15.61:6801/2098378944] conn(0x7f5ebc03be40 0x7f5ebc03e230 secure :-1 s=READY pgs=1 cs=0 l=1 rev1=1 crypto rx=0x7f5ec0003a10 tx=0x7f5ec0009290 comp rx=0 tx=0).ready entity=mgr.14120 client_cookie=0 server_cookie=0 in_seq=0 out_seq=0
2023-07-20T19:00:22.880 INFO:teuthology.orchestra.run.smithi061.stdout:/usr/bin/ceph: stderr
2023-07-20T19:00:22.466+0000 7f5ec67fc700 1 -- 172.21.15.61:0/4271544474 <== mgr.14120 v2:172.21.15.61:6800/2098378944 1 ==== command_reply(tid 0: 0 ) v1 ==== 8+0+6910 (secure 0 0 0) 0x7f5ed0061da0 con 0x7f5ebc03be40
2023-07-20T19:00:22.880 INFO:teuthology.orchestra.run.smithi061.stdout:/usr/bin/ceph: stderr
2023-07-20T19:00:22.476+0000 7f5ed77b1700 1 -- 172.21.15.61:0/4271544474 --> [v2:172.21.15.61:6800/2098378944,v1:172.21.15.61:6801/2098378944] -- command(tid 1: {"prefix": "mgr_status"}) v1 -- 0x7f5ed010a0f0 con 0x7f5ebc03be40
2023-07-20T19:00:22.880 INFO:teuthology.orchestra.run.smithi061.stdout:/usr/bin/ceph: stderr
2023-07-20T19:00:22.476+0000 7f5ec67fc700 1 -- 172.21.15.61:0/4271544474 <== mgr.14120 v2:172.21.15.61:6800/2098378944 2 ==== command_reply(tid 1: 0 ) v1 ==== 8+0+51 (secure 0 0 0) 0x7f5ed010a0f0 con 0x7f5ebc03be40
2023-07-20T19:00:22.880 INFO:teuthology.orchestra.run.smithi061.stdout:/usr/bin/ceph: stderr
2023-07-20T19:00:22.477+0000 7f5ed77b1700 1 -- 172.21.15.61:0/4271544474 >> [v2:172.21.15.61:6800/2098378944,v1:172.21.15.61:6801/2098378944] conn(0x7f5ebc03be40 msgr2=0x7f5ebc03e230 secure :-1 s=STATE_CONNECTION_ESTABLISHED l=1).mark_down
2023-07-20T19:00:22.880 INFO:teuthology.orchestra.run.smithi061.stdout:/usr/bin/ceph: stderr
2023-07-20T19:00:22.477+0000 7f5ed77b1700 1 --2- 172.21.15.61:0/4271544474 >> [v2:172.21.15.61:6800/2098378944,v1:172.21.15.61:6801/2098378944] conn(0x7f5ebc03be40 0x7f5ebc03e230 secure :-1 s=READY pgs=1 cs=0 l=1 rev1=1 crypto rx=0x7f5ec0003a10 tx=0x7f5ec0009290 comp rx=0 tx=0).stop
2023-07-20T19:00:22.880 INFO:teuthology.orchestra.run.smithi061.stdout:/usr/bin/ceph: stderr
2023-07-20T19:00:22.477+0000 7f5ed77b1700 1 -- 172.21.15.61:0/4271544474 >> [v2:172.21.15.61:3300/0,v1:172.21.15.61:6789/0] conn(0x7f5ed0106a20 msgr2=0x7f5ed0199c50 secure :-1 s=STATE_CONNECTION_ESTABLISHED l=1).mark_down
2023-07-20T19:00:22.881 INFO:teuthology.orchestra.run.smithi061.stdout:/usr/bin/ceph: stderr
2023-07-20T19:00:22.477+0000 7f5ed77b1700 1 --2- 172.21.15.61:0/4271544474 >> [v2:172.21.15.61:3300/0,v1:172.21.15.61:6789/0] conn(0x7f5ed0106a20 0x7f5ed0199c50 secure :-1 s=READY pgs=29 cs=0 l=1 rev1=1 crypto rx=0x7f5ecc009fb0 tx=0x7f5ecc011ad0 comp rx=0 tx=0).stop
2023-07-20T19:00:22.881 INFO:teuthology.orchestra.run.smithi061.stdout:/usr/bin/ceph: stderr
2023-07-20T19:00:22.477+0000 7f5ed77b1700 1 -- 172.21.15.61:0/4271544474 shutdown_connections
2023-07-20T19:00:22.881 INFO:teuthology.orchestra.run.smithi061.stdout:/usr/bin/ceph: stderr
2023-07-20T19:00:22.477+0000 7f5ed77b1700 1 --2- 172.21.15.61:0/4271544474 >> [v2:172.21.15.61:6800/2098378944,v1:172.21.15.61:6801/2098378944] conn(0x7f5ebc03be40 0x7f5ebc03e230 unknown :-1 s=CLOSED pgs=1 cs=0 l=1 rev1=1 crypto rx=0 tx=0 comp rx=0 tx=0).stop
2023-07-20T19:00:22.881 INFO:teuthology.orchestra.run.smithi061.stdout:/usr/bin/ceph: stderr
2023-07-20T19:00:22.477+0000 7f5ed77b1700 1 --2- 172.21.15.61:0/4271544474 >> [v2:172.21.15.61:3300/0,v1:172.21.15.61:6789/0] conn(0x7f5ed0106a20 0x7f5ed0199c50 unknown :-1 s=CLOSED pgs=29 cs=0 l=1 rev1=1 crypto rx=0 tx=0 comp rx=0 tx=0).stop
2023-07-20T19:00:22.881 INFO:teuthology.orchestra.run.smithi061.stdout:/usr/bin/ceph: stderr
2023-07-20T19:00:22.477+0000 7f5ed77b1700 1 --2- 172.21.15.61:0/4271544474 >> [v2:172.21.15.61:6800/2016235088,v1:172.21.15.61:6801/2016235088] conn(0x7f5ebc0386c0 0x7f5ebc03ab80 unknown :-1 s=CLOSED pgs=0 cs=0 l=1 rev1=0 crypto rx=0 tx=0 comp rx=0 tx=0).stop
2023-07-20T19:00:22.881 INFO:teuthology.orchestra.run.smithi061.stdout:/usr/bin/ceph: stderr
2023-07-20T19:00:22.477+0000 7f5ed77b1700 1 -- 172.21.15.61:0/4271544474 >> 172.21.15.61:0/4271544474 conn(0x7f5ed0100430 msgr2=0x7f5ed0101ad0 unknown :-1 s=STATE_NONE l=0).mark_down
2023-07-20T19:00:22.881 INFO:teuthology.orchestra.run.smithi061.stdout:/usr/bin/ceph: stderr
2023-07-20T19:00:22.477+0000 7f5ed77b1700 1 -- 172.21.15.61:0/4271544474 shutdown_connections
2023-07-20T19:00:22.882 INFO:teuthology.orchestra.run.smithi061.stdout:/usr/bin/ceph: stderr
2023-07-20T19:00:22.477+0000 7f5ed77b1700 1 -- 172.21.15.61:0/4271544474 wait complete.
2023-07-20T19:00:22.882 INFO:teuthology.orchestra.run.smithi061.stdout:mgr epoch 5 is available
2023-07-20T19:00:22.882 INFO:teuthology.orchestra.run.smithi061.stdout:Setting orchestrator backend to cephadm...
2023-07-20T19:00:23.871 INFO:journalctl@ceph.mon.a.smithi061.stdout:Jul 20 19:00:23 smithi061 ceph-mon[127454]: [20/Jul/2023:19:00:22] ENGINE Bus STARTING
2023-07-20T19:00:23.872 INFO:journalctl@ceph.mon.a.smithi061.stdout:Jul 20 19:00:23 smithi061 ceph-mon[127454]: [20/Jul/2023:19:00:23] ENGINE Serving on http://172.21.15.61:8765
2023-07-20T19:00:23.872 INFO:journalctl@ceph.mon.a.smithi061.stdout:Jul 20 19:00:23 smithi061 ceph-mon[127454]: [20/Jul/2023:19:00:23] ENGINE Serving on https://172.21.15.61:7150
2023-07-20T19:00:23.872 INFO:journalctl@ceph.mon.a.smithi061.stdout:Jul 20 19:00:23 smithi061 ceph-mon[127454]: [20/Jul/2023:19:00:23] ENGINE Bus STARTED
2023-07-20T19:00:23.872 INFO:journalctl@ceph.mon.a.smithi061.stdout:Jul 20 19:00:23 smithi061 ceph-mon[127454]: from='mgr.14120 172.21.15.61:0/658828746' entity='mgr.x' cmd=[{"prefix": "config dump", "format": "json"}]: dispatch
2023-07-20T19:00:24.120 INFO:teuthology.orchestra.run.smithi061.stdout:/usr/bin/ceph: stderr
2023-07-20T19:00:23.271+0000 7f6ef1ba7700 1 Processor -- start
2023-07-20T19:00:24.121 INFO:teuthology.orchestra.run.smithi061.stdout:/usr/bin/ceph: stderr
2023-07-20T19:00:23.271+0000 7f6ef1ba7700 1 -- start start
2023-07-20T19:00:24.121 INFO:teuthology.orchestra.run.smithi061.stdout:/usr/bin/ceph: stderr
2023-07-20T19:00:23.271+0000 7f6ef1ba7700 1 --2- >> [v2:172.21.15.61:3300/0,v1:172.21.15.61:6789/0] conn(0x7f6eec106a10 0x7f6eec108e00 unknown :-1 s=NONE pgs=0 cs=0 l=0 rev1=0 crypto rx=0 tx=0 comp rx=0 tx=0).connect
2023-07-20T19:00:24.121 INFO:teuthology.orchestra.run.smithi061.stdout:/usr/bin/ceph: stderr
2023-07-20T19:00:23.271+0000 7f6ef1ba7700 1 -- --> [v2:172.21.15.61:3300/0,v1:172.21.15.61:6789/0] -- mon_getmap magic: 0 v1 -- 0x7f6eec079e70 con 0x7f6eec106a10
2023-07-20T19:00:24.121 INFO:teuthology.orchestra.run.smithi061.stdout:/usr/bin/ceph: stderr
2023-07-20T19:00:23.271+0000 7f6eeb7fe700 1 --2- >> [v2:172.21.15.61:3300/0,v1:172.21.15.61:6789/0] conn(0x7f6eec106a10 0x7f6eec108e00 unknown :-1 s=BANNER_CONNECTING pgs=0 cs=0 l=0 rev1=0 crypto rx=0 tx=0 comp rx=0 tx=0)._handle_peer_banner_payload supported=3 required=0
2023-07-20T19:00:24.121 INFO:teuthology.orchestra.run.smithi061.stdout:/usr/bin/ceph: stderr
2023-07-20T19:00:23.271+0000 7f6eeb7fe700 1 --2- >> [v2:172.21.15.61:3300/0,v1:172.21.15.61:6789/0] conn(0x7f6eec106a10 0x7f6eec108e00 unknown :-1 s=HELLO_CONNECTING pgs=0 cs=0 l=0 rev1=1 crypto rx=0 tx=0 comp rx=0 tx=0).handle_hello peer v2:172.21.15.61:3300/0 says I am v2:172.21.15.61:57278/0 (socket says 172.21.15.61:57278)
2023-07-20T19:00:24.121 INFO:teuthology.orchestra.run.smithi061.stdout:/usr/bin/ceph: stderr
2023-07-20T19:00:23.271+0000 7f6eeb7fe700 1 -- 172.21.15.61:0/1435546648 learned_addr learned my addr 172.21.15.61:0/1435546648 (peer_addr_for_me v2:172.21.15.61:0/0)
2023-07-20T19:00:24.121 INFO:teuthology.orchestra.run.smithi061.stdout:/usr/bin/ceph: stderr
2023-07-20T19:00:23.272+0000 7f6eeb7fe700 1 -- 172.21.15.61:0/1435546648 --> [v2:172.21.15.61:3300/0,v1:172.21.15.61:6789/0] -- mon_subscribe({config=0+,monmap=0+}) v3 -- 0x7f6eec109340 con 0x7f6eec106a10
2023-07-20T19:00:24.122 INFO:teuthology.orchestra.run.smithi061.stdout:/usr/bin/ceph: stderr
2023-07-20T19:00:23.272+0000 7f6eeb7fe700 1 --2- 172.21.15.61:0/1435546648 >> [v2:172.21.15.61:3300/0,v1:172.21.15.61:6789/0] conn(0x7f6eec106a10 0x7f6eec108e00 secure :-1 s=READY pgs=37 cs=0 l=1 rev1=1 crypto rx=0x7f6edc0098a0 tx=0x7f6edc009bb0 comp rx=0 tx=0).ready entity=mon.0 client_cookie=1f2fecf08a1a324f server_cookie=0 in_seq=0 out_seq=0
2023-07-20T19:00:24.122 INFO:teuthology.orchestra.run.smithi061.stdout:/usr/bin/ceph: stderr
2023-07-20T19:00:23.272+0000 7f6eea7fc700 1 -- 172.21.15.61:0/1435546648 <== mon.0 v2:172.21.15.61:3300/0 1 ==== mon_map magic: 0 v1 ==== 205+0+0 (secure 0 0 0) 0x7f6edc004160 con 0x7f6eec106a10
2023-07-20T19:00:24.122 INFO:teuthology.orchestra.run.smithi061.stdout:/usr/bin/ceph: stderr
2023-07-20T19:00:23.272+0000 7f6eea7fc700 1 -- 172.21.15.61:0/1435546648 <== mon.0 v2:172.21.15.61:3300/0 2 ==== config(26 keys) v1 ==== 1074+0+0 (secure 0 0 0) 0x7f6edc0042c0 con 0x7f6eec106a10
2023-07-20T19:00:24.122 INFO:teuthology.orchestra.run.smithi061.stdout:/usr/bin/ceph: stderr
2023-07-20T19:00:23.272+0000 7f6eea7fc700 1 -- 172.21.15.61:0/1435546648 <== mon.0 v2:172.21.15.61:3300/0 3 ==== mon_map magic: 0 v1 ==== 205+0+0 (secure 0 0 0) 0x7f6edc011a00 con 0x7f6eec106a10
2023-07-20T19:00:24.122 INFO:teuthology.orchestra.run.smithi061.stdout:/usr/bin/ceph: stderr
2023-07-20T19:00:23.273+0000 7f6ef1ba7700 1 -- 172.21.15.61:0/1435546648 >> [v2:172.21.15.61:3300/0,v1:172.21.15.61:6789/0] conn(0x7f6eec106a10 msgr2=0x7f6eec108e00 secure :-1 s=STATE_CONNECTION_ESTABLISHED l=1).mark_down
2023-07-20T19:00:24.122 INFO:teuthology.orchestra.run.smithi061.stdout:/usr/bin/ceph: stderr
2023-07-20T19:00:23.273+0000 7f6ef1ba7700 1 --2- 172.21.15.61:0/1435546648 >> [v2:172.21.15.61:3300/0,v1:172.21.15.61:6789/0] conn(0x7f6eec106a10 0x7f6eec108e00 secure :-1 s=READY pgs=37 cs=0 l=1 rev1=1 crypto rx=0x7f6edc0098a0 tx=0x7f6edc009bb0 comp rx=0 tx=0).stop
2023-07-20T19:00:24.122 INFO:teuthology.orchestra.run.smithi061.stdout:/usr/bin/ceph: stderr
2023-07-20T19:00:23.273+0000 7f6ef1ba7700 1 -- 172.21.15.61:0/1435546648 shutdown_connections
2023-07-20T19:00:24.123 INFO:teuthology.orchestra.run.smithi061.stdout:/usr/bin/ceph: stderr
2023-07-20T19:00:23.273+0000 7f6ef1ba7700 1 --2- 172.21.15.61:0/1435546648 >> [v2:172.21.15.61:3300/0,v1:172.21.15.61:6789/0] conn(0x7f6eec106a10 0x7f6eec108e00 unknown :-1 s=CLOSED pgs=37 cs=0 l=1 rev1=1 crypto rx=0 tx=0 comp rx=0 tx=0).stop
2023-07-20T19:00:24.123 INFO:teuthology.orchestra.run.smithi061.stdout:/usr/bin/ceph: stderr
2023-07-20T19:00:23.273+0000 7f6ef1ba7700 1 -- 172.21.15.61:0/1435546648 >> 172.21.15.61:0/1435546648 conn(0x7f6eec100400 msgr2=0x7f6eec102840 unknown :-1 s=STATE_NONE l=0).mark_down
2023-07-20T19:00:24.123 INFO:teuthology.orchestra.run.smithi061.stdout:/usr/bin/ceph: stderr
2023-07-20T19:00:23.273+0000 7f6ef1ba7700 1 -- 172.21.15.61:0/1435546648 shutdown_connections
2023-07-20T19:00:24.123 INFO:teuthology.orchestra.run.smithi061.stdout:/usr/bin/ceph: stderr
2023-07-20T19:00:23.273+0000 7f6ef1ba7700 1 -- 172.21.15.61:0/1435546648 wait complete.
2023-07-20T19:00:24.123 INFO:teuthology.orchestra.run.smithi061.stdout:/usr/bin/ceph: stderr
2023-07-20T19:00:23.273+0000 7f6ef1ba7700 1 Processor -- start
2023-07-20T19:00:24.123 INFO:teuthology.orchestra.run.smithi061.stdout:/usr/bin/ceph: stderr
2023-07-20T19:00:23.274+0000 7f6ef1ba7700 1 -- start start
2023-07-20T19:00:24.123 INFO:teuthology.orchestra.run.smithi061.stdout:/usr/bin/ceph: stderr
2023-07-20T19:00:23.274+0000 7f6ef1ba7700 1 --2- >> [v2:172.21.15.61:3300/0,v1:172.21.15.61:6789/0] conn(0x7f6eec106a10 0x7f6eec197a10 unknown :-1 s=NONE pgs=0 cs=0 l=1 rev1=0 crypto rx=0 tx=0 comp rx=0 tx=0).connect
2023-07-20T19:00:24.123 INFO:teuthology.orchestra.run.smithi061.stdout:/usr/bin/ceph: stderr
2023-07-20T19:00:23.274+0000 7f6ef1ba7700 1 -- --> [v2:172.21.15.61:3300/0,v1:172.21.15.61:6789/0] -- mon_getmap magic: 0 v1 -- 0x7f6eec197f50 con 0x7f6eec106a10
2023-07-20T19:00:24.124 INFO:teuthology.orchestra.run.smithi061.stdout:/usr/bin/ceph: stderr
2023-07-20T19:00:23.274+0000 7f6eeb7fe700 1 --2- >> [v2:172.21.15.61:3300/0,v1:172.21.15.61:6789/0] conn(0x7f6eec106a10 0x7f6eec197a10 unknown :-1 s=BANNER_CONNECTING pgs=0 cs=0 l=1 rev1=0 crypto rx=0 tx=0 comp rx=0 tx=0)._handle_peer_banner_payload supported=3 required=0
2023-07-20T19:00:24.124 INFO:teuthology.orchestra.run.smithi061.stdout:/usr/bin/ceph: stderr
2023-07-20T19:00:23.274+0000 7f6eeb7fe700 1 --2- >> [v2:172.21.15.61:3300/0,v1:172.21.15.61:6789/0] conn(0x7f6eec106a10 0x7f6eec197a10 unknown :-1 s=HELLO_CONNECTING pgs=0 cs=0 l=1 rev1=1 crypto rx=0 tx=0 comp rx=0 tx=0).handle_hello peer v2:172.21.15.61:3300/0 says I am v2:172.21.15.61:57280/0 (socket says 172.21.15.61:57280)
2023-07-20T19:00:24.124 INFO:teuthology.orchestra.run.smithi061.stdout:/usr/bin/ceph: stderr
2023-07-20T19:00:23.274+0000 7f6eeb7fe700 1 -- 172.21.15.61:0/1953276924 learned_addr learned my addr 172.21.15.61:0/1953276924 (peer_addr_for_me v2:172.21.15.61:0/0)
2023-07-20T19:00:24.124 INFO:teuthology.orchestra.run.smithi061.stdout:/usr/bin/ceph: stderr
2023-07-20T19:00:23.274+0000 7f6eeb7fe700 1 -- 172.21.15.61:0/1953276924 --> [v2:172.21.15.61:3300/0,v1:172.21.15.61:6789/0] -- mon_subscribe({config=0+,monmap=0+}) v3 -- 0x7f6edc009550 con 0x7f6eec106a10
2023-07-20T19:00:24.124 INFO:teuthology.orchestra.run.smithi061.stdout:/usr/bin/ceph: stderr
