2023-07-20T19:00:45.040+0000 7f941925b700 1 -- 172.21.15.61:0/2296206232 >> [v2:172.21.15.61:6800/2098378944,v1:172.21.15.61:6801/2098378944] conn(0x7f9400038760 msgr2=0x7f940003ac20 unknown :-1 s=STATE_CONNECTING_RE l=1).process reconnect failed to v2:172.21.15.61:6800/2098378944
2023-07-20T19:00:49.064 INFO:teuthology.orchestra.run.smithi061.stdout:/usr/bin/ceph: stderr
2023-07-20T19:00:45.040+0000 7f941925b700 1 --2- 172.21.15.61:0/2296206232 >> [v2:172.21.15.61:6800/2098378944,v1:172.21.15.61:6801/2098378944] conn(0x7f9400038760 0x7f940003ac20 unknown :-1 s=START_CONNECT pgs=0 cs=0 l=1 rev1=0 crypto rx=0 tx=0 comp rx=0 tx=0)._fault waiting 3.200000
2023-07-20T19:00:49.064 INFO:teuthology.orchestra.run.smithi061.stdout:/usr/bin/ceph: stderr
2023-07-20T19:00:47.603+0000 7f940affd700 1 -- 172.21.15.61:0/2296206232 <== mon.0 v2:172.21.15.61:3300/0 6 ==== mgrmap(e 10) v1 ==== 45263+0+0 (secure 0 0 0) 0x7f9410019930 con 0x7f941407be80
2023-07-20T19:00:49.064 INFO:teuthology.orchestra.run.smithi061.stdout:/usr/bin/ceph: stderr
2023-07-20T19:00:47.604+0000 7f940affd700 1 -- 172.21.15.61:0/2296206232 >> [v2:172.21.15.61:6800/2098378944,v1:172.21.15.61:6801/2098378944] conn(0x7f9400038760 msgr2=0x7f940003ac20 unknown :-1 s=STATE_CONNECTING l=1).mark_down
2023-07-20T19:00:49.064 INFO:teuthology.orchestra.run.smithi061.stdout:/usr/bin/ceph: stderr
2023-07-20T19:00:47.604+0000 7f940affd700 1 --2- 172.21.15.61:0/2296206232 >> [v2:172.21.15.61:6800/2098378944,v1:172.21.15.61:6801/2098378944] conn(0x7f9400038760 0x7f940003ac20 unknown :-1 s=START_CONNECT pgs=0 cs=0 l=1 rev1=0 crypto rx=0 tx=0 comp rx=0 tx=0).stop
2023-07-20T19:00:49.064 INFO:teuthology.orchestra.run.smithi061.stdout:/usr/bin/ceph: stderr
2023-07-20T19:00:48.605+0000 7f940affd700 1 -- 172.21.15.61:0/2296206232 <== mon.0 v2:172.21.15.61:3300/0 7 ==== mgrmap(e 11) v1 ==== 45390+0+0 (secure 0 0 0) 0x7f941004dfc0 con 0x7f941407be80
2023-07-20T19:00:49.064 INFO:teuthology.orchestra.run.smithi061.stdout:/usr/bin/ceph: stderr
2023-07-20T19:00:48.605+0000 7f940affd700 1 --2- 172.21.15.61:0/2296206232 >> [v2:172.21.15.61:6800/3980156535,v1:172.21.15.61:6801/3980156535] conn(0x7f940003bfb0 0x7f940003e3a0 unknown :-1 s=NONE pgs=0 cs=0 l=1 rev1=0 crypto rx=0 tx=0 comp rx=0 tx=0).connect
2023-07-20T19:00:49.064 INFO:teuthology.orchestra.run.smithi061.stdout:/usr/bin/ceph: stderr
2023-07-20T19:00:48.605+0000 7f940affd700 1 -- 172.21.15.61:0/2296206232 --> [v2:172.21.15.61:6800/3980156535,v1:172.21.15.61:6801/3980156535] -- command(tid 0: {"prefix": "get_command_descriptions"}) v1 -- 0x7f940003b330 con 0x7f940003bfb0
2023-07-20T19:00:49.065 INFO:teuthology.orchestra.run.smithi061.stdout:/usr/bin/ceph: stderr
2023-07-20T19:00:48.606+0000 7f941925b700 1 --2- 172.21.15.61:0/2296206232 >> [v2:172.21.15.61:6800/3980156535,v1:172.21.15.61:6801/3980156535] conn(0x7f940003bfb0 0x7f940003e3a0 unknown :-1 s=BANNER_CONNECTING pgs=0 cs=0 l=1 rev1=0 crypto rx=0 tx=0 comp rx=0 tx=0)._handle_peer_banner_payload supported=3 required=0
2023-07-20T19:00:49.065 INFO:teuthology.orchestra.run.smithi061.stdout:/usr/bin/ceph: stderr
2023-07-20T19:00:48.606+0000 7f941925b700 1 --2- 172.21.15.61:0/2296206232 >> [v2:172.21.15.61:6800/3980156535,v1:172.21.15.61:6801/3980156535] conn(0x7f940003bfb0 0x7f940003e3a0 secure :-1 s=READY pgs=2 cs=0 l=1 rev1=1 crypto rx=0x7f9404003a10 tx=0x7f9404009270 comp rx=0 tx=0).ready entity=mgr.14152 client_cookie=0 server_cookie=0 in_seq=0 out_seq=0
2023-07-20T19:00:49.065 INFO:teuthology.orchestra.run.smithi061.stdout:/usr/bin/ceph: stderr
2023-07-20T19:00:48.607+0000 7f940affd700 1 -- 172.21.15.61:0/2296206232 <== mgr.14152 v2:172.21.15.61:6800/3980156535 1 ==== command_reply(tid 0: 0 ) v1 ==== 8+0+6910 (secure 0 0 0) 0x7f940003b330 con 0x7f940003bfb0
2023-07-20T19:00:49.065 INFO:teuthology.orchestra.run.smithi061.stdout:/usr/bin/ceph: stderr
2023-07-20T19:00:48.621+0000 7f941bcc0700 1 -- 172.21.15.61:0/2296206232 --> [v2:172.21.15.61:6800/3980156535,v1:172.21.15.61:6801/3980156535] -- command(tid 1: {"prefix": "mgr_status"}) v1 -- 0x7f941419d180 con 0x7f940003bfb0
2023-07-20T19:00:49.065 INFO:teuthology.orchestra.run.smithi061.stdout:/usr/bin/ceph: stderr
2023-07-20T19:00:48.621+0000 7f940affd700 1 -- 172.21.15.61:0/2296206232 <== mgr.14152 v2:172.21.15.61:6800/3980156535 2 ==== command_reply(tid 1: 0 ) v1 ==== 8+0+52 (secure 0 0 0) 0x7f941419d180 con 0x7f940003bfb0
2023-07-20T19:00:49.065 INFO:teuthology.orchestra.run.smithi061.stdout:/usr/bin/ceph: stderr
2023-07-20T19:00:48.621+0000 7f941bcc0700 1 -- 172.21.15.61:0/2296206232 >> [v2:172.21.15.61:6800/3980156535,v1:172.21.15.61:6801/3980156535] conn(0x7f940003bfb0 msgr2=0x7f940003e3a0 secure :-1 s=STATE_CONNECTION_ESTABLISHED l=1).mark_down
2023-07-20T19:00:49.065 INFO:teuthology.orchestra.run.smithi061.stdout:/usr/bin/ceph: stderr
2023-07-20T19:00:48.621+0000 7f941bcc0700 1 --2- 172.21.15.61:0/2296206232 >> [v2:172.21.15.61:6800/3980156535,v1:172.21.15.61:6801/3980156535] conn(0x7f940003bfb0 0x7f940003e3a0 secure :-1 s=READY pgs=2 cs=0 l=1 rev1=1 crypto rx=0x7f9404003a10 tx=0x7f9404009270 comp rx=0 tx=0).stop
2023-07-20T19:00:49.066 INFO:teuthology.orchestra.run.smithi061.stdout:/usr/bin/ceph: stderr
2023-07-20T19:00:48.621+0000 7f941bcc0700 1 -- 172.21.15.61:0/2296206232 >> [v2:172.21.15.61:3300/0,v1:172.21.15.61:6789/0] conn(0x7f941407be80 msgr2=0x7f941419be40 secure :-1 s=STATE_CONNECTION_ESTABLISHED l=1).mark_down
2023-07-20T19:00:49.066 INFO:teuthology.orchestra.run.smithi061.stdout:/usr/bin/ceph: stderr
2023-07-20T19:00:48.621+0000 7f941bcc0700 1 --2- 172.21.15.61:0/2296206232 >> [v2:172.21.15.61:3300/0,v1:172.21.15.61:6789/0] conn(0x7f941407be80 0x7f941419be40 secure :-1 s=READY pgs=62 cs=0 l=1 rev1=1 crypto rx=0x7f9410006af0 tx=0x7f9410011a10 comp rx=0 tx=0).stop
2023-07-20T19:00:49.066 INFO:teuthology.orchestra.run.smithi061.stdout:/usr/bin/ceph: stderr
2023-07-20T19:00:48.622+0000 7f941bcc0700 1 -- 172.21.15.61:0/2296206232 shutdown_connections
2023-07-20T19:00:49.066 INFO:teuthology.orchestra.run.smithi061.stdout:/usr/bin/ceph: stderr
2023-07-20T19:00:48.622+0000 7f941bcc0700 1 --2- 172.21.15.61:0/2296206232 >> [v2:172.21.15.61:6800/3980156535,v1:172.21.15.61:6801/3980156535] conn(0x7f940003bfb0 0x7f940003e3a0 unknown :-1 s=CLOSED pgs=2 cs=0 l=1 rev1=1 crypto rx=0 tx=0 comp rx=0 tx=0).stop
2023-07-20T19:00:49.066 INFO:teuthology.orchestra.run.smithi061.stdout:/usr/bin/ceph: stderr
2023-07-20T19:00:48.622+0000 7f941bcc0700 1 --2- 172.21.15.61:0/2296206232 >> [v2:172.21.15.61:3300/0,v1:172.21.15.61:6789/0] conn(0x7f941407be80 0x7f941419be40 unknown :-1 s=CLOSED pgs=62 cs=0 l=1 rev1=1 crypto rx=0 tx=0 comp rx=0 tx=0).stop
2023-07-20T19:00:49.066 INFO:teuthology.orchestra.run.smithi061.stdout:/usr/bin/ceph: stderr
2023-07-20T19:00:48.622+0000 7f941bcc0700 1 --2- 172.21.15.61:0/2296206232 >> [v2:172.21.15.61:6800/2098378944,v1:172.21.15.61:6801/2098378944] conn(0x7f9400038760 0x7f940003ac20 unknown :-1 s=CLOSED pgs=0 cs=0 l=1 rev1=0 crypto rx=0 tx=0 comp rx=0 tx=0).stop
2023-07-20T19:00:49.067 INFO:teuthology.orchestra.run.smithi061.stdout:/usr/bin/ceph: stderr
2023-07-20T19:00:48.622+0000 7f941bcc0700 1 -- 172.21.15.61:0/2296206232 >> 172.21.15.61:0/2296206232 conn(0x7f9414101510 msgr2=0x7f9414102c00 unknown :-1 s=STATE_NONE l=0).mark_down
2023-07-20T19:00:49.067 INFO:teuthology.orchestra.run.smithi061.stdout:/usr/bin/ceph: stderr
2023-07-20T19:00:48.622+0000 7f941bcc0700 1 -- 172.21.15.61:0/2296206232 shutdown_connections
2023-07-20T19:00:49.067 INFO:teuthology.orchestra.run.smithi061.stdout:/usr/bin/ceph: stderr
2023-07-20T19:00:48.622+0000 7f941bcc0700 1 -- 172.21.15.61:0/2296206232 wait complete.
2023-07-20T19:00:49.067 INFO:teuthology.orchestra.run.smithi061.stdout:mgr epoch 9 is available
2023-07-20T19:00:49.067 INFO:teuthology.orchestra.run.smithi061.stdout:Generating a dashboard self-signed certificate...
2023-07-20T19:00:49.963 INFO:journalctl@ceph.mon.a.smithi061.stdout:Jul 20 19:00:49 smithi061 ceph-mon[127454]: from='client.14156 -' entity='client.admin' cmd=[{"prefix": "get_command_descriptions"}]: dispatch
2023-07-20T19:00:49.964 INFO:journalctl@ceph.mon.a.smithi061.stdout:Jul 20 19:00:49 smithi061 ceph-mon[127454]: mgrmap e11: x(active, since 1.00595s)
2023-07-20T19:00:49.964 INFO:journalctl@ceph.mon.a.smithi061.stdout:Jul 20 19:00:49 smithi061 ceph-mon[127454]: from='mgr.14152 172.21.15.61:0/543763512' entity='mgr.x'
2023-07-20T19:00:50.553 INFO:teuthology.orchestra.run.smithi061.stdout:/usr/bin/ceph: stdout Self-signed certificate created
2023-07-20T19:00:50.553 INFO:teuthology.orchestra.run.smithi061.stdout:/usr/bin/ceph: stderr
2023-07-20T19:00:49.556+0000 7fab6f288700 1 Processor -- start
2023-07-20T19:00:50.553 INFO:teuthology.orchestra.run.smithi061.stdout:/usr/bin/ceph: stderr
2023-07-20T19:00:49.557+0000 7fab6f288700 1 -- start start
2023-07-20T19:00:50.554 INFO:teuthology.orchestra.run.smithi061.stdout:/usr/bin/ceph: stderr
2023-07-20T19:00:49.557+0000 7fab6f288700 1 --2- >> [v2:172.21.15.61:3300/0,v1:172.21.15.61:6789/0] conn(0x7fab68105f00 0x7fab68106340 unknown :-1 s=NONE pgs=0 cs=0 l=0 rev1=0 crypto rx=0 tx=0 comp rx=0 tx=0).connect
2023-07-20T19:00:50.554 INFO:teuthology.orchestra.run.smithi061.stdout:/usr/bin/ceph: stderr
2023-07-20T19:00:49.557+0000 7fab6f288700 1 -- --> [v2:172.21.15.61:3300/0,v1:172.21.15.61:6789/0] -- mon_getmap magic: 0 v1 -- 0x7fab68106880 con 0x7fab68105f00
2023-07-20T19:00:50.554 INFO:teuthology.orchestra.run.smithi061.stdout:/usr/bin/ceph: stderr
2023-07-20T19:00:49.557+0000 7fab6d024700 1 --2- >> [v2:172.21.15.61:3300/0,v1:172.21.15.61:6789/0] conn(0x7fab68105f00 0x7fab68106340 unknown :-1 s=BANNER_CONNECTING pgs=0 cs=0 l=0 rev1=0 crypto rx=0 tx=0 comp rx=0 tx=0)._handle_peer_banner_payload supported=3 required=0
2023-07-20T19:00:50.554 INFO:teuthology.orchestra.run.smithi061.stdout:/usr/bin/ceph: stderr
2023-07-20T19:00:49.557+0000 7fab6d024700 1 --2- >> [v2:172.21.15.61:3300/0,v1:172.21.15.61:6789/0] conn(0x7fab68105f00 0x7fab68106340 unknown :-1 s=HELLO_CONNECTING pgs=0 cs=0 l=0 rev1=1 crypto rx=0 tx=0 comp rx=0 tx=0).handle_hello peer v2:172.21.15.61:3300/0 says I am v2:172.21.15.61:57444/0 (socket says 172.21.15.61:57444)
2023-07-20T19:00:50.554 INFO:teuthology.orchestra.run.smithi061.stdout:/usr/bin/ceph: stderr
2023-07-20T19:00:49.557+0000 7fab6d024700 1 -- 172.21.15.61:0/50918284 learned_addr learned my addr 172.21.15.61:0/50918284 (peer_addr_for_me v2:172.21.15.61:0/0)
2023-07-20T19:00:50.554 INFO:teuthology.orchestra.run.smithi061.stdout:/usr/bin/ceph: stderr
2023-07-20T19:00:49.558+0000 7fab6d024700 1 -- 172.21.15.61:0/50918284 --> [v2:172.21.15.61:3300/0,v1:172.21.15.61:6789/0] -- mon_subscribe({config=0+,monmap=0+}) v3 -- 0x7fab681069c0 con 0x7fab68105f00
2023-07-20T19:00:50.554 INFO:teuthology.orchestra.run.smithi061.stdout:/usr/bin/ceph: stderr
2023-07-20T19:00:49.558+0000 7fab6d024700 1 --2- 172.21.15.61:0/50918284 >> [v2:172.21.15.61:3300/0,v1:172.21.15.61:6789/0] conn(0x7fab68105f00 0x7fab68106340 secure :-1 s=READY pgs=70 cs=0 l=1 rev1=1 crypto rx=0x7fab640098a0 tx=0x7fab64009bb0 comp rx=0 tx=0).ready entity=mon.0 client_cookie=c960fa9256448341 server_cookie=0 in_seq=0 out_seq=0
2023-07-20T19:00:50.555 INFO:teuthology.orchestra.run.smithi061.stdout:/usr/bin/ceph: stderr
2023-07-20T19:00:49.558+0000 7fab5ffff700 1 -- 172.21.15.61:0/50918284 <== mon.0 v2:172.21.15.61:3300/0 1 ==== mon_map magic: 0 v1 ==== 205+0+0 (secure 0 0 0) 0x7fab64004160 con 0x7fab68105f00
2023-07-20T19:00:50.555 INFO:teuthology.orchestra.run.smithi061.stdout:/usr/bin/ceph: stderr
2023-07-20T19:00:49.558+0000 7fab5ffff700 1 -- 172.21.15.61:0/50918284 <== mon.0 v2:172.21.15.61:3300/0 2 ==== config(26 keys) v1 ==== 1105+0+0 (secure 0 0 0) 0x7fab640042c0 con 0x7fab68105f00
2023-07-20T19:00:50.555 INFO:teuthology.orchestra.run.smithi061.stdout:/usr/bin/ceph: stderr
2023-07-20T19:00:49.558+0000 7fab5ffff700 1 -- 172.21.15.61:0/50918284 <== mon.0 v2:172.21.15.61:3300/0 3 ==== mon_map magic: 0 v1 ==== 205+0+0 (secure 0 0 0) 0x7fab640119b0 con 0x7fab68105f00
2023-07-20T19:00:50.555 INFO:teuthology.orchestra.run.smithi061.stdout:/usr/bin/ceph: stderr
2023-07-20T19:00:49.559+0000 7fab6f288700 1 -- 172.21.15.61:0/50918284 >> [v2:172.21.15.61:3300/0,v1:172.21.15.61:6789/0] conn(0x7fab68105f00 msgr2=0x7fab68106340 secure :-1 s=STATE_CONNECTION_ESTABLISHED l=1).mark_down
2023-07-20T19:00:50.555 INFO:teuthology.orchestra.run.smithi061.stdout:/usr/bin/ceph: stderr
2023-07-20T19:00:49.559+0000 7fab6f288700 1 --2- 172.21.15.61:0/50918284 >> [v2:172.21.15.61:3300/0,v1:172.21.15.61:6789/0] conn(0x7fab68105f00 0x7fab68106340 secure :-1 s=READY pgs=70 cs=0 l=1 rev1=1 crypto rx=0x7fab640098a0 tx=0x7fab64009bb0 comp rx=0 tx=0).stop
2023-07-20T19:00:50.555 INFO:teuthology.orchestra.run.smithi061.stdout:/usr/bin/ceph: stderr
2023-07-20T19:00:49.559+0000 7fab6f288700 1 -- 172.21.15.61:0/50918284 shutdown_connections
2023-07-20T19:00:50.556 INFO:teuthology.orchestra.run.smithi061.stdout:/usr/bin/ceph: stderr
2023-07-20T19:00:49.559+0000 7fab6f288700 1 --2- 172.21.15.61:0/50918284 >> [v2:172.21.15.61:3300/0,v1:172.21.15.61:6789/0] conn(0x7fab68105f00 0x7fab68106340 unknown :-1 s=CLOSED pgs=70 cs=0 l=1 rev1=1 crypto rx=0 tx=0 comp rx=0 tx=0).stop
2023-07-20T19:00:50.556 INFO:teuthology.orchestra.run.smithi061.stdout:/usr/bin/ceph: stderr
2023-07-20T19:00:49.559+0000 7fab6f288700 1 -- 172.21.15.61:0/50918284 >> 172.21.15.61:0/50918284 conn(0x7fab68101550 msgr2=0x7fab68103970 unknown :-1 s=STATE_NONE l=0).mark_down
2023-07-20T19:00:50.556 INFO:teuthology.orchestra.run.smithi061.stdout:/usr/bin/ceph: stderr
2023-07-20T19:00:49.559+0000 7fab6f288700 1 -- 172.21.15.61:0/50918284 shutdown_connections
2023-07-20T19:00:50.556 INFO:teuthology.orchestra.run.smithi061.stdout:/usr/bin/ceph: stderr
2023-07-20T19:00:49.559+0000 7fab6f288700 1 -- 172.21.15.61:0/50918284 wait complete.
2023-07-20T19:00:50.556 INFO:teuthology.orchestra.run.smithi061.stdout:/usr/bin/ceph: stderr
2023-07-20T19:00:49.559+0000 7fab6f288700 1 Processor -- start
2023-07-20T19:00:50.556 INFO:teuthology.orchestra.run.smithi061.stdout:/usr/bin/ceph: stderr
2023-07-20T19:00:49.559+0000 7fab6f288700 1 -- start start
2023-07-20T19:00:50.557 INFO:teuthology.orchestra.run.smithi061.stdout:/usr/bin/ceph: stderr
2023-07-20T19:00:49.560+0000 7fab6f288700 1 --2- >> [v2:172.21.15.61:3300/0,v1:172.21.15.61:6789/0] conn(0x7fab68105f00 0x7fab6807bc50 unknown :-1 s=NONE pgs=0 cs=0 l=1 rev1=0 crypto rx=0 tx=0 comp rx=0 tx=0).connect
2023-07-20T19:00:50.557 INFO:teuthology.orchestra.run.smithi061.stdout:/usr/bin/ceph: stderr
2023-07-20T19:00:49.560+0000 7fab6f288700 1 -- --> [v2:172.21.15.61:3300/0,v1:172.21.15.61:6789/0] -- mon_getmap magic: 0 v1 -- 0x7fab6807c190 con 0x7fab68105f00
2023-07-20T19:00:50.557 INFO:teuthology.orchestra.run.smithi061.stdout:/usr/bin/ceph: stderr
2023-07-20T19:00:49.560+0000 7fab6d024700 1 --2- >> [v2:172.21.15.61:3300/0,v1:172.21.15.61:6789/0] conn(0x7fab68105f00 0x7fab6807bc50 unknown :-1 s=BANNER_CONNECTING pgs=0 cs=0 l=1 rev1=0 crypto rx=0 tx=0 comp rx=0 tx=0)._handle_peer_banner_payload supported=3 required=0
2023-07-20T19:00:50.557 INFO:teuthology.orchestra.run.smithi061.stdout:/usr/bin/ceph: stderr
2023-07-20T19:00:49.560+0000 7fab6d024700 1 --2- >> [v2:172.21.15.61:3300/0,v1:172.21.15.61:6789/0] conn(0x7fab68105f00 0x7fab6807bc50 unknown :-1 s=HELLO_CONNECTING pgs=0 cs=0 l=1 rev1=1 crypto rx=0 tx=0 comp rx=0 tx=0).handle_hello peer v2:172.21.15.61:3300/0 says I am v2:172.21.15.61:57446/0 (socket says 172.21.15.61:57446)
2023-07-20T19:00:50.557 INFO:teuthology.orchestra.run.smithi061.stdout:/usr/bin/ceph: stderr
2023-07-20T19:00:49.560+0000 7fab6d024700 1 -- 172.21.15.61:0/1260552084 learned_addr learned my addr 172.21.15.61:0/1260552084 (peer_addr_for_me v2:172.21.15.61:0/0)
2023-07-20T19:00:50.558 INFO:teuthology.orchestra.run.smithi061.stdout:/usr/bin/ceph: stderr
2023-07-20T19:00:49.560+0000 7fab6d024700 1 -- 172.21.15.61:0/1260552084 --> [v2:172.21.15.61:3300/0,v1:172.21.15.61:6789/0] -- mon_subscribe({config=0+,monmap=0+}) v3 -- 0x7fab64009550 con 0x7fab68105f00
2023-07-20T19:00:50.558 INFO:teuthology.orchestra.run.smithi061.stdout:/usr/bin/ceph: stderr
2023-07-20T19:00:49.560+0000 7fab6d024700 1 --2- 172.21.15.61:0/1260552084 >> [v2:172.21.15.61:3300/0,v1:172.21.15.61:6789/0] conn(0x7fab68105f00 0x7fab6807bc50 secure :-1 s=READY pgs=71 cs=0 l=1 rev1=1 crypto rx=0x7fab64003e60 tx=0x7fab64011aa0 comp rx=0 tx=0).ready entity=mon.0 client_cookie=0 server_cookie=0 in_seq=0 out_seq=0
2023-07-20T19:00:50.558 INFO:teuthology.orchestra.run.smithi061.stdout:/usr/bin/ceph: stderr
2023-07-20T19:00:49.560+0000 7fab5e7fc700 1 -- 172.21.15.61:0/1260552084 <== mon.0 v2:172.21.15.61:3300/0 1 ==== mon_map magic: 0 v1 ==== 205+0+0 (secure 0 0 0) 0x7fab64003970 con 0x7fab68105f00
2023-07-20T19:00:50.558 INFO:teuthology.orchestra.run.smithi061.stdout:/usr/bin/ceph: stderr
2023-07-20T19:00:49.560+0000 7fab5e7fc700 1 -- 172.21.15.61:0/1260552084 <== mon.0 v2:172.21.15.61:3300/0 2 ==== config(26 keys) v1 ==== 1105+0+0 (secure 0 0 0) 0x7fab64003ad0 con 0x7fab68105f00
2023-07-20T19:00:50.558 INFO:teuthology.orchestra.run.smithi061.stdout:/usr/bin/ceph: stderr
2023-07-20T19:00:49.560+0000 7fab6f288700 1 -- 172.21.15.61:0/1260552084 --> [v2:172.21.15.61:3300/0,v1:172.21.15.61:6789/0] -- mon_subscribe({mgrmap=0+}) v3 -- 0x7fab6807a300 con 0x7fab68105f00
2023-07-20T19:00:50.558 INFO:teuthology.orchestra.run.smithi061.stdout:/usr/bin/ceph: stderr
2023-07-20T19:00:49.561+0000 7fab5e7fc700 1 -- 172.21.15.61:0/1260552084 <== mon.0 v2:172.21.15.61:3300/0 3 ==== mon_map magic: 0 v1 ==== 205+0+0 (secure 0 0 0) 0x7fab64019590 con 0x7fab68105f00
2023-07-20T19:00:50.558 INFO:teuthology.orchestra.run.smithi061.stdout:/usr/bin/ceph: stderr
2023-07-20T19:00:49.561+0000 7fab6f288700 1 -- 172.21.15.61:0/1260552084 --> [v2:172.21.15.61:3300/0,v1:172.21.15.61:6789/0] -- mon_subscribe({osdmap=0}) v3 -- 0x7fab6807a780 con 0x7fab68105f00
2023-07-20T19:00:50.559 INFO:teuthology.orchestra.run.smithi061.stdout:/usr/bin/ceph: stderr
2023-07-20T19:00:49.561+0000 7fab5e7fc700 1 -- 172.21.15.61:0/1260552084 <== mon.0 v2:172.21.15.61:3300/0 4 ==== mgrmap(e 11) v1 ==== 45390+0+0 (secure 0 0 0) 0x7fab64019840 con 0x7fab68105f00
2023-07-20T19:00:50.559 INFO:teuthology.orchestra.run.smithi061.stdout:/usr/bin/ceph: stderr
2023-07-20T19:00:49.562+0000 7fab5e7fc700 1 --2- 172.21.15.61:0/1260552084 >> [v2:172.21.15.61:6800/3980156535,v1:172.21.15.61:6801/3980156535] conn(0x7fab54038620 0x7fab5403aae0 unknown :-1 s=NONE pgs=0 cs=0 l=1 rev1=0 crypto rx=0 tx=0 comp rx=0 tx=0).connect
2023-07-20T19:00:50.559 INFO:teuthology.orchestra.run.smithi061.stdout:/usr/bin/ceph: stderr
2023-07-20T19:00:49.562+0000 7fab5e7fc700 1 -- 172.21.15.61:0/1260552084 <== mon.0 v2:172.21.15.61:3300/0 5 ==== osd_map(3..3 src has 1..3) v4 ==== 1155+0+0 (secure 0 0 0) 0x7fab6404c7a0 con 0x7fab68105f00
2023-07-20T19:00:50.559 INFO:teuthology.orchestra.run.smithi061.stdout:/usr/bin/ceph: stderr
2023-07-20T19:00:49.562+0000 7fab6c823700 1 --2- 172.21.15.61:0/1260552084 >> [v2:172.21.15.61:6800/3980156535,v1:172.21.15.61:6801/3980156535] conn(0x7fab54038620 0x7fab5403aae0 unknown :-1 s=BANNER_CONNECTING pgs=0 cs=0 l=1 rev1=0 crypto rx=0 tx=0 comp rx=0 tx=0)._handle_peer_banner_payload supported=3 required=0
2023-07-20T19:00:50.559 INFO:teuthology.orchestra.run.smithi061.stdout:/usr/bin/ceph: stderr
2023-07-20T19:00:49.562+0000 7fab6f288700 1 -- 172.21.15.61:0/1260552084 --> [v2:172.21.15.61:3300/0,v1:172.21.15.61:6789/0] -- mon_command({"prefix": "get_command_descriptions"} v 0) v1 -- 0x7fab68061da0 con 0x7fab68105f00
2023-07-20T19:00:50.560 INFO:teuthology.orchestra.run.smithi061.stdout:/usr/bin/ceph: stderr
2023-07-20T19:00:49.562+0000 7fab6c823700 1 --2- 172.21.15.61:0/1260552084 >> [v2:172.21.15.61:6800/3980156535,v1:172.21.15.61:6801/3980156535] conn(0x7fab54038620 0x7fab5403aae0 secure :-1 s=READY pgs=7 cs=0 l=1 rev1=1 crypto rx=0x7fab58006fd0 tx=0x7fab58006e40 comp rx=0 tx=0).ready entity=mgr.14152 client_cookie=0 server_cookie=0 in_seq=0 out_seq=0
2023-07-20T19:00:50.560 INFO:teuthology.orchestra.run.smithi061.stdout:/usr/bin/ceph: stderr
2023-07-20T19:00:49.567+0000 7fab5e7fc700 1 -- 172.21.15.61:0/1260552084 <== mon.0 v2:172.21.15.61:3300/0 6 ==== mon_command_ack([{"prefix": "get_command_descriptions"}]=0 v0) v1 ==== 72+0+178025 (secure 0 0 0) 0x7fab64019b90 con 0x7fab68105f00
2023-07-20T19:00:50.560 INFO:teuthology.orchestra.run.smithi061.stdout:/usr/bin/ceph: stderr
2023-07-20T19:00:49.950+0000 7fab6f288700 1 -- 172.21.15.61:0/1260552084 --> [v2:172.21.15.61:6800/3980156535,v1:172.21.15.61:6801/3980156535] -- mgr_command(tid 0: {"prefix": "dashboard create-self-signed-cert", "target": ["mon-mgr", ""]}) v1 -- 0x7fab68103810 con 0x7fab54038620
2023-07-20T19:00:50.560 INFO:teuthology.orchestra.run.smithi061.stdout:/usr/bin/ceph: stderr
2023-07-20T19:00:50.146+0000 7fab5e7fc700 1 -- 172.21.15.61:0/1260552084 <== mgr.14152 v2:172.21.15.61:6800/3980156535 1 ==== mgr_command_reply(tid 0: 0 ) v1 ==== 8+0+32 (secure 0 0 0) 0x7fab68103810 con 0x7fab54038620
2023-07-20T19:00:50.560 INFO:teuthology.orchestra.run.smithi061.stdout:/usr/bin/ceph: stderr
2023-07-20T19:00:50.150+0000 7fab6f288700 1 -- 172.21.15.61:0/1260552084 >> [v2:172.21.15.61:6800/3980156535,v1:172.21.15.61:6801/3980156535] conn(0x7fab54038620 msgr2=0x7fab5403aae0 secure :-1 s=STATE_CONNECTION_ESTABLISHED l=1).mark_down
2023-07-20T19:00:50.560 INFO:teuthology.orchestra.run.smithi061.stdout:/usr/bin/ceph: stderr
2023-07-20T19:00:50.150+0000 7fab6f288700 1 --2- 172.21.15.61:0/1260552084 >> [v2:172.21.15.61:6800/3980156535,v1:172.21.15.61:6801/3980156535] conn(0x7fab54038620 0x7fab5403aae0 secure :-1 s=READY pgs=7 cs=0 l=1 rev1=1 crypto rx=0x7fab58006fd0 tx=0x7fab58006e40 comp rx=0 tx=0).stop
2023-07-20T19:00:50.560 INFO:teuthology.orchestra.run.smithi061.stdout:/usr/bin/ceph: stderr
2023-07-20T19:00:50.150+0000 7fab6f288700 1 -- 172.21.15.61:0/1260552084 >> [v2:172.21.15.61:3300/0,v1:172.21.15.61:6789/0] conn(0x7fab68105f00 msgr2=0x7fab6807bc50 secure :-1 s=STATE_CONNECTION_ESTABLISHED l=1).mark_down
2023-07-20T19:00:50.561 INFO:teuthology.orchestra.run.smithi061.stdout:/usr/bin/ceph: stderr
2023-07-20T19:00:50.150+0000 7fab6f288700 1 --2- 172.21.15.61:0/1260552084 >> [v2:172.21.15.61:3300/0,v1:172.21.15.61:6789/0] conn(0x7fab68105f00 0x7fab6807bc50 secure :-1 s=READY pgs=71 cs=0 l=1 rev1=1 crypto rx=0x7fab64003e60 tx=0x7fab64011aa0 comp rx=0 tx=0).stop
2023-07-20T19:00:50.561 INFO:teuthology.orchestra.run.smithi061.stdout:/usr/bin/ceph: stderr
2023-07-20T19:00:50.150+0000 7fab6f288700 1 -- 172.21.15.61:0/1260552084 shutdown_connections
2023-07-20T19:00:50.561 INFO:teuthology.orchestra.run.smithi061.stdout:/usr/bin/ceph: stderr
2023-07-20T19:00:50.150+0000 7fab6f288700 1 --2- 172.21.15.61:0/1260552084 >> [v2:172.21.15.61:6800/3980156535,v1:172.21.15.61:6801/3980156535] conn(0x7fab54038620 0x7fab5403aae0 unknown :-1 s=CLOSED pgs=7 cs=0 l=1 rev1=1 crypto rx=0 tx=0 comp rx=0 tx=0).stop
2023-07-20T19:00:50.561 INFO:teuthology.orchestra.run.smithi061.stdout:/usr/bin/ceph: stderr
2023-07-20T19:00:50.150+0000 7fab6f288700 1 --2- 172.21.15.61:0/1260552084 >> [v2:172.21.15.61:3300/0,v1:172.21.15.61:6789/0] conn(0x7fab68105f00 0x7fab6807bc50 unknown :-1 s=CLOSED pgs=71 cs=0 l=1 rev1=1 crypto rx=0 tx=0 comp rx=0 tx=0).stop
2023-07-20T19:00:50.561 INFO:teuthology.orchestra.run.smithi061.stdout:/usr/bin/ceph: stderr
2023-07-20T19:00:50.150+0000 7fab6f288700 1 -- 172.21.15.61:0/1260552084 >> 172.21.15.61:0/1260552084 conn(0x7fab68101550 msgr2=0x7fab68102bf0 unknown :-1 s=STATE_NONE l=0).mark_down
2023-07-20T19:00:50.561 INFO:teuthology.orchestra.run.smithi061.stdout:/usr/bin/ceph: stderr
2023-07-20T19:00:50.150+0000 7fab6f288700 1 -- 172.21.15.61:0/1260552084 shutdown_connections
2023-07-20T19:00:50.561 INFO:teuthology.orchestra.run.smithi061.stdout:/usr/bin/ceph: stderr
2023-07-20T19:00:50.150+0000 7fab6f288700 1 -- 172.21.15.61:0/1260552084 wait complete.
2023-07-20T19:00:50.562 INFO:teuthology.orchestra.run.smithi061.stdout:Creating initial admin user...
2023-07-20T19:00:50.963 INFO:journalctl@ceph.mon.a.smithi061.stdout:Jul 20 19:00:50 smithi061 ceph-mon[127454]: [20/Jul/2023:19:00:48] ENGINE Bus STARTING
2023-07-20T19:00:50.964 INFO:journalctl@ceph.mon.a.smithi061.stdout:Jul 20 19:00:50 smithi061 ceph-mon[127454]: [20/Jul/2023:19:00:48] ENGINE Serving on https://172.21.15.61:7150
2023-07-20T19:00:50.964 INFO:journalctl@ceph.mon.a.smithi061.stdout:Jul 20 19:00:50 smithi061 ceph-mon[127454]: [20/Jul/2023:19:00:49] ENGINE Serving on http://172.21.15.61:8765
2023-07-20T19:00:50.964 INFO:journalctl@ceph.mon.a.smithi061.stdout:Jul 20 19:00:50 smithi061 ceph-mon[127454]: [20/Jul/2023:19:00:49] ENGINE Bus STARTED
2023-07-20T19:00:50.964 INFO:journalctl@ceph.mon.a.smithi061.stdout:Jul 20 19:00:50 smithi061 ceph-mon[127454]: from='mgr.14152 172.21.15.61:0/543763512' entity='mgr.x'
2023-07-20T19:00:50.964 INFO:journalctl@ceph.mon.a.smithi061.stdout:Jul 20 19:00:50 smithi061 ceph-mon[127454]: from='mgr.14152 172.21.15.61:0/543763512' entity='mgr.x'
2023-07-20T19:00:50.965 INFO:journalctl@ceph.mon.a.smithi061.stdout:Jul 20 19:00:50 smithi061 ceph-mon[127454]: from='mgr.14152 172.21.15.61:0/543763512' entity='mgr.x'
2023-07-20T19:00:51.933 INFO:journalctl@ceph.mon.a.smithi061.stdout:Jul 20 19:00:51 smithi061 ceph-mon[127454]: from='client.14164 -' entity='client.admin' cmd=[{"prefix": "dashboard create-self-signed-cert", "target": ["mon-mgr", ""]}]: dispatch
2023-07-20T19:00:51.933 INFO:journalctl@ceph.mon.a.smithi061.stdout:Jul 20 19:00:51 smithi061 ceph-mon[127454]: mgrmap e12: x(active, since 3s)
2023-07-20T19:00:52.209 INFO:teuthology.orchestra.run.smithi061.stdout:/usr/bin/ceph: stdout {"username": "admin", "password": "$2b$12$eSVj.P.b9ZoOh44uuIue7O5ozHufaV4p4QDG9s5g6PVh3Z5IkGz0i", "roles": ["administrator"], "name": null, "email": null, "lastUpdate": 1689879651, "enabled": true, "pwdExpirationDate": null, "pwdUpdateRequired": true}
2023-07-20T19:00:52.209 INFO:teuthology.orchestra.run.smithi061.stdout:/usr/bin/ceph: stderr
2023-07-20T19:00:51.019+0000 7ffb2b10f700 1 Processor -- start
2023-07-20T19:00:52.209 INFO:teuthology.orchestra.run.smithi061.stdout:/usr/bin/ceph: stderr
2023-07-20T19:00:51.019+0000 7ffb2b10f700 1 -- start start
2023-07-20T19:00:52.209 INFO:teuthology.orchestra.run.smithi061.stdout:/usr/bin/ceph: stderr
2023-07-20T19:00:51.019+0000 7ffb2b10f700 1 --2- >> [v2:172.21.15.61:3300/0,v1:172.21.15.61:6789/0] conn(0x7ffb24070ed0 0x7ffb240712f0 unknown :-1 s=NONE pgs=0 cs=0 l=0 rev1=0 crypto rx=0 tx=0 comp rx=0 tx=0).connect
2023-07-20T19:00:52.210 INFO:teuthology.orchestra.run.smithi061.stdout:/usr/bin/ceph: stderr
2023-07-20T19:00:51.019+0000 7ffb2b10f700 1 -- --> [v2:172.21.15.61:3300/0,v1:172.21.15.61:6789/0] -- mon_getmap magic: 0 v1 -- 0x7ffb240718c0 con 0x7ffb24070ed0
2023-07-20T19:00:52.210 INFO:teuthology.orchestra.run.smithi061.stdout:/usr/bin/ceph: stderr
2023-07-20T19:00:51.019+0000 7ffb28eab700 1 --2- >> [v2:172.21.15.61:3300/0,v1:172.21.15.61:6789/0] conn(0x7ffb24070ed0 0x7ffb240712f0 unknown :-1 s=BANNER_CONNECTING pgs=0 cs=0 l=0 rev1=0 crypto rx=0 tx=0 comp rx=0 tx=0)._handle_peer_banner_payload supported=3 required=0
2023-07-20T19:00:52.210 INFO:teuthology.orchestra.run.smithi061.stdout:/usr/bin/ceph: stderr
2023-07-20T19:00:51.020+0000 7ffb28eab700 1 --2- >> [v2:172.21.15.61:3300/0,v1:172.21.15.61:6789/0] conn(0x7ffb24070ed0 0x7ffb240712f0 unknown :-1 s=HELLO_CONNECTING pgs=0 cs=0 l=0 rev1=1 crypto rx=0 tx=0 comp rx=0 tx=0).handle_hello peer v2:172.21.15.61:3300/0 says I am v2:172.21.15.61:57450/0 (socket says 172.21.15.61:57450)
2023-07-20T19:00:52.210 INFO:teuthology.orchestra.run.smithi061.stdout:/usr/bin/ceph: stderr
2023-07-20T19:00:51.020+0000 7ffb28eab700 1 -- 172.21.15.61:0/342017955 learned_addr learned my addr 172.21.15.61:0/342017955 (peer_addr_for_me v2:172.21.15.61:0/0)
2023-07-20T19:00:52.210 INFO:teuthology.orchestra.run.smithi061.stdout:/usr/bin/ceph: stderr
2023-07-20T19:00:51.020+0000 7ffb28eab700 1 -- 172.21.15.61:0/342017955 --> [v2:172.21.15.61:3300/0,v1:172.21.15.61:6789/0] -- mon_subscribe({config=0+,monmap=0+}) v3 -- 0x7ffb24071a00 con 0x7ffb24070ed0
2023-07-20T19:00:52.210 INFO:teuthology.orchestra.run.smithi061.stdout:/usr/bin/ceph: stderr
2023-07-20T19:00:51.020+0000 7ffb28eab700 1 --2- 172.21.15.61:0/342017955 >> [v2:172.21.15.61:3300/0,v1:172.21.15.61:6789/0] conn(0x7ffb24070ed0 0x7ffb240712f0 secure :-1 s=READY pgs=72 cs=0 l=1 rev1=1 crypto rx=0x7ffb180098a0 tx=0x7ffb18009bb0 comp rx=0 tx=0).ready entity=mon.0 client_cookie=cd896604b8ef2e1e server_cookie=0 in_seq=0 out_seq=0
2023-07-20T19:00:52.210 INFO:teuthology.orchestra.run.smithi061.stdout:/usr/bin/ceph: stderr
2023-07-20T19:00:51.020+0000 7ffb237fe700 1 -- 172.21.15.61:0/342017955 <== mon.0 v2:172.21.15.61:3300/0 1 ==== mon_map magic: 0 v1 ==== 205+0+0 (secure 0 0 0) 0x7ffb18004160 con 0x7ffb24070ed0
2023-07-20T19:00:52.211 INFO:teuthology.orchestra.run.smithi061.stdout:/usr/bin/ceph: stderr
2023-07-20T19:00:51.020+0000 7ffb237fe700 1 -- 172.21.15.61:0/342017955 <== mon.0 v2:172.21.15.61:3300/0 2 ==== config(26 keys) v1 ==== 1105+0+0 (secure 0 0 0) 0x7ffb180042c0 con 0x7ffb24070ed0
2023-07-20T19:00:52.211 INFO:teuthology.orchestra.run.smithi061.stdout:/usr/bin/ceph: stderr
2023-07-20T19:00:51.020+0000 7ffb237fe700 1 -- 172.21.15.61:0/342017955 <== mon.0 v2:172.21.15.61:3300/0 3 ==== mon_map magic: 0 v1 ==== 205+0+0 (secure 0 0 0) 0x7ffb180119b0 con 0x7ffb24070ed0
2023-07-20T19:00:52.211 INFO:teuthology.orchestra.run.smithi061.stdout:/usr/bin/ceph: stderr
2023-07-20T19:00:51.021+0000 7ffb2b10f700 1 -- 172.21.15.61:0/342017955 >> [v2:172.21.15.61:3300/0,v1:172.21.15.61:6789/0] conn(0x7ffb24070ed0 msgr2=0x7ffb240712f0 secure :-1 s=STATE_CONNECTION_ESTABLISHED l=1).mark_down
2023-07-20T19:00:52.211 INFO:teuthology.orchestra.run.smithi061.stdout:/usr/bin/ceph: stderr
2023-07-20T19:00:51.021+0000 7ffb2b10f700 1 --2- 172.21.15.61:0/342017955 >> [v2:172.21.15.61:3300/0,v1:172.21.15.61:6789/0] conn(0x7ffb24070ed0 0x7ffb240712f0 secure :-1 s=READY pgs=72 cs=0 l=1 rev1=1 crypto rx=0x7ffb180098a0 tx=0x7ffb18009bb0 comp rx=0 tx=0).stop
2023-07-20T19:00:52.211 INFO:teuthology.orchestra.run.smithi061.stdout:/usr/bin/ceph: stderr
2023-07-20T19:00:51.021+0000 7ffb2b10f700 1 -- 172.21.15.61:0/342017955 shutdown_connections
2023-07-20T19:00:52.211 INFO:teuthology.orchestra.run.smithi061.stdout:/usr/bin/ceph: stderr
2023-07-20T19:00:51.021+0000 7ffb2b10f700 1 --2- 172.21.15.61:0/342017955 >> [v2:172.21.15.61:3300/0,v1:172.21.15.61:6789/0] conn(0x7ffb24070ed0 0x7ffb240712f0 unknown :-1 s=CLOSED pgs=72 cs=0 l=1 rev1=1 crypto rx=0 tx=0 comp rx=0 tx=0).stop
2023-07-20T19:00:52.211 INFO:teuthology.orchestra.run.smithi061.stdout:/usr/bin/ceph: stderr
2023-07-20T19:00:51.021+0000 7ffb2b10f700 1 -- 172.21.15.61:0/342017955 >> 172.21.15.61:0/342017955 conn(0x7ffb2406c720 msgr2=0x7ffb2406eb40 unknown :-1 s=STATE_NONE l=0).mark_down
2023-07-20T19:00:52.212 INFO:teuthology.orchestra.run.smithi061.stdout:/usr/bin/ceph: stderr
2023-07-20T19:00:51.021+0000 7ffb2b10f700 1 -- 172.21.15.61:0/342017955 shutdown_connections
2023-07-20T19:00:52.212 INFO:teuthology.orchestra.run.smithi061.stdout:/usr/bin/ceph: stderr
2023-07-20T19:00:51.021+0000 7ffb2b10f700 1 -- 172.21.15.61:0/342017955 wait complete.
2023-07-20T19:00:52.212 INFO:teuthology.orchestra.run.smithi061.stdout:/usr/bin/ceph: stderr
2023-07-20T19:00:51.022+0000 7ffb2b10f700 1 Processor -- start
2023-07-20T19:00:52.212 INFO:teuthology.orchestra.run.smithi061.stdout:/usr/bin/ceph: stderr
2023-07-20T19:00:51.022+0000 7ffb2b10f700 1 -- start start
2023-07-20T19:00:52.212 INFO:teuthology.orchestra.run.smithi061.stdout:/usr/bin/ceph: stderr
2023-07-20T19:00:51.022+0000 7ffb2b10f700 1 --2- >> [v2:172.21.15.61:3300/0,v1:172.21.15.61:6789/0] conn(0x7ffb24070ed0 0x7ffb241a2490 unknown :-1 s=NONE pgs=0 cs=0 l=1 rev1=0 crypto rx=0 tx=0 comp rx=0 tx=0).connect
2023-07-20T19:00:52.212 INFO:teuthology.orchestra.run.smithi061.stdout:/usr/bin/ceph: stderr
2023-07-20T19:00:51.022+0000 7ffb2b10f700 1 -- --> [v2:172.21.15.61:3300/0,v1:172.21.15.61:6789/0] -- mon_getmap magic: 0 v1 -- 0x7ffb241a29d0 con 0x7ffb24070ed0
2023-07-20T19:00:52.212 INFO:teuthology.orchestra.run.smithi061.stdout:/usr/bin/ceph: stderr
2023-07-20T19:00:51.022+0000 7ffb28eab700 1 --2- >> [v2:172.21.15.61:3300/0,v1:172.21.15.61:6789/0] conn(0x7ffb24070ed0 0x7ffb241a2490 unknown :-1 s=BANNER_CONNECTING pgs=0 cs=0 l=1 rev1=0 crypto rx=0 tx=0 comp rx=0 tx=0)._handle_peer_banner_payload supported=3 required=0
2023-07-20T19:00:52.213 INFO:teuthology.orchestra.run.smithi061.stdout:/usr/bin/ceph: stderr
2023-07-20T19:00:51.022+0000 7ffb28eab700 1 --2- >> [v2:172.21.15.61:3300/0,v1:172.21.15.61:6789/0] conn(0x7ffb24070ed0 0x7ffb241a2490 unknown :-1 s=HELLO_CONNECTING pgs=0 cs=0 l=1 rev1=1 crypto rx=0 tx=0 comp rx=0 tx=0).handle_hello peer v2:172.21.15.61:3300/0 says I am v2:172.21.15.61:57452/0 (socket says 172.21.15.61:57452)
2023-07-20T19:00:52.213 INFO:teuthology.orchestra.run.smithi061.stdout:/usr/bin/ceph: stderr
2023-07-20T19:00:51.022+0000 7ffb28eab700 1 -- 172.21.15.61:0/3378100729 learned_addr learned my addr 172.21.15.61:0/3378100729 (peer_addr_for_me v2:172.21.15.61:0/0)
2023-07-20T19:00:52.213 INFO:teuthology.orchestra.run.smithi061.stdout:/usr/bin/ceph: stderr
2023-07-20T19:00:51.022+0000 7ffb28eab700 1 -- 172.21.15.61:0/3378100729 --> [v2:172.21.15.61:3300/0,v1:172.21.15.61:6789/0] -- mon_subscribe({config=0+,monmap=0+}) v3 -- 0x7ffb18009550 con 0x7ffb24070ed0
2023-07-20T19:00:52.213 INFO:teuthology.orchestra.run.smithi061.stdout:/usr/bin/ceph: stderr
2023-07-20T19:00:51.023+0000 7ffb28eab700 1 --2- 172.21.15.61:0/3378100729 >> [v2:172.21.15.61:3300/0,v1:172.21.15.61:6789/0] conn(0x7ffb24070ed0 0x7ffb241a2490 secure :-1 s=READY pgs=73 cs=0 l=1 rev1=1 crypto rx=0x7ffb18003e60 tx=0x7ffb18011a30 comp rx=0 tx=0).ready entity=mon.0 client_cookie=0 server_cookie=0 in_seq=0 out_seq=0
2023-07-20T19:00:52.213 INFO:teuthology.orchestra.run.smithi061.stdout:/usr/bin/ceph: stderr
2023-07-20T19:00:51.023+0000 7ffb21ffb700 1 -- 172.21.15.61:0/3378100729 <== mon.0 v2:172.21.15.61:3300/0 1 ==== mon_map magic: 0 v1 ==== 205+0+0 (secure 0 0 0) 0x7ffb18003a60 con 0x7ffb24070ed0
2023-07-20T19:00:52.213 INFO:teuthology.orchestra.run.smithi061.stdout:/usr/bin/ceph: stderr
2023-07-20T19:00:51.023+0000 7ffb21ffb700 1 -- 172.21.15.61:0/3378100729 <== mon.0 v2:172.21.15.61:3300/0 2 ==== config(26 keys) v1 ==== 1105+0+0 (secure 0 0 0) 0x7ffb18003bc0 con 0x7ffb24070ed0
2023-07-20T19:00:52.213 INFO:teuthology.orchestra.run.smithi061.stdout:/usr/bin/ceph: stderr
2023-07-20T19:00:51.023+0000 7ffb2b10f700 1 -- 172.21.15.61:0/3378100729 --> [v2:172.21.15.61:3300/0,v1:172.21.15.61:6789/0] -- mon_subscribe({mgrmap=0+}) v3 -- 0x7ffb241a2bd0 con 0x7ffb24070ed0
2023-07-20T19:00:52.214 INFO:teuthology.orchestra.run.smithi061.stdout:/usr/bin/ceph: stderr
2023-07-20T19:00:51.023+0000 7ffb21ffb700 1 -- 172.21.15.61:0/3378100729 <== mon.0 v2:172.21.15.61:3300/0 3 ==== mon_map magic: 0 v1 ==== 205+0+0 (secure 0 0 0) 0x7ffb180196c0 con 0x7ffb24070ed0
2023-07-20T19:00:52.214 INFO:teuthology.orchestra.run.smithi061.stdout:/usr/bin/ceph: stderr
2023-07-20T19:00:51.023+0000 7ffb2b10f700 1 -- 172.21.15.61:0/3378100729 --> [v2:172.21.15.61:3300/0,v1:172.21.15.61:6789/0] -- mon_subscribe({osdmap=0}) v3 -- 0x7ffb241a2ff0 con 0x7ffb24070ed0
2023-07-20T19:00:52.214 INFO:teuthology.orchestra.run.smithi061.stdout:/usr/bin/ceph: stderr
2023-07-20T19:00:51.024+0000 7ffb21ffb700 1 -- 172.21.15.61:0/3378100729 <== mon.0 v2:172.21.15.61:3300/0 4 ==== mgrmap(e 12) v1 ==== 45496+0+0 (secure 0 0 0) 0x7ffb18019930 con 0x7ffb24070ed0
2023-07-20T19:00:52.214 INFO:teuthology.orchestra.run.smithi061.stdout:/usr/bin/ceph: stderr
2023-07-20T19:00:51.024+0000 7ffb21ffb700 1 --2- 172.21.15.61:0/3378100729 >> [v2:172.21.15.61:6800/3980156535,v1:172.21.15.61:6801/3980156535] conn(0x7ffb0c038790 0x7ffb0c03ac50 unknown :-1 s=NONE pgs=0 cs=0 l=1 rev1=0 crypto rx=0 tx=0 comp rx=0 tx=0).connect
2023-07-20T19:00:52.214 INFO:teuthology.orchestra.run.smithi061.stdout:/usr/bin/ceph: stderr
2023-07-20T19:00:51.024+0000 7ffb21ffb700 1 -- 172.21.15.61:0/3378100729 <== mon.0 v2:172.21.15.61:3300/0 5 ==== osd_map(3..3 src has 1..3) v4 ==== 1155+0+0 (secure 0 0 0) 0x7ffb1804cad0 con 0x7ffb24070ed0
2023-07-20T19:00:52.214 INFO:teuthology.orchestra.run.smithi061.stdout:/usr/bin/ceph: stderr
2023-07-20T19:00:51.024+0000 7ffb23fff700 1 --2- 172.21.15.61:0/3378100729 >> [v2:172.21.15.61:6800/3980156535,v1:172.21.15.61:6801/3980156535] conn(0x7ffb0c038790 0x7ffb0c03ac50 unknown :-1 s=BANNER_CONNECTING pgs=0 cs=0 l=1 rev1=0 crypto rx=0 tx=0 comp rx=0 tx=0)._handle_peer_banner_payload supported=3 required=0
2023-07-20T19:00:52.214 INFO:teuthology.orchestra.run.smithi061.stdout:/usr/bin/ceph: stderr
2023-07-20T19:00:51.024+0000 7ffb2b10f700 1 -- 172.21.15.61:0/3378100729 --> [v2:172.21.15.61:3300/0,v1:172.21.15.61:6789/0] -- mon_command({"prefix": "get_command_descriptions"} v 0) v1 -- 0x7ffb24061da0 con 0x7ffb24070ed0
2023-07-20T19:00:52.215 INFO:teuthology.orchestra.run.smithi061.stdout:/usr/bin/ceph: stderr
2023-07-20T19:00:51.025+0000 7ffb23fff700 1 --2- 172.21.15.61:0/3378100729 >> [v2:172.21.15.61:6800/3980156535,v1:172.21.15.61:6801/3980156535] conn(0x7ffb0c038790 0x7ffb0c03ac50 secure :-1 s=READY pgs=8 cs=0 l=1 rev1=1 crypto rx=0x7ffb1c00ad30 tx=0x7ffb1c0093f0 comp rx=0 tx=0).ready entity=mgr.14152 client_cookie=0 server_cookie=0 in_seq=0 out_seq=0
2023-07-20T19:00:52.215 INFO:teuthology.orchestra.run.smithi061.stdout:/usr/bin/ceph: stderr
2023-07-20T19:00:51.029+0000 7ffb21ffb700 1 -- 172.21.15.61:0/3378100729 <== mon.0 v2:172.21.15.61:3300/0 6 ==== mon_command_ack([{"prefix": "get_command_descriptions"}]=0 v0) v1 ==== 72+0+178025 (secure 0 0 0) 0x7ffb18019e60 con 0x7ffb24070ed0
2023-07-20T19:00:52.215 INFO:teuthology.orchestra.run.smithi061.stdout:/usr/bin/ceph: stderr
2023-07-20T19:00:51.428+0000 7ffb2b10f700 1 -- 172.21.15.61:0/3378100729 --> [v2:172.21.15.61:6800/3980156535,v1:172.21.15.61:6801/3980156535] -- mgr_command(tid 0: {"prefix": "dashboard ac-user-create", "username": "admin", "rolename": "administrator", "force_password": true, "pwd_update_required": true, "target": ["mon-mgr", ""]}) v1 -- 0x7ffb24061bc0 con 0x7ffb0c038790
2023-07-20T19:00:52.215 INFO:teuthology.orchestra.run.smithi061.stdout:/usr/bin/ceph: stderr
2023-07-20T19:00:51.675+0000 7ffb21ffb700 1 -- 172.21.15.61:0/3378100729 <== mgr.14152 v2:172.21.15.61:6800/3980156535 1 ==== mgr_command_reply(tid 0: 0 ) v1 ==== 8+0+252 (secure 0 0 0) 0x7ffb24061bc0 con 0x7ffb0c038790
2023-07-20T19:00:52.215 INFO:teuthology.orchestra.run.smithi061.stdout:/usr/bin/ceph: stderr
2023-07-20T19:00:51.678+0000 7ffb2b10f700 1 -- 172.21.15.61:0/3378100729 >> [v2:172.21.15.61:6800/3980156535,v1:172.21.15.61:6801/3980156535] conn(0x7ffb0c038790 msgr2=0x7ffb0c03ac50 secure :-1 s=STATE_CONNECTION_ESTABLISHED l=1).mark_down
2023-07-20T19:00:52.215 INFO:teuthology.orchestra.run.smithi061.stdout:/usr/bin/ceph: stderr
2023-07-20T19:00:51.678+0000 7ffb2b10f700 1 --2- 172.21.15.61:0/3378100729 >> [v2:172.21.15.61:6800/3980156535,v1:172.21.15.61:6801/3980156535] conn(0x7ffb0c038790 0x7ffb0c03ac50 secure :-1 s=READY pgs=8 cs=0 l=1 rev1=1 crypto rx=0x7ffb1c00ad30 tx=0x7ffb1c0093f0 comp rx=0 tx=0).stop
2023-07-20T19:00:52.215 INFO:teuthology.orchestra.run.smithi061.stdout:/usr/bin/ceph: stderr
2023-07-20T19:00:51.678+0000 7ffb2b10f700 1 -- 172.21.15.61:0/3378100729 >> [v2:172.21.15.61:3300/0,v1:172.21.15.61:6789/0] conn(0x7ffb24070ed0 msgr2=0x7ffb241a2490 secure :-1 s=STATE_CONNECTION_ESTABLISHED l=1).mark_down
2023-07-20T19:00:52.216 INFO:teuthology.orchestra.run.smithi061.stdout:/usr/bin/ceph: stderr
2023-07-20T19:00:51.678+0000 7ffb2b10f700 1 --2- 172.21.15.61:0/3378100729 >> [v2:172.21.15.61:3300/0,v1:172.21.15.61:6789/0] conn(0x7ffb24070ed0 0x7ffb241a2490 secure :-1 s=READY pgs=73 cs=0 l=1 rev1=1 crypto rx=0x7ffb18003e60 tx=0x7ffb18011a30 comp rx=0 tx=0).stop
2023-07-20T19:00:52.216 INFO:teuthology.orchestra.run.smithi061.stdout:/usr/bin/ceph: stderr
2023-07-20T19:00:51.678+0000 7ffb2b10f700 1 -- 172.21.15.61:0/3378100729 shutdown_connections
2023-07-20T19:00:52.216 INFO:teuthology.orchestra.run.smithi061.stdout:/usr/bin/ceph: stderr
2023-07-20T19:00:51.678+0000 7ffb2b10f700 1 --2- 172.21.15.61:0/3378100729 >> [v2:172.21.15.61:6800/3980156535,v1:172.21.15.61:6801/3980156535] conn(0x7ffb0c038790 0x7ffb0c03ac50 unknown :-1 s=CLOSED pgs=8 cs=0 l=1 rev1=1 crypto rx=0 tx=0 comp rx=0 tx=0).stop
2023-07-20T19:00:52.216 INFO:teuthology.orchestra.run.smithi061.stdout:/usr/bin/ceph: stderr
2023-07-20T19:00:51.678+0000 7ffb2b10f700 1 --2- 172.21.15.61:0/3378100729 >> [v2:172.21.15.61:3300/0,v1:172.21.15.61:6789/0] conn(0x7ffb24070ed0 0x7ffb241a2490 unknown :-1 s=CLOSED pgs=73 cs=0 l=1 rev1=1 crypto rx=0 tx=0 comp rx=0 tx=0).stop
2023-07-20T19:00:52.216 INFO:teuthology.orchestra.run.smithi061.stdout:/usr/bin/ceph: stderr
2023-07-20T19:00:51.678+0000 7ffb2b10f700 1 -- 172.21.15.61:0/3378100729 >> 172.21.15.61:0/3378100729 conn(0x7ffb2406c720 msgr2=0x7ffb2406de40 unknown :-1 s=STATE_NONE l=0).mark_down
2023-07-20T19:00:52.216 INFO:teuthology.orchestra.run.smithi061.stdout:/usr/bin/ceph: stderr
2023-07-20T19:00:51.678+0000 7ffb2b10f700 1 -- 172.21.15.61:0/3378100729 shutdown_connections
2023-07-20T19:00:52.216 INFO:teuthology.orchestra.run.smithi061.stdout:/usr/bin/ceph: stderr
2023-07-20T19:00:51.678+0000 7ffb2b10f700 1 -- 172.21.15.61:0/3378100729 wait complete.
2023-07-20T19:00:52.217 INFO:teuthology.orchestra.run.smithi061.stdout:Fetching dashboard port number...
2023-07-20T19:00:52.964 INFO:journalctl@ceph.mon.a.smithi061.stdout:Jul 20 19:00:52 smithi061 ceph-mon[127454]: from='client.14166 -' entity='client.admin' cmd=[{"prefix": "dashboard ac-user-create", "username": "admin", "rolename": "administrator", "force_password": true, "pwd_update_required": true, "target": ["mon-mgr", ""]}]: dispatch
2023-07-20T19:00:52.964 INFO:journalctl@ceph.mon.a.smithi061.stdout:Jul 20 19:00:52 smithi061 ceph-mon[127454]: from='mgr.14152 172.21.15.61:0/543763512' entity='mgr.x'
2023-07-20T19:00:53.354 INFO:teuthology.orchestra.run.smithi061.stdout:/usr/bin/ceph: stdout 8443
2023-07-20T19:00:53.354 INFO:teuthology.orchestra.run.smithi061.stdout:/usr/bin/ceph: stderr
2023-07-20T19:00:52.592+0000 7f2118784700 1 Processor -- start
2023-07-20T19:00:53.355 INFO:teuthology.orchestra.run.smithi061.stdout:/usr/bin/ceph: stderr
2023-07-20T19:00:52.593+0000 7f2118784700 1 -- start start
2023-07-20T19:00:53.355 INFO:teuthology.orchestra.run.smithi061.stdout:/usr/bin/ceph: stderr
2023-07-20T19:00:52.593+0000 7f2118784700 1 --2- >> [v2:172.21.15.61:3300/0,v1:172.21.15.61:6789/0] conn(0x7f2110104840 0x7f2110104c60 unknown :-1 s=NONE pgs=0 cs=0 l=0 rev1=0 crypto rx=0 tx=0 comp rx=0 tx=0).connect
2023-07-20T19:00:53.355 INFO:teuthology.orchestra.run.smithi061.stdout:/usr/bin/ceph: stderr
2023-07-20T19:00:52.593+0000 7f2118784700 1 -- --> [v2:172.21.15.61:3300/0,v1:172.21.15.61:6789/0] -- mon_getmap magic: 0 v1 -- 0x7f2110079e30 con 0x7f2110104840
2023-07-20T19:00:53.355 INFO:teuthology.orchestra.run.smithi061.stdout:/usr/bin/ceph: stderr
2023-07-20T19:00:52.593+0000 7f2116520700 1 --2- >> [v2:172.21.15.61:3300/0,v1:172.21.15.61:6789/0] conn(0x7f2110104840 0x7f2110104c60 unknown :-1 s=BANNER_CONNECTING pgs=0 cs=0 l=0 rev1=0 crypto rx=0 tx=0 comp rx=0 tx=0)._handle_peer_banner_payload supported=3 required=0
2023-07-20T19:00:53.355 INFO:teuthology.orchestra.run.smithi061.stdout:/usr/bin/ceph: stderr
2023-07-20T19:00:52.593+0000 7f2116520700 1 --2- >> [v2:172.21.15.61:3300/0,v1:172.21.15.61:6789/0] conn(0x7f2110104840 0x7f2110104c60 unknown :-1 s=HELLO_CONNECTING pgs=0 cs=0 l=0 rev1=1 crypto rx=0 tx=0 comp rx=0 tx=0).handle_hello peer v2:172.21.15.61:3300/0 says I am v2:172.21.15.61:57456/0 (socket says 172.21.15.61:57456)
2023-07-20T19:00:53.355 INFO:teuthology.orchestra.run.smithi061.stdout:/usr/bin/ceph: stderr
2023-07-20T19:00:52.593+0000 7f2116520700 1 -- 172.21.15.61:0/3666199895 learned_addr learned my addr 172.21.15.61:0/3666199895 (peer_addr_for_me v2:172.21.15.61:0/0)
2023-07-20T19:00:53.355 INFO:teuthology.orchestra.run.smithi061.stdout:/usr/bin/ceph: stderr
2023-07-20T19:00:52.593+0000 7f2116520700 1 -- 172.21.15.61:0/3666199895 --> [v2:172.21.15.61:3300/0,v1:172.21.15.61:6789/0] -- mon_subscribe({config=0+,monmap=0+}) v3 -- 0x7f21101051a0 con 0x7f2110104840
2023-07-20T19:00:53.355 INFO:teuthology.orchestra.run.smithi061.stdout:/usr/bin/ceph: stderr
2023-07-20T19:00:52.593+0000 7f2116520700 1 --2- 172.21.15.61:0/3666199895 >> [v2:172.21.15.61:3300/0,v1:172.21.15.61:6789/0] conn(0x7f2110104840 0x7f2110104c60 secure :-1 s=READY pgs=74 cs=0 l=1 rev1=1 crypto rx=0x7f210c0098a0 tx=0x7f210c009bb0 comp rx=0 tx=0).ready entity=mon.0 client_cookie=59363b508a0b8b1 server_cookie=0 in_seq=0 out_seq=0
2023-07-20T19:00:53.356 INFO:teuthology.orchestra.run.smithi061.stdout:/usr/bin/ceph: stderr
2023-07-20T19:00:52.594+0000 7f211551e700 1 -- 172.21.15.61:0/3666199895 <== mon.0 v2:172.21.15.61:3300/0 1 ==== mon_map magic: 0 v1 ==== 205+0+0 (secure 0 0 0) 0x7f210c004160 con 0x7f2110104840
2023-07-20T19:00:53.356 INFO:teuthology.orchestra.run.smithi061.stdout:/usr/bin/ceph: stderr
2023-07-20T19:00:52.594+0000 7f211551e700 1 -- 172.21.15.61:0/3666199895 <== mon.0 v2:172.21.15.61:3300/0 2 ==== config(26 keys) v1 ==== 1105+0+0 (secure 0 0 0) 0x7f210c0042c0 con 0x7f2110104840
2023-07-20T19:00:53.356 INFO:teuthology.orchestra.run.smithi061.stdout:/usr/bin/ceph: stderr
2023-07-20T19:00:52.594+0000 7f211551e700 1 -- 172.21.15.61:0/3666199895 <== mon.0 v2:172.21.15.61:3300/0 3 ==== mon_map magic: 0 v1 ==== 205+0+0 (secure 0 0 0) 0x7f210c0119b0 con 0x7f2110104840
2023-07-20T19:00:53.356 INFO:teuthology.orchestra.run.smithi061.stdout:/usr/bin/ceph: stderr
2023-07-20T19:00:52.594+0000 7f2118784700 1 -- 172.21.15.61:0/3666199895 >> [v2:172.21.15.61:3300/0,v1:172.21.15.61:6789/0] conn(0x7f2110104840 msgr2=0x7f2110104c60 secure :-1 s=STATE_CONNECTION_ESTABLISHED l=1).mark_down
2023-07-20T19:00:53.356 INFO:teuthology.orchestra.run.smithi061.stdout:/usr/bin/ceph: stderr
2023-07-20T19:00:52.594+0000 7f2118784700 1 --2- 172.21.15.61:0/3666199895 >> [v2:172.21.15.61:3300/0,v1:172.21.15.61:6789/0] conn(0x7f2110104840 0x7f2110104c60 secure :-1 s=READY pgs=74 cs=0 l=1 rev1=1 crypto rx=0x7f210c0098a0 tx=0x7f210c009bb0 comp rx=0 tx=0).stop
2023-07-20T19:00:53.356 INFO:teuthology.orchestra.run.smithi061.stdout:/usr/bin/ceph: stderr
2023-07-20T19:00:52.594+0000 7f2118784700 1 -- 172.21.15.61:0/3666199895 shutdown_connections
2023-07-20T19:00:53.356 INFO:teuthology.orchestra.run.smithi061.stdout:/usr/bin/ceph: stderr
2023-07-20T19:00:52.594+0000 7f2118784700 1 --2- 172.21.15.61:0/3666199895 >> [v2:172.21.15.61:3300/0,v1:172.21.15.61:6789/0] conn(0x7f2110104840 0x7f2110104c60 unknown :-1 s=CLOSED pgs=74 cs=0 l=1 rev1=1 crypto rx=0 tx=0 comp rx=0 tx=0).stop
2023-07-20T19:00:53.357 INFO:teuthology.orchestra.run.smithi061.stdout:/usr/bin/ceph: stderr
2023-07-20T19:00:52.594+0000 7f2118784700 1 -- 172.21.15.61:0/3666199895 >> 172.21.15.61:0/3666199895 conn(0x7f2110100400 msgr2=0x7f2110102840 unknown :-1 s=STATE_NONE l=0).mark_down
2023-07-20T19:00:53.357 INFO:teuthology.orchestra.run.smithi061.stdout:/usr/bin/ceph: stderr
2023-07-20T19:00:52.594+0000 7f2118784700 1 -- 172.21.15.61:0/3666199895 shutdown_connections
2023-07-20T19:00:53.357 INFO:teuthology.orchestra.run.smithi061.stdout:/usr/bin/ceph: stderr
2023-07-20T19:00:52.594+0000 7f2118784700 1 -- 172.21.15.61:0/3666199895 wait complete.
2023-07-20T19:00:53.357 INFO:teuthology.orchestra.run.smithi061.stdout:/usr/bin/ceph: stderr
2023-07-20T19:00:52.595+0000 7f2118784700 1 Processor -- start
2023-07-20T19:00:53.357 INFO:teuthology.orchestra.run.smithi061.stdout:/usr/bin/ceph: stderr
2023-07-20T19:00:52.595+0000 7f2118784700 1 -- start start
2023-07-20T19:00:53.357 INFO:teuthology.orchestra.run.smithi061.stdout:/usr/bin/ceph: stderr
2023-07-20T19:00:52.595+0000 7f2118784700 1 --2- >> [v2:172.21.15.61:3300/0,v1:172.21.15.61:6789/0] conn(0x7f2110104840 0x7f211019be80 unknown :-1 s=NONE pgs=0 cs=0 l=1 rev1=0 crypto rx=0 tx=0 comp rx=0 tx=0).connect
2023-07-20T19:00:53.357 INFO:teuthology.orchestra.run.smithi061.stdout:/usr/bin/ceph: stderr
2023-07-20T19:00:52.595+0000 7f2118784700 1 -- --> [v2:172.21.15.61:3300/0,v1:172.21.15.61:6789/0] -- mon_getmap magic: 0 v1 -- 0x7f211019c3c0 con 0x7f2110104840
2023-07-20T19:00:53.358 INFO:teuthology.orchestra.run.smithi061.stdout:/usr/bin/ceph: stderr
2023-07-20T19:00:52.595+0000 7f2116520700 1 --2- >> [v2:172.21.15.61:3300/0,v1:172.21.15.61:6789/0] conn(0x7f2110104840 0x7f211019be80 unknown :-1 s=BANNER_CONNECTING pgs=0 cs=0 l=1 rev1=0 crypto rx=0 tx=0 comp rx=0 tx=0)._handle_peer_banner_payload supported=3 required=0
2023-07-20T19:00:53.358 INFO:teuthology.orchestra.run.smithi061.stdout:/usr/bin/ceph: stderr
2023-07-20T19:00:52.595+0000 7f2116520700 1 --2- >> [v2:172.21.15.61:3300/0,v1:172.21.15.61:6789/0] conn(0x7f2110104840 0x7f211019be80 unknown :-1 s=HELLO_CONNECTING pgs=0 cs=0 l=1 rev1=1 crypto rx=0 tx=0 comp rx=0 tx=0).handle_hello peer v2:172.21.15.61:3300/0 says I am v2:172.21.15.61:57458/0 (socket says 172.21.15.61:57458)
2023-07-20T19:00:53.358 INFO:teuthology.orchestra.run.smithi061.stdout:/usr/bin/ceph: stderr
2023-07-20T19:00:52.595+0000 7f2116520700 1 -- 172.21.15.61:0/4293883377 learned_addr learned my addr 172.21.15.61:0/4293883377 (peer_addr_for_me v2:172.21.15.61:0/0)
2023-07-20T19:00:53.358 INFO:teuthology.orchestra.run.smithi061.stdout:/usr/bin/ceph: stderr
2023-07-20T19:00:52.596+0000 7f2116520700 1 -- 172.21.15.61:0/4293883377 --> [v2:172.21.15.61:3300/0,v1:172.21.15.61:6789/0] -- mon_subscribe({config=0+,monmap=0+}) v3 -- 0x7f210c009550 con 0x7f2110104840
2023-07-20T19:00:53.358 INFO:teuthology.orchestra.run.smithi061.stdout:/usr/bin/ceph: stderr
